62.245.131.66 - - [17/Jul/2012:20:08:38 +0200] "GET / HTTP/1.1" 304 - "-" "Mozilla/4.0 (compatible;)"
94.23.220.161 - - [18/Jul/2012:04:15:20 +0200] "GET /03.swf HTTP/1.1" 200 79366 "-" "Mozilla/5.0 (X11; Linux i686; rv:6.0) Gecko/20100101 Firefox/6.0"
66.249.66.23 - - [18/Jul/2012:08:34:02 +0200] "GET /robots.txt HTTP/1.1" 404 1256 "-" "Mozilla/5.0 (compatible; Googlebot/2.1; +http://www.google.com/bot.html)"
66.249.66.23 - - [18/Jul/2012:08:34:03 +0200] "GET /09.html HTTP/1.1" 304 - "-" "Mozilla/5.0 (compatible; Googlebot/2.1; +http://www.google.com/bot.html)"
195.135.151.42 - - [18/Jul/2012:09:00:29 +0200] "GET / HTTP/1.0" 200 4014 "http://www.google.de/url?sa=t&rct=j&q=dialysezentrum+waldbronn&source=web&cd=1&ved=0CFMQFjAA&url=http%3A%2F%2Fwww.dialyse-waldbronn.de%2F&ei=514GUI_lOa-B4ASNuuD_CA&usg=AFQjCNHEX_ZQroPS8hwDzjOxqVHmV6iDWw" "Mozilla/4.0 (compatible; MSIE 8.0; Windows NT 5.2; Trident/4.0; .NET CLR 1.1.4322; .NET CLR 2.0.50727; .NET CLR 3.0.4506.2152; .NET CLR 3.5.30729)"
195.135.151.42 - - [18/Jul/2012:09:00:30 +0200] "GET /back.jpg HTTP/1.0" 404 1256 "http://www.dialyse-waldbronn.de/" "Mozilla/4.0 (compatible; MSIE 8.0; Windows NT 5.2; Trident/4.0; .NET CLR 1.1.4322; .NET CLR 2.0.50727; .NET CLR 3.0.4506.2152; .NET CLR 3.5.30729)"
195.135.151.42 - - [18/Jul/2012:09:00:30 +0200] "GET /index.swf HTTP/1.0" 200 8893 "-" "contype"
195.135.151.42 - - [18/Jul/2012:09:00:39 +0200] "GET /favicon.ico HTTP/1.0" 404 1256 "-" "Mozilla/4.0 (compatible; MSIE 8.0; Windows NT 5.2; Trident/4.0; .NET CLR 1.1.4322; .NET CLR 2.0.50727; .NET CLR 3.0.4506.2152; .NET CLR 3.5.30729)"
62.245.131.66 - - [19/Jul/2012:05:28:24 +0200] "GET / HTTP/1.1" 304 - "-" "Mozilla/4.0 (compatible;)"
176.9.148.197 - - [19/Jul/2012:07:00:33 +0200] "GET /robots.txt HTTP/1.1" 404 1256 "-" "Mozilla/5.0 (compatible; SISTRIX Crawler; http://crawler.sistrix.net/)"
176.9.148.197 - - [19/Jul/2012:07:00:33 +0200] "GET / HTTP/1.1" 200 4014 "-" "Mozilla/5.0 (compatible; SISTRIX Crawler; http://crawler.sistrix.net/)"
176.9.148.197 - - [19/Jul/2012:07:01:11 +0200] "GET /robots.txt HTTP/1.1" 404 1256 "-" "Mozilla/5.0 (compatible; SISTRIX Crawler; http://crawler.sistrix.net/)"
176.9.148.197 - - [19/Jul/2012:07:01:11 +0200] "GET / HTTP/1.1" 200 4014 "-" "Mozilla/5.0 (compatible; SISTRIX Crawler; http://crawler.sistrix.net/)"
176.74.192.86 - - [19/Jul/2012:10:03:10 +0200] "GET /robots.txt HTTP/1.0" 404 1256 "-" "-"
87.139.125.5 - - [20/Jul/2012:12:15:27 +0200] "GET / HTTP/1.1" 200 4014 "http://www.google.de/url?sa=t&rct=j&q=dialyse%20waldbronn&source=web&cd=1&sqi=2&ved=0CFQQFjAA&url=http%3A%2F%2Fwww.dialyse-waldbronn.de%2F&ei=ui8JUIzBFKf34QSz54n0Cg&usg=AFQjCNHEX_ZQroPS8hwDzjOxqVHmV6iDWw" "Mozilla/4.0 (compatible; MSIE 8.0; Windows NT 6.1; Trident/4.0; SLCC2; .NET CLR 2.0.50727; .NET CLR 3.5.30729; .NET CLR 3.0.30729; Media Center PC 6.0; MDDS; BRI/2; Tablet PC 2.0; .NET4.0C)"
87.139.125.5 - - [20/Jul/2012:12:15:27 +0200] "GET /back.jpg HTTP/1.1" 404 1256 "http://www.dialyse-waldbronn.de/" "Mozilla/4.0 (compatible; MSIE 8.0; Windows NT 6.1; Trident/4.0; SLCC2; .NET CLR 2.0.50727; .NET CLR 3.5.30729; .NET CLR 3.0.30729; Media Center PC 6.0; MDDS; BRI/2; Tablet PC 2.0; .NET4.0C)"
87.139.125.5 - - [20/Jul/2012:12:15:27 +0200] "GET /index.swf HTTP/1.1" 200 8893 "-" "contype"
87.139.125.5 - - [20/Jul/2012:12:15:27 +0200] "GET /favicon.ico HTTP/1.1" 404 1256 "-" "Mozilla/4.0 (compatible; MSIE 8.0; Windows NT 6.1; Trident/4.0; SLCC2; .NET CLR 2.0.50727; .NET CLR 3.5.30729; .NET CLR 3.0.30729; Media Center PC 6.0; MDDS; BRI/2; Tablet PC 2.0; .NET4.0C)"
87.139.125.5 - - [20/Jul/2012:12:15:46 +0200] "GET /favicon.ico HTTP/1.1" 404 1256 "-" "Mozilla/4.0 (compatible; MSIE 8.0; Windows NT 6.1; Trident/4.0; SLCC2; .NET CLR 2.0.50727; .NET CLR 3.5.30729; .NET CLR 3.0.30729; Media Center PC 6.0; MDDS; BRI/2; Tablet PC 2.0; .NET4.0C)"
87.139.125.5 - - [20/Jul/2012:12:15:46 +0200] "GET / HTTP/1.1" 304 - "http://www.dialyse-waldbronn.de/" "Mozilla/4.0 (compatible; MSIE 8.0; Windows NT 6.1; Trident/4.0; SLCC2; .NET CLR 2.0.50727; .NET CLR 3.5.30729; .NET CLR 3.0.30729; Media Center PC 6.0; MDDS; BRI/2; Tablet PC 2.0; .NET4.0C)"
87.139.125.5 - - [20/Jul/2012:12:15:46 +0200] "GET /back.jpg HTTP/1.1" 404 1256 "http://www.dialyse-waldbronn.de/" "Mozilla/4.0 (compatible; MSIE 8.0; Windows NT 6.1; Trident/4.0; SLCC2; .NET CLR 2.0.50727; .NET CLR 3.5.30729; .NET CLR 3.0.30729; Media Center PC 6.0; MDDS; BRI/2; Tablet PC 2.0; .NET4.0C)"
87.139.125.5 - - [20/Jul/2012:12:15:46 +0200] "GET /index.swf HTTP/1.1" 200 8893 "-" "contype"
87.139.125.5 - - [20/Jul/2012:12:15:47 +0200] "GET /back.jpg HTTP/1.1" 404 1256 "http://www.dialyse-waldbronn.de/" "Mozilla/4.0 (compatible; MSIE 8.0; Windows NT 6.1; Trident/4.0; SLCC2; .NET CLR 2.0.50727; .NET CLR 3.5.30729; .NET CLR 3.0.30729; Media Center PC 6.0; MDDS; BRI/2; Tablet PC 2.0; .NET4.0C)"
87.139.125.5 - - [20/Jul/2012:12:15:47 +0200] "GET /index.swf HTTP/1.1" 200 8893 "-" "contype"
87.139.125.5 - - [20/Jul/2012:12:16:53 +0200] "GET / HTTP/1.1" 304 - "-" "Mozilla/4.0 (compatible; MSIE 8.0; Windows NT 6.1; Trident/4.0; SLCC2; .NET CLR 2.0.50727; .NET CLR 3.5.30729; .NET CLR 3.0.30729; Media Center PC 6.0; MDDS; BRI/2; Tablet PC 2.0; .NET4.0C)"
87.139.125.5 - - [20/Jul/2012:12:16:53 +0200] "GET /back.jpg HTTP/1.1" 404 1256 "http://www.dialyse-waldbronn.de/" "Mozilla/4.0 (compatible; MSIE 8.0; Windows NT 6.1; Trident/4.0; SLCC2; .NET CLR 2.0.50727; .NET CLR 3.5.30729; .NET CLR 3.0.30729; Media Center PC 6.0; MDDS; BRI/2; Tablet PC 2.0; .NET4.0C)"
87.139.125.5 - - [20/Jul/2012:12:16:53 +0200] "GET /index.swf HTTP/1.1" 200 8893 "-" "contype"
87.139.125.5 - - [20/Jul/2012:12:17:00 +0200] "GET / HTTP/1.1" 304 - "http://www.dialyse-waldbronn.de/" "Mozilla/4.0 (compatible; MSIE 8.0; Windows NT 6.1; Trident/4.0; SLCC2; .NET CLR 2.0.50727; .NET CLR 3.5.30729; .NET CLR 3.0.30729; Media Center PC 6.0; MDDS; BRI/2; Tablet PC 2.0; .NET4.0C)"
87.139.125.5 - - [20/Jul/2012:12:17:00 +0200] "GET /index.swf HTTP/1.1" 200 8893 "-" "contype"
87.139.125.5 - - [20/Jul/2012:12:17:00 +0200] "GET /back.jpg HTTP/1.1" 404 1256 "http://www.dialyse-waldbronn.de/" "Mozilla/4.0 (compatible; MSIE 8.0; Windows NT 6.1; Trident/4.0; SLCC2; .NET CLR 2.0.50727; .NET CLR 3.5.30729; .NET CLR 3.0.30729; Media Center PC 6.0; MDDS; BRI/2; Tablet PC 2.0; .NET4.0C)"
62.245.131.66 - - [20/Jul/2012:14:48:21 +0200] "GET / HTTP/1.1" 304 - "-" "Mozilla/4.0 (compatible;)"
66.249.73.3 - - [20/Jul/2012:16:02:09 +0200] "GET /robots.txt HTTP/1.1" 404 1256 "-" "Mozilla/5.0 (compatible; Googlebot/2.1; +http://www.google.com/bot.html)"
66.249.73.3 - - [20/Jul/2012:16:02:09 +0200] "GET /09.swf HTTP/1.1" 200 23193 "-" "Mozilla/5.0 (compatible; Googlebot/2.1; +http://www.google.com/bot.html)"
66.249.73.3 - - [20/Jul/2012:16:37:40 +0200] "GET /03.html HTTP/1.1" 304 - "-" "Mozilla/5.0 (iPhone; U; CPU iPhone OS 4_1 like Mac OS X; en-us) AppleWebKit/532.9 (KHTML, like Gecko) Version/4.0.5 Mobile/8B117 Safari/6531.22.7 (compatible; Googlebot-Mobile/2.1; +http://www.google.com/bot.html)"
178.154.179.250 - - [20/Jul/2012:16:51:03 +0200] "GET /robots.txt HTTP/1.1" 404 1256 "-" "Mozilla/5.0 (compatible; YandexBot/3.0; +http://yandex.com/bots)"
178.154.179.250 - - [20/Jul/2012:21:02:45 +0200] "GET / HTTP/1.1" 200 4014 "-" "Mozilla/5.0 (compatible; YandexBot/3.0; +http://yandex.com/bots)"
178.154.179.250 - - [20/Jul/2012:21:02:50 +0200] "GET /index.swf HTTP/1.1" 200 8893 "-" "Mozilla/5.0 (compatible; YandexBot/3.0; +http://yandex.com/bots)"
65.52.109.152 - - [21/Jul/2012:02:26:33 +0200] "GET /robots.txt HTTP/1.1" 404 1256 "-" "Mozilla/5.0 (compatible; bingbot/2.0; +http://www.bing.com/bingbot.htm)"
65.52.109.152 - - [21/Jul/2012:02:33:37 +0200] "GET / HTTP/1.1" 200 4014 "-" "Mozilla/5.0 (compatible; bingbot/2.0; +http://www.bing.com/bingbot.htm)"
178.154.179.250 - - [21/Jul/2012:07:46:02 +0200] "GET / HTTP/1.1" 200 4014 "-" "Mozilla/5.0 (compatible; YandexBot/3.0; +http://yandex.com/bots)"
178.154.179.250 - - [21/Jul/2012:07:46:07 +0200] "GET /index.swf HTTP/1.1" 200 8893 "-" "Mozilla/5.0 (compatible; YandexBot/3.0; +http://yandex.com/bots)"
87.139.125.5 - - [21/Jul/2012:10:01:11 +0200] "GET / HTTP/1.1" 200 4014 "http://www.google.de/search?q=dialyse+waldbronn&hl=de&gbv=2&gs_l=hp.1.1.0l5j0i30l5.1796.4437.0.7656.12.10.0.2.2.0.281.1736.0j3j6.9.0...0.0...1c.z9IsQNaEnY8&oq=dialyse+wald" "Mozilla/4.0 (compatible; MSIE 6.0; Windows NT 5.1; SV1; .NET CLR 1.1.4322; .NET CLR 2.0.50727)"
87.139.125.5 - - [21/Jul/2012:10:01:12 +0200] "GET /back.jpg HTTP/1.1" 404 1256 "http://www.dialyse-waldbronn.de/" "Mozilla/4.0 (compatible; MSIE 6.0; Windows NT 5.1; SV1; .NET CLR 1.1.4322; .NET CLR 2.0.50727)"
87.139.125.5 - - [21/Jul/2012:10:01:12 +0200] "GET /index.swf HTTP/1.1" 200 8893 "-" "contype"
87.139.125.5 - - [21/Jul/2012:10:01:12 +0200] "GET /index.swf HTTP/1.1" 206 8893 "-" "Mozilla/4.0 (compatible; MSIE 6.0; Windows NT 5.1; SV1; .NET CLR 1.1.4322; .NET CLR 2.0.50727)"
83.133.125.202 - - [21/Jul/2012:14:04:13 +0200] "GET / HTTP/1.1" 200 4014 "http://www.bigfinder.de/" "Mozilla/4.0 (compatible; MSIE 8.0; Windows NT 6.1; Trident/4.0; SLCC2; .NET CLR 2.0.50727; .NET CLR 3.5.30729; .NET CLR 3.0.30729; Media Center PC 6.0)"
193.41.37.3 - - [21/Jul/2012:22:14:09 +0200] "GET /index.swf HTTP/1.1" 304 - "-" "Mozilla/4.0 (compatible;)"
66.249.71.249 - - [21/Jul/2012:23:52:40 +0200] "GET /robots.txt HTTP/1.1" 404 1256 "-" "Mozilla/5.0 (compatible; Googlebot/2.1; +http://www.google.com/bot.html)"
66.249.71.249 - - [21/Jul/2012:23:52:40 +0200] "GET /09a.html HTTP/1.1" 304 - "-" "Mozilla/5.0 (compatible; Googlebot/2.1; +http://www.google.com/bot.html)"
62.245.131.66 - - [22/Jul/2012:00:08:18 +0200] "GET / HTTP/1.1" 304 - "-" "Mozilla/4.0 (compatible;)"
178.137.129.128 - - [22/Jul/2012:00:40:37 +0200] "GET / HTTP/1.1" 200 4014 "http://kituramicenter.ru/" "Mozilla/4.0 (compatible; MSIE 6.0; Windows NT 5.0; .NET CLR 1.0.3705; .NET CLR 1.1.4322)"
178.137.129.128 - - [22/Jul/2012:00:40:37 +0200] "GET / HTTP/1.1" 200 4014 "http://kituramicenter.ru/" "Mozilla/4.0 (compatible; MSIE 6.0; Windows NT 5.0; .NET CLR 1.0.3705; .NET CLR 1.1.4322)"
192.162.19.183 - - [22/Jul/2012:03:56:29 +0200] "GET / HTTP/1.1" 200 4014 "http://eko-plastic.ru/" "Mozilla/4.0 (Add Catalog; Windows NT 5.1; infobot.4942@yahoo.com)"
192.162.19.183 - - [22/Jul/2012:03:56:29 +0200] "GET / HTTP/1.1" 200 4014 "http://eko-plastic.ru/" "Mozilla/4.0 (Add Catalog; Windows NT 5.1; infobot.4942@yahoo.com)"
193.106.136.57 - - [22/Jul/2012:03:58:17 +0200] "GET / HTTP/1.1" 200 4014 "http://postel-kiev.com.ua/" "Mozilla/4.0 (compatible; MSIE 5.5; Windows 95)"
193.106.136.57 - - [22/Jul/2012:03:58:18 +0200] "GET / HTTP/1.1" 200 4014 "http://postel-kiev.com.ua/" "Mozilla/4.0 (compatible; MSIE 5.5; Windows 95)"
65.52.109.152 - - [22/Jul/2012:04:59:30 +0200] "GET /robots.txt HTTP/1.1" 404 1256 "-" "Mozilla/5.0 (compatible; bingbot/2.0; +http://www.bing.com/bingbot.htm)"
65.52.109.152 - - [22/Jul/2012:05:03:15 +0200] "GET / HTTP/1.1" 304 - "-" "Mozilla/5.0 (compatible; bingbot/2.0; +http://www.bing.com/bingbot.htm)"
66.249.71.249 - - [22/Jul/2012:05:06:12 +0200] "GET /03b.html HTTP/1.1" 200 2020 "-" "Mozilla/5.0 (compatible; Googlebot/2.1; +http://www.google.com/bot.html)"
66.249.71.249 - - [22/Jul/2012:05:22:12 +0200] "GET /03b.swf HTTP/1.1" 200 198225 "-" "Mozilla/5.0 (compatible; Googlebot/2.1; +http://www.google.com/bot.html)"
178.154.179.250 - - [22/Jul/2012:05:57:40 +0200] "GET /robots.txt HTTP/1.1" 404 1256 "-" "Mozilla/5.0 (compatible; YandexBot/3.0; +http://yandex.com/bots)"
178.154.179.250 - - [22/Jul/2012:09:51:19 +0200] "GET / HTTP/1.1" 200 4014 "-" "Mozilla/5.0 (compatible; YandexBot/3.0; +http://yandex.com/bots)"
178.154.179.250 - - [22/Jul/2012:09:51:25 +0200] "GET /index.swf HTTP/1.1" 200 8893 "-" "Mozilla/5.0 (compatible; YandexBot/3.0; +http://yandex.com/bots)"
65.52.109.152 - - [22/Jul/2012:13:08:21 +0200] "GET /robots.txt HTTP/1.1" 404 1256 "-" "Mozilla/5.0 (compatible; bingbot/2.0; +http://www.bing.com/bingbot.htm)"
89.108.102.171 - - [22/Jul/2012:13:35:26 +0200] "GET / HTTP/1.1" 200 4014 "http://filmishki.info/" "Mozilla/5.0 (compatible; YandexBot/3.0; +http://yandex.com/bots)"
89.108.102.171 - - [22/Jul/2012:13:35:29 +0200] "GET / HTTP/1.1" 200 4014 "http://filmishki.info/" "Mozilla/5.0 (compatible; YandexBot/3.0; +http://yandex.com/bots)"
207.46.204.210 - - [22/Jul/2012:14:01:47 +0200] "GET / HTTP/1.1" 200 4014 "-" "Mozilla/5.0 (Windows NT 6.1; WOW64) AppleWebKit/534+ (KHTML, like Gecko) BingPreview/1.0b"
85.216.51.172 - - [22/Jul/2012:17:18:59 +0200] "GET /01.html HTTP/1.1" 200 1988 "-" "Mozilla/5.0 (X11; Ubuntu; Linux i686; rv:13.0) Gecko/20100101 Firefox/13.0"
85.216.51.172 - - [22/Jul/2012:17:18:59 +0200] "GET /AC_RunActiveContent.js HTTP/1.1" 200 8029 "http://www.dialyse-waldbronn.de/01.html" "Mozilla/5.0 (X11; Ubuntu; Linux i686; rv:13.0) Gecko/20100101 Firefox/13.0"
85.216.51.172 - - [22/Jul/2012:17:19:00 +0200] "GET /favicon.ico HTTP/1.1" 404 1256 "-" "Mozilla/5.0 (X11; Ubuntu; Linux i686; rv:13.0) Gecko/20100101 Firefox/13.0"
85.216.51.172 - - [22/Jul/2012:17:19:01 +0200] "GET /favicon.ico HTTP/1.1" 404 1256 "-" "Mozilla/5.0 (X11; Ubuntu; Linux i686; rv:13.0) Gecko/20100101 Firefox/13.0"
85.216.51.172 - - [22/Jul/2012:17:19:01 +0200] "GET /01.swf HTTP/1.1" 200 36918 "http://www.dialyse-waldbronn.de/01.html" "Mozilla/5.0 (X11; Ubuntu; Linux i686; rv:13.0) Gecko/20100101 Firefox/13.0"
109.120.157.179 - - [23/Jul/2012:08:44:14 +0200] "GET / HTTP/1.1" 200 4014 "http://www.artparquet.ru/" "Mozilla/5.0 (compatible; Add Catalog/2.1;)"
109.120.157.179 - - [23/Jul/2012:08:44:14 +0200] "GET / HTTP/1.1" 200 4014 "http://www.artparquet.ru/" "Mozilla/5.0 (compatible; Add Catalog/2.1;)"
62.245.131.66 - - [23/Jul/2012:09:28:15 +0200] "GET / HTTP/1.1" 304 - "-" "Mozilla/4.0 (compatible;)"
132.187.191.4 - - [23/Jul/2012:11:58:24 +0200] "GET / HTTP/1.1" 200 4014 "http://www.google.de/search?hl=de&source=hp&q=dialyse+waldbronn&gbv=2&oq=dialyse+waldbronn&gs_l=hp.3..0.125.4734.0.4891.26.16.4.6.6.0.79.1127.16.16.0...0.0...1c.JbUMLj1EEr8" "Mozilla/4.0 (compatible; MSIE 7.0; Windows NT 5.1; .NET CLR 2.0.50727; .NET CLR 3.0.4506.2152; .NET CLR 3.5.30729; InfoPath.1; .NET4.0C; .NET4.0E)"
132.187.191.4 - - [23/Jul/2012:11:58:27 +0200] "GET /back.jpg HTTP/1.1" 404 1256 "http://www.dialyse-waldbronn.de/" "Mozilla/4.0 (compatible; MSIE 7.0; Windows NT 5.1; .NET CLR 2.0.50727; .NET CLR 3.0.4506.2152; .NET CLR 3.5.30729; InfoPath.1; .NET4.0C; .NET4.0E)"
132.187.191.4 - - [23/Jul/2012:11:58:27 +0200] "GET /index.swf HTTP/1.1" 200 8893 "-" "contype"
132.187.191.4 - - [23/Jul/2012:11:58:27 +0200] "GET /index.swf HTTP/1.1" 200 8893 "http://www.dialyse-waldbronn.de/" "Mozilla/4.0 (compatible; MSIE 7.0; Windows NT 5.1; .NET CLR 2.0.50727; .NET CLR 3.0.4506.2152; .NET CLR 3.5.30729; InfoPath.1; .NET4.0C; .NET4.0E)"
132.187.191.4 - - [23/Jul/2012:11:58:29 +0200] "GET /00themen00.html HTTP/1.1" 200 2236 "http://www.dialyse-waldbronn.de/index.swf" "Mozilla/4.0 (compatible; MSIE 7.0; Windows NT 5.1; .NET CLR 2.0.50727; .NET CLR 3.0.4506.2152; .NET CLR 3.5.30729; InfoPath.1; .NET4.0C; .NET4.0E)"
132.187.191.4 - - [23/Jul/2012:11:58:29 +0200] "GET /AC_RunActiveContent.js HTTP/1.1" 200 8029 "http://www.dialyse-waldbronn.de/index.swf" "Mozilla/4.0 (compatible; MSIE 7.0; Windows NT 5.1; .NET CLR 2.0.50727; .NET CLR 3.0.4506.2152; .NET CLR 3.5.30729; InfoPath.1; .NET4.0C; .NET4.0E)"
132.187.191.4 - - [23/Jul/2012:11:58:30 +0200] "GET /00themen00.swf HTTP/1.1" 200 12608 "http://www.dialyse-waldbronn.de/00themen00.html" "Mozilla/4.0 (compatible; MSIE 7.0; Windows NT 5.1; .NET CLR 2.0.50727; .NET CLR 3.0.4506.2152; .NET CLR 3.5.30729; InfoPath.1; .NET4.0C; .NET4.0E)"
132.187.191.4 - - [23/Jul/2012:11:58:30 +0200] "GET /favicon.ico HTTP/1.1" 404 1256 "-" "Mozilla/4.0 (compatible; MSIE 7.0; Windows NT 5.1; .NET CLR 2.0.50727; .NET CLR 3.0.4506.2152; .NET CLR 3.5.30729; InfoPath.1; .NET4.0C; .NET4.0E)"
132.187.191.4 - - [23/Jul/2012:11:58:32 +0200] "GET /08.html HTTP/1.1" 200 2068 "http://www.dialyse-waldbronn.de/00themen00.swf" "Mozilla/4.0 (compatible; MSIE 7.0; Windows NT 5.1; .NET CLR 2.0.50727; .NET CLR 3.0.4506.2152; .NET CLR 3.5.30729; InfoPath.1; .NET4.0C; .NET4.0E)"
132.187.191.4 - - [23/Jul/2012:11:58:32 +0200] "GET /08.swf HTTP/1.1" 200 22102 "http://www.dialyse-waldbronn.de/08.html" "Mozilla/4.0 (compatible; MSIE 7.0; Windows NT 5.1; .NET CLR 2.0.50727; .NET CLR 3.0.4506.2152; .NET CLR 3.5.30729; InfoPath.1; .NET4.0C; .NET4.0E)"
178.137.129.128 - - [23/Jul/2012:12:53:07 +0200] "GET / HTTP/1.1" 200 4014 "http://mazzay.by/" "Mozilla/4.0 (compatible; MSIE 6.0; Windows NT 5.2; Win64; AMD64)"
178.137.129.128 - - [23/Jul/2012:12:53:07 +0200] "GET / HTTP/1.1" 200 4014 "http://mazzay.by/" "Mozilla/4.0 (compatible; MSIE 6.0; Windows NT 5.2; Win64; AMD64)"
87.151.120.206 - - [23/Jul/2012:13:58:40 +0200] "GET / HTTP/1.1" 200 4014 "http://www.dialyse-pforzheim.de/06.html" "Mozilla/5.0 (Windows NT 6.1; WOW64; rv:14.0) Gecko/20100101 Firefox/14.0.1"
87.151.120.206 - - [23/Jul/2012:13:58:41 +0200] "GET /back.jpg HTTP/1.1" 404 1256 "http://www.dialyse-waldbronn.de/" "Mozilla/5.0 (Windows NT 6.1; WOW64; rv:14.0) Gecko/20100101 Firefox/14.0.1"
87.151.120.206 - - [23/Jul/2012:13:58:41 +0200] "GET /index.swf HTTP/1.1" 200 8893 "http://www.dialyse-waldbronn.de/" "Mozilla/5.0 (Windows NT 6.1; WOW64; rv:14.0) Gecko/20100101 Firefox/14.0.1"
87.151.120.206 - - [23/Jul/2012:13:58:41 +0200] "GET /favicon.ico HTTP/1.1" 404 1256 "-" "Mozilla/5.0 (Windows NT 6.1; WOW64; rv:14.0) Gecko/20100101 Firefox/14.0.1"
87.151.120.206 - - [23/Jul/2012:13:58:41 +0200] "GET /favicon.ico HTTP/1.1" 404 1256 "-" "Mozilla/5.0 (Windows NT 6.1; WOW64; rv:14.0) Gecko/20100101 Firefox/14.0.1"
87.151.120.206 - - [23/Jul/2012:13:58:44 +0200] "GET /00themen00.html HTTP/1.1" 200 2236 "http://www.dialyse-waldbronn.de/" "Mozilla/5.0 (Windows NT 6.1; WOW64; rv:14.0) Gecko/20100101 Firefox/14.0.1"
87.151.120.206 - - [23/Jul/2012:13:58:44 +0200] "GET /AC_RunActiveContent.js HTTP/1.1" 200 8029 "http://www.dialyse-waldbronn.de/00themen00.html" "Mozilla/5.0 (Windows NT 6.1; WOW64; rv:14.0) Gecko/20100101 Firefox/14.0.1"
87.151.120.206 - - [23/Jul/2012:13:58:44 +0200] "GET /00themen00.swf HTTP/1.1" 200 12608 "http://www.dialyse-waldbronn.de/00themen00.html" "Mozilla/5.0 (Windows NT 6.1; WOW64; rv:14.0) Gecko/20100101 Firefox/14.0.1"
87.151.120.206 - - [23/Jul/2012:13:58:46 +0200] "GET /03.html HTTP/1.1" 200 2012 "http://www.dialyse-waldbronn.de/00themen00.html" "Mozilla/5.0 (Windows NT 6.1; WOW64; rv:14.0) Gecko/20100101 Firefox/14.0.1"
87.151.120.206 - - [23/Jul/2012:13:58:46 +0200] "GET /03.swf HTTP/1.1" 200 79366 "http://www.dialyse-waldbronn.de/03.html" "Mozilla/5.0 (Windows NT 6.1; WOW64; rv:14.0) Gecko/20100101 Firefox/14.0.1"
87.151.120.206 - - [23/Jul/2012:13:59:00 +0200] "GET /01.html HTTP/1.1" 200 1988 "http://www.dialyse-waldbronn.de/00themen00.html" "Mozilla/5.0 (Windows NT 6.1; WOW64; rv:14.0) Gecko/20100101 Firefox/14.0.1"
87.151.120.206 - - [23/Jul/2012:13:59:00 +0200] "GET /01.swf HTTP/1.1" 200 36918 "http://www.dialyse-waldbronn.de/01.html" "Mozilla/5.0 (Windows NT 6.1; WOW64; rv:14.0) Gecko/20100101 Firefox/14.0.1"
87.151.120.206 - - [23/Jul/2012:13:59:05 +0200] "GET /06.html HTTP/1.1" 200 1988 "http://www.dialyse-waldbronn.de/00themen00.html" "Mozilla/5.0 (Windows NT 6.1; WOW64; rv:14.0) Gecko/20100101 Firefox/14.0.1"
87.151.120.206 - - [23/Jul/2012:13:59:06 +0200] "GET /06.swf HTTP/1.1" 200 18307 "http://www.dialyse-waldbronn.de/06.html" "Mozilla/5.0 (Windows NT 6.1; WOW64; rv:14.0) Gecko/20100101 Firefox/14.0.1"
66.249.71.249 - - [23/Jul/2012:14:36:52 +0200] "GET /robots.txt HTTP/1.1" 404 1256 "-" "Mozilla/5.0 (compatible; Googlebot/2.1; +http://www.google.com/bot.html)"
66.249.71.249 - - [23/Jul/2012:14:36:53 +0200] "GET / HTTP/1.1" 200 4014 "-" "Mozilla/5.0 (iPhone; U; CPU iPhone OS 4_1 like Mac OS X; en-us) AppleWebKit/532.9 (KHTML, like Gecko) Version/4.0.5 Mobile/8B117 Safari/6531.22.7 (compatible; Googlebot-Mobile/2.1; +http://www.google.com/bot.html)"
176.74.192.86 - - [23/Jul/2012:21:30:54 +0200] "GET /robots.txt HTTP/1.0" 404 1256 "-" "-"
83.133.125.202 - - [23/Jul/2012:21:56:42 +0200] "GET / HTTP/1.1" 200 4014 "http://www.sumaja.de/?such_wert=dialyse" "Mozilla/5.0 (Windows; U; Windows NT 5.1; de; rv:1.9.0.12) Gecko/2009070611 Firefox/3.0.12 GTB7.1 (.NET CLR 3.5.30729)"
66.249.71.249 - - [23/Jul/2012:22:30:52 +0200] "GET /robots.txt HTTP/1.1" 404 1256 "-" "Mozilla/5.0 (compatible; Googlebot/2.1; +http://www.google.com/bot.html)"
66.249.71.249 - - [23/Jul/2012:22:30:52 +0200] "GET /08.html HTTP/1.1" 304 - "-" "Mozilla/5.0 (iPhone; U; CPU iPhone OS 4_1 like Mac OS X; en-us) AppleWebKit/532.9 (KHTML, like Gecko) Version/4.0.5 Mobile/8B117 Safari/6531.22.7 (compatible; Googlebot-Mobile/2.1; +http://www.google.com/bot.html)"
193.106.136.57 - - [24/Jul/2012:02:12:55 +0200] "GET / HTTP/1.1" 200 4014 "http://www.supertova.com/" "Mozilla/4.79 [en] (Windows NT 5.0; U)"
193.106.136.57 - - [24/Jul/2012:02:12:56 +0200] "GET / HTTP/1.1" 200 4014 "http://www.supertova.com/" "Mozilla/4.79 [en] (Windows NT 5.0; U)"
192.162.19.183 - - [24/Jul/2012:04:54:26 +0200] "GET / HTTP/1.1" 200 4014 "http://bimatoprost-careprost.com.ua/" "Mozilla/4.0 (Add Catalog; Windows NT 5.1; infobot.4942@yahoo.com)"
192.162.19.183 - - [24/Jul/2012:04:54:26 +0200] "GET / HTTP/1.1" 200 4014 "http://bimatoprost-careprost.com.ua/" "Mozilla/4.0 (Add Catalog; Windows NT 5.1; infobot.4942@yahoo.com)"
129.206.90.2 - - [24/Jul/2012:09:55:44 +0200] "GET / HTTP/1.1" 200 4014 "http://www.dialyse-pforzheim.de/06.swf" "Mozilla/4.0 (compatible; MSIE 8.0; Windows NT 5.1; Trident/4.0; InfoPath.1; .NET CLR 2.0.50727; .NET CLR 3.0.04506.30)"
129.206.90.2 - - [24/Jul/2012:09:55:44 +0200] "GET /index.swf HTTP/1.1" 200 8893 "http://www.dialyse-waldbronn.de/" "Mozilla/4.0 (compatible; MSIE 8.0; Windows NT 5.1; Trident/4.0; InfoPath.1; .NET CLR 2.0.50727; .NET CLR 3.0.04506.30)"
129.206.90.2 - - [24/Jul/2012:09:55:44 +0200] "GET /back.jpg HTTP/1.1" 404 1256 "http://www.dialyse-waldbronn.de/" "Mozilla/4.0 (compatible; MSIE 8.0; Windows NT 5.1; Trident/4.0; InfoPath.1; .NET CLR 2.0.50727; .NET CLR 3.0.04506.30)"
129.206.90.2 - - [24/Jul/2012:09:55:44 +0200] "GET /back.jpg HTTP/1.1" 404 1256 "http://www.dialyse-waldbronn.de/" "Mozilla/4.0 (compatible; MSIE 8.0; Windows NT 5.1; Trident/4.0; InfoPath.1; .NET CLR 2.0.50727; .NET CLR 3.0.04506.30)"
129.206.90.2 - - [24/Jul/2012:09:55:44 +0200] "GET /favicon.ico HTTP/1.1" 404 1256 "-" "Mozilla/4.0 (compatible; MSIE 8.0; Windows NT 5.1; Trident/4.0; InfoPath.1; .NET CLR 2.0.50727; .NET CLR 3.0.04506.30)"
129.206.90.2 - - [24/Jul/2012:09:55:46 +0200] "GET /00themen00.html HTTP/1.1" 200 2236 "http://www.dialyse-waldbronn.de/index.swf" "Mozilla/4.0 (compatible; MSIE 8.0; Windows NT 5.1; Trident/4.0; InfoPath.1; .NET CLR 2.0.50727; .NET CLR 3.0.04506.30)"
129.206.90.2 - - [24/Jul/2012:09:55:46 +0200] "GET /AC_RunActiveContent.js HTTP/1.1" 200 8029 "http://www.dialyse-waldbronn.de/00themen00.html" "Mozilla/4.0 (compatible; MSIE 8.0; Windows NT 5.1; Trident/4.0; InfoPath.1; .NET CLR 2.0.50727; .NET CLR 3.0.04506.30)"
129.206.90.2 - - [24/Jul/2012:09:55:46 +0200] "GET /00themen00.swf HTTP/1.1" 200 12608 "http://www.dialyse-waldbronn.de/00themen00.html" "Mozilla/4.0 (compatible; MSIE 8.0; Windows NT 5.1; Trident/4.0; InfoPath.1; .NET CLR 2.0.50727; .NET CLR 3.0.04506.30)"
129.206.90.2 - - [24/Jul/2012:09:55:46 +0200] "GET /favicon.ico HTTP/1.1" 404 1256 "-" "Mozilla/4.0 (compatible; MSIE 8.0; Windows NT 5.1; Trident/4.0; InfoPath.1; .NET CLR 2.0.50727; .NET CLR 3.0.04506.30)"
129.206.90.2 - - [24/Jul/2012:09:55:49 +0200] "GET /01.html HTTP/1.1" 200 1988 "http://www.dialyse-waldbronn.de/00themen00.swf" "Mozilla/4.0 (compatible; MSIE 8.0; Windows NT 5.1; Trident/4.0; InfoPath.1; .NET CLR 2.0.50727; .NET CLR 3.0.04506.30)"
129.206.90.2 - - [24/Jul/2012:09:55:49 +0200] "GET /01.swf HTTP/1.1" 200 36918 "http://www.dialyse-waldbronn.de/01.html" "Mozilla/4.0 (compatible; MSIE 8.0; Windows NT 5.1; Trident/4.0; InfoPath.1; .NET CLR 2.0.50727; .NET CLR 3.0.04506.30)"
195.135.151.42 - - [24/Jul/2012:12:56:43 +0200] "GET / HTTP/1.0" 200 4014 "http://www.google.de/url?sa=t&rct=j&q=dialysezentrum+waldbronn+&source=web&cd=1&ved=0CFMQFjAA&url=http%3A%2F%2Fwww.dialyse-waldbronn.de%2F&ei=PX8OUKz9GcXh4QTXiIHABw&usg=AFQjCNHEX_ZQroPS8hwDzjOxqVHmV6iDWw" "Mozilla/4.0 (compatible; MSIE 8.0; Windows NT 5.2; Trident/4.0; .NET CLR 1.1.4322; .NET CLR 2.0.50727; .NET CLR 3.0.4506.2152; .NET CLR 3.5.30729)"
195.135.151.42 - - [24/Jul/2012:12:56:44 +0200] "GET /back.jpg HTTP/1.0" 404 1256 "http://www.dialyse-waldbronn.de/" "Mozilla/4.0 (compatible; MSIE 8.0; Windows NT 5.2; Trident/4.0; .NET CLR 1.1.4322; .NET CLR 2.0.50727; .NET CLR 3.0.4506.2152; .NET CLR 3.5.30729)"
195.135.151.42 - - [24/Jul/2012:12:56:44 +0200] "GET /index.swf HTTP/1.0" 200 8893 "-" "contype"
195.135.151.42 - - [24/Jul/2012:12:56:44 +0200] "GET /favicon.ico HTTP/1.0" 404 1256 "-" "Mozilla/4.0 (compatible; MSIE 8.0; Windows NT 5.2; Trident/4.0; .NET CLR 1.1.4322; .NET CLR 2.0.50727; .NET CLR 3.0.4506.2152; .NET CLR 3.5.30729)"
91.121.81.175 - - [24/Jul/2012:15:45:16 +0200] "GET /robots.txt HTTP/1.0" 404 1256 "-" "Mozilla/5.0 (compatible; MJ12bot/v1.4.3; http://www.majestic12.co.uk/bot.php?+)"
91.121.81.175 - - [24/Jul/2012:15:45:17 +0200] "GET / HTTP/1.0" 200 4014 "-" "Mozilla/5.0 (compatible; MJ12bot/v1.4.3; http://www.majestic12.co.uk/bot.php?+)"
62.245.131.66 - - [24/Jul/2012:18:48:23 +0200] "GET / HTTP/1.1" 304 - "-" "Mozilla/4.0 (compatible;)"
65.52.109.152 - - [24/Jul/2012:23:49:51 +0200] "GET /robots.txt HTTP/1.1" 404 1256 "-" "Mozilla/5.0 (compatible; bingbot/2.0; +http://www.bing.com/bingbot.htm)"
65.52.109.152 - - [24/Jul/2012:23:54:59 +0200] "GET / HTTP/1.1" 200 4014 "-" "Mozilla/5.0 (compatible; bingbot/2.0; +http://www.bing.com/bingbot.htm)"
213.110.133.221 - - [25/Jul/2012:00:00:07 +0200] "GET / HTTP/1.1" 200 4014 "http://gazetart.su/" "Mozilla/4.0 (compatible; Blog Search;)"
213.110.133.221 - - [25/Jul/2012:00:00:08 +0200] "GET / HTTP/1.1" 200 4014 "http://gazetart.su/" "Mozilla/4.0 (compatible; Blog Search;)"
178.137.129.128 - - [25/Jul/2012:03:02:57 +0200] "GET / HTTP/1.1" 200 4014 "http://avena.com.ua/" "Opera/9.00 (Windows NT 5.1; U; en)"
178.137.129.128 - - [25/Jul/2012:03:02:58 +0200] "GET / HTTP/1.1" 200 4014 "http://avena.com.ua/" "Opera/9.00 (Windows NT 5.1; U; en)"
66.249.66.23 - - [25/Jul/2012:05:08:49 +0200] "GET /robots.txt HTTP/1.1" 404 1256 "-" "Mozilla/5.0 (compatible; Googlebot/2.1; +http://www.google.com/bot.html)"
66.249.72.13 - - [25/Jul/2012:05:08:50 +0200] "GET /04.swf HTTP/1.1" 200 20526 "-" "Mozilla/5.0 (compatible; Googlebot/2.1; +http://www.google.com/bot.html)"
109.120.157.179 - - [25/Jul/2012:06:04:57 +0200] "GET / HTTP/1.1" 200 4014 "http://cadovods.ru/" "Mozilla/5.0 (compatible; Add Catalog/2.1;)"
109.120.157.179 - - [25/Jul/2012:06:04:57 +0200] "GET / HTTP/1.1" 200 4014 "http://cadovods.ru/" "Mozilla/5.0 (compatible; Add Catalog/2.1;)"
94.216.165.90 - - [25/Jul/2012:10:36:25 +0200] "GET / HTTP/1.1" 200 4014 "http://www.google.de/url?sa=t&rct=j&q=dialyse%20waldbronn&source=web&cd=1&sqi=2&ved=0CFUQFjAA&url=http%3A%2F%2Fwww.dialyse-waldbronn.de%2F&ei=wK8PUP-4Ko_GswaVoYCYBw&usg=AFQjCNHEX_ZQroPS8hwDzjOxqVHmV6iDWw" "Mozilla/4.0 (compatible; MSIE 8.0; Windows NT 5.1; Trident/4.0; .NET4.0C; .NET4.0E)"
94.216.165.90 - - [25/Jul/2012:10:36:25 +0200] "GET /back.jpg HTTP/1.1" 404 1256 "http://www.dialyse-waldbronn.de/" "Mozilla/4.0 (compatible; MSIE 8.0; Windows NT 5.1; Trident/4.0; .NET4.0C; .NET4.0E)"
94.216.165.90 - - [25/Jul/2012:10:36:25 +0200] "GET /index.swf HTTP/1.1" 200 8893 "-" "contype"
94.216.165.90 - - [25/Jul/2012:10:36:25 +0200] "GET /index.swf HTTP/1.1" 200 8893 "http://www.dialyse-waldbronn.de/" "Mozilla/4.0 (compatible; MSIE 8.0; Windows NT 5.1; Trident/4.0; .NET4.0C; .NET4.0E)"
94.216.165.90 - - [25/Jul/2012:10:36:26 +0200] "GET /favicon.ico HTTP/1.1" 404 1256 "-" "Mozilla/4.0 (compatible; MSIE 8.0; Windows NT 5.1; Trident/4.0; .NET4.0C; .NET4.0E)"
94.216.165.90 - - [25/Jul/2012:10:36:32 +0200] "GET /00themen00.html HTTP/1.1" 200 2236 "http://www.dialyse-waldbronn.de/index.swf" "Mozilla/4.0 (compatible; MSIE 8.0; Windows NT 5.1; Trident/4.0; .NET4.0C; .NET4.0E)"
94.216.165.90 - - [25/Jul/2012:10:36:32 +0200] "GET /AC_RunActiveContent.js HTTP/1.1" 200 8029 "http://www.dialyse-waldbronn.de/index.swf" "Mozilla/4.0 (compatible; MSIE 8.0; Windows NT 5.1; Trident/4.0; .NET4.0C; .NET4.0E)"
94.216.165.90 - - [25/Jul/2012:10:36:32 +0200] "GET /00themen00.swf HTTP/1.1" 200 12608 "http://www.dialyse-waldbronn.de/00themen00.html" "Mozilla/4.0 (compatible; MSIE 8.0; Windows NT 5.1; Trident/4.0; .NET4.0C; .NET4.0E)"
94.216.165.90 - - [25/Jul/2012:10:36:32 +0200] "GET /favicon.ico HTTP/1.1" 404 1256 "-" "Mozilla/4.0 (compatible; MSIE 8.0; Windows NT 5.1; Trident/4.0; .NET4.0C; .NET4.0E)"
94.216.165.90 - - [25/Jul/2012:10:36:35 +0200] "GET /01.html HTTP/1.1" 200 1988 "http://www.dialyse-waldbronn.de/00themen00.swf" "Mozilla/4.0 (compatible; MSIE 8.0; Windows NT 5.1; Trident/4.0; .NET4.0C; .NET4.0E)"
94.216.165.90 - - [25/Jul/2012:10:36:35 +0200] "GET /01.swf HTTP/1.1" 200 36918 "http://www.dialyse-waldbronn.de/01.html" "Mozilla/4.0 (compatible; MSIE 8.0; Windows NT 5.1; Trident/4.0; .NET4.0C; .NET4.0E)"
94.216.165.90 - - [25/Jul/2012:10:37:09 +0200] "GET /03.html HTTP/1.1" 200 2012 "http://www.dialyse-waldbronn.de/00themen00.swf" "Mozilla/4.0 (compatible; MSIE 8.0; Windows NT 5.1; Trident/4.0; .NET4.0C; .NET4.0E)"
94.216.165.90 - - [25/Jul/2012:10:37:09 +0200] "GET /03.swf HTTP/1.1" 200 79366 "http://www.dialyse-waldbronn.de/03.html" "Mozilla/4.0 (compatible; MSIE 8.0; Windows NT 5.1; Trident/4.0; .NET4.0C; .NET4.0E)"
94.216.165.90 - - [25/Jul/2012:10:37:23 +0200] "GET /03b.html HTTP/1.1" 200 2020 "http://www.dialyse-waldbronn.de/03.swf" "Mozilla/4.0 (compatible; MSIE 8.0; Windows NT 5.1; Trident/4.0; .NET4.0C; .NET4.0E)"
94.216.165.90 - - [25/Jul/2012:10:37:24 +0200] "GET /03b.swf HTTP/1.1" 200 198225 "http://www.dialyse-waldbronn.de/03b.html" "Mozilla/4.0 (compatible; MSIE 8.0; Windows NT 5.1; Trident/4.0; .NET4.0C; .NET4.0E)"
94.216.165.90 - - [25/Jul/2012:10:38:05 +0200] "GET /back.jpg HTTP/1.1" 404 1256 "http://www.dialyse-waldbronn.de/" "Mozilla/4.0 (compatible; MSIE 8.0; Windows NT 5.1; Trident/4.0; .NET4.0C; .NET4.0E)"
193.141.27.234 - - [25/Jul/2012:11:08:06 +0200] "GET / HTTP/1.0" 200 4014 "http://www.google.de/url?sa=t&rct=j&q=dialyse+waldbronn&source=web&cd=1&ved=0CFUQFjAA&url=http%3A%2F%2Fwww.dialyse-waldbronn.de%2F&ei=XLcPULqMI47IswaEqoDoCQ&usg=AFQjCNHEX_ZQroPS8hwDzjOxqVHmV6iDWw" "Mozilla/4.0 (compatible; MSIE 8.0; Windows NT 5.1; Trident/4.0; .NET CLR 1.1.4322; .NET CLR 2.0.50727; InfoPath.2; .NET CLR 3.0.4506.2152; .NET CLR 3.5.30729)"
193.141.27.234 - - [25/Jul/2012:11:08:06 +0200] "GET /back.jpg HTTP/1.0" 404 1256 "http://www.dialyse-waldbronn.de/" "Mozilla/4.0 (compatible; MSIE 8.0; Windows NT 5.1; Trident/4.0; .NET CLR 1.1.4322; .NET CLR 2.0.50727; InfoPath.2; .NET CLR 3.0.4506.2152; .NET CLR 3.5.30729)"
193.141.27.234 - - [25/Jul/2012:11:08:06 +0200] "GET /index.swf HTTP/1.0" 200 8893 "-" "contype"
193.141.27.234 - - [25/Jul/2012:11:08:06 +0200] "GET /favicon.ico HTTP/1.0" 404 1256 "-" "Mozilla/4.0 (compatible; MSIE 8.0; Windows NT 5.1; Trident/4.0; .NET CLR 1.1.4322; .NET CLR 2.0.50727; InfoPath.2; .NET CLR 3.0.4506.2152; .NET CLR 3.5.30729)"
193.141.27.234 - - [25/Jul/2012:11:08:13 +0200] "GET /00themen00.html HTTP/1.0" 200 2236 "http://www.dialyse-waldbronn.de/index.swf" "Mozilla/4.0 (compatible; MSIE 8.0; Windows NT 5.1; Trident/4.0; .NET CLR 1.1.4322; .NET CLR 2.0.50727; InfoPath.2; .NET CLR 3.0.4506.2152; .NET CLR 3.5.30729)"
193.141.27.234 - - [25/Jul/2012:11:08:13 +0200] "GET /AC_RunActiveContent.js HTTP/1.0" 200 8029 "http://www.dialyse-waldbronn.de/index.swf" "Mozilla/4.0 (compatible; MSIE 8.0; Windows NT 5.1; Trident/4.0; .NET CLR 1.1.4322; .NET CLR 2.0.50727; InfoPath.2; .NET CLR 3.0.4506.2152; .NET CLR 3.5.30729)"
193.141.27.234 - - [25/Jul/2012:11:08:13 +0200] "GET /00themen00.swf HTTP/1.0" 200 12608 "http://www.dialyse-waldbronn.de/00themen00.html" "Mozilla/4.0 (compatible; MSIE 8.0; Windows NT 5.1; Trident/4.0; .NET CLR 1.1.4322; .NET CLR 2.0.50727; InfoPath.2; .NET CLR 3.0.4506.2152; .NET CLR 3.5.30729)"
193.141.27.234 - - [25/Jul/2012:11:08:16 +0200] "GET /08.html HTTP/1.0" 200 2068 "http://www.dialyse-waldbronn.de/00themen00.swf" "Mozilla/4.0 (compatible; MSIE 8.0; Windows NT 5.1; Trident/4.0; .NET CLR 1.1.4322; .NET CLR 2.0.50727; InfoPath.2; .NET CLR 3.0.4506.2152; .NET CLR 3.5.30729)"
193.141.27.234 - - [25/Jul/2012:11:08:16 +0200] "GET /08.swf HTTP/1.0" 200 22102 "http://www.dialyse-waldbronn.de/08.html" "Mozilla/4.0 (compatible; MSIE 8.0; Windows NT 5.1; Trident/4.0; .NET CLR 1.1.4322; .NET CLR 2.0.50727; InfoPath.2; .NET CLR 3.0.4506.2152; .NET CLR 3.5.30729)"
66.249.66.23 - - [25/Jul/2012:11:10:08 +0200] "GET / HTTP/1.1" 200 4014 "-" "Mozilla/5.0 (compatible; Googlebot/2.1; +http://www.google.com/bot.html)"
66.249.66.23 - - [25/Jul/2012:14:07:34 +0200] "GET /08.html HTTP/1.1" 304 - "-" "Mozilla/5.0 (compatible; Googlebot/2.1; +http://www.google.com/bot.html)"
208.115.111.70 - - [25/Jul/2012:14:09:14 +0200] "GET /robots.txt HTTP/1.1" 404 1256 "-" "Mozilla/5.0 (compatible; Ezooms/1.0; ezooms.bot@gmail.com)"
178.154.179.250 - - [25/Jul/2012:14:43:29 +0200] "GET /robots.txt HTTP/1.1" 404 1256 "-" "Mozilla/5.0 (compatible; YandexBot/3.0; +http://yandex.com/bots)"
208.115.111.70 - - [25/Jul/2012:15:36:54 +0200] "GET / HTTP/1.1" 200 4014 "-" "Mozilla/5.0 (compatible; Ezooms/1.0; ezooms.bot@gmail.com)"
89.108.102.171 - - [25/Jul/2012:21:35:19 +0200] "GET / HTTP/1.1" 200 4014 "http://www.rospromtest.ru/" "Mozilla/5.0 (compatible; YandexBot/3.0; +http://yandex.com/bots)"
89.108.102.171 - - [25/Jul/2012:21:35:23 +0200] "GET / HTTP/1.1" 200 4014 "http://www.rospromtest.ru/" "Mozilla/5.0 (compatible; YandexBot/3.0; +http://yandex.com/bots)"
192.162.19.183 - - [26/Jul/2012:00:04:01 +0200] "GET / HTTP/1.1" 200 4014 "http://sadkings.net/" "Mozilla/4.0 (Add Catalog; Windows NT 5.1; infobot.4942@yahoo.com)"
192.162.19.183 - - [26/Jul/2012:00:04:01 +0200] "GET / HTTP/1.1" 200 4014 "http://sadkings.net/" "Mozilla/4.0 (Add Catalog; Windows NT 5.1; infobot.4942@yahoo.com)"
193.0.212.119 - - [26/Jul/2012:01:38:33 +0200] "GET / HTTP/1.1" 200 4014 "http://bimatoprost-careprost.com.ua/" "Mozilla/3.0 (x86 [en] Windows NT 5.1; Sun)"
193.0.212.119 - - [26/Jul/2012:01:38:34 +0200] "GET / HTTP/1.1" 200 4014 "http://bimatoprost-careprost.com.ua/" "Mozilla/3.0 (x86 [en] Windows NT 5.1; Sun)"
193.106.136.45 - - [26/Jul/2012:03:02:33 +0200] "GET / HTTP/1.1" 200 4014 "http://zel-klimat.ru/" "Mozilla/4.0 (compatible; MSIE 6.0; Windows NT 5.1; SV1; .NET CLR 1.1.4322)"
193.106.136.45 - - [26/Jul/2012:03:02:34 +0200] "GET / HTTP/1.1" 200 4014 "http://zel-klimat.ru/" "Mozilla/4.0 (compatible; MSIE 6.0; Windows NT 5.1; SV1; .NET CLR 1.1.4322)"
213.186.119.139 - - [26/Jul/2012:03:28:55 +0200] "GET / HTTP/1.1" 200 4014 "-" "Mozilla/5.0 (compatible; AhrefsBot/3.1; +http://ahrefs.com/robot/)"
66.249.72.13 - - [26/Jul/2012:04:06:41 +0200] "GET /robots.txt HTTP/1.1" 404 1256 "-" "Mozilla/5.0 (compatible; Googlebot/2.1; +http://www.google.com/bot.html)"
66.249.72.13 - - [26/Jul/2012:04:06:42 +0200] "GET /00themen00.html HTTP/1.1" 304 - "-" "Mozilla/5.0 (iPhone; U; CPU iPhone OS 4_1 like Mac OS X; en-us) AppleWebKit/532.9 (KHTML, like Gecko) Version/4.0.5 Mobile/8B117 Safari/6531.22.7 (compatible; Googlebot-Mobile/2.1; +http://www.google.com/bot.html)"
62.245.131.66 - - [26/Jul/2012:04:08:44 +0200] "GET / HTTP/1.1" 304 - "-" "Mozilla/4.0 (compatible;)"
176.9.146.19 - - [26/Jul/2012:05:39:37 +0200] "GET /robots.txt HTTP/1.1" 404 1256 "-" "Mozilla/5.0 (compatible; SISTRIX Crawler; http://crawler.sistrix.net/)"
176.9.146.19 - - [26/Jul/2012:05:39:37 +0200] "GET / HTTP/1.1" 200 4014 "-" "Mozilla/5.0 (compatible; SISTRIX Crawler; http://crawler.sistrix.net/)"
87.139.125.5 - - [26/Jul/2012:09:22:29 +0200] "GET / HTTP/1.1" 200 4014 "http://www.google.de/search?hl=de&source=hp&q=dialyse+waldbronn&gbv=2&oq=dialyse+wal&gs_l=hp.1.1.0l10.1281.4625.0.7625.11.9.0.2.2.0.187.1170.0j8.8.0...0.0...1c._FMolGMBZi0" "Mozilla/4.0 (compatible; MSIE 6.0; Windows NT 5.1; SV1; .NET CLR 1.1.4322; .NET CLR 2.0.50727)"
87.139.125.5 - - [26/Jul/2012:09:22:30 +0200] "GET /back.jpg HTTP/1.1" 404 1256 "http://www.dialyse-waldbronn.de/" "Mozilla/4.0 (compatible; MSIE 6.0; Windows NT 5.1; SV1; .NET CLR 1.1.4322; .NET CLR 2.0.50727)"
87.139.125.5 - - [26/Jul/2012:09:22:30 +0200] "GET /index.swf HTTP/1.1" 200 8893 "-" "contype"
87.139.125.5 - - [26/Jul/2012:09:22:30 +0200] "GET /index.swf HTTP/1.1" 206 8893 "-" "Mozilla/4.0 (compatible; MSIE 6.0; Windows NT 5.1; SV1; .NET CLR 1.1.4322; .NET CLR 2.0.50727)"
178.137.129.128 - - [26/Jul/2012:10:50:15 +0200] "GET / HTTP/1.1" 200 4014 "http://guildoftraders.ru/" "Mozilla/4.0 (compatible; MSIE 6.0; Windows NT 5.1; SV1; .NET CLR 1.0.3705; .NET CLR 1.1.4322; .NET CLR 2.0.40607)"
178.137.129.128 - - [26/Jul/2012:10:50:15 +0200] "GET / HTTP/1.1" 200 4014 "http://guildoftraders.ru/" "Mozilla/4.0 (compatible; MSIE 6.0; Windows NT 5.1; SV1; .NET CLR 1.0.3705; .NET CLR 1.1.4322; .NET CLR 2.0.40607)"
66.249.72.13 - - [26/Jul/2012:11:38:54 +0200] "GET /06.html HTTP/1.1" 304 - "-" "Mozilla/5.0 (compatible; Googlebot/2.1; +http://www.google.com/bot.html)"
178.154.179.250 - - [26/Jul/2012:12:02:47 +0200] "GET /robots.txt HTTP/1.1" 404 1256 "-" "Mozilla/5.0 (compatible; YandexBot/3.0; +http://yandex.com/bots)"
132.187.191.4 - - [26/Jul/2012:12:46:49 +0200] "GET / HTTP/1.1" 200 4014 "http://www.google.de/search?hl=de&source=hp&q=dialyse+waldbronn&gbv=2&oq=dialyse+waldbronn&gs_l=hp.3..0.1656.4968.0.5171.17.11.0.6.6.0.141.625.10j1.11.0...0.0...1c.dhnC0TaixBM" "Mozilla/4.0 (compatible; MSIE 7.0; Windows NT 5.1; .NET CLR 2.0.50727; .NET CLR 3.0.4506.2152; .NET CLR 3.5.30729; InfoPath.1; .NET4.0C; .NET4.0E)"
132.187.191.4 - - [26/Jul/2012:12:46:53 +0200] "GET /back.jpg HTTP/1.1" 404 1256 "http://www.dialyse-waldbronn.de/" "Mozilla/4.0 (compatible; MSIE 7.0; Windows NT 5.1; .NET CLR 2.0.50727; .NET CLR 3.0.4506.2152; .NET CLR 3.5.30729; InfoPath.1; .NET4.0C; .NET4.0E)"
132.187.191.4 - - [26/Jul/2012:12:46:53 +0200] "GET /index.swf HTTP/1.1" 200 8893 "-" "contype"
132.187.191.4 - - [26/Jul/2012:12:46:53 +0200] "GET /index.swf HTTP/1.1" 200 8893 "http://www.dialyse-waldbronn.de/" "Mozilla/4.0 (compatible; MSIE 7.0; Windows NT 5.1; .NET CLR 2.0.50727; .NET CLR 3.0.4506.2152; .NET CLR 3.5.30729; InfoPath.1; .NET4.0C; .NET4.0E)"
132.187.191.4 - - [26/Jul/2012:12:46:53 +0200] "GET /favicon.ico HTTP/1.1" 404 1256 "-" "Mozilla/4.0 (compatible; MSIE 7.0; Windows NT 5.1; .NET CLR 2.0.50727; .NET CLR 3.0.4506.2152; .NET CLR 3.5.30729; InfoPath.1; .NET4.0C; .NET4.0E)"
132.187.191.4 - - [26/Jul/2012:12:46:56 +0200] "GET /00themen00.html HTTP/1.1" 200 2236 "http://www.dialyse-waldbronn.de/index.swf" "Mozilla/4.0 (compatible; MSIE 7.0; Windows NT 5.1; .NET CLR 2.0.50727; .NET CLR 3.0.4506.2152; .NET CLR 3.5.30729; InfoPath.1; .NET4.0C; .NET4.0E)"
132.187.191.4 - - [26/Jul/2012:12:46:56 +0200] "GET /AC_RunActiveContent.js HTTP/1.1" 200 8029 "http://www.dialyse-waldbronn.de/index.swf" "Mozilla/4.0 (compatible; MSIE 7.0; Windows NT 5.1; .NET CLR 2.0.50727; .NET CLR 3.0.4506.2152; .NET CLR 3.5.30729; InfoPath.1; .NET4.0C; .NET4.0E)"
132.187.191.4 - - [26/Jul/2012:12:46:56 +0200] "GET /00themen00.swf HTTP/1.1" 200 12608 "http://www.dialyse-waldbronn.de/00themen00.html" "Mozilla/4.0 (compatible; MSIE 7.0; Windows NT 5.1; .NET CLR 2.0.50727; .NET CLR 3.0.4506.2152; .NET CLR 3.5.30729; InfoPath.1; .NET4.0C; .NET4.0E)"
132.187.191.4 - - [26/Jul/2012:12:46:58 +0200] "GET /01.html HTTP/1.1" 200 1988 "http://www.dialyse-waldbronn.de/00themen00.swf" "Mozilla/4.0 (compatible; MSIE 7.0; Windows NT 5.1; .NET CLR 2.0.50727; .NET CLR 3.0.4506.2152; .NET CLR 3.5.30729; InfoPath.1; .NET4.0C; .NET4.0E)"
132.187.191.4 - - [26/Jul/2012:12:46:58 +0200] "GET /01.swf HTTP/1.1" 200 36918 "http://www.dialyse-waldbronn.de/01.html" "Mozilla/4.0 (compatible; MSIE 7.0; Windows NT 5.1; .NET CLR 2.0.50727; .NET CLR 3.0.4506.2152; .NET CLR 3.5.30729; InfoPath.1; .NET4.0C; .NET4.0E)"
132.187.191.4 - - [26/Jul/2012:12:47:28 +0200] "GET /08.html HTTP/1.1" 200 2068 "http://www.dialyse-waldbronn.de/00themen00.swf" "Mozilla/4.0 (compatible; MSIE 7.0; Windows NT 5.1; .NET CLR 2.0.50727; .NET CLR 3.0.4506.2152; .NET CLR 3.5.30729; InfoPath.1; .NET4.0C; .NET4.0E)"
132.187.191.4 - - [26/Jul/2012:12:47:28 +0200] "GET /08.swf HTTP/1.1" 200 22102 "http://www.dialyse-waldbronn.de/08.html" "Mozilla/4.0 (compatible; MSIE 7.0; Windows NT 5.1; .NET CLR 2.0.50727; .NET CLR 3.0.4506.2152; .NET CLR 3.5.30729; InfoPath.1; .NET4.0C; .NET4.0E)"
178.154.179.250 - - [26/Jul/2012:16:38:23 +0200] "GET / HTTP/1.1" 200 4014 "-" "Mozilla/5.0 (compatible; YandexBot/3.0; +http://yandex.com/bots)"
178.154.179.250 - - [26/Jul/2012:16:38:28 +0200] "GET /index.swf HTTP/1.1" 200 8893 "-" "Mozilla/5.0 (compatible; YandexBot/3.0; +http://yandex.com/bots)"
109.120.157.179 - - [27/Jul/2012:06:05:25 +0200] "GET / HTTP/1.1" 200 4014 "http://mmoanons.ru/" "Mozilla/5.0 (compatible; Add Catalog/2.1;)"
109.120.157.179 - - [27/Jul/2012:06:05:26 +0200] "GET / HTTP/1.1" 200 4014 "http://mmoanons.ru/" "Mozilla/5.0 (compatible; Add Catalog/2.1;)"
65.52.104.75 - - [27/Jul/2012:09:31:53 +0200] "GET /robots.txt HTTP/1.1" 404 1256 "-" "Mozilla/5.0 (compatible; bingbot/2.0; +http://www.bing.com/bingbot.htm)"
65.52.104.75 - - [27/Jul/2012:09:32:41 +0200] "GET / HTTP/1.1" 304 - "-" "Mozilla/5.0 (compatible; bingbot/2.0; +http://www.bing.com/bingbot.htm)"
213.23.84.208 - - [27/Jul/2012:09:51:56 +0200] "GET / HTTP/1.0" 200 4014 "http://www.google.de/url?sa=t&rct=j&q=dialyse%20waldbronn&source=web&cd=1&ved=0CFQQFjAA&url=http%3A%2F%2Fwww.dialyse-waldbronn.de%2F&ei=X0gSUI7FFtHLsgblg4DgCA&usg=AFQjCNHEX_ZQroPS8hwDzjOxqVHmV6iDWw" "Mozilla/5.0 (Windows NT 5.1; rv:9.0) Gecko/20100101 Firefox/9.0"
213.23.84.208 - - [27/Jul/2012:09:51:56 +0200] "GET /back.jpg HTTP/1.0" 404 1256 "http://www.dialyse-waldbronn.de/" "Mozilla/5.0 (Windows NT 5.1; rv:9.0) Gecko/20100101 Firefox/9.0"
213.23.84.208 - - [27/Jul/2012:09:51:56 +0200] "GET /index.swf HTTP/1.0" 200 8893 "http://www.dialyse-waldbronn.de/" "Mozilla/5.0 (Windows NT 5.1; rv:9.0) Gecko/20100101 Firefox/9.0"
213.23.84.208 - - [27/Jul/2012:09:51:57 +0200] "GET /favicon.ico HTTP/1.0" 404 1256 "-" "Mozilla/5.0 (Windows NT 5.1; rv:9.0) Gecko/20100101 Firefox/9.0"
213.23.84.208 - - [27/Jul/2012:09:52:04 +0200] "GET /00themen00.html HTTP/1.0" 200 2236 "http://www.dialyse-waldbronn.de/" "Mozilla/5.0 (Windows NT 5.1; rv:9.0) Gecko/20100101 Firefox/9.0"
213.23.84.208 - - [27/Jul/2012:09:52:04 +0200] "GET /AC_RunActiveContent.js HTTP/1.0" 200 8029 "http://www.dialyse-waldbronn.de/00themen00.html" "Mozilla/5.0 (Windows NT 5.1; rv:9.0) Gecko/20100101 Firefox/9.0"
213.23.84.208 - - [27/Jul/2012:09:52:05 +0200] "GET /00themen00.swf HTTP/1.0" 200 12608 "http://www.dialyse-waldbronn.de/00themen00.html" "Mozilla/5.0 (Windows NT 5.1; rv:9.0) Gecko/20100101 Firefox/9.0"
213.23.84.208 - - [27/Jul/2012:09:52:10 +0200] "GET /08.html HTTP/1.0" 200 2068 "http://www.dialyse-waldbronn.de/00themen00.html" "Mozilla/5.0 (Windows NT 5.1; rv:9.0) Gecko/20100101 Firefox/9.0"
213.23.84.208 - - [27/Jul/2012:09:52:10 +0200] "GET /08.swf HTTP/1.0" 200 22102 "http://www.dialyse-waldbronn.de/08.html" "Mozilla/5.0 (Windows NT 5.1; rv:9.0) Gecko/20100101 Firefox/9.0"
192.162.19.183 - - [27/Jul/2012:09:56:42 +0200] "GET / HTTP/1.1" 200 4014 "http://uafilmstop.net/" "Mozilla/5.0 (Admin Catalog; Windows NT 5.1; infobot.4942@yahoo.com)"
192.162.19.183 - - [27/Jul/2012:09:56:43 +0200] "GET / HTTP/1.1" 200 4014 "http://uafilmstop.net/" "Mozilla/5.0 (Admin Catalog; Windows NT 5.1; infobot.4942@yahoo.com)"
66.249.72.13 - - [27/Jul/2012:12:20:26 +0200] "GET /robots.txt HTTP/1.1" 404 1256 "-" "Mozilla/5.0 (compatible; Googlebot/2.1; +http://www.google.com/bot.html)"
66.249.72.13 - - [27/Jul/2012:12:20:26 +0200] "GET /00themen00.html HTTP/1.1" 304 - "-" "Mozilla/5.0 (compatible; Googlebot/2.1; +http://www.google.com/bot.html)"
62.245.131.66 - - [27/Jul/2012:13:29:06 +0200] "GET / HTTP/1.1" 304 - "-" "Mozilla/4.0 (compatible;)"
87.139.125.5 - - [27/Jul/2012:14:20:02 +0200] "GET / HTTP/1.1" 200 4014 "http://www.google.de/url?sa=t&rct=j&q=dialyse%20waldbronn&source=web&cd=1&ved=0CFQQFjAA&url=http%3A%2F%2Fwww.dialyse-waldbronn.de%2F&ei=LocSUIXoE-_b4QSXoYDICw&usg=AFQjCNHEX_ZQroPS8hwDzjOxqVHmV6iDWw" "Mozilla/4.0 (compatible; MSIE 8.0; Windows NT 5.1; Trident/4.0; .NET CLR 1.1.4322)"
87.139.125.5 - - [27/Jul/2012:14:20:02 +0200] "GET /back.jpg HTTP/1.1" 404 1256 "http://www.dialyse-waldbronn.de/" "Mozilla/4.0 (compatible; MSIE 8.0; Windows NT 5.1; Trident/4.0; .NET CLR 1.1.4322)"
87.139.125.5 - - [27/Jul/2012:14:20:02 +0200] "GET /index.swf HTTP/1.1" 200 8893 "-" "contype"
87.139.125.5 - - [27/Jul/2012:14:20:02 +0200] "GET /index.swf HTTP/1.1" 200 8893 "-" "Mozilla/4.0 (compatible; MSIE 8.0; Windows NT 5.1; Trident/4.0; .NET CLR 1.1.4322)"
87.139.125.5 - - [27/Jul/2012:14:20:03 +0200] "GET /favicon.ico HTTP/1.1" 404 1256 "-" "Mozilla/4.0 (compatible; MSIE 8.0; Windows NT 5.1; Trident/4.0; .NET CLR 1.1.4322)"
87.139.125.5 - - [27/Jul/2012:14:20:08 +0200] "GET /00themen00.html HTTP/1.1" 200 2236 "-" "Mozilla/4.0 (compatible; MSIE 8.0; Windows NT 5.1; Trident/4.0; .NET CLR 1.1.4322)"
87.139.125.5 - - [27/Jul/2012:14:20:08 +0200] "GET /AC_RunActiveContent.js HTTP/1.1" 200 8029 "http://www.dialyse-waldbronn.de/00themen00.html" "Mozilla/4.0 (compatible; MSIE 8.0; Windows NT 5.1; Trident/4.0; .NET CLR 1.1.4322)"
87.139.125.5 - - [27/Jul/2012:14:20:12 +0200] "GET /favicon.ico HTTP/1.1" 404 1256 "-" "Mozilla/4.0 (compatible; MSIE 8.0; Windows NT 5.1; Trident/4.0; .NET CLR 1.1.4322)"
87.139.125.5 - - [27/Jul/2012:14:20:19 +0200] "GET /back.jpg HTTP/1.1" 404 1256 "http://www.dialyse-waldbronn.de/" "Mozilla/4.0 (compatible; MSIE 8.0; Windows NT 5.1; Trident/4.0; .NET CLR 1.1.4322)"
149.172.167.57 - - [27/Jul/2012:17:40:27 +0200] "GET / HTTP/1.1" 200 4014 "http://www.google.de/url?sa=t&rct=j&q=dialyse%20waldbron&source=web&cd=1&ved=0CFUQFjAA&url=http%3A%2F%2Fwww.dialyse-waldbronn.de%2F&ei=KrYSUIK8K4bVsgaFtoCoBg&usg=AFQjCNHEX_ZQroPS8hwDzjOxqVHmV6iDWw" "Mozilla/5.0 (compatible; MSIE 9.0; Windows NT 6.1; WOW64; Trident/5.0)"
149.172.167.57 - - [27/Jul/2012:17:40:28 +0200] "GET /back.jpg HTTP/1.1" 404 1256 "http://www.dialyse-waldbronn.de/" "Mozilla/5.0 (compatible; MSIE 9.0; Windows NT 6.1; WOW64; Trident/5.0)"
149.172.167.57 - - [27/Jul/2012:17:40:28 +0200] "HEAD /index.swf HTTP/1.1" 200 - "-" "contype"
149.172.167.57 - - [27/Jul/2012:17:40:28 +0200] "GET /index.swf HTTP/1.1" 200 8893 "http://www.dialyse-waldbronn.de/" "Mozilla/5.0 (compatible; MSIE 9.0; Windows NT 6.1; WOW64; Trident/5.0)"
149.172.167.57 - - [27/Jul/2012:17:40:28 +0200] "GET /favicon.ico HTTP/1.1" 404 1256 "-" "Mozilla/5.0 (compatible; MSIE 9.0; Windows NT 6.1; WOW64; Trident/5.0)"
149.172.167.57 - - [27/Jul/2012:17:40:30 +0200] "GET /00themen00.html HTTP/1.1" 200 2236 "http://www.dialyse-waldbronn.de/index.swf" "Mozilla/5.0 (compatible; MSIE 9.0; Windows NT 6.1; WOW64; Trident/5.0)"
149.172.167.57 - - [27/Jul/2012:17:40:30 +0200] "GET /AC_RunActiveContent.js HTTP/1.1" 200 8029 "http://www.dialyse-waldbronn.de/00themen00.html" "Mozilla/5.0 (compatible; MSIE 9.0; Windows NT 6.1; WOW64; Trident/5.0)"
149.172.167.57 - - [27/Jul/2012:17:40:30 +0200] "GET /00themen00.swf HTTP/1.1" 200 12608 "http://www.dialyse-waldbronn.de/00themen00.html" "Mozilla/5.0 (compatible; MSIE 9.0; Windows NT 6.1; WOW64; Trident/5.0)"
149.172.167.57 - - [27/Jul/2012:17:40:30 +0200] "GET /favicon.ico HTTP/1.1" 404 1256 "-" "Mozilla/5.0 (compatible; MSIE 9.0; Windows NT 6.1; WOW64; Trident/5.0)"
149.172.167.57 - - [27/Jul/2012:17:40:32 +0200] "GET /03.html HTTP/1.1" 200 2012 "http://www.dialyse-waldbronn.de/00themen00.swf" "Mozilla/5.0 (compatible; MSIE 9.0; Windows NT 6.1; WOW64; Trident/5.0)"
149.172.167.57 - - [27/Jul/2012:17:40:32 +0200] "GET /03.swf HTTP/1.1" 200 79366 "http://www.dialyse-waldbronn.de/03.html" "Mozilla/5.0 (compatible; MSIE 9.0; Windows NT 6.1; WOW64; Trident/5.0)"
149.172.167.57 - - [27/Jul/2012:17:40:41 +0200] "GET /01.html HTTP/1.1" 200 1988 "http://www.dialyse-waldbronn.de/00themen00.swf" "Mozilla/5.0 (compatible; MSIE 9.0; Windows NT 6.1; WOW64; Trident/5.0)"
149.172.167.57 - - [27/Jul/2012:17:40:41 +0200] "GET /01.swf HTTP/1.1" 200 36918 "http://www.dialyse-waldbronn.de/01.html" "Mozilla/5.0 (compatible; MSIE 9.0; Windows NT 6.1; WOW64; Trident/5.0)"
149.172.167.57 - - [27/Jul/2012:17:40:53 +0200] "GET /08.html HTTP/1.1" 200 2068 "http://www.dialyse-waldbronn.de/00themen00.swf" "Mozilla/5.0 (compatible; MSIE 9.0; Windows NT 6.1; WOW64; Trident/5.0)"
149.172.167.57 - - [27/Jul/2012:17:40:53 +0200] "GET /08.swf HTTP/1.1" 200 22102 "http://www.dialyse-waldbronn.de/08.html" "Mozilla/5.0 (compatible; MSIE 9.0; Windows NT 6.1; WOW64; Trident/5.0)"
178.137.129.128 - - [27/Jul/2012:19:56:08 +0200] "GET / HTTP/1.1" 200 4014 "http://guildoftraders.ru/" "Mozilla/4.0 (compatible; MSIE 6.0; Windows NT 5.0; .NET CLR 1.0.3705; .NET CLR 1.1.4322)"
178.137.129.128 - - [27/Jul/2012:19:56:09 +0200] "GET / HTTP/1.1" 200 4014 "http://guildoftraders.ru/" "Mozilla/4.0 (compatible; MSIE 6.0; Windows NT 5.0; .NET CLR 1.0.3705; .NET CLR 1.1.4322)"
193.0.212.119 - - [27/Jul/2012:22:19:24 +0200] "GET / HTTP/1.1" 200 4014 "http://oilcity-rb.ru/" "Mozilla/4.76 [en] (Windows NT 5.0; U)"
193.0.212.119 - - [27/Jul/2012:22:19:25 +0200] "GET / HTTP/1.1" 200 4014 "http://oilcity-rb.ru/" "Mozilla/4.76 [en] (Windows NT 5.0; U)"
65.52.104.75 - - [28/Jul/2012:00:43:24 +0200] "GET /robots.txt HTTP/1.1" 404 1256 "-" "Mozilla/5.0 (compatible; bingbot/2.0; +http://www.bing.com/bingbot.htm)"
65.52.104.75 - - [28/Jul/2012:00:45:44 +0200] "GET / HTTP/1.1" 304 - "-" "Mozilla/5.0 (compatible; bingbot/2.0; +http://www.bing.com/bingbot.htm)"
