109.193.171.179 - - [15/Jun/2012:09:03:13 +0200] "GET /index.swf HTTP/1.1" 200 8893 "http://www.dialyse-waldbronn.de/" "Mozilla/4.0 (compatible; MSIE 8.0; Windows NT 5.1; Trident/4.0; Mozilla/4.0 (compatible; MSIE 6.0; Windows NT 5.1; SV1) ; .NET CLR 1.1.4322; .NET CLR 3.0.04506.30; .NET CLR 3.0.04506.648; .NET CLR 3.5.21022; .NET CLR 2.0.50727; .NET CLR 3.0.4506.2152; .NET CLR 3.5.30729; OfficeLiveConnector.1.5; OfficeLivePatch.1.3; .NET4.0C; .NET4.0E)"
109.193.171.179 - - [15/Jun/2012:09:03:13 +0200] "GET /favicon.ico HTTP/1.1" 404 1256 "-" "Mozilla/4.0 (compatible; MSIE 8.0; Windows NT 5.1; Trident/4.0; Mozilla/4.0 (compatible; MSIE 6.0; Windows NT 5.1; SV1) ; .NET CLR 1.1.4322; .NET CLR 3.0.04506.30; .NET CLR 3.0.04506.648; .NET CLR 3.5.21022; .NET CLR 2.0.50727; .NET CLR 3.0.4506.2152; .NET CLR 3.5.30729; OfficeLiveConnector.1.5; OfficeLivePatch.1.3; .NET4.0C; .NET4.0E)"
109.193.171.179 - - [15/Jun/2012:09:03:15 +0200] "GET /00themen00.html HTTP/1.1" 200 2236 "http://www.dialyse-waldbronn.de/index.swf" "Mozilla/4.0 (compatible; MSIE 8.0; Windows NT 5.1; Trident/4.0; Mozilla/4.0 (compatible; MSIE 6.0; Windows NT 5.1; SV1) ; .NET CLR 1.1.4322; .NET CLR 3.0.04506.30; .NET CLR 3.0.04506.648; .NET CLR 3.5.21022; .NET CLR 2.0.50727; .NET CLR 3.0.4506.2152; .NET CLR 3.5.30729; OfficeLiveConnector.1.5; OfficeLivePatch.1.3; .NET4.0C; .NET4.0E)"
109.193.171.179 - - [15/Jun/2012:09:03:15 +0200] "GET /AC_RunActiveContent.js HTTP/1.1" 200 8029 "http://www.dialyse-waldbronn.de/index.swf" "Mozilla/4.0 (compatible; MSIE 8.0; Windows NT 5.1; Trident/4.0; Mozilla/4.0 (compatible; MSIE 6.0; Windows NT 5.1; SV1) ; .NET CLR 1.1.4322; .NET CLR 3.0.04506.30; .NET CLR 3.0.04506.648; .NET CLR 3.5.21022; .NET CLR 2.0.50727; .NET CLR 3.0.4506.2152; .NET CLR 3.5.30729; OfficeLiveConnector.1.5; OfficeLivePatch.1.3; .NET4.0C; .NET4.0E)"
109.193.171.179 - - [15/Jun/2012:09:03:15 +0200] "GET /00themen00.swf HTTP/1.1" 200 12608 "http://www.dialyse-waldbronn.de/00themen00.html" "Mozilla/4.0 (compatible; MSIE 8.0; Windows NT 5.1; Trident/4.0; Mozilla/4.0 (compatible; MSIE 6.0; Windows NT 5.1; SV1) ; .NET CLR 1.1.4322; .NET CLR 3.0.04506.30; .NET CLR 3.0.04506.648; .NET CLR 3.5.21022; .NET CLR 2.0.50727; .NET CLR 3.0.4506.2152; .NET CLR 3.5.30729; OfficeLiveConnector.1.5; OfficeLivePatch.1.3; .NET4.0C; .NET4.0E)"
109.193.171.179 - - [15/Jun/2012:09:03:15 +0200] "GET /favicon.ico HTTP/1.1" 404 1256 "-" "Mozilla/4.0 (compatible; MSIE 8.0; Windows NT 5.1; Trident/4.0; Mozilla/4.0 (compatible; MSIE 6.0; Windows NT 5.1; SV1) ; .NET CLR 1.1.4322; .NET CLR 3.0.04506.30; .NET CLR 3.0.04506.648; .NET CLR 3.5.21022; .NET CLR 2.0.50727; .NET CLR 3.0.4506.2152; .NET CLR 3.5.30729; OfficeLiveConnector.1.5; OfficeLivePatch.1.3; .NET4.0C; .NET4.0E)"
109.193.171.179 - - [15/Jun/2012:09:03:21 +0200] "GET /08.html HTTP/1.1" 200 2068 "http://www.dialyse-waldbronn.de/00themen00.swf" "Mozilla/4.0 (compatible; MSIE 8.0; Windows NT 5.1; Trident/4.0; Mozilla/4.0 (compatible; MSIE 6.0; Windows NT 5.1; SV1) ; .NET CLR 1.1.4322; .NET CLR 3.0.04506.30; .NET CLR 3.0.04506.648; .NET CLR 3.5.21022; .NET CLR 2.0.50727; .NET CLR 3.0.4506.2152; .NET CLR 3.5.30729; OfficeLiveConnector.1.5; OfficeLivePatch.1.3; .NET4.0C; .NET4.0E)"
109.193.171.179 - - [15/Jun/2012:09:03:21 +0200] "GET /08.swf HTTP/1.1" 200 22102 "http://www.dialyse-waldbronn.de/08.html" "Mozilla/4.0 (compatible; MSIE 8.0; Windows NT 5.1; Trident/4.0; Mozilla/4.0 (compatible; MSIE 6.0; Windows NT 5.1; SV1) ; .NET CLR 1.1.4322; .NET CLR 3.0.04506.30; .NET CLR 3.0.04506.648; .NET CLR 3.5.21022; .NET CLR 2.0.50727; .NET CLR 3.0.4506.2152; .NET CLR 3.5.30729; OfficeLiveConnector.1.5; OfficeLivePatch.1.3; .NET4.0C; .NET4.0E)"
83.133.125.202 - - [15/Jun/2012:09:05:47 +0200] "GET / HTTP/1.1" 200 4014 "http://www.bigfinder.de/" "Mozilla/4.0 (compatible; MSIE 7.0; Windows NT 6.0; GTB6; SLCC1; .NET CLR 2.0.50727; Media Center PC 5.0; eSobiSubscriber 2.0.4.16; .NET CLR 3.5.30729; .NET CLR 3.0.30729; .NET4.0C)"
192.162.19.183 - - [15/Jun/2012:09:13:30 +0200] "GET / HTTP/1.1" 200 4014 "http://twobook.ru/" "Mozilla/5.0 (Admin Catalog; Windows NT 5.1; infobot.4942@yahoo.com)"
192.162.19.183 - - [15/Jun/2012:09:13:30 +0200] "GET / HTTP/1.1" 200 4014 "http://twobook.ru/" "Mozilla/5.0 (Admin Catalog; Windows NT 5.1; infobot.4942@yahoo.com)"
66.249.72.36 - - [15/Jun/2012:09:52:09 +0200] "GET /robots.txt HTTP/1.1" 404 1256 "-" "Mozilla/5.0 (compatible; Googlebot/2.1; +http://www.google.com/bot.html)"
66.249.72.36 - - [15/Jun/2012:09:52:09 +0200] "GET /00themen00.html HTTP/1.1" 200 2236 "-" "Mozilla/5.0 (compatible; Googlebot/2.1; +http://www.google.com/bot.html)"
193.106.136.51 - - [15/Jun/2012:14:07:47 +0200] "GET / HTTP/1.1" 200 4014 "http://y-xaxa.com/" "Mozilla/4.0 (compatible; MSIE 6.0; Windows NT 5.1; MyIE2; Deepnet Explorer)"
193.106.136.51 - - [15/Jun/2012:14:07:48 +0200] "GET / HTTP/1.1" 200 4014 "http://y-xaxa.com/" "Mozilla/4.0 (compatible; MSIE 6.0; Windows NT 5.1; MyIE2; Deepnet Explorer)"
65.52.104.75 - - [16/Jun/2012:00:52:01 +0200] "GET /robots.txt HTTP/1.1" 404 1256 "-" "Mozilla/5.0 (compatible; bingbot/2.0; +http://www.bing.com/bingbot.htm)"
65.52.104.75 - - [16/Jun/2012:00:57:13 +0200] "GET / HTTP/1.1" 304 - "-" "Mozilla/5.0 (compatible; bingbot/2.0; +http://www.bing.com/bingbot.htm)"
157.56.229.247 - - [16/Jun/2012:00:57:29 +0200] "GET / HTTP/1.1" 200 4014 "-" "Mozilla/5.0 (Windows NT 6.1; WOW64) AppleWebKit/534+ (KHTML, like Gecko) BingPreview/1.0b"
65.52.104.75 - - [16/Jun/2012:02:20:18 +0200] "GET /robots.txt HTTP/1.1" 404 1256 "-" "Mozilla/5.0 (compatible; bingbot/2.0; +http://www.bing.com/bingbot.htm)"
65.52.104.75 - - [16/Jun/2012:02:21:05 +0200] "GET / HTTP/1.1" 200 4014 "-" "Mozilla/5.0 (compatible; bingbot/2.0; +http://www.bing.com/bingbot.htm)"
178.137.5.233 - - [16/Jun/2012:09:30:16 +0200] "GET / HTTP/1.1" 200 4014 "http://shoesinview.com/" "Mozilla/4.0 (compatible; MSIE 6.0; Windows NT 5.1; ru) Opera 8.01"
178.137.5.233 - - [16/Jun/2012:09:30:16 +0200] "GET / HTTP/1.1" 200 4014 "http://shoesinview.com/" "Mozilla/4.0 (compatible; MSIE 6.0; Windows NT 5.1; ru) Opera 8.01"
178.154.179.250 - - [16/Jun/2012:17:42:59 +0200] "GET /robots.txt HTTP/1.1" 404 1256 "-" "Mozilla/5.0 (compatible; YandexBot/3.0; +http://yandex.com/bots)"
178.154.179.250 - - [16/Jun/2012:17:43:01 +0200] "GET / HTTP/1.1" 200 4014 "-" "Mozilla/5.0 (compatible; YandexBot/3.0; +http://yandex.com/bots)"
213.110.133.221 - - [16/Jun/2012:22:36:27 +0200] "GET / HTTP/1.1" 200 4014 "http://kemsystem.ru/" "Mozilla/4.0 (compatible; Blog Search;)"
213.110.133.221 - - [16/Jun/2012:22:36:27 +0200] "GET / HTTP/1.1" 200 4014 "http://kemsystem.ru/" "Mozilla/4.0 (compatible; Blog Search;)"
109.120.157.179 - - [17/Jun/2012:03:09:10 +0200] "GET / HTTP/1.1" 200 4014 "http://zayceva.net/" "Mozilla/5.0 (compatible; Googlebot/2.1; +http://www.google.com/bot.html)"
109.120.157.179 - - [17/Jun/2012:03:09:11 +0200] "GET / HTTP/1.1" 200 4014 "http://zayceva.net/" "Mozilla/5.0 (compatible; Googlebot/2.1; +http://www.google.com/bot.html)"
66.249.72.36 - - [17/Jun/2012:03:38:31 +0200] "GET /robots.txt HTTP/1.1" 404 1256 "-" "Mozilla/5.0 (compatible; Googlebot/2.1; +http://www.google.com/bot.html)"
66.249.72.36 - - [17/Jun/2012:03:38:31 +0200] "GET /06.html HTTP/1.1" 200 1988 "-" "Mozilla/5.0 (iPhone; U; CPU iPhone OS 4_1 like Mac OS X; en-us) AppleWebKit/532.9 (KHTML, like Gecko) Version/4.0.5 Mobile/8B117 Safari/6531.22.7 (compatible; Googlebot-Mobile/2.1; +http://www.google.com/bot.html)"
66.249.72.36 - - [17/Jun/2012:03:48:54 +0200] "GET /AC_RunActiveContent.js HTTP/1.1" 200 8029 "-" "Mozilla/5.0 (compatible; Googlebot/2.1; +http://www.google.com/bot.html)"
66.249.72.36 - - [17/Jun/2012:03:48:56 +0200] "GET /06.swf HTTP/1.1" 200 18307 "-" "Mozilla/5.0 (compatible; Googlebot/2.1; +http://www.google.com/bot.html)"
24.180.64.22 - - [17/Jun/2012:12:01:21 +0200] "GET /administrator/index.php HTTP/1.0" 404 1256 "-" "Mozilla/5.0 (Windows; U; Windows NT 5.1; ru; rv:1.9.2.3) Gecko/20100401 Firefox/3.6.3"
84.60.166.180 - - [17/Jun/2012:15:36:46 +0200] "GET /06.html HTTP/1.1" 200 1988 "http://www.google.de/url?sa=t&rct=j&q=nephrologisches%20zentrum%20waldbronn&source=web&cd=3&ved=0CFoQFjAC&url=http%3A%2F%2Fwww.dialyse-waldbronn.de%2F06.html&ei=2tzdT_6EN8zGswbqzM2jDQ&usg=AFQjCNHBk79LSioAjSMLFWxX37oe_Ls53w" "Mozilla/5.0 (compatible; MSIE 9.0; Windows NT 6.1; Trident/5.0)"
84.60.166.180 - - [17/Jun/2012:15:36:46 +0200] "GET /AC_RunActiveContent.js HTTP/1.1" 200 8029 "http://www.dialyse-waldbronn.de/06.html" "Mozilla/5.0 (compatible; MSIE 9.0; Windows NT 6.1; Trident/5.0)"
84.60.166.180 - - [17/Jun/2012:15:36:46 +0200] "GET /AC_RunActiveContent.js HTTP/1.1" 200 8029 "http://www.dialyse-waldbronn.de/06.html" "Mozilla/5.0 (compatible; MSIE 9.0; Windows NT 6.1; Trident/5.0)"
84.60.166.180 - - [17/Jun/2012:15:36:46 +0200] "GET /06.swf HTTP/1.1" 200 18307 "http://www.dialyse-waldbronn.de/06.html" "Mozilla/5.0 (compatible; MSIE 9.0; Windows NT 6.1; Trident/5.0)"
84.60.166.180 - - [17/Jun/2012:15:36:46 +0200] "GET /favicon.ico HTTP/1.1" 404 1256 "-" "Mozilla/5.0 (compatible; MSIE 9.0; Windows NT 6.1; Trident/5.0)"
84.60.166.180 - - [17/Jun/2012:15:36:50 +0200] "GET /index.html HTTP/1.1" 200 4014 "http://www.dialyse-waldbronn.de/06.swf" "Mozilla/5.0 (compatible; MSIE 9.0; Windows NT 6.1; Trident/5.0)"
84.60.166.180 - - [17/Jun/2012:15:36:50 +0200] "GET /back.jpg HTTP/1.1" 404 1256 "http://www.dialyse-waldbronn.de/index.html" "Mozilla/5.0 (compatible; MSIE 9.0; Windows NT 6.1; Trident/5.0)"
84.60.166.180 - - [17/Jun/2012:15:36:51 +0200] "HEAD /index.swf HTTP/1.1" 200 - "-" "contype"
84.60.166.180 - - [17/Jun/2012:15:36:51 +0200] "GET /index.swf HTTP/1.1" 200 8893 "http://www.dialyse-waldbronn.de/index.html" "Mozilla/5.0 (compatible; MSIE 9.0; Windows NT 6.1; Trident/5.0)"
84.60.166.180 - - [17/Jun/2012:15:36:51 +0200] "GET /favicon.ico HTTP/1.1" 404 1256 "-" "Mozilla/5.0 (compatible; MSIE 9.0; Windows NT 6.1; Trident/5.0)"
84.60.166.180 - - [17/Jun/2012:15:37:01 +0200] "GET / HTTP/1.1" 200 4014 "http://www.dialyse-waldbronn.de/index.html" "Mozilla/5.0 (compatible; MSIE 9.0; Windows NT 6.1; Trident/5.0)"
84.60.166.180 - - [17/Jun/2012:15:37:01 +0200] "GET /back.jpg HTTP/1.1" 404 1256 "http://www.dialyse-waldbronn.de/" "Mozilla/5.0 (compatible; MSIE 9.0; Windows NT 6.1; Trident/5.0)"
84.60.166.180 - - [17/Jun/2012:15:37:01 +0200] "HEAD /index.swf HTTP/1.1" 200 - "-" "contype"
84.60.166.180 - - [17/Jun/2012:15:37:04 +0200] "GET /00themen00.html HTTP/1.1" 200 2236 "http://www.dialyse-waldbronn.de/index.swf" "Mozilla/5.0 (compatible; MSIE 9.0; Windows NT 6.1; Trident/5.0)"
84.60.166.180 - - [17/Jun/2012:15:37:04 +0200] "GET /00themen00.swf HTTP/1.1" 200 12608 "http://www.dialyse-waldbronn.de/00themen00.html" "Mozilla/5.0 (compatible; MSIE 9.0; Windows NT 6.1; Trident/5.0)"
84.60.166.180 - - [17/Jun/2012:15:37:06 +0200] "GET /01.html HTTP/1.1" 200 1988 "http://www.dialyse-waldbronn.de/00themen00.swf" "Mozilla/5.0 (compatible; MSIE 9.0; Windows NT 6.1; Trident/5.0)"
84.60.166.180 - - [17/Jun/2012:15:37:06 +0200] "GET /01.swf HTTP/1.1" 200 36918 "http://www.dialyse-waldbronn.de/01.html" "Mozilla/5.0 (compatible; MSIE 9.0; Windows NT 6.1; Trident/5.0)"
84.60.166.180 - - [17/Jun/2012:15:37:47 +0200] "GET /09.html HTTP/1.1" 200 2140 "http://www.dialyse-waldbronn.de/00themen00.swf" "Mozilla/5.0 (compatible; MSIE 9.0; Windows NT 6.1; Trident/5.0)"
84.60.166.180 - - [17/Jun/2012:15:37:47 +0200] "GET /09.swf HTTP/1.1" 200 23193 "http://www.dialyse-waldbronn.de/09.html" "Mozilla/5.0 (compatible; MSIE 9.0; Windows NT 6.1; Trident/5.0)"
84.60.166.180 - - [17/Jun/2012:15:38:14 +0200] "GET /back.jpg HTTP/1.1" 404 1256 "http://www.dialyse-waldbronn.de/" "Mozilla/5.0 (compatible; MSIE 9.0; Windows NT 6.1; Trident/5.0)"
84.60.166.180 - - [17/Jun/2012:15:38:14 +0200] "HEAD /index.swf HTTP/1.1" 200 - "-" "contype"
84.60.166.180 - - [17/Jun/2012:15:38:14 +0200] "GET /index.swf HTTP/1.1" 200 8893 "http://www.dialyse-waldbronn.de/" "Mozilla/5.0 (compatible; MSIE 9.0; Windows NT 6.1; Trident/5.0)"
84.60.166.180 - - [17/Jun/2012:15:39:19 +0200] "GET /back.jpg HTTP/1.1" 404 1256 "http://www.dialyse-waldbronn.de/" "Mozilla/5.0 (compatible; MSIE 9.0; Windows NT 6.1; Trident/5.0)"
84.60.166.180 - - [17/Jun/2012:15:39:19 +0200] "HEAD /index.swf HTTP/1.1" 200 - "-" "contype"
84.60.166.180 - - [17/Jun/2012:15:39:23 +0200] "GET /04.html HTTP/1.1" 200 1988 "http://www.dialyse-waldbronn.de/00themen00.swf" "Mozilla/5.0 (compatible; MSIE 9.0; Windows NT 6.1; Trident/5.0)"
84.60.166.180 - - [17/Jun/2012:15:39:23 +0200] "GET /04.swf HTTP/1.1" 200 20526 "http://www.dialyse-waldbronn.de/04.html" "Mozilla/5.0 (compatible; MSIE 9.0; Windows NT 6.1; Trident/5.0)"
84.60.166.180 - - [17/Jun/2012:15:39:32 +0200] "GET /03.html HTTP/1.1" 200 2012 "http://www.dialyse-waldbronn.de/00themen00.swf" "Mozilla/5.0 (compatible; MSIE 9.0; Windows NT 6.1; Trident/5.0)"
84.60.166.180 - - [17/Jun/2012:15:39:32 +0200] "GET /03.swf HTTP/1.1" 200 79366 "http://www.dialyse-waldbronn.de/03.html" "Mozilla/5.0 (compatible; MSIE 9.0; Windows NT 6.1; Trident/5.0)"
84.60.166.180 - - [17/Jun/2012:15:40:33 +0200] "GET /02.html HTTP/1.1" 200 1988 "http://www.dialyse-waldbronn.de/00themen00.swf" "Mozilla/5.0 (compatible; MSIE 9.0; Windows NT 6.1; Trident/5.0)"
84.60.166.180 - - [17/Jun/2012:15:40:33 +0200] "GET /02.swf HTTP/1.1" 200 19509 "http://www.dialyse-waldbronn.de/02.html" "Mozilla/5.0 (compatible; MSIE 9.0; Windows NT 6.1; Trident/5.0)"
84.60.166.180 - - [17/Jun/2012:15:40:55 +0200] "GET /05.html HTTP/1.1" 200 1988 "http://www.dialyse-waldbronn.de/00themen00.swf" "Mozilla/5.0 (compatible; MSIE 9.0; Windows NT 6.1; Trident/5.0)"
84.60.166.180 - - [17/Jun/2012:15:40:55 +0200] "GET /05.swf HTTP/1.1" 200 44441 "http://www.dialyse-waldbronn.de/05.html" "Mozilla/5.0 (compatible; MSIE 9.0; Windows NT 6.1; Trident/5.0)"
84.60.166.180 - - [17/Jun/2012:15:41:28 +0200] "GET /08.html HTTP/1.1" 200 2068 "http://www.dialyse-waldbronn.de/00themen00.swf" "Mozilla/5.0 (compatible; MSIE 9.0; Windows NT 6.1; Trident/5.0)"
84.60.166.180 - - [17/Jun/2012:15:41:28 +0200] "GET /08.swf HTTP/1.1" 200 22102 "http://www.dialyse-waldbronn.de/08.html" "Mozilla/5.0 (compatible; MSIE 9.0; Windows NT 6.1; Trident/5.0)"
81.209.177.145 - - [17/Jun/2012:17:27:13 +0200] "GET /robots.txt HTTP/1.1" 404 1256 "-" "netEstate NE Crawler (+http://www.sengine.info/)"
81.209.177.145 - - [17/Jun/2012:17:27:21 +0200] "GET / HTTP/1.1" 200 4014 "-" "netEstate NE Crawler (+http://www.sengine.info/)"
178.154.179.250 - - [17/Jun/2012:17:57:29 +0200] "GET /robots.txt HTTP/1.1" 404 1256 "-" "Mozilla/5.0 (compatible; YandexBot/3.0; +http://yandex.com/bots)"
178.154.179.250 - - [17/Jun/2012:18:40:26 +0200] "GET / HTTP/1.1" 200 4014 "-" "Mozilla/5.0 (compatible; YandexBot/3.0; +http://yandex.com/bots)"
192.162.19.183 - - [17/Jun/2012:20:47:05 +0200] "GET / HTTP/1.1" 200 4014 "http://www.teenbdtube.com/" "Mozilla/5.0 (Admin Catalog; Windows NT 5.1; infobot.4942@yahoo.com)"
192.162.19.183 - - [17/Jun/2012:20:47:06 +0200] "GET / HTTP/1.1" 200 4014 "http://www.teenbdtube.com/" "Mozilla/5.0 (Admin Catalog; Windows NT 5.1; infobot.4942@yahoo.com)"
66.249.72.36 - - [17/Jun/2012:22:20:40 +0200] "GET /robots.txt HTTP/1.1" 404 1256 "-" "Mozilla/5.0 (compatible; Googlebot/2.1; +http://www.google.com/bot.html)"
66.249.72.36 - - [17/Jun/2012:22:20:40 +0200] "GET /09a.html HTTP/1.1" 200 2065 "-" "Mozilla/5.0 (iPhone; U; CPU iPhone OS 4_1 like Mac OS X; en-us) AppleWebKit/532.9 (KHTML, like Gecko) Version/4.0.5 Mobile/8B117 Safari/6531.22.7 (compatible; Googlebot-Mobile/2.1; +http://www.google.com/bot.html)"
65.52.108.181 - - [18/Jun/2012:04:36:54 +0200] "GET / HTTP/1.1" 200 4014 "-" "Mozilla/4.0 (compatible; MSIE 7.0; Windows NT 5.2; SLCC1; .NET CLR 1.1.4325; .NET CLR 2.0.50727; .NET CLR 3.0.30729)"
65.52.108.181 - - [18/Jun/2012:04:37:00 +0200] "GET /index.swf HTTP/1.1" 200 8893 "-" "contype"
65.52.108.181 - - [18/Jun/2012:04:37:09 +0200] "GET /index.swf HTTP/1.1" 206 8893 "http://www.dialyse-waldbronn.de/" "Mozilla/4.0 (compatible; MSIE 7.0; Windows NT 5.2; SLCC1; .NET CLR 1.1.4325; .NET CLR 2.0.50727; .NET CLR 3.0.30729)"
207.46.13.163 - - [18/Jun/2012:05:54:27 +0200] "GET /robots.txt HTTP/1.1" 404 1256 "-" "Mozilla/5.0 (compatible; bingbot/2.0; +http://www.bing.com/bingbot.htm)"
207.46.13.163 - - [18/Jun/2012:05:55:11 +0200] "GET / HTTP/1.1" 304 - "-" "Mozilla/5.0 (compatible; bingbot/2.0; +http://www.bing.com/bingbot.htm)"
207.46.204.216 - - [18/Jun/2012:05:56:46 +0200] "GET / HTTP/1.1" 200 4014 "-" "Mozilla/5.0 (Windows NT 6.1; WOW64) AppleWebKit/534+ (KHTML, like Gecko) BingPreview/1.0b"
84.163.53.41 - - [18/Jun/2012:07:13:16 +0200] "GET / HTTP/1.1" 304 - "http://www.shophop.de/" "Mozilla/5.0 (Macintosh; Intel Mac OS X 10.5; rv:9.0.1) Gecko/20100101 Firefox/9.0.1"
84.163.53.41 - - [18/Jun/2012:07:13:16 +0200] "GET /back.jpg HTTP/1.1" 404 1256 "http://www.dialyse-waldbronn.de/" "Mozilla/5.0 (Macintosh; Intel Mac OS X 10.5; rv:9.0.1) Gecko/20100101 Firefox/9.0.1"
84.163.53.41 - - [18/Jun/2012:07:13:16 +0200] "GET /index.swf HTTP/1.1" 304 - "http://www.dialyse-waldbronn.de/" "Mozilla/5.0 (Macintosh; Intel Mac OS X 10.5; rv:9.0.1) Gecko/20100101 Firefox/9.0.1"
130.0.238.62 - - [18/Jun/2012:10:02:49 +0200] "GET / HTTP/1.1" 200 4014 "http://www.good-zone.ru/" "Mozilla/5.0 (compatible; news bot /2.1)"
130.0.238.62 - - [18/Jun/2012:10:02:49 +0200] "GET / HTTP/1.1" 200 4014 "http://www.good-zone.ru/" "Mozilla/5.0 (compatible; news bot /2.1)"
129.143.71.36 - - [18/Jun/2012:21:18:41 +0200] "GET / HTTP/1.1" 200 4014 "http://www.google.de/search?q=dialyse+waldbronn" "Mozilla/4.0 (compatible; MSIE 7.0; Windows NT 5.1; .NET CLR 2.0.50727; .NET CLR 3.0.4506.2152; .NET CLR 3.5.30729; .NET CLR 1.1.4322; .NET4.0C; .NET4.0E)"
129.143.71.36 - - [18/Jun/2012:21:18:41 +0200] "GET /back.jpg HTTP/1.1" 404 1256 "http://www.dialyse-waldbronn.de/" "Mozilla/4.0 (compatible; MSIE 7.0; Windows NT 5.1; .NET CLR 2.0.50727; .NET CLR 3.0.4506.2152; .NET CLR 3.5.30729; .NET CLR 1.1.4322; .NET4.0C; .NET4.0E)"
129.143.71.36 - - [18/Jun/2012:21:18:41 +0200] "GET /index.swf HTTP/1.1" 200 8893 "-" "contype"
129.143.71.36 - - [18/Jun/2012:21:18:41 +0200] "GET /index.swf HTTP/1.1" 304 - "http://www.dialyse-waldbronn.de/" "Mozilla/4.0 (compatible; MSIE 7.0; Windows NT 5.1; .NET CLR 2.0.50727; .NET CLR 3.0.4506.2152; .NET CLR 3.5.30729; .NET CLR 1.1.4322; .NET4.0C; .NET4.0E)"
129.143.71.36 - - [18/Jun/2012:21:18:41 +0200] "GET /favicon.ico HTTP/1.1" 404 1256 "-" "Mozilla/4.0 (compatible; MSIE 7.0; Windows NT 5.1; .NET CLR 2.0.50727; .NET CLR 3.0.4506.2152; .NET CLR 3.5.30729; .NET CLR 1.1.4322; .NET4.0C; .NET4.0E)"
129.143.71.36 - - [18/Jun/2012:21:18:45 +0200] "GET /00themen00.html HTTP/1.1" 200 2236 "http://www.dialyse-waldbronn.de/index.swf" "Mozilla/4.0 (compatible; MSIE 7.0; Windows NT 5.1; .NET CLR 2.0.50727; .NET CLR 3.0.4506.2152; .NET CLR 3.5.30729; .NET CLR 1.1.4322; .NET4.0C; .NET4.0E)"
129.143.71.36 - - [18/Jun/2012:21:18:45 +0200] "GET /AC_RunActiveContent.js HTTP/1.1" 200 8029 "http://www.dialyse-waldbronn.de/index.swf" "Mozilla/4.0 (compatible; MSIE 7.0; Windows NT 5.1; .NET CLR 2.0.50727; .NET CLR 3.0.4506.2152; .NET CLR 3.5.30729; .NET CLR 1.1.4322; .NET4.0C; .NET4.0E)"
129.143.71.36 - - [18/Jun/2012:21:18:49 +0200] "GET /back.jpg HTTP/1.1" 404 1256 "http://www.dialyse-waldbronn.de/" "Mozilla/4.0 (compatible; MSIE 7.0; Windows NT 5.1; .NET CLR 2.0.50727; .NET CLR 3.0.4506.2152; .NET CLR 3.5.30729; .NET CLR 1.1.4322; .NET4.0C; .NET4.0E)"
178.137.5.233 - - [19/Jun/2012:02:15:40 +0200] "GET / HTTP/1.1" 200 4014 "http://hair-news.info/" "Mozilla/4.0 (compatible; MSIE 7.0b; Windows NT 6.0 ; .NET CLR 2.0.50215; SL Commerce Client v1.0; Tablet PC 2.0"
178.137.5.233 - - [19/Jun/2012:02:15:40 +0200] "GET / HTTP/1.1" 200 4014 "http://hair-news.info/" "Mozilla/4.0 (compatible; MSIE 7.0b; Windows NT 6.0 ; .NET CLR 2.0.50215; SL Commerce Client v1.0; Tablet PC 2.0"
109.120.157.179 - - [19/Jun/2012:08:45:24 +0200] "GET / HTTP/1.1" 200 4014 "http://www.videomastera.ru/" "Mozilla/5.0 (compatible; Googlebot/2.1; +http://www.google.com/bot.html)"
109.120.157.179 - - [19/Jun/2012:08:45:24 +0200] "GET / HTTP/1.1" 200 4014 "http://www.videomastera.ru/" "Mozilla/5.0 (compatible; Googlebot/2.1; +http://www.google.com/bot.html)"
66.249.72.36 - - [19/Jun/2012:09:04:04 +0200] "GET /robots.txt HTTP/1.1" 404 1256 "-" "Mozilla/5.0 (compatible; Googlebot/2.1; +http://www.google.com/bot.html)"
66.249.72.36 - - [19/Jun/2012:09:04:05 +0200] "GET / HTTP/1.1" 200 4014 "-" "Mozilla/5.0 (compatible; Googlebot/2.1; +http://www.google.com/bot.html)"
89.108.102.171 - - [19/Jun/2012:09:51:14 +0200] "GET / HTTP/1.1" 200 4014 "http://posudaplus.com.ua/" "Mozilla/5.0 (compatible; YandexBot/3.0; +http://yandex.com/bots)"
89.108.102.171 - - [19/Jun/2012:09:51:14 +0200] "GET / HTTP/1.1" 200 4014 "http://posudaplus.com.ua/" "Mozilla/5.0 (compatible; YandexBot/3.0; +http://yandex.com/bots)"
89.27.65.106 - - [19/Jun/2012:11:37:15 +0200] "GET /robots.txt HTTP/1.0" 404 1256 "-" "Mozilla/5.0 (compatible; MJ12bot/v1.4.3; http://www.majestic12.co.uk/bot.php?+)"
89.27.65.106 - - [19/Jun/2012:11:37:17 +0200] "GET / HTTP/1.1" 200 4014 "-" "Mozilla/5.0 (compatible; MJ12bot/v1.4.3; http://www.majestic12.co.uk/bot.php?+)"
178.154.179.250 - - [19/Jun/2012:11:55:15 +0200] "GET /robots.txt HTTP/1.1" 404 1256 "-" "Mozilla/5.0 (compatible; YandexBot/3.0; +http://yandex.com/bots)"
193.106.136.51 - - [19/Jun/2012:14:28:45 +0200] "GET / HTTP/1.1" 200 4014 "http://mmmci.ru/" "Mozilla/4.0 (compatible; MSIE 6.0; Windows NT 5.1; Crazy Browser 1.0.5)"
193.106.136.51 - - [19/Jun/2012:14:28:46 +0200] "GET / HTTP/1.1" 200 4014 "http://mmmci.ru/" "Mozilla/4.0 (compatible; MSIE 6.0; Windows NT 5.1; Crazy Browser 1.0.5)"
109.193.171.179 - - [19/Jun/2012:18:53:59 +0200] "GET / HTTP/1.1" 200 4014 "-" "Mozilla/4.0 (compatible; MSIE 8.0; Windows NT 5.1; Trident/4.0; Mozilla/4.0 (compatible; MSIE 6.0; Windows NT 5.1; SV1) ; .NET CLR 1.1.4322; .NET CLR 3.0.04506.30; .NET CLR 3.0.04506.648; .NET CLR 3.5.21022; .NET CLR 2.0.50727; .NET CLR 3.0.4506.2152; .NET CLR 3.5.30729; OfficeLiveConnector.1.5; OfficeLivePatch.1.3; .NET4.0C; .NET4.0E)"
109.193.171.179 - - [19/Jun/2012:18:53:59 +0200] "GET /back.jpg HTTP/1.1" 404 1256 "http://www.dialyse-waldbronn.de/" "Mozilla/4.0 (compatible; MSIE 8.0; Windows NT 5.1; Trident/4.0; Mozilla/4.0 (compatible; MSIE 6.0; Windows NT 5.1; SV1) ; .NET CLR 1.1.4322; .NET CLR 3.0.04506.30; .NET CLR 3.0.04506.648; .NET CLR 3.5.21022; .NET CLR 2.0.50727; .NET CLR 3.0.4506.2152; .NET CLR 3.5.30729; OfficeLiveConnector.1.5; OfficeLivePatch.1.3; .NET4.0C; .NET4.0E)"
109.193.171.179 - - [19/Jun/2012:18:53:59 +0200] "GET /index.swf HTTP/1.1" 200 8893 "-" "contype"
109.193.171.179 - - [19/Jun/2012:18:54:00 +0200] "GET /index.swf HTTP/1.1" 200 8893 "http://www.dialyse-waldbronn.de/" "Mozilla/4.0 (compatible; MSIE 8.0; Windows NT 5.1; Trident/4.0; Mozilla/4.0 (compatible; MSIE 6.0; Windows NT 5.1; SV1) ; .NET CLR 1.1.4322; .NET CLR 3.0.04506.30; .NET CLR 3.0.04506.648; .NET CLR 3.5.21022; .NET CLR 2.0.50727; .NET CLR 3.0.4506.2152; .NET CLR 3.5.30729; OfficeLiveConnector.1.5; OfficeLivePatch.1.3; .NET4.0C; .NET4.0E)"
109.193.171.179 - - [19/Jun/2012:18:54:00 +0200] "GET /favicon.ico HTTP/1.1" 404 1256 "-" "Mozilla/4.0 (compatible; MSIE 8.0; Windows NT 5.1; Trident/4.0; Mozilla/4.0 (compatible; MSIE 6.0; Windows NT 5.1; SV1) ; .NET CLR 1.1.4322; .NET CLR 3.0.04506.30; .NET CLR 3.0.04506.648; .NET CLR 3.5.21022; .NET CLR 2.0.50727; .NET CLR 3.0.4506.2152; .NET CLR 3.5.30729; OfficeLiveConnector.1.5; OfficeLivePatch.1.3; .NET4.0C; .NET4.0E)"
109.193.171.179 - - [19/Jun/2012:18:54:19 +0200] "GET /00themen00.html HTTP/1.1" 200 2236 "http://www.dialyse-waldbronn.de/index.swf" "Mozilla/4.0 (compatible; MSIE 8.0; Windows NT 5.1; Trident/4.0; Mozilla/4.0 (compatible; MSIE 6.0; Windows NT 5.1; SV1) ; .NET CLR 1.1.4322; .NET CLR 3.0.04506.30; .NET CLR 3.0.04506.648; .NET CLR 3.5.21022; .NET CLR 2.0.50727; .NET CLR 3.0.4506.2152; .NET CLR 3.5.30729; OfficeLiveConnector.1.5; OfficeLivePatch.1.3; .NET4.0C; .NET4.0E)"
109.193.171.179 - - [19/Jun/2012:18:54:19 +0200] "GET /AC_RunActiveContent.js HTTP/1.1" 200 8029 "http://www.dialyse-waldbronn.de/index.swf" "Mozilla/4.0 (compatible; MSIE 8.0; Windows NT 5.1; Trident/4.0; Mozilla/4.0 (compatible; MSIE 6.0; Windows NT 5.1; SV1) ; .NET CLR 1.1.4322; .NET CLR 3.0.04506.30; .NET CLR 3.0.04506.648; .NET CLR 3.5.21022; .NET CLR 2.0.50727; .NET CLR 3.0.4506.2152; .NET CLR 3.5.30729; OfficeLiveConnector.1.5; OfficeLivePatch.1.3; .NET4.0C; .NET4.0E)"
109.193.171.179 - - [19/Jun/2012:18:54:19 +0200] "GET /00themen00.swf HTTP/1.1" 200 12608 "http://www.dialyse-waldbronn.de/00themen00.html" "Mozilla/4.0 (compatible; MSIE 8.0; Windows NT 5.1; Trident/4.0; Mozilla/4.0 (compatible; MSIE 6.0; Windows NT 5.1; SV1) ; .NET CLR 1.1.4322; .NET CLR 3.0.04506.30; .NET CLR 3.0.04506.648; .NET CLR 3.5.21022; .NET CLR 2.0.50727; .NET CLR 3.0.4506.2152; .NET CLR 3.5.30729; OfficeLiveConnector.1.5; OfficeLivePatch.1.3; .NET4.0C; .NET4.0E)"
109.193.171.179 - - [19/Jun/2012:18:54:20 +0200] "GET /favicon.ico HTTP/1.1" 404 1256 "-" "Mozilla/4.0 (compatible; MSIE 8.0; Windows NT 5.1; Trident/4.0; Mozilla/4.0 (compatible; MSIE 6.0; Windows NT 5.1; SV1) ; .NET CLR 1.1.4322; .NET CLR 3.0.04506.30; .NET CLR 3.0.04506.648; .NET CLR 3.5.21022; .NET CLR 2.0.50727; .NET CLR 3.0.4506.2152; .NET CLR 3.5.30729; OfficeLiveConnector.1.5; OfficeLivePatch.1.3; .NET4.0C; .NET4.0E)"
109.193.171.179 - - [19/Jun/2012:18:54:21 +0200] "GET /08.html HTTP/1.1" 200 2068 "http://www.dialyse-waldbronn.de/00themen00.swf" "Mozilla/4.0 (compatible; MSIE 8.0; Windows NT 5.1; Trident/4.0; Mozilla/4.0 (compatible; MSIE 6.0; Windows NT 5.1; SV1) ; .NET CLR 1.1.4322; .NET CLR 3.0.04506.30; .NET CLR 3.0.04506.648; .NET CLR 3.5.21022; .NET CLR 2.0.50727; .NET CLR 3.0.4506.2152; .NET CLR 3.5.30729; OfficeLiveConnector.1.5; OfficeLivePatch.1.3; .NET4.0C; .NET4.0E)"
109.193.171.179 - - [19/Jun/2012:18:54:21 +0200] "GET /08.swf HTTP/1.1" 200 22102 "http://www.dialyse-waldbronn.de/08.html" "Mozilla/4.0 (compatible; MSIE 8.0; Windows NT 5.1; Trident/4.0; Mozilla/4.0 (compatible; MSIE 6.0; Windows NT 5.1; SV1) ; .NET CLR 1.1.4322; .NET CLR 3.0.04506.30; .NET CLR 3.0.04506.648; .NET CLR 3.5.21022; .NET CLR 2.0.50727; .NET CLR 3.0.4506.2152; .NET CLR 3.5.30729; OfficeLiveConnector.1.5; OfficeLivePatch.1.3; .NET4.0C; .NET4.0E)"
178.154.179.250 - - [19/Jun/2012:19:56:41 +0200] "GET / HTTP/1.1" 200 4014 "-" "Mozilla/5.0 (compatible; YandexBot/3.0; +http://yandex.com/bots)"
83.133.125.202 - - [19/Jun/2012:22:12:07 +0200] "GET / HTTP/1.1" 200 4014 "http://www.sumaja.de/?such_wert=schwarzwald" "Mozilla/4.0 (compatible; MSIE 7.0; Windows NT 6.0; GTB6; SLCC1; .NET CLR 2.0.50727; Media Center PC 5.0; eSobiSubscriber 2.0.4.16; .NET CLR 3.5.30729; .NET CLR 3.0.30729; .NET4.0C)"
192.162.19.183 - - [19/Jun/2012:22:50:36 +0200] "GET / HTTP/1.1" 200 4014 "http://xn----btbkacabp7amc0q.xn--j1aef.xn--p1ai/" "Mozilla/5.0 (Admin Catalog; Windows NT 5.1; infobot.4942@yahoo.com)"
192.162.19.183 - - [19/Jun/2012:22:50:36 +0200] "GET / HTTP/1.1" 200 4014 "http://xn----btbkacabp7amc0q.xn--j1aef.xn--p1ai/" "Mozilla/5.0 (Admin Catalog; Windows NT 5.1; infobot.4942@yahoo.com)"
188.72.220.152 - - [20/Jun/2012:04:27:53 +0200] "GET / HTTP/1.1" 200 4014 "http://www.ckpspb.ru/" "Mozilla/4.0 (MSIE 6.0; Windows NT 5.1; Rss Catalog)"
188.72.220.152 - - [20/Jun/2012:04:27:53 +0200] "GET / HTTP/1.1" 200 4014 "http://www.ckpspb.ru/" "Mozilla/4.0 (MSIE 6.0; Windows NT 5.1; Rss Catalog)"
213.110.133.221 - - [20/Jun/2012:12:54:15 +0200] "GET / HTTP/1.1" 200 4014 "http://www.aerosys.ru/" "Mozilla/4.0 (compatible; Blog Search;)"
213.110.133.221 - - [20/Jun/2012:12:54:15 +0200] "GET / HTTP/1.1" 200 4014 "http://www.aerosys.ru/" "Mozilla/4.0 (compatible; Blog Search;)"
94.153.65.178 - - [20/Jun/2012:18:06:31 +0200] "GET / HTTP/1.1" 200 4014 "http://kituramicenter.ru/" "Mozilla/4.0 (compatible; MSIE 6.0; Windows NT 5.1; .NET CLR 1.0.3705)"
94.153.65.178 - - [20/Jun/2012:18:06:31 +0200] "GET / HTTP/1.1" 200 4014 "http://kituramicenter.ru/" "Mozilla/4.0 (compatible; MSIE 6.0; Windows NT 5.1; .NET CLR 1.0.3705)"
178.154.179.250 - - [20/Jun/2012:18:37:59 +0200] "GET /robots.txt HTTP/1.1" 404 1256 "-" "Mozilla/5.0 (compatible; YandexBot/3.0; +http://yandex.com/bots)"
178.154.179.250 - - [20/Jun/2012:23:11:07 +0200] "GET / HTTP/1.1" 200 4014 "-" "Mozilla/5.0 (compatible; YandexBot/3.0; +http://yandex.com/bots)"
178.154.179.250 - - [20/Jun/2012:23:11:12 +0200] "GET /index.swf HTTP/1.1" 200 8893 "-" "Mozilla/5.0 (compatible; YandexBot/3.0; +http://yandex.com/bots)"
176.9.146.19 - - [21/Jun/2012:09:41:52 +0200] "GET /robots.txt HTTP/1.1" 404 1256 "-" "Mozilla/5.0 (compatible; SISTRIX Crawler; http://crawler.sistrix.net/)"
176.9.146.19 - - [21/Jun/2012:09:41:52 +0200] "GET / HTTP/1.1" 200 4014 "-" "Mozilla/5.0 (compatible; SISTRIX Crawler; http://crawler.sistrix.net/)"
109.120.157.179 - - [21/Jun/2012:21:19:58 +0200] "GET / HTTP/1.1" 200 4014 "http://formica-spb.ru/" "Mozilla/5.0 (compatible; Googlebot/2.1; +http://www.google.com/bot.html)"
109.120.157.179 - - [21/Jun/2012:21:19:59 +0200] "GET / HTTP/1.1" 200 4014 "http://formica-spb.ru/" "Mozilla/5.0 (compatible; Googlebot/2.1; +http://www.google.com/bot.html)"
65.52.110.151 - - [21/Jun/2012:21:26:05 +0200] "GET /robots.txt HTTP/1.1" 404 1256 "-" "Mozilla/5.0 (compatible; bingbot/2.0; +http://www.bing.com/bingbot.htm)"
65.52.110.151 - - [21/Jun/2012:21:28:00 +0200] "GET / HTTP/1.1" 304 - "-" "Mozilla/5.0 (compatible; bingbot/2.0; +http://www.bing.com/bingbot.htm)"
65.52.111.212 - - [21/Jun/2012:21:28:02 +0200] "GET / HTTP/1.1" 200 4014 "-" "Mozilla/5.0 (Windows NT 6.1; WOW64) AppleWebKit/534+ (KHTML, like Gecko) BingPreview/1.0b"
66.249.73.3 - - [22/Jun/2012:00:55:07 +0200] "GET /robots.txt HTTP/1.1" 404 1256 "-" "Mozilla/5.0 (compatible; Googlebot/2.1; +http://www.google.com/bot.html)"
66.249.73.3 - - [22/Jun/2012:00:55:09 +0200] "GET /09.html HTTP/1.1" 200 2140 "-" "Mozilla/5.0 (iPhone; U; CPU iPhone OS 4_1 like Mac OS X; en-us) AppleWebKit/532.9 (KHTML, like Gecko) Version/4.0.5 Mobile/8B117 Safari/6531.22.7 (compatible; Googlebot-Mobile/2.1; +http://www.google.com/bot.html)"
66.249.72.36 - - [22/Jun/2012:05:50:35 +0200] "GET /robots.txt HTTP/1.1" 404 1256 "-" "Mozilla/5.0 (compatible; Googlebot/2.1; +http://www.google.com/bot.html)"
66.249.72.36 - - [22/Jun/2012:05:50:35 +0200] "GET /03.html HTTP/1.1" 200 2012 "-" "Mozilla/5.0 (compatible; Googlebot/2.1; +http://www.google.com/bot.html)"
66.249.72.36 - - [22/Jun/2012:05:54:30 +0200] "GET /03.swf HTTP/1.1" 200 79366 "-" "Mozilla/5.0 (compatible; Googlebot/2.1; +http://www.google.com/bot.html)"
192.162.19.183 - - [22/Jun/2012:10:28:33 +0200] "GET / HTTP/1.1" 200 4014 "http://oilcity-rb.ru/" "Mozilla/5.0 (Admin Catalog; Windows NT 5.1; infobot.4942@yahoo.com)"
192.162.19.183 - - [22/Jun/2012:10:28:35 +0200] "GET / HTTP/1.1" 200 4014 "http://oilcity-rb.ru/" "Mozilla/5.0 (Admin Catalog; Windows NT 5.1; infobot.4942@yahoo.com)"
66.249.72.36 - - [22/Jun/2012:10:57:24 +0200] "GET / HTTP/1.1" 200 4014 "-" "Mozilla/5.0 (iPhone; U; CPU iPhone OS 4_1 like Mac OS X; en-us) AppleWebKit/532.9 (KHTML, like Gecko) Version/4.0.5 Mobile/8B117 Safari/6531.22.7 (compatible; Googlebot-Mobile/2.1; +http://www.google.com/bot.html)"
188.72.220.152 - - [22/Jun/2012:12:45:50 +0200] "GET / HTTP/1.1" 200 4014 "http://www.aquatech-spb.ru/" "Mozilla/4.0 (MSIE 6.0; Windows NT 5.1; Rss Catalog)"
188.72.220.152 - - [22/Jun/2012:12:45:50 +0200] "GET / HTTP/1.1" 200 4014 "http://www.aquatech-spb.ru/" "Mozilla/4.0 (MSIE 6.0; Windows NT 5.1; Rss Catalog)"
65.52.108.198 - - [22/Jun/2012:19:07:30 +0200] "GET /robots.txt HTTP/1.1" 404 1256 "-" "Mozilla/5.0 (compatible; bingbot/2.0; +http://www.bing.com/bingbot.htm)"
65.52.108.198 - - [22/Jun/2012:19:08:06 +0200] "GET / HTTP/1.1" 304 - "-" "Mozilla/5.0 (compatible; bingbot/2.0; +http://www.bing.com/bingbot.htm)"
207.46.199.21 - - [22/Jun/2012:19:08:09 +0200] "GET / HTTP/1.1" 200 4014 "-" "Mozilla/5.0 (Windows NT 6.1; WOW64) AppleWebKit/534+ (KHTML, like Gecko) BingPreview/1.0b"
66.249.72.36 - - [22/Jun/2012:20:02:48 +0200] "GET /robots.txt HTTP/1.1" 404 1256 "-" "Mozilla/5.0 (compatible; Googlebot/2.1; +http://www.google.com/bot.html)"
66.249.66.227 - - [22/Jun/2012:20:02:48 +0200] "GET /index.swf HTTP/1.1" 200 8893 "-" "Mozilla/5.0 (compatible; Googlebot/2.1; +http://www.google.com/bot.html)"
178.154.179.250 - - [23/Jun/2012:06:14:27 +0200] "GET /robots.txt HTTP/1.1" 404 1256 "-" "Mozilla/5.0 (compatible; YandexBot/3.0; +http://yandex.com/bots)"
89.108.102.171 - - [23/Jun/2012:11:22:20 +0200] "GET / HTTP/1.1" 200 4014 "http://xn----7sbcdncdwdrsn6b5a.xn--p1ai/" "Mozilla/5.0 (compatible; YandexBot/3.0; +http://yandex.com/bots)"
89.108.102.171 - - [23/Jun/2012:11:22:20 +0200] "GET / HTTP/1.1" 200 4014 "http://xn----7sbcdncdwdrsn6b5a.xn--p1ai/" "Mozilla/5.0 (compatible; YandexBot/3.0; +http://yandex.com/bots)"
178.154.179.250 - - [23/Jun/2012:13:44:24 +0200] "GET / HTTP/1.1" 200 4014 "-" "Mozilla/5.0 (compatible; YandexBot/3.0; +http://yandex.com/bots)"
178.154.179.250 - - [23/Jun/2012:13:44:31 +0200] "GET /index.swf HTTP/1.1" 200 8893 "-" "Mozilla/5.0 (compatible; YandexBot/3.0; +http://yandex.com/bots)"
84.173.1.192 - - [23/Jun/2012:15:43:28 +0200] "GET / HTTP/1.1" 200 4014 "http://www.dialyse-calw.de/06.html" "Mozilla/5.0 (Windows; U; Windows NT 5.1; de; rv:1.9.2.13) Gecko/20101203 Firefox/3.6.13 ( .NET CLR 3.5.30729)"
84.173.1.192 - - [23/Jun/2012:15:43:28 +0200] "GET /back.jpg HTTP/1.1" 404 1256 "http://www.dialyse-waldbronn.de/" "Mozilla/5.0 (Windows; U; Windows NT 5.1; de; rv:1.9.2.13) Gecko/20101203 Firefox/3.6.13 ( .NET CLR 3.5.30729)"
84.173.1.192 - - [23/Jun/2012:15:43:28 +0200] "GET /index.swf HTTP/1.1" 200 8893 "http://www.dialyse-waldbronn.de/" "Mozilla/5.0 (Windows; U; Windows NT 5.1; de; rv:1.9.2.13) Gecko/20101203 Firefox/3.6.13 ( .NET CLR 3.5.30729)"
84.173.1.192 - - [23/Jun/2012:15:43:28 +0200] "GET /favicon.ico HTTP/1.1" 404 1256 "-" "Mozilla/5.0 (Windows; U; Windows NT 5.1; de; rv:1.9.2.13) Gecko/20101203 Firefox/3.6.13 ( .NET CLR 3.5.30729)"
84.173.1.192 - - [23/Jun/2012:15:43:30 +0200] "GET /00themen00.html HTTP/1.1" 200 2236 "http://www.dialyse-waldbronn.de/" "Mozilla/5.0 (Windows; U; Windows NT 5.1; de; rv:1.9.2.13) Gecko/20101203 Firefox/3.6.13 ( .NET CLR 3.5.30729)"
84.173.1.192 - - [23/Jun/2012:15:43:30 +0200] "GET /AC_RunActiveContent.js HTTP/1.1" 200 8029 "http://www.dialyse-waldbronn.de/00themen00.html" "Mozilla/5.0 (Windows; U; Windows NT 5.1; de; rv:1.9.2.13) Gecko/20101203 Firefox/3.6.13 ( .NET CLR 3.5.30729)"
84.173.1.192 - - [23/Jun/2012:15:43:30 +0200] "GET /00themen00.swf HTTP/1.1" 200 12608 "http://www.dialyse-waldbronn.de/00themen00.html" "Mozilla/5.0 (Windows; U; Windows NT 5.1; de; rv:1.9.2.13) Gecko/20101203 Firefox/3.6.13 ( .NET CLR 3.5.30729)"
84.173.1.192 - - [23/Jun/2012:15:43:31 +0200] "GET /favicon.ico HTTP/1.1" 404 1256 "-" "Mozilla/5.0 (Windows; U; Windows NT 5.1; de; rv:1.9.2.13) Gecko/20101203 Firefox/3.6.13 ( .NET CLR 3.5.30729)"
84.173.1.192 - - [23/Jun/2012:15:43:31 +0200] "GET /favicon.ico HTTP/1.1" 404 1256 "-" "Mozilla/5.0 (Windows; U; Windows NT 5.1; de; rv:1.9.2.13) Gecko/20101203 Firefox/3.6.13 ( .NET CLR 3.5.30729)"
84.173.1.192 - - [23/Jun/2012:15:43:31 +0200] "GET /favicon.ico HTTP/1.1" 404 1256 "-" "Mozilla/5.0 (Windows; U; Windows NT 5.1; de; rv:1.9.2.13) Gecko/20101203 Firefox/3.6.13 ( .NET CLR 3.5.30729)"
84.173.1.192 - - [23/Jun/2012:15:43:33 +0200] "GET /01.html HTTP/1.1" 200 1988 "http://www.dialyse-waldbronn.de/00themen00.html" "Mozilla/5.0 (Windows; U; Windows NT 5.1; de; rv:1.9.2.13) Gecko/20101203 Firefox/3.6.13 ( .NET CLR 3.5.30729)"
84.173.1.192 - - [23/Jun/2012:15:43:33 +0200] "GET /01.swf HTTP/1.1" 200 36918 "http://www.dialyse-waldbronn.de/01.html" "Mozilla/5.0 (Windows; U; Windows NT 5.1; de; rv:1.9.2.13) Gecko/20101203 Firefox/3.6.13 ( .NET CLR 3.5.30729)"
84.173.1.192 - - [23/Jun/2012:15:43:56 +0200] "GET /03.html HTTP/1.1" 200 2012 "http://www.dialyse-waldbronn.de/00themen00.html" "Mozilla/5.0 (Windows; U; Windows NT 5.1; de; rv:1.9.2.13) Gecko/20101203 Firefox/3.6.13 ( .NET CLR 3.5.30729)"
84.173.1.192 - - [23/Jun/2012:15:43:56 +0200] "GET /03.swf HTTP/1.1" 200 79366 "http://www.dialyse-waldbronn.de/03.html" "Mozilla/5.0 (Windows; U; Windows NT 5.1; de; rv:1.9.2.13) Gecko/20101203 Firefox/3.6.13 ( .NET CLR 3.5.30729)"
84.173.1.192 - - [23/Jun/2012:15:44:12 +0200] "GET /03b.html HTTP/1.1" 200 2020 "http://www.dialyse-waldbronn.de/03.html" "Mozilla/5.0 (Windows; U; Windows NT 5.1; de; rv:1.9.2.13) Gecko/20101203 Firefox/3.6.13 ( .NET CLR 3.5.30729)"
84.173.1.192 - - [23/Jun/2012:15:44:12 +0200] "GET /03b.swf HTTP/1.1" 200 198225 "http://www.dialyse-waldbronn.de/03b.html" "Mozilla/5.0 (Windows; U; Windows NT 5.1; de; rv:1.9.2.13) Gecko/20101203 Firefox/3.6.13 ( .NET CLR 3.5.30729)"
84.173.1.192 - - [23/Jun/2012:15:44:57 +0200] "GET /04.html HTTP/1.1" 200 1988 "http://www.dialyse-waldbronn.de/00themen00.html" "Mozilla/5.0 (Windows; U; Windows NT 5.1; de; rv:1.9.2.13) Gecko/20101203 Firefox/3.6.13 ( .NET CLR 3.5.30729)"
84.173.1.192 - - [23/Jun/2012:15:44:57 +0200] "GET /04.swf HTTP/1.1" 200 20526 "http://www.dialyse-waldbronn.de/04.html" "Mozilla/5.0 (Windows; U; Windows NT 5.1; de; rv:1.9.2.13) Gecko/20101203 Firefox/3.6.13 ( .NET CLR 3.5.30729)"
84.173.1.192 - - [23/Jun/2012:15:45:01 +0200] "GET /09.html HTTP/1.1" 200 2140 "http://www.dialyse-waldbronn.de/00themen00.html" "Mozilla/5.0 (Windows; U; Windows NT 5.1; de; rv:1.9.2.13) Gecko/20101203 Firefox/3.6.13 ( .NET CLR 3.5.30729)"
84.173.1.192 - - [23/Jun/2012:15:45:02 +0200] "GET /09.swf HTTP/1.1" 200 23193 "http://www.dialyse-waldbronn.de/09.html" "Mozilla/5.0 (Windows; U; Windows NT 5.1; de; rv:1.9.2.13) Gecko/20101203 Firefox/3.6.13 ( .NET CLR 3.5.30729)"
193.106.136.40 - - [23/Jun/2012:19:13:19 +0200] "GET / HTTP/1.1" 200 4014 "http://cs-wh.ru/" "Mozilla/4.0 (compatible; MSIE 6.0; Windows NT 5.1; SV1)"
193.106.136.40 - - [23/Jun/2012:19:13:20 +0200] "GET / HTTP/1.1" 200 4014 "http://cs-wh.ru/" "Mozilla/4.0 (compatible; MSIE 6.0; Windows NT 5.1; SV1)"
89.204.138.252 - - [23/Jun/2012:22:10:18 +0200] "GET / HTTP/1.1" 200 4014 "http://www.google.de/url?sa=t&rct=j&q=nierenarzt+waldbronn&source=web&cd=1&ved=0CFgQFjAA&url=http%3A%2F%2Fwww.dialyse-waldbronn.de%2F&ei=LiLmT4CbKMX_4QTLuP2gAQ&usg=AFQjCNHEX_ZQroPS8hwDzjOxqVHmV6iDWw" "Mozilla/5.0 (compatible; MSIE 9.0; Windows NT 6.1; Trident/5.0; tb-webde/1.7.0)"
89.204.138.252 - - [23/Jun/2012:22:10:19 +0200] "GET /back.jpg HTTP/1.1" 404 1256 "http://www.dialyse-waldbronn.de/" "Mozilla/5.0 (compatible; MSIE 9.0; Windows NT 6.1; Trident/5.0; tb-webde/1.7.0)"
89.204.138.252 - - [23/Jun/2012:22:10:19 +0200] "HEAD /index.swf HTTP/1.1" 200 - "-" "contype"
89.204.138.252 - - [23/Jun/2012:22:10:20 +0200] "GET /index.swf HTTP/1.1" 200 8893 "http://www.dialyse-waldbronn.de/" "Mozilla/5.0 (compatible; MSIE 9.0; Windows NT 6.1; Trident/5.0; tb-webde/1.7.0)"
89.204.138.252 - - [23/Jun/2012:22:10:26 +0200] "GET /00themen00.html HTTP/1.1" 200 2236 "http://www.dialyse-waldbronn.de/index.swf" "Mozilla/5.0 (compatible; MSIE 9.0; Windows NT 6.1; Trident/5.0; tb-webde/1.7.0)"
89.204.138.252 - - [23/Jun/2012:22:10:26 +0200] "GET /AC_RunActiveContent.js HTTP/1.1" 200 8029 "http://www.dialyse-waldbronn.de/index.swf" "Mozilla/5.0 (compatible; MSIE 9.0; Windows NT 6.1; Trident/5.0; tb-webde/1.7.0)"
89.204.138.252 - - [23/Jun/2012:22:10:26 +0200] "GET /AC_RunActiveContent.js HTTP/1.1" 200 8029 "http://www.dialyse-waldbronn.de/00themen00.html" "Mozilla/5.0 (compatible; MSIE 9.0; Windows NT 6.1; Trident/5.0; tb-webde/1.7.0)"
89.204.138.252 - - [23/Jun/2012:22:10:26 +0200] "GET /00themen00.swf HTTP/1.1" 200 12608 "http://www.dialyse-waldbronn.de/00themen00.html" "Mozilla/5.0 (compatible; MSIE 9.0; Windows NT 6.1; Trident/5.0; tb-webde/1.7.0)"
89.204.138.252 - - [23/Jun/2012:22:10:29 +0200] "GET /01.html HTTP/1.1" 200 1988 "http://www.dialyse-waldbronn.de/00themen00.swf" "Mozilla/5.0 (compatible; MSIE 9.0; Windows NT 6.1; Trident/5.0; tb-webde/1.7.0)"
89.204.138.252 - - [23/Jun/2012:22:10:29 +0200] "GET /01.swf HTTP/1.1" 200 36918 "http://www.dialyse-waldbronn.de/01.html" "Mozilla/5.0 (compatible; MSIE 9.0; Windows NT 6.1; Trident/5.0; tb-webde/1.7.0)"
89.204.138.252 - - [23/Jun/2012:22:10:48 +0200] "GET /08.html HTTP/1.1" 200 2068 "http://www.dialyse-waldbronn.de/00themen00.swf" "Mozilla/5.0 (compatible; MSIE 9.0; Windows NT 6.1; Trident/5.0; tb-webde/1.7.0)"
89.204.138.252 - - [23/Jun/2012:22:10:49 +0200] "GET /08.swf HTTP/1.1" 200 22102 "http://www.dialyse-waldbronn.de/08.html" "Mozilla/5.0 (compatible; MSIE 9.0; Windows NT 6.1; Trident/5.0; tb-webde/1.7.0)"
89.204.138.252 - - [23/Jun/2012:22:11:05 +0200] "GET /04waldbronn.html HTTP/1.1" 200 2092 "http://www.dialyse-waldbronn.de/08.swf" "Mozilla/5.0 (compatible; MSIE 9.0; Windows NT 6.1; Trident/5.0; tb-webde/1.7.0)"
89.204.138.252 - - [23/Jun/2012:22:11:05 +0200] "GET /04waldbronn.swf HTTP/1.1" 200 20798 "http://www.dialyse-waldbronn.de/04waldbronn.html" "Mozilla/5.0 (compatible; MSIE 9.0; Windows NT 6.1; Trident/5.0; tb-webde/1.7.0)"
89.204.138.252 - - [23/Jun/2012:22:11:21 +0200] "GET /02.html HTTP/1.1" 200 1988 "http://www.dialyse-waldbronn.de/00themen00.swf" "Mozilla/5.0 (compatible; MSIE 9.0; Windows NT 6.1; Trident/5.0; tb-webde/1.7.0)"
89.204.138.252 - - [23/Jun/2012:22:11:22 +0200] "GET /02.swf HTTP/1.1" 200 19509 "http://www.dialyse-waldbronn.de/02.html" "Mozilla/5.0 (compatible; MSIE 9.0; Windows NT 6.1; Trident/5.0; tb-webde/1.7.0)"
89.204.138.252 - - [23/Jun/2012:22:12:16 +0200] "GET /03.html HTTP/1.1" 200 2012 "http://www.dialyse-waldbronn.de/00themen00.swf" "Mozilla/5.0 (compatible; MSIE 9.0; Windows NT 6.1; Trident/5.0; tb-webde/1.7.0)"
89.204.138.252 - - [23/Jun/2012:22:12:17 +0200] "GET /03.swf HTTP/1.1" 200 79366 "http://www.dialyse-waldbronn.de/03.html" "Mozilla/5.0 (compatible; MSIE 9.0; Windows NT 6.1; Trident/5.0; tb-webde/1.7.0)"
89.204.138.252 - - [23/Jun/2012:22:12:46 +0200] "GET /03b.html HTTP/1.1" 200 2020 "http://www.dialyse-waldbronn.de/03.swf" "Mozilla/5.0 (compatible; MSIE 9.0; Windows NT 6.1; Trident/5.0; tb-webde/1.7.0)"
89.204.138.252 - - [23/Jun/2012:22:12:47 +0200] "GET /03b.swf HTTP/1.1" 200 198225 "http://www.dialyse-waldbronn.de/03b.html" "Mozilla/5.0 (compatible; MSIE 9.0; Windows NT 6.1; Trident/5.0; tb-webde/1.7.0)"
89.204.138.252 - - [23/Jun/2012:22:13:32 +0200] "GET /index.html HTTP/1.1" 200 4014 "http://www.dialyse-waldbronn.de/04waldbronn.swf" "Mozilla/5.0 (compatible; MSIE 9.0; Windows NT 6.1; Trident/5.0; tb-webde/1.7.0)"
89.204.138.252 - - [23/Jun/2012:22:13:45 +0200] "GET /07.html HTTP/1.1" 200 2372 "http://www.dialyse-waldbronn.de/00themen00.swf" "Mozilla/5.0 (compatible; MSIE 9.0; Windows NT 6.1; Trident/5.0; tb-webde/1.7.0)"
89.204.138.252 - - [23/Jun/2012:22:13:45 +0200] "GET /07.swf HTTP/1.1" 200 22237 "http://www.dialyse-waldbronn.de/07.html" "Mozilla/5.0 (compatible; MSIE 9.0; Windows NT 6.1; Trident/5.0; tb-webde/1.7.0)"
65.52.108.198 - - [23/Jun/2012:22:36:42 +0200] "GET /robots.txt HTTP/1.1" 404 1256 "-" "Mozilla/5.0 (compatible; bingbot/2.0; +http://www.bing.com/bingbot.htm)"
65.52.108.198 - - [23/Jun/2012:22:37:44 +0200] "GET / HTTP/1.1" 304 - "-" "Mozilla/5.0 (compatible; bingbot/2.0; +http://www.bing.com/bingbot.htm)"
157.56.229.138 - - [23/Jun/2012:22:39:16 +0200] "GET / HTTP/1.1" 200 4014 "-" "Mozilla/5.0 (Windows NT 6.1; WOW64) AppleWebKit/534+ (KHTML, like Gecko) BingPreview/1.0b"
94.153.65.178 - - [24/Jun/2012:04:45:57 +0200] "GET / HTTP/1.1" 200 4014 "http://mazzay.by/" "Mozilla/4.7 (compatible; OffByOne; Windows 2000) Webster Pro V3.4"
94.153.65.178 - - [24/Jun/2012:04:45:59 +0200] "GET / HTTP/1.1" 200 4014 "http://mazzay.by/" "Mozilla/4.7 (compatible; OffByOne; Windows 2000) Webster Pro V3.4"
213.110.133.221 - - [24/Jun/2012:06:36:45 +0200] "GET / HTTP/1.1" 200 4014 "http://cosmetize.ru/" "Mozilla/4.0 (compatible; Blog Search;)"
213.110.133.221 - - [24/Jun/2012:06:36:46 +0200] "GET / HTTP/1.1" 200 4014 "http://cosmetize.ru/" "Mozilla/4.0 (compatible; Blog Search;)"
188.72.220.152 - - [24/Jun/2012:19:31:51 +0200] "GET / HTTP/1.1" 200 4014 "http://www.aquatech-spb.ru/" "Mozilla/4.0 (MSIE 6.0; Windows NT 5.1; Rss Catalog)"
188.72.220.152 - - [24/Jun/2012:19:31:51 +0200] "GET / HTTP/1.1" 200 4014 "http://www.aquatech-spb.ru/" "Mozilla/4.0 (MSIE 6.0; Windows NT 5.1; Rss Catalog)"
85.25.140.166 - - [24/Jun/2012:21:54:38 +0200] "GET / HTTP/1.1" 200 4014 "http://akpharma.net/" "Mozilla/5.0 (compatible; news bot /2.1)"
85.25.140.166 - - [24/Jun/2012:21:54:38 +0200] "GET / HTTP/1.1" 200 4014 "http://akpharma.net/" "Mozilla/5.0 (compatible; news bot /2.1)"
89.204.139.100 - - [24/Jun/2012:22:26:57 +0200] "GET /back.jpg HTTP/1.1" 404 1256 "http://www.dialyse-waldbronn.de/" "Mozilla/5.0 (compatible; MSIE 9.0; Windows NT 6.1; Trident/5.0; tb-webde/1.7.0)"
89.204.139.100 - - [24/Jun/2012:22:26:57 +0200] "HEAD /index.swf HTTP/1.1" 200 - "-" "contype"
89.204.139.100 - - [24/Jun/2012:22:26:57 +0200] "GET /index.swf HTTP/1.1" 200 8893 "http://www.dialyse-waldbronn.de/" "Mozilla/5.0 (compatible; MSIE 9.0; Windows NT 6.1; Trident/5.0; tb-webde/1.7.0)"
89.204.139.100 - - [24/Jun/2012:22:27:05 +0200] "GET /00themen00.swf HTTP/1.1" 200 12608 "http://www.dialyse-waldbronn.de/00themen00.html" "Mozilla/5.0 (compatible; MSIE 9.0; Windows NT 6.1; Trident/5.0; tb-webde/1.7.0)"
89.204.139.100 - - [24/Jun/2012:22:27:05 +0200] "GET /favicon.ico HTTP/1.1" 404 1256 "-" "Mozilla/5.0 (compatible; MSIE 9.0; Windows NT 6.1; Trident/5.0; tb-webde/1.7.0)"
89.204.139.100 - - [24/Jun/2012:22:27:08 +0200] "GET /02.swf HTTP/1.1" 200 19509 "http://www.dialyse-waldbronn.de/02.html" "Mozilla/5.0 (compatible; MSIE 9.0; Windows NT 6.1; Trident/5.0; tb-webde/1.7.0)"
89.204.139.100 - - [24/Jun/2012:22:27:10 +0200] "GET /favicon.ico HTTP/1.1" 404 1256 "-" "Mozilla/5.0 (compatible; MSIE 9.0; Windows NT 6.1; Trident/5.0; tb-webde/1.7.0)"
109.120.157.179 - - [24/Jun/2012:23:31:22 +0200] "GET / HTTP/1.1" 200 4014 "http://pumainthailand.com/" "Mozilla/5.0 (compatible; Googlebot/2.1; +http://www.google.com/bot.html)"
109.120.157.179 - - [24/Jun/2012:23:31:22 +0200] "GET / HTTP/1.1" 200 4014 "http://pumainthailand.com/" "Mozilla/5.0 (compatible; Googlebot/2.1; +http://www.google.com/bot.html)"
79.220.218.176 - - [25/Jun/2012:08:27:52 +0200] "GET / HTTP/1.1" 200 4014 "http://www.google.de/url?sa=t&rct=j&q=dialyse%20waldbronn&source=web&cd=1&sqi=2&ved=0CGwQFjAA&url=http%3A%2F%2Fwww.dialyse-waldbronn.de%2F&ei=dQToT-fGHI3RsgbS66ypAQ&usg=AFQjCNHEX_ZQroPS8hwDzjOxqVHmV6iDWw" "Mozilla/5.0 (iPad; CPU OS 5_1_1 like Mac OS X) AppleWebKit/534.46 (KHTML, like Gecko) Version/5.1 Mobile/9B206 Safari/7534.48.3"
79.220.218.176 - - [25/Jun/2012:08:27:52 +0200] "GET /back.jpg HTTP/1.1" 404 1256 "http://www.dialyse-waldbronn.de/" "Mozilla/5.0 (iPad; CPU OS 5_1_1 like Mac OS X) AppleWebKit/534.46 (KHTML, like Gecko) Version/5.1 Mobile/9B206 Safari/7534.48.3"
79.220.218.176 - - [25/Jun/2012:08:29:10 +0200] "GET /03.html HTTP/1.1" 200 2012 "http://www.google.de/url?sa=t&rct=j&q=dialyse%20waldbronn%20anja%20menzinger&source=web&cd=1&ved=0CGYQFjAA&url=http%3A%2F%2Fwww.dialyse-waldbronn.de%2F03.html&ei=xAToT4WAPcrxsgav1Ky8AQ&usg=AFQjCNFQwcVMMbLcXV6pNWv1BpzXom4g7g" "Mozilla/5.0 (iPad; CPU OS 5_1_1 like Mac OS X) AppleWebKit/534.46 (KHTML, like Gecko) Version/5.1 Mobile/9B206 Safari/7534.48.3"
79.220.218.176 - - [25/Jun/2012:08:29:10 +0200] "GET /AC_RunActiveContent.js HTTP/1.1" 200 8029 "http://www.dialyse-waldbronn.de/03.html" "Mozilla/5.0 (iPad; CPU OS 5_1_1 like Mac OS X) AppleWebKit/534.46 (KHTML, like Gecko) Version/5.1 Mobile/9B206 Safari/7534.48.3"
89.204.130.70 - - [25/Jun/2012:09:00:28 +0200] "GET / HTTP/1.1" 304 - "http://www.google.de/url?sa=t&rct=j&q=nephrologe+waldbronn&source=web&cd=1&ved=0CFgQFjAA&url=http%3A%2F%2Fwww.dialyse-waldbronn.de%2F&ei=GgzoT9-nNZDN4QS3mqiQAQ&usg=AFQjCNHEX_ZQroPS8hwDzjOxqVHmV6iDWw" "Mozilla/5.0 (compatible; MSIE 9.0; Windows NT 6.1; Trident/5.0; tb-webde/1.7.0)"
89.204.130.70 - - [25/Jun/2012:09:00:28 +0200] "GET /back.jpg HTTP/1.1" 404 1256 "http://www.dialyse-waldbronn.de/" "Mozilla/5.0 (compatible; MSIE 9.0; Windows NT 6.1; Trident/5.0; tb-webde/1.7.0)"
89.204.130.70 - - [25/Jun/2012:09:00:29 +0200] "HEAD /index.swf HTTP/1.1" 200 - "-" "contype"
89.204.130.70 - - [25/Jun/2012:09:00:36 +0200] "GET /00themen00.html HTTP/1.1" 304 - "http://www.dialyse-waldbronn.de/index.swf" "Mozilla/5.0 (compatible; MSIE 9.0; Windows NT 6.1; Trident/5.0; tb-webde/1.7.0)"
89.204.130.70 - - [25/Jun/2012:09:00:36 +0200] "GET /AC_RunActiveContent.js HTTP/1.1" 304 - "http://www.dialyse-waldbronn.de/00themen00.html" "Mozilla/5.0 (compatible; MSIE 9.0; Windows NT 6.1; Trident/5.0; tb-webde/1.7.0)"
89.204.130.70 - - [25/Jun/2012:09:00:41 +0200] "GET /08.html HTTP/1.1" 304 - "http://www.dialyse-waldbronn.de/00themen00.swf" "Mozilla/5.0 (compatible; MSIE 9.0; Windows NT 6.1; Trident/5.0; tb-webde/1.7.0)"
89.204.130.70 - - [25/Jun/2012:09:00:42 +0200] "GET /08.swf HTTP/1.1" 200 22102 "http://www.dialyse-waldbronn.de/08.html" "Mozilla/5.0 (compatible; MSIE 9.0; Windows NT 6.1; Trident/5.0; tb-webde/1.7.0)"
89.204.130.70 - - [25/Jun/2012:09:00:49 +0200] "GET /02.html HTTP/1.1" 304 - "http://www.dialyse-waldbronn.de/00themen00.swf" "Mozilla/5.0 (compatible; MSIE 9.0; Windows NT 6.1; Trident/5.0; tb-webde/1.7.0)"
89.204.130.70 - - [25/Jun/2012:09:01:57 +0200] "GET /01.html HTTP/1.1" 304 - "http://www.dialyse-waldbronn.de/00themen00.swf" "Mozilla/5.0 (compatible; MSIE 9.0; Windows NT 6.1; Trident/5.0; tb-webde/1.7.0)"
89.204.130.70 - - [25/Jun/2012:09:01:58 +0200] "GET /01.swf HTTP/1.1" 200 36918 "http://www.dialyse-waldbronn.de/01.html" "Mozilla/5.0 (compatible; MSIE 9.0; Windows NT 6.1; Trident/5.0; tb-webde/1.7.0)"
