141.8.147.12 - - [01/Apr/2013:12:04:21 +0200] "GET /robots.txt HTTP/1.1" 200 918 "-" "Mozilla/5.0 (compatible; YandexBot/3.0; +http://yandex.com/bots)"
141.8.147.12 - - [01/Apr/2013:12:04:23 +0200] "GET / HTTP/1.1" 302 - "-" "Mozilla/5.0 (compatible; YandexBot/3.0; MirrorDetector; +http://yandex.com/bots)"
157.55.35.93 - - [02/Apr/2013:16:45:37 +0200] "GET /robots.txt HTTP/1.1" 200 918 "-" "Mozilla/5.0 (compatible; bingbot/2.0; +http://www.bing.com/bingbot.htm)"
157.55.35.93 - - [02/Apr/2013:16:54:08 +0200] "GET / HTTP/1.1" 302 - "-" "Mozilla/5.0 (compatible; bingbot/2.0; +http://www.bing.com/bingbot.htm)"
141.8.147.12 - - [02/Apr/2013:18:51:04 +0200] "GET /robots.txt HTTP/1.1" 200 918 "-" "Mozilla/5.0 (compatible; YandexBot/3.0; +http://yandex.com/bots)"
141.8.147.12 - - [02/Apr/2013:18:51:07 +0200] "GET / HTTP/1.1" 302 - "-" "Mozilla/5.0 (compatible; YandexBot/3.0; MirrorDetector; +http://yandex.com/bots)"
66.249.76.136 - - [02/Apr/2013:23:32:52 +0200] "GET /robots.txt HTTP/1.1" 200 918 "-" "Mozilla/5.0 (compatible; Googlebot/2.1; +http://www.google.com/bot.html)"
66.249.76.136 - - [02/Apr/2013:23:32:52 +0200] "GET / HTTP/1.1" 302 - "-" "Mozilla/5.0 (compatible; Googlebot/2.1; +http://www.google.com/bot.html)"
141.8.147.12 - - [03/Apr/2013:22:28:30 +0200] "GET /robots.txt HTTP/1.1" 200 918 "-" "Mozilla/5.0 (compatible; YandexBot/3.0; +http://yandex.com/bots)"
141.8.147.12 - - [03/Apr/2013:22:28:35 +0200] "GET / HTTP/1.1" 302 - "-" "Mozilla/5.0 (compatible; YandexBot/3.0; MirrorDetector; +http://yandex.com/bots)"
141.8.147.12 - - [04/Apr/2013:13:43:38 +0200] "GET /robots.txt HTTP/1.1" 200 918 "-" "Mozilla/5.0 (compatible; YandexBot/3.0; +http://yandex.com/bots)"
141.8.147.12 - - [04/Apr/2013:13:43:40 +0200] "GET / HTTP/1.1" 302 - "-" "Mozilla/5.0 (compatible; YandexBot/3.0; MirrorDetector; +http://yandex.com/bots)"
66.249.76.136 - - [05/Apr/2013:04:52:39 +0200] "GET /robots.txt HTTP/1.1" 200 918 "-" "Mozilla/5.0 (compatible; Googlebot/2.1; +http://www.google.com/bot.html)"
66.249.76.136 - - [05/Apr/2013:04:52:39 +0200] "GET / HTTP/1.1" 302 - "-" "Mozilla/5.0 (compatible; Googlebot/2.1; +http://www.google.com/bot.html)"
141.8.147.12 - - [05/Apr/2013:07:20:40 +0200] "GET /robots.txt HTTP/1.1" 200 918 "-" "Mozilla/5.0 (compatible; YandexBot/3.0; +http://yandex.com/bots)"
141.8.147.12 - - [05/Apr/2013:07:20:42 +0200] "GET / HTTP/1.1" 302 - "-" "Mozilla/5.0 (compatible; YandexBot/3.0; MirrorDetector; +http://yandex.com/bots)"
67.217.35.38 - - [05/Apr/2013:08:41:58 +0200] "GET / HTTP/1.1" 302 - "-" "Mozilla/5.0 (X11; U; Linux x86_64; en-US) AppleWebKit/533.3 (KHTML, like Gecko) Qt/4.7.4 Safari/533.3"
141.8.147.12 - - [06/Apr/2013:17:26:20 +0200] "GET /robots.txt HTTP/1.1" 200 918 "-" "Mozilla/5.0 (compatible; YandexBot/3.0; +http://yandex.com/bots)"
141.8.147.12 - - [06/Apr/2013:17:26:22 +0200] "GET / HTTP/1.1" 302 - "-" "Mozilla/5.0 (compatible; YandexBot/3.0; MirrorDetector; +http://yandex.com/bots)"
64.246.165.200 - - [07/Apr/2013:23:31:51 +0200] "GET /robots.txt HTTP/1.0" 200 918 "-" "Mozilla/5.0 (Windows; U; Windows NT 5.1; en; rv:1.9.0.13) Gecko/2009073022 Firefox/3.5.2 (.NET CLR 3.5.30729) SurveyBot/2.3 (DomainTools)"
64.246.165.200 - - [07/Apr/2013:23:31:51 +0200] "GET / HTTP/1.1" 302 - "http://whois.domaintools.com/markenoele.com" "Mozilla/5.0 (Windows; U; Windows NT 5.1; en; rv:1.9.0.13) Gecko/2009073022 Firefox/3.5.2 (.NET CLR 3.5.30729) SurveyBot/2.3 (DomainTools)"
141.8.147.12 - - [08/Apr/2013:22:30:28 +0200] "GET /robots.txt HTTP/1.1" 200 918 "-" "Mozilla/5.0 (compatible; YandexBot/3.0; +http://yandex.com/bots)"
141.8.147.12 - - [08/Apr/2013:22:30:30 +0200] "GET / HTTP/1.1" 302 - "-" "Mozilla/5.0 (compatible; YandexBot/3.0; MirrorDetector; +http://yandex.com/bots)"
188.165.230.147 - - [09/Apr/2013:13:30:51 +0200] "GET /robots.txt HTTP/1.1" 200 918 "http://www.finddotcom.com/" "Mozilla/4.0 (compatible; MSIE 7.0; Windows NT 5.1; Mozilla/4.0 (compatible; MSIE 6.0; Windows NT 5.1; SV1) ; .NET CLR 2.0.50727; .NET CLR 3.0.4506.2152; .NET CLR 3.5.30729)"
188.165.230.147 - - [09/Apr/2013:13:30:51 +0200] "GET / HTTP/1.1" 302 - "http://www.finddotcom.com/" "Mozilla/4.0 (compatible; MSIE 7.0; Windows NT 5.1; Mozilla/4.0 (compatible; MSIE 6.0; Windows NT 5.1; SV1) ; .NET CLR 2.0.50727; .NET CLR 3.0.4506.2152; .NET CLR 3.5.30729)"
50.16.112.254 - - [10/Apr/2013:11:53:32 +0200] "GET / HTTP/1.0" 302 - "-" "Mozilla/5.0 (compatible; NetcraftSurveyAgent/1.0; +info@netcraft.com)"
141.8.147.12 - - [10/Apr/2013:21:47:08 +0200] "GET /robots.txt HTTP/1.1" 200 918 "-" "Mozilla/5.0 (compatible; YandexBot/3.0; +http://yandex.com/bots)"
141.8.147.12 - - [10/Apr/2013:21:47:10 +0200] "GET / HTTP/1.1" 302 - "-" "Mozilla/5.0 (compatible; YandexBot/3.0; +http://yandex.com/bots)"
69.58.178.58 - - [12/Apr/2013:10:13:37 +0200] "GET /robots.txt HTTP/1.1" 200 918 "-" "BlackBerry9000/4.6.0.167 Profile/MIDP-2.0 Configuration/CLDC-1.1 VendorID/102 ips-agent"
69.58.178.58 - - [12/Apr/2013:10:13:39 +0200] "GET / HTTP/1.1" 302 - "-" "Mozilla/5.0 (X11; Ubuntu; Linux i686; rv:14.0; ips-agent) Gecko/20100101 Firefox/14.0.1"
69.58.178.58 - - [12/Apr/2013:10:13:40 +0200] "GET / HTTP/1.1" 302 - "-" "BlackBerry9000/4.6.0.167 Profile/MIDP-2.0 Configuration/CLDC-1.1 VendorID/102 ips-agent"
208.77.221.210 - - [12/Apr/2013:13:31:25 +0200] "GET / HTTP/1.0" 302 - "-" "CatchBot/5.0; +http://www.catchbot.com"
141.8.147.12 - - [12/Apr/2013:15:51:16 +0200] "GET /robots.txt HTTP/1.1" 200 918 "-" "Mozilla/5.0 (compatible; YandexBot/3.0; +http://yandex.com/bots)"
141.8.147.12 - - [12/Apr/2013:15:51:18 +0200] "GET / HTTP/1.1" 302 - "-" "Mozilla/5.0 (compatible; YandexBot/3.0; +http://yandex.com/bots)"
66.249.75.136 - - [12/Apr/2013:20:25:45 +0200] "GET /robots.txt HTTP/1.1" 200 918 "-" "Mozilla/5.0 (compatible; Googlebot/2.1; +http://www.google.com/bot.html)"
66.249.75.136 - - [12/Apr/2013:20:25:46 +0200] "GET / HTTP/1.1" 302 - "-" "Mozilla/5.0 (compatible; Googlebot/2.1; +http://www.google.com/bot.html)"
38.100.21.65 - - [13/Apr/2013:15:39:31 +0200] "GET / HTTP/1.1" 302 - "-" "Mozilla/4.0 (compatible; MSIE 7.0; Windows NT 5.2)"
141.8.147.12 - - [13/Apr/2013:17:43:03 +0200] "GET /robots.txt HTTP/1.1" 200 918 "-" "Mozilla/5.0 (compatible; YandexBot/3.0; +http://yandex.com/bots)"
141.8.147.12 - - [13/Apr/2013:17:43:06 +0200] "GET /angebote-des-monats/ HTTP/1.1" 302 - "-" "Mozilla/5.0 (compatible; YandexBot/3.0; +http://yandex.com/bots)"
141.8.147.12 - - [13/Apr/2013:17:43:09 +0200] "GET /agb/ HTTP/1.1" 302 - "-" "Mozilla/5.0 (compatible; YandexBot/3.0; +http://yandex.com/bots)"
141.8.147.12 - - [13/Apr/2013:17:43:11 +0200] "GET /motul-zusatzstoffe.html HTTP/1.1" 302 - "-" "Mozilla/5.0 (compatible; YandexBot/3.0; +http://yandex.com/bots)"
141.8.147.12 - - [13/Apr/2013:17:43:14 +0200] "GET /altoelentsorgung/ HTTP/1.1" 302 - "-" "Mozilla/5.0 (compatible; YandexBot/3.0; +http://yandex.com/bots)"
141.8.147.12 - - [13/Apr/2013:17:43:16 +0200] "GET /datenschutz/ HTTP/1.1" 302 - "-" "Mozilla/5.0 (compatible; YandexBot/3.0; +http://yandex.com/bots)"
141.8.147.12 - - [13/Apr/2013:17:43:19 +0200] "GET /widerruf/ HTTP/1.1" 302 - "-" "Mozilla/5.0 (compatible; YandexBot/3.0; +http://yandex.com/bots)"
141.8.147.12 - - [13/Apr/2013:17:43:21 +0200] "GET /motul_pflegeberater HTTP/1.1" 302 - "-" "Mozilla/5.0 (compatible; YandexBot/3.0; +http://yandex.com/bots)"
141.8.147.12 - - [13/Apr/2013:17:43:24 +0200] "GET /esso-diesel.html HTTP/1.1" 302 - "-" "Mozilla/5.0 (compatible; YandexBot/3.0; +http://yandex.com/bots)"
141.8.147.12 - - [13/Apr/2013:17:43:27 +0200] "GET /motul-fanshop-artikel.html HTTP/1.1" 302 - "-" "Mozilla/5.0 (compatible; YandexBot/3.0; +http://yandex.com/bots)"
141.8.147.12 - - [13/Apr/2013:17:43:30 +0200] "GET /motul-schmierstoffe.html HTTP/1.1" 302 - "-" "Mozilla/5.0 (compatible; YandexBot/3.0; +http://yandex.com/bots)"
141.8.147.12 - - [13/Apr/2013:17:43:32 +0200] "GET /esso-heizoel.html HTTP/1.1" 302 - "-" "Mozilla/5.0 (compatible; YandexBot/3.0; +http://yandex.com/bots)"
141.8.147.12 - - [13/Apr/2013:17:43:35 +0200] "GET /contacts/ HTTP/1.1" 302 - "-" "Mozilla/5.0 (compatible; YandexBot/3.0; +http://yandex.com/bots)"
141.8.147.12 - - [14/Apr/2013:15:19:56 +0200] "GET /robots.txt HTTP/1.1" 200 918 "-" "Mozilla/5.0 (compatible; YandexBot/3.0; +http://yandex.com/bots)"
141.8.147.12 - - [14/Apr/2013:15:19:58 +0200] "GET / HTTP/1.1" 302 - "-" "Mozilla/5.0 (compatible; YandexBot/3.0; +http://yandex.com/bots)"
96.227.124.37 - - [15/Apr/2013:10:54:28 +0200] "GET / HTTP/1.1" 302 - "-" "Mozilla/4.0 (compatible; MSIE 6.0; Windows NT 5.1; SV1; .NET CLR 1.1.4322)"
96.227.124.37 - - [15/Apr/2013:10:54:28 +0200] "GET / HTTP/1.1" 302 - "-" "Mozilla/4.0 (compatible; MSIE 6.0; Windows NT 5.1; SV1; .NET CLR 1.1.4322)"
178.33.178.15 - - [16/Apr/2013:09:50:31 +0200] "GET / HTTP/1.1" 302 - "-" "Mozilla/5.0 (compatible; MSIE 9.0; Windows NT 6.1; Win64; x64; Trident/5.0; .NET CLR 3.5.30729; .NET CLR 3.0.30729; .NET CLR 2.0.50727; Media Center PC 6.0)"
141.8.147.12 - - [18/Apr/2013:15:22:51 +0200] "GET /robots.txt HTTP/1.1" 200 918 "-" "Mozilla/5.0 (compatible; YandexBot/3.0; +http://yandex.com/bots)"
141.8.147.12 - - [18/Apr/2013:15:22:53 +0200] "GET / HTTP/1.1" 302 - "-" "Mozilla/5.0 (compatible; YandexBot/3.0; +http://yandex.com/bots)"
208.77.221.210 - - [19/Apr/2013:04:36:44 +0200] "GET / HTTP/1.0" 302 - "-" "CatchBot/5.0; +http://www.catchbot.com"
216.145.11.94 - - [19/Apr/2013:08:30:57 +0200] "GET /robots.txt HTTP/1.0" 200 918 "-" "Mozilla/5.0 (Windows; U; Windows NT 5.1; en; rv:1.9.0.13) Gecko/2009073022 Firefox/3.5.2 (.NET CLR 3.5.30729) SurveyBot/2.3 (DomainTools)"
216.145.11.94 - - [19/Apr/2013:08:30:58 +0200] "GET / HTTP/1.1" 302 - "http://whois.domaintools.com/markenoele.com" "Mozilla/5.0 (Windows; U; Windows NT 5.1; en; rv:1.9.0.13) Gecko/2009073022 Firefox/3.5.2 (.NET CLR 3.5.30729) SurveyBot/2.3 (DomainTools)"
176.74.128.59 - - [19/Apr/2013:10:55:08 +0200] "GET / HTTP/1.1" 302 - "-" "\"Mozilla/5.0 (compatible; MSIE 9.0; Windows NT 6.1; WOW64; Trident/5.0)\""
199.48.147.36 - - [19/Apr/2013:16:14:03 +0200] "GET / HTTP/1.0" 302 - "http://www.sitedossier.com/site/www.markenoele.com" "-"
157.55.35.93 - - [20/Apr/2013:00:03:11 +0200] "GET /robots.txt HTTP/1.1" 200 918 "-" "Mozilla/5.0 (compatible; bingbot/2.0; +http://www.bing.com/bingbot.htm)"
157.55.35.93 - - [20/Apr/2013:00:05:19 +0200] "GET / HTTP/1.1" 302 - "-" "Mozilla/5.0 (compatible; bingbot/2.0; +http://www.bing.com/bingbot.htm)"
141.8.147.12 - - [20/Apr/2013:04:13:52 +0200] "GET /robots.txt HTTP/1.1" 200 918 "-" "Mozilla/5.0 (compatible; YandexBot/3.0; +http://yandex.com/bots)"
141.8.147.12 - - [20/Apr/2013:04:13:54 +0200] "GET /esso-diesel.html HTTP/1.1" 302 - "-" "Mozilla/5.0 (compatible; YandexBot/3.0; +http://yandex.com/bots)"
141.8.147.12 - - [20/Apr/2013:04:13:56 +0200] "GET /motul-fanshop-artikel.html HTTP/1.1" 302 - "-" "Mozilla/5.0 (compatible; YandexBot/3.0; +http://yandex.com/bots)"
141.8.147.12 - - [20/Apr/2013:04:13:58 +0200] "GET /motul_pflegeberater HTTP/1.1" 302 - "-" "Mozilla/5.0 (compatible; YandexBot/3.0; +http://yandex.com/bots)"
141.8.147.12 - - [20/Apr/2013:04:14:00 +0200] "GET /datenschutz/ HTTP/1.1" 302 - "-" "Mozilla/5.0 (compatible; YandexBot/3.0; +http://yandex.com/bots)"
141.8.147.12 - - [20/Apr/2013:04:14:03 +0200] "GET /widerruf/ HTTP/1.1" 302 - "-" "Mozilla/5.0 (compatible; YandexBot/3.0; +http://yandex.com/bots)"
141.8.147.12 - - [20/Apr/2013:04:14:05 +0200] "GET /altoelentsorgung/ HTTP/1.1" 302 - "-" "Mozilla/5.0 (compatible; YandexBot/3.0; +http://yandex.com/bots)"
141.8.147.12 - - [20/Apr/2013:04:14:08 +0200] "GET /agb/ HTTP/1.1" 302 - "-" "Mozilla/5.0 (compatible; YandexBot/3.0; +http://yandex.com/bots)"
141.8.147.12 - - [20/Apr/2013:04:14:10 +0200] "GET /motul-zusatzstoffe.html HTTP/1.1" 302 - "-" "Mozilla/5.0 (compatible; YandexBot/3.0; +http://yandex.com/bots)"
141.8.147.12 - - [20/Apr/2013:04:14:13 +0200] "GET /angebote-des-monats/ HTTP/1.1" 302 - "-" "Mozilla/5.0 (compatible; YandexBot/3.0; +http://yandex.com/bots)"
141.8.147.12 - - [20/Apr/2013:04:14:15 +0200] "GET /esso-heizoel.html HTTP/1.1" 302 - "-" "Mozilla/5.0 (compatible; YandexBot/3.0; +http://yandex.com/bots)"
141.8.147.12 - - [20/Apr/2013:04:14:17 +0200] "GET /contacts/ HTTP/1.1" 302 - "-" "Mozilla/5.0 (compatible; YandexBot/3.0; +http://yandex.com/bots)"
141.8.147.12 - - [20/Apr/2013:04:14:19 +0200] "GET /motul-schmierstoffe.html HTTP/1.1" 302 - "-" "Mozilla/5.0 (compatible; YandexBot/3.0; +http://yandex.com/bots)"
141.8.147.12 - - [20/Apr/2013:15:16:22 +0200] "GET / HTTP/1.1" 302 - "-" "Mozilla/5.0 (compatible; YandexBot/3.0; +http://yandex.com/bots)"
66.249.78.81 - - [21/Apr/2013:10:16:53 +0200] "GET /robots.txt HTTP/1.1" 200 918 "-" "Mozilla/5.0 (compatible; Googlebot/2.1; +http://www.google.com/bot.html)"
66.249.78.81 - - [21/Apr/2013:10:16:53 +0200] "GET / HTTP/1.1" 302 - "-" "Mozilla/5.0 (compatible; Googlebot/2.1; +http://www.google.com/bot.html)"
188.165.230.147 - - [22/Apr/2013:08:23:24 +0200] "GET /robots.txt HTTP/1.1" 200 918 "http://www.finddotcom.com/" "Mozilla/4.0 (compatible; MSIE 7.0; Windows NT 5.1; Mozilla/4.0 (compatible; MSIE 6.0; Windows NT 5.1; SV1) ; .NET CLR 2.0.50727; .NET CLR 3.0.4506.2152; .NET CLR 3.5.30729)"
188.165.230.147 - - [22/Apr/2013:08:23:24 +0200] "GET / HTTP/1.1" 302 - "http://www.finddotcom.com/" "Mozilla/4.0 (compatible; MSIE 7.0; Windows NT 5.1; Mozilla/4.0 (compatible; MSIE 6.0; Windows NT 5.1; SV1) ; .NET CLR 2.0.50727; .NET CLR 3.0.4506.2152; .NET CLR 3.5.30729)"
141.8.147.12 - - [22/Apr/2013:17:33:38 +0200] "GET /robots.txt HTTP/1.1" 200 918 "-" "Mozilla/5.0 (compatible; YandexBot/3.0; +http://yandex.com/bots)"
141.8.147.12 - - [22/Apr/2013:17:33:40 +0200] "GET / HTTP/1.1" 302 - "-" "Mozilla/5.0 (compatible; YandexBot/3.0; +http://yandex.com/bots)"
199.30.228.142 - - [22/Apr/2013:23:04:12 +0200] "GET / HTTP/1.1" 302 - "-" "Mozilla/4.0 (compatible; MSIE 7.0; Windows NT 5.1; Trident/4.0)"
141.8.147.12 - - [24/Apr/2013:17:14:16 +0200] "GET /robots.txt HTTP/1.1" 200 918 "-" "Mozilla/5.0 (compatible; YandexBot/3.0; +http://yandex.com/bots)"
141.8.147.12 - - [24/Apr/2013:17:14:18 +0200] "GET / HTTP/1.1" 302 - "-" "Mozilla/5.0 (compatible; YandexBot/3.0; +http://yandex.com/bots)"
46.105.250.44 - - [25/Apr/2013:07:16:34 +0200] "GET / HTTP/1.0" 302 - "-" "Mozilla/5.0 (compatible; awcheckBot; +http://awcheck.com/en/about)"
157.55.35.93 - - [25/Apr/2013:15:28:08 +0200] "GET /robots.txt HTTP/1.1" 200 918 "-" "Mozilla/5.0 (compatible; bingbot/2.0; +http://www.bing.com/bingbot.htm)"
157.55.35.93 - - [25/Apr/2013:15:30:02 +0200] "GET / HTTP/1.1" 302 - "-" "Mozilla/5.0 (compatible; bingbot/2.0; +http://www.bing.com/bingbot.htm)"
157.55.35.93 - - [25/Apr/2013:22:10:35 +0200] "GET /robots.txt HTTP/1.1" 200 918 "-" "Mozilla/5.0 (compatible; bingbot/2.0; +http://www.bing.com/bingbot.htm)"
157.55.35.93 - - [25/Apr/2013:22:12:17 +0200] "GET / HTTP/1.1" 302 - "-" "Mozilla/5.0 (compatible; bingbot/2.0; +http://www.bing.com/bingbot.htm)"
141.8.147.12 - - [26/Apr/2013:18:21:51 +0200] "GET /robots.txt HTTP/1.1" 200 918 "-" "Mozilla/5.0 (compatible; YandexBot/3.0; +http://yandex.com/bots)"
141.8.147.12 - - [26/Apr/2013:18:21:53 +0200] "GET / HTTP/1.1" 302 - "-" "Mozilla/5.0 (compatible; YandexBot/3.0; +http://yandex.com/bots)"
50.31.96.16 - - [27/Apr/2013:11:13:04 +0200] "GET / HTTP/1.1" 302 - "-" "Mozilla/5.0 (X11; U; Linux x86_64; en-US) AppleWebKit/534.3 (KHTML, like Gecko) Qt/4.7.4 Safari/534.3"
107.22.28.114 - - [27/Apr/2013:20:49:20 +0200] "GET / HTTP/1.1" 302 - "-" "Mozilla/5.0 (Windows; U; Windows NT 5.1; en-US; rv:1.7.8) Gecko/20050511 Firefox/1.0.4"
141.8.147.12 - - [28/Apr/2013:20:02:20 +0200] "GET /robots.txt HTTP/1.1" 200 918 "-" "Mozilla/5.0 (compatible; YandexBot/3.0; +http://yandex.com/bots)"
141.8.147.12 - - [28/Apr/2013:20:02:22 +0200] "GET / HTTP/1.1" 302 - "-" "Mozilla/5.0 (compatible; YandexBot/3.0; +http://yandex.com/bots)"
141.8.147.12 - - [30/Apr/2013:18:51:43 +0200] "GET /robots.txt HTTP/1.1" 200 918 "-" "Mozilla/5.0 (compatible; YandexBot/3.0; +http://yandex.com/bots)"
141.8.147.12 - - [30/Apr/2013:18:51:45 +0200] "GET / HTTP/1.1" 302 - "-" "Mozilla/5.0 (compatible; YandexBot/3.0; +http://yandex.com/bots)"