207.37.9.67 - - [02/Nov/2011:16:24:29 +0100] "GET /media/catalog/product/cache/2/thumbnail/75x/9df78eab33525d08d6e5fb8d27136e95/d/e/der_pflegeberater.jpg HTTP/1.0" 200 3302 "http://www.markenoele.de/checkout/cart/" "Mozilla/4.0 (compatible; MSIE 8.0; Windows NT 5.1; Trident/4.0; .NET CLR 2.0.50727; .NET CLR 3.0.4506.2152; .NET CLR 3.5.30729; .NET4.0C; .NET4.0E)"
207.37.9.67 - - [02/Nov/2011:16:24:29 +0100] "GET /media/catalog/product/cache/2/thumbnail/75x/9df78eab33525d08d6e5fb8d27136e95/a/u/aufkleber_rot_huinterlegt_1_1_1.jpg HTTP/1.0" 200 3642 "http://www.markenoele.de/checkout/cart/" "Mozilla/4.0 (compatible; MSIE 8.0; Windows NT 5.1; Trident/4.0; .NET CLR 2.0.50727; .NET CLR 3.0.4506.2152; .NET CLR 3.5.30729; .NET4.0C; .NET4.0E)"
207.37.9.67 - - [02/Nov/2011:16:24:29 +0100] "GET /skin/frontend/esso/standard/images/btn_checkout.gif HTTP/1.0" 200 3906 "http://www.markenoele.de/checkout/cart/" "Mozilla/4.0 (compatible; MSIE 8.0; Windows NT 5.1; Trident/4.0; .NET CLR 2.0.50727; .NET CLR 3.0.4506.2152; .NET CLR 3.5.30729; .NET4.0C; .NET4.0E)"
207.37.9.67 - - [02/Nov/2011:16:24:29 +0100] "GET /skin/frontend/esso/standard/images/btn_trash.gif HTTP/1.0" 200 643 "http://www.markenoele.de/checkout/cart/" "Mozilla/4.0 (compatible; MSIE 8.0; Windows NT 5.1; Trident/4.0; .NET CLR 2.0.50727; .NET CLR 3.0.4506.2152; .NET CLR 3.5.30729; .NET4.0C; .NET4.0E)"
192.168.10.33 - - [02/Nov/2011:16:24:38 +0100] "GET /admin HTTP/1.1" 200 3327 "-" "Mozilla/5.0 (Windows NT 6.1; WOW64; rv:7.0.1) Gecko/20100101 Firefox/7.0.1"
192.168.10.33 - - [02/Nov/2011:16:24:41 +0100] "POST /admin HTTP/1.1" 302 - "http://www.markenoele.de/admin" "Mozilla/5.0 (Windows NT 6.1; WOW64; rv:7.0.1) Gecko/20100101 Firefox/7.0.1"
207.37.9.67 - - [02/Nov/2011:16:24:41 +0100] "GET /checkout/onepage/ HTTP/1.0" 200 68033 "-" "Mozilla/4.0 (compatible; MSIE 8.0; Windows NT 5.1; Trident/4.0; .NET CLR 2.0.50727; .NET CLR 3.0.4506.2152; .NET CLR 3.5.30729; .NET4.0C; .NET4.0E)"
207.37.9.67 - - [02/Nov/2011:16:24:45 +0100] "GET /js/mage/centinel.js HTTP/1.0" 200 3315 "http://www.markenoele.de/checkout/onepage/" "Mozilla/4.0 (compatible; MSIE 8.0; Windows NT 5.1; Trident/4.0; .NET CLR 2.0.50727; .NET CLR 3.0.4506.2152; .NET CLR 3.5.30729; .NET4.0C; .NET4.0E)"
207.37.9.67 - - [02/Nov/2011:16:24:45 +0100] "GET /js/varien/accordion.js HTTP/1.0" 200 3993 "http://www.markenoele.de/checkout/onepage/" "Mozilla/4.0 (compatible; MSIE 8.0; Windows NT 5.1; Trident/4.0; .NET CLR 2.0.50727; .NET CLR 3.0.4506.2152; .NET CLR 3.5.30729; .NET4.0C; .NET4.0E)"
207.37.9.67 - - [02/Nov/2011:16:24:45 +0100] "GET /skin/frontend/base/default/js/opcheckout.js HTTP/1.0" 200 28507 "http://www.markenoele.de/checkout/onepage/" "Mozilla/4.0 (compatible; MSIE 8.0; Windows NT 5.1; Trident/4.0; .NET CLR 2.0.50727; .NET CLR 3.0.4506.2152; .NET CLR 3.5.30729; .NET4.0C; .NET4.0E)"
207.37.9.67 - - [02/Nov/2011:16:24:46 +0100] "GET /skin/frontend/esso/standard/images/opc-ajax-loader.gif HTTP/1.0" 200 673 "http://www.markenoele.de/checkout/onepage/" "Mozilla/4.0 (compatible; MSIE 8.0; Windows NT 5.1; Trident/4.0; .NET CLR 2.0.50727; .NET CLR 3.0.4506.2152; .NET CLR 3.5.30729; .NET4.0C; .NET4.0E)"
207.37.9.67 - - [02/Nov/2011:16:24:46 +0100] "GET /skin/frontend/esso/standard/images/cvv.gif HTTP/1.0" 200 18112 "http://www.markenoele.de/checkout/onepage/" "Mozilla/4.0 (compatible; MSIE 8.0; Windows NT 5.1; Trident/4.0; .NET CLR 2.0.50727; .NET CLR 3.0.4506.2152; .NET CLR 3.5.30729; .NET4.0C; .NET4.0E)"
207.37.9.67 - - [02/Nov/2011:16:24:46 +0100] "GET /skin/frontend/esso/standard/images/btn_window_close.gif HTTP/1.0" 200 211 "http://www.markenoele.de/checkout/onepage/" "Mozilla/4.0 (compatible; MSIE 8.0; Windows NT 5.1; Trident/4.0; .NET CLR 2.0.50727; .NET CLR 3.0.4506.2152; .NET CLR 3.5.30729; .NET4.0C; .NET4.0E)"
192.168.10.33 - - [02/Nov/2011:16:24:45 +0100] "GET /index.php/admin/index/index/key/344ffcb96612440d91257aae602ec540/ HTTP/1.1" 302 - "http://www.markenoele.de/admin" "Mozilla/5.0 (Windows NT 6.1; WOW64; rv:7.0.1) Gecko/20100101 Firefox/7.0.1"
192.168.10.33 - - [02/Nov/2011:16:24:48 +0100] "GET /index.php/admin/dashboard/index/key/e078ad1e198368f6f9c516bd3b98b72e/ HTTP/1.1" 200 52498 "http://www.markenoele.de/admin" "Mozilla/5.0 (Windows NT 6.1; WOW64; rv:7.0.1) Gecko/20100101 Firefox/7.0.1"
207.37.9.67 - - [02/Nov/2011:16:24:51 +0100] "POST /checkout/onepage/saveMethod/ HTTP/1.0" 200 2 "http://www.markenoele.de/checkout/onepage/" "Mozilla/4.0 (compatible; MSIE 8.0; Windows NT 5.1; Trident/4.0; .NET CLR 2.0.50727; .NET CLR 3.0.4506.2152; .NET CLR 3.5.30729; .NET4.0C; .NET4.0E)"
192.168.10.33 - - [02/Nov/2011:16:24:58 +0100] "GET /index.php/admin/catalog_product/index/key/5706d0e9c5ae752bc5a28fbb00ef648b/ HTTP/1.1" 200 124420 "http://www.markenoele.de/index.php/admin/dashboard/index/key/e078ad1e198368f6f9c516bd3b98b72e/" "Mozilla/5.0 (Windows NT 6.1; WOW64; rv:7.0.1) Gecko/20100101 Firefox/7.0.1"
192.168.10.33 - - [02/Nov/2011:16:25:05 +0100] "POST /index.php/admin/catalog_product/grid/key/9b71d22e210050456caf004db7bd9560/product_filter/c2t1PTg1NDMxMSZwcmljZSU1QmN1cnJlbmN5JTVEPUVVUg==/?ajax=true&isAjax=true HTTP/1.1" 200 15169 "http://www.markenoele.de/index.php/admin/catalog_product/index/key/5706d0e9c5ae752bc5a28fbb00ef648b/" "Mozilla/5.0 (Windows NT 6.1; WOW64; rv:7.0.1) Gecko/20100101 Firefox/7.0.1"
192.168.10.33 - - [02/Nov/2011:16:25:07 +0100] "GET /index.php/admin/catalog_product/edit/id/176/key/6d1f8a727dca2792d1fb2a714701c453/ HTTP/1.1" 200 147491 "http://www.markenoele.de/index.php/admin/catalog_product/index/key/5706d0e9c5ae752bc5a28fbb00ef648b/" "Mozilla/5.0 (Windows NT 6.1; WOW64; rv:7.0.1) Gecko/20100101 Firefox/7.0.1"
207.37.9.67 - - [02/Nov/2011:16:25:32 +0100] "POST /checkout/onepage/saveBilling/ HTTP/1.0" 200 27 "http://www.markenoele.de/checkout/onepage/" "Mozilla/4.0 (compatible; MSIE 8.0; Windows NT 5.1; Trident/4.0; .NET CLR 2.0.50727; .NET CLR 3.0.4506.2152; .NET CLR 3.5.30729; .NET4.0C; .NET4.0E)"
207.37.9.67 - - [02/Nov/2011:16:25:34 +0100] "GET /checkout/onepage/progress/ HTTP/1.0" 200 961 "http://www.markenoele.de/checkout/onepage/" "Mozilla/4.0 (compatible; MSIE 8.0; Windows NT 5.1; Trident/4.0; .NET CLR 2.0.50727; .NET CLR 3.0.4506.2152; .NET CLR 3.5.30729; .NET4.0C; .NET4.0E)"
192.168.10.33 - - [02/Nov/2011:16:25:48 +0100] "POST /index.php/admin/catalog_product/validate/id/176/key/00d8b7f9bb7b7103bf21578b2267ec97/?isAjax=true HTTP/1.1" 200 15 "http://www.markenoele.de/index.php/admin/catalog_product/edit/id/176/key/6d1f8a727dca2792d1fb2a714701c453/" "Mozilla/5.0 (Windows NT 6.1; WOW64; rv:7.0.1) Gecko/20100101 Firefox/7.0.1"
192.168.10.33 - - [02/Nov/2011:16:25:52 +0100] "GET / HTTP/1.1" 200 21595 "-" "Mozilla/5.0 (Windows NT 6.1; WOW64; rv:7.0.1) Gecko/20100101 Firefox/7.0.1"
192.168.10.33 - - [02/Nov/2011:16:25:57 +0100] "GET / HTTP/1.1" 200 21595 "http://www.markenoele.de/" "Mozilla/5.0 (Windows NT 6.1; WOW64; rv:7.0.1) Gecko/20100101 Firefox/7.0.1"
192.168.10.33 - - [02/Nov/2011:16:25:49 +0100] "POST /index.php/admin/catalog_product/save/id/176/key/1ec4efc8a5a24cb41f1263287433728e/ HTTP/1.1" 302 - "http://www.markenoele.de/index.php/admin/catalog_product/edit/id/176/key/6d1f8a727dca2792d1fb2a714701c453/" "Mozilla/5.0 (Windows NT 6.1; WOW64; rv:7.0.1) Gecko/20100101 Firefox/7.0.1"
192.168.10.33 - - [02/Nov/2011:16:26:02 +0100] "GET /index.php/admin/catalog_product/index/key/5706d0e9c5ae752bc5a28fbb00ef648b/ HTTP/1.1" 200 70629 "http://www.markenoele.de/index.php/admin/catalog_product/edit/id/176/key/6d1f8a727dca2792d1fb2a714701c453/" "Mozilla/5.0 (Windows NT 6.1; WOW64; rv:7.0.1) Gecko/20100101 Firefox/7.0.1"
192.168.10.33 - - [02/Nov/2011:16:26:05 +0100] "GET / HTTP/1.1" 200 23731 "http://www.markenoele.de/" "Mozilla/5.0 (Windows NT 6.1; WOW64; rv:7.0.1) Gecko/20100101 Firefox/7.0.1"
192.168.10.33 - - [02/Nov/2011:16:26:07 +0100] "GET /media/catalog/product/cache/2/small_image/85x/9df78eab33525d08d6e5fb8d27136e95/8/1/8100_x-clean_c3_5w30_1l_1.jpg HTTP/1.1" 200 3164 "http://www.markenoele.de/" "Mozilla/5.0 (Windows NT 6.1; WOW64; rv:7.0.1) Gecko/20100101 Firefox/7.0.1"
192.168.10.33 - - [02/Nov/2011:16:26:16 +0100] "POST /index.php/admin/catalog_product/grid/key/9b71d22e210050456caf004db7bd9560/product_filter/c2t1PTEwMjc3OSZwcmljZSU1QmN1cnJlbmN5JTVEPUVVUg==/?ajax=true&isAjax=true HTTP/1.1" 200 15157 "http://www.markenoele.de/index.php/admin/catalog_product/index/key/5706d0e9c5ae752bc5a28fbb00ef648b/" "Mozilla/5.0 (Windows NT 6.1; WOW64; rv:7.0.1) Gecko/20100101 Firefox/7.0.1"
192.168.10.33 - - [02/Nov/2011:16:26:20 +0100] "GET /index.php/admin/catalog_product/edit/id/33/key/6d1f8a727dca2792d1fb2a714701c453/ HTTP/1.1" 200 147048 "http://www.markenoele.de/index.php/admin/catalog_product/index/key/5706d0e9c5ae752bc5a28fbb00ef648b/" "Mozilla/5.0 (Windows NT 6.1; WOW64; rv:7.0.1) Gecko/20100101 Firefox/7.0.1"
207.37.9.67 - - [02/Nov/2011:16:26:43 +0100] "POST /checkout/onepage/saveShipping/ HTTP/1.0" 200 849 "http://www.markenoele.de/checkout/onepage/" "Mozilla/4.0 (compatible; MSIE 8.0; Windows NT 5.1; Trident/4.0; .NET CLR 2.0.50727; .NET CLR 3.0.4506.2152; .NET CLR 3.5.30729; .NET4.0C; .NET4.0E)"
207.37.9.67 - - [02/Nov/2011:16:26:45 +0100] "GET /checkout/onepage/progress/ HTTP/1.0" 200 1335 "http://www.markenoele.de/checkout/onepage/" "Mozilla/4.0 (compatible; MSIE 8.0; Windows NT 5.1; Trident/4.0; .NET CLR 2.0.50727; .NET CLR 3.0.4506.2152; .NET CLR 3.5.30729; .NET4.0C; .NET4.0E)"
192.168.10.33 - - [02/Nov/2011:16:26:45 +0100] "POST /index.php/admin/catalog_product/validate/id/33/key/00d8b7f9bb7b7103bf21578b2267ec97/?isAjax=true HTTP/1.1" 200 15 "http://www.markenoele.de/index.php/admin/catalog_product/edit/id/33/key/6d1f8a727dca2792d1fb2a714701c453/" "Mozilla/5.0 (Windows NT 6.1; WOW64; rv:7.0.1) Gecko/20100101 Firefox/7.0.1"
207.37.9.67 - - [02/Nov/2011:16:26:50 +0100] "POST /checkout/onepage/saveShippingMethod/ HTTP/1.0" 200 4659 "http://www.markenoele.de/checkout/onepage/" "Mozilla/4.0 (compatible; MSIE 8.0; Windows NT 5.1; Trident/4.0; .NET CLR 2.0.50727; .NET CLR 3.0.4506.2152; .NET CLR 3.5.30729; .NET4.0C; .NET4.0E)"
207.37.9.67 - - [02/Nov/2011:16:26:52 +0100] "GET /checkout/onepage/progress/ HTTP/1.0" 200 1811 "http://www.markenoele.de/checkout/onepage/" "Mozilla/4.0 (compatible; MSIE 8.0; Windows NT 5.1; Trident/4.0; .NET CLR 2.0.50727; .NET CLR 3.0.4506.2152; .NET CLR 3.5.30729; .NET4.0C; .NET4.0E)"
192.168.10.33 - - [02/Nov/2011:16:26:48 +0100] "POST /index.php/admin/catalog_product/save/id/33/key/1ec4efc8a5a24cb41f1263287433728e/ HTTP/1.1" 302 - "http://www.markenoele.de/index.php/admin/catalog_product/edit/id/33/key/6d1f8a727dca2792d1fb2a714701c453/" "Mozilla/5.0 (Windows NT 6.1; WOW64; rv:7.0.1) Gecko/20100101 Firefox/7.0.1"
192.168.10.33 - - [02/Nov/2011:16:27:01 +0100] "GET /index.php/admin/catalog_product/index/key/5706d0e9c5ae752bc5a28fbb00ef648b/ HTTP/1.1" 200 70617 "http://www.markenoele.de/index.php/admin/catalog_product/edit/id/33/key/6d1f8a727dca2792d1fb2a714701c453/" "Mozilla/5.0 (Windows NT 6.1; WOW64; rv:7.0.1) Gecko/20100101 Firefox/7.0.1"
192.168.10.33 - - [02/Nov/2011:16:27:05 +0100] "POST /index.php/admin/catalog_product/grid/key/9b71d22e210050456caf004db7bd9560/product_filter/c2t1PTEwMTAyMCZwcmljZSU1QmN1cnJlbmN5JTVEPUVVUg==/?ajax=true&isAjax=true HTTP/1.1" 200 15160 "http://www.markenoele.de/index.php/admin/catalog_product/index/key/5706d0e9c5ae752bc5a28fbb00ef648b/" "Mozilla/5.0 (Windows NT 6.1; WOW64; rv:7.0.1) Gecko/20100101 Firefox/7.0.1"
192.168.10.33 - - [02/Nov/2011:16:27:07 +0100] "GET /index.php/admin/catalog_product/edit/id/167/key/6d1f8a727dca2792d1fb2a714701c453/ HTTP/1.1" 200 147170 "http://www.markenoele.de/index.php/admin/catalog_product/index/key/5706d0e9c5ae752bc5a28fbb00ef648b/" "Mozilla/5.0 (Windows NT 6.1; WOW64; rv:7.0.1) Gecko/20100101 Firefox/7.0.1"
207.37.9.67 - - [02/Nov/2011:16:27:23 +0100] "GET / HTTP/1.0" 200 29543 "-" "Mozilla/4.0 (compatible; MSIE 8.0; Windows NT 5.1; Trident/4.0; .NET CLR 2.0.50727; .NET CLR 3.0.4506.2152; .NET CLR 3.5.30729; .NET4.0C; .NET4.0E)"
207.37.9.67 - - [02/Nov/2011:16:27:27 +0100] "GET /media/catalog/product/cache/2/small_image/85x/9df78eab33525d08d6e5fb8d27136e95/5/1/5100_15w50_1l.jpg HTTP/1.0" 200 3012 "http://www.markenoele.de/" "Mozilla/4.0 (compatible; MSIE 8.0; Windows NT 5.1; Trident/4.0; .NET CLR 2.0.50727; .NET CLR 3.0.4506.2152; .NET CLR 3.5.30729; .NET4.0C; .NET4.0E)"
207.37.9.67 - - [02/Nov/2011:16:27:27 +0100] "GET /media/catalog/product/cache/2/small_image/85x/9df78eab33525d08d6e5fb8d27136e95/8/1/8100_x-clean_c3_5w30_1l_1.jpg HTTP/1.0" 200 3164 "http://www.markenoele.de/" "Mozilla/4.0 (compatible; MSIE 8.0; Windows NT 5.1; Trident/4.0; .NET CLR 2.0.50727; .NET CLR 3.0.4506.2152; .NET CLR 3.5.30729; .NET4.0C; .NET4.0E)"
207.37.9.67 - - [02/Nov/2011:16:27:27 +0100] "GET /media/catalog/product/cache/2/thumbnail/50x50/9df78eab33525d08d6e5fb8d27136e95/a/u/aufkleber_rot_huinterlegt_1_1_1.jpg HTTP/1.0" 200 2221 "http://www.markenoele.de/" "Mozilla/4.0 (compatible; MSIE 8.0; Windows NT 5.1; Trident/4.0; .NET CLR 2.0.50727; .NET CLR 3.0.4506.2152; .NET CLR 3.5.30729; .NET4.0C; .NET4.0E)"
207.37.9.67 - - [02/Nov/2011:16:27:27 +0100] "GET /media/catalog/product/cache/2/thumbnail/50x50/9df78eab33525d08d6e5fb8d27136e95/d/e/der_pflegeberater.jpg HTTP/1.0" 200 2059 "http://www.markenoele.de/" "Mozilla/4.0 (compatible; MSIE 8.0; Windows NT 5.1; Trident/4.0; .NET CLR 2.0.50727; .NET CLR 3.0.4506.2152; .NET CLR 3.5.30729; .NET4.0C; .NET4.0E)"
207.37.9.67 - - [02/Nov/2011:16:27:27 +0100] "GET /media/catalog/product/cache/2/thumbnail/50x50/9df78eab33525d08d6e5fb8d27136e95/6/1/6100_synergieplus_10w40_1l.jpg HTTP/1.0" 200 1825 "http://www.markenoele.de/" "Mozilla/4.0 (compatible; MSIE 8.0; Windows NT 5.1; Trident/4.0; .NET CLR 2.0.50727; .NET CLR 3.0.4506.2152; .NET CLR 3.5.30729; .NET4.0C; .NET4.0E)"
207.37.9.67 - - [02/Nov/2011:16:27:27 +0100] "GET /skin/frontend/esso/standard/images/bkg_subtotal.gif HTTP/1.0" 200 362 "http://www.markenoele.de/" "Mozilla/4.0 (compatible; MSIE 8.0; Windows NT 5.1; Trident/4.0; .NET CLR 2.0.50727; .NET CLR 3.0.4506.2152; .NET CLR 3.5.30729; .NET4.0C; .NET4.0E)"
207.37.9.67 - - [02/Nov/2011:16:27:27 +0100] "GET /skin/frontend/esso/standard/images/btn_remove.gif HTTP/1.0" 200 211 "http://www.markenoele.de/" "Mozilla/4.0 (compatible; MSIE 8.0; Windows NT 5.1; Trident/4.0; .NET CLR 2.0.50727; .NET CLR 3.0.4506.2152; .NET CLR 3.5.30729; .NET4.0C; .NET4.0E)"
207.37.9.67 - - [02/Nov/2011:16:27:27 +0100] "GET /skin/frontend/esso/standard/images/bkg_btn-small.png HTTP/1.0" 200 876 "http://www.markenoele.de/" "Mozilla/4.0 (compatible; MSIE 8.0; Windows NT 5.1; Trident/4.0; .NET CLR 2.0.50727; .NET CLR 3.0.4506.2152; .NET CLR 3.5.30729; .NET4.0C; .NET4.0E)"
192.168.10.33 - - [02/Nov/2011:16:27:32 +0100] "POST /index.php/admin/catalog_product/validate/id/167/key/00d8b7f9bb7b7103bf21578b2267ec97/?isAjax=true HTTP/1.1" 200 15 "http://www.markenoele.de/index.php/admin/catalog_product/edit/id/167/key/6d1f8a727dca2792d1fb2a714701c453/" "Mozilla/5.0 (Windows NT 6.1; WOW64; rv:7.0.1) Gecko/20100101 Firefox/7.0.1"
207.37.9.67 - - [02/Nov/2011:16:27:37 +0100] "GET /lieferung/ HTTP/1.0" 200 27961 "http://www.markenoele.de/" "Mozilla/4.0 (compatible; MSIE 8.0; Windows NT 5.1; Trident/4.0; .NET CLR 2.0.50727; .NET CLR 3.0.4506.2152; .NET CLR 3.5.30729; .NET4.0C; .NET4.0E)"
192.168.10.33 - - [02/Nov/2011:16:27:34 +0100] "POST /index.php/admin/catalog_product/save/id/167/key/1ec4efc8a5a24cb41f1263287433728e/ HTTP/1.1" 302 - "http://www.markenoele.de/index.php/admin/catalog_product/edit/id/167/key/6d1f8a727dca2792d1fb2a714701c453/" "Mozilla/5.0 (Windows NT 6.1; WOW64; rv:7.0.1) Gecko/20100101 Firefox/7.0.1"
192.168.10.33 - - [02/Nov/2011:16:27:47 +0100] "GET /index.php/admin/catalog_product/index/key/5706d0e9c5ae752bc5a28fbb00ef648b/ HTTP/1.1" 200 70620 "http://www.markenoele.de/index.php/admin/catalog_product/edit/id/167/key/6d1f8a727dca2792d1fb2a714701c453/" "Mozilla/5.0 (Windows NT 6.1; WOW64; rv:7.0.1) Gecko/20100101 Firefox/7.0.1"
192.168.10.33 - - [02/Nov/2011:16:27:54 +0100] "POST /index.php/admin/catalog_product/grid/key/9b71d22e210050456caf004db7bd9560/product_filter/c2t1PTEwMzAwNSZwcmljZSU1QmN1cnJlbmN5JTVEPUVVUg==/?ajax=true&isAjax=true HTTP/1.1" 200 15162 "http://www.markenoele.de/index.php/admin/catalog_product/index/key/5706d0e9c5ae752bc5a28fbb00ef648b/" "Mozilla/5.0 (Windows NT 6.1; WOW64; rv:7.0.1) Gecko/20100101 Firefox/7.0.1"
192.168.10.33 - - [02/Nov/2011:16:27:57 +0100] "GET /index.php/admin/catalog_product/edit/id/114/key/6d1f8a727dca2792d1fb2a714701c453/ HTTP/1.1" 200 147346 "http://www.markenoele.de/index.php/admin/catalog_product/index/key/5706d0e9c5ae752bc5a28fbb00ef648b/" "Mozilla/5.0 (Windows NT 6.1; WOW64; rv:7.0.1) Gecko/20100101 Firefox/7.0.1"
207.37.9.67 - - [02/Nov/2011:16:28:11 +0100] "POST /checkout/onepage/savePayment/ HTTP/1.0" 200 4864 "http://www.markenoele.de/checkout/onepage/" "Mozilla/4.0 (compatible; MSIE 8.0; Windows NT 5.1; Trident/4.0; .NET CLR 2.0.50727; .NET CLR 3.0.4506.2152; .NET CLR 3.5.30729; .NET4.0C; .NET4.0E)"
207.37.9.67 - - [02/Nov/2011:16:28:13 +0100] "GET /checkout/onepage/progress/ HTTP/1.0" 200 2051 "http://www.markenoele.de/checkout/onepage/" "Mozilla/4.0 (compatible; MSIE 8.0; Windows NT 5.1; Trident/4.0; .NET CLR 2.0.50727; .NET CLR 3.0.4506.2152; .NET CLR 3.5.30729; .NET4.0C; .NET4.0E)"
192.168.10.33 - - [02/Nov/2011:16:28:18 +0100] "POST /index.php/admin/catalog_product/validate/id/114/key/00d8b7f9bb7b7103bf21578b2267ec97/?isAjax=true HTTP/1.1" 200 15 "http://www.markenoele.de/index.php/admin/catalog_product/edit/id/114/key/6d1f8a727dca2792d1fb2a714701c453/" "Mozilla/5.0 (Windows NT 6.1; WOW64; rv:7.0.1) Gecko/20100101 Firefox/7.0.1"
192.168.10.33 - - [02/Nov/2011:16:28:19 +0100] "POST /index.php/admin/catalog_product/save/id/114/key/1ec4efc8a5a24cb41f1263287433728e/ HTTP/1.1" 302 - "http://www.markenoele.de/index.php/admin/catalog_product/edit/id/114/key/6d1f8a727dca2792d1fb2a714701c453/" "Mozilla/5.0 (Windows NT 6.1; WOW64; rv:7.0.1) Gecko/20100101 Firefox/7.0.1"
192.168.10.33 - - [02/Nov/2011:16:28:32 +0100] "GET /index.php/admin/catalog_product/index/key/5706d0e9c5ae752bc5a28fbb00ef648b/ HTTP/1.1" 200 70622 "http://www.markenoele.de/index.php/admin/catalog_product/edit/id/114/key/6d1f8a727dca2792d1fb2a714701c453/" "Mozilla/5.0 (Windows NT 6.1; WOW64; rv:7.0.1) Gecko/20100101 Firefox/7.0.1"
207.37.9.67 - - [02/Nov/2011:16:28:36 +0100] "POST /checkout/onepage/saveOrder/ HTTP/1.0" 200 100 "http://www.markenoele.de/checkout/onepage/" "Mozilla/4.0 (compatible; MSIE 8.0; Windows NT 5.1; Trident/4.0; .NET CLR 2.0.50727; .NET CLR 3.0.4506.2152; .NET CLR 3.5.30729; .NET4.0C; .NET4.0E)"
192.168.10.33 - - [02/Nov/2011:16:28:37 +0100] "POST /index.php/admin/catalog_product/grid/key/9b71d22e210050456caf004db7bd9560/product_filter/c2t1PTEwMjc3MyZwcmljZSU1QmN1cnJlbmN5JTVEPUVVUg==/?ajax=true&isAjax=true HTTP/1.1" 200 15153 "http://www.markenoele.de/index.php/admin/catalog_product/index/key/5706d0e9c5ae752bc5a28fbb00ef648b/" "Mozilla/5.0 (Windows NT 6.1; WOW64; rv:7.0.1) Gecko/20100101 Firefox/7.0.1"
207.37.9.67 - - [02/Nov/2011:16:28:42 +0100] "GET /paypal/standard/redirect/ HTTP/1.0" 200 2693 "-" "Mozilla/4.0 (compatible; MSIE 8.0; Windows NT 5.1; Trident/4.0; .NET CLR 2.0.50727; .NET CLR 3.0.4506.2152; .NET CLR 3.5.30729; .NET4.0C; .NET4.0E)"
192.168.10.33 - - [02/Nov/2011:16:28:43 +0100] "GET /index.php/admin/catalog_product/edit/id/2/key/6d1f8a727dca2792d1fb2a714701c453/ HTTP/1.1" 200 147515 "http://www.markenoele.de/index.php/admin/catalog_product/index/key/5706d0e9c5ae752bc5a28fbb00ef648b/" "Mozilla/5.0 (Windows NT 6.1; WOW64; rv:7.0.1) Gecko/20100101 Firefox/7.0.1"
192.168.10.33 - - [02/Nov/2011:16:29:06 +0100] "POST /index.php/admin/catalog_product/validate/id/2/key/00d8b7f9bb7b7103bf21578b2267ec97/?isAjax=true HTTP/1.1" 200 15 "http://www.markenoele.de/index.php/admin/catalog_product/edit/id/2/key/6d1f8a727dca2792d1fb2a714701c453/" "Mozilla/5.0 (Windows NT 6.1; WOW64; rv:7.0.1) Gecko/20100101 Firefox/7.0.1"
192.168.10.33 - - [02/Nov/2011:16:29:07 +0100] "POST /index.php/admin/catalog_product/save/id/2/key/1ec4efc8a5a24cb41f1263287433728e/ HTTP/1.1" 302 - "http://www.markenoele.de/index.php/admin/catalog_product/edit/id/2/key/6d1f8a727dca2792d1fb2a714701c453/" "Mozilla/5.0 (Windows NT 6.1; WOW64; rv:7.0.1) Gecko/20100101 Firefox/7.0.1"
192.168.10.33 - - [02/Nov/2011:16:29:20 +0100] "GET /index.php/admin/catalog_product/index/key/5706d0e9c5ae752bc5a28fbb00ef648b/ HTTP/1.1" 200 70613 "http://www.markenoele.de/index.php/admin/catalog_product/edit/id/2/key/6d1f8a727dca2792d1fb2a714701c453/" "Mozilla/5.0 (Windows NT 6.1; WOW64; rv:7.0.1) Gecko/20100101 Firefox/7.0.1"
66.211.170.66 - - [02/Nov/2011:16:29:19 +0100] "POST /paypal/ipn/ HTTP/1.0" 200 - "-" "-"
192.168.10.33 - - [02/Nov/2011:16:29:27 +0100] "POST /index.php/admin/catalog_product/grid/key/9b71d22e210050456caf004db7bd9560/product_filter/c2t1PTEwMTQ3NCZwcmljZSU1QmN1cnJlbmN5JTVEPUVVUg==/?ajax=true&isAjax=true HTTP/1.1" 200 15171 "http://www.markenoele.de/index.php/admin/catalog_product/index/key/5706d0e9c5ae752bc5a28fbb00ef648b/" "Mozilla/5.0 (Windows NT 6.1; WOW64; rv:7.0.1) Gecko/20100101 Firefox/7.0.1"
192.168.10.33 - - [02/Nov/2011:16:29:31 +0100] "GET /index.php/admin/catalog_product/edit/id/22/key/6d1f8a727dca2792d1fb2a714701c453/ HTTP/1.1" 200 147603 "http://www.markenoele.de/index.php/admin/catalog_product/index/key/5706d0e9c5ae752bc5a28fbb00ef648b/" "Mozilla/5.0 (Windows NT 6.1; WOW64; rv:7.0.1) Gecko/20100101 Firefox/7.0.1"
192.168.10.33 - - [02/Nov/2011:16:30:02 +0100] "POST /index.php/admin/catalog_product/validate/id/22/key/00d8b7f9bb7b7103bf21578b2267ec97/?isAjax=true HTTP/1.1" 200 15 "http://www.markenoele.de/index.php/admin/catalog_product/edit/id/22/key/6d1f8a727dca2792d1fb2a714701c453/" "Mozilla/5.0 (Windows NT 6.1; WOW64; rv:7.0.1) Gecko/20100101 Firefox/7.0.1"
192.168.10.33 - - [02/Nov/2011:16:30:03 +0100] "POST /index.php/admin/catalog_product/save/id/22/key/1ec4efc8a5a24cb41f1263287433728e/ HTTP/1.1" 302 - "http://www.markenoele.de/index.php/admin/catalog_product/edit/id/22/key/6d1f8a727dca2792d1fb2a714701c453/" "Mozilla/5.0 (Windows NT 6.1; WOW64; rv:7.0.1) Gecko/20100101 Firefox/7.0.1"
192.168.10.33 - - [02/Nov/2011:16:30:16 +0100] "GET /index.php/admin/catalog_product/index/key/5706d0e9c5ae752bc5a28fbb00ef648b/ HTTP/1.1" 200 70631 "http://www.markenoele.de/index.php/admin/catalog_product/edit/id/22/key/6d1f8a727dca2792d1fb2a714701c453/" "Mozilla/5.0 (Windows NT 6.1; WOW64; rv:7.0.1) Gecko/20100101 Firefox/7.0.1"
192.168.10.33 - - [02/Nov/2011:16:30:21 +0100] "GET / HTTP/1.1" 200 33036 "http://www.markenoele.de/" "Mozilla/5.0 (Windows NT 6.1; WOW64; rv:7.0.1) Gecko/20100101 Firefox/7.0.1"
192.168.10.33 - - [02/Nov/2011:16:30:25 +0100] "GET /media/catalog/product/cache/2/small_image/85x/9df78eab33525d08d6e5fb8d27136e95/s/p/specific_504-00_507-00_5w30_1l.jpg HTTP/1.1" 200 3034 "http://www.markenoele.de/" "Mozilla/5.0 (Windows NT 6.1; WOW64; rv:7.0.1) Gecko/20100101 Firefox/7.0.1"
192.168.10.33 - - [02/Nov/2011:16:30:25 +0100] "GET /media/catalog/product/cache/2/small_image/85x/9df78eab33525d08d6e5fb8d27136e95/s/n/snowpower_2t_1l.jpg HTTP/1.1" 200 3218 "http://www.markenoele.de/" "Mozilla/5.0 (Windows NT 6.1; WOW64; rv:7.0.1) Gecko/20100101 Firefox/7.0.1"
192.168.10.33 - - [02/Nov/2011:16:30:25 +0100] "GET /media/catalog/product/cache/2/small_image/85x/9df78eab33525d08d6e5fb8d27136e95/4/1/4100_power_15w50_1l.jpg HTTP/1.1" 200 3140 "http://www.markenoele.de/" "Mozilla/5.0 (Windows NT 6.1; WOW64; rv:7.0.1) Gecko/20100101 Firefox/7.0.1"
192.168.10.33 - - [02/Nov/2011:16:30:25 +0100] "GET /media/catalog/product/cache/2/small_image/85x/9df78eab33525d08d6e5fb8d27136e95/m/o/moto_wash_plus_1000ml.jpg HTTP/1.1" 200 2222 "http://www.markenoele.de/" "Mozilla/5.0 (Windows NT 6.1; WOW64; rv:7.0.1) Gecko/20100101 Firefox/7.0.1"
192.168.10.33 - - [02/Nov/2011:16:30:25 +0100] "GET /media/catalog/product/cache/2/small_image/85x/9df78eab33525d08d6e5fb8d27136e95/5/1/5100_15w50_1l.jpg HTTP/1.1" 200 3012 "http://www.markenoele.de/" "Mozilla/5.0 (Windows NT 6.1; WOW64; rv:7.0.1) Gecko/20100101 Firefox/7.0.1"
192.168.10.33 - - [02/Nov/2011:16:30:28 +0100] "GET /angebote-des-monats/ HTTP/1.1" 200 34983 "http://www.markenoele.de/" "Mozilla/5.0 (Windows NT 6.1; WOW64; rv:7.0.1) Gecko/20100101 Firefox/7.0.1"
192.168.10.33 - - [02/Nov/2011:16:30:30 +0100] "GET /media/catalog/product/cache/2/small_image/170x/9df78eab33525d08d6e5fb8d27136e95/4/1/4100_power_15w50_1l.jpg HTTP/1.1" 200 7710 "http://www.markenoele.de/angebote-des-monats/" "Mozilla/5.0 (Windows NT 6.1; WOW64; rv:7.0.1) Gecko/20100101 Firefox/7.0.1"
192.168.10.33 - - [02/Nov/2011:16:30:30 +0100] "GET /media/catalog/product/cache/2/small_image/170x/9df78eab33525d08d6e5fb8d27136e95/5/1/5100_15w50_1l.jpg HTTP/1.1" 200 7358 "http://www.markenoele.de/angebote-des-monats/" "Mozilla/5.0 (Windows NT 6.1; WOW64; rv:7.0.1) Gecko/20100101 Firefox/7.0.1"
192.168.10.33 - - [02/Nov/2011:16:30:30 +0100] "GET /media/catalog/product/cache/2/small_image/170x/9df78eab33525d08d6e5fb8d27136e95/s/p/specific_504-00_507-00_5w30_1l.jpg HTTP/1.1" 200 7662 "http://www.markenoele.de/angebote-des-monats/" "Mozilla/5.0 (Windows NT 6.1; WOW64; rv:7.0.1) Gecko/20100101 Firefox/7.0.1"
192.168.10.33 - - [02/Nov/2011:16:30:30 +0100] "GET /media/catalog/product/cache/2/small_image/170x/9df78eab33525d08d6e5fb8d27136e95/m/o/moto_wash_plus_1000ml.jpg HTTP/1.1" 200 4778 "http://www.markenoele.de/angebote-des-monats/" "Mozilla/5.0 (Windows NT 6.1; WOW64; rv:7.0.1) Gecko/20100101 Firefox/7.0.1"
192.168.10.33 - - [02/Nov/2011:16:30:30 +0100] "GET /media/catalog/product/cache/2/small_image/170x/9df78eab33525d08d6e5fb8d27136e95/8/1/8100_x-clean_c3_5w30_1l_1.jpg HTTP/1.1" 200 8120 "http://www.markenoele.de/angebote-des-monats/" "Mozilla/5.0 (Windows NT 6.1; WOW64; rv:7.0.1) Gecko/20100101 Firefox/7.0.1"
192.168.10.33 - - [02/Nov/2011:16:30:30 +0100] "GET /media/catalog/product/cache/2/small_image/170x/9df78eab33525d08d6e5fb8d27136e95/s/n/snowpower_2t_1l.jpg HTTP/1.1" 200 8163 "http://www.markenoele.de/angebote-des-monats/" "Mozilla/5.0 (Windows NT 6.1; WOW64; rv:7.0.1) Gecko/20100101 Firefox/7.0.1"
192.168.10.33 - - [02/Nov/2011:16:30:56 +0100] "GET /functions/index.php HTTP/1.1" 302 1833 "-" "Mozilla/5.0 (Windows NT 6.1; WOW64; rv:7.0.1) Gecko/20100101 Firefox/7.0.1"
192.168.10.33 - - [02/Nov/2011:16:30:56 +0100] "GET /functions/abrechnung.php HTTP/1.1" 200 103534 "-" "Mozilla/5.0 (Windows NT 6.1; WOW64; rv:7.0.1) Gecko/20100101 Firefox/7.0.1"
192.168.10.33 - - [02/Nov/2011:16:31:00 +0100] "GET /index.php/admin/index/logout/key/87a3f9a26139475d3cfb83257cc276b7/ HTTP/1.1" 302 - "http://www.markenoele.de/index.php/admin/catalog_product/index/key/5706d0e9c5ae752bc5a28fbb00ef648b/" "Mozilla/5.0 (Windows NT 6.1; WOW64; rv:7.0.1) Gecko/20100101 Firefox/7.0.1"
192.168.10.33 - - [02/Nov/2011:16:31:02 +0100] "GET /index.php/admin/index/index/key/344ffcb96612440d91257aae602ec540/ HTTP/1.1" 200 3420 "http://www.markenoele.de/index.php/admin/catalog_product/index/key/5706d0e9c5ae752bc5a28fbb00ef648b/" "Mozilla/5.0 (Windows NT 6.1; WOW64; rv:7.0.1) Gecko/20100101 Firefox/7.0.1"
46.223.155.179 - - [02/Nov/2011:16:58:02 +0100] "GET /motul-multi-atf-1l.html HTTP/1.1" 200 29845 "http://www.google.com/search?hl=de&source=hp&biw=&bih=&q=Motul+Getrieb%C3%B6l+MultiATF&btnG=Google-Suche" "Opera/9.80 (Windows NT 5.1; U; de) Presto/2.9.168 Version/11.52"
46.223.155.179 - - [02/Nov/2011:16:58:05 +0100] "GET /skin/frontend/esso/standard/css/print.css HTTP/1.1" 200 1580 "http://www.markenoele.de/motul-multi-atf-1l.html" "Opera/9.80 (Windows NT 5.1; U; de) Presto/2.9.168 Version/11.52"
46.223.155.179 - - [02/Nov/2011:16:58:05 +0100] "GET /skin/frontend/esso/standard/css/widgets.css HTTP/1.1" 200 4369 "http://www.markenoele.de/motul-multi-atf-1l.html" "Opera/9.80 (Windows NT 5.1; U; de) Presto/2.9.168 Version/11.52"
46.223.155.179 - - [02/Nov/2011:16:58:05 +0100] "GET /skin/frontend/esso/standard/css/jqzoom.css HTTP/1.1" 200 1051 "http://www.markenoele.de/motul-multi-atf-1l.html" "Opera/9.80 (Windows NT 5.1; U; de) Presto/2.9.168 Version/11.52"
46.223.155.179 - - [02/Nov/2011:16:58:05 +0100] "GET /skin/frontend/base/default/css/baseprice.css HTTP/1.1" 404 1256 "http://www.markenoele.de/motul-multi-atf-1l.html" "Opera/9.80 (Windows NT 5.1; U; de) Presto/2.9.168 Version/11.52"
46.223.155.179 - - [02/Nov/2011:16:58:05 +0100] "GET /js/calendar/calendar-win2k-1.css HTTP/1.1" 200 5986 "http://www.markenoele.de/motul-multi-atf-1l.html" "Opera/9.80 (Windows NT 5.1; U; de) Presto/2.9.168 Version/11.52"
46.223.155.179 - - [02/Nov/2011:16:58:05 +0100] "GET /skin/frontend/esso/standard/favicon.ico HTTP/1.1" 200 3638 "http://www.markenoele.de/motul-multi-atf-1l.html" "Opera/9.80 (Windows NT 5.1; U; de) Presto/2.9.168 Version/11.52"
46.223.155.179 - - [02/Nov/2011:16:58:04 +0100] "GET /js/prototype/prototype.js HTTP/1.1" 200 129960 "http://www.markenoele.de/motul-multi-atf-1l.html" "Opera/9.80 (Windows NT 5.1; U; de) Presto/2.9.168 Version/11.52"
46.223.155.179 - - [02/Nov/2011:16:58:05 +0100] "GET /skin/frontend/esso/standard/css/styles.css HTTP/1.1" 200 79554 "http://www.markenoele.de/motul-multi-atf-1l.html" "Opera/9.80 (Windows NT 5.1; U; de) Presto/2.9.168 Version/11.52"
46.223.155.179 - - [02/Nov/2011:16:58:05 +0100] "GET /js/prototype/prototype.js HTTP/1.1" 200 129960 "http://www.markenoele.de/motul-multi-atf-1l.html" "Opera/9.80 (Windows NT 5.1; U; de) Presto/2.9.168 Version/11.52"
46.223.155.179 - - [02/Nov/2011:16:58:05 +0100] "GET /js/prototype/validation.js HTTP/1.1" 200 34677 "http://www.markenoele.de/motul-multi-atf-1l.html" "Opera/9.80 (Windows NT 5.1; U; de) Presto/2.9.168 Version/11.52"
46.223.155.179 - - [02/Nov/2011:16:58:05 +0100] "GET /js/scriptaculous/builder.js HTTP/1.1" 200 4744 "http://www.markenoele.de/motul-multi-atf-1l.html" "Opera/9.80 (Windows NT 5.1; U; de) Presto/2.9.168 Version/11.52"
46.223.155.179 - - [02/Nov/2011:16:58:05 +0100] "GET /js/scriptaculous/effects.js HTTP/1.1" 200 38745 "http://www.markenoele.de/motul-multi-atf-1l.html" "Opera/9.80 (Windows NT 5.1; U; de) Presto/2.9.168 Version/11.52"
46.223.155.179 - - [02/Nov/2011:16:58:05 +0100] "GET /js/scriptaculous/dragdrop.js HTTP/1.1" 200 31192 "http://www.markenoele.de/motul-multi-atf-1l.html" "Opera/9.80 (Windows NT 5.1; U; de) Presto/2.9.168 Version/11.52"
46.223.155.179 - - [02/Nov/2011:16:58:06 +0100] "GET /js/scriptaculous/controls.js HTTP/1.1" 200 34797 "http://www.markenoele.de/motul-multi-atf-1l.html" "Opera/9.80 (Windows NT 5.1; U; de) Presto/2.9.168 Version/11.52"
46.223.155.179 - - [02/Nov/2011:16:58:06 +0100] "GET /js/scriptaculous/slider.js HTTP/1.1" 200 10331 "http://www.markenoele.de/motul-multi-atf-1l.html" "Opera/9.80 (Windows NT 5.1; U; de) Presto/2.9.168 Version/11.52"
46.223.155.179 - - [02/Nov/2011:16:58:06 +0100] "GET /js/varien/js.js HTTP/1.1" 200 16581 "http://www.markenoele.de/motul-multi-atf-1l.html" "Opera/9.80 (Windows NT 5.1; U; de) Presto/2.9.168 Version/11.52"
46.223.155.179 - - [02/Nov/2011:16:58:06 +0100] "GET /js/varien/form.js HTTP/1.1" 200 11714 "http://www.markenoele.de/motul-multi-atf-1l.html" "Opera/9.80 (Windows NT 5.1; U; de) Presto/2.9.168 Version/11.52"
46.223.155.179 - - [02/Nov/2011:16:58:06 +0100] "GET /js/varien/menu.js HTTP/1.1" 200 4426 "http://www.markenoele.de/motul-multi-atf-1l.html" "Opera/9.80 (Windows NT 5.1; U; de) Presto/2.9.168 Version/11.52"
46.223.155.179 - - [02/Nov/2011:16:58:07 +0100] "GET /js/mage/translate.js HTTP/1.1" 200 1597 "http://www.markenoele.de/motul-multi-atf-1l.html" "Opera/9.80 (Windows NT 5.1; U; de) Presto/2.9.168 Version/11.52"
46.223.155.179 - - [02/Nov/2011:16:58:07 +0100] "GET /js/mage/cookies.js HTTP/1.1" 200 2615 "http://www.markenoele.de/motul-multi-atf-1l.html" "Opera/9.80 (Windows NT 5.1; U; de) Presto/2.9.168 Version/11.52"
46.223.155.179 - - [02/Nov/2011:16:58:07 +0100] "GET /js/varien/product.js HTTP/1.1" 200 23531 "http://www.markenoele.de/motul-multi-atf-1l.html" "Opera/9.80 (Windows NT 5.1; U; de) Presto/2.9.168 Version/11.52"
46.223.155.179 - - [02/Nov/2011:16:58:07 +0100] "GET /js/calendar/calendar.js HTTP/1.1" 200 53130 "http://www.markenoele.de/motul-multi-atf-1l.html" "Opera/9.80 (Windows NT 5.1; U; de) Presto/2.9.168 Version/11.52"
46.223.155.179 - - [02/Nov/2011:16:58:07 +0100] "GET /js/calendar/calendar-setup.js HTTP/1.1" 200 4986 "http://www.markenoele.de/motul-multi-atf-1l.html" "Opera/9.80 (Windows NT 5.1; U; de) Presto/2.9.168 Version/11.52"
46.223.155.179 - - [02/Nov/2011:16:58:07 +0100] "GET /skin/frontend/esso/standard/js/jquery-1.3.2.min.js HTTP/1.1" 200 57254 "http://www.markenoele.de/motul-multi-atf-1l.html" "Opera/9.80 (Windows NT 5.1; U; de) Presto/2.9.168 Version/11.52"
46.223.155.179 - - [02/Nov/2011:16:58:07 +0100] "GET /skin/frontend/esso/standard/js/jquery.jqzoom.js HTTP/1.1" 200 5131 "http://www.markenoele.de/motul-multi-atf-1l.html" "Opera/9.80 (Windows NT 5.1; U; de) Presto/2.9.168 Version/11.52"
46.223.155.179 - - [02/Nov/2011:16:58:07 +0100] "GET /skin/frontend/esso/standard/js/effects.core.js HTTP/1.1" 200 19170 "http://www.markenoele.de/motul-multi-atf-1l.html" "Opera/9.80 (Windows NT 5.1; U; de) Presto/2.9.168 Version/11.52"
46.223.155.179 - - [02/Nov/2011:16:58:08 +0100] "GET /skin/frontend/esso/standard/js/effects.scale.js HTTP/1.1" 200 7057 "http://www.markenoele.de/motul-multi-atf-1l.html" "Opera/9.80 (Windows NT 5.1; U; de) Presto/2.9.168 Version/11.52"
46.223.155.179 - - [02/Nov/2011:16:58:09 +0100] "GET /skin/frontend/esso/standard/images/logo.png HTTP/1.1" 200 27553 "http://www.markenoele.de/motul-multi-atf-1l.html" "Opera/9.80 (Windows NT 5.1; U; de) Presto/2.9.168 Version/11.52"
46.223.155.179 - - [02/Nov/2011:16:58:09 +0100] "GET /skin/frontend/esso/standard/images/icon_lupe_sm.png HTTP/1.1" 200 1235 "http://www.markenoele.de/motul-multi-atf-1l.html" "Opera/9.80 (Windows NT 5.1; U; de) Presto/2.9.168 Version/11.52"
46.223.155.179 - - [02/Nov/2011:16:58:09 +0100] "GET /skin/frontend/esso/standard/images/tropf-sm.png HTTP/1.1" 200 1179 "http://www.markenoele.de/motul-multi-atf-1l.html" "Opera/9.80 (Windows NT 5.1; U; de) Presto/2.9.168 Version/11.52"
46.223.155.179 - - [02/Nov/2011:16:58:09 +0100] "GET /skin/frontend/esso/standard/images/akt-art-sm.png HTTP/1.1" 200 1091 "http://www.markenoele.de/motul-multi-atf-1l.html" "Opera/9.80 (Windows NT 5.1; U; de) Presto/2.9.168 Version/11.52"
46.223.155.179 - - [02/Nov/2011:16:58:09 +0100] "GET /skin/frontend/esso/standard/images/motul_pflege_teaser.png HTTP/1.1" 200 15151 "http://www.markenoele.de/motul-multi-atf-1l.html" "Opera/9.80 (Windows NT 5.1; U; de) Presto/2.9.168 Version/11.52"
46.223.155.179 - - [02/Nov/2011:16:58:09 +0100] "GET /media/catalog/product/cache/2/thumbnail2/250x250/9df78eab33525d08d6e5fb8d27136e95/m/u/multi_atf_1l.jpg HTTP/1.1" 200 10515 "http://www.markenoele.de/motul-multi-atf-1l.html" "Opera/9.80 (Windows NT 5.1; U; de) Presto/2.9.168 Version/11.52"
46.223.155.179 - - [02/Nov/2011:16:58:09 +0100] "GET /skin/frontend/esso/standard/images/siegel.gif HTTP/1.1" 200 3150 "http://www.markenoele.de/motul-multi-atf-1l.html" "Opera/9.80 (Windows NT 5.1; U; de) Presto/2.9.168 Version/11.52"
46.223.155.179 - - [02/Nov/2011:16:58:09 +0100] "GET /skin/frontend/esso/standard/images/search_arrow_right.png HTTP/1.1" 200 662 "http://www.markenoele.de/motul-multi-atf-1l.html" "Opera/9.80 (Windows NT 5.1; U; de) Presto/2.9.168 Version/11.52"
46.223.155.179 - - [02/Nov/2011:16:58:09 +0100] "GET /skin/frontend/esso/standard/images/bkg_btn.png HTTP/1.1" 200 890 "http://www.markenoele.de/motul-multi-atf-1l.html" "Opera/9.80 (Windows NT 5.1; U; de) Presto/2.9.168 Version/11.52"
46.223.155.179 - - [02/Nov/2011:16:58:09 +0100] "GET /skin/frontend/esso/standard/images/bkg_tabs.gif HTTP/1.1" 200 151 "http://www.markenoele.de/motul-multi-atf-1l.html" "Opera/9.80 (Windows NT 5.1; U; de) Presto/2.9.168 Version/11.52"
46.223.155.179 - - [02/Nov/2011:16:58:09 +0100] "GET /skin/frontend/esso/standard/images/bkg_pipe1.gif HTTP/1.1" 200 44 "http://www.markenoele.de/motul-multi-atf-1l.html" "Opera/9.80 (Windows NT 5.1; U; de) Presto/2.9.168 Version/11.52"
46.223.155.179 - - [02/Nov/2011:16:58:09 +0100] "GET /skin/frontend/esso/standard/images/bg_yellow.jpg HTTP/1.1" 200 22020 "http://www.markenoele.de/motul-multi-atf-1l.html" "Opera/9.80 (Windows NT 5.1; U; de) Presto/2.9.168 Version/11.52"
46.223.155.179 - - [02/Nov/2011:16:58:10 +0100] "GET /skin/frontend/esso/standard/images/bg_yellow.jpg HTTP/1.1" 200 22020 "http://www.markenoele.de/motul-multi-atf-1l.html" "Opera/9.80 (Windows NT 5.1; U; de) Presto/2.9.168 Version/11.52"
46.223.155.179 - - [02/Nov/2011:16:58:10 +0100] "GET /skin/frontend/esso/standard/images/bkg_pipe1.gif HTTP/1.1" 200 44 "http://www.markenoele.de/motul-multi-atf-1l.html" "Opera/9.80 (Windows NT 5.1; U; de) Presto/2.9.168 Version/11.52"
46.223.155.179 - - [02/Nov/2011:16:58:10 +0100] "GET /skin/frontend/esso/standard/images/siegel.gif HTTP/1.1" 200 3150 "http://www.markenoele.de/motul-multi-atf-1l.html" "Opera/9.80 (Windows NT 5.1; U; de) Presto/2.9.168 Version/11.52"
46.223.155.179 - - [02/Nov/2011:16:58:09 +0100] "GET /media/catalog/product/m/u/multi_atf_1l.jpg HTTP/1.1" 200 1192285 "http://www.markenoele.de/motul-multi-atf-1l.html" "Opera/9.80 (Windows NT 5.1; U; de) Presto/2.9.168 Version/11.52"
46.223.155.179 - - [02/Nov/2011:16:58:11 +0100] "GET /skin/frontend/esso/standard/images/jqzoon_lens.png HTTP/1.1" 404 1256 "http://www.markenoele.de/motul-multi-atf-1l.html" "Opera/9.80 (Windows NT 5.1; U; de) Presto/2.9.168 Version/11.52"
46.223.155.179 - - [02/Nov/2011:16:58:10 +0100] "GET /media/catalog/product/m/u/multi_atf_1l.jpg HTTP/1.1" 200 1192285 "http://www.markenoele.de/motul-multi-atf-1l.html" "Opera/9.80 (Windows NT 5.1; U; de) Presto/2.9.168 Version/11.52"
46.223.155.179 - - [02/Nov/2011:16:58:13 +0100] "GET /motul-multi-atf-1l.html HTTP/1.1" 200 29845 "http://www.markenoele.de/motul-multi-atf-1l.html" "Opera/9.80 (Windows NT 5.1; U; de) Presto/2.9.168 Version/11.52"
84.169.83.138 - - [02/Nov/2011:17:12:09 +0100] "GET /skin/frontend/default/default/images/logo_email.gif HTTP/1.1" 200 2607 "-" "Mozilla/4.0 (compatible; MSIE 8.0; TOB 6.11; Windows NT 6.0; Trident/4.0; SLCC1; .NET CLR 2.0.50727; Media Center PC 5.0; .NET CLR 1.1.4322; .NET CLR 3.5.30729; .NET4.0C; .NET CLR 3.0.30729)"
84.177.89.32 - - [02/Nov/2011:17:21:16 +0100] "GET / HTTP/1.1" 200 33036 "-" "Mozilla/5.0 (Windows NT 5.1; rv:7.0.1) Gecko/20100101 Firefox/7.0.1"
91.32.26.121 - - [02/Nov/2011:17:21:18 +0100] "GET /?gclid=CLuIu-StmKwCFcTwzAodGyPtPw HTTP/1.1" 302 - "http://www.google.de/aclk?sa=l&ai=CAQlIf22xTpTiKMWvtAb01ojpA63BsMMB_em97RTFwuPtRwgAEAEoA1Cer6GNAWCVgrOCwAegAcfRhPgDyAEBqQIEdekemx23PqoEG0_QKJOIG0aPETpkWRBILf151zQkP8asjxGe-w&sig=AOD64_1akmIT3W35PrsAnqsv-9UBF-w7Ww&ved=0CAwQ0Qw&adurl=http://www.motulshop.de&rct=j&q=motul%20wash%20and%20wax%20kaufen" "Mozilla/4.0 (compatible; MSIE 8.0; Windows NT 5.1; Trident/4.0; .NET CLR 2.0.50727; .NET CLR 3.0.4506.2152; .NET CLR 3.5.30729; AskTbORJ/5.13.1.18107)"
84.177.89.32 - - [02/Nov/2011:17:21:20 +0100] "GET /media/catalog/product/cache/2/small_image/85x/9df78eab33525d08d6e5fb8d27136e95/8/1/8100_x-clean_c3_5w30_1l_1.jpg HTTP/1.1" 200 3164 "http://www.markenoele.de/" "Mozilla/5.0 (Windows NT 5.1; rv:7.0.1) Gecko/20100101 Firefox/7.0.1"
84.177.89.32 - - [02/Nov/2011:17:21:20 +0100] "GET /media/catalog/product/cache/2/small_image/85x/9df78eab33525d08d6e5fb8d27136e95/s/p/specific_504-00_507-00_5w30_1l.jpg HTTP/1.1" 200 3034 "http://www.markenoele.de/" "Mozilla/5.0 (Windows NT 5.1; rv:7.0.1) Gecko/20100101 Firefox/7.0.1"
84.177.89.32 - - [02/Nov/2011:17:21:20 +0100] "GET /media/catalog/product/cache/2/small_image/85x/9df78eab33525d08d6e5fb8d27136e95/s/n/snowpower_2t_1l.jpg HTTP/1.1" 200 3218 "http://www.markenoele.de/" "Mozilla/5.0 (Windows NT 5.1; rv:7.0.1) Gecko/20100101 Firefox/7.0.1"
84.177.89.32 - - [02/Nov/2011:17:21:20 +0100] "GET /media/catalog/product/cache/2/small_image/85x/9df78eab33525d08d6e5fb8d27136e95/4/1/4100_power_15w50_1l.jpg HTTP/1.1" 200 3140 "http://www.markenoele.de/" "Mozilla/5.0 (Windows NT 5.1; rv:7.0.1) Gecko/20100101 Firefox/7.0.1"
84.177.89.32 - - [02/Nov/2011:17:21:20 +0100] "GET /media/catalog/product/cache/2/small_image/85x/9df78eab33525d08d6e5fb8d27136e95/m/o/moto_wash_plus_1000ml.jpg HTTP/1.1" 200 2222 "http://www.markenoele.de/" "Mozilla/5.0 (Windows NT 5.1; rv:7.0.1) Gecko/20100101 Firefox/7.0.1"
84.177.89.32 - - [02/Nov/2011:17:21:20 +0100] "GET /media/catalog/product/cache/2/small_image/85x/9df78eab33525d08d6e5fb8d27136e95/5/1/5100_15w50_1l.jpg HTTP/1.1" 200 3012 "http://www.markenoele.de/" "Mozilla/5.0 (Windows NT 5.1; rv:7.0.1) Gecko/20100101 Firefox/7.0.1"
91.32.26.121 - - [02/Nov/2011:17:21:19 +0100] "GET / HTTP/1.1" 200 33036 "http://www.google.de/aclk?sa=l&ai=CAQlIf22xTpTiKMWvtAb01ojpA63BsMMB_em97RTFwuPtRwgAEAEoA1Cer6GNAWCVgrOCwAegAcfRhPgDyAEBqQIEdekemx23PqoEG0_QKJOIG0aPETpkWRBILf151zQkP8asjxGe-w&sig=AOD64_1akmIT3W35PrsAnqsv-9UBF-w7Ww&ved=0CAwQ0Qw&adurl=http://www.motulshop.de&rct=j&q=motul%20wash%20and%20wax%20kaufen" "Mozilla/4.0 (compatible; MSIE 8.0; Windows NT 5.1; Trident/4.0; .NET CLR 2.0.50727; .NET CLR 3.0.4506.2152; .NET CLR 3.5.30729; AskTbORJ/5.13.1.18107)"
91.32.26.121 - - [02/Nov/2011:17:21:22 +0100] "GET /skin/frontend/esso/standard/css/widgets.css HTTP/1.1" 200 4369 "http://www.markenoele.de/" "Mozilla/4.0 (compatible; MSIE 8.0; Windows NT 5.1; Trident/4.0; .NET CLR 2.0.50727; .NET CLR 3.0.4506.2152; .NET CLR 3.5.30729; AskTbORJ/5.13.1.18107)"
91.32.26.121 - - [02/Nov/2011:17:21:22 +0100] "GET /js/varien/js.js HTTP/1.1" 200 16581 "http://www.markenoele.de/" "Mozilla/4.0 (compatible; MSIE 8.0; Windows NT 5.1; Trident/4.0; .NET CLR 2.0.50727; .NET CLR 3.0.4506.2152; .NET CLR 3.5.30729; AskTbORJ/5.13.1.18107)"
91.32.26.121 - - [02/Nov/2011:17:21:22 +0100] "GET /js/scriptaculous/builder.js HTTP/1.1" 200 4744 "http://www.markenoele.de/" "Mozilla/4.0 (compatible; MSIE 8.0; Windows NT 5.1; Trident/4.0; .NET CLR 2.0.50727; .NET CLR 3.0.4506.2152; .NET CLR 3.5.30729; AskTbORJ/5.13.1.18107)"
91.32.26.121 - - [02/Nov/2011:17:21:22 +0100] "GET /js/scriptaculous/dragdrop.js HTTP/1.1" 200 31192 "http://www.markenoele.de/" "Mozilla/4.0 (compatible; MSIE 8.0; Windows NT 5.1; Trident/4.0; .NET CLR 2.0.50727; .NET CLR 3.0.4506.2152; .NET CLR 3.5.30729; AskTbORJ/5.13.1.18107)"
91.32.26.121 - - [02/Nov/2011:17:21:22 +0100] "GET /js/scriptaculous/slider.js HTTP/1.1" 200 10331 "http://www.markenoele.de/" "Mozilla/4.0 (compatible; MSIE 8.0; Windows NT 5.1; Trident/4.0; .NET CLR 2.0.50727; .NET CLR 3.0.4506.2152; .NET CLR 3.5.30729; AskTbORJ/5.13.1.18107)"
91.32.26.121 - - [02/Nov/2011:17:21:22 +0100] "GET /js/varien/form.js HTTP/1.1" 200 11714 "http://www.markenoele.de/" "Mozilla/4.0 (compatible; MSIE 8.0; Windows NT 5.1; Trident/4.0; .NET CLR 2.0.50727; .NET CLR 3.0.4506.2152; .NET CLR 3.5.30729; AskTbORJ/5.13.1.18107)"
91.32.26.121 - - [02/Nov/2011:17:21:22 +0100] "GET /js/varien/menu.js HTTP/1.1" 200 4426 "http://www.markenoele.de/" "Mozilla/4.0 (compatible; MSIE 8.0; Windows NT 5.1; Trident/4.0; .NET CLR 2.0.50727; .NET CLR 3.0.4506.2152; .NET CLR 3.5.30729; AskTbORJ/5.13.1.18107)"
91.32.26.121 - - [02/Nov/2011:17:21:22 +0100] "GET /skin/frontend/esso/standard/css/styles.css HTTP/1.1" 200 79554 "http://www.markenoele.de/" "Mozilla/4.0 (compatible; MSIE 8.0; Windows NT 5.1; Trident/4.0; .NET CLR 2.0.50727; .NET CLR 3.0.4506.2152; .NET CLR 3.5.30729; AskTbORJ/5.13.1.18107)"
91.32.26.121 - - [02/Nov/2011:17:21:22 +0100] "GET /js/mage/translate.js HTTP/1.1" 200 1597 "http://www.markenoele.de/" "Mozilla/4.0 (compatible; MSIE 8.0; Windows NT 5.1; Trident/4.0; .NET CLR 2.0.50727; .NET CLR 3.0.4506.2152; .NET CLR 3.5.30729; AskTbORJ/5.13.1.18107)"
91.32.26.121 - - [02/Nov/2011:17:21:22 +0100] "GET /js/prototype/prototype.js HTTP/1.1" 200 129960 "http://www.markenoele.de/" "Mozilla/4.0 (compatible; MSIE 8.0; Windows NT 5.1; Trident/4.0; .NET CLR 2.0.50727; .NET CLR 3.0.4506.2152; .NET CLR 3.5.30729; AskTbORJ/5.13.1.18107)"
91.32.26.121 - - [02/Nov/2011:17:21:22 +0100] "GET /js/mage/cookies.js HTTP/1.1" 200 2615 "http://www.markenoele.de/" "Mozilla/4.0 (compatible; MSIE 8.0; Windows NT 5.1; Trident/4.0; .NET CLR 2.0.50727; .NET CLR 3.0.4506.2152; .NET CLR 3.5.30729; AskTbORJ/5.13.1.18107)"
91.32.26.121 - - [02/Nov/2011:17:21:23 +0100] "GET /skin/frontend/esso/standard/css/print.css HTTP/1.1" 200 1580 "http://www.markenoele.de/" "Mozilla/4.0 (compatible; MSIE 8.0; Windows NT 5.1; Trident/4.0; .NET CLR 2.0.50727; .NET CLR 3.0.4506.2152; .NET CLR 3.5.30729; AskTbORJ/5.13.1.18107)"
91.32.26.121 - - [02/Nov/2011:17:21:23 +0100] "GET /js/scriptaculous/effects.js HTTP/1.1" 200 38745 "http://www.markenoele.de/" "Mozilla/4.0 (compatible; MSIE 8.0; Windows NT 5.1; Trident/4.0; .NET CLR 2.0.50727; .NET CLR 3.0.4506.2152; .NET CLR 3.5.30729; AskTbORJ/5.13.1.18107)"
91.32.26.121 - - [02/Nov/2011:17:21:23 +0100] "GET /js/prototype/validation.js HTTP/1.1" 200 34677 "http://www.markenoele.de/" "Mozilla/4.0 (compatible; MSIE 8.0; Windows NT 5.1; Trident/4.0; .NET CLR 2.0.50727; .NET CLR 3.0.4506.2152; .NET CLR 3.5.30729; AskTbORJ/5.13.1.18107)"
91.32.26.121 - - [02/Nov/2011:17:21:23 +0100] "GET /js/scriptaculous/controls.js HTTP/1.1" 200 34797 "http://www.markenoele.de/" "Mozilla/4.0 (compatible; MSIE 8.0; Windows NT 5.1; Trident/4.0; .NET CLR 2.0.50727; .NET CLR 3.0.4506.2152; .NET CLR 3.5.30729; AskTbORJ/5.13.1.18107)"
91.32.26.121 - - [02/Nov/2011:17:21:24 +0100] "GET /skin/frontend/esso/standard/images/logo.png HTTP/1.1" 200 27553 "http://www.markenoele.de/" "Mozilla/4.0 (compatible; MSIE 8.0; Windows NT 5.1; Trident/4.0; .NET CLR 2.0.50727; .NET CLR 3.0.4506.2152; .NET CLR 3.5.30729; AskTbORJ/5.13.1.18107)"
91.32.26.121 - - [02/Nov/2011:17:21:24 +0100] "GET /skin/frontend/esso/standard/images/icon_lupe_sm.png HTTP/1.1" 200 1235 "http://www.markenoele.de/" "Mozilla/4.0 (compatible; MSIE 8.0; Windows NT 5.1; Trident/4.0; .NET CLR 2.0.50727; .NET CLR 3.0.4506.2152; .NET CLR 3.5.30729; AskTbORJ/5.13.1.18107)"
91.32.26.121 - - [02/Nov/2011:17:21:24 +0100] "GET /skin/frontend/esso/standard/images/search_arrow_right.png HTTP/1.1" 200 662 "http://www.markenoele.de/" "Mozilla/4.0 (compatible; MSIE 8.0; Windows NT 5.1; Trident/4.0; .NET CLR 2.0.50727; .NET CLR 3.0.4506.2152; .NET CLR 3.5.30729; AskTbORJ/5.13.1.18107)"
91.32.26.121 - - [02/Nov/2011:17:21:24 +0100] "GET /skin/frontend/esso/standard/images/tropf-sm.png HTTP/1.1" 200 1179 "http://www.markenoele.de/" "Mozilla/4.0 (compatible; MSIE 8.0; Windows NT 5.1; Trident/4.0; .NET CLR 2.0.50727; .NET CLR 3.0.4506.2152; .NET CLR 3.5.30729; AskTbORJ/5.13.1.18107)"
91.32.26.121 - - [02/Nov/2011:17:21:24 +0100] "GET /skin/frontend/esso/standard/images/akt-art-sm.png HTTP/1.1" 200 1091 "http://www.markenoele.de/" "Mozilla/4.0 (compatible; MSIE 8.0; Windows NT 5.1; Trident/4.0; .NET CLR 2.0.50727; .NET CLR 3.0.4506.2152; .NET CLR 3.5.30729; AskTbORJ/5.13.1.18107)"
91.32.26.121 - - [02/Nov/2011:17:21:24 +0100] "GET /media/catalog/product/cache/2/small_image/85x/9df78eab33525d08d6e5fb8d27136e95/8/1/8100_x-clean_c3_5w30_1l_1.jpg HTTP/1.1" 200 3164 "http://www.markenoele.de/" "Mozilla/4.0 (compatible; MSIE 8.0; Windows NT 5.1; Trident/4.0; .NET CLR 2.0.50727; .NET CLR 3.0.4506.2152; .NET CLR 3.5.30729; AskTbORJ/5.13.1.18107)"
91.32.26.121 - - [02/Nov/2011:17:21:25 +0100] "GET /skin/frontend/esso/standard/images/bkg_pipe1.gif HTTP/1.1" 200 44 "http://www.markenoele.de/" "Mozilla/4.0 (compatible; MSIE 8.0; Windows NT 5.1; Trident/4.0; .NET CLR 2.0.50727; .NET CLR 3.0.4506.2152; .NET CLR 3.5.30729; AskTbORJ/5.13.1.18107)"
91.32.26.121 - - [02/Nov/2011:17:21:25 +0100] "GET /media/catalog/product/cache/2/small_image/85x/9df78eab33525d08d6e5fb8d27136e95/s/p/specific_504-00_507-00_5w30_1l.jpg HTTP/1.1" 200 3034 "http://www.markenoele.de/" "Mozilla/4.0 (compatible; MSIE 8.0; Windows NT 5.1; Trident/4.0; .NET CLR 2.0.50727; .NET CLR 3.0.4506.2152; .NET CLR 3.5.30729; AskTbORJ/5.13.1.18107)"
91.32.26.121 - - [02/Nov/2011:17:21:25 +0100] "GET /media/catalog/product/cache/2/small_image/85x/9df78eab33525d08d6e5fb8d27136e95/s/n/snowpower_2t_1l.jpg HTTP/1.1" 200 3218 "http://www.markenoele.de/" "Mozilla/4.0 (compatible; MSIE 8.0; Windows NT 5.1; Trident/4.0; .NET CLR 2.0.50727; .NET CLR 3.0.4506.2152; .NET CLR 3.5.30729; AskTbORJ/5.13.1.18107)"
91.32.26.121 - - [02/Nov/2011:17:21:25 +0100] "GET /media/catalog/product/cache/2/small_image/85x/9df78eab33525d08d6e5fb8d27136e95/4/1/4100_power_15w50_1l.jpg HTTP/1.1" 200 3140 "http://www.markenoele.de/" "Mozilla/4.0 (compatible; MSIE 8.0; Windows NT 5.1; Trident/4.0; .NET CLR 2.0.50727; .NET CLR 3.0.4506.2152; .NET CLR 3.5.30729; AskTbORJ/5.13.1.18107)"
91.32.26.121 - - [02/Nov/2011:17:21:25 +0100] "GET /media/catalog/product/cache/2/small_image/85x/9df78eab33525d08d6e5fb8d27136e95/5/1/5100_15w50_1l.jpg HTTP/1.1" 200 3012 "http://www.markenoele.de/" "Mozilla/4.0 (compatible; MSIE 8.0; Windows NT 5.1; Trident/4.0; .NET CLR 2.0.50727; .NET CLR 3.0.4506.2152; .NET CLR 3.5.30729; AskTbORJ/5.13.1.18107)"
91.32.26.121 - - [02/Nov/2011:17:21:25 +0100] "GET /media/catalog/product/cache/2/small_image/85x/9df78eab33525d08d6e5fb8d27136e95/m/o/moto_wash_plus_1000ml.jpg HTTP/1.1" 200 2222 "http://www.markenoele.de/" "Mozilla/4.0 (compatible; MSIE 8.0; Windows NT 5.1; Trident/4.0; .NET CLR 2.0.50727; .NET CLR 3.0.4506.2152; .NET CLR 3.5.30729; AskTbORJ/5.13.1.18107)"
91.32.26.121 - - [02/Nov/2011:17:21:25 +0100] "GET /skin/frontend/esso/standard/images/motul_pflege_teaser.png HTTP/1.1" 200 15151 "http://www.markenoele.de/" "Mozilla/4.0 (compatible; MSIE 8.0; Windows NT 5.1; Trident/4.0; .NET CLR 2.0.50727; .NET CLR 3.0.4506.2152; .NET CLR 3.5.30729; AskTbORJ/5.13.1.18107)"
