95.208.52.15 - - [02/Nov/2010:19:58:31 +0100] "GET /skin/frontend/esso/standard/images/jqzoon_lens.png HTTP/1.1" 404 1256 "http://www.markenoele.de/motul-schmierstoffe/motul-8100-eco-clean-c2-5l.html" "Mozilla/4.0 (compatible; MSIE 8.0; Windows NT 6.0; Trident/4.0; SIMBAR={DBDCBCA7-840E-4B29-98FA-16B3C5EBDF4E}; GTB6.6; SLCC1; .NET CLR 2.0.50727; Media Center PC 5.0; .NET CLR 3.5.30729; .NET CLR 3.0.30729; InfoPath.1; InfoPath.2; .NET4.0C; .NET4.0E)"
95.208.52.15 - - [02/Nov/2010:19:58:35 +0100] "GET /skin/frontend/esso/standard/images/jqzoon_lens.png HTTP/1.1" 404 1256 "http://www.markenoele.de/motul-schmierstoffe/motul-8100-eco-clean-c2-5l.html" "Mozilla/4.0 (compatible; MSIE 8.0; Windows NT 6.0; Trident/4.0; SIMBAR={DBDCBCA7-840E-4B29-98FA-16B3C5EBDF4E}; GTB6.6; SLCC1; .NET CLR 2.0.50727; Media Center PC 5.0; .NET CLR 3.5.30729; .NET CLR 3.0.30729; InfoPath.1; InfoPath.2; .NET4.0C; .NET4.0E)"
95.208.52.15 - - [02/Nov/2010:19:58:36 +0100] "GET /catalog/product/gallery/id/15/image/56/ HTTP/1.1" 200 9771 "-" "Mozilla/4.0 (compatible; MSIE 8.0; Windows NT 6.0; Trident/4.0; SIMBAR={DBDCBCA7-840E-4B29-98FA-16B3C5EBDF4E}; GTB6.6; SLCC1; .NET CLR 2.0.50727; Media Center PC 5.0; .NET CLR 3.5.30729; .NET CLR 3.0.30729; InfoPath.1; InfoPath.2; .NET4.0C; .NET4.0E)"
95.208.52.15 - - [02/Nov/2010:19:59:15 +0100] "GET /skin/frontend/esso/standard/images/jqzoon_lens.png HTTP/1.1" 404 1256 "http://www.markenoele.de/motul-schmierstoffe/motul-8100-eco-clean-c2-5l.html" "Mozilla/4.0 (compatible; MSIE 8.0; Windows NT 6.0; Trident/4.0; SIMBAR={DBDCBCA7-840E-4B29-98FA-16B3C5EBDF4E}; GTB6.6; SLCC1; .NET CLR 2.0.50727; Media Center PC 5.0; .NET CLR 3.5.30729; .NET CLR 3.0.30729; InfoPath.1; InfoPath.2; .NET4.0C; .NET4.0E)"
93.130.159.198 - - [02/Nov/2010:19:59:31 +0100] "GET /catalogsearch/result/?q=8100+Eco-nergy+5W-30 HTTP/1.1" 200 17837 "http://www.markenoele.de/" "Mozilla/4.0 (compatible; MSIE 8.0; Windows NT 5.1; Trident/4.0; MRSPUTNIK 2, 3, 0, 288; GTB6.5; MRA 5.7 (build 03757))"
93.130.159.198 - - [02/Nov/2010:19:59:35 +0100] "GET /skin/frontend/esso/standard/css/widgets.css HTTP/1.1" 304 - "http://www.markenoele.de/catalogsearch/result/?q=8100+Eco-nergy+5W-30" "Mozilla/4.0 (compatible; MSIE 8.0; Windows NT 5.1; Trident/4.0; MRSPUTNIK 2, 3, 0, 288; GTB6.5; MRA 5.7 (build 03757))"
93.130.159.198 - - [02/Nov/2010:19:59:35 +0100] "GET /js/varien/js.js HTTP/1.1" 304 - "http://www.markenoele.de/catalogsearch/result/?q=8100+Eco-nergy+5W-30" "Mozilla/4.0 (compatible; MSIE 8.0; Windows NT 5.1; Trident/4.0; MRSPUTNIK 2, 3, 0, 288; GTB6.5; MRA 5.7 (build 03757))"
93.130.159.198 - - [02/Nov/2010:19:59:35 +0100] "GET /js/scriptaculous/builder.js HTTP/1.1" 304 - "http://www.markenoele.de/catalogsearch/result/?q=8100+Eco-nergy+5W-30" "Mozilla/4.0 (compatible; MSIE 8.0; Windows NT 5.1; Trident/4.0; MRSPUTNIK 2, 3, 0, 288; GTB6.5; MRA 5.7 (build 03757))"
93.130.159.198 - - [02/Nov/2010:19:59:35 +0100] "GET /js/scriptaculous/dragdrop.js HTTP/1.1" 304 - "http://www.markenoele.de/catalogsearch/result/?q=8100+Eco-nergy+5W-30" "Mozilla/4.0 (compatible; MSIE 8.0; Windows NT 5.1; Trident/4.0; MRSPUTNIK 2, 3, 0, 288; GTB6.5; MRA 5.7 (build 03757))"
93.130.159.198 - - [02/Nov/2010:19:59:35 +0100] "GET /js/scriptaculous/slider.js HTTP/1.1" 304 - "http://www.markenoele.de/catalogsearch/result/?q=8100+Eco-nergy+5W-30" "Mozilla/4.0 (compatible; MSIE 8.0; Windows NT 5.1; Trident/4.0; MRSPUTNIK 2, 3, 0, 288; GTB6.5; MRA 5.7 (build 03757))"
93.130.159.198 - - [02/Nov/2010:19:59:35 +0100] "GET /skin/frontend/esso/standard/css/print.css HTTP/1.1" 304 - "http://www.markenoele.de/catalogsearch/result/?q=8100+Eco-nergy+5W-30" "Mozilla/4.0 (compatible; MSIE 8.0; Windows NT 5.1; Trident/4.0; MRSPUTNIK 2, 3, 0, 288; GTB6.5; MRA 5.7 (build 03757))"
93.130.159.198 - - [02/Nov/2010:19:59:36 +0100] "GET /js/prototype/prototype.js HTTP/1.1" 304 - "http://www.markenoele.de/catalogsearch/result/?q=8100+Eco-nergy+5W-30" "Mozilla/4.0 (compatible; MSIE 8.0; Windows NT 5.1; Trident/4.0; MRSPUTNIK 2, 3, 0, 288; GTB6.5; MRA 5.7 (build 03757))"
93.130.159.198 - - [02/Nov/2010:19:59:36 +0100] "GET /js/varien/form.js HTTP/1.1" 304 - "http://www.markenoele.de/catalogsearch/result/?q=8100+Eco-nergy+5W-30" "Mozilla/4.0 (compatible; MSIE 8.0; Windows NT 5.1; Trident/4.0; MRSPUTNIK 2, 3, 0, 288; GTB6.5; MRA 5.7 (build 03757))"
93.130.159.198 - - [02/Nov/2010:19:59:36 +0100] "GET /skin/frontend/esso/standard/css/styles.css HTTP/1.1" 304 - "http://www.markenoele.de/catalogsearch/result/?q=8100+Eco-nergy+5W-30" "Mozilla/4.0 (compatible; MSIE 8.0; Windows NT 5.1; Trident/4.0; MRSPUTNIK 2, 3, 0, 288; GTB6.5; MRA 5.7 (build 03757))"
93.130.159.198 - - [02/Nov/2010:19:59:36 +0100] "GET /js/mage/translate.js HTTP/1.1" 304 - "http://www.markenoele.de/catalogsearch/result/?q=8100+Eco-nergy+5W-30" "Mozilla/4.0 (compatible; MSIE 8.0; Windows NT 5.1; Trident/4.0; MRSPUTNIK 2, 3, 0, 288; GTB6.5; MRA 5.7 (build 03757))"
93.130.159.198 - - [02/Nov/2010:19:59:36 +0100] "GET /js/mage/cookies.js HTTP/1.1" 304 - "http://www.markenoele.de/catalogsearch/result/?q=8100+Eco-nergy+5W-30" "Mozilla/4.0 (compatible; MSIE 8.0; Windows NT 5.1; Trident/4.0; MRSPUTNIK 2, 3, 0, 288; GTB6.5; MRA 5.7 (build 03757))"
93.130.159.198 - - [02/Nov/2010:19:59:36 +0100] "GET /js/prototype/validation.js HTTP/1.1" 304 - "http://www.markenoele.de/catalogsearch/result/?q=8100+Eco-nergy+5W-30" "Mozilla/4.0 (compatible; MSIE 8.0; Windows NT 5.1; Trident/4.0; MRSPUTNIK 2, 3, 0, 288; GTB6.5; MRA 5.7 (build 03757))"
93.130.159.198 - - [02/Nov/2010:19:59:36 +0100] "GET /js/scriptaculous/effects.js HTTP/1.1" 304 - "http://www.markenoele.de/catalogsearch/result/?q=8100+Eco-nergy+5W-30" "Mozilla/4.0 (compatible; MSIE 8.0; Windows NT 5.1; Trident/4.0; MRSPUTNIK 2, 3, 0, 288; GTB6.5; MRA 5.7 (build 03757))"
93.130.159.198 - - [02/Nov/2010:19:59:36 +0100] "GET /js/scriptaculous/controls.js HTTP/1.1" 304 - "http://www.markenoele.de/catalogsearch/result/?q=8100+Eco-nergy+5W-30" "Mozilla/4.0 (compatible; MSIE 8.0; Windows NT 5.1; Trident/4.0; MRSPUTNIK 2, 3, 0, 288; GTB6.5; MRA 5.7 (build 03757))"
93.130.159.198 - - [02/Nov/2010:19:59:36 +0100] "GET /js/varien/menu.js HTTP/1.1" 304 - "http://www.markenoele.de/catalogsearch/result/?q=8100+Eco-nergy+5W-30" "Mozilla/4.0 (compatible; MSIE 8.0; Windows NT 5.1; Trident/4.0; MRSPUTNIK 2, 3, 0, 288; GTB6.5; MRA 5.7 (build 03757))"
95.208.52.15 - - [02/Nov/2010:19:59:34 +0100] "GET /motul-schmierstoffe.html?p=2 HTTP/1.1" 200 45619 "http://www.markenoele.de/motul-schmierstoffe.html?p=1" "Mozilla/4.0 (compatible; MSIE 8.0; Windows NT 6.0; Trident/4.0; SIMBAR={DBDCBCA7-840E-4B29-98FA-16B3C5EBDF4E}; GTB6.6; SLCC1; .NET CLR 2.0.50727; Media Center PC 5.0; .NET CLR 3.5.30729; .NET CLR 3.0.30729; InfoPath.1; InfoPath.2; .NET4.0C; .NET4.0E)"
95.208.52.15 - - [02/Nov/2010:19:59:37 +0100] "GET /skin/frontend/esso/standard/images/logo.png HTTP/1.1" 304 - "http://www.markenoele.de/motul-schmierstoffe.html?p=2" "Mozilla/4.0 (compatible; MSIE 8.0; Windows NT 6.0; Trident/4.0; SIMBAR={DBDCBCA7-840E-4B29-98FA-16B3C5EBDF4E}; GTB6.6; SLCC1; .NET CLR 2.0.50727; Media Center PC 5.0; .NET CLR 3.5.30729; .NET CLR 3.0.30729; InfoPath.1; InfoPath.2; .NET4.0C; .NET4.0E)"
95.208.52.15 - - [02/Nov/2010:19:59:37 +0100] "GET /skin/frontend/esso/standard/images/i_pager-next.gif HTTP/1.1" 304 - "http://www.markenoele.de/motul-schmierstoffe.html?p=2" "Mozilla/4.0 (compatible; MSIE 8.0; Windows NT 6.0; Trident/4.0; SIMBAR={DBDCBCA7-840E-4B29-98FA-16B3C5EBDF4E}; GTB6.6; SLCC1; .NET CLR 2.0.50727; Media Center PC 5.0; .NET CLR 3.5.30729; .NET CLR 3.0.30729; InfoPath.1; InfoPath.2; .NET4.0C; .NET4.0E)"
95.208.52.15 - - [02/Nov/2010:19:59:37 +0100] "GET /media/catalog/product/cache/2/small_image/170x/9df78eab33525d08d6e5fb8d27136e95/s/p/specific_cng_lpl_5l.jpg HTTP/1.1" 304 - "http://www.markenoele.de/motul-schmierstoffe.html?p=2" "Mozilla/4.0 (compatible; MSIE 8.0; Windows NT 6.0; Trident/4.0; SIMBAR={DBDCBCA7-840E-4B29-98FA-16B3C5EBDF4E}; GTB6.6; SLCC1; .NET CLR 2.0.50727; Media Center PC 5.0; .NET CLR 3.5.30729; .NET CLR 3.0.30729; InfoPath.1; InfoPath.2; .NET4.0C; .NET4.0E)"
95.208.52.15 - - [02/Nov/2010:19:59:37 +0100] "GET /media/catalog/product/cache/2/small_image/170x/9df78eab33525d08d6e5fb8d27136e95/f/i/file.jpg HTTP/1.1" 304 - "http://www.markenoele.de/motul-schmierstoffe.html?p=2" "Mozilla/4.0 (compatible; MSIE 8.0; Windows NT 6.0; Trident/4.0; SIMBAR={DBDCBCA7-840E-4B29-98FA-16B3C5EBDF4E}; GTB6.6; SLCC1; .NET CLR 2.0.50727; Media Center PC 5.0; .NET CLR 3.5.30729; .NET CLR 3.0.30729; InfoPath.1; InfoPath.2; .NET4.0C; .NET4.0E)"
95.208.52.15 - - [02/Nov/2010:19:59:37 +0100] "GET /skin/frontend/esso/standard/images/bkg_toolbar.gif HTTP/1.1" 304 - "http://www.markenoele.de/motul-schmierstoffe.html?p=2" "Mozilla/4.0 (compatible; MSIE 8.0; Windows NT 6.0; Trident/4.0; SIMBAR={DBDCBCA7-840E-4B29-98FA-16B3C5EBDF4E}; GTB6.6; SLCC1; .NET CLR 2.0.50727; Media Center PC 5.0; .NET CLR 3.5.30729; .NET CLR 3.0.30729; InfoPath.1; InfoPath.2; .NET4.0C; .NET4.0E)"
93.130.159.198 - - [02/Nov/2010:19:59:37 +0100] "GET /skin/frontend/esso/standard/images/logo.png HTTP/1.1" 304 - "http://www.markenoele.de/catalogsearch/result/?q=8100+Eco-nergy+5W-30" "Mozilla/4.0 (compatible; MSIE 8.0; Windows NT 5.1; Trident/4.0; MRSPUTNIK 2, 3, 0, 288; GTB6.5; MRA 5.7 (build 03757))"
95.208.52.15 - - [02/Nov/2010:19:59:37 +0100] "GET /skin/frontend/esso/standard/images/i_asc_arrow.gif HTTP/1.1" 304 - "http://www.markenoele.de/motul-schmierstoffe.html?p=2" "Mozilla/4.0 (compatible; MSIE 8.0; Windows NT 6.0; Trident/4.0; SIMBAR={DBDCBCA7-840E-4B29-98FA-16B3C5EBDF4E}; GTB6.6; SLCC1; .NET CLR 2.0.50727; Media Center PC 5.0; .NET CLR 3.5.30729; .NET CLR 3.0.30729; InfoPath.1; InfoPath.2; .NET4.0C; .NET4.0E)"
95.208.52.15 - - [02/Nov/2010:19:59:37 +0100] "GET /media/catalog/product/cache/2/small_image/170x/9df78eab33525d08d6e5fb8d27136e95/f/i/file_2.jpg HTTP/1.1" 304 - "http://www.markenoele.de/motul-schmierstoffe.html?p=2" "Mozilla/4.0 (compatible; MSIE 8.0; Windows NT 6.0; Trident/4.0; SIMBAR={DBDCBCA7-840E-4B29-98FA-16B3C5EBDF4E}; GTB6.6; SLCC1; .NET CLR 2.0.50727; Media Center PC 5.0; .NET CLR 3.5.30729; .NET CLR 3.0.30729; InfoPath.1; InfoPath.2; .NET4.0C; .NET4.0E)"
93.130.159.198 - - [02/Nov/2010:19:59:37 +0100] "GET /skin/frontend/esso/standard/images/icon_lupe_sm.png HTTP/1.1" 304 - "http://www.markenoele.de/catalogsearch/result/?q=8100+Eco-nergy+5W-30" "Mozilla/4.0 (compatible; MSIE 8.0; Windows NT 5.1; Trident/4.0; MRSPUTNIK 2, 3, 0, 288; GTB6.5; MRA 5.7 (build 03757))"
95.208.52.15 - - [02/Nov/2010:19:59:37 +0100] "GET /media/catalog/product/cache/2/small_image/170x/9df78eab33525d08d6e5fb8d27136e95/g/e/gear_300_1l.jpg HTTP/1.1" 304 - "http://www.markenoele.de/motul-schmierstoffe.html?p=2" "Mozilla/4.0 (compatible; MSIE 8.0; Windows NT 6.0; Trident/4.0; SIMBAR={DBDCBCA7-840E-4B29-98FA-16B3C5EBDF4E}; GTB6.6; SLCC1; .NET CLR 2.0.50727; Media Center PC 5.0; .NET CLR 3.5.30729; .NET CLR 3.0.30729; InfoPath.1; InfoPath.2; .NET4.0C; .NET4.0E)"
93.130.159.198 - - [02/Nov/2010:19:59:37 +0100] "GET /skin/frontend/esso/standard/images/search_arrow_right.png HTTP/1.1" 304 - "http://www.markenoele.de/catalogsearch/result/?q=8100+Eco-nergy+5W-30" "Mozilla/4.0 (compatible; MSIE 8.0; Windows NT 5.1; Trident/4.0; MRSPUTNIK 2, 3, 0, 288; GTB6.5; MRA 5.7 (build 03757))"
95.208.52.15 - - [02/Nov/2010:19:59:37 +0100] "GET /media/catalog/product/cache/2/small_image/170x/9df78eab33525d08d6e5fb8d27136e95/8/1/8100_ecoclean_5w30_1l.jpg HTTP/1.1" 304 - "http://www.markenoele.de/motul-schmierstoffe.html?p=2" "Mozilla/4.0 (compatible; MSIE 8.0; Windows NT 6.0; Trident/4.0; SIMBAR={DBDCBCA7-840E-4B29-98FA-16B3C5EBDF4E}; GTB6.6; SLCC1; .NET CLR 2.0.50727; Media Center PC 5.0; .NET CLR 3.5.30729; .NET CLR 3.0.30729; InfoPath.1; InfoPath.2; .NET4.0C; .NET4.0E)"
93.130.159.198 - - [02/Nov/2010:19:59:37 +0100] "GET /skin/frontend/esso/standard/images/tropf-sm.png HTTP/1.1" 304 - "http://www.markenoele.de/catalogsearch/result/?q=8100+Eco-nergy+5W-30" "Mozilla/4.0 (compatible; MSIE 8.0; Windows NT 5.1; Trident/4.0; MRSPUTNIK 2, 3, 0, 288; GTB6.5; MRA 5.7 (build 03757))"
95.208.52.15 - - [02/Nov/2010:19:59:37 +0100] "GET /media/catalog/product/cache/2/small_image/170x/9df78eab33525d08d6e5fb8d27136e95/8/1/8100_ecocleanplus_5w30_1l.jpg HTTP/1.1" 304 - "http://www.markenoele.de/motul-schmierstoffe.html?p=2" "Mozilla/4.0 (compatible; MSIE 8.0; Windows NT 6.0; Trident/4.0; SIMBAR={DBDCBCA7-840E-4B29-98FA-16B3C5EBDF4E}; GTB6.6; SLCC1; .NET CLR 2.0.50727; Media Center PC 5.0; .NET CLR 3.5.30729; .NET CLR 3.0.30729; InfoPath.1; InfoPath.2; .NET4.0C; .NET4.0E)"
93.130.159.198 - - [02/Nov/2010:19:59:37 +0100] "GET /skin/frontend/esso/standard/images/akt-art-sm.png HTTP/1.1" 304 - "http://www.markenoele.de/catalogsearch/result/?q=8100+Eco-nergy+5W-30" "Mozilla/4.0 (compatible; MSIE 8.0; Windows NT 5.1; Trident/4.0; MRSPUTNIK 2, 3, 0, 288; GTB6.5; MRA 5.7 (build 03757))"
95.208.52.15 - - [02/Nov/2010:19:59:37 +0100] "GET /media/catalog/product/cache/2/small_image/170x/9df78eab33525d08d6e5fb8d27136e95/8/1/8100_ecoclean_5w30_5l.jpg HTTP/1.1" 304 - "http://www.markenoele.de/motul-schmierstoffe.html?p=2" "Mozilla/4.0 (compatible; MSIE 8.0; Windows NT 6.0; Trident/4.0; SIMBAR={DBDCBCA7-840E-4B29-98FA-16B3C5EBDF4E}; GTB6.6; SLCC1; .NET CLR 2.0.50727; Media Center PC 5.0; .NET CLR 3.5.30729; .NET CLR 3.0.30729; InfoPath.1; InfoPath.2; .NET4.0C; .NET4.0E)"
95.208.52.15 - - [02/Nov/2010:19:59:37 +0100] "GET /skin/frontend/esso/standard/images/icon_lupe_sm.png HTTP/1.1" 304 - "http://www.markenoele.de/motul-schmierstoffe.html?p=2" "Mozilla/4.0 (compatible; MSIE 8.0; Windows NT 6.0; Trident/4.0; SIMBAR={DBDCBCA7-840E-4B29-98FA-16B3C5EBDF4E}; GTB6.6; SLCC1; .NET CLR 2.0.50727; Media Center PC 5.0; .NET CLR 3.5.30729; .NET CLR 3.0.30729; InfoPath.1; InfoPath.2; .NET4.0C; .NET4.0E)"
95.208.52.15 - - [02/Nov/2010:19:59:37 +0100] "GET /media/catalog/product/cache/2/small_image/170x/9df78eab33525d08d6e5fb8d27136e95/8/1/8100_ecocleanplus_5w30_5l.jpg HTTP/1.1" 304 - "http://www.markenoele.de/motul-schmierstoffe.html?p=2" "Mozilla/4.0 (compatible; MSIE 8.0; Windows NT 6.0; Trident/4.0; SIMBAR={DBDCBCA7-840E-4B29-98FA-16B3C5EBDF4E}; GTB6.6; SLCC1; .NET CLR 2.0.50727; Media Center PC 5.0; .NET CLR 3.5.30729; .NET CLR 3.0.30729; InfoPath.1; InfoPath.2; .NET4.0C; .NET4.0E)"
93.130.159.198 - - [02/Nov/2010:19:59:37 +0100] "GET /skin/frontend/esso/standard/images/motul_pflege_teaser.png HTTP/1.1" 304 - "http://www.markenoele.de/catalogsearch/result/?q=8100+Eco-nergy+5W-30" "Mozilla/4.0 (compatible; MSIE 8.0; Windows NT 5.1; Trident/4.0; MRSPUTNIK 2, 3, 0, 288; GTB6.5; MRA 5.7 (build 03757))"
95.208.52.15 - - [02/Nov/2010:19:59:37 +0100] "GET /media/catalog/product/cache/2/small_image/170x/9df78eab33525d08d6e5fb8d27136e95/s/p/specific_llab025_5w30_1l.jpg HTTP/1.1" 304 - "http://www.markenoele.de/motul-schmierstoffe.html?p=2" "Mozilla/4.0 (compatible; MSIE 8.0; Windows NT 6.0; Trident/4.0; SIMBAR={DBDCBCA7-840E-4B29-98FA-16B3C5EBDF4E}; GTB6.6; SLCC1; .NET CLR 2.0.50727; Media Center PC 5.0; .NET CLR 3.5.30729; .NET CLR 3.0.30729; InfoPath.1; InfoPath.2; .NET4.0C; .NET4.0E)"
95.208.52.15 - - [02/Nov/2010:19:59:37 +0100] "GET /skin/frontend/esso/standard/images/bkg_btn.png HTTP/1.1" 304 - "http://www.markenoele.de/motul-schmierstoffe.html?p=2" "Mozilla/4.0 (compatible; MSIE 8.0; Windows NT 6.0; Trident/4.0; SIMBAR={DBDCBCA7-840E-4B29-98FA-16B3C5EBDF4E}; GTB6.6; SLCC1; .NET CLR 2.0.50727; Media Center PC 5.0; .NET CLR 3.5.30729; .NET CLR 3.0.30729; InfoPath.1; InfoPath.2; .NET4.0C; .NET4.0E)"
95.208.52.15 - - [02/Nov/2010:19:59:37 +0100] "GET /skin/frontend/esso/standard/images/motul_pflege_teaser.png HTTP/1.1" 304 - "http://www.markenoele.de/motul-schmierstoffe.html?p=2" "Mozilla/4.0 (compatible; MSIE 8.0; Windows NT 6.0; Trident/4.0; SIMBAR={DBDCBCA7-840E-4B29-98FA-16B3C5EBDF4E}; GTB6.6; SLCC1; .NET CLR 2.0.50727; Media Center PC 5.0; .NET CLR 3.5.30729; .NET CLR 3.0.30729; InfoPath.1; InfoPath.2; .NET4.0C; .NET4.0E)"
95.208.52.15 - - [02/Nov/2010:19:59:37 +0100] "GET /skin/frontend/esso/standard/images/bkg_pipe1.gif HTTP/1.1" 304 - "http://www.markenoele.de/motul-schmierstoffe.html?p=2" "Mozilla/4.0 (compatible; MSIE 8.0; Windows NT 6.0; Trident/4.0; SIMBAR={DBDCBCA7-840E-4B29-98FA-16B3C5EBDF4E}; GTB6.6; SLCC1; .NET CLR 2.0.50727; Media Center PC 5.0; .NET CLR 3.5.30729; .NET CLR 3.0.30729; InfoPath.1; InfoPath.2; .NET4.0C; .NET4.0E)"
93.130.159.198 - - [02/Nov/2010:19:59:38 +0100] "GET /skin/frontend/esso/standard/images/bkg_pipe1.gif HTTP/1.1" 304 - "http://www.markenoele.de/catalogsearch/result/?q=8100+Eco-nergy+5W-30" "Mozilla/4.0 (compatible; MSIE 8.0; Windows NT 5.1; Trident/4.0; MRSPUTNIK 2, 3, 0, 288; GTB6.5; MRA 5.7 (build 03757))"
95.208.52.15 - - [02/Nov/2010:19:59:38 +0100] "GET /skin/frontend/esso/standard/images/search_arrow_right.png HTTP/1.1" 304 - "http://www.markenoele.de/motul-schmierstoffe.html?p=2" "Mozilla/4.0 (compatible; MSIE 8.0; Windows NT 6.0; Trident/4.0; SIMBAR={DBDCBCA7-840E-4B29-98FA-16B3C5EBDF4E}; GTB6.6; SLCC1; .NET CLR 2.0.50727; Media Center PC 5.0; .NET CLR 3.5.30729; .NET CLR 3.0.30729; InfoPath.1; InfoPath.2; .NET4.0C; .NET4.0E)"
95.208.52.15 - - [02/Nov/2010:19:59:38 +0100] "GET /skin/frontend/esso/standard/images/tropf-sm.png HTTP/1.1" 304 - "http://www.markenoele.de/motul-schmierstoffe.html?p=2" "Mozilla/4.0 (compatible; MSIE 8.0; Windows NT 6.0; Trident/4.0; SIMBAR={DBDCBCA7-840E-4B29-98FA-16B3C5EBDF4E}; GTB6.6; SLCC1; .NET CLR 2.0.50727; Media Center PC 5.0; .NET CLR 3.5.30729; .NET CLR 3.0.30729; InfoPath.1; InfoPath.2; .NET4.0C; .NET4.0E)"
95.208.52.15 - - [02/Nov/2010:19:59:38 +0100] "GET /skin/frontend/esso/standard/images/i_pager-prev.gif HTTP/1.1" 304 - "http://www.markenoele.de/motul-schmierstoffe.html?p=2" "Mozilla/4.0 (compatible; MSIE 8.0; Windows NT 6.0; Trident/4.0; SIMBAR={DBDCBCA7-840E-4B29-98FA-16B3C5EBDF4E}; GTB6.6; SLCC1; .NET CLR 2.0.50727; Media Center PC 5.0; .NET CLR 3.5.30729; .NET CLR 3.0.30729; InfoPath.1; InfoPath.2; .NET4.0C; .NET4.0E)"
95.208.52.15 - - [02/Nov/2010:19:59:38 +0100] "GET /skin/frontend/esso/standard/images/akt-art-sm.png HTTP/1.1" 304 - "http://www.markenoele.de/motul-schmierstoffe.html?p=2" "Mozilla/4.0 (compatible; MSIE 8.0; Windows NT 6.0; Trident/4.0; SIMBAR={DBDCBCA7-840E-4B29-98FA-16B3C5EBDF4E}; GTB6.6; SLCC1; .NET CLR 2.0.50727; Media Center PC 5.0; .NET CLR 3.5.30729; .NET CLR 3.0.30729; InfoPath.1; InfoPath.2; .NET4.0C; .NET4.0E)"
93.130.159.198 - - [02/Nov/2010:19:59:48 +0100] "GET /motul-schmierstoffe.html HTTP/1.1" 200 44457 "http://www.markenoele.de/catalogsearch/result/?q=8100+Eco-nergy+5W-30" "Mozilla/4.0 (compatible; MSIE 8.0; Windows NT 5.1; Trident/4.0; MRSPUTNIK 2, 3, 0, 288; GTB6.5; MRA 5.7 (build 03757))"
93.130.159.198 - - [02/Nov/2010:19:59:51 +0100] "GET /skin/frontend/esso/standard/images/i_pager-next.gif HTTP/1.1" 200 158 "http://www.markenoele.de/motul-schmierstoffe.html" "Mozilla/4.0 (compatible; MSIE 8.0; Windows NT 5.1; Trident/4.0; MRSPUTNIK 2, 3, 0, 288; GTB6.5; MRA 5.7 (build 03757))"
93.130.159.198 - - [02/Nov/2010:19:59:51 +0100] "GET /media/catalog/product/cache/2/small_image/170x/9df78eab33525d08d6e5fb8d27136e95/4/1/4100_power_15w50_1l.jpg HTTP/1.1" 200 7710 "http://www.markenoele.de/motul-schmierstoffe.html" "Mozilla/4.0 (compatible; MSIE 8.0; Windows NT 5.1; Trident/4.0; MRSPUTNIK 2, 3, 0, 288; GTB6.5; MRA 5.7 (build 03757))"
93.130.159.198 - - [02/Nov/2010:19:59:51 +0100] "GET /skin/frontend/esso/standard/images/i_asc_arrow.gif HTTP/1.1" 200 115 "http://www.markenoele.de/motul-schmierstoffe.html" "Mozilla/4.0 (compatible; MSIE 8.0; Windows NT 5.1; Trident/4.0; MRSPUTNIK 2, 3, 0, 288; GTB6.5; MRA 5.7 (build 03757))"
93.130.159.198 - - [02/Nov/2010:19:59:51 +0100] "GET /media/catalog/product/cache/2/small_image/170x/9df78eab33525d08d6e5fb8d27136e95/4/1/4100_power-15w50_5l.jpg HTTP/1.1" 200 8384 "http://www.markenoele.de/motul-schmierstoffe.html" "Mozilla/4.0 (compatible; MSIE 8.0; Windows NT 5.1; Trident/4.0; MRSPUTNIK 2, 3, 0, 288; GTB6.5; MRA 5.7 (build 03757))"
93.130.159.198 - - [02/Nov/2010:19:59:51 +0100] "GET /skin/frontend/esso/standard/images/bkg_toolbar.gif HTTP/1.1" 200 154 "http://www.markenoele.de/motul-schmierstoffe.html" "Mozilla/4.0 (compatible; MSIE 8.0; Windows NT 5.1; Trident/4.0; MRSPUTNIK 2, 3, 0, 288; GTB6.5; MRA 5.7 (build 03757))"
93.130.159.198 - - [02/Nov/2010:19:59:51 +0100] "GET /media/catalog/product/cache/2/small_image/170x/9df78eab33525d08d6e5fb8d27136e95/6/1/6100_synergieplus_10w40_1l.jpg HTTP/1.1" 200 7991 "http://www.markenoele.de/motul-schmierstoffe.html" "Mozilla/4.0 (compatible; MSIE 8.0; Windows NT 5.1; Trident/4.0; MRSPUTNIK 2, 3, 0, 288; GTB6.5; MRA 5.7 (build 03757))"
93.130.159.198 - - [02/Nov/2010:19:59:51 +0100] "GET /media/catalog/product/cache/2/small_image/170x/9df78eab33525d08d6e5fb8d27136e95/6/1/6100_synergieplus_10w40_5l.jpg HTTP/1.1" 200 8701 "http://www.markenoele.de/motul-schmierstoffe.html" "Mozilla/4.0 (compatible; MSIE 8.0; Windows NT 5.1; Trident/4.0; MRSPUTNIK 2, 3, 0, 288; GTB6.5; MRA 5.7 (build 03757))"
93.130.159.198 - - [02/Nov/2010:19:59:51 +0100] "GET /media/catalog/product/cache/2/small_image/170x/9df78eab33525d08d6e5fb8d27136e95/8/1/8100_x-cess_5w40_1l.jpg HTTP/1.1" 200 7747 "http://www.markenoele.de/motul-schmierstoffe.html" "Mozilla/4.0 (compatible; MSIE 8.0; Windows NT 5.1; Trident/4.0; MRSPUTNIK 2, 3, 0, 288; GTB6.5; MRA 5.7 (build 03757))"
93.130.159.198 - - [02/Nov/2010:19:59:51 +0100] "GET /media/catalog/product/cache/2/small_image/170x/9df78eab33525d08d6e5fb8d27136e95/8/1/8100_x-cess_5w40_5l.jpg HTTP/1.1" 200 8326 "http://www.markenoele.de/motul-schmierstoffe.html" "Mozilla/4.0 (compatible; MSIE 8.0; Windows NT 5.1; Trident/4.0; MRSPUTNIK 2, 3, 0, 288; GTB6.5; MRA 5.7 (build 03757))"
93.130.159.198 - - [02/Nov/2010:19:59:51 +0100] "GET /media/catalog/product/cache/2/small_image/170x/9df78eab33525d08d6e5fb8d27136e95/8/1/8100_xclean_5w40_1l.jpg HTTP/1.1" 200 7941 "http://www.markenoele.de/motul-schmierstoffe.html" "Mozilla/4.0 (compatible; MSIE 8.0; Windows NT 5.1; Trident/4.0; MRSPUTNIK 2, 3, 0, 288; GTB6.5; MRA 5.7 (build 03757))"
93.130.159.198 - - [02/Nov/2010:19:59:51 +0100] "GET /media/catalog/product/cache/2/small_image/170x/9df78eab33525d08d6e5fb8d27136e95/8/1/8100_xclean_5w40_5l.jpg HTTP/1.1" 200 8644 "http://www.markenoele.de/motul-schmierstoffe.html" "Mozilla/4.0 (compatible; MSIE 8.0; Windows NT 5.1; Trident/4.0; MRSPUTNIK 2, 3, 0, 288; GTB6.5; MRA 5.7 (build 03757))"
93.130.159.198 - - [02/Nov/2010:19:59:51 +0100] "GET /skin/frontend/esso/standard/images/bkg_btn.png HTTP/1.1" 200 890 "http://www.markenoele.de/motul-schmierstoffe.html" "Mozilla/4.0 (compatible; MSIE 8.0; Windows NT 5.1; Trident/4.0; MRSPUTNIK 2, 3, 0, 288; GTB6.5; MRA 5.7 (build 03757))"
93.130.159.198 - - [02/Nov/2010:19:59:51 +0100] "GET /media/catalog/product/cache/2/small_image/170x/9df78eab33525d08d6e5fb8d27136e95/s/p/specific_cng_lpg_1l.jpg HTTP/1.1" 200 8019 "http://www.markenoele.de/motul-schmierstoffe.html" "Mozilla/4.0 (compatible; MSIE 8.0; Windows NT 5.1; Trident/4.0; MRSPUTNIK 2, 3, 0, 288; GTB6.5; MRA 5.7 (build 03757))"
95.208.52.15 - - [02/Nov/2010:19:59:50 +0100] "GET /motul-schmierstoffe.html?p=3 HTTP/1.1" 200 45657 "http://www.markenoele.de/motul-schmierstoffe.html?p=2" "Mozilla/4.0 (compatible; MSIE 8.0; Windows NT 6.0; Trident/4.0; SIMBAR={DBDCBCA7-840E-4B29-98FA-16B3C5EBDF4E}; GTB6.6; SLCC1; .NET CLR 2.0.50727; Media Center PC 5.0; .NET CLR 3.5.30729; .NET CLR 3.0.30729; InfoPath.1; InfoPath.2; .NET4.0C; .NET4.0E)"
95.208.52.15 - - [02/Nov/2010:19:59:51 +0100] "GET /motul-schmierstoffe.html?p=3 HTTP/1.1" 200 45657 "http://www.markenoele.de/motul-schmierstoffe.html?p=2" "Mozilla/4.0 (compatible; MSIE 8.0; Windows NT 6.0; Trident/4.0; SIMBAR={DBDCBCA7-840E-4B29-98FA-16B3C5EBDF4E}; GTB6.6; SLCC1; .NET CLR 2.0.50727; Media Center PC 5.0; .NET CLR 3.5.30729; .NET CLR 3.0.30729; InfoPath.1; InfoPath.2; .NET4.0C; .NET4.0E)"
95.208.52.15 - - [02/Nov/2010:19:59:55 +0100] "GET /media/catalog/product/cache/2/small_image/170x/9df78eab33525d08d6e5fb8d27136e95/s/p/specific_504-00_507-00_5w30_1l.jpg HTTP/1.1" 304 - "http://www.markenoele.de/motul-schmierstoffe.html?p=3" "Mozilla/4.0 (compatible; MSIE 8.0; Windows NT 6.0; Trident/4.0; SIMBAR={DBDCBCA7-840E-4B29-98FA-16B3C5EBDF4E}; GTB6.6; SLCC1; .NET CLR 2.0.50727; Media Center PC 5.0; .NET CLR 3.5.30729; .NET CLR 3.0.30729; InfoPath.1; InfoPath.2; .NET4.0C; .NET4.0E)"
95.208.52.15 - - [02/Nov/2010:19:59:55 +0100] "GET /media/catalog/product/cache/2/small_image/170x/9df78eab33525d08d6e5fb8d27136e95/s/p/specific_229.51_1l.jpg HTTP/1.1" 304 - "http://www.markenoele.de/motul-schmierstoffe.html?p=3" "Mozilla/4.0 (compatible; MSIE 8.0; Windows NT 6.0; Trident/4.0; SIMBAR={DBDCBCA7-840E-4B29-98FA-16B3C5EBDF4E}; GTB6.6; SLCC1; .NET CLR 2.0.50727; Media Center PC 5.0; .NET CLR 3.5.30729; .NET CLR 3.0.30729; InfoPath.1; InfoPath.2; .NET4.0C; .NET4.0E)"
95.208.52.15 - - [02/Nov/2010:19:59:55 +0100] "GET /media/catalog/product/cache/2/small_image/170x/9df78eab33525d08d6e5fb8d27136e95/s/p/specific_llab025_5w30_5l.jpg HTTP/1.1" 304 - "http://www.markenoele.de/motul-schmierstoffe.html?p=3" "Mozilla/4.0 (compatible; MSIE 8.0; Windows NT 6.0; Trident/4.0; SIMBAR={DBDCBCA7-840E-4B29-98FA-16B3C5EBDF4E}; GTB6.6; SLCC1; .NET CLR 2.0.50727; Media Center PC 5.0; .NET CLR 3.5.30729; .NET CLR 3.0.30729; InfoPath.1; InfoPath.2; .NET4.0C; .NET4.0E)"
95.208.52.15 - - [02/Nov/2010:19:59:55 +0100] "GET /media/catalog/product/cache/2/small_image/170x/9df78eab33525d08d6e5fb8d27136e95/s/p/specific_504-00_507-00_5w30_5l_1.jpg HTTP/1.1" 304 - "http://www.markenoele.de/motul-schmierstoffe.html?p=3" "Mozilla/4.0 (compatible; MSIE 8.0; Windows NT 6.0; Trident/4.0; SIMBAR={DBDCBCA7-840E-4B29-98FA-16B3C5EBDF4E}; GTB6.6; SLCC1; .NET CLR 2.0.50727; Media Center PC 5.0; .NET CLR 3.5.30729; .NET CLR 3.0.30729; InfoPath.1; InfoPath.2; .NET4.0C; .NET4.0E)"
95.208.52.15 - - [02/Nov/2010:19:59:55 +0100] "GET /media/catalog/product/cache/2/small_image/170x/9df78eab33525d08d6e5fb8d27136e95/s/p/specific_506-01_0w30_1l.jpg HTTP/1.1" 304 - "http://www.markenoele.de/motul-schmierstoffe.html?p=3" "Mozilla/4.0 (compatible; MSIE 8.0; Windows NT 6.0; Trident/4.0; SIMBAR={DBDCBCA7-840E-4B29-98FA-16B3C5EBDF4E}; GTB6.6; SLCC1; .NET CLR 2.0.50727; Media Center PC 5.0; .NET CLR 3.5.30729; .NET CLR 3.0.30729; InfoPath.1; InfoPath.2; .NET4.0C; .NET4.0E)"
95.208.52.15 - - [02/Nov/2010:19:59:55 +0100] "GET /media/catalog/product/cache/2/small_image/170x/9df78eab33525d08d6e5fb8d27136e95/s/p/specific_504-00_507-00_5w30_5l.jpg HTTP/1.1" 304 - "http://www.markenoele.de/motul-schmierstoffe.html?p=3" "Mozilla/4.0 (compatible; MSIE 8.0; Windows NT 6.0; Trident/4.0; SIMBAR={DBDCBCA7-840E-4B29-98FA-16B3C5EBDF4E}; GTB6.6; SLCC1; .NET CLR 2.0.50727; Media Center PC 5.0; .NET CLR 3.5.30729; .NET CLR 3.0.30729; InfoPath.1; InfoPath.2; .NET4.0C; .NET4.0E)"
95.208.52.15 - - [02/Nov/2010:19:59:55 +0100] "GET /media/catalog/product/cache/2/small_image/170x/9df78eab33525d08d6e5fb8d27136e95/8/1/8100_xlite_0w30_5l.jpg HTTP/1.1" 304 - "http://www.markenoele.de/motul-schmierstoffe.html?p=3" "Mozilla/4.0 (compatible; MSIE 8.0; Windows NT 6.0; Trident/4.0; SIMBAR={DBDCBCA7-840E-4B29-98FA-16B3C5EBDF4E}; GTB6.6; SLCC1; .NET CLR 2.0.50727; Media Center PC 5.0; .NET CLR 3.5.30729; .NET CLR 3.0.30729; InfoPath.1; InfoPath.2; .NET4.0C; .NET4.0E)"
95.208.52.15 - - [02/Nov/2010:19:59:55 +0100] "GET /media/catalog/product/cache/2/small_image/170x/9df78eab33525d08d6e5fb8d27136e95/g/e/gearbox_1l.jpg HTTP/1.1" 304 - "http://www.markenoele.de/motul-schmierstoffe.html?p=3" "Mozilla/4.0 (compatible; MSIE 8.0; Windows NT 6.0; Trident/4.0; SIMBAR={DBDCBCA7-840E-4B29-98FA-16B3C5EBDF4E}; GTB6.6; SLCC1; .NET CLR 2.0.50727; Media Center PC 5.0; .NET CLR 3.5.30729; .NET CLR 3.0.30729; InfoPath.1; InfoPath.2; .NET4.0C; .NET4.0E)"
95.208.52.15 - - [02/Nov/2010:19:59:55 +0100] "GET /media/catalog/product/cache/2/small_image/170x/9df78eab33525d08d6e5fb8d27136e95/8/1/8100_xlite_0w30_1l.jpg HTTP/1.1" 304 - "http://www.markenoele.de/motul-schmierstoffe.html?p=3" "Mozilla/4.0 (compatible; MSIE 8.0; Windows NT 6.0; Trident/4.0; SIMBAR={DBDCBCA7-840E-4B29-98FA-16B3C5EBDF4E}; GTB6.6; SLCC1; .NET CLR 2.0.50727; Media Center PC 5.0; .NET CLR 3.5.30729; .NET CLR 3.0.30729; InfoPath.1; InfoPath.2; .NET4.0C; .NET4.0E)"
93.130.159.198 - - [02/Nov/2010:19:59:55 +0100] "GET /motul-schmierstoffe/motul-autoschmierstoffe.html HTTP/1.1" 200 46582 "http://www.markenoele.de/motul-schmierstoffe.html" "Mozilla/4.0 (compatible; MSIE 8.0; Windows NT 5.1; Trident/4.0; MRSPUTNIK 2, 3, 0, 288; GTB6.5; MRA 5.7 (build 03757))"
93.130.159.198 - - [02/Nov/2010:20:00:01 +0100] "GET /motul-schmierstoffe/motul-autoschmierstoffe/motul-auto-motorenoel.html HTTP/1.1" 200 48412 "http://www.markenoele.de/motul-schmierstoffe/motul-autoschmierstoffe.html" "Mozilla/4.0 (compatible; MSIE 8.0; Windows NT 5.1; Trident/4.0; MRSPUTNIK 2, 3, 0, 288; GTB6.5; MRA 5.7 (build 03757))"
93.130.159.198 - - [02/Nov/2010:20:00:36 +0100] "GET /motul-schmierstoffe/motul-autoschmierstoffe/motul-auto-motorenoel.html?limit=all HTTP/1.1" 200 91291 "-" "Mozilla/4.0 (compatible; MSIE 8.0; Windows NT 5.1; Trident/4.0; MRSPUTNIK 2, 3, 0, 288; GTB6.5; MRA 5.7 (build 03757))"
93.130.159.198 - - [02/Nov/2010:20:00:39 +0100] "GET /media/catalog/product/cache/2/small_image/170x/9df78eab33525d08d6e5fb8d27136e95/s/p/specific_cng_lpl_5l.jpg HTTP/1.1" 200 9255 "http://www.markenoele.de/motul-schmierstoffe/motul-autoschmierstoffe/motul-auto-motorenoel.html?limit=all" "Mozilla/4.0 (compatible; MSIE 8.0; Windows NT 5.1; Trident/4.0; MRSPUTNIK 2, 3, 0, 288; GTB6.5; MRA 5.7 (build 03757))"
93.130.159.198 - - [02/Nov/2010:20:00:39 +0100] "GET /media/catalog/product/cache/2/small_image/170x/9df78eab33525d08d6e5fb8d27136e95/f/i/file_2.jpg HTTP/1.1" 200 8679 "http://www.markenoele.de/motul-schmierstoffe/motul-autoschmierstoffe/motul-auto-motorenoel.html?limit=all" "Mozilla/4.0 (compatible; MSIE 8.0; Windows NT 5.1; Trident/4.0; MRSPUTNIK 2, 3, 0, 288; GTB6.5; MRA 5.7 (build 03757))"
93.130.159.198 - - [02/Nov/2010:20:00:39 +0100] "GET /media/catalog/product/cache/2/small_image/170x/9df78eab33525d08d6e5fb8d27136e95/8/1/8100_ecocleanplus_5w30_5l.jpg HTTP/1.1" 200 8771 "http://www.markenoele.de/motul-schmierstoffe/motul-autoschmierstoffe/motul-auto-motorenoel.html?limit=all" "Mozilla/4.0 (compatible; MSIE 8.0; Windows NT 5.1; Trident/4.0; MRSPUTNIK 2, 3, 0, 288; GTB6.5; MRA 5.7 (build 03757))"
93.130.159.198 - - [02/Nov/2010:20:00:40 +0100] "GET /media/catalog/product/cache/2/small_image/170x/9df78eab33525d08d6e5fb8d27136e95/8/1/8100_ecocleanplus_5w30_1l.jpg HTTP/1.1" 200 7951 "http://www.markenoele.de/motul-schmierstoffe/motul-autoschmierstoffe/motul-auto-motorenoel.html?limit=all" "Mozilla/4.0 (compatible; MSIE 8.0; Windows NT 5.1; Trident/4.0; MRSPUTNIK 2, 3, 0, 288; GTB6.5; MRA 5.7 (build 03757))"
93.130.159.198 - - [02/Nov/2010:20:00:40 +0100] "GET /media/catalog/product/cache/2/small_image/170x/9df78eab33525d08d6e5fb8d27136e95/8/1/8100_ecoclean_5w30_1l.jpg HTTP/1.1" 200 8026 "http://www.markenoele.de/motul-schmierstoffe/motul-autoschmierstoffe/motul-auto-motorenoel.html?limit=all" "Mozilla/4.0 (compatible; MSIE 8.0; Windows NT 5.1; Trident/4.0; MRSPUTNIK 2, 3, 0, 288; GTB6.5; MRA 5.7 (build 03757))"
93.130.159.198 - - [02/Nov/2010:20:00:40 +0100] "GET /media/catalog/product/cache/2/small_image/170x/9df78eab33525d08d6e5fb8d27136e95/8/1/8100_ecoclean_5w30_5l.jpg HTTP/1.1" 200 8617 "http://www.markenoele.de/motul-schmierstoffe/motul-autoschmierstoffe/motul-auto-motorenoel.html?limit=all" "Mozilla/4.0 (compatible; MSIE 8.0; Windows NT 5.1; Trident/4.0; MRSPUTNIK 2, 3, 0, 288; GTB6.5; MRA 5.7 (build 03757))"
93.130.159.198 - - [02/Nov/2010:20:00:40 +0100] "GET /media/catalog/product/cache/2/small_image/170x/9df78eab33525d08d6e5fb8d27136e95/f/i/file.jpg HTTP/1.1" 200 8178 "http://www.markenoele.de/motul-schmierstoffe/motul-autoschmierstoffe/motul-auto-motorenoel.html?limit=all" "Mozilla/4.0 (compatible; MSIE 8.0; Windows NT 5.1; Trident/4.0; MRSPUTNIK 2, 3, 0, 288; GTB6.5; MRA 5.7 (build 03757))"
93.130.159.198 - - [02/Nov/2010:20:00:40 +0100] "GET /media/catalog/product/cache/2/small_image/170x/9df78eab33525d08d6e5fb8d27136e95/s/p/specific_llab025_5w30_1l.jpg HTTP/1.1" 200 7404 "http://www.markenoele.de/motul-schmierstoffe/motul-autoschmierstoffe/motul-auto-motorenoel.html?limit=all" "Mozilla/4.0 (compatible; MSIE 8.0; Windows NT 5.1; Trident/4.0; MRSPUTNIK 2, 3, 0, 288; GTB6.5; MRA 5.7 (build 03757))"
93.130.159.198 - - [02/Nov/2010:20:00:40 +0100] "GET /media/catalog/product/cache/2/small_image/170x/9df78eab33525d08d6e5fb8d27136e95/s/p/specific_llab025_5w30_5l.jpg HTTP/1.1" 200 8347 "http://www.markenoele.de/motul-schmierstoffe/motul-autoschmierstoffe/motul-auto-motorenoel.html?limit=all" "Mozilla/4.0 (compatible; MSIE 8.0; Windows NT 5.1; Trident/4.0; MRSPUTNIK 2, 3, 0, 288; GTB6.5; MRA 5.7 (build 03757))"
93.130.159.198 - - [02/Nov/2010:20:00:40 +0100] "GET /media/catalog/product/cache/2/small_image/170x/9df78eab33525d08d6e5fb8d27136e95/s/p/specific_504-00_507-00_5w30_1l.jpg HTTP/1.1" 200 7662 "http://www.markenoele.de/motul-schmierstoffe/motul-autoschmierstoffe/motul-auto-motorenoel.html?limit=all" "Mozilla/4.0 (compatible; MSIE 8.0; Windows NT 5.1; Trident/4.0; MRSPUTNIK 2, 3, 0, 288; GTB6.5; MRA 5.7 (build 03757))"
93.130.159.198 - - [02/Nov/2010:20:00:40 +0100] "GET /media/catalog/product/cache/2/small_image/170x/9df78eab33525d08d6e5fb8d27136e95/s/p/specific_504-00_507-00_5w30_5l.jpg HTTP/1.1" 200 9251 "http://www.markenoele.de/motul-schmierstoffe/motul-autoschmierstoffe/motul-auto-motorenoel.html?limit=all" "Mozilla/4.0 (compatible; MSIE 8.0; Windows NT 5.1; Trident/4.0; MRSPUTNIK 2, 3, 0, 288; GTB6.5; MRA 5.7 (build 03757))"
93.130.159.198 - - [02/Nov/2010:20:00:40 +0100] "GET /media/catalog/product/cache/2/small_image/170x/9df78eab33525d08d6e5fb8d27136e95/s/p/specific_229.51_1l.jpg HTTP/1.1" 200 7869 "http://www.markenoele.de/motul-schmierstoffe/motul-autoschmierstoffe/motul-auto-motorenoel.html?limit=all" "Mozilla/4.0 (compatible; MSIE 8.0; Windows NT 5.1; Trident/4.0; MRSPUTNIK 2, 3, 0, 288; GTB6.5; MRA 5.7 (build 03757))"
93.130.159.198 - - [02/Nov/2010:20:00:40 +0100] "GET /media/catalog/product/cache/2/small_image/170x/9df78eab33525d08d6e5fb8d27136e95/s/p/specific_504-00_507-00_5w30_5l_1.jpg HTTP/1.1" 200 9251 "http://www.markenoele.de/motul-schmierstoffe/motul-autoschmierstoffe/motul-auto-motorenoel.html?limit=all" "Mozilla/4.0 (compatible; MSIE 8.0; Windows NT 5.1; Trident/4.0; MRSPUTNIK 2, 3, 0, 288; GTB6.5; MRA 5.7 (build 03757))"
93.130.159.198 - - [02/Nov/2010:20:00:40 +0100] "GET /media/catalog/product/cache/2/small_image/170x/9df78eab33525d08d6e5fb8d27136e95/8/1/8100_xlite_0w30_1l.jpg HTTP/1.1" 200 7990 "http://www.markenoele.de/motul-schmierstoffe/motul-autoschmierstoffe/motul-auto-motorenoel.html?limit=all" "Mozilla/4.0 (compatible; MSIE 8.0; Windows NT 5.1; Trident/4.0; MRSPUTNIK 2, 3, 0, 288; GTB6.5; MRA 5.7 (build 03757))"
93.130.159.198 - - [02/Nov/2010:20:00:40 +0100] "GET /media/catalog/product/cache/2/small_image/170x/9df78eab33525d08d6e5fb8d27136e95/8/1/8100_xlite_0w30_5l.jpg HTTP/1.1" 200 8560 "http://www.markenoele.de/motul-schmierstoffe/motul-autoschmierstoffe/motul-auto-motorenoel.html?limit=all" "Mozilla/4.0 (compatible; MSIE 8.0; Windows NT 5.1; Trident/4.0; MRSPUTNIK 2, 3, 0, 288; GTB6.5; MRA 5.7 (build 03757))"
93.130.159.198 - - [02/Nov/2010:20:00:40 +0100] "GET /media/catalog/product/cache/2/small_image/170x/9df78eab33525d08d6e5fb8d27136e95/8/1/8100_x-clean_c3_5w30_1l_1.jpg HTTP/1.1" 200 8120 "http://www.markenoele.de/motul-schmierstoffe/motul-autoschmierstoffe/motul-auto-motorenoel.html?limit=all" "Mozilla/4.0 (compatible; MSIE 8.0; Windows NT 5.1; Trident/4.0; MRSPUTNIK 2, 3, 0, 288; GTB6.5; MRA 5.7 (build 03757))"
93.130.159.198 - - [02/Nov/2010:20:00:40 +0100] "GET /media/catalog/product/cache/2/small_image/170x/9df78eab33525d08d6e5fb8d27136e95/8/1/8100_x-clean_c3_5w30_5l.jpg HTTP/1.1" 200 8658 "http://www.markenoele.de/motul-schmierstoffe/motul-autoschmierstoffe/motul-auto-motorenoel.html?limit=all" "Mozilla/4.0 (compatible; MSIE 8.0; Windows NT 5.1; Trident/4.0; MRSPUTNIK 2, 3, 0, 288; GTB6.5; MRA 5.7 (build 03757))"
93.130.159.198 - - [02/Nov/2010:20:00:41 +0100] "GET /media/catalog/product/cache/2/small_image/170x/9df78eab33525d08d6e5fb8d27136e95/s/p/specific_913c_5w30_5l.jpg HTTP/1.1" 200 8815 "http://www.markenoele.de/motul-schmierstoffe/motul-autoschmierstoffe/motul-auto-motorenoel.html?limit=all" "Mozilla/4.0 (compatible; MSIE 8.0; Windows NT 5.1; Trident/4.0; MRSPUTNIK 2, 3, 0, 288; GTB6.5; MRA 5.7 (build 03757))"
93.130.159.198 - - [02/Nov/2010:20:00:41 +0100] "GET /media/catalog/product/cache/2/small_image/170x/9df78eab33525d08d6e5fb8d27136e95/s/p/specific_506-01_0w30_1l.jpg HTTP/1.1" 200 7425 "http://www.markenoele.de/motul-schmierstoffe/motul-autoschmierstoffe/motul-auto-motorenoel.html?limit=all" "Mozilla/4.0 (compatible; MSIE 8.0; Windows NT 5.1; Trident/4.0; MRSPUTNIK 2, 3, 0, 288; GTB6.5; MRA 5.7 (build 03757))"
93.130.159.198 - - [02/Nov/2010:20:00:41 +0100] "GET /media/catalog/product/cache/2/small_image/170x/9df78eab33525d08d6e5fb8d27136e95/s/p/specific_913c_5w30_1l.jpg HTTP/1.1" 200 7950 "http://www.markenoele.de/motul-schmierstoffe/motul-autoschmierstoffe/motul-auto-motorenoel.html?limit=all" "Mozilla/4.0 (compatible; MSIE 8.0; Windows NT 5.1; Trident/4.0; MRSPUTNIK 2, 3, 0, 288; GTB6.5; MRA 5.7 (build 03757))"
95.208.52.15 - - [02/Nov/2010:20:00:53 +0100] "GET /motul-schmierstoffe/motul-specific-506-01-506-00-503-00-26.html HTTP/1.1" 200 27729 "http://www.markenoele.de/motul-schmierstoffe.html?p=3" "Mozilla/4.0 (compatible; MSIE 8.0; Windows NT 6.0; Trident/4.0; SIMBAR={DBDCBCA7-840E-4B29-98FA-16B3C5EBDF4E}; GTB6.6; SLCC1; .NET CLR 2.0.50727; Media Center PC 5.0; .NET CLR 3.5.30729; .NET CLR 3.0.30729; InfoPath.1; InfoPath.2; .NET4.0C; .NET4.0E)"
95.208.52.15 - - [02/Nov/2010:20:00:55 +0100] "GET /js/calendar/calendar-win2k-1.css HTTP/1.1" 304 - "http://www.markenoele.de/motul-schmierstoffe/motul-specific-506-01-506-00-503-00-26.html" "Mozilla/4.0 (compatible; MSIE 8.0; Windows NT 6.0; Trident/4.0; SIMBAR={DBDCBCA7-840E-4B29-98FA-16B3C5EBDF4E}; GTB6.6; SLCC1; .NET CLR 2.0.50727; Media Center PC 5.0; .NET CLR 3.5.30729; .NET CLR 3.0.30729; InfoPath.1; InfoPath.2; .NET4.0C; .NET4.0E)"
95.208.52.15 - - [02/Nov/2010:20:00:55 +0100] "GET /skin/frontend/base/default/css/baseprice.css HTTP/1.1" 404 1256 "http://www.markenoele.de/motul-schmierstoffe/motul-specific-506-01-506-00-503-00-26.html" "Mozilla/4.0 (compatible; MSIE 8.0; Windows NT 6.0; Trident/4.0; SIMBAR={DBDCBCA7-840E-4B29-98FA-16B3C5EBDF4E}; GTB6.6; SLCC1; .NET CLR 2.0.50727; Media Center PC 5.0; .NET CLR 3.5.30729; .NET CLR 3.0.30729; InfoPath.1; InfoPath.2; .NET4.0C; .NET4.0E)"
95.208.52.15 - - [02/Nov/2010:20:00:55 +0100] "GET /skin/frontend/esso/standard/js/jquery-1.3.2.min.js HTTP/1.1" 304 - "http://www.markenoele.de/motul-schmierstoffe/motul-specific-506-01-506-00-503-00-26.html" "Mozilla/4.0 (compatible; MSIE 8.0; Windows NT 6.0; Trident/4.0; SIMBAR={DBDCBCA7-840E-4B29-98FA-16B3C5EBDF4E}; GTB6.6; SLCC1; .NET CLR 2.0.50727; Media Center PC 5.0; .NET CLR 3.5.30729; .NET CLR 3.0.30729; InfoPath.1; InfoPath.2; .NET4.0C; .NET4.0E)"
95.208.52.15 - - [02/Nov/2010:20:00:55 +0100] "GET /skin/frontend/esso/standard/css/jqzoom.css HTTP/1.1" 304 - "http://www.markenoele.de/motul-schmierstoffe/motul-specific-506-01-506-00-503-00-26.html" "Mozilla/4.0 (compatible; MSIE 8.0; Windows NT 6.0; Trident/4.0; SIMBAR={DBDCBCA7-840E-4B29-98FA-16B3C5EBDF4E}; GTB6.6; SLCC1; .NET CLR 2.0.50727; Media Center PC 5.0; .NET CLR 3.5.30729; .NET CLR 3.0.30729; InfoPath.1; InfoPath.2; .NET4.0C; .NET4.0E)"
95.208.52.15 - - [02/Nov/2010:20:00:55 +0100] "GET /js/varien/product.js HTTP/1.1" 304 - "http://www.markenoele.de/motul-schmierstoffe/motul-specific-506-01-506-00-503-00-26.html" "Mozilla/4.0 (compatible; MSIE 8.0; Windows NT 6.0; Trident/4.0; SIMBAR={DBDCBCA7-840E-4B29-98FA-16B3C5EBDF4E}; GTB6.6; SLCC1; .NET CLR 2.0.50727; Media Center PC 5.0; .NET CLR 3.5.30729; .NET CLR 3.0.30729; InfoPath.1; InfoPath.2; .NET4.0C; .NET4.0E)"
95.208.52.15 - - [02/Nov/2010:20:00:55 +0100] "GET /skin/frontend/esso/standard/js/jquery.jqzoom.js HTTP/1.1" 304 - "http://www.markenoele.de/motul-schmierstoffe/motul-specific-506-01-506-00-503-00-26.html" "Mozilla/4.0 (compatible; MSIE 8.0; Windows NT 6.0; Trident/4.0; SIMBAR={DBDCBCA7-840E-4B29-98FA-16B3C5EBDF4E}; GTB6.6; SLCC1; .NET CLR 2.0.50727; Media Center PC 5.0; .NET CLR 3.5.30729; .NET CLR 3.0.30729; InfoPath.1; InfoPath.2; .NET4.0C; .NET4.0E)"
95.208.52.15 - - [02/Nov/2010:20:00:55 +0100] "GET /skin/frontend/esso/standard/js/effects.scale.js HTTP/1.1" 304 - "http://www.markenoele.de/motul-schmierstoffe/motul-specific-506-01-506-00-503-00-26.html" "Mozilla/4.0 (compatible; MSIE 8.0; Windows NT 6.0; Trident/4.0; SIMBAR={DBDCBCA7-840E-4B29-98FA-16B3C5EBDF4E}; GTB6.6; SLCC1; .NET CLR 2.0.50727; Media Center PC 5.0; .NET CLR 3.5.30729; .NET CLR 3.0.30729; InfoPath.1; InfoPath.2; .NET4.0C; .NET4.0E)"
95.208.52.15 - - [02/Nov/2010:20:00:55 +0100] "GET /js/calendar/calendar.js HTTP/1.1" 304 - "http://www.markenoele.de/motul-schmierstoffe/motul-specific-506-01-506-00-503-00-26.html" "Mozilla/4.0 (compatible; MSIE 8.0; Windows NT 6.0; Trident/4.0; SIMBAR={DBDCBCA7-840E-4B29-98FA-16B3C5EBDF4E}; GTB6.6; SLCC1; .NET CLR 2.0.50727; Media Center PC 5.0; .NET CLR 3.5.30729; .NET CLR 3.0.30729; InfoPath.1; InfoPath.2; .NET4.0C; .NET4.0E)"
95.208.52.15 - - [02/Nov/2010:20:00:55 +0100] "GET /js/calendar/calendar-setup.js HTTP/1.1" 304 - "http://www.markenoele.de/motul-schmierstoffe/motul-specific-506-01-506-00-503-00-26.html" "Mozilla/4.0 (compatible; MSIE 8.0; Windows NT 6.0; Trident/4.0; SIMBAR={DBDCBCA7-840E-4B29-98FA-16B3C5EBDF4E}; GTB6.6; SLCC1; .NET CLR 2.0.50727; Media Center PC 5.0; .NET CLR 3.5.30729; .NET CLR 3.0.30729; InfoPath.1; InfoPath.2; .NET4.0C; .NET4.0E)"
95.208.52.15 - - [02/Nov/2010:20:00:55 +0100] "GET /skin/frontend/esso/standard/js/effects.core.js HTTP/1.1" 304 - "http://www.markenoele.de/motul-schmierstoffe/motul-specific-506-01-506-00-503-00-26.html" "Mozilla/4.0 (compatible; MSIE 8.0; Windows NT 6.0; Trident/4.0; SIMBAR={DBDCBCA7-840E-4B29-98FA-16B3C5EBDF4E}; GTB6.6; SLCC1; .NET CLR 2.0.50727; Media Center PC 5.0; .NET CLR 3.5.30729; .NET CLR 3.0.30729; InfoPath.1; InfoPath.2; .NET4.0C; .NET4.0E)"
95.208.52.15 - - [02/Nov/2010:20:00:55 +0100] "GET /media/catalog/product/cache/2/thumbnail2/250x250/9df78eab33525d08d6e5fb8d27136e95/s/p/specific_504-00_507-00_5w30_5l_1.jpg HTTP/1.1" 200 16668 "http://www.markenoele.de/motul-schmierstoffe/motul-specific-506-01-506-00-503-00-26.html" "Mozilla/4.0 (compatible; MSIE 8.0; Windows NT 6.0; Trident/4.0; SIMBAR={DBDCBCA7-840E-4B29-98FA-16B3C5EBDF4E}; GTB6.6; SLCC1; .NET CLR 2.0.50727; Media Center PC 5.0; .NET CLR 3.5.30729; .NET CLR 3.0.30729; InfoPath.1; InfoPath.2; .NET4.0C; .NET4.0E)"
95.208.52.15 - - [02/Nov/2010:20:00:55 +0100] "GET /skin/frontend/esso/standard/images/bkg_tabs.gif HTTP/1.1" 304 - "http://www.markenoele.de/motul-schmierstoffe/motul-specific-506-01-506-00-503-00-26.html" "Mozilla/4.0 (compatible; MSIE 8.0; Windows NT 6.0; Trident/4.0; SIMBAR={DBDCBCA7-840E-4B29-98FA-16B3C5EBDF4E}; GTB6.6; SLCC1; .NET CLR 2.0.50727; Media Center PC 5.0; .NET CLR 3.5.30729; .NET CLR 3.0.30729; InfoPath.1; InfoPath.2; .NET4.0C; .NET4.0E)"
95.208.52.15 - - [02/Nov/2010:20:00:55 +0100] "GET /media/catalog/product/s/p/specific_504-00_507-00_5w30_5l_1.jpg HTTP/1.1" 200 1040417 "http://www.markenoele.de/motul-schmierstoffe/motul-specific-506-01-506-00-503-00-26.html" "Mozilla/4.0 (compatible; MSIE 8.0; Windows NT 6.0; Trident/4.0; SIMBAR={DBDCBCA7-840E-4B29-98FA-16B3C5EBDF4E}; GTB6.6; SLCC1; .NET CLR 2.0.50727; Media Center PC 5.0; .NET CLR 3.5.30729; .NET CLR 3.0.30729; InfoPath.1; InfoPath.2; .NET4.0C; .NET4.0E)"
95.208.52.15 - - [02/Nov/2010:20:01:08 +0100] "GET /skin/frontend/esso/standard/images/jqzoon_lens.png HTTP/1.1" 404 1256 "http://www.markenoele.de/motul-schmierstoffe/motul-specific-506-01-506-00-503-00-26.html" "Mozilla/4.0 (compatible; MSIE 8.0; Windows NT 6.0; Trident/4.0; SIMBAR={DBDCBCA7-840E-4B29-98FA-16B3C5EBDF4E}; GTB6.6; SLCC1; .NET CLR 2.0.50727; Media Center PC 5.0; .NET CLR 3.5.30729; .NET CLR 3.0.30729; InfoPath.1; InfoPath.2; .NET4.0C; .NET4.0E)"
95.208.52.15 - - [02/Nov/2010:20:01:26 +0100] "GET /skin/frontend/esso/standard/images/jqzoon_lens.png HTTP/1.1" 404 1256 "http://www.markenoele.de/motul-schmierstoffe/motul-specific-506-01-506-00-503-00-26.html" "Mozilla/4.0 (compatible; MSIE 8.0; Windows NT 6.0; Trident/4.0; SIMBAR={DBDCBCA7-840E-4B29-98FA-16B3C5EBDF4E}; GTB6.6; SLCC1; .NET CLR 2.0.50727; Media Center PC 5.0; .NET CLR 3.5.30729; .NET CLR 3.0.30729; InfoPath.1; InfoPath.2; .NET4.0C; .NET4.0E)"
95.208.52.15 - - [02/Nov/2010:20:01:33 +0100] "GET /motul-schmierstoffe.html?p=3 HTTP/1.1" 200 45657 "http://www.markenoele.de/motul-schmierstoffe.html?p=2" "Mozilla/4.0 (compatible; MSIE 8.0; Windows NT 6.0; Trident/4.0; SIMBAR={DBDCBCA7-840E-4B29-98FA-16B3C5EBDF4E}; GTB6.6; SLCC1; .NET CLR 2.0.50727; Media Center PC 5.0; .NET CLR 3.5.30729; .NET CLR 3.0.30729; InfoPath.1; InfoPath.2; .NET4.0C; .NET4.0E)"
95.208.52.15 - - [02/Nov/2010:20:01:48 +0100] "GET /motul-schmierstoffe/motul-8100-x-lite-28.html HTTP/1.1" 200 27015 "http://www.markenoele.de/motul-schmierstoffe.html?p=3" "Mozilla/4.0 (compatible; MSIE 8.0; Windows NT 6.0; Trident/4.0; SIMBAR={DBDCBCA7-840E-4B29-98FA-16B3C5EBDF4E}; GTB6.6; SLCC1; .NET CLR 2.0.50727; Media Center PC 5.0; .NET CLR 3.5.30729; .NET CLR 3.0.30729; InfoPath.1; InfoPath.2; .NET4.0C; .NET4.0E)"
95.208.52.15 - - [02/Nov/2010:20:01:50 +0100] "GET /skin/frontend/base/default/css/baseprice.css HTTP/1.1" 404 1256 "http://www.markenoele.de/motul-schmierstoffe/motul-8100-x-lite-28.html" "Mozilla/4.0 (compatible; MSIE 8.0; Windows NT 6.0; Trident/4.0; SIMBAR={DBDCBCA7-840E-4B29-98FA-16B3C5EBDF4E}; GTB6.6; SLCC1; .NET CLR 2.0.50727; Media Center PC 5.0; .NET CLR 3.5.30729; .NET CLR 3.0.30729; InfoPath.1; InfoPath.2; .NET4.0C; .NET4.0E)"
95.208.52.15 - - [02/Nov/2010:20:01:50 +0100] "GET /media/catalog/product/cache/2/thumbnail2/250x250/9df78eab33525d08d6e5fb8d27136e95/8/1/8100_xlite_0w30_5l.jpg HTTP/1.1" 200 15199 "http://www.markenoele.de/motul-schmierstoffe/motul-8100-x-lite-28.html" "Mozilla/4.0 (compatible; MSIE 8.0; Windows NT 6.0; Trident/4.0; SIMBAR={DBDCBCA7-840E-4B29-98FA-16B3C5EBDF4E}; GTB6.6; SLCC1; .NET CLR 2.0.50727; Media Center PC 5.0; .NET CLR 3.5.30729; .NET CLR 3.0.30729; InfoPath.1; InfoPath.2; .NET4.0C; .NET4.0E)"
95.208.52.15 - - [02/Nov/2010:20:01:50 +0100] "GET /media/catalog/product/8/1/8100_xlite_0w30_5l.jpg HTTP/1.1" 200 3126217 "http://www.markenoele.de/motul-schmierstoffe/motul-8100-x-lite-28.html" "Mozilla/4.0 (compatible; MSIE 8.0; Windows NT 6.0; Trident/4.0; SIMBAR={DBDCBCA7-840E-4B29-98FA-16B3C5EBDF4E}; GTB6.6; SLCC1; .NET CLR 2.0.50727; Media Center PC 5.0; .NET CLR 3.5.30729; .NET CLR 3.0.30729; InfoPath.1; InfoPath.2; .NET4.0C; .NET4.0E)"
95.208.52.15 - - [02/Nov/2010:20:02:11 +0100] "GET /motul-schmierstoffe.html?p=2 HTTP/1.1" 200 45619 "http://www.markenoele.de/motul-schmierstoffe.html?p=1" "Mozilla/4.0 (compatible; MSIE 8.0; Windows NT 6.0; Trident/4.0; SIMBAR={DBDCBCA7-840E-4B29-98FA-16B3C5EBDF4E}; GTB6.6; SLCC1; .NET CLR 2.0.50727; Media Center PC 5.0; .NET CLR 3.5.30729; .NET CLR 3.0.30729; InfoPath.1; InfoPath.2; .NET4.0C; .NET4.0E)"
95.208.52.15 - - [02/Nov/2010:20:02:15 +0100] "GET /motul-schmierstoffe.html?p=1 HTTP/1.1" 200 44533 "http://www.markenoele.de/motul-schmierstoffe.html?p=2" "Mozilla/4.0 (compatible; MSIE 8.0; Windows NT 6.0; Trident/4.0; SIMBAR={DBDCBCA7-840E-4B29-98FA-16B3C5EBDF4E}; GTB6.6; SLCC1; .NET CLR 2.0.50727; Media Center PC 5.0; .NET CLR 3.5.30729; .NET CLR 3.0.30729; InfoPath.1; InfoPath.2; .NET4.0C; .NET4.0E)"
95.208.52.15 - - [02/Nov/2010:20:02:15 +0100] "GET /motul-schmierstoffe.html?p=2 HTTP/1.1" 200 45619 "http://www.markenoele.de/motul-schmierstoffe.html?p=1" "Mozilla/4.0 (compatible; MSIE 8.0; Windows NT 6.0; Trident/4.0; SIMBAR={DBDCBCA7-840E-4B29-98FA-16B3C5EBDF4E}; GTB6.6; SLCC1; .NET CLR 2.0.50727; Media Center PC 5.0; .NET CLR 3.5.30729; .NET CLR 3.0.30729; InfoPath.1; InfoPath.2; .NET4.0C; .NET4.0E)"
95.208.52.15 - - [02/Nov/2010:20:02:22 +0100] "GET /motul-schmierstoffe/motul-specific-cng-lpg-5l.html HTTP/1.1" 200 27376 "http://www.markenoele.de/motul-schmierstoffe.html?p=2" "Mozilla/4.0 (compatible; MSIE 8.0; Windows NT 6.0; Trident/4.0; SIMBAR={DBDCBCA7-840E-4B29-98FA-16B3C5EBDF4E}; GTB6.6; SLCC1; .NET CLR 2.0.50727; Media Center PC 5.0; .NET CLR 3.5.30729; .NET CLR 3.0.30729; InfoPath.1; InfoPath.2; .NET4.0C; .NET4.0E)"
95.208.52.15 - - [02/Nov/2010:20:02:24 +0100] "GET /skin/frontend/base/default/css/baseprice.css HTTP/1.1" 404 1256 "http://www.markenoele.de/motul-schmierstoffe/motul-specific-cng-lpg-5l.html" "Mozilla/4.0 (compatible; MSIE 8.0; Windows NT 6.0; Trident/4.0; SIMBAR={DBDCBCA7-840E-4B29-98FA-16B3C5EBDF4E}; GTB6.6; SLCC1; .NET CLR 2.0.50727; Media Center PC 5.0; .NET CLR 3.5.30729; .NET CLR 3.0.30729; InfoPath.1; InfoPath.2; .NET4.0C; .NET4.0E)"
95.208.52.15 - - [02/Nov/2010:20:02:24 +0100] "GET /media/catalog/product/cache/2/thumbnail2/250x250/9df78eab33525d08d6e5fb8d27136e95/s/p/specific_cng_lpl_5l.jpg HTTP/1.1" 200 16357 "http://www.markenoele.de/motul-schmierstoffe/motul-specific-cng-lpg-5l.html" "Mozilla/4.0 (compatible; MSIE 8.0; Windows NT 6.0; Trident/4.0; SIMBAR={DBDCBCA7-840E-4B29-98FA-16B3C5EBDF4E}; GTB6.6; SLCC1; .NET CLR 2.0.50727; Media Center PC 5.0; .NET CLR 3.5.30729; .NET CLR 3.0.30729; InfoPath.1; InfoPath.2; .NET4.0C; .NET4.0E)"
