91.102.136.106 - - [21/Jan/2013:07:36:42 +0100] "GET /redesign/img/bg_foot.gif HTTP/1.0" 200 286 "http://www.prokommunal.com/" "Mozilla/4.0 (compatible; MSIE 8.0; Windows NT 5.1; Trident/4.0; .NET CLR 2.0.50727; .NET CLR 3.0.4506.2152; .NET CLR 3.5.30729)"
91.102.136.106 - - [21/Jan/2013:07:36:42 +0100] "GET /favicon.ico HTTP/1.0" 200 894 "-" "Mozilla/4.0 (compatible; MSIE 8.0; Windows NT 5.1; Trident/4.0; .NET CLR 2.0.50727; .NET CLR 3.0.4506.2152; .NET CLR 3.5.30729)"
91.102.136.106 - - [21/Jan/2013:07:36:46 +0100] "GET /seiten/service.htm HTTP/1.0" 200 9959 "http://www.prokommunal.com/" "Mozilla/4.0 (compatible; MSIE 8.0; Windows NT 5.1; Trident/4.0; .NET CLR 2.0.50727; .NET CLR 3.0.4506.2152; .NET CLR 3.5.30729)"
91.102.136.106 - - [21/Jan/2013:07:36:47 +0100] "GET /img/top.gif HTTP/1.0" 200 96 "http://www.prokommunal.com/seiten/service.htm" "Mozilla/4.0 (compatible; MSIE 8.0; Windows NT 5.1; Trident/4.0; .NET CLR 2.0.50727; .NET CLR 3.0.4506.2152; .NET CLR 3.5.30729)"
91.102.136.106 - - [21/Jan/2013:07:36:47 +0100] "GET /img/men_01.jpg HTTP/1.0" 200 713 "http://www.prokommunal.com/seiten/service.htm" "Mozilla/4.0 (compatible; MSIE 8.0; Windows NT 5.1; Trident/4.0; .NET CLR 2.0.50727; .NET CLR 3.0.4506.2152; .NET CLR 3.5.30729)"
91.102.136.106 - - [21/Jan/2013:07:36:47 +0100] "GET /redesign/img/term.jpg HTTP/1.0" 200 498 "http://www.prokommunal.com/seiten/service.htm" "Mozilla/4.0 (compatible; MSIE 8.0; Windows NT 5.1; Trident/4.0; .NET CLR 2.0.50727; .NET CLR 3.0.4506.2152; .NET CLR 3.5.30729)"
91.102.136.106 - - [21/Jan/2013:07:36:48 +0100] "GET /seiten/produkte.htm HTTP/1.0" 200 9105 "http://www.prokommunal.com/seiten/service.htm" "Mozilla/4.0 (compatible; MSIE 8.0; Windows NT 5.1; Trident/4.0; .NET CLR 2.0.50727; .NET CLR 3.0.4506.2152; .NET CLR 3.5.30729)"
91.102.136.106 - - [21/Jan/2013:07:36:49 +0100] "GET /img/1px_tr.gif HTTP/1.0" 200 43 "http://www.prokommunal.com/seiten/produkte.htm" "Mozilla/4.0 (compatible; MSIE 8.0; Windows NT 5.1; Trident/4.0; .NET CLR 2.0.50727; .NET CLR 3.0.4506.2152; .NET CLR 3.5.30729)"
91.102.136.106 - - [21/Jan/2013:07:36:51 +0100] "GET /seiten/fsw.htm HTTP/1.0" 200 9961 "http://www.prokommunal.com/seiten/produkte.htm" "Mozilla/4.0 (compatible; MSIE 8.0; Windows NT 5.1; Trident/4.0; .NET CLR 2.0.50727; .NET CLR 3.0.4506.2152; .NET CLR 3.5.30729)"
91.102.136.106 - - [21/Jan/2013:07:36:51 +0100] "GET /img/fsw.jpg HTTP/1.0" 200 10878 "http://www.prokommunal.com/seiten/fsw.htm" "Mozilla/4.0 (compatible; MSIE 8.0; Windows NT 5.1; Trident/4.0; .NET CLR 2.0.50727; .NET CLR 3.0.4506.2152; .NET CLR 3.5.30729)"
37.4.180.195 - - [21/Jan/2013:07:37:28 +0100] "GET /gast-fsw/v5_update1024-akt.zip HTTP/1.0" 200 1462197 "-" "Mozilla/4.0 (compatible; MSIE 8.0; Windows NT 5.1; Trident/4.0; InfoPath.1; .NET CLR 2.0.50727; .NET CLR 3.0.4506.2152; .NET CLR 3.5.30729; .NET4.0C; .NET4.0E)"
195.145.188.42 - - [21/Jan/2013:07:38:01 +0100] "GET /gast-fsw/v5_update1024-akt.zip HTTP/1.1" 200 1462197 "-" "Mozilla/4.0 (compatible; MSIE 8.0; Windows NT 5.1; Trident/4.0; .NET CLR 2.0.50727)"
195.191.14.88 - - [21/Jan/2013:07:38:37 +0100] "GET /gast-fsw/v5_update1024-akt.zip HTTP/1.0" 200 1462197 "http://www.prokommunal.com/gast-fsw/v5_update1024-akt.zip" "Mozilla/5.0 (Windows NT 6.1; rv:16.0) Gecko/20100101 Firefox/16.0"
213.206.191.98 - - [21/Jan/2013:07:38:50 +0100] "GET /gast-fsw/v5_update1024-akt.zip HTTP/1.0" 200 1462197 "-" "Mozilla/4.0 (compatible; MSIE 8.0; Windows NT 5.1; Trident/4.0; .NET CLR 2.0.50727; .NET CLR 3.0.4506.2152; .NET CLR 3.5.30729; .NET4.0C; .NET4.0E)"
194.76.64.12 - - [21/Jan/2013:07:41:17 +0100] "GET /gast-fsw/v5_update1024-akt.zip HTTP/1.1" 200 1462197 "-" "Mozilla/4.0 (compatible; MSIE 8.0; Windows NT 6.1; Trident/4.0; SLCC2; .NET CLR 2.0.50727; .NET CLR 3.5.30729; .NET CLR 3.0.30729; Media Center PC 6.0; .NET4.0C; .NET4.0E)"
195.191.14.88 - - [21/Jan/2013:07:40:51 +0100] "GET /gast-fsw/fsw_v50.zip HTTP/1.0" 200 23283128 "-" "Mozilla/5.0 (Windows NT 6.1; WOW64) AppleWebKit/537.17 (KHTML, like Gecko) Chrome/24.0.1312.52 Safari/537.17"
62.176.236.4 - - [21/Jan/2013:07:42:35 +0100] "GET /gast-fsw/v5_update1024-akt.zip HTTP/1.1" 200 1462197 "-" "Mozilla/5.0 (compatible; MSIE 9.0; Windows NT 6.1; Trident/5.0)"
195.243.129.130 - - [21/Jan/2013:07:42:39 +0100] "GET /gast-fsw/v5_update1024-akt.zip HTTP/1.1" 200 1462197 "-" "Mozilla/4.0 (compatible; MSIE 8.0; Windows NT 6.1; WOW64; Trident/4.0; SLCC2; .NET CLR 2.0.50727; .NET CLR 3.5.30729; .NET CLR 3.0.30729; .NET4.0C; .NET4.0E; InfoPath.1)"
141.8.147.1 - - [21/Jan/2013:07:42:43 +0100] "GET /seiten/term13.pdf HTTP/1.1" 304 - "-" "Mozilla/5.0 (compatible; YandexBot/3.0; +http://yandex.com/bots)"
213.139.155.194 - - [21/Jan/2013:07:42:49 +0100] "GET /gast-fsw/v5_update1024-akt.zip HTTP/1.0" 200 1462197 "-" "Mozilla/5.0 (Windows NT 5.1; rv:17.0) Gecko/20100101 Firefox/17.0"
83.243.48.3 - - [21/Jan/2013:07:43:34 +0100] "GET /gast-fsw/fsw_v50.zip HTTP/1.1" 200 23283128 "-" "Mozilla/4.0 (compatible; MSIE 8.0; Windows NT 6.1; Trident/4.0; SLCC2; .NET CLR 2.0.50727; .NET CLR 3.5.30729; .NET CLR 3.0.30729; Media Center PC 6.0; .NET4.0C; .NET4.0E; Tablet PC 2.0)"
150.70.172.208 - - [21/Jan/2013:07:43:55 +0100] "GET /gast-fsw/v5_update1024-akt.zip HTTP/1.0" 200 1462197 "-" "Mozilla/4.0 (compatible; MSIE 6.0; Windows NT 5.1)"
37.140.141.34 - - [21/Jan/2013:07:44:03 +0100] "GET /robots.txt HTTP/1.1" 404 1256 "-" "Mozilla/5.0 (compatible; YandexImages/3.0; +http://yandex.com/bots)"
80.228.30.101 - - [21/Jan/2013:07:45:07 +0100] "GET /gast-fsw/v5_update1024-akt.zip HTTP/1.1" 200 1462197 "-" "Mozilla/5.0 (compatible; MSIE 9.0; Windows NT 6.1; Trident/5.0)"
91.97.237.133 - - [21/Jan/2013:07:45:47 +0100] "GET /gast-fsw/v5_update1024-akt.zip HTTP/1.1" 200 1462197 "-" "Mozilla/5.0 (Windows NT 5.1; rv:17.0) Gecko/20100101 Firefox/17.0"
134.76.251.125 - - [21/Jan/2013:07:46:04 +0100] "GET /gast-fsw/v5_update1024-akt.zip HTTP/1.0" 200 1462197 "-" "Mozilla/5.0 (Windows NT 6.1; WOW64) AppleWebKit/537.17 (KHTML, like Gecko) Chrome/24.0.1312.52 Safari/537.17"
84.191.74.247 - - [21/Jan/2013:07:46:56 +0100] "GET /gast-fsw/v5_update1024-akt.zip HTTP/1.0" 200 1462197 "-" "Mozilla/5.0 (Windows NT 5.1; rv:18.0) Gecko/20100101 Firefox/18.0"
31.13.169.132 - - [21/Jan/2013:07:48:11 +0100] "GET /gast-fsw/v5_update1024-akt.zip HTTP/1.1" 200 1462197 "-" "Mozilla/5.0 (compatible; MSIE 9.0; Windows NT 6.1; WOW64; Trident/5.0)"
195.191.14.88 - - [21/Jan/2013:07:49:01 +0100] "GET /gast-fsw/v5_update1024-akt.zip HTTP/1.0" 200 1462197 "-" "Mozilla/4.0 (compatible; MSIE 8.0; Windows NT 6.1; WOW64; Trident/4.0; GTB7.0; SLCC2; .NET CLR 2.0.50727; .NET CLR 3.5.30729; .NET CLR 3.0.30729; Media Center PC 6.0; InfoPath.3; .NET4.0C; .NET4.0E; AskTbORJ/5.15.4.23821)"
213.252.170.225 - - [21/Jan/2013:07:49:27 +0100] "GET /gast-fsw/v5_update1024-akt.zip HTTP/1.1" 200 1462197 "-" "Mozilla/5.0 (Windows NT 6.1; WOW64; rv:18.0) Gecko/20100101 Firefox/18.0"
87.139.86.47 - - [21/Jan/2013:07:51:09 +0100] "GET /gast-fsw/v5_update1024-akt.zip HTTP/1.1" 200 1462197 "-" "Mozilla/5.0 (compatible; MSIE 9.0; Windows NT 6.1; Trident/5.0)"
194.25.108.80 - - [21/Jan/2013:07:51:19 +0100] "GET /gast-fsw/v5_update1024-akt.zip HTTP/1.0" 200 1462197 "-" "Mozilla/5.0 (compatible; MSIE 9.0; Windows NT 6.1; WOW64; Trident/5.0)"
157.55.32.86 - - [21/Jan/2013:07:52:40 +0100] "GET /robots.txt HTTP/1.1" 404 1256 "-" "Mozilla/5.0 (compatible; bingbot/2.0; +http://www.bing.com/bingbot.htm)"
90.153.10.34 - - [21/Jan/2013:07:53:24 +0100] "GET /gast-fsw/v5_update1024-akt.zip HTTP/1.1" 200 1462197 "-" "Mozilla/5.0 (Windows NT 5.1; rv:18.0) Gecko/20100101 Firefox/18.0"
90.153.10.34 - - [21/Jan/2013:07:53:53 +0100] "GET /gast-fsw/v5_update1024-akt.zip HTTP/1.1" 200 1462197 "-" "Mozilla/5.0 (Windows NT 5.1; rv:18.0) Gecko/20100101 Firefox/18.0"
157.55.32.86 - - [21/Jan/2013:07:54:58 +0100] "GET /seiten/kontroll.htm HTTP/1.1" 304 - "-" "Mozilla/5.0 (compatible; bingbot/2.0; +http://www.bing.com/bingbot.htm)"
89.182.6.31 - - [21/Jan/2013:07:55:08 +0100] "GET /favicon.ico HTTP/1.1" 200 894 "-" "Mozilla/5.0 (Windows NT 5.1; rv:17.0) Gecko/20100101 Firefox/17.0"
217.92.13.206 - - [21/Jan/2013:07:54:42 +0100] "GET /gast-fsw/v5_update1024-akt.zip HTTP/1.0" 200 1462197 "-" "Mozilla/4.0 (compatible; MSIE 8.0; Windows NT 5.1; Trident/4.0; .NET CLR 2.0.50727; .NET CLR 3.0.4506.2152; .NET CLR 3.5.30729; .NET4.0C; .NET4.0E)"
217.70.160.234 - - [21/Jan/2013:07:55:25 +0100] "GET /gast-fsw/v5_update1024-akt.zip HTTP/1.0" 200 1462197 "-" "Mozilla/4.0 (compatible; MSIE 8.0; Windows NT 5.1; Trident/4.0; .NET CLR 2.0.50727; .NET CLR 1.1.4322; .NET CLR 3.0.4506.2152; .NET CLR 3.5.30729)"
91.102.136.106 - - [21/Jan/2013:07:57:38 +0100] "GET /gast-fsw/v5_update1024-akt.zip HTTP/1.0" 200 1462197 "-" "Mozilla/5.0 (Windows NT 6.1; rv:18.0) Gecko/20100101 Firefox/18.0"
88.79.117.86 - - [21/Jan/2013:07:58:29 +0100] "GET /gast-fsw/v5_update1024-akt.zip HTTP/1.1" 200 1462197 "-" "Mozilla/5.0 (Windows NT 5.2; WOW64; rv:18.0) Gecko/20100101 Firefox/18.0"
91.102.136.106 - - [21/Jan/2013:07:59:08 +0100] "GET /seiten/kontakt.php HTTP/1.0" 200 12788 "-" "Mozilla/5.0 (Windows NT 6.1; rv:18.0) Gecko/20100101 Firefox/18.0"
213.206.191.98 - - [21/Jan/2013:08:00:52 +0100] "GET /gast-fsw/v5_update1024-akt.zip HTTP/1.1" 200 1462197 "-" "Mozilla/5.0 (Windows NT 6.1; WOW64; rv:18.0) Gecko/20100101 Firefox/18.0"
91.63.14.92 - - [21/Jan/2013:08:02:25 +0100] "GET /gast-fsw/v5_update1024-akt.zip HTTP/1.1" 200 1462197 "-" "Mozilla/5.0 (Windows NT 5.1; rv:18.0) Gecko/20100101 Firefox/18.0"
91.63.14.92 - - [21/Jan/2013:08:03:47 +0100] "GET /gast-fsw/v5_update1024-akt.zip HTTP/1.1" 200 1462197 "-" "Mozilla/5.0 (Windows NT 5.1; rv:18.0) Gecko/20100101 Firefox/18.0"
192.166.87.126 - - [21/Jan/2013:08:03:55 +0100] "GET /gast-fsw/v5_update1024-akt.zip HTTP/1.1" 200 1462197 "-" "Mozilla/5.0 (Windows NT 5.1; rv:17.0) Gecko/20100101 Firefox/17.0"
192.166.87.126 - - [21/Jan/2013:08:03:56 +0100] "GET /gast-fsw/v5_update1024-akt.zip HTTP/1.1" 200 1462197 "-" "Mozilla/5.0 (Windows NT 5.1; rv:17.0) Gecko/20100101 Firefox/17.0"
217.70.160.234 - - [21/Jan/2013:08:04:00 +0100] "GET /gast-fsw/v5_update1024-akt.zip HTTP/1.0" 304 - "-" "Mozilla/4.0 (compatible; MSIE 8.0; Windows NT 5.1; Trident/4.0; .NET CLR 2.0.50727; .NET CLR 1.1.4322; .NET CLR 3.0.4506.2152; .NET CLR 3.5.30729)"
83.243.48.3 - - [21/Jan/2013:08:04:48 +0100] "GET /gast-fsw/v5_update1024-akt.zip HTTP/1.1" 304 - "-" "Mozilla/4.0 (compatible; MSIE 8.0; Windows NT 5.1; Trident/4.0; .NET CLR 2.0.50727; .NET CLR 3.0.4506.2152; .NET CLR 3.5.30729; .NET CLR 1.1.4322; .NET4.0C; .NET4.0E)"
62.159.208.171 - - [21/Jan/2013:08:05:31 +0100] "GET /gast-fsw/v5_update1024-akt.zip HTTP/1.0" 200 1462197 "-" "Mozilla/5.0 (compatible; MSIE 9.0; Windows NT 6.1; WOW64; Trident/5.0; .)"
217.24.204.81 - - [21/Jan/2013:08:13:09 +0100] "GET / HTTP/1.1" 200 7903 "http://www.google.de/url?sa=t&rct=j&q=prokommunal&source=web&cd=1&sqi=2&ved=0CDAQFjAA&url=http%3A%2F%2Fwww.prokommunal.com%2F&ei=J-r8UMqAF4jKtAb60YDoDw&usg=AFQjCNF5ZvO5ecR3rprSCB3llFRGksZz8A&bvm=bv.41248874,d.Yms" "Mozilla/5.0 (compatible; MSIE 9.0; Windows NT 6.1; WOW64; Trident/5.0)"
217.24.204.81 - - [21/Jan/2013:08:13:10 +0100] "GET /scripte/basics.js HTTP/1.1" 200 198 "http://www.prokommunal.com/" "Mozilla/5.0 (compatible; MSIE 9.0; Windows NT 6.1; WOW64; Trident/5.0)"
217.24.204.81 - - [21/Jan/2013:08:13:10 +0100] "GET /css/style.css HTTP/1.1" 200 3549 "http://www.prokommunal.com/" "Mozilla/5.0 (compatible; MSIE 9.0; Windows NT 6.1; WOW64; Trident/5.0)"
217.24.204.81 - - [21/Jan/2013:08:13:10 +0100] "GET /img/head01.jpg HTTP/1.1" 200 6350 "http://www.prokommunal.com/" "Mozilla/5.0 (compatible; MSIE 9.0; Windows NT 6.1; WOW64; Trident/5.0)"
217.24.204.81 - - [21/Jan/2013:08:13:10 +0100] "GET /img/head02.jpg HTTP/1.1" 200 4929 "http://www.prokommunal.com/" "Mozilla/5.0 (compatible; MSIE 9.0; Windows NT 6.1; WOW64; Trident/5.0)"
217.24.204.81 - - [21/Jan/2013:08:13:10 +0100] "GET /img/head03.jpg HTTP/1.1" 200 7610 "http://www.prokommunal.com/" "Mozilla/5.0 (compatible; MSIE 9.0; Windows NT 6.1; WOW64; Trident/5.0)"
217.24.204.81 - - [21/Jan/2013:08:13:10 +0100] "GET /redesign/img/bg_foot.gif HTTP/1.1" 200 286 "http://www.prokommunal.com/" "Mozilla/5.0 (compatible; MSIE 9.0; Windows NT 6.1; WOW64; Trident/5.0)"
217.24.204.81 - - [21/Jan/2013:08:13:10 +0100] "GET /redesign/img/bg_gelb.jpg HTTP/1.1" 200 368 "http://www.prokommunal.com/" "Mozilla/5.0 (compatible; MSIE 9.0; Windows NT 6.1; WOW64; Trident/5.0)"
217.24.204.81 - - [21/Jan/2013:08:13:10 +0100] "GET /favicon.ico HTTP/1.1" 200 894 "-" "Mozilla/5.0 (compatible; MSIE 9.0; Windows NT 6.1; WOW64; Trident/5.0)"
217.24.204.81 - - [21/Jan/2013:08:13:13 +0100] "GET /seiten/kontakt.php HTTP/1.1" 200 12788 "http://www.prokommunal.com/" "Mozilla/5.0 (compatible; MSIE 9.0; Windows NT 6.1; WOW64; Trident/5.0)"
217.24.204.81 - - [21/Jan/2013:08:13:13 +0100] "GET /img/1px_tr.gif HTTP/1.1" 200 43 "http://www.prokommunal.com/seiten/kontakt.php" "Mozilla/5.0 (compatible; MSIE 9.0; Windows NT 6.1; WOW64; Trident/5.0)"
217.24.204.81 - - [21/Jan/2013:08:13:13 +0100] "GET /img/top.gif HTTP/1.1" 200 96 "http://www.prokommunal.com/seiten/kontakt.php" "Mozilla/5.0 (compatible; MSIE 9.0; Windows NT 6.1; WOW64; Trident/5.0)"
217.24.204.81 - - [21/Jan/2013:08:13:13 +0100] "GET /img/1px_tr.gif HTTP/1.1" 200 43 "http://www.prokommunal.com/seiten/kontakt.php" "Mozilla/5.0 (compatible; MSIE 9.0; Windows NT 6.1; WOW64; Trident/5.0)"
217.24.204.81 - - [21/Jan/2013:08:13:13 +0100] "GET /img/top.gif HTTP/1.1" 200 96 "http://www.prokommunal.com/seiten/kontakt.php" "Mozilla/5.0 (compatible; MSIE 9.0; Windows NT 6.1; WOW64; Trident/5.0)"
217.24.204.81 - - [21/Jan/2013:08:13:13 +0100] "GET /img/men_01.jpg HTTP/1.1" 200 713 "http://www.prokommunal.com/seiten/kontakt.php" "Mozilla/5.0 (compatible; MSIE 9.0; Windows NT 6.1; WOW64; Trident/5.0)"
217.24.204.81 - - [21/Jan/2013:08:13:31 +0100] "GET /seiten/impr.htm HTTP/1.1" 200 8696 "http://www.prokommunal.com/seiten/kontakt.php" "Mozilla/5.0 (compatible; MSIE 9.0; Windows NT 6.1; WOW64; Trident/5.0)"
217.24.204.81 - - [21/Jan/2013:08:13:46 +0100] "GET /seiten/service.htm HTTP/1.1" 200 9959 "http://www.prokommunal.com/seiten/impr.htm" "Mozilla/5.0 (compatible; MSIE 9.0; Windows NT 6.1; WOW64; Trident/5.0)"
217.24.204.81 - - [21/Jan/2013:08:13:46 +0100] "GET /redesign/img/term.jpg HTTP/1.1" 200 498 "http://www.prokommunal.com/seiten/service.htm" "Mozilla/5.0 (compatible; MSIE 9.0; Windows NT 6.1; WOW64; Trident/5.0)"
217.24.204.81 - - [21/Jan/2013:08:13:56 +0100] "GET /seiten/produkte.htm HTTP/1.1" 200 9105 "http://www.prokommunal.com/seiten/service.htm" "Mozilla/5.0 (compatible; MSIE 9.0; Windows NT 6.1; WOW64; Trident/5.0)"
217.24.204.81 - - [21/Jan/2013:08:14:01 +0100] "GET /seiten/fsw.htm HTTP/1.1" 200 9961 "http://www.prokommunal.com/seiten/produkte.htm" "Mozilla/5.0 (compatible; MSIE 9.0; Windows NT 6.1; WOW64; Trident/5.0)"
217.24.204.81 - - [21/Jan/2013:08:14:01 +0100] "GET /img/fsw.jpg HTTP/1.1" 200 10878 "http://www.prokommunal.com/seiten/fsw.htm" "Mozilla/5.0 (compatible; MSIE 9.0; Windows NT 6.1; WOW64; Trident/5.0)"
217.24.204.81 - - [21/Jan/2013:08:14:02 +0100] "GET /img/fsw.jpg HTTP/1.1" 200 10878 "http://www.prokommunal.com/seiten/fsw.htm" "Mozilla/5.0 (compatible; MSIE 9.0; Windows NT 6.1; WOW64; Trident/5.0)"
195.243.129.130 - - [21/Jan/2013:08:14:06 +0100] "GET /gast-fsw/v5_update1024-akt.zip HTTP/1.1" 200 1462197 "-" "Mozilla/4.0 (compatible; MSIE 8.0; Windows NT 5.2; Trident/4.0; .NET CLR 1.1.4322; .NET CLR 2.0.50727; .NET CLR 3.0.4506.2152; .NET CLR 3.5.30729; .NET4.0C; .NET4.0E)"
217.24.204.81 - - [21/Jan/2013:08:14:11 +0100] "GET /seiten/partner.htm HTTP/1.1" 200 9458 "http://www.prokommunal.com/seiten/fsw.htm" "Mozilla/5.0 (compatible; MSIE 9.0; Windows NT 6.1; WOW64; Trident/5.0)"
217.24.204.81 - - [21/Jan/2013:08:14:11 +0100] "GET /img/hsh.jpg HTTP/1.1" 200 5007 "http://www.prokommunal.com/seiten/partner.htm" "Mozilla/5.0 (compatible; MSIE 9.0; Windows NT 6.1; WOW64; Trident/5.0)"
217.24.204.81 - - [21/Jan/2013:08:14:11 +0100] "GET /img/hh.jpg HTTP/1.1" 200 5817 "http://www.prokommunal.com/seiten/partner.htm" "Mozilla/5.0 (compatible; MSIE 9.0; Windows NT 6.1; WOW64; Trident/5.0)"
217.24.204.81 - - [21/Jan/2013:08:14:11 +0100] "GET /img/hsh.jpg HTTP/1.1" 200 5007 "http://www.prokommunal.com/seiten/partner.htm" "Mozilla/5.0 (compatible; MSIE 9.0; Windows NT 6.1; WOW64; Trident/5.0)"
217.24.204.81 - - [21/Jan/2013:08:14:11 +0100] "GET /img/komfa1_s.jpg HTTP/1.1" 404 1256 "http://www.prokommunal.com/seiten/partner.htm" "Mozilla/5.0 (compatible; MSIE 9.0; Windows NT 6.1; WOW64; Trident/5.0)"
217.24.204.81 - - [21/Jan/2013:08:14:11 +0100] "GET /img/databund.jpg HTTP/1.1" 404 1256 "http://www.prokommunal.com/seiten/partner.htm" "Mozilla/5.0 (compatible; MSIE 9.0; Windows NT 6.1; WOW64; Trident/5.0)"
217.24.204.81 - - [21/Jan/2013:08:14:11 +0100] "GET /img/gz.jpg HTTP/1.1" 200 7757 "http://www.prokommunal.com/seiten/partner.htm" "Mozilla/5.0 (compatible; MSIE 9.0; Windows NT 6.1; WOW64; Trident/5.0)"
217.24.204.81 - - [21/Jan/2013:08:14:11 +0100] "GET /img/hk.jpg HTTP/1.1" 200 4852 "http://www.prokommunal.com/seiten/partner.htm" "Mozilla/5.0 (compatible; MSIE 9.0; Windows NT 6.1; WOW64; Trident/5.0)"
217.24.204.81 - - [21/Jan/2013:08:14:14 +0100] "GET /seiten/referenzen.htm HTTP/1.1" 200 40249 "http://www.prokommunal.com/seiten/partner.htm" "Mozilla/5.0 (compatible; MSIE 9.0; Windows NT 6.1; WOW64; Trident/5.0)"
217.24.204.81 - - [21/Jan/2013:08:14:19 +0100] "GET /seiten/service.htm HTTP/1.1" 304 - "http://www.prokommunal.com/seiten/referenzen.htm" "Mozilla/5.0 (compatible; MSIE 9.0; Windows NT 6.1; WOW64; Trident/5.0)"
217.24.204.81 - - [21/Jan/2013:08:14:29 +0100] "GET /seiten/kontakt.php HTTP/1.1" 200 12788 "http://www.prokommunal.com/seiten/service.htm" "Mozilla/5.0 (compatible; MSIE 9.0; Windows NT 6.1; WOW64; Trident/5.0)"
83.243.48.3 - - [21/Jan/2013:08:15:11 +0100] "GET /gast-fsw/v5_update1024-akt.zip HTTP/1.1" 304 - "-" "Mozilla/5.0 (compatible; MSIE 9.0; Windows NT 6.1; Trident/5.0)"
217.24.204.81 - - [21/Jan/2013:08:15:36 +0100] "GET /seiten/impr.htm HTTP/1.1" 304 - "http://www.prokommunal.com/seiten/kontakt.php" "Mozilla/5.0 (compatible; MSIE 9.0; Windows NT 6.1; WOW64; Trident/5.0)"
37.4.180.195 - - [21/Jan/2013:08:19:49 +0100] "GET /gast-fsw/fsw_v50.zip HTTP/1.0" 200 23283128 "-" "Mozilla/4.0 (compatible; MSIE 8.0; Windows NT 5.1; Trident/4.0; InfoPath.1; .NET CLR 2.0.50727; .NET CLR 3.0.4506.2152; .NET CLR 3.5.30729; .NET4.0C; .NET4.0E)"
37.4.180.195 - - [21/Jan/2013:08:20:24 +0100] "GET /gast-fsw/fsw_v50.zip HTTP/1.0" 200 23283128 "-" "Mozilla/4.0 (compatible; MSIE 8.0; Windows NT 5.1; Trident/4.0; InfoPath.1; .NET CLR 2.0.50727; .NET CLR 3.0.4506.2152; .NET CLR 3.5.30729; .NET4.0C; .NET4.0E)"
83.243.48.3 - - [21/Jan/2013:08:22:16 +0100] "GET /gast-fsw/v5_update1024-akt.zip HTTP/1.1" 304 - "-" "Mozilla/4.0 (compatible; MSIE 8.0; Windows NT 5.1; Trident/4.0; .NET CLR 2.0.50727; .NET CLR 3.0.4506.2152; .NET CLR 3.5.30729; .NET4.0C; .NET4.0E)"
217.243.167.132 - - [21/Jan/2013:08:24:51 +0100] "GET /gast-fsw/v5_update1024-akt.zip HTTP/1.0" 200 1462197 "-" "Mozilla/5.0 (Windows NT 5.1; rv:18.0) Gecko/20100101 Firefox/18.0"
217.243.167.132 - - [21/Jan/2013:08:25:41 +0100] "GET /gast-fsw/v5_update1024-akt.zip HTTP/1.0" 200 1462197 "-" "Mozilla/5.0 (Windows NT 5.1; rv:18.0) Gecko/20100101 Firefox/18.0"
5.9.143.180 - - [21/Jan/2013:08:26:09 +0100] "GET /seiten/databund.html HTTP/1.1" 200 9125 "http://www.prokommunal.com/" "Mozilla/5.0 (Windows NT 5.1; rv:5.0.1) Gecko/20100101 Firefox/5.0.1"
83.243.48.3 - - [21/Jan/2013:08:27:33 +0100] "GET /gast-fsw/v5_update1024-akt.zip HTTP/1.1" 304 - "-" "Mozilla/4.0 (compatible; MSIE 8.0; Windows NT 5.1; Trident/4.0; .NET CLR 2.0.50727; .NET CLR 3.0.4506.2152; .NET CLR 3.5.30729; .NET4.0C; .NET4.0E)"
194.25.108.80 - - [21/Jan/2013:08:30:50 +0100] "GET /gast-fsw/v5_update1024-akt.zip HTTP/1.0" 200 1462197 "-" "Mozilla/5.0 (compatible; MSIE 9.0; Windows NT 6.1; WOW64; Trident/5.0)"
91.102.136.106 - - [21/Jan/2013:08:32:20 +0100] "GET /gast-fsw/v5_update1024-akt.zip HTTP/1.0" 200 1462197 "-" "Mozilla/5.0 (Windows NT 6.1; rv:18.0) Gecko/20100101 Firefox/18.0"
95.88.104.239 - - [21/Jan/2013:08:33:18 +0100] "GET /gast-fsw/v5_update1024-akt.zip HTTP/1.1" 200 1462197 "-" "Mozilla/5.0 (compatible; MSIE 9.0; Windows NT 6.1; Trident/5.0)"
195.37.228.153 - - [21/Jan/2013:08:33:54 +0100] "GET /gast-fsw/v5_update1024-akt.zip HTTP/1.0" 200 1462197 "-" "Mozilla/5.0 (compatible; MSIE 9.0; Windows NT 6.1; Trident/5.0)"
95.88.104.239 - - [21/Jan/2013:08:35:15 +0100] "GET /gast-fsw/v5_update1024-akt.zip HTTP/1.1" 200 1462197 "-" "Mozilla/5.0 (compatible; MSIE 10.0; Windows NT 6.2; Trident/6.0)"
213.168.210.75 - - [21/Jan/2013:08:35:29 +0100] "GET /gast-fsw/ HTTP/1.1" 403 1222 "-" "Mozilla/4.0 (compatible; MSIE 8.0; Windows NT 5.1; Trident/4.0; .NET CLR 2.0.50727; .NET4.0C; .NET4.0E; .NET CLR 3.0.4506.2152; .NET CLR 3.5.30729)"
83.243.48.3 - - [21/Jan/2013:08:35:34 +0100] "GET /gast-fsw/v5_update1024-akt.zip HTTP/1.1" 304 - "-" "Mozilla/5.0 (compatible; MSIE 9.0; Windows NT 6.1; Trident/5.0)"
95.88.104.239 - - [21/Jan/2013:08:35:53 +0100] "GET /gast-fsw/v5_update1024-akt.zip HTTP/1.1" 200 1462197 "-" "Mozilla/4.0 (compatible; MSIE 8.0; Windows NT 5.1; Trident/4.0; .NET CLR 1.1.4322; .NET CLR 2.0.50727; .NET CLR 3.0.4506.2152; .NET CLR 3.5.30729; InfoPath.3)"
95.88.104.239 - - [21/Jan/2013:08:37:26 +0100] "GET /gast-fsw/v5_update1024-akt.zip HTTP/1.0" 200 1462197 "-" "Mozilla/4.0 (compatible; MSIE 8.0; Windows NT 5.1; Trident/4.0; GTB7.4; .NET CLR 1.1.4322; .NET CLR 2.0.50727; .NET CLR 3.0.4506.2152; .NET CLR 3.5.30729; InfoPath.3)"
95.88.104.239 - - [21/Jan/2013:08:38:05 +0100] "GET /gast-fsw/v5_update1024-akt.zip HTTP/1.0" 200 1462197 "-" "Mozilla/4.0 (compatible; MSIE 8.0; Windows NT 5.1; Trident/4.0; .NET CLR 1.1.4322; .NET CLR 2.0.50727; .NET CLR 3.0.4506.2152; .NET CLR 3.5.30729; InfoPath.3)"
195.243.129.130 - - [21/Jan/2013:08:38:19 +0100] "GET /gast-fsw/v5_update1024-akt.zip HTTP/1.1" 200 1462197 "-" "Mozilla/4.0 (compatible; MSIE 8.0; Windows NT 5.1; Trident/4.0)"
31.13.169.132 - - [21/Jan/2013:08:41:53 +0100] "GET /gast-fsw/v5_update1024-akt.zip HTTP/1.1" 200 1462197 "-" "Mozilla/5.0 (compatible; MSIE 9.0; Windows NT 6.1; WOW64; Trident/5.0)"
194.25.168.146 - - [21/Jan/2013:08:50:14 +0100] "GET /gast-fsw/v5_update1024-akt.zip HTTP/1.1" 200 1462197 "-" "Mozilla/4.0 (compatible; MSIE 8.0; Windows NT 5.1; Trident/4.0; InfoPath.1; .NET CLR 2.0.50727; .NET CLR 3.0.04506.30; .NET CLR 3.0.4506.2152; .NET CLR 3.5.30729)"
195.138.51.10 - - [21/Jan/2013:08:51:49 +0100] "GET / HTTP/1.0" 200 7903 "-" "Mozilla/4.0 (compatible; MSIE 7.0; Windows NT 5.1; .NET CLR 1.1.4322; .NET CLR 2.0.50727; IE7-Package by dosys.; IE7-Package by dosys.)"
195.138.51.10 - - [21/Jan/2013:08:51:49 +0100] "GET /scripte/basics.js HTTP/1.0" 200 198 "http://www.prokommunal.com/" "Mozilla/4.0 (compatible; MSIE 7.0; Windows NT 5.1; .NET CLR 1.1.4322; .NET CLR 2.0.50727; IE7-Package by dosys.; IE7-Package by dosys.)"
195.138.51.10 - - [21/Jan/2013:08:51:49 +0100] "GET /css/style.css HTTP/1.0" 200 3549 "http://www.prokommunal.com/" "Mozilla/4.0 (compatible; MSIE 7.0; Windows NT 5.1; .NET CLR 1.1.4322; .NET CLR 2.0.50727; IE7-Package by dosys.; IE7-Package by dosys.)"
195.138.51.10 - - [21/Jan/2013:08:51:49 +0100] "GET /img/head02.jpg HTTP/1.0" 200 4929 "http://www.prokommunal.com/" "Mozilla/4.0 (compatible; MSIE 7.0; Windows NT 5.1; .NET CLR 1.1.4322; .NET CLR 2.0.50727; IE7-Package by dosys.; IE7-Package by dosys.)"
195.138.51.10 - - [21/Jan/2013:08:51:49 +0100] "GET /img/head01.jpg HTTP/1.0" 200 6350 "http://www.prokommunal.com/" "Mozilla/4.0 (compatible; MSIE 7.0; Windows NT 5.1; .NET CLR 1.1.4322; .NET CLR 2.0.50727; IE7-Package by dosys.; IE7-Package by dosys.)"
195.138.51.10 - - [21/Jan/2013:08:51:49 +0100] "GET /img/head03.jpg HTTP/1.0" 200 7610 "http://www.prokommunal.com/" "Mozilla/4.0 (compatible; MSIE 7.0; Windows NT 5.1; .NET CLR 1.1.4322; .NET CLR 2.0.50727; IE7-Package by dosys.; IE7-Package by dosys.)"
195.138.51.10 - - [21/Jan/2013:08:51:49 +0100] "GET /redesign/img/bg_gelb.jpg HTTP/1.0" 200 368 "http://www.prokommunal.com/" "Mozilla/4.0 (compatible; MSIE 7.0; Windows NT 5.1; .NET CLR 1.1.4322; .NET CLR 2.0.50727; IE7-Package by dosys.; IE7-Package by dosys.)"
195.138.51.10 - - [21/Jan/2013:08:51:49 +0100] "GET /redesign/img/bg_foot.gif HTTP/1.0" 200 286 "http://www.prokommunal.com/" "Mozilla/4.0 (compatible; MSIE 7.0; Windows NT 5.1; .NET CLR 1.1.4322; .NET CLR 2.0.50727; IE7-Package by dosys.; IE7-Package by dosys.)"
195.138.51.10 - - [21/Jan/2013:08:51:49 +0100] "GET /favicon.ico HTTP/1.0" 200 894 "-" "Mozilla/4.0 (compatible; MSIE 7.0; Windows NT 5.1; .NET CLR 1.1.4322; .NET CLR 2.0.50727; IE7-Package by dosys.; IE7-Package by dosys.)"
195.138.51.10 - - [21/Jan/2013:08:51:52 +0100] "GET /seiten/service.htm HTTP/1.0" 200 9959 "http://www.prokommunal.com/" "Mozilla/4.0 (compatible; MSIE 7.0; Windows NT 5.1; .NET CLR 1.1.4322; .NET CLR 2.0.50727; IE7-Package by dosys.; IE7-Package by dosys.)"
195.138.51.10 - - [21/Jan/2013:08:51:52 +0100] "GET /img/men_01.jpg HTTP/1.0" 200 713 "http://www.prokommunal.com/seiten/service.htm" "Mozilla/4.0 (compatible; MSIE 7.0; Windows NT 5.1; .NET CLR 1.1.4322; .NET CLR 2.0.50727; IE7-Package by dosys.; IE7-Package by dosys.)"
195.138.51.10 - - [21/Jan/2013:08:51:52 +0100] "GET /redesign/img/term.jpg HTTP/1.0" 200 498 "http://www.prokommunal.com/seiten/service.htm" "Mozilla/4.0 (compatible; MSIE 7.0; Windows NT 5.1; .NET CLR 1.1.4322; .NET CLR 2.0.50727; IE7-Package by dosys.; IE7-Package by dosys.)"
195.138.51.10 - - [21/Jan/2013:08:51:52 +0100] "GET /img/top.gif HTTP/1.0" 200 96 "http://www.prokommunal.com/seiten/service.htm" "Mozilla/4.0 (compatible; MSIE 7.0; Windows NT 5.1; .NET CLR 1.1.4322; .NET CLR 2.0.50727; IE7-Package by dosys.; IE7-Package by dosys.)"
195.138.51.10 - - [21/Jan/2013:08:51:54 +0100] "GET /seiten/kontakt.php HTTP/1.0" 200 12788 "http://www.prokommunal.com/seiten/service.htm" "Mozilla/4.0 (compatible; MSIE 7.0; Windows NT 5.1; .NET CLR 1.1.4322; .NET CLR 2.0.50727; IE7-Package by dosys.; IE7-Package by dosys.)"
195.138.51.10 - - [21/Jan/2013:08:51:54 +0100] "GET /img/1px_tr.gif HTTP/1.0" 200 43 "http://www.prokommunal.com/seiten/kontakt.php" "Mozilla/4.0 (compatible; MSIE 7.0; Windows NT 5.1; .NET CLR 1.1.4322; .NET CLR 2.0.50727; IE7-Package by dosys.; IE7-Package by dosys.)"
217.13.171.250 - - [21/Jan/2013:08:52:57 +0100] "GET /gast-fsw/v5_update1024-akt.zip HTTP/1.1" 200 1462197 "-" "Mozilla/4.0 (compatible; MSIE 8.0; Windows NT 6.1; Trident/4.0; SLCC2; .NET CLR 2.0.50727; .NET CLR 3.5.30729; .NET CLR 3.0.30729; Media Center PC 6.0; .NET4.0C; .NET4.0E)"
195.145.223.83 - - [21/Jan/2013:08:59:01 +0100] "GET /seiten/kontakt.php HTTP/1.1" 200 12788 "-" "Mozilla/4.0 (compatible; MSIE 8.0; Windows NT 5.1; Trident/4.0; GTB7.4; .NET CLR 2.0.50727; .NET4.0C; AskTbORJ/5.15.2.23037; .NET4.0E; InfoPath.1)"
195.145.223.83 - - [21/Jan/2013:08:59:02 +0100] "GET /css/style.css HTTP/1.1" 200 3549 "http://www.prokommunal.com/seiten/kontakt.php" "Mozilla/4.0 (compatible; MSIE 8.0; Windows NT 5.1; Trident/4.0; GTB7.4; .NET CLR 2.0.50727; .NET4.0C; AskTbORJ/5.15.2.23037; .NET4.0E; InfoPath.1)"
195.145.223.83 - - [21/Jan/2013:08:59:02 +0100] "GET /scripte/basics.js HTTP/1.1" 200 198 "http://www.prokommunal.com/seiten/kontakt.php" "Mozilla/4.0 (compatible; MSIE 8.0; Windows NT 5.1; Trident/4.0; GTB7.4; .NET CLR 2.0.50727; .NET4.0C; AskTbORJ/5.15.2.23037; .NET4.0E; InfoPath.1)"
195.145.223.83 - - [21/Jan/2013:08:59:02 +0100] "GET /img/head02.jpg HTTP/1.1" 200 4929 "http://www.prokommunal.com/seiten/kontakt.php" "Mozilla/4.0 (compatible; MSIE 8.0; Windows NT 5.1; Trident/4.0; GTB7.4; .NET CLR 2.0.50727; .NET4.0C; AskTbORJ/5.15.2.23037; .NET4.0E; InfoPath.1)"
195.145.223.83 - - [21/Jan/2013:08:59:02 +0100] "GET /img/head01.jpg HTTP/1.1" 200 6350 "http://www.prokommunal.com/seiten/kontakt.php" "Mozilla/4.0 (compatible; MSIE 8.0; Windows NT 5.1; Trident/4.0; GTB7.4; .NET CLR 2.0.50727; .NET4.0C; AskTbORJ/5.15.2.23037; .NET4.0E; InfoPath.1)"
195.145.223.83 - - [21/Jan/2013:08:59:02 +0100] "GET /img/1px_tr.gif HTTP/1.1" 200 43 "http://www.prokommunal.com/seiten/kontakt.php" "Mozilla/4.0 (compatible; MSIE 8.0; Windows NT 5.1; Trident/4.0; GTB7.4; .NET CLR 2.0.50727; .NET4.0C; AskTbORJ/5.15.2.23037; .NET4.0E; InfoPath.1)"
195.145.223.83 - - [21/Jan/2013:08:59:02 +0100] "GET /redesign/img/bg_gelb.jpg HTTP/1.1" 200 368 "http://www.prokommunal.com/seiten/kontakt.php" "Mozilla/4.0 (compatible; MSIE 8.0; Windows NT 5.1; Trident/4.0; GTB7.4; .NET CLR 2.0.50727; .NET4.0C; AskTbORJ/5.15.2.23037; .NET4.0E; InfoPath.1)"
195.145.223.83 - - [21/Jan/2013:08:59:02 +0100] "GET /redesign/img/bg_foot.gif HTTP/1.1" 200 286 "http://www.prokommunal.com/seiten/kontakt.php" "Mozilla/4.0 (compatible; MSIE 8.0; Windows NT 5.1; Trident/4.0; GTB7.4; .NET CLR 2.0.50727; .NET4.0C; AskTbORJ/5.15.2.23037; .NET4.0E; InfoPath.1)"
195.145.223.83 - - [21/Jan/2013:08:59:02 +0100] "GET /img/head03.jpg HTTP/1.1" 200 7610 "http://www.prokommunal.com/seiten/kontakt.php" "Mozilla/4.0 (compatible; MSIE 8.0; Windows NT 5.1; Trident/4.0; GTB7.4; .NET CLR 2.0.50727; .NET4.0C; AskTbORJ/5.15.2.23037; .NET4.0E; InfoPath.1)"
195.145.223.83 - - [21/Jan/2013:08:59:02 +0100] "GET /img/top.gif HTTP/1.1" 200 96 "http://www.prokommunal.com/seiten/kontakt.php" "Mozilla/4.0 (compatible; MSIE 8.0; Windows NT 5.1; Trident/4.0; GTB7.4; .NET CLR 2.0.50727; .NET4.0C; AskTbORJ/5.15.2.23037; .NET4.0E; InfoPath.1)"
195.145.223.83 - - [21/Jan/2013:08:59:02 +0100] "GET /img/men_01.jpg HTTP/1.1" 200 713 "http://www.prokommunal.com/seiten/kontakt.php" "Mozilla/4.0 (compatible; MSIE 8.0; Windows NT 5.1; Trident/4.0; GTB7.4; .NET CLR 2.0.50727; .NET4.0C; AskTbORJ/5.15.2.23037; .NET4.0E; InfoPath.1)"
195.145.223.83 - - [21/Jan/2013:08:59:03 +0100] "GET /favicon.ico HTTP/1.1" 200 894 "-" "Mozilla/4.0 (compatible; MSIE 8.0; Windows NT 5.1; Trident/4.0; GTB7.4; .NET CLR 2.0.50727; .NET4.0C; AskTbORJ/5.15.2.23037; .NET4.0E; InfoPath.1)"
217.7.17.164 - - [21/Jan/2013:09:01:13 +0100] "GET /gast-fsw/v5_update1024-akt.zip HTTP/1.1" 304 - "-" "Mozilla/4.0 (compatible; MSIE 7.0; Windows NT 5.2; .NET CLR 1.1.4322; .NET CLR 2.0.50727; .NET CLR 3.0.04506.30; .NET CLR 3.0.4506.2152; .NET CLR 3.5.30729; .NET4.0C; .NET4.0E; KDN)"
195.145.223.83 - - [21/Jan/2013:09:01:19 +0100] "POST /seiten/intern/log_check.php HTTP/1.1" 302 - "http://www.prokommunal.com/seiten/kontakt.php" "Mozilla/4.0 (compatible; MSIE 8.0; Windows NT 5.1; Trident/4.0; GTB7.4; .NET CLR 2.0.50727; .NET4.0C; AskTbORJ/5.15.2.23037; .NET4.0E; InfoPath.1)"
195.145.223.83 - - [21/Jan/2013:09:01:19 +0100] "GET /seiten/intern/login.php HTTP/1.1" 200 5707 "http://www.prokommunal.com/seiten/kontakt.php" "Mozilla/4.0 (compatible; MSIE 8.0; Windows NT 5.1; Trident/4.0; GTB7.4; .NET CLR 2.0.50727; .NET4.0C; AskTbORJ/5.15.2.23037; .NET4.0E; InfoPath.1)"
195.145.223.83 - - [21/Jan/2013:09:01:27 +0100] "GET /seiten/intern/login3.php?id=20 HTTP/1.1" 200 5269 "http://www.prokommunal.com/seiten/intern/login.php" "Mozilla/4.0 (compatible; MSIE 8.0; Windows NT 5.1; Trident/4.0; GTB7.4; .NET CLR 2.0.50727; .NET4.0C; AskTbORJ/5.15.2.23037; .NET4.0E; InfoPath.1)"
195.145.223.83 - - [21/Jan/2013:09:01:44 +0100] "GET /news_file/dokumentation_fsw.zip HTTP/1.1" 200 13705962 "http://www.prokommunal.com/seiten/intern/login3.php?id=20" "Mozilla/4.0 (compatible; MSIE 8.0; Windows NT 5.1; Trident/4.0; GTB7.4; .NET CLR 2.0.50727; .NET4.0C; AskTbORJ/5.15.2.23037; .NET4.0E; InfoPath.1)"
213.168.210.75 - - [21/Jan/2013:09:02:50 +0100] "GET /gast-fsw/v5_update1024-akt.zip HTTP/1.1" 200 1462197 "-" "Mozilla/4.0 (compatible; MSIE 8.0; Windows NT 6.0; Trident/4.0; SLCC1; .NET CLR 2.0.50727; .NET CLR 3.5.30729; .NET4.0C; .NET4.0E; .NET CLR 3.0.30729; InfoPath.3)"
195.145.223.83 - - [21/Jan/2013:09:03:15 +0100] "GET /seiten/intern/login.php HTTP/1.1" 200 5707 "http://www.prokommunal.com/seiten/intern/login3.php?id=20" "Mozilla/4.0 (compatible; MSIE 8.0; Windows NT 5.1; Trident/4.0; GTB7.4; .NET CLR 2.0.50727; .NET4.0C; AskTbORJ/5.15.2.23037; .NET4.0E; InfoPath.1)"
217.13.171.250 - - [21/Jan/2013:09:04:43 +0100] "GET /gast-fsw/v5_update1024-akt.zip HTTP/1.1" 304 - "-" "Mozilla/4.0 (compatible; MSIE 8.0; Windows NT 6.1; Trident/4.0; SLCC2; .NET CLR 2.0.50727; .NET CLR 3.5.30729; .NET CLR 3.0.30729; Media Center PC 6.0; .NET4.0C; .NET CLR 1.1.4322; .NET4.0E)"
195.145.223.83 - - [21/Jan/2013:09:05:25 +0100] "GET /seiten/intern/login3.php?id=20 HTTP/1.1" 200 5269 "http://www.prokommunal.com/seiten/intern/login.php" "Mozilla/4.0 (compatible; MSIE 8.0; Windows NT 5.1; Trident/4.0; GTB7.4; .NET CLR 2.0.50727; .NET4.0C; AskTbORJ/5.15.2.23037; .NET4.0E; InfoPath.1)"
195.145.223.83 - - [21/Jan/2013:09:05:26 +0100] "GET /seiten/intern/login.php HTTP/1.1" 200 5707 "http://www.prokommunal.com/seiten/kontakt.php" "Mozilla/4.0 (compatible; MSIE 8.0; Windows NT 5.1; Trident/4.0; GTB7.4; .NET CLR 2.0.50727; .NET4.0C; AskTbORJ/5.15.2.23037; .NET4.0E; InfoPath.1)"
195.145.223.83 - - [21/Jan/2013:09:06:04 +0100] "POST /seiten/intern/log_check.php HTTP/1.1" 302 - "http://www.prokommunal.com/seiten/kontakt.php" "Mozilla/4.0 (compatible; MSIE 8.0; Windows NT 5.1; Trident/4.0; GTB7.4; .NET CLR 2.0.50727; .NET4.0C; AskTbORJ/5.15.2.23037; .NET4.0E; InfoPath.1)"
195.145.223.83 - - [21/Jan/2013:09:06:04 +0100] "GET /seiten/intern/login.php HTTP/1.1" 200 5707 "http://www.prokommunal.com/seiten/kontakt.php" "Mozilla/4.0 (compatible; MSIE 8.0; Windows NT 5.1; Trident/4.0; GTB7.4; .NET CLR 2.0.50727; .NET4.0C; AskTbORJ/5.15.2.23037; .NET4.0E; InfoPath.1)"
195.145.223.83 - - [21/Jan/2013:09:06:08 +0100] "GET /seiten/intern/login3.php?id=20 HTTP/1.1" 200 5269 "http://www.prokommunal.com/seiten/intern/login.php" "Mozilla/4.0 (compatible; MSIE 8.0; Windows NT 5.1; Trident/4.0; GTB7.4; .NET CLR 2.0.50727; .NET4.0C; AskTbORJ/5.15.2.23037; .NET4.0E; InfoPath.1)"
195.145.223.83 - - [21/Jan/2013:09:07:20 +0100] "GET /seiten/intern/login.php HTTP/1.1" 200 5707 "http://www.prokommunal.com/seiten/kontakt.php" "Mozilla/4.0 (compatible; MSIE 8.0; Windows NT 5.1; Trident/4.0; GTB7.4; .NET CLR 2.0.50727; .NET4.0C; AskTbORJ/5.15.2.23037; .NET4.0E; InfoPath.1)"
80.228.30.101 - - [21/Jan/2013:09:13:11 +0100] "GET /gast-fsw/v5_update1024-akt.zip HTTP/1.1" 304 - "-" "Mozilla/5.0 (compatible; MSIE 9.0; Windows NT 6.1; Trident/5.0)"
193.30.79.210 - - [21/Jan/2013:09:14:51 +0100] "GET /seiten/service.htm HTTP/1.1" 200 9959 "-" "Mozilla/4.0 (compatible; MSIE 7.0; Windows NT 6.1; Trident/5.0; SLCC2; .NET CLR 2.0.50727; .NET CLR 3.5.30729; .NET CLR 3.0.30729; Media Center PC 6.0; InfoPath.3; .NET4.0C; .NET4.0E)"
193.30.79.210 - - [21/Jan/2013:09:14:53 +0100] "GET /seiten/service.htm HTTP/1.1" 206 1767 "-" "Mozilla/5.0 (compatible; MSIE 9.0; Windows NT 6.1; Trident/5.0)"
193.30.79.210 - - [21/Jan/2013:09:14:53 +0100] "GET /css/style.css HTTP/1.1" 200 3549 "http://www.prokommunal.com/seiten/service.htm" "Mozilla/5.0 (compatible; MSIE 9.0; Windows NT 6.1; Trident/5.0)"
193.30.79.210 - - [21/Jan/2013:09:14:54 +0100] "GET /scripte/basics.js HTTP/1.1" 200 198 "http://www.prokommunal.com/seiten/service.htm" "Mozilla/5.0 (compatible; MSIE 9.0; Windows NT 6.1; Trident/5.0)"
193.30.79.210 - - [21/Jan/2013:09:14:54 +0100] "GET /img/head02.jpg HTTP/1.1" 200 4929 "http://www.prokommunal.com/seiten/service.htm" "Mozilla/5.0 (compatible; MSIE 9.0; Windows NT 6.1; Trident/5.0)"
193.30.79.210 - - [21/Jan/2013:09:14:54 +0100] "GET /img/head01.jpg HTTP/1.1" 200 6350 "http://www.prokommunal.com/seiten/service.htm" "Mozilla/5.0 (compatible; MSIE 9.0; Windows NT 6.1; Trident/5.0)"
193.30.79.210 - - [21/Jan/2013:09:14:54 +0100] "GET /img/top.gif HTTP/1.1" 200 96 "http://www.prokommunal.com/seiten/service.htm" "Mozilla/5.0 (compatible; MSIE 9.0; Windows NT 6.1; Trident/5.0)"
193.30.79.210 - - [21/Jan/2013:09:14:54 +0100] "GET /img/head03.jpg HTTP/1.1" 200 7610 "http://www.prokommunal.com/seiten/service.htm" "Mozilla/5.0 (compatible; MSIE 9.0; Windows NT 6.1; Trident/5.0)"
193.30.79.210 - - [21/Jan/2013:09:14:55 +0100] "GET /redesign/img/bg_foot.gif HTTP/1.1" 200 286 "http://www.prokommunal.com/seiten/service.htm" "Mozilla/5.0 (compatible; MSIE 9.0; Windows NT 6.1; Trident/5.0)"
193.30.79.210 - - [21/Jan/2013:09:14:55 +0100] "GET /img/men_01.jpg HTTP/1.1" 200 713 "http://www.prokommunal.com/seiten/service.htm" "Mozilla/5.0 (compatible; MSIE 9.0; Windows NT 6.1; Trident/5.0)"
193.30.79.210 - - [21/Jan/2013:09:14:55 +0100] "GET /redesign/img/bg_gelb.jpg HTTP/1.1" 200 368 "http://www.prokommunal.com/seiten/service.htm" "Mozilla/5.0 (compatible; MSIE 9.0; Windows NT 6.1; Trident/5.0)"
193.30.79.210 - - [21/Jan/2013:09:14:55 +0100] "GET /redesign/img/term.jpg HTTP/1.1" 200 498 "http://www.prokommunal.com/seiten/service.htm" "Mozilla/5.0 (compatible; MSIE 9.0; Windows NT 6.1; Trident/5.0)"
193.30.79.210 - - [21/Jan/2013:09:14:55 +0100] "GET /favicon.ico HTTP/1.1" 200 894 "-" "Mozilla/5.0 (compatible; MSIE 9.0; Windows NT 6.1; Trident/5.0)"
194.95.255.66 - - [21/Jan/2013:09:15:57 +0100] "GET / HTTP/1.0" 304 - "http://www.google.de/url?sa=t&rct=j&q=prokommunal&source=web&cd=1&ved=0CDAQFjAA&url=http%3A%2F%2Fwww.prokommunal.com%2F&ei=4_j8UOnoDMjEswaR44CgDQ&usg=AFQjCNF5ZvO5ecR3rprSCB3llFRGksZz8A&bvm=bv.41248874,d.Yms" "Mozilla/4.0 (compatible; MSIE 8.0; Windows NT 5.1; Trident/4.0; .NET CLR 2.0.50727; .NET4.0C; .NET4.0E; .NET CLR 3.0.4506.2152; .NET CLR 3.5.30729)"
194.95.255.66 - - [21/Jan/2013:09:15:57 +0100] "GET /css/style.css HTTP/1.0" 304 - "http://www.prokommunal.com/" "Mozilla/4.0 (compatible; MSIE 8.0; Windows NT 5.1; Trident/4.0; .NET CLR 2.0.50727; .NET4.0C; .NET4.0E; .NET CLR 3.0.4506.2152; .NET CLR 3.5.30729)"
194.95.255.66 - - [21/Jan/2013:09:15:57 +0100] "GET /scripte/basics.js HTTP/1.0" 304 - "http://www.prokommunal.com/" "Mozilla/4.0 (compatible; MSIE 8.0; Windows NT 5.1; Trident/4.0; .NET CLR 2.0.50727; .NET4.0C; .NET4.0E; .NET CLR 3.0.4506.2152; .NET CLR 3.5.30729)"
194.95.255.66 - - [21/Jan/2013:09:15:57 +0100] "GET /img/head01.jpg HTTP/1.0" 304 - "http://www.prokommunal.com/" "Mozilla/4.0 (compatible; MSIE 8.0; Windows NT 5.1; Trident/4.0; .NET CLR 2.0.50727; .NET4.0C; .NET4.0E; .NET CLR 3.0.4506.2152; .NET CLR 3.5.30729)"
194.95.255.66 - - [21/Jan/2013:09:15:57 +0100] "GET /img/head02.jpg HTTP/1.0" 304 - "http://www.prokommunal.com/" "Mozilla/4.0 (compatible; MSIE 8.0; Windows NT 5.1; Trident/4.0; .NET CLR 2.0.50727; .NET4.0C; .NET4.0E; .NET CLR 3.0.4506.2152; .NET CLR 3.5.30729)"
194.95.255.66 - - [21/Jan/2013:09:15:57 +0100] "GET /img/head03.jpg HTTP/1.0" 304 - "http://www.prokommunal.com/" "Mozilla/4.0 (compatible; MSIE 8.0; Windows NT 5.1; Trident/4.0; .NET CLR 2.0.50727; .NET4.0C; .NET4.0E; .NET CLR 3.0.4506.2152; .NET CLR 3.5.30729)"
194.95.255.66 - - [21/Jan/2013:09:15:57 +0100] "GET /redesign/img/bg_gelb.jpg HTTP/1.0" 304 - "http://www.prokommunal.com/" "Mozilla/4.0 (compatible; MSIE 8.0; Windows NT 5.1; Trident/4.0; .NET CLR 2.0.50727; .NET4.0C; .NET4.0E; .NET CLR 3.0.4506.2152; .NET CLR 3.5.30729)"
194.95.255.66 - - [21/Jan/2013:09:15:57 +0100] "GET /redesign/img/bg_foot.gif HTTP/1.0" 304 - "http://www.prokommunal.com/" "Mozilla/4.0 (compatible; MSIE 8.0; Windows NT 5.1; Trident/4.0; .NET CLR 2.0.50727; .NET4.0C; .NET4.0E; .NET CLR 3.0.4506.2152; .NET CLR 3.5.30729)"
194.95.255.66 - - [21/Jan/2013:09:16:00 +0100] "GET /seiten/kontakt.php HTTP/1.0" 200 12788 "http://www.prokommunal.com/" "Mozilla/4.0 (compatible; MSIE 8.0; Windows NT 5.1; Trident/4.0; .NET CLR 2.0.50727; .NET4.0C; .NET4.0E; .NET CLR 3.0.4506.2152; .NET CLR 3.5.30729)"
194.95.255.66 - - [21/Jan/2013:09:16:00 +0100] "GET /img/1px_tr.gif HTTP/1.0" 304 - "http://www.prokommunal.com/seiten/kontakt.php" "Mozilla/4.0 (compatible; MSIE 8.0; Windows NT 5.1; Trident/4.0; .NET CLR 2.0.50727; .NET4.0C; .NET4.0E; .NET CLR 3.0.4506.2152; .NET CLR 3.5.30729)"
194.95.255.66 - - [21/Jan/2013:09:16:00 +0100] "GET /img/men_01.jpg HTTP/1.0" 304 - "http://www.prokommunal.com/seiten/kontakt.php" "Mozilla/4.0 (compatible; MSIE 8.0; Windows NT 5.1; Trident/4.0; .NET CLR 2.0.50727; .NET4.0C; .NET4.0E; .NET CLR 3.0.4506.2152; .NET CLR 3.5.30729)"
194.95.255.66 - - [21/Jan/2013:09:16:00 +0100] "GET /img/top.gif HTTP/1.0" 304 - "http://www.prokommunal.com/seiten/kontakt.php" "Mozilla/4.0 (compatible; MSIE 8.0; Windows NT 5.1; Trident/4.0; .NET CLR 2.0.50727; .NET4.0C; .NET4.0E; .NET CLR 3.0.4506.2152; .NET CLR 3.5.30729)"
150.70.64.214 - - [21/Jan/2013:09:17:07 +0100] "GET /favicon.ico HTTP/1.0" 200 894 "-" "Mozilla/4.0 (compatible; MSIE 6.0; Windows NT 5.1)"
150.70.64.214 - - [21/Jan/2013:09:17:10 +0100] "GET /scripte/basics.js HTTP/1.0" 200 198 "-" "Mozilla/4.0 (compatible; MSIE 6.0; Windows NT 5.1)"
212.184.16.212 - - [21/Jan/2013:09:17:17 +0100] "GET /gast-fsw/v5_update1024-akt.zip HTTP/1.1" 200 1462197 "-" "Mozilla/4.0 (compatible; MSIE 8.0; Windows NT 5.1; Trident/4.0; .NET CLR 1.1.4322; InfoPath.1; .NET CLR 2.0.50727; .NET CLR 3.0.4506.2152; .NET CLR 3.5.30729; .NET4.0C; .NET4.0E)"
194.95.255.66 - - [21/Jan/2013:09:17:48 +0100] "HEAD / HTTP/1.0" 200 - "-" "-"
194.95.255.66 - - [21/Jan/2013:09:17:48 +0100] "GET /gast-fsw/v5_update1024-akt.zip HTTP/1.0" 200 1462197 "-" "Mozilla/4.0 (compatible; MSIE 8.0; Windows NT 5.1; Trident/4.0; .NET CLR 2.0.50727; .NET4.0C; .NET4.0E; .NET CLR 3.0.4506.2152; .NET CLR 3.5.30729)"
150.70.64.208 - - [21/Jan/2013:09:18:03 +0100] "GET /seiten/service.htm HTTP/1.0" 200 9959 "-" "Mozilla/4.0 (compatible; MSIE 6.0; Windows NT 5.1)"
80.144.227.220 - - [21/Jan/2013:09:19:59 +0100] "GET / HTTP/1.1" 200 7903 "http://www.google.de/url?sa=t&rct=j&q=prokommunal&source=web&cd=1&ved=0CDMQFjAA&url=http%3A%2F%2Fwww.prokommunal.com%2F&ei=0fn8ULoGkMu0BuOJgbgB&usg=AFQjCNF5ZvO5ecR3rprSCB3llFRGksZz8A&bvm=bv.41248874,d.Yms" "Mozilla/4.0 (compatible; MSIE 8.0; Windows NT 6.1; WOW64; Trident/4.0; SLCC2; .NET CLR 2.0.50727; .NET CLR 3.5.30729; .NET CLR 3.0.30729; InfoPath.1; .NET4.0C; .NET4.0E)"
80.144.227.220 - - [21/Jan/2013:09:19:59 +0100] "GET /css/style.css HTTP/1.1" 200 3549 "http://www.prokommunal.com/" "Mozilla/4.0 (compatible; MSIE 8.0; Windows NT 6.1; WOW64; Trident/4.0; SLCC2; .NET CLR 2.0.50727; .NET CLR 3.5.30729; .NET CLR 3.0.30729; InfoPath.1; .NET4.0C; .NET4.0E)"
80.144.227.220 - - [21/Jan/2013:09:19:59 +0100] "GET /scripte/basics.js HTTP/1.1" 200 198 "http://www.prokommunal.com/" "Mozilla/4.0 (compatible; MSIE 8.0; Windows NT 6.1; WOW64; Trident/4.0; SLCC2; .NET CLR 2.0.50727; .NET CLR 3.5.30729; .NET CLR 3.0.30729; InfoPath.1; .NET4.0C; .NET4.0E)"
80.144.227.220 - - [21/Jan/2013:09:19:59 +0100] "GET /img/head02.jpg HTTP/1.1" 200 4929 "http://www.prokommunal.com/" "Mozilla/4.0 (compatible; MSIE 8.0; Windows NT 6.1; WOW64; Trident/4.0; SLCC2; .NET CLR 2.0.50727; .NET CLR 3.5.30729; .NET CLR 3.0.30729; InfoPath.1; .NET4.0C; .NET4.0E)"
80.144.227.220 - - [21/Jan/2013:09:19:59 +0100] "GET /redesign/img/bg_gelb.jpg HTTP/1.1" 200 368 "http://www.prokommunal.com/" "Mozilla/4.0 (compatible; MSIE 8.0; Windows NT 6.1; WOW64; Trident/4.0; SLCC2; .NET CLR 2.0.50727; .NET CLR 3.5.30729; .NET CLR 3.0.30729; InfoPath.1; .NET4.0C; .NET4.0E)"
80.144.227.220 - - [21/Jan/2013:09:19:59 +0100] "GET /img/head01.jpg HTTP/1.1" 200 6350 "http://www.prokommunal.com/" "Mozilla/4.0 (compatible; MSIE 8.0; Windows NT 6.1; WOW64; Trident/4.0; SLCC2; .NET CLR 2.0.50727; .NET CLR 3.5.30729; .NET CLR 3.0.30729; InfoPath.1; .NET4.0C; .NET4.0E)"
80.144.227.220 - - [21/Jan/2013:09:20:00 +0100] "GET /img/head03.jpg HTTP/1.1" 200 7610 "http://www.prokommunal.com/" "Mozilla/4.0 (compatible; MSIE 8.0; Windows NT 6.1; WOW64; Trident/4.0; SLCC2; .NET CLR 2.0.50727; .NET CLR 3.5.30729; .NET CLR 3.0.30729; InfoPath.1; .NET4.0C; .NET4.0E)"
80.144.227.220 - - [21/Jan/2013:09:20:00 +0100] "GET /redesign/img/bg_foot.gif HTTP/1.1" 200 286 "http://www.prokommunal.com/" "Mozilla/4.0 (compatible; MSIE 8.0; Windows NT 6.1; WOW64; Trident/4.0; SLCC2; .NET CLR 2.0.50727; .NET CLR 3.5.30729; .NET CLR 3.0.30729; InfoPath.1; .NET4.0C; .NET4.0E)"
80.144.227.220 - - [21/Jan/2013:09:20:00 +0100] "GET /favicon.ico HTTP/1.1" 200 894 "-" "Mozilla/4.0 (compatible; MSIE 8.0; Windows NT 6.1; WOW64; Trident/4.0; SLCC2; .NET CLR 2.0.50727; .NET CLR 3.5.30729; .NET CLR 3.0.30729; InfoPath.1; .NET4.0C; .NET4.0E)"
80.144.227.220 - - [21/Jan/2013:09:20:04 +0100] "GET /seiten/kontakt.php HTTP/1.1" 200 12788 "http://www.prokommunal.com/" "Mozilla/4.0 (compatible; MSIE 8.0; Windows NT 6.1; WOW64; Trident/4.0; SLCC2; .NET CLR 2.0.50727; .NET CLR 3.5.30729; .NET CLR 3.0.30729; InfoPath.1; .NET4.0C; .NET4.0E)"
80.144.227.220 - - [21/Jan/2013:09:20:04 +0100] "GET /img/top.gif HTTP/1.1" 200 96 "http://www.prokommunal.com/seiten/kontakt.php" "Mozilla/4.0 (compatible; MSIE 8.0; Windows NT 6.1; WOW64; Trident/4.0; SLCC2; .NET CLR 2.0.50727; .NET CLR 3.5.30729; .NET CLR 3.0.30729; InfoPath.1; .NET4.0C; .NET4.0E)"
80.144.227.220 - - [21/Jan/2013:09:20:04 +0100] "GET /img/1px_tr.gif HTTP/1.1" 200 43 "http://www.prokommunal.com/seiten/kontakt.php" "Mozilla/4.0 (compatible; MSIE 8.0; Windows NT 6.1; WOW64; Trident/4.0; SLCC2; .NET CLR 2.0.50727; .NET CLR 3.5.30729; .NET CLR 3.0.30729; InfoPath.1; .NET4.0C; .NET4.0E)"
80.144.227.220 - - [21/Jan/2013:09:20:04 +0100] "GET /img/men_01.jpg HTTP/1.1" 200 713 "http://www.prokommunal.com/seiten/kontakt.php" "Mozilla/4.0 (compatible; MSIE 8.0; Windows NT 6.1; WOW64; Trident/4.0; SLCC2; .NET CLR 2.0.50727; .NET CLR 3.5.30729; .NET CLR 3.0.30729; InfoPath.1; .NET4.0C; .NET4.0E)"
150.70.64.208 - - [21/Jan/2013:09:23:01 +0100] "GET /scripte/basics.js HTTP/1.0" 200 198 "-" "Mozilla/4.0 (compatible; MSIE 6.0; Windows NT 5.1)"
150.70.172.203 - - [21/Jan/2013:09:25:01 +0100] "GET / HTTP/1.0" 200 7903 "-" "Mozilla/4.0 (compatible; MSIE 6.0; Windows NT 5.1)"
83.243.48.3 - - [21/Jan/2013:09:29:05 +0100] "GET /gast-fsw/v5_update1024-akt.zip HTTP/1.1" 304 - "-" "Mozilla/4.0 (compatible; MSIE 7.0; Windows NT 6.1; Trident/5.0; SLCC2; .NET CLR 2.0.50727; .NET CLR 3.5.30729; .NET CLR 3.0.30729; .NET4.0C; .NET4.0E)"
83.243.48.3 - - [21/Jan/2013:09:30:34 +0100] "GET /gast-fsw/fsw_v50.zip HTTP/1.1" 304 - "-" "Mozilla/4.0 (compatible; MSIE 7.0; Windows NT 6.1; Trident/5.0; SLCC2; .NET CLR 2.0.50727; .NET CLR 3.5.30729; .NET CLR 3.0.30729; .NET4.0C; .NET4.0E)"
213.183.87.162 - - [21/Jan/2013:09:35:19 +0100] "GET /gast-fsw/v5_update1024-akt.zip HTTP/1.1" 200 1462197 "-" "Mozilla/5.0 (Windows NT 5.1; rv:18.0) Gecko/20100101 Firefox/18.0"
62.156.237.18 - - [21/Jan/2013:09:36:22 +0100] "GET /gast-fsw/v5_update1024-akt.zip HTTP/1.1" 200 1462197 "-" "Mozilla/4.0 (compatible; MSIE 7.0; Windows NT 5.1; .NET CLR 1.1.4322; .NET CLR 2.0.50727; .NET4.0C; .NET CLR 3.0.4506.2152; .NET CLR 3.5.30729)"
150.70.97.41 - - [21/Jan/2013:09:36:42 +0100] "GET /scripte/basics.js HTTP/1.0" 200 198 "-" "Mozilla/4.0 (compatible; MSIE 6.0; Windows NT 5.1)"
150.70.97.41 - - [21/Jan/2013:09:36:42 +0100] "GET /favicon.ico HTTP/1.0" 200 894 "-" "Mozilla/4.0 (compatible; MSIE 6.0; Windows NT 5.1)"
150.70.97.41 - - [21/Jan/2013:09:36:51 +0100] "GET /seiten/service.htm HTTP/1.0" 200 9959 "-" "Mozilla/4.0 (compatible; MSIE 6.0; Windows NT 5.1)"
112.111.176.162 - - [21/Jan/2013:09:39:59 +0100] "GET /seiten/databund.html HTTP/1.0" 200 9125 "http://www.prokommunal.com/seiten/databund.html" "Mozilla/5.0 (Windows NT 5.1) AppleWebKit/536.11 (KHTML, like Gecko) Chrome/20.0.1132.47 Safari/536.11"
66.249.78.141 - - [21/Jan/2013:09:52:15 +0100] "GET /robots.txt HTTP/1.1" 404 1256 "-" "Mozilla/5.0 (compatible; Googlebot/2.1; +http://www.google.com/bot.html)"
66.249.78.141 - - [21/Jan/2013:09:52:15 +0100] "GET /seiten/fsw.htm HTTP/1.1" 200 9961 "-" "SAMSUNG-SGH-E250/1.0 Profile/MIDP-2.0 Configuration/CLDC-1.1 UP.Browser/6.2.3.3.c.1.101 (GUI) MMP/2.0 (compatible; Googlebot-Mobile/2.1; +http://www.google.com/bot.html)"
212.95.127.99 - - [21/Jan/2013:09:58:03 +0100] "GET /gast-fsw/v5_update1024-akt.zip HTTP/1.0" 200 1462197 "-" "Mozilla/4.0 (compatible; MSIE 8.0; Windows NT 5.1; Trident/4.0; .NET CLR 2.0.50727; .NET CLR 3.0.4506.2152; .NET CLR 3.5.30729; .NET4.0C; .NET4.0E; InfoPath.1)"
217.24.204.81 - - [21/Jan/2013:09:58:55 +0100] "GET / HTTP/1.1" 200 7903 "http://www.google.de/url?sa=t&rct=j&q=prokommunal&source=web&cd=1&ved=0CDAQFjAA&url=http%3A%2F%2Fwww.prokommunal.com%2F&ei=8gL9UJDOLo7KtAba3oGACA&usg=AFQjCNF5ZvO5ecR3rprSCB3llFRGksZz8A&bvm=bv.41248874,d.Yms" "Mozilla/5.0 (compatible; MSIE 9.0; Windows NT 6.1; WOW64; Trident/5.0)"
217.24.204.81 - - [21/Jan/2013:09:58:55 +0100] "GET /css/style.css HTTP/1.1" 200 3549 "http://www.prokommunal.com/" "Mozilla/5.0 (compatible; MSIE 9.0; Windows NT 6.1; WOW64; Trident/5.0)"
217.24.204.81 - - [21/Jan/2013:09:58:55 +0100] "GET /scripte/basics.js HTTP/1.1" 200 198 "http://www.prokommunal.com/" "Mozilla/5.0 (compatible; MSIE 9.0; Windows NT 6.1; WOW64; Trident/5.0)"
217.24.204.81 - - [21/Jan/2013:09:58:55 +0100] "GET /img/head01.jpg HTTP/1.1" 200 6350 "http://www.prokommunal.com/" "Mozilla/5.0 (compatible; MSIE 9.0; Windows NT 6.1; WOW64; Trident/5.0)"
217.24.204.81 - - [21/Jan/2013:09:58:55 +0100] "GET /img/head02.jpg HTTP/1.1" 200 4929 "http://www.prokommunal.com/" "Mozilla/5.0 (compatible; MSIE 9.0; Windows NT 6.1; WOW64; Trident/5.0)"
217.24.204.81 - - [21/Jan/2013:09:58:55 +0100] "GET /img/head01.jpg HTTP/1.1" 200 6350 "http://www.prokommunal.com/" "Mozilla/5.0 (compatible; MSIE 9.0; Windows NT 6.1; WOW64; Trident/5.0)"
217.24.204.81 - - [21/Jan/2013:09:58:55 +0100] "GET /scripte/basics.js HTTP/1.1" 200 198 "http://www.prokommunal.com/" "Mozilla/5.0 (compatible; MSIE 9.0; Windows NT 6.1; WOW64; Trident/5.0)"
217.24.204.81 - - [21/Jan/2013:09:58:55 +0100] "GET /img/head03.jpg HTTP/1.1" 200 7610 "http://www.prokommunal.com/" "Mozilla/5.0 (compatible; MSIE 9.0; Windows NT 6.1; WOW64; Trident/5.0)"
217.24.204.81 - - [21/Jan/2013:09:58:55 +0100] "GET /css/style.css HTTP/1.1" 200 3549 "http://www.prokommunal.com/" "Mozilla/5.0 (compatible; MSIE 9.0; Windows NT 6.1; WOW64; Trident/5.0)"
