157.55.35.114 - - [29/Jan/2013:17:17:24 +0100] "GET / HTTP/1.1" 200 7903 "-" "Mozilla/5.0 (compatible; bingbot/2.0; +http://www.bing.com/bingbot.htm)"
66.249.78.141 - - [29/Jan/2013:17:24:35 +0100] "GET /robots.txt HTTP/1.1" 404 1256 "-" "Mozilla/5.0 (compatible; Googlebot/2.1; +http://www.google.com/bot.html)"
66.249.78.141 - - [29/Jan/2013:17:24:35 +0100] "GET / HTTP/1.1" 304 - "-" "Mozilla/5.0 (compatible; Googlebot/2.1; +http://www.google.com/bot.html)"
217.7.17.163 - - [29/Jan/2013:17:47:56 +0100] "GET /gast-fsw/v5_update1024-akt.zip HTTP/1.1" 200 2210690 "-" "Mozilla/5.0 (compatible; MSIE 9.0; Windows NT 6.1; WOW64; Trident/5.0)"
150.70.75.38 - - [29/Jan/2013:17:49:32 +0100] "GET /gast-fsw/v5_update1024-akt.zip HTTP/1.0" 200 2210690 "-" "Mozilla/4.0 (compatible; MSIE 6.0; Windows NT 5.1)"
157.55.35.114 - - [29/Jan/2013:17:53:19 +0100] "GET /robots.txt HTTP/1.1" 404 1256 "-" "Mozilla/5.0 (compatible; bingbot/2.0; +http://www.bing.com/bingbot.htm)"
157.55.35.114 - - [29/Jan/2013:17:54:52 +0100] "GET / HTTP/1.1" 200 7903 "-" "Mozilla/5.0 (compatible; bingbot/2.0; +http://www.bing.com/bingbot.htm)"
66.249.78.242 - - [29/Jan/2013:18:28:27 +0100] "GET /robots.txt HTTP/1.1" 404 1256 "-" "Mozilla/5.0 (compatible; Googlebot/2.1; +http://www.google.com/bot.html)"
66.249.78.242 - - [29/Jan/2013:18:28:27 +0100] "GET /seiten/partner.htm HTTP/1.1" 304 - "-" "SAMSUNG-SGH-E250/1.0 Profile/MIDP-2.0 Configuration/CLDC-1.1 UP.Browser/6.2.3.3.c.1.101 (GUI) MMP/2.0 (compatible; Googlebot-Mobile/2.1; +http://www.google.com/bot.html)"
194.8.223.8 - - [29/Jan/2013:19:01:52 +0100] "GET /gast-fsw/v5_update1024-akt.zip HTTP/1.1" 200 2210690 "-" "Mozilla/5.0 (compatible; MSIE 9.0; Windows NT 6.1; Trident/5.0)"
178.77.126.55 - - [29/Jan/2013:19:02:35 +0100] "GET /robots.txt HTTP/1.1" 404 1256 "-" "Mozilla/5.0 (compatible; CareerBot/1.1; +http://www.career-x.de/bot.html)"
178.77.126.55 - - [29/Jan/2013:19:02:35 +0100] "GET / HTTP/1.1" 200 7903 "-" "Mozilla/5.0 (compatible; CareerBot/1.1; +http://www.career-x.de/bot.html)"
194.8.223.8 - - [29/Jan/2013:19:04:54 +0100] "GET /gast-fsw/v5_update1024-akt.zip HTTP/1.1" 200 2210690 "-" "Mozilla/5.0 (compatible; MSIE 9.0; Windows NT 6.1; Trident/5.0)"
123.125.71.113 - - [29/Jan/2013:19:12:41 +0100] "GET /seiten/produkte.htm HTTP/1.1" 200 9105 "-" "Mozilla/5.0 (compatible; Baiduspider/2.0; +http://www.baidu.com/search/spider.html)"
61.135.248.185 - - [29/Jan/2013:19:42:16 +0100] "GET / HTTP/1.1" 200 7903 "-" "Mozilla/5.0 (compatible; YodaoBot/1.0; http://www.yodao.com/help/webmaster/spider/; )"
141.8.147.1 - - [29/Jan/2013:19:43:08 +0100] "GET /seiten/service.htm HTTP/1.1" 304 - "-" "Mozilla/5.0 (compatible; YandexBot/3.0; +http://yandex.com/bots)"
66.249.75.141 - - [29/Jan/2013:20:21:57 +0100] "GET /seiten/kontakt.php HTTP/1.1" 200 12788 "-" "Mozilla/5.0 (compatible; Googlebot/2.1; +http://www.google.com/bot.html)"
64.246.165.210 - - [29/Jan/2013:21:32:15 +0100] "GET /robots.txt HTTP/1.0" 404 1256 "-" "Mozilla/5.0 (Windows; U; Windows NT 5.1; en; rv:1.9.0.13) Gecko/2009073022 Firefox/3.5.2 (.NET CLR 3.5.30729) SurveyBot/2.3 (DomainTools)"
64.246.165.210 - - [29/Jan/2013:21:32:15 +0100] "GET / HTTP/1.1" 200 7903 "http://whois.domaintools.com/fuehrerscheinwesen.de" "Mozilla/5.0 (Windows; U; Windows NT 5.1; en; rv:1.9.0.13) Gecko/2009073022 Firefox/3.5.2 (.NET CLR 3.5.30729) SurveyBot/2.3 (DomainTools)"
180.76.5.103 - - [29/Jan/2013:21:45:38 +0100] "GET /robots.txt HTTP/1.1" 404 1256 "-" "Mozilla/5.0 (Windows NT 5.1; rv:6.0.2) Gecko/20100101 Firefox/6.0.2"
69.164.111.198 - - [29/Jan/2013:22:06:07 +0100] "GET /GAST-FSW/V5_UPDATE1024-AKT.ZIP HTTP/1.0" 404 1256 "-" "Mozilla/4.0 (compatible; MSIE 8.0; Windows NT 6.1; WOW64; Trident/4.0; SLCC2; .NET CLR 2.0.50727; .NET CLR 3.5.30729; .NET CLR 3.0.30729; Media Center PC 6.0; MDDC)"
61.135.248.215 - - [29/Jan/2013:22:17:55 +0100] "GET / HTTP/1.1" 200 7903 "-" "Mozilla/5.0 (compatible; YodaoBot/1.0; http://www.yodao.com/help/webmaster/spider/; )"
141.8.147.1 - - [29/Jan/2013:23:41:59 +0100] "GET / HTTP/1.1" 200 7903 "-" "Mozilla/5.0 (compatible; YandexBot/3.0; +http://yandex.com/bots)"
65.55.217.56 - - [29/Jan/2013:23:59:17 +0100] "GET /seiten/fsw.htm HTTP/1.1" 200 9961 "-" "Mozilla/4.0 (compatible; MSIE 7.0; Windows NT 5.1; SLCC1; .NET CLR 1.1.4322; .NET CLR 2.0.50727; .NET CLR 3.0.04506.648)"
65.55.217.56 - - [29/Jan/2013:23:59:17 +0100] "GET /css/style.css HTTP/1.1" 200 3549 "http://www.prokommunal.com/seiten/fsw.htm" "Mozilla/4.0 (compatible; MSIE 7.0; Windows NT 5.1; SLCC1; .NET CLR 1.1.4322; .NET CLR 2.0.50727; .NET CLR 3.0.04506.648)"
65.55.217.56 - - [29/Jan/2013:23:59:17 +0100] "GET /scripte/basics.js HTTP/1.1" 200 198 "http://www.prokommunal.com/seiten/fsw.htm" "Mozilla/4.0 (compatible; MSIE 7.0; Windows NT 5.1; SLCC1; .NET CLR 1.1.4322; .NET CLR 2.0.50727; .NET CLR 3.0.04506.648)"
80.190.97.212 - - [30/Jan/2013:00:40:24 +0100] "GET / HTTP/1.1" 200 7903 "-" "Mozilla/5.0 (X11; U; FreeBSD i386; en-US; rv:1.9.1.12) Gecko/20100912 Firefox/3.5.12"
157.55.32.100 - - [30/Jan/2013:00:45:11 +0100] "GET /robots.txt HTTP/1.1" 404 1256 "-" "Mozilla/5.0 (compatible; bingbot/2.0; +http://www.bing.com/bingbot.htm)"
157.55.32.100 - - [30/Jan/2013:00:46:54 +0100] "GET /seiten/fsw.htm HTTP/1.1" 304 - "-" "Mozilla/5.0 (compatible; bingbot/2.0; +http://www.bing.com/bingbot.htm)"
66.249.78.242 - - [30/Jan/2013:01:09:34 +0100] "GET / HTTP/1.1" 200 7903 "-" "Mozilla/5.0 (iPhone; U; CPU iPhone OS 4_1 like Mac OS X; en-us) AppleWebKit/532.9 (KHTML, like Gecko) Version/4.0.5 Mobile/8B117 Safari/6531.22.7 (compatible; Googlebot-Mobile/2.1; +http://www.google.com/bot.html)"
123.125.71.96 - - [30/Jan/2013:01:11:57 +0100] "GET /css/style.css HTTP/1.1" 200 3549 "-" "Mozilla/5.0 (compatible; Baiduspider/2.0; +http://www.baidu.com/search/spider.html)"
61.135.249.93 - - [30/Jan/2013:01:12:56 +0100] "GET / HTTP/1.1" 200 7903 "-" "Mozilla/5.0 (compatible; YodaoBot/1.0; http://www.yodao.com/help/webmaster/spider/; )"
66.249.78.242 - - [30/Jan/2013:01:16:35 +0100] "GET /css/style.css HTTP/1.1" 200 3549 "-" "Mozilla/5.0 (compatible; Googlebot/2.1; +http://www.google.com/bot.html)"
80.190.97.212 - - [30/Jan/2013:01:22:13 +0100] "GET / HTTP/1.1" 200 7903 "-" "Mozilla/5.0 (X11; U; FreeBSD i386; en-US; rv:1.9.1.12) Gecko/20100912 Firefox/3.5.12"
66.249.78.242 - - [30/Jan/2013:02:00:06 +0100] "GET /seiten/term13.pdf HTTP/1.1" 304 - "-" "Mozilla/5.0 (compatible; Googlebot/2.1; +http://www.google.com/bot.html)"
80.190.97.212 - - [30/Jan/2013:02:09:53 +0100] "GET / HTTP/1.1" 200 7903 "-" "Mozilla/5.0 (X11; U; FreeBSD i386; en-US; rv:1.9.1.12) Gecko/20100912 Firefox/3.5.12"
66.249.78.242 - - [30/Jan/2013:02:14:12 +0100] "GET /seiten/fahrlehrerwesen.htm HTTP/1.1" 304 - "-" "Mozilla/5.0 (compatible; Googlebot/2.1; +http://www.google.com/bot.html)"
141.8.147.1 - - [30/Jan/2013:02:14:14 +0100] "GET /seiten/produkte.htm HTTP/1.1" 304 - "-" "Mozilla/5.0 (compatible; YandexBot/3.0; +http://yandex.com/bots)"
80.190.97.212 - - [30/Jan/2013:02:47:30 +0100] "GET / HTTP/1.1" 200 7903 "-" "Mozilla/5.0 (X11; U; FreeBSD i386; en-US; rv:1.9.1.12) Gecko/20100912 Firefox/3.5.12"
66.249.75.242 - - [30/Jan/2013:02:55:10 +0100] "GET /seiten/fsw.htm HTTP/1.1" 304 - "-" "DoCoMo/2.0 N905i(c100;TB;W24H16) (compatible; Googlebot-Mobile/2.1; +http://www.google.com/bot.html)"
178.77.126.55 - - [30/Jan/2013:03:06:22 +0100] "GET /robots.txt HTTP/1.1" 404 1256 "-" "Mozilla/5.0 (compatible; CareerBot/1.1; +http://www.career-x.de/bot.html)"
178.77.126.55 - - [30/Jan/2013:03:06:22 +0100] "GET / HTTP/1.1" 200 7903 "-" "Mozilla/5.0 (compatible; CareerBot/1.1; +http://www.career-x.de/bot.html)"
61.135.248.211 - - [30/Jan/2013:03:39:12 +0100] "GET / HTTP/1.1" 200 7903 "-" "Mozilla/5.0 (compatible; YodaoBot/1.0; http://www.yodao.com/help/webmaster/spider/; )"
66.249.75.82 - - [30/Jan/2013:04:27:37 +0100] "GET /robots.txt HTTP/1.1" 404 1256 "-" "Mozilla/5.0 (compatible; Googlebot/2.1; +http://www.google.com/bot.html)"
66.249.78.82 - - [30/Jan/2013:04:27:37 +0100] "GET /seiten/referenzen.htm HTTP/1.1" 200 40249 "-" "Mozilla/5.0 (compatible; Googlebot/2.1; +http://www.google.com/bot.html)"
150.70.75.38 - - [30/Jan/2013:04:28:36 +0100] "GET / HTTP/1.0" 200 7903 "-" "Mozilla/4.0 (compatible; MSIE 6.0; Windows NT 5.1)"
38.111.147.84 - - [30/Jan/2013:04:43:41 +0100] "GET /robots.txt HTTP/1.0" 404 1256 "-" "TurnitinBot/2.1 (http://www.turnitin.com/robot/crawlerinfo.html)"
38.111.147.84 - - [30/Jan/2013:04:43:46 +0100] "GET / HTTP/1.0" 304 - "-" "TurnitinBot/2.1 (http://www.turnitin.com/robot/crawlerinfo.html)"
38.111.147.84 - - [30/Jan/2013:04:44:16 +0100] "GET /seiten/produkte.htm HTTP/1.0" 304 - "-" "TurnitinBot/2.1 (http://www.turnitin.com/robot/crawlerinfo.html)"
38.111.147.84 - - [30/Jan/2013:04:44:46 +0100] "GET /seiten/partner.htm HTTP/1.0" 304 - "-" "TurnitinBot/2.1 (http://www.turnitin.com/robot/crawlerinfo.html)"
38.111.147.84 - - [30/Jan/2013:04:45:16 +0100] "GET /seiten/impr.htm HTTP/1.0" 304 - "-" "TurnitinBot/2.1 (http://www.turnitin.com/robot/crawlerinfo.html)"
38.111.147.84 - - [30/Jan/2013:04:45:46 +0100] "GET /seiten/kraftverkehr.htm HTTP/1.0" 304 - "-" "TurnitinBot/2.1 (http://www.turnitin.com/robot/crawlerinfo.html)"
38.111.147.84 - - [30/Jan/2013:04:46:16 +0100] "GET /seiten/kontroll.htm HTTP/1.0" 304 - "-" "TurnitinBot/2.1 (http://www.turnitin.com/robot/crawlerinfo.html)"
38.111.147.84 - - [30/Jan/2013:04:46:46 +0100] "GET /seiten/fsw.htm HTTP/1.0" 304 - "-" "TurnitinBot/2.1 (http://www.turnitin.com/robot/crawlerinfo.html)"
93.172.12.198 - - [30/Jan/2013:04:46:54 +0100] "GET /seiten/databund.html HTTP/1.0" 200 9125 "http://www.prokommunal.com/seiten/databund.html" "Mozilla/5.0 (Windows NT 6.1; rv:10.0) Gecko/20100101 Firefox/10.0"
38.111.147.84 - - [30/Jan/2013:04:47:16 +0100] "GET /seiten/fahrlehrerwesen.htm HTTP/1.0" 304 - "-" "TurnitinBot/2.1 (http://www.turnitin.com/robot/crawlerinfo.html)"
38.111.147.84 - - [30/Jan/2013:04:47:46 +0100] "GET /seiten/kontakt.php HTTP/1.0" 200 12788 "-" "TurnitinBot/2.1 (http://www.turnitin.com/robot/crawlerinfo.html)"
80.190.97.212 - - [30/Jan/2013:04:51:23 +0100] "GET / HTTP/1.1" 200 7903 "-" "Mozilla/5.0 (X11; U; FreeBSD i386; en-US; rv:1.9.1.12) Gecko/20100912 Firefox/3.5.12"
80.190.97.212 - - [30/Jan/2013:04:51:23 +0100] "GET / HTTP/1.1" 200 7903 "-" "Mozilla/5.0 (X11; U; FreeBSD i386; en-US; rv:1.9.1.12) Gecko/20100912 Firefox/3.5.12"
66.249.75.141 - - [30/Jan/2013:05:05:39 +0100] "GET / HTTP/1.1" 304 - "-" "Mozilla/5.0 (compatible; Googlebot/2.1; +http://www.google.com/bot.html)"
77.20.155.143 - - [30/Jan/2013:05:29:38 +0100] "GET /robots.txt HTTP/1.1" 404 1256 "-" "findlinks/2.0.2 (+http://wortschatz.uni-leipzig.de/findlinks/)"
61.135.249.99 - - [30/Jan/2013:06:32:08 +0100] "GET / HTTP/1.1" 200 7903 "-" "Mozilla/5.0 (compatible; YodaoBot/1.0; http://www.yodao.com/help/webmaster/spider/; )"
194.76.64.12 - - [30/Jan/2013:06:37:37 +0100] "GET /gast-fsw/v5_update1024-akt.zip HTTP/1.1" 200 2210690 "-" "Mozilla/4.0 (compatible; MSIE 8.0; Windows NT 5.1; Trident/4.0; BTRS98794; .NET CLR 1.1.4322; .NET CLR 2.0.50727; .NET CLR 3.0.04506.30; MDDR; .NET CLR 3.0.4506.2152; .NET CLR 3.5.30729; AskTbORJ/5.15.2.23037; .NET4.0C; .NET4.0E)"
212.184.216.254 - - [30/Jan/2013:07:11:16 +0100] "GET /gast-fsw/v5_update1024-akt.zip HTTP/1.1" 200 2210690 "-" "Mozilla/4.0 (compatible; MSIE 8.0; Windows NT 5.1; Trident/4.0; .NET CLR 2.0.50727; .NET CLR 3.0.4506.2152; .NET CLR 3.5.30729)"
150.70.172.101 - - [30/Jan/2013:07:16:25 +0100] "GET /gast-fsw/v5_update1024-akt.zip HTTP/1.0" 200 2210690 "-" "Mozilla/4.0 (compatible; MSIE 6.0; Windows NT 5.1)"
61.135.223.4 - - [30/Jan/2013:07:25:34 +0100] "GET /seiten/databund.html++++++++++++++++++++++++++++++++++Result:+using+proxy+119.4.250.105:80;+no+post+sending+forms+are+found; HTTP/1.0" 404 1256 "http://www.prokommunal.com/seiten/databund.html++++++++++++++++++++++++++++++++++Result:+using+proxy+119.4.250.105:80;+no+post+sending+forms+are+found;" "Opera/9.80 (Windows NT 5.1; U; ru) Presto/2.6.30 Version/10.63"
60.195.251.213 - - [30/Jan/2013:07:25:39 +0100] "GET /seiten/databund.html++++++++++++++++++++++++++++++++++Result:+using+proxy+119.4.250.105:80;+no+post+sending+forms+are+found; HTTP/1.1" 404 1256 "http://www.prokommunal.com/seiten/databund.html++++++++++++++++++++++++++++++++++Result:+using+proxy+119.4.250.105:80;+no+post+sending+forms+are+found;" "Opera/9.80 (Windows NT 5.1; U; ru) Presto/2.6.30 Version/10.63"
61.135.223.4 - - [30/Jan/2013:07:25:41 +0100] "GET /seiten/databund.html++++++++++++++++++++++++++++++++++Result:+using+proxy+119.4.250.105:80;+no+post+sending+forms+are+found; HTTP/1.0" 404 1256 "http://www.prokommunal.com/seiten/databund.html++++++++++++++++++++++++++++++++++Result:+using+proxy+119.4.250.105:80;+no+post+sending+forms+are+found;" "Opera/9.80 (Windows NT 5.1; U; ru) Presto/2.6.30 Version/10.63"
61.135.223.4 - - [30/Jan/2013:07:25:43 +0100] "GET /seiten/databund.html++++++++++++++++++++++++++++++++++Result:+using+proxy+119.4.250.105:80;+no+post+sending+forms+are+found; HTTP/1.0" 404 1256 "http://www.prokommunal.com/seiten/databund.html++++++++++++++++++++++++++++++++++Result:+using+proxy+119.4.250.105:80;+no+post+sending+forms+are+found;" "Opera/9.80 (Windows NT 5.1; U; ru) Presto/2.6.30 Version/10.63"
133.242.146.153 - - [30/Jan/2013:07:25:46 +0100] "GET /seiten/databund.html++++++++++++++++++++++++++++++++++Result:+using+proxy+119.4.250.105:80;+no+post+sending+forms+are+found; HTTP/1.0" 404 1256 "http://www.prokommunal.com/seiten/databund.html++++++++++++++++++++++++++++++++++Result:+using+proxy+119.4.250.105:80;+no+post+sending+forms+are+found;" "Opera/9.80 (Windows NT 5.1; U; ru) Presto/2.6.30 Version/10.63"
113.108.92.104 - - [30/Jan/2013:07:25:49 +0100] "GET /seiten/databund.html++++++++++++++++++++++++++++++++++Result:+using+proxy+119.4.250.105:80;+no+post+sending+forms+are+found; HTTP/1.1" 404 1256 "http://www.prokommunal.com/seiten/databund.html++++++++++++++++++++++++++++++++++Result:+using+proxy+119.4.250.105:80;+no+post+sending+forms+are+found;" "Opera/9.80 (Windows NT 5.1; U; ru) Presto/2.6.30 Version/10.63"
133.242.146.153 - - [30/Jan/2013:07:25:49 +0100] "GET /seiten/databund.html++++++++++++++++++++++++++++++++++Result:+using+proxy+119.4.250.105:80;+no+post+sending+forms+are+found; HTTP/1.0" 404 1256 "http://www.prokommunal.com/seiten/databund.html++++++++++++++++++++++++++++++++++Result:+using+proxy+119.4.250.105:80;+no+post+sending+forms+are+found;" "Opera/9.80 (Windows NT 5.1; U; ru) Presto/2.6.30 Version/10.63"
133.242.146.153 - - [30/Jan/2013:07:25:53 +0100] "GET /seiten/databund.html++++++++++++++++++++++++++++++++++Result:+using+proxy+119.4.250.105:80;+no+post+sending+forms+are+found; HTTP/1.0" 404 1256 "http://www.prokommunal.com/seiten/databund.html++++++++++++++++++++++++++++++++++Result:+using+proxy+119.4.250.105:80;+no+post+sending+forms+are+found;" "Opera/9.80 (Windows NT 5.1; U; ru) Presto/2.6.30 Version/10.63"
150.70.75.158 - - [30/Jan/2013:07:27:32 +0100] "GET /gast-fsw/v5_update1024-akt.zip HTTP/1.0" 200 2210690 "-" "Mozilla/4.0 (compatible; MSIE 6.0; Windows NT 5.1)"
150.70.75.159 - - [30/Jan/2013:07:30:03 +0100] "GET /gast-fsw/v5_update1024-akt.zip HTTP/1.0" 200 2210690 "-" "Mozilla/4.0 (compatible; MSIE 6.0; Windows NT 5.1)"
109.75.211.44 - - [30/Jan/2013:07:43:41 +0100] "GET / HTTP/1.0" 200 7903 "http://www.herrmann-kleindienst.de/produkte/fuehrerscheinwesen/index.php" "Mozilla/5.0 (Windows NT 5.1; rv:18.0) Gecko/20100101 Firefox/18.0"
109.75.211.44 - - [30/Jan/2013:07:43:42 +0100] "GET /css/style.css HTTP/1.0" 200 3549 "http://www.prokommunal-berlin.de/" "Mozilla/5.0 (Windows NT 5.1; rv:18.0) Gecko/20100101 Firefox/18.0"
109.75.211.44 - - [30/Jan/2013:07:43:42 +0100] "GET /scripte/basics.js HTTP/1.0" 200 198 "http://www.prokommunal-berlin.de/" "Mozilla/5.0 (Windows NT 5.1; rv:18.0) Gecko/20100101 Firefox/18.0"
109.75.211.44 - - [30/Jan/2013:07:43:42 +0100] "GET /favicon.ico HTTP/1.0" 200 894 "-" "Mozilla/5.0 (Windows NT 5.1; rv:18.0) Gecko/20100101 Firefox/18.0"
109.75.211.44 - - [30/Jan/2013:07:43:42 +0100] "GET /img/head01.jpg HTTP/1.0" 200 6350 "http://www.prokommunal-berlin.de/" "Mozilla/5.0 (Windows NT 5.1; rv:18.0) Gecko/20100101 Firefox/18.0"
109.75.211.44 - - [30/Jan/2013:07:43:42 +0100] "GET /img/head02.jpg HTTP/1.0" 200 4929 "http://www.prokommunal-berlin.de/" "Mozilla/5.0 (Windows NT 5.1; rv:18.0) Gecko/20100101 Firefox/18.0"
109.75.211.44 - - [30/Jan/2013:07:43:42 +0100] "GET /img/head03.jpg HTTP/1.0" 200 7610 "http://www.prokommunal-berlin.de/" "Mozilla/5.0 (Windows NT 5.1; rv:18.0) Gecko/20100101 Firefox/18.0"
109.75.211.44 - - [30/Jan/2013:07:43:42 +0100] "GET /redesign/img/bg_gelb.jpg HTTP/1.0" 200 368 "http://www.prokommunal-berlin.de/css/style.css" "Mozilla/5.0 (Windows NT 5.1; rv:18.0) Gecko/20100101 Firefox/18.0"
109.75.211.44 - - [30/Jan/2013:07:43:42 +0100] "GET /redesign/img/bg_foot.gif HTTP/1.0" 200 286 "http://www.prokommunal-berlin.de/css/style.css" "Mozilla/5.0 (Windows NT 5.1; rv:18.0) Gecko/20100101 Firefox/18.0"
141.15.33.1 - - [30/Jan/2013:07:48:01 +0100] "GET /gast-fsw/v5_update1280-akt.zip HTTP/1.1" 200 2204721 "-" "Mozilla/4.0 (compatible; MSIE 8.0; Windows NT 5.1; Trident/4.0; .NET CLR 2.0.50727; InfoPath.1)"
208.115.113.87 - - [30/Jan/2013:07:50:32 +0100] "GET /robots.txt HTTP/1.1" 404 1256 "-" "Mozilla/5.0 (compatible; Ezooms/1.0; ezooms.bot@gmail.com)"
217.7.17.163 - - [30/Jan/2013:08:19:54 +0100] "GET /gast-fsw/v5_update1024-akt.zip HTTP/1.1" 304 - "-" "Mozilla/4.0 (compatible; MSIE 7.0; Windows NT 5.1)"
150.70.172.101 - - [30/Jan/2013:08:25:25 +0100] "GET /gast-fsw/v5_update1024-akt.zip HTTP/1.0" 200 2210690 "-" "Mozilla/4.0 (compatible; MSIE 6.0; Windows NT 5.1)"
218.30.103.41 - - [30/Jan/2013:08:37:16 +0100] "GET /robots.txt HTTP/1.1" 404 1256 "-" "Sogou web spider/4.0"
218.30.103.41 - - [30/Jan/2013:08:37:17 +0100] "GET / HTTP/1.1" 304 - "-" "Sogou web spider/4.0(+http://www.sogou.com/docs/help/webmasters.htm#07)"
66.249.78.141 - - [30/Jan/2013:08:39:05 +0100] "GET /robots.txt HTTP/1.1" 404 1256 "-" "Mozilla/5.0 (compatible; Googlebot/2.1; +http://www.google.com/bot.html)"
66.249.75.141 - - [30/Jan/2013:08:39:05 +0100] "GET / HTTP/1.1" 200 7903 "-" "SAMSUNG-SGH-E250/1.0 Profile/MIDP-2.0 Configuration/CLDC-1.1 UP.Browser/6.2.3.3.c.1.101 (GUI) MMP/2.0 (compatible; Googlebot-Mobile/2.1; +http://www.google.com/bot.html)"
83.243.48.3 - - [30/Jan/2013:08:43:47 +0100] "GET /gast-fsw/v5_update1024-akt.zip HTTP/1.1" 200 2210690 "-" "Mozilla/5.0 (compatible; MSIE 9.0; Windows NT 6.1; Trident/5.0)"
141.8.147.1 - - [30/Jan/2013:08:47:04 +0100] "GET /robots.txt HTTP/1.1" 404 1256 "-" "Mozilla/5.0 (compatible; YandexBot/3.0; +http://yandex.com/bots)"
141.8.147.1 - - [30/Jan/2013:08:47:06 +0100] "GET /seiten/referenzen.htm HTTP/1.1" 200 40249 "-" "Mozilla/5.0 (compatible; YandexBot/3.0; +http://yandex.com/bots)"
199.19.249.196 - - [30/Jan/2013:08:48:05 +0100] "GET /seiten/referenzen.htm HTTP/1.1" 200 40249 "-" "Mozilla/4.0 (compatible; MSIE 7.0; Windows NT 5.1; InfoPath.1; .NET CLR 2.0.50727; .NET CLR 1.1.4322; MS-RTC LM 8; .NET CLR 3.0.4506.2152; .NET CLR 3.5.30729)"
212.34.68.207 - - [30/Jan/2013:08:48:05 +0100] "GET /seiten/referenzen.htm HTTP/1.1" 200 40249 "http://www.google.de/url?sa=t&rct=j&q=landkreis%20stade%20herr%20wiggers&source=web&cd=8&ved=0CFQQFjAH&url=http%3A%2F%2Fwww.prokommunal.com%2Fseiten%2Freferenzen.htm&ei=m88IUfW3Hcaq4ASl_4CYCA&usg=AFQjCNFkgiXA2K-qnpOChU4qjRkFaABzmg" "Mozilla/4.0 (compatible; MSIE 8.0; Windows NT 5.1; Trident/4.0)"
212.34.68.207 - - [30/Jan/2013:08:48:05 +0100] "GET /css/style.css HTTP/1.1" 200 3549 "http://www.prokommunal.com/seiten/referenzen.htm" "Mozilla/4.0 (compatible; MSIE 8.0; Windows NT 5.1; Trident/4.0)"
212.34.68.207 - - [30/Jan/2013:08:48:05 +0100] "GET /scripte/basics.js HTTP/1.1" 200 198 "http://www.prokommunal.com/seiten/referenzen.htm" "Mozilla/4.0 (compatible; MSIE 8.0; Windows NT 5.1; Trident/4.0)"
212.34.68.207 - - [30/Jan/2013:08:48:06 +0100] "GET /img/head03.jpg HTTP/1.1" 200 7610 "http://www.prokommunal.com/seiten/referenzen.htm" "Mozilla/4.0 (compatible; MSIE 8.0; Windows NT 5.1; Trident/4.0)"
212.34.68.207 - - [30/Jan/2013:08:48:06 +0100] "GET /img/head02.jpg HTTP/1.1" 200 4929 "http://www.prokommunal.com/seiten/referenzen.htm" "Mozilla/4.0 (compatible; MSIE 8.0; Windows NT 5.1; Trident/4.0)"
212.34.68.207 - - [30/Jan/2013:08:48:06 +0100] "GET /img/top.gif HTTP/1.1" 200 96 "http://www.prokommunal.com/seiten/referenzen.htm" "Mozilla/4.0 (compatible; MSIE 8.0; Windows NT 5.1; Trident/4.0)"
212.34.68.207 - - [30/Jan/2013:08:48:06 +0100] "GET /img/head01.jpg HTTP/1.1" 200 6350 "http://www.prokommunal.com/seiten/referenzen.htm" "Mozilla/4.0 (compatible; MSIE 8.0; Windows NT 5.1; Trident/4.0)"
212.34.68.207 - - [30/Jan/2013:08:48:06 +0100] "GET /redesign/img/bg_gelb.jpg HTTP/1.1" 200 368 "http://www.prokommunal.com/seiten/referenzen.htm" "Mozilla/4.0 (compatible; MSIE 8.0; Windows NT 5.1; Trident/4.0)"
212.34.68.207 - - [30/Jan/2013:08:48:06 +0100] "GET /redesign/img/bg_foot.gif HTTP/1.1" 200 286 "http://www.prokommunal.com/seiten/referenzen.htm" "Mozilla/4.0 (compatible; MSIE 8.0; Windows NT 5.1; Trident/4.0)"
212.34.68.207 - - [30/Jan/2013:08:48:06 +0100] "GET /img/men_01.jpg HTTP/1.1" 200 713 "http://www.prokommunal.com/seiten/referenzen.htm" "Mozilla/4.0 (compatible; MSIE 8.0; Windows NT 5.1; Trident/4.0)"
212.34.68.207 - - [30/Jan/2013:08:48:06 +0100] "GET /favicon.ico HTTP/1.1" 200 894 "-" "Mozilla/4.0 (compatible; MSIE 8.0; Windows NT 5.1; Trident/4.0)"
66.249.75.242 - - [30/Jan/2013:08:55:21 +0100] "GET /robots.txt HTTP/1.1" 404 1256 "-" "Mozilla/5.0 (compatible; Googlebot/2.1; +http://www.google.com/bot.html)"
66.249.78.242 - - [30/Jan/2013:08:55:21 +0100] "GET /seiten/fsw.htm HTTP/1.1" 304 - "-" "Mozilla/5.0 (iPhone; U; CPU iPhone OS 4_1 like Mac OS X; en-us) AppleWebKit/532.9 (KHTML, like Gecko) Version/4.0.5 Mobile/8B117 Safari/6531.22.7 (compatible; Googlebot-Mobile/2.1; +http://www.google.com/bot.html)"
61.135.249.121 - - [30/Jan/2013:09:04:37 +0100] "GET / HTTP/1.1" 200 7903 "-" "Mozilla/5.0 (compatible; YodaoBot/1.0; http://www.yodao.com/help/webmaster/spider/; )"
218.30.103.41 - - [30/Jan/2013:09:35:09 +0100] "GET / HTTP/1.1" 304 - "-" "Sogou web spider/4.0(+http://www.sogou.com/docs/help/webmasters.htm#07)"
80.187.102.1 - - [30/Jan/2013:09:39:29 +0100] "GET /seiten/referenzen.htm HTTP/1.1" 200 40249 "-" "Mozilla/5.0 (iPhone; CPU iPhone OS 6_0_1 like Mac OS X) AppleWebKit/536.26 (KHTML, like Gecko) Version/6.0 Mobile/10A523 Safari/8536.25"
80.187.102.1 - - [30/Jan/2013:09:39:29 +0100] "GET /css/style.css HTTP/1.1" 200 3549 "http://www.prokommunal.com/seiten/referenzen.htm" "Mozilla/5.0 (iPhone; CPU iPhone OS 6_0_1 like Mac OS X) AppleWebKit/536.26 (KHTML, like Gecko) Version/6.0 Mobile/10A523 Safari/8536.25"
80.187.102.1 - - [30/Jan/2013:09:39:29 +0100] "GET /img/head01.jpg HTTP/1.1" 200 6350 "http://www.prokommunal.com/seiten/referenzen.htm" "Mozilla/5.0 (iPhone; CPU iPhone OS 6_0_1 like Mac OS X) AppleWebKit/536.26 (KHTML, like Gecko) Version/6.0 Mobile/10A523 Safari/8536.25"
80.187.102.1 - - [30/Jan/2013:09:39:29 +0100] "GET /img/head02.jpg HTTP/1.1" 200 4929 "http://www.prokommunal.com/seiten/referenzen.htm" "Mozilla/5.0 (iPhone; CPU iPhone OS 6_0_1 like Mac OS X) AppleWebKit/536.26 (KHTML, like Gecko) Version/6.0 Mobile/10A523 Safari/8536.25"
80.187.102.1 - - [30/Jan/2013:09:39:29 +0100] "GET /img/head03.jpg HTTP/1.1" 200 7610 "http://www.prokommunal.com/seiten/referenzen.htm" "Mozilla/5.0 (iPhone; CPU iPhone OS 6_0_1 like Mac OS X) AppleWebKit/536.26 (KHTML, like Gecko) Version/6.0 Mobile/10A523 Safari/8536.25"
80.187.102.1 - - [30/Jan/2013:09:39:30 +0100] "GET /scripte/basics.js HTTP/1.1" 200 198 "http://www.prokommunal.com/seiten/referenzen.htm" "Mozilla/5.0 (iPhone; CPU iPhone OS 6_0_1 like Mac OS X) AppleWebKit/536.26 (KHTML, like Gecko) Version/6.0 Mobile/10A523 Safari/8536.25"
80.187.102.1 - - [30/Jan/2013:09:39:30 +0100] "GET /img/top.gif HTTP/1.1" 200 96 "http://www.prokommunal.com/seiten/referenzen.htm" "Mozilla/5.0 (iPhone; CPU iPhone OS 6_0_1 like Mac OS X) AppleWebKit/536.26 (KHTML, like Gecko) Version/6.0 Mobile/10A523 Safari/8536.25"
80.187.102.1 - - [30/Jan/2013:09:39:31 +0100] "GET /img/men_01.jpg HTTP/1.1" 200 713 "http://www.prokommunal.com/seiten/referenzen.htm" "Mozilla/5.0 (iPhone; CPU iPhone OS 6_0_1 like Mac OS X) AppleWebKit/536.26 (KHTML, like Gecko) Version/6.0 Mobile/10A523 Safari/8536.25"
80.187.102.1 - - [30/Jan/2013:09:39:31 +0100] "GET /redesign/img/bg_gelb.jpg HTTP/1.1" 200 368 "http://www.prokommunal.com/seiten/referenzen.htm" "Mozilla/5.0 (iPhone; CPU iPhone OS 6_0_1 like Mac OS X) AppleWebKit/536.26 (KHTML, like Gecko) Version/6.0 Mobile/10A523 Safari/8536.25"
80.187.102.1 - - [30/Jan/2013:09:39:31 +0100] "GET /redesign/img/bg_foot.gif HTTP/1.1" 200 286 "http://www.prokommunal.com/seiten/referenzen.htm" "Mozilla/5.0 (iPhone; CPU iPhone OS 6_0_1 like Mac OS X) AppleWebKit/536.26 (KHTML, like Gecko) Version/6.0 Mobile/10A523 Safari/8536.25"
213.252.153.135 - - [30/Jan/2013:09:41:54 +0100] "GET /gast-fsw/v5_update1024-akt.zip HTTP/1.1" 200 2210690 "-" "Mozilla/5.0 (compatible; MSIE 9.0; Windows NT 6.1; Trident/5.0)"
213.252.153.135 - - [30/Jan/2013:09:42:53 +0100] "GET /gast-fsw/v5_update1024-akt.zip HTTP/1.1" 200 2210690 "-" "Mozilla/5.0 (compatible; MSIE 9.0; Windows NT 6.1; Trident/5.0)"
66.249.76.137 - - [30/Jan/2013:10:02:20 +0100] "GET /robots.txt HTTP/1.1" 404 1256 "-" "Mozilla/5.0 (compatible; Googlebot/2.1; +http://www.google.com/bot.html)"
66.249.75.82 - - [30/Jan/2013:10:02:20 +0100] "GET /seiten/kraftverkehr.htm HTTP/1.1" 200 9210 "-" "Mozilla/5.0 (compatible; Googlebot/2.1; +http://www.google.com/bot.html)"
208.115.113.87 - - [30/Jan/2013:10:09:36 +0100] "GET /seiten/impr.htm HTTP/1.1" 200 8696 "-" "Mozilla/5.0 (compatible; Ezooms/1.0; ezooms.bot@gmail.com)"
195.243.129.130 - - [30/Jan/2013:10:11:03 +0100] "GET /gast-fsw/v5_update1024-akt.zip HTTP/1.1" 200 2210729 "-" "Mozilla/5.0 (Windows NT 6.1; WOW64; rv:18.0) Gecko/20100101 Firefox/18.0"
217.86.252.106 - - [30/Jan/2013:10:11:26 +0100] "GET /gast-fsw/v5_update1024-akt.zip HTTP/1.0" 200 2210729 "-" "Mozilla/5.0 (compatible; MSIE 9.0; Windows NT 6.1; WOW64; Trident/5.0)"
194.76.64.12 - - [30/Jan/2013:10:22:56 +0100] "GET /seiten/fsw.htm HTTP/1.1" 200 9961 "http://www.google.de/url?sa=t&rct=j&q=prokommunal%20fsw&source=web&cd=2&ved=0CDYQFjAB&url=http%3A%2F%2Fwww.prokommunal.com%2Fseiten%2Ffsw.htm&ei=VOYIUcKlArGV0QW0t4CIDw&usg=AFQjCNERYeHHc5tqnWyCzuVfTvyCJ3K0AQ&bvm=bv.41642243,d.d2k" "Mozilla/4.0 (compatible; MSIE 7.0; Windows NT 6.1; WOW64; Trident/5.0; SLCC2; .NET CLR 2.0.50727; .NET CLR 3.5.30729; .NET CLR 3.0.30729; Media Center PC 6.0; InfoPath.3; .NET4.0C; .NET4.0E)"
194.76.64.12 - - [30/Jan/2013:10:22:56 +0100] "GET /css/style.css HTTP/1.1" 200 3549 "http://www.prokommunal.com/seiten/fsw.htm" "Mozilla/4.0 (compatible; MSIE 7.0; Windows NT 6.1; WOW64; Trident/5.0; SLCC2; .NET CLR 2.0.50727; .NET CLR 3.5.30729; .NET CLR 3.0.30729; Media Center PC 6.0; InfoPath.3; .NET4.0C; .NET4.0E)"
194.76.64.12 - - [30/Jan/2013:10:22:56 +0100] "GET /scripte/basics.js HTTP/1.1" 200 198 "http://www.prokommunal.com/seiten/fsw.htm" "Mozilla/4.0 (compatible; MSIE 7.0; Windows NT 6.1; WOW64; Trident/5.0; SLCC2; .NET CLR 2.0.50727; .NET CLR 3.5.30729; .NET CLR 3.0.30729; Media Center PC 6.0; InfoPath.3; .NET4.0C; .NET4.0E)"
194.76.64.12 - - [30/Jan/2013:10:22:56 +0100] "GET /img/head02.jpg HTTP/1.1" 200 4929 "http://www.prokommunal.com/seiten/fsw.htm" "Mozilla/4.0 (compatible; MSIE 7.0; Windows NT 6.1; WOW64; Trident/5.0; SLCC2; .NET CLR 2.0.50727; .NET CLR 3.5.30729; .NET CLR 3.0.30729; Media Center PC 6.0; InfoPath.3; .NET4.0C; .NET4.0E)"
194.76.64.12 - - [30/Jan/2013:10:22:56 +0100] "GET /img/head01.jpg HTTP/1.1" 200 6350 "http://www.prokommunal.com/seiten/fsw.htm" "Mozilla/4.0 (compatible; MSIE 7.0; Windows NT 6.1; WOW64; Trident/5.0; SLCC2; .NET CLR 2.0.50727; .NET CLR 3.5.30729; .NET CLR 3.0.30729; Media Center PC 6.0; InfoPath.3; .NET4.0C; .NET4.0E)"
194.76.64.12 - - [30/Jan/2013:10:22:56 +0100] "GET /img/head03.jpg HTTP/1.1" 200 7610 "http://www.prokommunal.com/seiten/fsw.htm" "Mozilla/4.0 (compatible; MSIE 7.0; Windows NT 6.1; WOW64; Trident/5.0; SLCC2; .NET CLR 2.0.50727; .NET CLR 3.5.30729; .NET CLR 3.0.30729; Media Center PC 6.0; InfoPath.3; .NET4.0C; .NET4.0E)"
194.76.64.12 - - [30/Jan/2013:10:22:56 +0100] "GET /img/1px_tr.gif HTTP/1.1" 200 43 "http://www.prokommunal.com/seiten/fsw.htm" "Mozilla/4.0 (compatible; MSIE 7.0; Windows NT 6.1; WOW64; Trident/5.0; SLCC2; .NET CLR 2.0.50727; .NET CLR 3.5.30729; .NET CLR 3.0.30729; Media Center PC 6.0; InfoPath.3; .NET4.0C; .NET4.0E)"
194.76.64.12 - - [30/Jan/2013:10:22:56 +0100] "GET /img/top.gif HTTP/1.1" 200 96 "http://www.prokommunal.com/seiten/fsw.htm" "Mozilla/4.0 (compatible; MSIE 7.0; Windows NT 6.1; WOW64; Trident/5.0; SLCC2; .NET CLR 2.0.50727; .NET CLR 3.5.30729; .NET CLR 3.0.30729; Media Center PC 6.0; InfoPath.3; .NET4.0C; .NET4.0E)"
194.76.64.12 - - [30/Jan/2013:10:22:56 +0100] "GET /img/fsw.jpg HTTP/1.1" 200 10878 "http://www.prokommunal.com/seiten/fsw.htm" "Mozilla/4.0 (compatible; MSIE 7.0; Windows NT 6.1; WOW64; Trident/5.0; SLCC2; .NET CLR 2.0.50727; .NET CLR 3.5.30729; .NET CLR 3.0.30729; Media Center PC 6.0; InfoPath.3; .NET4.0C; .NET4.0E)"
194.76.64.12 - - [30/Jan/2013:10:22:56 +0100] "GET /redesign/img/bg_foot.gif HTTP/1.1" 200 286 "http://www.prokommunal.com/seiten/fsw.htm" "Mozilla/4.0 (compatible; MSIE 7.0; Windows NT 6.1; WOW64; Trident/5.0; SLCC2; .NET CLR 2.0.50727; .NET CLR 3.5.30729; .NET CLR 3.0.30729; Media Center PC 6.0; InfoPath.3; .NET4.0C; .NET4.0E)"
194.76.64.12 - - [30/Jan/2013:10:22:56 +0100] "GET /redesign/img/bg_gelb.jpg HTTP/1.1" 200 368 "http://www.prokommunal.com/seiten/fsw.htm" "Mozilla/4.0 (compatible; MSIE 7.0; Windows NT 6.1; WOW64; Trident/5.0; SLCC2; .NET CLR 2.0.50727; .NET CLR 3.5.30729; .NET CLR 3.0.30729; Media Center PC 6.0; InfoPath.3; .NET4.0C; .NET4.0E)"
194.76.64.12 - - [30/Jan/2013:10:22:56 +0100] "GET /img/men_01.jpg HTTP/1.1" 200 713 "http://www.prokommunal.com/seiten/fsw.htm" "Mozilla/4.0 (compatible; MSIE 7.0; Windows NT 6.1; WOW64; Trident/5.0; SLCC2; .NET CLR 2.0.50727; .NET CLR 3.5.30729; .NET CLR 3.0.30729; Media Center PC 6.0; InfoPath.3; .NET4.0C; .NET4.0E)"
194.76.64.12 - - [30/Jan/2013:10:22:56 +0100] "GET /favicon.ico HTTP/1.1" 200 894 "-" "Mozilla/4.0 (compatible; MSIE 7.0; Windows NT 6.1; WOW64; Trident/5.0; SLCC2; .NET CLR 2.0.50727; .NET CLR 3.5.30729; .NET CLR 3.0.30729; Media Center PC 6.0; InfoPath.3; .NET4.0C; .NET4.0E)"
195.138.51.10 - - [30/Jan/2013:10:24:27 +0100] "GET / HTTP/1.0" 200 7903 "-" "Mozilla/4.0 (compatible; MSIE 7.0; Windows NT 5.1; .NET CLR 1.1.4322; .NET CLR 2.0.50727; IE7-Package by dosys.; IE7-Package by dosys.)"
195.138.51.10 - - [30/Jan/2013:10:24:28 +0100] "GET /css/style.css HTTP/1.0" 200 3549 "http://www.prokommunal.com/" "Mozilla/4.0 (compatible; MSIE 7.0; Windows NT 5.1; .NET CLR 1.1.4322; .NET CLR 2.0.50727; IE7-Package by dosys.; IE7-Package by dosys.)"
195.138.51.10 - - [30/Jan/2013:10:24:28 +0100] "GET /scripte/basics.js HTTP/1.0" 200 198 "http://www.prokommunal.com/" "Mozilla/4.0 (compatible; MSIE 7.0; Windows NT 5.1; .NET CLR 1.1.4322; .NET CLR 2.0.50727; IE7-Package by dosys.; IE7-Package by dosys.)"
195.138.51.10 - - [30/Jan/2013:10:24:28 +0100] "GET /img/head01.jpg HTTP/1.0" 200 6350 "http://www.prokommunal.com/" "Mozilla/4.0 (compatible; MSIE 7.0; Windows NT 5.1; .NET CLR 1.1.4322; .NET CLR 2.0.50727; IE7-Package by dosys.; IE7-Package by dosys.)"
195.138.51.10 - - [30/Jan/2013:10:24:28 +0100] "GET /img/head02.jpg HTTP/1.0" 200 4929 "http://www.prokommunal.com/" "Mozilla/4.0 (compatible; MSIE 7.0; Windows NT 5.1; .NET CLR 1.1.4322; .NET CLR 2.0.50727; IE7-Package by dosys.; IE7-Package by dosys.)"
195.138.51.10 - - [30/Jan/2013:10:24:28 +0100] "GET /redesign/img/bg_gelb.jpg HTTP/1.0" 200 368 "http://www.prokommunal.com/" "Mozilla/4.0 (compatible; MSIE 7.0; Windows NT 5.1; .NET CLR 1.1.4322; .NET CLR 2.0.50727; IE7-Package by dosys.; IE7-Package by dosys.)"
195.138.51.10 - - [30/Jan/2013:10:24:28 +0100] "GET /img/head03.jpg HTTP/1.0" 200 7610 "http://www.prokommunal.com/" "Mozilla/4.0 (compatible; MSIE 7.0; Windows NT 5.1; .NET CLR 1.1.4322; .NET CLR 2.0.50727; IE7-Package by dosys.; IE7-Package by dosys.)"
195.138.51.10 - - [30/Jan/2013:10:24:28 +0100] "GET /redesign/img/bg_foot.gif HTTP/1.0" 200 286 "http://www.prokommunal.com/" "Mozilla/4.0 (compatible; MSIE 7.0; Windows NT 5.1; .NET CLR 1.1.4322; .NET CLR 2.0.50727; IE7-Package by dosys.; IE7-Package by dosys.)"
195.138.51.10 - - [30/Jan/2013:10:24:28 +0100] "GET /favicon.ico HTTP/1.0" 200 894 "-" "Mozilla/4.0 (compatible; MSIE 7.0; Windows NT 5.1; .NET CLR 1.1.4322; .NET CLR 2.0.50727; IE7-Package by dosys.; IE7-Package by dosys.)"
195.138.51.10 - - [30/Jan/2013:10:24:32 +0100] "GET /seiten/kontakt.php HTTP/1.0" 200 12788 "http://www.prokommunal.com/" "Mozilla/4.0 (compatible; MSIE 7.0; Windows NT 5.1; .NET CLR 1.1.4322; .NET CLR 2.0.50727; IE7-Package by dosys.; IE7-Package by dosys.)"
195.138.51.10 - - [30/Jan/2013:10:24:32 +0100] "GET /img/men_01.jpg HTTP/1.0" 200 713 "http://www.prokommunal.com/seiten/kontakt.php" "Mozilla/4.0 (compatible; MSIE 7.0; Windows NT 5.1; .NET CLR 1.1.4322; .NET CLR 2.0.50727; IE7-Package by dosys.; IE7-Package by dosys.)"
195.138.51.10 - - [30/Jan/2013:10:24:32 +0100] "GET /img/1px_tr.gif HTTP/1.0" 200 43 "http://www.prokommunal.com/seiten/kontakt.php" "Mozilla/4.0 (compatible; MSIE 7.0; Windows NT 5.1; .NET CLR 1.1.4322; .NET CLR 2.0.50727; IE7-Package by dosys.; IE7-Package by dosys.)"
195.138.51.10 - - [30/Jan/2013:10:24:32 +0100] "GET /img/top.gif HTTP/1.0" 200 96 "http://www.prokommunal.com/seiten/kontakt.php" "Mozilla/4.0 (compatible; MSIE 7.0; Windows NT 5.1; .NET CLR 1.1.4322; .NET CLR 2.0.50727; IE7-Package by dosys.; IE7-Package by dosys.)"
217.24.13.217 - - [30/Jan/2013:10:24:36 +0100] "GET /gast-fsw/v5_update1024-akt.zip HTTP/1.1" 200 2210729 "-" "Mozilla/5.0 (compatible; MSIE 10.0; Windows NT 6.2; Trident/6.0)"
194.76.64.12 - - [30/Jan/2013:10:45:29 +0100] "GET /seiten/kontakt.php HTTP/1.1" 200 12788 "http://www.google.de/url?sa=t&rct=j&q=arnold%20prokommunal&source=web&cd=1&ved=0CDAQFjAA&url=http%3A%2F%2Fwww.prokommunal.com%2Fseiten%2Fkontakt.php&ei=oOsIUe-fG4rO0QXI5ICADw&usg=AFQjCNGHKpM7Q9UjXaYgUrFZ_HOZPHISrg&bvm=bv.41642243,d.d2k" "Mozilla/5.0 (Windows NT 6.1; WOW64; rv:18.0) Gecko/20100101 Firefox/18.0"
194.76.64.12 - - [30/Jan/2013:10:45:29 +0100] "GET /img/1px_tr.gif HTTP/1.1" 200 43 "http://www.prokommunal.com/seiten/kontakt.php" "Mozilla/5.0 (Windows NT 6.1; WOW64; rv:18.0) Gecko/20100101 Firefox/18.0"
194.76.64.12 - - [30/Jan/2013:10:45:29 +0100] "GET /favicon.ico HTTP/1.1" 200 894 "-" "Mozilla/5.0 (Windows NT 6.1; WOW64; rv:18.0) Gecko/20100101 Firefox/18.0"
194.76.64.12 - - [30/Jan/2013:10:45:29 +0100] "GET /css/style.css HTTP/1.1" 200 3549 "http://www.prokommunal.com/seiten/kontakt.php" "Mozilla/5.0 (Windows NT 6.1; WOW64; rv:18.0) Gecko/20100101 Firefox/18.0"
194.76.64.12 - - [30/Jan/2013:10:45:29 +0100] "GET /img/head03.jpg HTTP/1.1" 200 7610 "http://www.prokommunal.com/seiten/kontakt.php" "Mozilla/5.0 (Windows NT 6.1; WOW64; rv:18.0) Gecko/20100101 Firefox/18.0"
194.76.64.12 - - [30/Jan/2013:10:45:29 +0100] "GET /img/head01.jpg HTTP/1.1" 200 6350 "http://www.prokommunal.com/seiten/kontakt.php" "Mozilla/5.0 (Windows NT 6.1; WOW64; rv:18.0) Gecko/20100101 Firefox/18.0"
194.76.64.12 - - [30/Jan/2013:10:45:29 +0100] "GET /img/head02.jpg HTTP/1.1" 200 4929 "http://www.prokommunal.com/seiten/kontakt.php" "Mozilla/5.0 (Windows NT 6.1; WOW64; rv:18.0) Gecko/20100101 Firefox/18.0"
194.76.64.12 - - [30/Jan/2013:10:45:29 +0100] "GET /scripte/basics.js HTTP/1.1" 200 198 "http://www.prokommunal.com/seiten/kontakt.php" "Mozilla/5.0 (Windows NT 6.1; WOW64; rv:18.0) Gecko/20100101 Firefox/18.0"
194.76.64.12 - - [30/Jan/2013:10:45:29 +0100] "GET /img/top.gif HTTP/1.1" 200 96 "http://www.prokommunal.com/seiten/kontakt.php" "Mozilla/5.0 (Windows NT 6.1; WOW64; rv:18.0) Gecko/20100101 Firefox/18.0"
194.76.64.12 - - [30/Jan/2013:10:45:29 +0100] "GET /redesign/img/bg_gelb.jpg HTTP/1.1" 200 368 "http://www.prokommunal.com/css/style.css" "Mozilla/5.0 (Windows NT 6.1; WOW64; rv:18.0) Gecko/20100101 Firefox/18.0"
194.76.64.12 - - [30/Jan/2013:10:45:29 +0100] "GET /img/men_01.jpg HTTP/1.1" 200 713 "http://www.prokommunal.com/seiten/kontakt.php" "Mozilla/5.0 (Windows NT 6.1; WOW64; rv:18.0) Gecko/20100101 Firefox/18.0"
194.76.64.12 - - [30/Jan/2013:10:45:29 +0100] "GET /redesign/img/bg_foot.gif HTTP/1.1" 200 286 "http://www.prokommunal.com/css/style.css" "Mozilla/5.0 (Windows NT 6.1; WOW64; rv:18.0) Gecko/20100101 Firefox/18.0"
123.125.71.78 - - [30/Jan/2013:10:50:00 +0100] "GET /robots.txt HTTP/1.1" 404 1256 "-" "Mozilla/5.0 (Windows NT 5.1; rv:6.0.2) Gecko/20100101 Firefox/6.0.2"
123.125.71.45 - - [30/Jan/2013:10:53:10 +0100] "GET /seiten/impr.htm HTTP/1.1" 200 8696 "-" "Mozilla/5.0 (compatible; Baiduspider/2.0; +http://www.baidu.com/search/spider.html)"
121.236.130.181 - - [30/Jan/2013:10:54:43 +0100] "GET / HTTP/1.1" 200 7903 "http://www.buerolina.de/EBsupporter.html" "ia_archiver"
80.69.118.2 - - [30/Jan/2013:11:01:07 +0100] "GET /gast-fsw/v5_update1024-akt.zip HTTP/1.1" 200 2210729 "-" "Mozilla/4.0 (compatible; MSIE 8.0; Windows NT 5.1; Trident/4.0; .NET CLR 2.0.50727; .NET CLR 3.0.4506.2152; .NET CLR 3.5.30729)"
69.164.111.198 - - [30/Jan/2013:11:07:25 +0100] "GET /GAST-FSW/V5_UPDATE1024-AKT.ZIP HTTP/1.0" 404 1256 "-" "Mozilla/4.0 (compatible; MSIE 8.0; Windows NT 6.1; WOW64; Trident/4.0; SLCC2; .NET CLR 2.0.50727; .NET CLR 3.5.30729; .NET CLR 3.0.30729; Media Center PC 6.0; MDDC)"
194.76.64.12 - - [30/Jan/2013:11:17:29 +0100] "GET /seiten/produkte.htm HTTP/1.1" 200 9105 "http://www.prokommunal.com/" "Mozilla/5.0 (X11; Linux i686; rv:10.0.10) Gecko/20100101 Firefox/10.0.10"
194.76.64.12 - - [30/Jan/2013:11:18:28 +0100] "GET /seiten/service.htm HTTP/1.1" 200 9959 "http://www.prokommunal.com/seiten/produkte.htm" "Mozilla/5.0 (X11; Linux i686; rv:10.0.10) Gecko/20100101 Firefox/10.0.10"
194.76.64.12 - - [30/Jan/2013:11:18:28 +0100] "GET /redesign/img/term.jpg HTTP/1.1" 200 498 "http://www.prokommunal.com/css/style.css" "Mozilla/5.0 (X11; Linux i686; rv:10.0.10) Gecko/20100101 Firefox/10.0.10"
69.164.111.198 - - [30/Jan/2013:11:22:03 +0100] "GET /GAST-FSW/V5_UPDATE1024-AKT.ZIP HTTP/1.0" 404 1256 "-" "Mozilla/4.0 (compatible; MSIE 8.0; Windows NT 6.1; WOW64; Trident/4.0; SLCC2; .NET CLR 2.0.50727; .NET CLR 3.5.30729; .NET CLR 3.0.30729; Media Center PC 6.0; MDDC)"
61.135.249.40 - - [30/Jan/2013:11:29:01 +0100] "GET / HTTP/1.1" 200 7903 "-" "Mozilla/5.0 (compatible; YodaoBot/1.0; http://www.yodao.com/help/webmaster/spider/; )"
80.152.222.194 - - [30/Jan/2013:11:39:11 +0100] "GET / HTTP/1.1" 200 7903 "http://www.databund.de/index.php?option=com_content&view=article&id=12&Itemid=111" "Mozilla/5.0 (compatible; MSIE 9.0; Windows NT 6.1; WOW64; Trident/5.0)"
80.152.222.194 - - [30/Jan/2013:11:39:11 +0100] "GET /css/style.css HTTP/1.1" 200 3549 "http://www.prokommunal.com/" "Mozilla/5.0 (compatible; MSIE 9.0; Windows NT 6.1; WOW64; Trident/5.0)"
80.152.222.194 - - [30/Jan/2013:11:39:11 +0100] "GET /css/style.css HTTP/1.1" 200 3549 "http://www.prokommunal.com/" "Mozilla/5.0 (compatible; MSIE 9.0; Windows NT 6.1; WOW64; Trident/5.0)"
80.152.222.194 - - [30/Jan/2013:11:39:11 +0100] "GET /img/head03.jpg HTTP/1.1" 200 7610 "http://www.prokommunal.com/" "Mozilla/5.0 (compatible; MSIE 9.0; Windows NT 6.1; WOW64; Trident/5.0)"
80.152.222.194 - - [30/Jan/2013:11:39:11 +0100] "GET /img/head01.jpg HTTP/1.1" 200 6350 "http://www.prokommunal.com/" "Mozilla/5.0 (compatible; MSIE 9.0; Windows NT 6.1; WOW64; Trident/5.0)"
80.152.222.194 - - [30/Jan/2013:11:39:11 +0100] "GET /img/head02.jpg HTTP/1.1" 200 4929 "http://www.prokommunal.com/" "Mozilla/5.0 (compatible; MSIE 9.0; Windows NT 6.1; WOW64; Trident/5.0)"
80.152.222.194 - - [30/Jan/2013:11:39:11 +0100] "GET /scripte/basics.js HTTP/1.1" 200 198 "http://www.prokommunal.com/" "Mozilla/5.0 (compatible; MSIE 9.0; Windows NT 6.1; WOW64; Trident/5.0)"
80.152.222.194 - - [30/Jan/2013:11:39:11 +0100] "GET /redesign/img/bg_gelb.jpg HTTP/1.1" 200 368 "http://www.prokommunal.com/" "Mozilla/5.0 (compatible; MSIE 9.0; Windows NT 6.1; WOW64; Trident/5.0)"
80.152.222.194 - - [30/Jan/2013:11:39:11 +0100] "GET /redesign/img/bg_foot.gif HTTP/1.1" 200 286 "http://www.prokommunal.com/" "Mozilla/5.0 (compatible; MSIE 9.0; Windows NT 6.1; WOW64; Trident/5.0)"
80.152.222.194 - - [30/Jan/2013:11:39:11 +0100] "GET /favicon.ico HTTP/1.1" 200 894 "-" "Mozilla/5.0 (compatible; MSIE 9.0; Windows NT 6.1; WOW64; Trident/5.0)"
80.152.222.194 - - [30/Jan/2013:11:40:19 +0100] "GET /seiten/impr.htm HTTP/1.1" 200 8696 "http://www.prokommunal.com/" "Mozilla/5.0 (compatible; MSIE 9.0; Windows NT 6.1; WOW64; Trident/5.0)"
80.152.222.194 - - [30/Jan/2013:11:40:19 +0100] "GET /img/top.gif HTTP/1.1" 200 96 "http://www.prokommunal.com/seiten/impr.htm" "Mozilla/5.0 (compatible; MSIE 9.0; Windows NT 6.1; WOW64; Trident/5.0)"
80.152.222.194 - - [30/Jan/2013:11:40:19 +0100] "GET /img/top.gif HTTP/1.1" 200 96 "http://www.prokommunal.com/seiten/impr.htm" "Mozilla/5.0 (compatible; MSIE 9.0; Windows NT 6.1; WOW64; Trident/5.0)"
80.152.222.194 - - [30/Jan/2013:11:40:19 +0100] "GET /img/men_01.jpg HTTP/1.1" 200 713 "http://www.prokommunal.com/seiten/impr.htm" "Mozilla/5.0 (compatible; MSIE 9.0; Windows NT 6.1; WOW64; Trident/5.0)"
194.76.64.12 - - [30/Jan/2013:11:47:46 +0100] "GET /seiten/kontakt.php HTTP/1.1" 200 12788 "http://www.prokommunal.com/seiten/produkte.htm" "Mozilla/5.0 (X11; Linux i686; rv:10.0.10) Gecko/20100101 Firefox/10.0.10"
194.76.64.12 - - [30/Jan/2013:11:48:26 +0100] "GET /seiten/kontakt.php HTTP/1.1" 200 12788 "http://www.prokommunal.com/seiten/service.htm" "Mozilla/5.0 (X11; Linux i686; rv:10.0.10) Gecko/20100101 Firefox/10.0.10"
217.7.17.163 - - [30/Jan/2013:12:29:48 +0100] "GET / HTTP/1.1" 200 7903 "-" "Mozilla/4.0 (compatible; MSIE 7.0; Windows NT 5.1)"
217.7.17.163 - - [30/Jan/2013:12:29:49 +0100] "GET /css/style.css HTTP/1.1" 304 - "http://www.prokommunal.com/" "Mozilla/4.0 (compatible; MSIE 7.0; Windows NT 5.1)"
217.7.17.163 - - [30/Jan/2013:12:29:49 +0100] "GET /scripte/basics.js HTTP/1.1" 304 - "http://www.prokommunal.com/" "Mozilla/4.0 (compatible; MSIE 7.0; Windows NT 5.1)"
217.7.17.163 - - [30/Jan/2013:12:29:50 +0100] "GET /img/head01.jpg HTTP/1.1" 304 - "http://www.prokommunal.com/" "Mozilla/4.0 (compatible; MSIE 7.0; Windows NT 5.1)"
217.7.17.163 - - [30/Jan/2013:12:29:50 +0100] "GET /img/head03.jpg HTTP/1.1" 304 - "http://www.prokommunal.com/" "Mozilla/4.0 (compatible; MSIE 7.0; Windows NT 5.1)"
217.7.17.163 - - [30/Jan/2013:12:29:50 +0100] "GET /img/head02.jpg HTTP/1.1" 304 - "http://www.prokommunal.com/" "Mozilla/4.0 (compatible; MSIE 7.0; Windows NT 5.1)"
217.7.17.163 - - [30/Jan/2013:12:29:50 +0100] "GET /redesign/img/bg_gelb.jpg HTTP/1.1" 304 - "http://www.prokommunal.com/" "Mozilla/4.0 (compatible; MSIE 7.0; Windows NT 5.1)"
217.7.17.163 - - [30/Jan/2013:12:29:50 +0100] "GET /redesign/img/bg_foot.gif HTTP/1.1" 304 - "http://www.prokommunal.com/" "Mozilla/4.0 (compatible; MSIE 7.0; Windows NT 5.1)"
217.7.17.163 - - [30/Jan/2013:12:29:50 +0100] "GET /favicon.ico HTTP/1.1" 304 - "-" "Mozilla/4.0 (compatible; MSIE 7.0; Windows NT 5.1)"
217.7.17.163 - - [30/Jan/2013:12:30:05 +0100] "GET /seiten/databund.html HTTP/1.1" 200 9125 "http://www.prokommunal.com/" "Mozilla/4.0 (compatible; MSIE 7.0; Windows NT 5.1)"
217.7.17.163 - - [30/Jan/2013:12:30:05 +0100] "GET /img/men_01.jpg HTTP/1.1" 304 - "http://www.prokommunal.com/seiten/databund.html" "Mozilla/4.0 (compatible; MSIE 7.0; Windows NT 5.1)"
217.7.17.163 - - [30/Jan/2013:12:30:08 +0100] "GET /seiten/referenzen.htm HTTP/1.1" 200 40249 "http://www.prokommunal.com/" "Mozilla/4.0 (compatible; MSIE 7.0; Windows NT 5.1)"
217.7.17.163 - - [30/Jan/2013:12:30:09 +0100] "GET /img/top.gif HTTP/1.1" 304 - "http://www.prokommunal.com/seiten/referenzen.htm" "Mozilla/4.0 (compatible; MSIE 7.0; Windows NT 5.1)"
217.7.17.163 - - [30/Jan/2013:12:31:02 +0100] "GET /seiten/kontakt.php HTTP/1.1" 200 12788 "http://www.prokommunal.com/" "Mozilla/4.0 (compatible; MSIE 7.0; Windows NT 5.1)"
217.7.17.163 - - [30/Jan/2013:12:31:03 +0100] "GET /img/1px_tr.gif HTTP/1.1" 304 - "http://www.prokommunal.com/seiten/kontakt.php" "Mozilla/4.0 (compatible; MSIE 7.0; Windows NT 5.1)"
150.70.172.208 - - [30/Jan/2013:12:31:38 +0100] "GET /seiten/databund.html HTTP/1.0" 200 9125 "-" "Mozilla/4.0 (compatible; MSIE 6.0; Windows NT 5.1)"
150.70.172.208 - - [30/Jan/2013:12:31:52 +0100] "GET /scripte/basics.js HTTP/1.0" 200 198 "-" "Mozilla/4.0 (compatible; MSIE 6.0; Windows NT 5.1)"
150.70.172.208 - - [30/Jan/2013:12:31:56 +0100] "GET /seiten/referenzen.htm HTTP/1.0" 200 40249 "-" "Mozilla/4.0 (compatible; MSIE 6.0; Windows NT 5.1)"
150.70.64.208 - - [30/Jan/2013:12:33:01 +0100] "GET /seiten/kontakt.php HTTP/1.0" 200 12788 "-" "Mozilla/4.0 (compatible; MSIE 6.0; Windows NT 5.1)"
150.70.172.203 - - [30/Jan/2013:12:54:28 +0100] "GET / HTTP/1.0" 200 7903 "-" "Mozilla/4.0 (compatible; MSIE 6.0; Windows NT 5.1)"
124.115.6.14 - - [30/Jan/2013:13:04:57 +0100] "GET /robots.txt HTTP/1.1" 404 1256 "-" "Mozilla/5.0(compatible; Sosospider/2.0; +http://help.soso.com/webspider.htm)"
157.55.35.114 - - [30/Jan/2013:13:37:46 +0100] "GET /robots.txt HTTP/1.1" 404 1256 "-" "Mozilla/5.0 (compatible; bingbot/2.0; +http://www.bing.com/bingbot.htm)"
157.55.35.114 - - [30/Jan/2013:13:39:38 +0100] "GET / HTTP/1.1" 200 7903 "-" "Mozilla/5.0 (compatible; bingbot/2.0; +http://www.bing.com/bingbot.htm)"
208.115.111.71 - - [30/Jan/2013:14:00:05 +0100] "GET /robots.txt HTTP/1.1" 404 1256 "-" "Mozilla/5.0 (compatible; Ezooms/1.0; ezooms.bot@gmail.com)"
91.23.146.165 - - [30/Jan/2013:14:28:49 +0100] "GET / HTTP/1.1" 200 7903 "-" "Mozilla/4.0 (compatible; MSIE 8.0; Windows NT 5.1; Trident/4.0; .NET CLR 2.0.50727; .NET4.0C; .NET CLR 3.0.4506.2152; .NET CLR 3.5.30729; InfoPath.2; OfficeLiveConnector.1.5; OfficeLivePatch.1.3)"
91.23.146.165 - - [30/Jan/2013:14:28:50 +0100] "GET /scripte/basics.js HTTP/1.1" 200 198 "http://www.prokommunal.com/" "Mozilla/4.0 (compatible; MSIE 8.0; Windows NT 5.1; Trident/4.0; .NET CLR 2.0.50727; .NET4.0C; .NET CLR 3.0.4506.2152; .NET CLR 3.5.30729; InfoPath.2; OfficeLiveConnector.1.5; OfficeLivePatch.1.3)"
91.23.146.165 - - [30/Jan/2013:14:28:50 +0100] "GET /css/style.css HTTP/1.1" 304 - "http://www.prokommunal.com/" "Mozilla/4.0 (compatible; MSIE 8.0; Windows NT 5.1; Trident/4.0; .NET CLR 2.0.50727; .NET4.0C; .NET CLR 3.0.4506.2152; .NET CLR 3.5.30729; InfoPath.2; OfficeLiveConnector.1.5; OfficeLivePatch.1.3)"
91.23.146.165 - - [30/Jan/2013:14:28:50 +0100] "GET /img/head01.jpg HTTP/1.1" 200 6350 "http://www.prokommunal.com/" "Mozilla/4.0 (compatible; MSIE 8.0; Windows NT 5.1; Trident/4.0; .NET CLR 2.0.50727; .NET4.0C; .NET CLR 3.0.4506.2152; .NET CLR 3.5.30729; InfoPath.2; OfficeLiveConnector.1.5; OfficeLivePatch.1.3)"
91.23.146.165 - - [30/Jan/2013:14:28:50 +0100] "GET /img/head02.jpg HTTP/1.1" 200 4929 "http://www.prokommunal.com/" "Mozilla/4.0 (compatible; MSIE 8.0; Windows NT 5.1; Trident/4.0; .NET CLR 2.0.50727; .NET4.0C; .NET CLR 3.0.4506.2152; .NET CLR 3.5.30729; InfoPath.2; OfficeLiveConnector.1.5; OfficeLivePatch.1.3)"
91.23.146.165 - - [30/Jan/2013:14:28:50 +0100] "GET /img/head03.jpg HTTP/1.1" 200 7610 "http://www.prokommunal.com/" "Mozilla/4.0 (compatible; MSIE 8.0; Windows NT 5.1; Trident/4.0; .NET CLR 2.0.50727; .NET4.0C; .NET CLR 3.0.4506.2152; .NET CLR 3.5.30729; InfoPath.2; OfficeLiveConnector.1.5; OfficeLivePatch.1.3)"
91.23.146.165 - - [30/Jan/2013:14:28:50 +0100] "GET /redesign/img/bg_foot.gif HTTP/1.1" 304 - "http://www.prokommunal.com/" "Mozilla/4.0 (compatible; MSIE 8.0; Windows NT 5.1; Trident/4.0; .NET CLR 2.0.50727; .NET4.0C; .NET CLR 3.0.4506.2152; .NET CLR 3.5.30729; InfoPath.2; OfficeLiveConnector.1.5; OfficeLivePatch.1.3)"
91.23.146.165 - - [30/Jan/2013:14:28:50 +0100] "GET /redesign/img/bg_gelb.jpg HTTP/1.1" 304 - "http://www.prokommunal.com/" "Mozilla/4.0 (compatible; MSIE 8.0; Windows NT 5.1; Trident/4.0; .NET CLR 2.0.50727; .NET4.0C; .NET CLR 3.0.4506.2152; .NET CLR 3.5.30729; InfoPath.2; OfficeLiveConnector.1.5; OfficeLivePatch.1.3)"
91.23.146.165 - - [30/Jan/2013:14:28:50 +0100] "GET /favicon.ico HTTP/1.1" 200 894 "-" "Mozilla/4.0 (compatible; MSIE 8.0; Windows NT 5.1; Trident/4.0; .NET CLR 2.0.50727; .NET4.0C; .NET CLR 3.0.4506.2152; .NET CLR 3.5.30729; InfoPath.2; OfficeLiveConnector.1.5; OfficeLivePatch.1.3)"
61.135.249.60 - - [30/Jan/2013:14:29:08 +0100] "GET / HTTP/1.1" 200 7903 "-" "Mozilla/5.0 (compatible; YodaoBot/1.0; http://www.yodao.com/help/webmaster/spider/; )"
194.76.64.12 - - [30/Jan/2013:14:37:01 +0100] "GET / HTTP/1.1" 200 7903 "http://www.google.de/url?sa=t&rct=j&q=prokommunal&source=web&cd=1&sqi=2&ved=0CDEQFjAA&url=http%3A%2F%2Fwww.prokommunal.com%2F&ei=4CEJUZD2FZKQhQeg0YHACw&usg=AFQjCNF5ZvO5ecR3rprSCB3llFRGksZz8A&bvm=bv.41642243,d.d2k" "Mozilla/4.0 (compatible; MSIE 8.0; Windows NT 6.1; Trident/4.0; SLCC2; .NET CLR 2.0.50727; .NET CLR 3.5.30729; .NET CLR 3.0.30729; Media Center PC 6.0; .NET4.0C; .NET4.0E)"
194.76.64.12 - - [30/Jan/2013:14:37:01 +0100] "GET /css/style.css HTTP/1.1" 200 3549 "http://www.prokommunal.com/" "Mozilla/4.0 (compatible; MSIE 8.0; Windows NT 6.1; Trident/4.0; SLCC2; .NET CLR 2.0.50727; .NET CLR 3.5.30729; .NET CLR 3.0.30729; Media Center PC 6.0; .NET4.0C; .NET4.0E)"
194.76.64.12 - - [30/Jan/2013:14:37:01 +0100] "GET /scripte/basics.js HTTP/1.1" 200 198 "http://www.prokommunal.com/" "Mozilla/4.0 (compatible; MSIE 8.0; Windows NT 6.1; Trident/4.0; SLCC2; .NET CLR 2.0.50727; .NET CLR 3.5.30729; .NET CLR 3.0.30729; Media Center PC 6.0; .NET4.0C; .NET4.0E)"
