80.187.103.39 - - [18/Jan/2013:11:52:35 +0100] "GET / HTTP/1.1" 200 7903 "http://www.google.de/url?sa=t&rct=j&q=&esrc=s&source=web&cd=1&ved=0CDMQFjAA&url=http%3A%2F%2Fwww.prokommunal.com%2F&ei=QCn5UMW4IsjZtAaumoCAAQ&usg=AFQjCNF5ZvO5ecR3rprSCB3llFRGksZz8A&bvm=bv.41248874,d.Yms" "Mozilla/5.0 (Windows NT 6.1; rv:18.0) Gecko/20100101 Firefox/18.0"
80.187.103.39 - - [18/Jan/2013:11:52:35 +0100] "GET /scripte/basics.js HTTP/1.1" 200 198 "http://www.prokommunal.com/" "Mozilla/5.0 (Windows NT 6.1; rv:18.0) Gecko/20100101 Firefox/18.0"
80.187.103.39 - - [18/Jan/2013:11:52:35 +0100] "GET /css/style.css HTTP/1.1" 200 3549 "http://www.prokommunal.com/" "Mozilla/5.0 (Windows NT 6.1; rv:18.0) Gecko/20100101 Firefox/18.0"
80.187.103.39 - - [18/Jan/2013:11:52:36 +0100] "GET /favicon.ico HTTP/1.1" 200 894 "-" "Mozilla/5.0 (Windows NT 6.1; rv:18.0) Gecko/20100101 Firefox/18.0"
80.187.103.39 - - [18/Jan/2013:11:52:36 +0100] "GET /img/head03.jpg HTTP/1.1" 200 7610 "http://www.prokommunal.com/" "Mozilla/5.0 (Windows NT 6.1; rv:18.0) Gecko/20100101 Firefox/18.0"
80.187.103.39 - - [18/Jan/2013:11:52:36 +0100] "GET /img/head02.jpg HTTP/1.1" 200 4929 "http://www.prokommunal.com/" "Mozilla/5.0 (Windows NT 6.1; rv:18.0) Gecko/20100101 Firefox/18.0"
80.187.103.39 - - [18/Jan/2013:11:52:36 +0100] "GET /redesign/img/bg_foot.gif HTTP/1.1" 200 286 "http://www.prokommunal.com/" "Mozilla/5.0 (Windows NT 6.1; rv:18.0) Gecko/20100101 Firefox/18.0"
80.187.103.39 - - [18/Jan/2013:11:52:36 +0100] "GET /img/head01.jpg HTTP/1.1" 200 6350 "http://www.prokommunal.com/" "Mozilla/5.0 (Windows NT 6.1; rv:18.0) Gecko/20100101 Firefox/18.0"
80.187.103.39 - - [18/Jan/2013:11:52:36 +0100] "GET /redesign/img/bg_gelb.jpg HTTP/1.1" 200 368 "http://www.prokommunal.com/" "Mozilla/5.0 (Windows NT 6.1; rv:18.0) Gecko/20100101 Firefox/18.0"
80.187.103.39 - - [18/Jan/2013:11:52:39 +0100] "GET /seiten/produkte.htm HTTP/1.1" 200 9105 "http://www.prokommunal.com/" "Mozilla/5.0 (Windows NT 6.1; rv:18.0) Gecko/20100101 Firefox/18.0"
80.187.103.39 - - [18/Jan/2013:11:52:40 +0100] "GET /img/1px_tr.gif HTTP/1.1" 200 43 "http://www.prokommunal.com/seiten/produkte.htm" "Mozilla/5.0 (Windows NT 6.1; rv:18.0) Gecko/20100101 Firefox/18.0"
80.187.103.39 - - [18/Jan/2013:11:52:40 +0100] "GET /img/men_01.jpg HTTP/1.1" 200 713 "http://www.prokommunal.com/seiten/produkte.htm" "Mozilla/5.0 (Windows NT 6.1; rv:18.0) Gecko/20100101 Firefox/18.0"
80.187.103.39 - - [18/Jan/2013:11:52:40 +0100] "GET /img/top.gif HTTP/1.1" 200 96 "http://www.prokommunal.com/seiten/produkte.htm" "Mozilla/5.0 (Windows NT 6.1; rv:18.0) Gecko/20100101 Firefox/18.0"
80.187.103.39 - - [18/Jan/2013:11:52:43 +0100] "GET /seiten/fsw.htm HTTP/1.1" 200 9961 "http://www.prokommunal.com/seiten/produkte.htm" "Mozilla/5.0 (Windows NT 6.1; rv:18.0) Gecko/20100101 Firefox/18.0"
80.187.103.39 - - [18/Jan/2013:11:52:44 +0100] "GET /img/fsw.jpg HTTP/1.1" 200 10878 "http://www.prokommunal.com/seiten/fsw.htm" "Mozilla/5.0 (Windows NT 6.1; rv:18.0) Gecko/20100101 Firefox/18.0"
194.76.64.12 - - [18/Jan/2013:11:53:33 +0100] "GET /seiten/term13.pdf HTTP/1.1" 200 146450 "http://www.prokommunal.com/seiten/service.htm" "Mozilla/5.0 (Windows NT 5.1; rv:5.0) Gecko/20100101 Firefox/5.0"
80.228.30.101 - - [18/Jan/2013:11:56:10 +0100] "GET /gast-fsw/fsw_v50.zip HTTP/1.1" 304 - "-" "Mozilla/4.0 (compatible; MSIE 8.0; Windows NT 5.1; Trident/4.0; .NET CLR 1.1.4322; InfoPath.1; .NET CLR 2.0.50727; .NET4.0C)"
95.89.136.215 - - [18/Jan/2013:11:59:10 +0100] "GET /gast-fsw/fsw_v50.zip HTTP/1.0" 200 22910102 "-" "Mozilla/5.0 (Windows NT 5.1) AppleWebKit/537.17 (KHTML, like Gecko) Chrome/24.0.1312.52 Safari/537.17"
93.222.241.20 - - [18/Jan/2013:12:00:22 +0100] "GET /gast-fsw/v5_update1024-akt.zip HTTP/1.1" 200 1089171 "-" "Mozilla/5.0 (Windows NT 6.1; WOW64; rv:17.0) Gecko/20100101 Firefox/17.0"
31.13.169.132 - - [18/Jan/2013:12:02:09 +0100] "GET /gast-fsw/fsw_v50.zip HTTP/1.1" 200 22910102 "-" "Mozilla/5.0 (compatible; MSIE 9.0; Windows NT 6.1; WOW64; Trident/5.0)"
134.76.251.125 - - [18/Jan/2013:12:02:29 +0100] "GET /gast-fsw/fsw_v50.zip HTTP/1.0" 200 22910102 "-" "Mozilla/4.0 (compatible; MSIE 8.0; Windows NT 5.1; Trident/4.0; .NET CLR 2.0.50727; .NET CLR 3.0.04506.30; .NET CLR 3.0.04506.648; .NET CLR 3.0.4506.2152; .NET CLR 3.5.30729; .NET4.0C; .NET4.0E)"
194.25.168.146 - - [18/Jan/2013:12:02:19 +0100] "GET /gast-fsw/fsw_v50.zip HTTP/1.1" 200 22910102 "-" "Mozilla/4.0 (compatible; MSIE 8.0; Windows NT 5.1; Trident/4.0; InfoPath.1; .NET CLR 2.0.50727; .NET CLR 3.0.04506.30; .NET CLR 3.0.4506.2152; .NET CLR 3.5.30729)"
145.253.99.90 - - [18/Jan/2013:12:03:01 +0100] "GET /gast-fsw/fsw_v50.zip HTTP/1.1" 200 22910102 "-" "Mozilla/4.0 (compatible; MSIE 8.0; Windows NT 6.1; Trident/4.0; GTB7.4; SLCC2; .NET CLR 2.0.50727; .NET CLR 3.5.30729; .NET CLR 3.0.30729; Media Center PC 6.0; CMDTDF; .NET4.0C; InfoPath.1)"
62.176.232.140 - - [18/Jan/2013:12:10:01 +0100] "GET /seiten/referenzen.htm HTTP/1.0" 200 40249 "http://www.google.de/url?sa=t&rct=j&q=Herr+wendt+stadt+wolfsburg&source=web&cd=4&ved=0CEUQFjAD&url=http%3A%2F%2Fwww.prokommunal.com%2Fseiten%2Freferenzen.htm&ei=Ry35UMncAdDMtAaixIGwDQ&usg=AFQjCNFkgiXA2K-qnpOChU4qjRkFaABzmg&bvm=bv.41248874,d.Yms" "Mozilla/4.0 (compatible; MSIE 8.0; Windows NT 5.1; Trident/4.0)"
62.176.232.140 - - [18/Jan/2013:12:10:01 +0100] "GET /css/style.css HTTP/1.0" 200 3549 "http://www.prokommunal.com/seiten/referenzen.htm" "Mozilla/4.0 (compatible; MSIE 8.0; Windows NT 5.1; Trident/4.0)"
62.176.232.140 - - [18/Jan/2013:12:10:01 +0100] "GET /scripte/basics.js HTTP/1.0" 200 198 "http://www.prokommunal.com/seiten/referenzen.htm" "Mozilla/4.0 (compatible; MSIE 8.0; Windows NT 5.1; Trident/4.0)"
62.176.232.140 - - [18/Jan/2013:12:10:01 +0100] "GET /img/head01.jpg HTTP/1.0" 200 6350 "http://www.prokommunal.com/seiten/referenzen.htm" "Mozilla/4.0 (compatible; MSIE 8.0; Windows NT 5.1; Trident/4.0)"
62.176.232.140 - - [18/Jan/2013:12:10:01 +0100] "GET /img/head02.jpg HTTP/1.0" 200 4929 "http://www.prokommunal.com/seiten/referenzen.htm" "Mozilla/4.0 (compatible; MSIE 8.0; Windows NT 5.1; Trident/4.0)"
62.176.232.140 - - [18/Jan/2013:12:10:01 +0100] "GET /img/head03.jpg HTTP/1.0" 200 7610 "http://www.prokommunal.com/seiten/referenzen.htm" "Mozilla/4.0 (compatible; MSIE 8.0; Windows NT 5.1; Trident/4.0)"
62.176.232.140 - - [18/Jan/2013:12:10:01 +0100] "GET /redesign/img/bg_gelb.jpg HTTP/1.0" 200 368 "http://www.prokommunal.com/seiten/referenzen.htm" "Mozilla/4.0 (compatible; MSIE 8.0; Windows NT 5.1; Trident/4.0)"
62.176.232.140 - - [18/Jan/2013:12:10:01 +0100] "GET /img/top.gif HTTP/1.0" 200 96 "http://www.prokommunal.com/seiten/referenzen.htm" "Mozilla/4.0 (compatible; MSIE 8.0; Windows NT 5.1; Trident/4.0)"
62.176.232.140 - - [18/Jan/2013:12:10:01 +0100] "GET /img/men_01.jpg HTTP/1.0" 200 713 "http://www.prokommunal.com/seiten/referenzen.htm" "Mozilla/4.0 (compatible; MSIE 8.0; Windows NT 5.1; Trident/4.0)"
62.176.232.140 - - [18/Jan/2013:12:10:01 +0100] "GET /redesign/img/bg_foot.gif HTTP/1.0" 200 286 "http://www.prokommunal.com/seiten/referenzen.htm" "Mozilla/4.0 (compatible; MSIE 8.0; Windows NT 5.1; Trident/4.0)"
62.176.232.140 - - [18/Jan/2013:12:10:01 +0100] "GET /favicon.ico HTTP/1.0" 200 894 "-" "Mozilla/4.0 (compatible; MSIE 8.0; Windows NT 5.1; Trident/4.0)"
213.252.170.225 - - [18/Jan/2013:12:11:15 +0100] "GET /gast-fsw/fsw_v50.zip HTTP/1.1" 200 22910102 "-" "Mozilla/5.0 (Windows NT 6.1; WOW64; rv:18.0) Gecko/20100101 Firefox/18.0"
194.49.19.161 - - [18/Jan/2013:12:12:35 +0100] "GET /gast-fsw/fsw_v50.zip HTTP/1.0" 200 22910102 "-" "Mozilla/4.0 (compatible; MSIE 8.0; Windows NT 6.1; Trident/4.0; SLCC2; .NET CLR 2.0.50727; .NET CLR 3.5.30729; .NET CLR 3.0.30729; Media Center PC 6.0; .NET4.0C; .NET4.0E; InfoPath.2)"
80.156.174.35 - - [18/Jan/2013:12:15:03 +0100] "GET /gast-fsw/fsw_v50.zip HTTP/1.1" 200 22910102 "-" "Mozilla/5.0 (compatible; MSIE 9.0; Windows NT 6.1; Trident/5.0)"
62.159.208.171 - - [18/Jan/2013:12:16:25 +0100] "GET /gast-fsw/fsw_v50.zip HTTP/1.0" 200 22910102 "-" "Mozilla/5.0 (compatible; MSIE 9.0; Windows NT 6.1; WOW64; Trident/5.0; .)"
195.137.217.9 - - [18/Jan/2013:12:17:12 +0100] "GET /gast-fsw/fsw_v50.zip HTTP/1.1" 200 22910102 "-" "Mozilla/4.0 (compatible; MSIE 7.0; Windows NT 6.1; Trident/5.0; SLCC2; .NET CLR 2.0.50727; .NET CLR 3.5.30729; .NET CLR 3.0.30729; Media Center PC 6.0; .NET4.0C; .NET4.0E)"
93.222.241.20 - - [18/Jan/2013:12:18:26 +0100] "GET /gast-fsw/v5_update1024-akt.zip HTTP/1.1" 200 1089171 "-" "Mozilla/5.0 (Windows NT 6.1; WOW64; rv:17.0) Gecko/20100101 Firefox/17.0"
213.139.155.194 - - [18/Jan/2013:12:19:27 +0100] "GET /gast-fsw/fsw_v50.zip HTTP/1.0" 200 22910102 "-" "Mozilla/4.0 (compatible; MSIE 8.0; Windows NT 5.1; Trident/4.0; .NET CLR 1.1.4322; .NET CLR 2.0.50727; .NET CLR 3.0.04506.30; .NET CLR 3.0.4506.2152; .NET CLR 3.5.30729)"
150.70.172.101 - - [18/Jan/2013:12:19:55 +0100] "GET /gast-fsw/fsw_v50.zip HTTP/1.0" 200 22910102 "-" "Mozilla/4.0 (compatible; MSIE 6.0; Windows NT 5.1)"
213.183.87.162 - - [18/Jan/2013:12:21:27 +0100] "GET / HTTP/1.1" 200 7903 "-" "Mozilla/4.0 (compatible; MSIE 7.0; Windows NT 5.1)"
213.183.87.162 - - [18/Jan/2013:12:21:27 +0100] "GET /css/style.css HTTP/1.1" 200 3549 "http://www.prokommunal.com/" "Mozilla/4.0 (compatible; MSIE 7.0; Windows NT 5.1)"
213.183.87.162 - - [18/Jan/2013:12:21:27 +0100] "GET /scripte/basics.js HTTP/1.1" 200 198 "http://www.prokommunal.com/" "Mozilla/4.0 (compatible; MSIE 7.0; Windows NT 5.1)"
213.183.87.162 - - [18/Jan/2013:12:21:27 +0100] "GET /img/head01.jpg HTTP/1.1" 200 6350 "http://www.prokommunal.com/" "Mozilla/4.0 (compatible; MSIE 7.0; Windows NT 5.1)"
213.183.87.162 - - [18/Jan/2013:12:21:27 +0100] "GET /img/head02.jpg HTTP/1.1" 200 4929 "http://www.prokommunal.com/" "Mozilla/4.0 (compatible; MSIE 7.0; Windows NT 5.1)"
213.183.87.162 - - [18/Jan/2013:12:21:27 +0100] "GET /img/head03.jpg HTTP/1.1" 200 7610 "http://www.prokommunal.com/" "Mozilla/4.0 (compatible; MSIE 7.0; Windows NT 5.1)"
213.183.87.162 - - [18/Jan/2013:12:21:27 +0100] "GET /redesign/img/bg_gelb.jpg HTTP/1.1" 200 368 "http://www.prokommunal.com/" "Mozilla/4.0 (compatible; MSIE 7.0; Windows NT 5.1)"
213.183.87.162 - - [18/Jan/2013:12:21:27 +0100] "GET /redesign/img/bg_foot.gif HTTP/1.1" 200 286 "http://www.prokommunal.com/" "Mozilla/4.0 (compatible; MSIE 7.0; Windows NT 5.1)"
213.183.87.162 - - [18/Jan/2013:12:21:27 +0100] "GET /favicon.ico HTTP/1.1" 200 894 "-" "Mozilla/4.0 (compatible; MSIE 7.0; Windows NT 5.1)"
213.183.87.162 - - [18/Jan/2013:12:21:33 +0100] "GET /seiten/kontakt.php HTTP/1.1" 200 12788 "http://www.prokommunal.com/" "Mozilla/4.0 (compatible; MSIE 7.0; Windows NT 5.1)"
213.183.87.162 - - [18/Jan/2013:12:21:33 +0100] "GET /img/1px_tr.gif HTTP/1.1" 200 43 "http://www.prokommunal.com/seiten/kontakt.php" "Mozilla/4.0 (compatible; MSIE 7.0; Windows NT 5.1)"
213.183.87.162 - - [18/Jan/2013:12:21:33 +0100] "GET /img/men_01.jpg HTTP/1.1" 200 713 "http://www.prokommunal.com/seiten/kontakt.php" "Mozilla/4.0 (compatible; MSIE 7.0; Windows NT 5.1)"
213.183.87.162 - - [18/Jan/2013:12:21:33 +0100] "GET /img/top.gif HTTP/1.1" 200 96 "http://www.prokommunal.com/seiten/kontakt.php" "Mozilla/4.0 (compatible; MSIE 7.0; Windows NT 5.1)"
80.150.104.201 - - [18/Jan/2013:12:22:15 +0100] "GET /gast-fsw/fsw_v50.zip HTTP/1.0" 200 22910102 "-" "Mozilla/4.0 (compatible; MSIE 8.0; Windows NT 5.1; Trident/4.0; .NET CLR 2.0.50727; .NET CLR 3.0.4506.2152; .NET CLR 3.5.30729; .NET4.0C; .NET CLR 1.1.4322; .NET4.0E)"
83.243.48.3 - - [18/Jan/2013:12:23:07 +0100] "GET /gast-fsw/fsw_v50.zip HTTP/1.1" 200 22910102 "-" "Mozilla/4.0 (compatible; MSIE 7.0; Windows NT 5.2; .NET CLR 1.1.4322; .NET CLR 2.0.50727; .NET CLR 3.0.4506.2152; .NET CLR 3.5.30729; .NET4.0C; .NET4.0E)"
192.166.87.116 - - [18/Jan/2013:12:23:36 +0100] "GET /gast-fsw/fsw_v50.zip HTTP/1.0" 200 22910102 "-" "Mozilla/5.0 (Windows NT 5.1; rv:16.0) Gecko/20100101 Firefox/16.0"
217.76.102.18 - - [18/Jan/2013:12:24:17 +0100] "GET /gast-fsw/fsw_v50.zip HTTP/1.1" 200 22910102 "-" "Mozilla/5.0 (Windows NT 5.1; rv:16.0) Gecko/20100101 Firefox/16.0"
62.159.21.43 - - [18/Jan/2013:12:24:11 +0100] "GET /gast-fsw/fsw_v50.zip HTTP/1.1" 200 22910102 "-" "Mozilla/4.0 (compatible; MSIE 8.0; Windows NT 5.1; Trident/4.0; .NET CLR 1.1.4322; .NET CLR 2.0.50727; .NET CLR 3.0.04506.30; .NET CLR 3.0.4506.2152; .NET CLR 3.5.30729; InfoPath.1)"
83.21.42.114 - - [18/Jan/2013:12:25:24 +0100] "GET / HTTP/1.1" 200 7903 "http://www.cebit.de/exhibitor/prokommunal/N235918?source=akl" "Mozilla/5.0 (Windows NT 6.2; WOW64) AppleWebKit/537.17 (KHTML, like Gecko) Chrome/24.0.1312.52 Safari/537.17"
83.21.42.114 - - [18/Jan/2013:12:25:25 +0100] "GET /css/style.css HTTP/1.1" 200 3549 "http://www.prokommunal.com/" "Mozilla/5.0 (Windows NT 6.2; WOW64) AppleWebKit/537.17 (KHTML, like Gecko) Chrome/24.0.1312.52 Safari/537.17"
83.21.42.114 - - [18/Jan/2013:12:25:25 +0100] "GET /scripte/basics.js HTTP/1.1" 200 198 "http://www.prokommunal.com/" "Mozilla/5.0 (Windows NT 6.2; WOW64) AppleWebKit/537.17 (KHTML, like Gecko) Chrome/24.0.1312.52 Safari/537.17"
83.21.42.114 - - [18/Jan/2013:12:25:25 +0100] "GET /img/head01.jpg HTTP/1.1" 200 6350 "http://www.prokommunal.com/" "Mozilla/5.0 (Windows NT 6.2; WOW64) AppleWebKit/537.17 (KHTML, like Gecko) Chrome/24.0.1312.52 Safari/537.17"
83.21.42.114 - - [18/Jan/2013:12:25:25 +0100] "GET /img/head02.jpg HTTP/1.1" 200 4929 "http://www.prokommunal.com/" "Mozilla/5.0 (Windows NT 6.2; WOW64) AppleWebKit/537.17 (KHTML, like Gecko) Chrome/24.0.1312.52 Safari/537.17"
83.21.42.114 - - [18/Jan/2013:12:25:25 +0100] "GET /img/head03.jpg HTTP/1.1" 200 7610 "http://www.prokommunal.com/" "Mozilla/5.0 (Windows NT 6.2; WOW64) AppleWebKit/537.17 (KHTML, like Gecko) Chrome/24.0.1312.52 Safari/537.17"
83.21.42.114 - - [18/Jan/2013:12:25:25 +0100] "GET /redesign/img/bg_gelb.jpg HTTP/1.1" 200 368 "http://www.prokommunal.com/" "Mozilla/5.0 (Windows NT 6.2; WOW64) AppleWebKit/537.17 (KHTML, like Gecko) Chrome/24.0.1312.52 Safari/537.17"
83.21.42.114 - - [18/Jan/2013:12:25:25 +0100] "GET /redesign/img/bg_foot.gif HTTP/1.1" 200 286 "http://www.prokommunal.com/" "Mozilla/5.0 (Windows NT 6.2; WOW64) AppleWebKit/537.17 (KHTML, like Gecko) Chrome/24.0.1312.52 Safari/537.17"
83.21.42.114 - - [18/Jan/2013:12:25:25 +0100] "GET /favicon.ico HTTP/1.1" 200 894 "-" "Mozilla/5.0 (Windows NT 6.2; WOW64) AppleWebKit/537.17 (KHTML, like Gecko) Chrome/24.0.1312.52 Safari/537.17"
83.21.42.114 - - [18/Jan/2013:12:25:27 +0100] "GET /seiten/kontakt.php HTTP/1.1" 200 12788 "http://www.prokommunal.com/" "Mozilla/5.0 (Windows NT 6.2; WOW64) AppleWebKit/537.17 (KHTML, like Gecko) Chrome/24.0.1312.52 Safari/537.17"
83.21.42.114 - - [18/Jan/2013:12:25:28 +0100] "GET /img/men_01.jpg HTTP/1.1" 200 713 "http://www.prokommunal.com/seiten/kontakt.php" "Mozilla/5.0 (Windows NT 6.2; WOW64) AppleWebKit/537.17 (KHTML, like Gecko) Chrome/24.0.1312.52 Safari/537.17"
83.21.42.114 - - [18/Jan/2013:12:25:28 +0100] "GET /img/1px_tr.gif HTTP/1.1" 200 43 "http://www.prokommunal.com/seiten/kontakt.php" "Mozilla/5.0 (Windows NT 6.2; WOW64) AppleWebKit/537.17 (KHTML, like Gecko) Chrome/24.0.1312.52 Safari/537.17"
83.21.42.114 - - [18/Jan/2013:12:25:28 +0100] "GET /img/top.gif HTTP/1.1" 200 96 "http://www.prokommunal.com/seiten/kontakt.php" "Mozilla/5.0 (Windows NT 6.2; WOW64) AppleWebKit/537.17 (KHTML, like Gecko) Chrome/24.0.1312.52 Safari/537.17"
194.49.19.161 - - [18/Jan/2013:12:28:36 +0100] "GET /gast-fsw/fsw_v50.zip HTTP/1.0" 200 22910102 "-" "Mozilla/4.0 (compatible; MSIE 8.0; Windows NT 6.1; Trident/4.0; SLCC2; .NET CLR 2.0.50727; .NET CLR 3.5.30729; .NET CLR 3.0.30729; Media Center PC 6.0; InfoPath.2; .NET4.0C; .NET4.0E; AskTbORJ/5.15.4.23821)"
87.139.24.26 - - [18/Jan/2013:12:30:55 +0100] "GET /gast-fsw/fsw_v50.zip HTTP/1.1" 200 22910102 "-" "Mozilla/5.0 (compatible; MSIE 9.0; Windows NT 6.1; WOW64; Trident/5.0; MANM)"
83.243.48.3 - - [18/Jan/2013:12:37:48 +0100] "GET /favicon.ico HTTP/1.1" 200 894 "-" "Mozilla/4.0 (compatible; MSIE 8.0; Windows NT 5.1; Trident/4.0; .NET CLR 2.0.50727)"
212.184.16.212 - - [18/Jan/2013:12:39:05 +0100] "GET /gast-fsw/fsw_v50.zip HTTP/1.1" 200 22910102 "-" "Mozilla/5.0 (compatible; MSIE 9.0; Windows NT 6.1; WOW64; Trident/5.0)"
195.37.228.153 - - [18/Jan/2013:12:39:03 +0100] "GET /gast-fsw/fsw_v50.zip HTTP/1.0" 200 22910102 "-" "Mozilla/5.0 (compatible; MSIE 9.0; Windows NT 6.1; Trident/5.0)"
83.243.48.3 - - [18/Jan/2013:12:39:56 +0100] "GET /favicon.ico HTTP/1.1" 304 - "-" "Mozilla/4.0 (compatible; MSIE 8.0; Windows NT 5.1; Trident/4.0; .NET CLR 2.0.50727)"
83.243.48.3 - - [18/Jan/2013:12:40:46 +0100] "GET /gast-fsw/fsw_v50.zip HTTP/1.1" 304 - "-" "Mozilla/4.0 (compatible; MSIE 8.0; Windows NT 5.1; Trident/4.0; .NET CLR 2.0.50727)"
192.166.87.126 - - [18/Jan/2013:12:40:42 +0100] "GET /gast-fsw/fsw_v50.zip HTTP/1.1" 200 22910102 "-" "Mozilla/5.0 (Windows NT 5.1; rv:17.0) Gecko/20100101 Firefox/17.0"
192.166.87.126 - - [18/Jan/2013:12:40:43 +0100] "GET /gast-fsw/fsw_v50.zip HTTP/1.1" 200 22910102 "-" "Mozilla/5.0 (Windows NT 5.1; rv:17.0) Gecko/20100101 Firefox/17.0"
157.55.32.100 - - [18/Jan/2013:12:44:49 +0100] "GET /robots.txt HTTP/1.1" 404 1256 "-" "Mozilla/5.0 (compatible; bingbot/2.0; +http://www.bing.com/bingbot.htm)"
91.102.136.106 - - [18/Jan/2013:12:46:15 +0100] "GET /gast-fsw/v5_update1024-akt.zip HTTP/1.0" 200 1089171 "-" "Mozilla/5.0 (Windows NT 6.1; rv:18.0) Gecko/20100101 Firefox/18.0"
157.55.32.100 - - [18/Jan/2013:12:46:53 +0100] "GET /seiten/referenzen.htm HTTP/1.1" 200 40249 "-" "Mozilla/5.0 (compatible; bingbot/2.0; +http://www.bing.com/bingbot.htm)"
61.135.249.167 - - [18/Jan/2013:12:47:24 +0100] "GET / HTTP/1.1" 200 7903 "-" "Mozilla/5.0 (compatible; YodaoBot/1.0; http://www.yodao.com/help/webmaster/spider/; )"
157.55.33.19 - - [18/Jan/2013:12:48:50 +0100] "GET /css/style.css HTTP/1.1" 200 3549 "-" "Mozilla/5.0 (compatible; bingbot/2.0; +http://www.bing.com/bingbot.htm)"
195.243.129.130 - - [18/Jan/2013:12:56:11 +0100] "GET /gast-fsw/fsw_v50.zip HTTP/1.1" 200 22910102 "-" "Mozilla/5.0 (Windows NT 5.1; rv:18.0) Gecko/20100101 Firefox/18.0"
213.188.114.105 - - [18/Jan/2013:12:55:53 +0100] "GET /gast-fsw/fsw_v50.zip HTTP/1.1" 200 22910102 "-" "Mozilla/4.0 (compatible; MSIE 8.0; Windows NT 6.1; WOW64; Trident/4.0; SLCC2; .NET CLR 2.0.50727; .NET CLR 3.5.30729; .NET CLR 3.0.30729; Media Center PC 6.0; InfoPath.3; .NET4.0E; .NET4.0C)"
217.86.252.106 - - [18/Jan/2013:12:56:08 +0100] "GET /gast-fsw/fsw_v50.zip HTTP/1.0" 200 22910102 "-" "Mozilla/4.0 (compatible; MSIE 8.0; Windows NT 5.2; Trident/4.0; .NET CLR 1.1.4322; .NET CLR 2.0.50727; .NET CLR 3.0.4506.2152; .NET CLR 3.5.30729; InfoPath.1; .NET4.0C; .NET4.0E)"
194.95.255.71 - - [18/Jan/2013:13:05:09 +0100] "HEAD / HTTP/1.0" 200 - "-" "-"
194.95.255.71 - - [18/Jan/2013:13:05:10 +0100] "GET /gast-fsw/fsw_v50.zip HTTP/1.0" 200 22910102 "-" "Mozilla/4.0 (compatible; MSIE 8.0; Windows NT 5.1; Trident/4.0; .NET CLR 2.0.50727; .NET4.0C; .NET4.0E; .NET CLR 3.0.4506.2152; .NET CLR 3.5.30729)"
195.145.216.1 - - [18/Jan/2013:13:05:02 +0100] "GET /gast-fsw/fsw_v50.zip HTTP/1.1" 200 22910102 "-" "Mozilla/4.0 (compatible; MSIE 8.0; Windows NT 5.1; Trident/4.0; GTB6; .NET CLR 2.0.50727; .NET CLR 3.0.04506.30; .NET CLR 3.0.4506.2152; .NET CLR 3.5.30729; .NET4.0C; .NET4.0E)"
213.183.87.162 - - [18/Jan/2013:13:06:56 +0100] "GET /gast-fsw/fsw_v50.zip HTTP/1.1" 200 22910102 "-" "Mozilla/5.0 (Windows NT 5.1; rv:18.0) Gecko/20100101 Firefox/18.0"
194.76.64.12 - - [18/Jan/2013:13:31:32 +0100] "GET /gast-fsw/fsw_v50.zip HTTP/1.1" 200 22910102 "-" "Mozilla/5.0 (X11; Linux i686; rv:10.0.9) Gecko/20100101 Firefox/10.0.9"
194.95.255.71 - - [18/Jan/2013:13:45:06 +0100] "HEAD / HTTP/1.0" 200 - "-" "-"
194.95.255.71 - - [18/Jan/2013:13:45:06 +0100] "GET /gast-fsw/fsw_v50.zip HTTP/1.0" 304 - "-" "Mozilla/4.0 (compatible; MSIE 8.0; Windows NT 5.1; Trident/4.0; .NET CLR 2.0.50727; .NET4.0C; .NET4.0E; .NET CLR 3.0.4506.2152; .NET CLR 3.5.30729)"
66.249.75.242 - - [18/Jan/2013:13:48:39 +0100] "GET /robots.txt HTTP/1.1" 404 1256 "-" "Mozilla/5.0 (compatible; Googlebot/2.1; +http://www.google.com/bot.html)"
66.249.78.242 - - [18/Jan/2013:13:48:39 +0100] "GET / HTTP/1.1" 200 7903 "-" "Mozilla/5.0 (compatible; Googlebot/2.1; +http://www.google.com/bot.html)"
66.249.75.242 - - [18/Jan/2013:13:52:34 +0100] "GET /css/style.css HTTP/1.1" 200 3549 "-" "Mozilla/5.0 (compatible; Googlebot/2.1; +http://www.google.com/bot.html)"
31.13.169.132 - - [18/Jan/2013:13:53:38 +0100] "GET /gast-fsw/v5_update1024-akt.zip HTTP/1.1" 200 1089171 "-" "Mozilla/5.0 (Windows NT 6.1; rv:14.0) Gecko/20100101 Firefox/14.0.1"
31.13.169.132 - - [18/Jan/2013:14:01:14 +0100] "GET /gast-fsw/v5_update1024-akt.zip HTTP/1.1" 200 1089171 "-" "Mozilla/4.0 (compatible; MSIE 7.0; Windows NT 5.1; .NET CLR 2.0.50727; .NET CLR 3.0.4506.2152; .NET CLR 3.5.30729; .NET4.0C; .NET4.0E)"
62.96.234.17 - - [18/Jan/2013:14:02:06 +0100] "GET /gast-fsw/v5_update1024-akt.zip HTTP/1.1" 200 1089171 "-" "Mozilla/5.0 (compatible; MSIE 9.0; Windows NT 6.1; Win64; x64; Trident/5.0)"
141.15.33.1 - - [18/Jan/2013:14:03:29 +0100] "GET / HTTP/1.1" 200 7903 "http://www.google.de/url?sa=t&rct=j&q=prokommunal&source=web&cd=1&sqi=2&ved=0CDAQFjAA&url=http%3A%2F%2Fwww.prokommunal.com%2F&ei=7Ef5UPSwA4ao4ATur4CoDw&usg=AFQjCNF5ZvO5ecR3rprSCB3llFRGksZz8A&bvm=bv.41248874,d.d2k" "Mozilla/4.0 (compatible; MSIE 8.0; Windows NT 5.1; Trident/4.0; .NET CLR 2.0.50727)"
141.15.33.1 - - [18/Jan/2013:14:03:29 +0100] "GET /scripte/basics.js HTTP/1.1" 200 198 "http://www.prokommunal.com/" "Mozilla/4.0 (compatible; MSIE 8.0; Windows NT 5.1; Trident/4.0; .NET CLR 2.0.50727)"
141.15.33.1 - - [18/Jan/2013:14:03:29 +0100] "GET /css/style.css HTTP/1.1" 200 3549 "http://www.prokommunal.com/" "Mozilla/4.0 (compatible; MSIE 8.0; Windows NT 5.1; Trident/4.0; .NET CLR 2.0.50727)"
141.15.33.1 - - [18/Jan/2013:14:03:29 +0100] "GET /img/head01.jpg HTTP/1.1" 200 6350 "http://www.prokommunal.com/" "Mozilla/4.0 (compatible; MSIE 8.0; Windows NT 5.1; Trident/4.0; .NET CLR 2.0.50727)"
141.15.33.1 - - [18/Jan/2013:14:03:29 +0100] "GET /img/head03.jpg HTTP/1.1" 200 7610 "http://www.prokommunal.com/" "Mozilla/4.0 (compatible; MSIE 8.0; Windows NT 5.1; Trident/4.0; .NET CLR 2.0.50727)"
141.15.33.1 - - [18/Jan/2013:14:03:29 +0100] "GET /redesign/img/bg_gelb.jpg HTTP/1.1" 200 368 "http://www.prokommunal.com/" "Mozilla/4.0 (compatible; MSIE 8.0; Windows NT 5.1; Trident/4.0; .NET CLR 2.0.50727)"
141.15.33.1 - - [18/Jan/2013:14:03:29 +0100] "GET /img/head02.jpg HTTP/1.1" 200 4929 "http://www.prokommunal.com/" "Mozilla/4.0 (compatible; MSIE 8.0; Windows NT 5.1; Trident/4.0; .NET CLR 2.0.50727)"
141.15.33.1 - - [18/Jan/2013:14:03:29 +0100] "GET /redesign/img/bg_foot.gif HTTP/1.1" 200 286 "http://www.prokommunal.com/" "Mozilla/4.0 (compatible; MSIE 8.0; Windows NT 5.1; Trident/4.0; .NET CLR 2.0.50727)"
141.15.33.1 - - [18/Jan/2013:14:03:29 +0100] "GET /favicon.ico HTTP/1.1" 200 894 "-" "Mozilla/4.0 (compatible; MSIE 8.0; Windows NT 5.1; Trident/4.0; .NET CLR 2.0.50727)"
141.15.33.1 - - [18/Jan/2013:14:03:33 +0100] "GET /seiten/kontakt.php HTTP/1.1" 200 12788 "http://www.prokommunal.com/" "Mozilla/4.0 (compatible; MSIE 8.0; Windows NT 5.1; Trident/4.0; .NET CLR 2.0.50727)"
141.15.33.1 - - [18/Jan/2013:14:03:33 +0100] "GET /img/1px_tr.gif HTTP/1.1" 200 43 "http://www.prokommunal.com/seiten/kontakt.php" "Mozilla/4.0 (compatible; MSIE 8.0; Windows NT 5.1; Trident/4.0; .NET CLR 2.0.50727)"
141.15.33.1 - - [18/Jan/2013:14:03:33 +0100] "GET /img/men_01.jpg HTTP/1.1" 200 713 "http://www.prokommunal.com/seiten/kontakt.php" "Mozilla/4.0 (compatible; MSIE 8.0; Windows NT 5.1; Trident/4.0; .NET CLR 2.0.50727)"
141.15.33.1 - - [18/Jan/2013:14:03:33 +0100] "GET /img/top.gif HTTP/1.1" 200 96 "http://www.prokommunal.com/seiten/kontakt.php" "Mozilla/4.0 (compatible; MSIE 8.0; Windows NT 5.1; Trident/4.0; .NET CLR 2.0.50727)"
195.37.69.11 - - [18/Jan/2013:14:06:15 +0100] "GET /gast-fsw/fsw_v50.zip HTTP/1.1" 200 22910102 "-" "Mozilla/4.0 (compatible; MSIE 8.0; Windows NT 5.1; Trident/4.0; GTB6.3; .NET CLR 2.0.50727; .NET CLR 3.0.4506.2152; .NET CLR 3.5.30729; .NET4.0C; .NET4.0E)"
194.76.64.12 - - [18/Jan/2013:14:18:35 +0100] "GET /gast-fsw/fsw_v50.zip HTTP/1.1" 200 22910102 "-" "Mozilla/4.0 (compatible; MSIE 8.0; Windows NT 5.1; Trident/4.0; .NET CLR 1.1.4322; .NET CLR 2.0.50727; .NET CLR 3.0.04506.30; .NET CLR 3.0.4506.2152; .NET CLR 3.5.30729)"
194.76.64.12 - - [18/Jan/2013:14:18:43 +0100] "GET /gast-fsw/fsw_v50.zip HTTP/1.1" 200 22910102 "-" "Mozilla/4.0 (compatible; MSIE 8.0; Windows NT 5.1; Trident/4.0; .NET CLR 1.1.4322; .NET CLR 2.0.50727; .NET CLR 3.0.04506.30; .NET CLR 3.0.4506.2152; .NET CLR 3.5.30729)"
141.15.33.1 - - [18/Jan/2013:14:27:36 +0100] "GET /gast-fsw/v5_update1280-akt.zip HTTP/1.1" 200 1009883 "-" "Mozilla/4.0 (compatible; MSIE 8.0; Windows NT 5.1; Trident/4.0; .NET CLR 2.0.50727; InfoPath.1)"
91.65.27.138 - - [18/Jan/2013:14:31:45 +0100] "GET /gast-fsw/v5_update1024-akt.zip HTTP/1.1" 200 1089171 "-" "Mozilla/5.0 (Windows NT 6.1; WOW64; rv:16.0) Gecko/20100101 Firefox/16.0"
31.13.169.132 - - [18/Jan/2013:14:34:36 +0100] "GET /gast-fsw/v5_update1024-akt.zip HTTP/1.1" 200 1089171 "-" "Mozilla/5.0 (compatible; MSIE 9.0; Windows NT 6.1; Trident/5.0)"
195.145.124.10 - - [18/Jan/2013:14:42:43 +0100] "GET /gast-fsw/v5_update1024-akt.zip HTTP/1.1" 200 1089171 "-" "Mozilla/4.0 (compatible; MSIE 7.0; Windows NT 5.1; .NET CLR 1.1.4322; InfoPath.1; .NET CLR 2.0.50727; .NET CLR 3.0.4506.2152; .NET CLR 3.5.30729)"
83.243.48.3 - - [18/Jan/2013:14:47:47 +0100] "GET /gast-fsw/fsw_v50.zip HTTP/1.1" 304 - "-" "Mozilla/4.0 (compatible; MSIE 8.0; Windows NT 5.1; Trident/4.0; GTB7.4; .NET CLR 1.1.4322; .NET CLR 2.0.50727; .NET CLR 3.0.04506.30; .NET CLR 3.0.04506.648; .NET CLR 3.0.4506.2152; .NET CLR 3.5.30729; .NET4.0C; .NET4.0E; InfoPath.3)"
195.37.69.11 - - [18/Jan/2013:14:50:01 +0100] "GET /gast-fsw/fsw_v50.zip HTTP/1.1" 200 22910102 "-" "Mozilla/4.0 (compatible; MSIE 7.0; Windows NT 5.1; Trident/4.0; .NET CLR 2.0.50727; .NET CLR 3.0.4506.2152; .NET CLR 3.5.30729; .NET CLR 1.1.4322; .NET4.0C; .NET4.0E)"
61.135.249.191 - - [18/Jan/2013:15:04:50 +0100] "GET / HTTP/1.1" 200 7903 "-" "Mozilla/5.0 (compatible; YodaoBot/1.0; http://www.yodao.com/help/webmaster/spider/; )"
91.190.230.164 - - [18/Jan/2013:15:05:53 +0100] "GET /gast-fsw/fsw_v50.zip HTTP/1.1" 200 22910102 "-" "Mozilla/5.0 (Windows NT 6.1; rv:18.0) Gecko/20100101 Firefox/18.0"
74.217.148.75 - - [18/Jan/2013:15:31:20 +0100] "GET /gast-fsw/fsw_v50.zip HTTP/1.1" 200 22910102 "-" "Mozilla/4.0 (compatible; MSIE 8.0; Windows NT 6.1; Trident/4.0; SIMBAR={A437996E-01BB-11E0-8A84-002713A0514A}; GTB6.6; SLCC2; .NET CLR 2.0.50727; .NET CLR 3.5.30729; .NET CLR 3.0.30729; Tablet PC 2.0; HPNTDF; Media Center PC 6.0; InfoPath.2; AskTbATU3/5.8.0.12304)"
195.190.13.198 - - [18/Jan/2013:15:47:38 +0100] "GET /blog.php HTTP/1.0" 404 1256 "http://www.prokommunal.com/blog.php" "Mozilla/5.0 (Windows; U; Windows NT 5.1; de; rv:1.9.1.3) Gecko/20090824 Firefox/3.5.3 (.NET CLR 3.5.30729)"
141.15.33.1 - - [18/Jan/2013:15:54:12 +0100] "GET / HTTP/1.1" 200 7903 "http://www.google.de/url?sa=t&rct=j&q=prokommunal&source=web&cd=1&sqi=2&ved=0CDAQFjAA&url=http%3A%2F%2Fwww.prokommunal.com%2F&ei=32H5UOXuAoKi4gTIo4GwDw&usg=AFQjCNF5ZvO5ecR3rprSCB3llFRGksZz8A&bvm=bv.41248874,d.d2k" "Mozilla/4.0 (compatible; MSIE 8.0; Windows NT 5.1; Trident/4.0; .NET CLR 2.0.50727)"
141.15.33.1 - - [18/Jan/2013:15:54:12 +0100] "GET /css/style.css HTTP/1.1" 200 3549 "http://www.prokommunal.com/" "Mozilla/4.0 (compatible; MSIE 8.0; Windows NT 5.1; Trident/4.0; .NET CLR 2.0.50727)"
141.15.33.1 - - [18/Jan/2013:15:54:12 +0100] "GET /scripte/basics.js HTTP/1.1" 200 198 "http://www.prokommunal.com/" "Mozilla/4.0 (compatible; MSIE 8.0; Windows NT 5.1; Trident/4.0; .NET CLR 2.0.50727)"
141.15.33.1 - - [18/Jan/2013:15:54:12 +0100] "GET /img/head02.jpg HTTP/1.1" 200 4929 "http://www.prokommunal.com/" "Mozilla/4.0 (compatible; MSIE 8.0; Windows NT 5.1; Trident/4.0; .NET CLR 2.0.50727)"
141.15.33.1 - - [18/Jan/2013:15:54:12 +0100] "GET /img/head01.jpg HTTP/1.1" 200 6350 "http://www.prokommunal.com/" "Mozilla/4.0 (compatible; MSIE 8.0; Windows NT 5.1; Trident/4.0; .NET CLR 2.0.50727)"
141.15.33.1 - - [18/Jan/2013:15:54:12 +0100] "GET /img/head03.jpg HTTP/1.1" 200 7610 "http://www.prokommunal.com/" "Mozilla/4.0 (compatible; MSIE 8.0; Windows NT 5.1; Trident/4.0; .NET CLR 2.0.50727)"
141.15.33.1 - - [18/Jan/2013:15:54:12 +0100] "GET /redesign/img/bg_gelb.jpg HTTP/1.1" 200 368 "http://www.prokommunal.com/" "Mozilla/4.0 (compatible; MSIE 8.0; Windows NT 5.1; Trident/4.0; .NET CLR 2.0.50727)"
141.15.33.1 - - [18/Jan/2013:15:54:12 +0100] "GET /redesign/img/bg_foot.gif HTTP/1.1" 200 286 "http://www.prokommunal.com/" "Mozilla/4.0 (compatible; MSIE 8.0; Windows NT 5.1; Trident/4.0; .NET CLR 2.0.50727)"
141.15.33.1 - - [18/Jan/2013:15:54:14 +0100] "GET /seiten/referenzen.htm HTTP/1.1" 200 40249 "http://www.prokommunal.com/" "Mozilla/4.0 (compatible; MSIE 8.0; Windows NT 5.1; Trident/4.0; .NET CLR 2.0.50727)"
141.15.33.1 - - [18/Jan/2013:15:54:14 +0100] "GET /img/top.gif HTTP/1.1" 200 96 "http://www.prokommunal.com/seiten/referenzen.htm" "Mozilla/4.0 (compatible; MSIE 8.0; Windows NT 5.1; Trident/4.0; .NET CLR 2.0.50727)"
141.15.33.1 - - [18/Jan/2013:15:54:14 +0100] "GET /img/men_01.jpg HTTP/1.1" 200 713 "http://www.prokommunal.com/seiten/referenzen.htm" "Mozilla/4.0 (compatible; MSIE 8.0; Windows NT 5.1; Trident/4.0; .NET CLR 2.0.50727)"
83.233.207.74 - - [18/Jan/2013:16:03:04 +0100] "GET /robots.txt HTTP/1.1" 404 1256 "-" "Mozilla/5.0 (Windows NT 5.1; rv:8.0) Gecko/20100101 Firefox/8.0"
83.233.207.74 - - [18/Jan/2013:16:03:04 +0100] "GET / HTTP/1.1" 200 7903 "-" "Mozilla/5.0 (Windows NT 5.1; rv:8.0) Gecko/20100101 Firefox/8.0"
83.233.207.74 - - [18/Jan/2013:16:03:04 +0100] "GET /seiten/produkte.htm HTTP/1.1" 200 9105 "-" "Mozilla/5.0 (Windows NT 5.1; rv:8.0) Gecko/20100101 Firefox/8.0"
83.233.207.74 - - [18/Jan/2013:16:03:04 +0100] "GET /seiten/partner.htm HTTP/1.1" 200 9458 "-" "Mozilla/5.0 (Windows NT 5.1; rv:8.0) Gecko/20100101 Firefox/8.0"
83.233.207.74 - - [18/Jan/2013:16:03:04 +0100] "GET /seiten/referenzen.htm HTTP/1.1" 200 40249 "-" "Mozilla/5.0 (Windows NT 5.1; rv:8.0) Gecko/20100101 Firefox/8.0"
83.233.207.74 - - [18/Jan/2013:16:03:05 +0100] "GET /seiten/service.htm HTTP/1.1" 200 9959 "-" "Mozilla/5.0 (Windows NT 5.1; rv:8.0) Gecko/20100101 Firefox/8.0"
83.233.207.74 - - [18/Jan/2013:16:03:05 +0100] "GET /seiten/kontakt.php HTTP/1.1" 200 12788 "-" "Mozilla/5.0 (Windows NT 5.1; rv:8.0) Gecko/20100101 Firefox/8.0"
83.233.207.74 - - [18/Jan/2013:16:03:05 +0100] "GET /seiten/impr.htm HTTP/1.1" 200 8696 "-" "Mozilla/5.0 (Windows NT 5.1; rv:8.0) Gecko/20100101 Firefox/8.0"
83.233.207.74 - - [18/Jan/2013:16:03:05 +0100] "GET /seiten/databund.html HTTP/1.1" 200 9125 "-" "Mozilla/5.0 (Windows NT 5.1; rv:8.0) Gecko/20100101 Firefox/8.0"
83.233.207.74 - - [18/Jan/2013:16:03:05 +0100] "GET /seiten/fsw.htm HTTP/1.1" 200 9961 "-" "Mozilla/5.0 (Windows NT 5.1; rv:8.0) Gecko/20100101 Firefox/8.0"
83.233.207.74 - - [18/Jan/2013:16:03:05 +0100] "GET /seiten/fahrlehrerwesen.htm HTTP/1.1" 200 7168 "-" "Mozilla/5.0 (Windows NT 5.1; rv:8.0) Gecko/20100101 Firefox/8.0"
83.233.207.74 - - [18/Jan/2013:16:03:05 +0100] "GET /seiten/kontroll.htm HTTP/1.1" 200 6599 "-" "Mozilla/5.0 (Windows NT 5.1; rv:8.0) Gecko/20100101 Firefox/8.0"
83.233.207.74 - - [18/Jan/2013:16:03:05 +0100] "GET /seiten/kraftverkehr.htm HTTP/1.1" 200 9210 "-" "Mozilla/5.0 (Windows NT 5.1; rv:8.0) Gecko/20100101 Firefox/8.0"
91.23.160.31 - - [18/Jan/2013:16:03:07 +0100] "GET / HTTP/1.1" 200 7903 "-" "Mozilla/4.0 (compatible; MSIE 8.0; Windows NT 5.1; Trident/4.0; .NET CLR 2.0.50727; .NET4.0C; .NET CLR 3.0.4506.2152; .NET CLR 3.5.30729; InfoPath.2; OfficeLiveConnector.1.5; OfficeLivePatch.1.3)"
91.23.160.31 - - [18/Jan/2013:16:03:07 +0100] "GET /css/style.css HTTP/1.1" 304 - "http://www.prokommunal.com/" "Mozilla/4.0 (compatible; MSIE 8.0; Windows NT 5.1; Trident/4.0; .NET CLR 2.0.50727; .NET4.0C; .NET CLR 3.0.4506.2152; .NET CLR 3.5.30729; InfoPath.2; OfficeLiveConnector.1.5; OfficeLivePatch.1.3)"
91.23.160.31 - - [18/Jan/2013:16:03:07 +0100] "GET /scripte/basics.js HTTP/1.1" 200 198 "http://www.prokommunal.com/" "Mozilla/4.0 (compatible; MSIE 8.0; Windows NT 5.1; Trident/4.0; .NET CLR 2.0.50727; .NET4.0C; .NET CLR 3.0.4506.2152; .NET CLR 3.5.30729; InfoPath.2; OfficeLiveConnector.1.5; OfficeLivePatch.1.3)"
91.23.160.31 - - [18/Jan/2013:16:03:07 +0100] "GET /img/head01.jpg HTTP/1.1" 200 6350 "http://www.prokommunal.com/" "Mozilla/4.0 (compatible; MSIE 8.0; Windows NT 5.1; Trident/4.0; .NET CLR 2.0.50727; .NET4.0C; .NET CLR 3.0.4506.2152; .NET CLR 3.5.30729; InfoPath.2; OfficeLiveConnector.1.5; OfficeLivePatch.1.3)"
91.23.160.31 - - [18/Jan/2013:16:03:07 +0100] "GET /img/head02.jpg HTTP/1.1" 200 4929 "http://www.prokommunal.com/" "Mozilla/4.0 (compatible; MSIE 8.0; Windows NT 5.1; Trident/4.0; .NET CLR 2.0.50727; .NET4.0C; .NET CLR 3.0.4506.2152; .NET CLR 3.5.30729; InfoPath.2; OfficeLiveConnector.1.5; OfficeLivePatch.1.3)"
91.23.160.31 - - [18/Jan/2013:16:03:07 +0100] "GET /img/head03.jpg HTTP/1.1" 200 7610 "http://www.prokommunal.com/" "Mozilla/4.0 (compatible; MSIE 8.0; Windows NT 5.1; Trident/4.0; .NET CLR 2.0.50727; .NET4.0C; .NET CLR 3.0.4506.2152; .NET CLR 3.5.30729; InfoPath.2; OfficeLiveConnector.1.5; OfficeLivePatch.1.3)"
91.23.160.31 - - [18/Jan/2013:16:03:07 +0100] "GET /redesign/img/bg_gelb.jpg HTTP/1.1" 304 - "http://www.prokommunal.com/" "Mozilla/4.0 (compatible; MSIE 8.0; Windows NT 5.1; Trident/4.0; .NET CLR 2.0.50727; .NET4.0C; .NET CLR 3.0.4506.2152; .NET CLR 3.5.30729; InfoPath.2; OfficeLiveConnector.1.5; OfficeLivePatch.1.3)"
91.23.160.31 - - [18/Jan/2013:16:03:07 +0100] "GET /redesign/img/bg_foot.gif HTTP/1.1" 304 - "http://www.prokommunal.com/" "Mozilla/4.0 (compatible; MSIE 8.0; Windows NT 5.1; Trident/4.0; .NET CLR 2.0.50727; .NET4.0C; .NET CLR 3.0.4506.2152; .NET CLR 3.5.30729; InfoPath.2; OfficeLiveConnector.1.5; OfficeLivePatch.1.3)"
91.23.160.31 - - [18/Jan/2013:16:03:07 +0100] "GET /favicon.ico HTTP/1.1" 200 894 "-" "Mozilla/4.0 (compatible; MSIE 8.0; Windows NT 5.1; Trident/4.0; .NET CLR 2.0.50727; .NET4.0C; .NET CLR 3.0.4506.2152; .NET CLR 3.5.30729; InfoPath.2; OfficeLiveConnector.1.5; OfficeLivePatch.1.3)"
124.115.6.14 - - [18/Jan/2013:16:44:00 +0100] "GET /robots.txt HTTP/1.1" 404 1256 "-" "Mozilla/5.0(compatible; Sosospider/2.0; +http://help.soso.com/webspider.htm)"
123.125.71.56 - - [18/Jan/2013:17:03:29 +0100] "GET /robots.txt HTTP/1.1" 404 1256 "-" "Mozilla/5.0 (Windows NT 5.1; rv:6.0.2) Gecko/20100101 Firefox/6.0.2"
119.63.196.108 - - [18/Jan/2013:17:18:43 +0100] "GET / HTTP/1.1" 200 7903 "-" "Mozilla/5.0 (compatible; Baiduspider/2.0; +http://www.baidu.com/search/spider.html)"
178.255.215.65 - - [18/Jan/2013:17:28:21 +0100] "GET /robots.txt HTTP/1.1" 404 1256 "-" "Mozilla/5.0 (compatible; Exabot/3.0; +http://www.exabot.com/go/robot)"
178.255.215.65 - - [18/Jan/2013:17:28:21 +0100] "GET / HTTP/1.1" 304 - "-" "Mozilla/5.0 (compatible; Exabot/3.0; +http://www.exabot.com/go/robot)"
61.135.248.189 - - [18/Jan/2013:17:52:34 +0100] "GET / HTTP/1.1" 200 7903 "-" "Mozilla/5.0 (compatible; YodaoBot/1.0; http://www.yodao.com/help/webmaster/spider/; )"
157.55.35.93 - - [18/Jan/2013:19:16:58 +0100] "GET /robots.txt HTTP/1.1" 404 1256 "-" "Mozilla/5.0 (compatible; bingbot/2.0; +http://www.bing.com/bingbot.htm)"
157.55.35.93 - - [18/Jan/2013:19:18:36 +0100] "GET /seiten/partner.htm HTTP/1.1" 304 - "-" "Mozilla/5.0 (compatible; bingbot/2.0; +http://www.bing.com/bingbot.htm)"
141.8.147.1 - - [18/Jan/2013:19:28:10 +0100] "GET /seiten/partner.htm HTTP/1.1" 200 9458 "-" "Mozilla/5.0 (compatible; YandexBot/3.0; +http://yandex.com/bots)"
157.55.33.44 - - [18/Jan/2013:20:05:58 +0100] "GET /robots.txt HTTP/1.1" 404 1256 "-" "Mozilla/5.0 (compatible; bingbot/2.0; +http://www.bing.com/bingbot.htm)"
157.55.33.44 - - [18/Jan/2013:20:08:03 +0100] "GET /seiten/term10.pdf HTTP/1.1" 404 1256 "-" "Mozilla/5.0 (compatible; bingbot/2.0; +http://www.bing.com/bingbot.htm)"
61.135.249.161 - - [18/Jan/2013:20:33:29 +0100] "GET / HTTP/1.1" 200 7903 "-" "Mozilla/5.0 (compatible; YodaoBot/1.0; http://www.yodao.com/help/webmaster/spider/; )"
175.44.6.44 - - [18/Jan/2013:21:19:14 +0100] "GET /seiten/databund.html HTTP/1.0" 200 9125 "http://www.prokommunal.com/seiten/databund.html" "Opera/9.80 (Windows NT 6.1; WOW64; U; en) Presto/2.10.289 Version/12.00"
208.115.111.72 - - [18/Jan/2013:21:55:56 +0100] "GET /robots.txt HTTP/1.1" 404 1256 "-" "Mozilla/5.0 (compatible; Ezooms/1.0; ezooms.bot@gmail.com)"
78.54.117.138 - - [18/Jan/2013:22:43:30 +0100] "GET / HTTP/1.1" 200 7903 "-" "Jakarta Commons-HttpClient/3.1"
78.54.117.138 - - [18/Jan/2013:22:43:30 +0100] "GET /seiten/impr.htm HTTP/1.1" 200 8696 "-" "Jakarta Commons-HttpClient/3.1"
61.135.249.137 - - [18/Jan/2013:22:58:05 +0100] "GET / HTTP/1.1" 200 7903 "-" "Mozilla/5.0 (compatible; YodaoBot/1.0; http://www.yodao.com/help/webmaster/spider/; )"
218.30.103.41 - - [18/Jan/2013:23:18:31 +0100] "GET /robots.txt HTTP/1.1" 404 1256 "-" "Sogou web spider/4.0"
216.145.17.190 - - [18/Jan/2013:23:23:18 +0100] "GET /robots.txt HTTP/1.0" 404 1256 "-" "Mozilla/5.0 (Windows; U; Windows NT 5.1; en; rv:1.9.0.13) Gecko/2009073022 Firefox/3.5.2 (.NET CLR 3.5.30729) SurveyBot/2.3 (DomainTools)"
216.145.17.190 - - [18/Jan/2013:23:23:19 +0100] "GET / HTTP/1.1" 200 7903 "http://whois.domaintools.com/fuehrerscheinwesen.de" "Mozilla/5.0 (Windows; U; Windows NT 5.1; en; rv:1.9.0.13) Gecko/2009073022 Firefox/3.5.2 (.NET CLR 3.5.30729) SurveyBot/2.3 (DomainTools)"
218.30.103.41 - - [18/Jan/2013:23:23:20 +0100] "GET /seiten/impr.htm HTTP/1.1" 200 8696 "-" "Sogou web spider/4.0(+http://www.sogou.com/docs/help/webmasters.htm#07)"
157.55.33.86 - - [18/Jan/2013:23:30:33 +0100] "GET /robots.txt HTTP/1.1" 404 1256 "-" "Mozilla/5.0 (compatible; bingbot/2.0; +http://www.bing.com/bingbot.htm)"
157.55.33.86 - - [18/Jan/2013:23:32:10 +0100] "GET / HTTP/1.1" 200 7903 "-" "Mozilla/5.0 (compatible; bingbot/2.0; +http://www.bing.com/bingbot.htm)"
208.115.111.72 - - [18/Jan/2013:23:57:05 +0100] "GET /seiten/service.htm HTTP/1.1" 200 9959 "-" "Mozilla/5.0 (compatible; Ezooms/1.0; ezooms.bot@gmail.com)"
80.190.97.212 - - [19/Jan/2013:00:40:40 +0100] "GET / HTTP/1.1" 200 7903 "-" "Mozilla/5.0 (X11; U; FreeBSD i386; en-US; rv:1.9.1.12) Gecko/20100912 Firefox/3.5.12"
157.56.93.201 - - [19/Jan/2013:01:20:51 +0100] "GET /robots.txt HTTP/1.1" 404 1256 "-" "Mozilla/5.0 (compatible; bingbot/2.0; +http://www.bing.com/bingbot.htm)"
157.55.32.100 - - [19/Jan/2013:01:23:08 +0100] "GET /seiten/fsw.htm HTTP/1.1" 200 9961 "-" "Mozilla/5.0 (compatible; bingbot/2.0; +http://www.bing.com/bingbot.htm)"
157.55.32.100 - - [19/Jan/2013:01:23:08 +0100] "GET /seiten/kontakt.php HTTP/1.1" 200 12788 "-" "Mozilla/5.0 (compatible; bingbot/2.0; +http://www.bing.com/bingbot.htm)"
157.55.32.100 - - [19/Jan/2013:01:23:12 +0100] "GET /seiten/kraftverkehr.htm HTTP/1.1" 200 9210 "-" "Mozilla/5.0 (compatible; bingbot/2.0; +http://www.bing.com/bingbot.htm)"
157.55.32.100 - - [19/Jan/2013:01:23:12 +0100] "GET /seiten/referenzen.htm HTTP/1.1" 200 40249 "-" "Mozilla/5.0 (compatible; bingbot/2.0; +http://www.bing.com/bingbot.htm)"
80.190.97.212 - - [19/Jan/2013:01:23:43 +0100] "GET / HTTP/1.1" 200 7903 "-" "Mozilla/5.0 (X11; U; FreeBSD i386; en-US; rv:1.9.1.12) Gecko/20100912 Firefox/3.5.12"
157.55.33.19 - - [19/Jan/2013:01:24:17 +0100] "GET /seiten/fahrlehrerwesen.htm HTTP/1.1" 200 7168 "-" "Mozilla/5.0 (compatible; bingbot/2.0; +http://www.bing.com/bingbot.htm)"
157.55.33.86 - - [19/Jan/2013:01:30:38 +0100] "GET / HTTP/1.1" 200 7903 "-" "Mozilla/5.0 (compatible; bingbot/2.0; +http://www.bing.com/bingbot.htm)"
173.199.119.59 - - [19/Jan/2013:01:39:46 +0100] "GET /seiten/referenzen.htm HTTP/1.1" 200 40249 "-" "Mozilla/5.0 (compatible; AhrefsBot/4.0; +http://ahrefs.com/robot/)"
157.55.33.123 - - [19/Jan/2013:01:41:09 +0100] "GET /seiten/kontroll.htm HTTP/1.1" 200 6599 "-" "Mozilla/5.0 (compatible; bingbot/2.0; +http://www.bing.com/bingbot.htm)"
157.55.33.123 - - [19/Jan/2013:01:41:09 +0100] "GET /seiten/partner.htm HTTP/1.1" 200 9458 "-" "Mozilla/5.0 (compatible; bingbot/2.0; +http://www.bing.com/bingbot.htm)"
157.55.33.123 - - [19/Jan/2013:01:41:12 +0100] "GET /seiten/service.htm HTTP/1.1" 200 9959 "-" "Mozilla/5.0 (compatible; bingbot/2.0; +http://www.bing.com/bingbot.htm)"
157.55.33.44 - - [19/Jan/2013:02:02:37 +0100] "GET /seiten/impr.htm HTTP/1.1" 200 8696 "-" "Mozilla/5.0 (compatible; bingbot/2.0; +http://www.bing.com/bingbot.htm)"
80.190.97.212 - - [19/Jan/2013:02:09:03 +0100] "GET / HTTP/1.1" 200 7903 "-" "Mozilla/5.0 (X11; U; FreeBSD i386; en-US; rv:1.9.1.12) Gecko/20100912 Firefox/3.5.12"
157.56.93.201 - - [19/Jan/2013:02:09:37 +0100] "GET /seiten/produkte.htm HTTP/1.1" 200 9105 "-" "Mozilla/5.0 (compatible; bingbot/2.0; +http://www.bing.com/bingbot.htm)"
157.55.33.44 - - [19/Jan/2013:02:11:11 +0100] "GET /seiten/impr.htm HTTP/1.1" 200 8696 "-" "Mozilla/5.0 (compatible; bingbot/2.0; +http://www.bing.com/bingbot.htm)"
173.199.119.59 - - [19/Jan/2013:02:15:10 +0100] "GET /seiten/kontakt.php HTTP/1.1" 200 12788 "-" "Mozilla/5.0 (compatible; AhrefsBot/4.0; +http://ahrefs.com/robot/)"
173.199.119.59 - - [19/Jan/2013:02:22:50 +0100] "GET /seiten/term12.pdf HTTP/1.1" 404 1256 "-" "Mozilla/5.0 (compatible; AhrefsBot/4.0; +http://ahrefs.com/robot/)"
80.190.97.212 - - [19/Jan/2013:02:49:05 +0100] "GET / HTTP/1.1" 200 7903 "-" "Mozilla/5.0 (X11; U; FreeBSD i386; en-US; rv:1.9.1.12) Gecko/20100912 Firefox/3.5.12"
69.164.111.198 - - [19/Jan/2013:03:11:34 +0100] "GET /GAST-FSW/V5_UPDATE1024-AKT.ZIP HTTP/1.0" 404 1256 "-" "Mozilla/4.0 (compatible; MSIE 8.0; Windows NT 6.1; WOW64; Trident/4.0; SLCC2; .NET CLR 2.0.50727; .NET CLR 3.5.30729; .NET CLR 3.0.30729; Media Center PC 6.0; MDDC)"
141.8.147.1 - - [19/Jan/2013:03:24:16 +0100] "GET /robots.txt HTTP/1.1" 404 1256 "-" "Mozilla/5.0 (compatible; YandexBot/3.0; +http://yandex.com/bots)"
157.55.32.87 - - [19/Jan/2013:03:48:43 +0100] "GET /robots.txt HTTP/1.1" 404 1256 "-" "Mozilla/5.0 (compatible; bingbot/2.0; +http://www.bing.com/bingbot.htm)"
77.20.155.143 - - [19/Jan/2013:03:49:51 +0100] "GET /robots.txt HTTP/1.1" 404 1256 "-" "findlinks/2.0.2 (+http://wortschatz.uni-leipzig.de/findlinks/)"
157.55.32.87 - - [19/Jan/2013:03:50:49 +0100] "GET /seiten/term08.pdf HTTP/1.1" 404 1256 "-" "Mozilla/5.0 (compatible; bingbot/2.0; +http://www.bing.com/bingbot.htm)"
74.217.148.76 - - [19/Jan/2013:04:09:38 +0100] "GET /gast-fsw/v5_update1024-akt.zip HTTP/1.1" 200 1089171 "-" "Mozilla/4.0 (compatible; MSIE 7.0; Windows NT 6.1; WOW64; Trident/4.0; GTB6.6; SLCC2; .NET CLR 2.0.50727; .NET CLR 3.5.30729; .NET CLR 3.0.30729; Media Center PC 6.0; CPDTDF; ShopperReports 3.0.470.0; SRS_IT_E8790272B376595534AB97; .NET4.0C; Windows Live Messenger 15.4.3508.1109)"
141.8.147.1 - - [19/Jan/2013:04:34:41 +0100] "GET / HTTP/1.1" 200 7903 "-" "Mozilla/5.0 (compatible; YandexBot/3.0; +http://yandex.com/bots)"
80.190.97.212 - - [19/Jan/2013:04:48:43 +0100] "GET / HTTP/1.1" 200 7903 "-" "Mozilla/5.0 (X11; U; FreeBSD i386; en-US; rv:1.9.1.12) Gecko/20100912 Firefox/3.5.12"
80.190.97.212 - - [19/Jan/2013:04:48:43 +0100] "GET / HTTP/1.1" 200 7903 "-" "Mozilla/5.0 (X11; U; FreeBSD i386; en-US; rv:1.9.1.12) Gecko/20100912 Firefox/3.5.12"
61.247.204.38 - - [19/Jan/2013:04:59:45 +0100] "GET /robots.txt HTTP/1.1" 404 1256 "-" "Yeti/1.0 (NHN Corp.; http://help.naver.com/robots/)"
61.247.204.38 - - [19/Jan/2013:04:59:46 +0100] "GET / HTTP/1.1" 200 7903 "-" "Yeti/1.0 (NHN Corp.; http://help.naver.com/robots/)"
61.247.204.44 - - [19/Jan/2013:04:59:56 +0100] "GET /css/style.css HTTP/1.1" 200 3549 "-" "Yeti/1.0 (NHN Corp.; http://help.naver.com/robots/)"
178.77.126.55 - - [19/Jan/2013:05:28:44 +0100] "GET /robots.txt HTTP/1.1" 404 1256 "-" "Mozilla/5.0 (compatible; CareerBot/1.1; +http://www.career-x.de/bot.html)"
178.77.126.55 - - [19/Jan/2013:05:28:44 +0100] "GET / HTTP/1.1" 200 7903 "-" "Mozilla/5.0 (compatible; CareerBot/1.1; +http://www.career-x.de/bot.html)"
85.13.147.71 - - [19/Jan/2013:05:34:02 +0100] "GET / HTTP/1.1" 200 7903 "-" "-"
141.8.147.1 - - [19/Jan/2013:05:36:45 +0100] "GET /robots.txt HTTP/1.1" 404 1256 "-" "Mozilla/5.0 (compatible; YandexBot/3.0; +http://yandex.com/bots)"
208.115.111.71 - - [19/Jan/2013:06:00:29 +0100] "GET /robots.txt HTTP/1.1" 404 1256 "-" "Mozilla/5.0 (compatible; Ezooms/1.0; ezooms.bot@gmail.com)"
69.164.111.198 - - [19/Jan/2013:06:14:17 +0100] "GET /GAST-FSW/FSW_V50.ZIP HTTP/1.0" 404 1256 "-" "Mozilla/4.0 (compatible; MSIE 8.0; Windows NT 6.1; WOW64; Trident/4.0; SLCC2; .NET CLR 2.0.50727; .NET CLR 3.5.30729; .NET CLR 3.0.30729; Media Center PC 6.0; MDDC)"
173.199.119.59 - - [19/Jan/2013:06:23:23 +0100] "GET /seiten/kraftverkehr.htm HTTP/1.1" 200 9210 "-" "Mozilla/5.0 (compatible; AhrefsBot/4.0; +http://ahrefs.com/robot/)"
141.8.147.1 - - [19/Jan/2013:06:32:30 +0100] "GET /robots.txt HTTP/1.1" 404 1256 "-" "Mozilla/5.0 (compatible; YandexBot/3.0; +http://yandex.com/bots)"
141.8.147.1 - - [19/Jan/2013:06:32:33 +0100] "GET / HTTP/1.1" 200 7903 "-" "Mozilla/5.0 (compatible; YandexBot/3.0; MirrorDetector; +http://yandex.com/bots)"
141.8.147.1 - - [19/Jan/2013:06:32:33 +0100] "GET / HTTP/1.1" 200 7903 "-" "Mozilla/5.0 (compatible; YandexBot/3.0; MirrorDetector; +http://yandex.com/bots)"
141.8.147.1 - - [19/Jan/2013:06:32:36 +0100] "GET / HTTP/1.1" 200 7903 "-" "Mozilla/5.0 (compatible; YandexBot/3.0; MirrorDetector; +http://yandex.com/bots)"
141.8.147.1 - - [19/Jan/2013:06:32:37 +0100] "GET /robots.txt HTTP/1.1" 404 1256 "-" "Mozilla/5.0 (compatible; YandexBot/3.0; +http://yandex.com/bots)"
141.8.147.1 - - [19/Jan/2013:06:32:38 +0100] "GET / HTTP/1.1" 200 7903 "-" "Mozilla/5.0 (compatible; YandexBot/3.0; MirrorDetector; +http://yandex.com/bots)"
141.8.147.1 - - [19/Jan/2013:06:32:38 +0100] "GET / HTTP/1.1" 200 7903 "-" "Mozilla/5.0 (compatible; YandexBot/3.0; MirrorDetector; +http://yandex.com/bots)"
141.8.147.1 - - [19/Jan/2013:06:32:39 +0100] "GET / HTTP/1.1" 200 7903 "-" "Mozilla/5.0 (compatible; YandexBot/3.0; MirrorDetector; +http://yandex.com/bots)"
141.8.147.1 - - [19/Jan/2013:06:32:40 +0100] "GET /seiten/referenzen.htm HTTP/1.1" 200 40249 "-" "Mozilla/5.0 (compatible; YandexBot/3.0; +http://yandex.com/bots)"
141.8.147.1 - - [19/Jan/2013:06:32:42 +0100] "GET / HTTP/1.1" 200 7903 "-" "Mozilla/5.0 (compatible; YandexBot/3.0; MirrorDetector; +http://yandex.com/bots)"
141.8.147.1 - - [19/Jan/2013:06:32:44 +0100] "GET / HTTP/1.1" 200 7903 "-" "Mozilla/5.0 (compatible; YandexBot/3.0; MirrorDetector; +http://yandex.com/bots)"
66.249.75.141 - - [19/Jan/2013:06:45:16 +0100] "GET /robots.txt HTTP/1.1" 404 1256 "-" "Mozilla/5.0 (compatible; Googlebot/2.1; +http://www.google.com/bot.html)"
66.249.78.141 - - [19/Jan/2013:06:45:16 +0100] "GET /seiten/databund.html HTTP/1.1" 200 9125 "-" "SAMSUNG-SGH-E250/1.0 Profile/MIDP-2.0 Configuration/CLDC-1.1 UP.Browser/6.2.3.3.c.1.101 (GUI) MMP/2.0 (compatible; Googlebot-Mobile/2.1; +http://www.google.com/bot.html)"
173.199.119.59 - - [19/Jan/2013:06:55:27 +0100] "GET /seiten/term13.pdf HTTP/1.1" 200 146450 "-" "Mozilla/5.0 (compatible; AhrefsBot/4.0; +http://ahrefs.com/robot/)"
176.9.146.19 - - [19/Jan/2013:07:06:12 +0100] "GET /robots.txt HTTP/1.1" 404 1256 "-" "Mozilla/5.0 (compatible; SISTRIX Crawler; http://crawler.sistrix.net/)"
176.9.146.19 - - [19/Jan/2013:07:06:12 +0100] "GET / HTTP/1.1" 200 7903 "-" "Mozilla/5.0 (compatible; SISTRIX Crawler; http://crawler.sistrix.net/)"
176.9.146.19 - - [19/Jan/2013:07:06:13 +0100] "GET /seiten/impr.htm HTTP/1.1" 200 8696 "-" "Mozilla/5.0 (compatible; SISTRIX Crawler; http://crawler.sistrix.net/)"
176.9.146.19 - - [19/Jan/2013:07:06:13 +0100] "GET /seiten/referenzen.htm HTTP/1.1" 200 40249 "-" "Mozilla/5.0 (compatible; SISTRIX Crawler; http://crawler.sistrix.net/)"
176.9.146.19 - - [19/Jan/2013:07:06:13 +0100] "GET /seiten/databund.html HTTP/1.1" 200 9125 "-" "Mozilla/5.0 (compatible; SISTRIX Crawler; http://crawler.sistrix.net/)"
176.9.146.19 - - [19/Jan/2013:07:06:13 +0100] "GET /seiten/produkte.htm HTTP/1.1" 200 9105 "-" "Mozilla/5.0 (compatible; SISTRIX Crawler; http://crawler.sistrix.net/)"
176.9.146.19 - - [19/Jan/2013:07:06:13 +0100] "GET /seiten/kontakt.php HTTP/1.1" 200 12788 "-" "Mozilla/5.0 (compatible; SISTRIX Crawler; http://crawler.sistrix.net/)"
176.9.146.19 - - [19/Jan/2013:07:06:13 +0100] "GET /seiten/partner.htm HTTP/1.1" 200 9458 "-" "Mozilla/5.0 (compatible; SISTRIX Crawler; http://crawler.sistrix.net/)"
176.9.146.19 - - [19/Jan/2013:07:06:13 +0100] "GET /seiten/service.htm HTTP/1.1" 200 9959 "-" "Mozilla/5.0 (compatible; SISTRIX Crawler; http://crawler.sistrix.net/)"
176.9.146.19 - - [19/Jan/2013:07:06:13 +0100] "GET /seiten/kraftverkehr.htm HTTP/1.1" 200 9210 "-" "Mozilla/5.0 (compatible; SISTRIX Crawler; http://crawler.sistrix.net/)"
176.9.146.19 - - [19/Jan/2013:07:06:14 +0100] "GET /seiten/fsw.htm HTTP/1.1" 200 9961 "-" "Mozilla/5.0 (compatible; SISTRIX Crawler; http://crawler.sistrix.net/)"
176.9.146.19 - - [19/Jan/2013:07:06:14 +0100] "GET /seiten/kontroll.htm HTTP/1.1" 200 6599 "-" "Mozilla/5.0 (compatible; SISTRIX Crawler; http://crawler.sistrix.net/)"
176.9.146.19 - - [19/Jan/2013:07:06:14 +0100] "GET /seiten/fahrlehrerwesen.htm HTTP/1.1" 200 7168 "-" "Mozilla/5.0 (compatible; SISTRIX Crawler; http://crawler.sistrix.net/)"
91.102.136.90 - - [19/Jan/2013:07:31:48 +0100] "GET /gast-fsw/v5_update1024-akt.zip HTTP/1.0" 200 1089171 "-" "Mozilla/5.0 (Windows NT 5.1; rv:18.0) Gecko/20100101 Firefox/18.0"
218.30.103.41 - - [19/Jan/2013:07:56:13 +0100] "GET / HTTP/1.1" 304 - "-" "Sogou web spider/4.0(+http://www.sogou.com/docs/help/webmasters.htm#07)"
208.115.111.71 - - [19/Jan/2013:08:05:11 +0100] "GET /seiten/intern/?M=A HTTP/1.1" 403 1222 "-" "Mozilla/5.0 (compatible; Ezooms/1.0; ezooms.bot@gmail.com)"
