195.138.51.10 - - [02/Jan/2013:13:39:39 +0100] "GET /img/head03.jpg HTTP/1.0" 200 7610 "http://www.prokommunal.com/" "Mozilla/4.0 (compatible; MSIE 7.0; Windows NT 5.1; .NET CLR 1.1.4322; .NET CLR 2.0.50727; IE7-Package by dosys.; IE7-Package by dosys.)"
195.138.51.10 - - [02/Jan/2013:13:39:39 +0100] "GET /img/head02.jpg HTTP/1.0" 200 4929 "http://www.prokommunal.com/" "Mozilla/4.0 (compatible; MSIE 7.0; Windows NT 5.1; .NET CLR 1.1.4322; .NET CLR 2.0.50727; IE7-Package by dosys.; IE7-Package by dosys.)"
195.138.51.10 - - [02/Jan/2013:13:39:39 +0100] "GET /redesign/img/bg_gelb.jpg HTTP/1.0" 200 368 "http://www.prokommunal.com/" "Mozilla/4.0 (compatible; MSIE 7.0; Windows NT 5.1; .NET CLR 1.1.4322; .NET CLR 2.0.50727; IE7-Package by dosys.; IE7-Package by dosys.)"
195.138.51.10 - - [02/Jan/2013:13:39:39 +0100] "GET /redesign/img/bg_foot.gif HTTP/1.0" 200 286 "http://www.prokommunal.com/" "Mozilla/4.0 (compatible; MSIE 7.0; Windows NT 5.1; .NET CLR 1.1.4322; .NET CLR 2.0.50727; IE7-Package by dosys.; IE7-Package by dosys.)"
195.138.51.10 - - [02/Jan/2013:13:39:39 +0100] "GET /favicon.ico HTTP/1.0" 200 894 "-" "Mozilla/4.0 (compatible; MSIE 7.0; Windows NT 5.1; .NET CLR 1.1.4322; .NET CLR 2.0.50727; IE7-Package by dosys.; IE7-Package by dosys.)"
195.138.51.10 - - [02/Jan/2013:13:39:44 +0100] "GET /seiten/service.htm HTTP/1.0" 200 9959 "http://www.prokommunal.com/" "Mozilla/4.0 (compatible; MSIE 7.0; Windows NT 5.1; .NET CLR 1.1.4322; .NET CLR 2.0.50727; IE7-Package by dosys.; IE7-Package by dosys.)"
195.138.51.10 - - [02/Jan/2013:13:39:44 +0100] "GET /img/top.gif HTTP/1.0" 200 96 "http://www.prokommunal.com/seiten/service.htm" "Mozilla/4.0 (compatible; MSIE 7.0; Windows NT 5.1; .NET CLR 1.1.4322; .NET CLR 2.0.50727; IE7-Package by dosys.; IE7-Package by dosys.)"
195.138.51.10 - - [02/Jan/2013:13:39:44 +0100] "GET /redesign/img/term.jpg HTTP/1.0" 200 498 "http://www.prokommunal.com/seiten/service.htm" "Mozilla/4.0 (compatible; MSIE 7.0; Windows NT 5.1; .NET CLR 1.1.4322; .NET CLR 2.0.50727; IE7-Package by dosys.; IE7-Package by dosys.)"
195.138.51.10 - - [02/Jan/2013:13:39:44 +0100] "GET /img/men_01.jpg HTTP/1.0" 200 713 "http://www.prokommunal.com/seiten/service.htm" "Mozilla/4.0 (compatible; MSIE 7.0; Windows NT 5.1; .NET CLR 1.1.4322; .NET CLR 2.0.50727; IE7-Package by dosys.; IE7-Package by dosys.)"
195.138.51.10 - - [02/Jan/2013:13:40:09 +0100] "GET /seiten/partner.htm HTTP/1.0" 200 9458 "http://www.prokommunal.com/seiten/service.htm" "Mozilla/4.0 (compatible; MSIE 7.0; Windows NT 5.1; .NET CLR 1.1.4322; .NET CLR 2.0.50727; IE7-Package by dosys.; IE7-Package by dosys.)"
195.138.51.10 - - [02/Jan/2013:13:40:09 +0100] "GET /img/hh.jpg HTTP/1.0" 200 5817 "http://www.prokommunal.com/seiten/partner.htm" "Mozilla/4.0 (compatible; MSIE 7.0; Windows NT 5.1; .NET CLR 1.1.4322; .NET CLR 2.0.50727; IE7-Package by dosys.; IE7-Package by dosys.)"
195.138.51.10 - - [02/Jan/2013:13:40:09 +0100] "GET /img/komfa1_s.jpg HTTP/1.0" 404 1256 "http://www.prokommunal.com/seiten/partner.htm" "Mozilla/4.0 (compatible; MSIE 7.0; Windows NT 5.1; .NET CLR 1.1.4322; .NET CLR 2.0.50727; IE7-Package by dosys.; IE7-Package by dosys.)"
195.138.51.10 - - [02/Jan/2013:13:40:09 +0100] "GET /img/hsh.jpg HTTP/1.0" 200 5007 "http://www.prokommunal.com/seiten/partner.htm" "Mozilla/4.0 (compatible; MSIE 7.0; Windows NT 5.1; .NET CLR 1.1.4322; .NET CLR 2.0.50727; IE7-Package by dosys.; IE7-Package by dosys.)"
195.138.51.10 - - [02/Jan/2013:13:40:09 +0100] "GET /img/gz.jpg HTTP/1.0" 200 7757 "http://www.prokommunal.com/seiten/partner.htm" "Mozilla/4.0 (compatible; MSIE 7.0; Windows NT 5.1; .NET CLR 1.1.4322; .NET CLR 2.0.50727; IE7-Package by dosys.; IE7-Package by dosys.)"
195.138.51.10 - - [02/Jan/2013:13:40:09 +0100] "GET /img/hk.jpg HTTP/1.0" 200 4852 "http://www.prokommunal.com/seiten/partner.htm" "Mozilla/4.0 (compatible; MSIE 7.0; Windows NT 5.1; .NET CLR 1.1.4322; .NET CLR 2.0.50727; IE7-Package by dosys.; IE7-Package by dosys.)"
195.138.51.10 - - [02/Jan/2013:13:40:09 +0100] "GET /img/databund.jpg HTTP/1.0" 404 1256 "http://www.prokommunal.com/seiten/partner.htm" "Mozilla/4.0 (compatible; MSIE 7.0; Windows NT 5.1; .NET CLR 1.1.4322; .NET CLR 2.0.50727; IE7-Package by dosys.; IE7-Package by dosys.)"
195.138.51.10 - - [02/Jan/2013:13:40:15 +0100] "GET /seiten/referenzen.htm HTTP/1.0" 200 40249 "http://www.prokommunal.com/seiten/partner.htm" "Mozilla/4.0 (compatible; MSIE 7.0; Windows NT 5.1; .NET CLR 1.1.4322; .NET CLR 2.0.50727; IE7-Package by dosys.; IE7-Package by dosys.)"
212.95.127.99 - - [02/Jan/2013:13:41:05 +0100] "POST /seiten/intern/log_check.php HTTP/1.0" 302 - "http://www.prokommunal.com/seiten/service.htm" "Mozilla/5.0 (Windows NT 5.1; rv:17.0) Gecko/20100101 Firefox/17.0"
212.95.127.99 - - [02/Jan/2013:13:41:05 +0100] "GET /seiten/intern/login.php HTTP/1.0" 200 5707 "http://www.prokommunal.com/seiten/service.htm" "Mozilla/5.0 (Windows NT 5.1; rv:17.0) Gecko/20100101 Firefox/17.0"
212.95.127.99 - - [02/Jan/2013:13:41:11 +0100] "GET /seiten/intern/logout.php HTTP/1.0" 302 - "http://www.prokommunal.com/seiten/intern/login.php" "Mozilla/5.0 (Windows NT 5.1; rv:17.0) Gecko/20100101 Firefox/17.0"
212.95.127.99 - - [02/Jan/2013:13:41:11 +0100] "GET / HTTP/1.0" 200 7903 "http://www.prokommunal.com/seiten/intern/login.php" "Mozilla/5.0 (Windows NT 5.1; rv:17.0) Gecko/20100101 Firefox/17.0"
212.16.239.106 - - [02/Jan/2013:13:46:47 +0100] "GET /gast-fsw/common-lib.zip HTTP/1.0" 200 5741965 "-" "Mozilla/5.0 (Windows NT 5.1; rv:17.0) Gecko/20100101 Firefox/17.0"
157.55.33.86 - - [02/Jan/2013:14:17:13 +0100] "GET /robots.txt HTTP/1.1" 404 1256 "-" "Mozilla/5.0 (compatible; bingbot/2.0; +http://www.bing.com/bingbot.htm)"
157.55.33.86 - - [02/Jan/2013:14:19:21 +0100] "GET / HTTP/1.1" 200 7903 "-" "Mozilla/5.0 (compatible; bingbot/2.0; +http://www.bing.com/bingbot.htm)"
83.243.48.3 - - [02/Jan/2013:15:29:19 +0100] "GET / HTTP/1.1" 200 7903 "http://www.google.de/url?sa=t&rct=j&q=prokommunal&source=web&cd=1&sqi=2&ved=0CDMQFjAA&url=http%3A%2F%2Fwww.prokommunal.com%2F&ei=JETkUOmUCc3ktQb91IGgAQ&usg=AFQjCNF5ZvO5ecR3rprSCB3llFRGksZz8A&bvm=bv.1355534169,d.Yms" "Mozilla/4.0 (compatible; MSIE 8.0; Windows NT 5.1; Trident/4.0; .NET CLR 2.0.50727; .NET CLR 3.0.4506.2152; .NET CLR 3.5.30729; .NET4.0C; .NET4.0E)"
83.243.48.3 - - [02/Jan/2013:15:29:19 +0100] "GET /favicon.ico HTTP/1.1" 200 894 "http://www.prokommunal.com/" "Mozilla/4.0 (compatible; MSIE 8.0; Windows NT 5.1; Trident/4.0; .NET CLR 2.0.50727; .NET CLR 3.0.4506.2152; .NET CLR 3.5.30729; .NET4.0C; .NET4.0E)"
83.243.48.3 - - [02/Jan/2013:15:29:19 +0100] "GET /img/head01.jpg HTTP/1.1" 200 6350 "http://www.prokommunal.com/" "Mozilla/4.0 (compatible; MSIE 8.0; Windows NT 5.1; Trident/4.0; .NET CLR 2.0.50727; .NET CLR 3.0.4506.2152; .NET CLR 3.5.30729; .NET4.0C; .NET4.0E)"
83.243.48.3 - - [02/Jan/2013:15:29:19 +0100] "GET /css/style.css HTTP/1.1" 200 3549 "http://www.prokommunal.com/" "Mozilla/4.0 (compatible; MSIE 8.0; Windows NT 5.1; Trident/4.0; .NET CLR 2.0.50727; .NET CLR 3.0.4506.2152; .NET CLR 3.5.30729; .NET4.0C; .NET4.0E)"
83.243.48.3 - - [02/Jan/2013:15:29:19 +0100] "GET /img/head03.jpg HTTP/1.1" 200 7610 "http://www.prokommunal.com/" "Mozilla/4.0 (compatible; MSIE 8.0; Windows NT 5.1; Trident/4.0; .NET CLR 2.0.50727; .NET CLR 3.0.4506.2152; .NET CLR 3.5.30729; .NET4.0C; .NET4.0E)"
83.243.48.3 - - [02/Jan/2013:15:29:19 +0100] "GET /scripte/basics.js HTTP/1.1" 200 198 "http://www.prokommunal.com/" "Mozilla/4.0 (compatible; MSIE 8.0; Windows NT 5.1; Trident/4.0; .NET CLR 2.0.50727; .NET CLR 3.0.4506.2152; .NET CLR 3.5.30729; .NET4.0C; .NET4.0E)"
83.243.48.3 - - [02/Jan/2013:15:29:19 +0100] "GET /img/head02.jpg HTTP/1.1" 200 4929 "http://www.prokommunal.com/" "Mozilla/4.0 (compatible; MSIE 8.0; Windows NT 5.1; Trident/4.0; .NET CLR 2.0.50727; .NET CLR 3.0.4506.2152; .NET CLR 3.5.30729; .NET4.0C; .NET4.0E)"
83.243.48.3 - - [02/Jan/2013:15:29:19 +0100] "GET /redesign/img/bg_gelb.jpg HTTP/1.1" 200 368 "http://www.prokommunal.com/" "Mozilla/4.0 (compatible; MSIE 8.0; Windows NT 5.1; Trident/4.0; .NET CLR 2.0.50727; .NET CLR 3.0.4506.2152; .NET CLR 3.5.30729; .NET4.0C; .NET4.0E)"
83.243.48.3 - - [02/Jan/2013:15:29:19 +0100] "GET /redesign/img/bg_foot.gif HTTP/1.1" 200 286 "http://www.prokommunal.com/" "Mozilla/4.0 (compatible; MSIE 8.0; Windows NT 5.1; Trident/4.0; .NET CLR 2.0.50727; .NET CLR 3.0.4506.2152; .NET CLR 3.5.30729; .NET4.0C; .NET4.0E)"
83.243.48.3 - - [02/Jan/2013:15:29:25 +0100] "GET /seiten/produkte.htm HTTP/1.1" 200 9105 "http://www.prokommunal.com/" "Mozilla/4.0 (compatible; MSIE 8.0; Windows NT 5.1; Trident/4.0; .NET CLR 2.0.50727; .NET CLR 3.0.4506.2152; .NET CLR 3.5.30729; .NET4.0C; .NET4.0E)"
83.243.48.3 - - [02/Jan/2013:15:29:25 +0100] "GET /img/1px_tr.gif HTTP/1.1" 200 43 "http://www.prokommunal.com/seiten/produkte.htm" "Mozilla/4.0 (compatible; MSIE 8.0; Windows NT 5.1; Trident/4.0; .NET CLR 2.0.50727; .NET CLR 3.0.4506.2152; .NET CLR 3.5.30729; .NET4.0C; .NET4.0E)"
83.243.48.3 - - [02/Jan/2013:15:29:25 +0100] "GET /img/top.gif HTTP/1.1" 200 96 "http://www.prokommunal.com/seiten/produkte.htm" "Mozilla/4.0 (compatible; MSIE 8.0; Windows NT 5.1; Trident/4.0; .NET CLR 2.0.50727; .NET CLR 3.0.4506.2152; .NET CLR 3.5.30729; .NET4.0C; .NET4.0E)"
83.243.48.3 - - [02/Jan/2013:15:29:25 +0100] "GET /img/men_01.jpg HTTP/1.1" 200 713 "http://www.prokommunal.com/seiten/produkte.htm" "Mozilla/4.0 (compatible; MSIE 8.0; Windows NT 5.1; Trident/4.0; .NET CLR 2.0.50727; .NET CLR 3.0.4506.2152; .NET CLR 3.5.30729; .NET4.0C; .NET4.0E)"
83.243.48.3 - - [02/Jan/2013:15:29:27 +0100] "GET /seiten/fsw.htm HTTP/1.1" 200 9961 "http://www.prokommunal.com/seiten/produkte.htm" "Mozilla/4.0 (compatible; MSIE 8.0; Windows NT 5.1; Trident/4.0; .NET CLR 2.0.50727; .NET CLR 3.0.4506.2152; .NET CLR 3.5.30729; .NET4.0C; .NET4.0E)"
83.243.48.3 - - [02/Jan/2013:15:29:27 +0100] "GET /img/fsw.jpg HTTP/1.1" 200 10878 "http://www.prokommunal.com/seiten/fsw.htm" "Mozilla/4.0 (compatible; MSIE 8.0; Windows NT 5.1; Trident/4.0; .NET CLR 2.0.50727; .NET CLR 3.0.4506.2152; .NET CLR 3.5.30729; .NET4.0C; .NET4.0E)"
157.55.32.100 - - [02/Jan/2013:15:42:57 +0100] "GET /robots.txt HTTP/1.1" 404 1256 "-" "Mozilla/5.0 (compatible; bingbot/2.0; +http://www.bing.com/bingbot.htm)"
157.55.32.100 - - [02/Jan/2013:15:45:06 +0100] "GET /seiten/kontakt.php HTTP/1.1" 200 12788 "-" "Mozilla/5.0 (compatible; bingbot/2.0; +http://www.bing.com/bingbot.htm)"
89.245.153.114 - - [02/Jan/2013:15:51:28 +0100] "GET / HTTP/1.0" 200 7903 "-" "-"
89.245.153.114 - - [02/Jan/2013:15:51:28 +0100] "GET / HTTP/1.0" 200 7903 "-" "-"
150.70.64.208 - - [02/Jan/2013:16:02:28 +0100] "GET / HTTP/1.0" 200 7903 "-" "Mozilla/4.0 (compatible; MSIE 6.0; Windows NT 5.1)"
123.125.71.21 - - [02/Jan/2013:16:09:59 +0100] "GET / HTTP/1.1" 200 7903 "-" "Mozilla/5.0 (compatible; Baiduspider/2.0; +http://www.baidu.com/search/spider.html)"
173.242.125.196 - - [02/Jan/2013:16:18:02 +0100] "GET /robots.txt HTTP/1.0" 404 1256 "-" "Mozilla/5.0 (compatible; MJ12bot/v1.4.3; http://www.majestic12.co.uk/bot.php?+)"
173.242.125.196 - - [02/Jan/2013:16:18:04 +0100] "GET /seiten/databund.html HTTP/1.0" 200 9125 "-" "Mozilla/5.0 (compatible; MJ12bot/v1.4.3; http://www.majestic12.co.uk/bot.php?+)"
173.242.125.196 - - [02/Jan/2013:16:18:06 +0100] "GET /seiten/impr.htm HTTP/1.0" 200 8696 "-" "Mozilla/5.0 (compatible; MJ12bot/v1.4.3; http://www.majestic12.co.uk/bot.php?+)"
173.242.125.196 - - [02/Jan/2013:16:18:08 +0100] "GET /seiten/kontakt.php HTTP/1.0" 200 12788 "-" "Mozilla/5.0 (compatible; MJ12bot/v1.4.3; http://www.majestic12.co.uk/bot.php?+)"
173.242.125.196 - - [02/Jan/2013:16:18:11 +0100] "GET /seiten/partner.htm HTTP/1.0" 200 9458 "-" "Mozilla/5.0 (compatible; MJ12bot/v1.4.3; http://www.majestic12.co.uk/bot.php?+)"
173.242.125.196 - - [02/Jan/2013:16:18:13 +0100] "GET /seiten/produkte.htm HTTP/1.0" 200 9105 "-" "Mozilla/5.0 (compatible; MJ12bot/v1.4.3; http://www.majestic12.co.uk/bot.php?+)"
173.242.125.196 - - [02/Jan/2013:16:18:14 +0100] "GET /robots.txt HTTP/1.0" 404 1256 "-" "Mozilla/5.0 (compatible; MJ12bot/v1.4.3; http://www.majestic12.co.uk/bot.php?+)"
173.242.125.196 - - [02/Jan/2013:16:18:16 +0100] "GET /seiten/referenzen.htm HTTP/1.0" 200 40249 "-" "Mozilla/5.0 (compatible; MJ12bot/v1.4.3; http://www.majestic12.co.uk/bot.php?+)"
173.242.125.196 - - [02/Jan/2013:16:18:18 +0100] "GET /seiten/service.htm HTTP/1.0" 200 9959 "-" "Mozilla/5.0 (compatible; MJ12bot/v1.4.3; http://www.majestic12.co.uk/bot.php?+)"
157.55.35.87 - - [02/Jan/2013:16:47:07 +0100] "GET /robots.txt HTTP/1.1" 404 1256 "-" "Mozilla/5.0 (compatible; bingbot/2.0; +http://www.bing.com/bingbot.htm)"
157.55.33.19 - - [02/Jan/2013:16:47:07 +0100] "GET /robots.txt HTTP/1.1" 404 1256 "-" "Mozilla/5.0 (compatible; bingbot/2.0; +http://www.bing.com/bingbot.htm)"
157.55.33.19 - - [02/Jan/2013:16:48:48 +0100] "GET /css/style.css HTTP/1.1" 200 3549 "-" "Mozilla/5.0 (compatible; bingbot/2.0; +http://www.bing.com/bingbot.htm)"
173.199.116.251 - - [02/Jan/2013:17:07:16 +0100] "GET /seiten/term13.pdf HTTP/1.1" 200 146450 "-" "Mozilla/5.0 (compatible; AhrefsBot/4.0; +http://ahrefs.com/robot/)"
91.102.136.90 - - [02/Jan/2013:17:12:28 +0100] "GET / HTTP/1.0" 200 7903 "http://www.google.de/url?sa=t&rct=j&q=&esrc=s&source=web&cd=1&ved=0CDYQFjAA&url=http%3A%2F%2Fwww.prokommunal.com%2F&ei=TlzkUMH9GImu4ASO1YDIAQ&usg=AFQjCNF5ZvO5ecR3rprSCB3llFRGksZz8A&bvm=bv.1355534169,d.bGE" "Mozilla/5.0 (Windows NT 6.1; WOW64; rv:17.0) Gecko/20100101 Firefox/17.0"
91.102.136.90 - - [02/Jan/2013:17:12:28 +0100] "GET /css/style.css HTTP/1.0" 200 3549 "http://www.prokommunal.com/" "Mozilla/5.0 (Windows NT 6.1; WOW64; rv:17.0) Gecko/20100101 Firefox/17.0"
91.102.136.90 - - [02/Jan/2013:17:12:28 +0100] "GET /scripte/basics.js HTTP/1.0" 200 198 "http://www.prokommunal.com/" "Mozilla/5.0 (Windows NT 6.1; WOW64; rv:17.0) Gecko/20100101 Firefox/17.0"
91.102.136.90 - - [02/Jan/2013:17:12:28 +0100] "GET /img/head01.jpg HTTP/1.0" 200 6350 "http://www.prokommunal.com/" "Mozilla/5.0 (Windows NT 6.1; WOW64; rv:17.0) Gecko/20100101 Firefox/17.0"
91.102.136.90 - - [02/Jan/2013:17:12:28 +0100] "GET /img/head02.jpg HTTP/1.0" 200 4929 "http://www.prokommunal.com/" "Mozilla/5.0 (Windows NT 6.1; WOW64; rv:17.0) Gecko/20100101 Firefox/17.0"
91.102.136.90 - - [02/Jan/2013:17:12:28 +0100] "GET /img/head03.jpg HTTP/1.0" 200 7610 "http://www.prokommunal.com/" "Mozilla/5.0 (Windows NT 6.1; WOW64; rv:17.0) Gecko/20100101 Firefox/17.0"
91.102.136.90 - - [02/Jan/2013:17:12:28 +0100] "GET /favicon.ico HTTP/1.0" 200 894 "-" "Mozilla/5.0 (Windows NT 6.1; WOW64; rv:17.0) Gecko/20100101 Firefox/17.0"
91.102.136.90 - - [02/Jan/2013:17:12:28 +0100] "GET /redesign/img/bg_gelb.jpg HTTP/1.0" 200 368 "http://www.prokommunal.com/css/style.css" "Mozilla/5.0 (Windows NT 6.1; WOW64; rv:17.0) Gecko/20100101 Firefox/17.0"
91.102.136.90 - - [02/Jan/2013:17:12:28 +0100] "GET /redesign/img/bg_foot.gif HTTP/1.0" 200 286 "http://www.prokommunal.com/css/style.css" "Mozilla/5.0 (Windows NT 6.1; WOW64; rv:17.0) Gecko/20100101 Firefox/17.0"
91.102.136.90 - - [02/Jan/2013:17:12:30 +0100] "GET /seiten/produkte.htm HTTP/1.0" 200 9105 "http://www.prokommunal.com/" "Mozilla/5.0 (Windows NT 6.1; WOW64; rv:17.0) Gecko/20100101 Firefox/17.0"
91.102.136.90 - - [02/Jan/2013:17:12:31 +0100] "GET /img/1px_tr.gif HTTP/1.0" 200 43 "http://www.prokommunal.com/seiten/produkte.htm" "Mozilla/5.0 (Windows NT 6.1; WOW64; rv:17.0) Gecko/20100101 Firefox/17.0"
91.102.136.90 - - [02/Jan/2013:17:12:31 +0100] "GET /img/top.gif HTTP/1.0" 200 96 "http://www.prokommunal.com/seiten/produkte.htm" "Mozilla/5.0 (Windows NT 6.1; WOW64; rv:17.0) Gecko/20100101 Firefox/17.0"
91.102.136.90 - - [02/Jan/2013:17:12:31 +0100] "GET /img/men_01.jpg HTTP/1.0" 200 713 "http://www.prokommunal.com/seiten/produkte.htm" "Mozilla/5.0 (Windows NT 6.1; WOW64; rv:17.0) Gecko/20100101 Firefox/17.0"
218.30.103.41 - - [02/Jan/2013:17:28:17 +0100] "GET / HTTP/1.1" 304 - "-" "Sogou web spider/4.0(+http://www.sogou.com/docs/help/webmasters.htm#07)"
218.30.103.41 - - [02/Jan/2013:17:28:19 +0100] "GET /robots.txt HTTP/1.1" 404 1256 "-" "Sogou web spider/4.0"
208.115.111.71 - - [02/Jan/2013:17:53:18 +0100] "GET /robots.txt HTTP/1.1" 404 1256 "-" "Mozilla/5.0 (compatible; Ezooms/1.0; ezooms.bot@gmail.com)"
91.65.27.138 - - [02/Jan/2013:18:06:35 +0100] "GET / HTTP/1.1" 304 - "-" "Mozilla/5.0 (Windows NT 5.1; rv:17.0) Gecko/20100101 Firefox/17.0"
91.65.27.138 - - [02/Jan/2013:18:06:36 +0100] "GET /css/style.css HTTP/1.1" 304 - "http://www.prokommunal.com/" "Mozilla/5.0 (Windows NT 5.1; rv:17.0) Gecko/20100101 Firefox/17.0"
91.65.27.138 - - [02/Jan/2013:18:06:36 +0100] "GET /scripte/basics.js HTTP/1.1" 304 - "http://www.prokommunal.com/" "Mozilla/5.0 (Windows NT 5.1; rv:17.0) Gecko/20100101 Firefox/17.0"
91.65.27.138 - - [02/Jan/2013:18:06:36 +0100] "GET /favicon.ico HTTP/1.1" 304 - "-" "Mozilla/5.0 (Windows NT 5.1; rv:17.0) Gecko/20100101 Firefox/17.0"
91.65.27.138 - - [02/Jan/2013:18:06:36 +0100] "GET /img/head02.jpg HTTP/1.1" 304 - "http://www.prokommunal.com/" "Mozilla/5.0 (Windows NT 5.1; rv:17.0) Gecko/20100101 Firefox/17.0"
91.65.27.138 - - [02/Jan/2013:18:06:36 +0100] "GET /img/head01.jpg HTTP/1.1" 304 - "http://www.prokommunal.com/" "Mozilla/5.0 (Windows NT 5.1; rv:17.0) Gecko/20100101 Firefox/17.0"
91.65.27.138 - - [02/Jan/2013:18:06:36 +0100] "GET /img/head03.jpg HTTP/1.1" 304 - "http://www.prokommunal.com/" "Mozilla/5.0 (Windows NT 5.1; rv:17.0) Gecko/20100101 Firefox/17.0"
91.65.27.138 - - [02/Jan/2013:18:06:37 +0100] "GET /redesign/img/bg_gelb.jpg HTTP/1.1" 304 - "http://www.prokommunal.com/css/style.css" "Mozilla/5.0 (Windows NT 5.1; rv:17.0) Gecko/20100101 Firefox/17.0"
91.65.27.138 - - [02/Jan/2013:18:06:37 +0100] "GET /redesign/img/bg_foot.gif HTTP/1.1" 304 - "http://www.prokommunal.com/css/style.css" "Mozilla/5.0 (Windows NT 5.1; rv:17.0) Gecko/20100101 Firefox/17.0"
91.65.27.138 - - [02/Jan/2013:18:06:43 +0100] "GET /seiten/service.htm HTTP/1.1" 200 9959 "http://www.prokommunal.com/" "Mozilla/5.0 (Windows NT 5.1; rv:17.0) Gecko/20100101 Firefox/17.0"
91.65.27.138 - - [02/Jan/2013:18:06:43 +0100] "GET /img/top.gif HTTP/1.1" 304 - "http://www.prokommunal.com/seiten/service.htm" "Mozilla/5.0 (Windows NT 5.1; rv:17.0) Gecko/20100101 Firefox/17.0"
91.65.27.138 - - [02/Jan/2013:18:06:43 +0100] "GET /img/men_01.jpg HTTP/1.1" 304 - "http://www.prokommunal.com/seiten/service.htm" "Mozilla/5.0 (Windows NT 5.1; rv:17.0) Gecko/20100101 Firefox/17.0"
91.65.27.138 - - [02/Jan/2013:18:06:43 +0100] "GET /redesign/img/term.jpg HTTP/1.1" 304 - "http://www.prokommunal.com/css/style.css" "Mozilla/5.0 (Windows NT 5.1; rv:17.0) Gecko/20100101 Firefox/17.0"
91.65.27.138 - - [02/Jan/2013:18:07:05 +0100] "GET /new_file HTTP/1.1" 404 1256 "-" "Mozilla/5.0 (Windows NT 5.1; rv:17.0) Gecko/20100101 Firefox/17.0"
91.65.27.138 - - [02/Jan/2013:18:08:28 +0100] "GET /new_file HTTP/1.1" 404 1256 "-" "Mozilla/5.0 (Windows NT 5.1; rv:17.0) Gecko/20100101 Firefox/17.0"
91.65.27.138 - - [02/Jan/2013:18:08:40 +0100] "GET /news_file HTTP/1.1" 301 358 "-" "Mozilla/5.0 (Windows NT 5.1; rv:17.0) Gecko/20100101 Firefox/17.0"
91.65.27.138 - - [02/Jan/2013:18:08:40 +0100] "GET /news_file/ HTTP/1.1" 403 1222 "-" "Mozilla/5.0 (Windows NT 5.1; rv:17.0) Gecko/20100101 Firefox/17.0"
91.65.27.138 - - [02/Jan/2013:18:09:01 +0100] "GET /news_file/geka_version_3_8_mett_f.zip HTTP/1.1" 200 5963720 "-" "Mozilla/5.0 (Windows NT 5.1; rv:17.0) Gecko/20100101 Firefox/17.0"
218.30.103.41 - - [02/Jan/2013:18:25:14 +0100] "GET / HTTP/1.1" 304 - "-" "Sogou web spider/4.0(+http://www.sogou.com/docs/help/webmasters.htm#07)"
85.25.110.111 - - [02/Jan/2013:18:29:36 +0100] "GET / HTTP/1.1" 200 7903 "-" "Mozilla/4.0 (compatible; MSIE 6.0; Windows 98; Win 9x4.90)"
91.65.27.138 - - [02/Jan/2013:18:30:39 +0100] "GET /news_file/geka_version_3_8_Stade_f.zi1 HTTP/1.1" 200 5963720 "-" "Mozilla/5.0 (Windows NT 5.1; rv:17.0) Gecko/20100101 Firefox/17.0"
61.135.249.150 - - [02/Jan/2013:19:47:35 +0100] "GET / HTTP/1.1" 200 7903 "-" "Mozilla/5.0 (compatible; YodaoBot/1.0; http://www.yodao.com/help/webmaster/spider/; )"
208.115.111.71 - - [02/Jan/2013:19:57:34 +0100] "GET /seiten/ HTTP/1.1" 403 1222 "-" "Mozilla/5.0 (compatible; Ezooms/1.0; ezooms.bot@gmail.com)"
123.125.71.80 - - [02/Jan/2013:20:49:55 +0100] "GET /css/style.css HTTP/1.1" 200 3549 "-" "Mozilla/5.0 (compatible; Baiduspider/2.0; +http://www.baidu.com/search/spider.html)"
95.108.150.235 - - [02/Jan/2013:21:00:13 +0100] "GET /robots.txt HTTP/1.1" 404 1256 "-" "Mozilla/5.0 (compatible; YandexBot/3.0; +http://yandex.com/bots)"
95.108.150.235 - - [02/Jan/2013:21:00:13 +0100] "GET /robots.txt HTTP/1.1" 404 1256 "-" "Mozilla/5.0 (compatible; YandexBot/3.0; +http://yandex.com/bots)"
95.108.150.235 - - [02/Jan/2013:21:00:14 +0100] "GET / HTTP/1.1" 200 7903 "-" "Mozilla/5.0 (compatible; YandexBot/3.0; +http://yandex.com/bots)"
95.108.150.235 - - [02/Jan/2013:21:00:14 +0100] "GET / HTTP/1.1" 200 7903 "-" "Mozilla/5.0 (compatible; YandexBot/3.0; +http://yandex.com/bots)"
95.108.150.235 - - [02/Jan/2013:21:00:15 +0100] "GET / HTTP/1.1" 200 7903 "-" "Mozilla/5.0 (compatible; YandexBot/3.0; +http://yandex.com/bots)"
95.108.150.235 - - [02/Jan/2013:21:00:15 +0100] "GET / HTTP/1.1" 200 7903 "-" "Mozilla/5.0 (compatible; YandexBot/3.0; +http://yandex.com/bots)"
95.108.150.235 - - [02/Jan/2013:21:00:15 +0100] "GET /robots.txt HTTP/1.1" 404 1256 "-" "Mozilla/5.0 (compatible; YandexBot/3.0; +http://yandex.com/bots)"
95.108.150.235 - - [02/Jan/2013:21:00:15 +0100] "GET /robots.txt HTTP/1.1" 404 1256 "-" "Mozilla/5.0 (compatible; YandexBot/3.0; +http://yandex.com/bots)"
95.108.150.235 - - [02/Jan/2013:21:00:16 +0100] "GET / HTTP/1.1" 200 7903 "-" "Mozilla/5.0 (compatible; YandexBot/3.0; +http://yandex.com/bots)"
95.108.150.235 - - [02/Jan/2013:21:00:16 +0100] "GET / HTTP/1.1" 200 7903 "-" "Mozilla/5.0 (compatible; YandexBot/3.0; +http://yandex.com/bots)"
95.108.150.235 - - [02/Jan/2013:21:00:17 +0100] "GET / HTTP/1.1" 200 7903 "-" "Mozilla/5.0 (compatible; YandexBot/3.0; +http://yandex.com/bots)"
95.108.150.235 - - [02/Jan/2013:21:00:17 +0100] "GET / HTTP/1.1" 200 7903 "-" "Mozilla/5.0 (compatible; YandexBot/3.0; +http://yandex.com/bots)"
141.8.147.1 - - [02/Jan/2013:21:42:17 +0100] "GET /robots.txt HTTP/1.1" 404 1256 "-" "Mozilla/5.0 (compatible; YandexBot/3.0; +http://yandex.com/bots)"
66.249.78.242 - - [02/Jan/2013:22:00:02 +0100] "GET / HTTP/1.1" 200 7903 "-" "SAMSUNG-SGH-E250/1.0 Profile/MIDP-2.0 Configuration/CLDC-1.1 UP.Browser/6.2.3.3.c.1.101 (GUI) MMP/2.0 (compatible; Googlebot-Mobile/2.1; +http://www.google.com/bot.html)"
89.248.165.143 - - [02/Jan/2013:22:16:33 +0100] "GET /seiten/kontakt.php HTTP/1.1" 200 12788 "-" "Mozilla/4.0 (compatible; MSIE 6.0; Windows NT 5.1; SV1)"
89.248.165.143 - - [02/Jan/2013:22:16:34 +0100] "POST /seiten/kontakt.php HTTP/1.1" 200 6706 "http://www.prokommunal.com/seiten/kontakt.php" "Mozilla/4.0 (compatible; MSIE 6.0; Windows NT 5.1; SV1)"
89.248.165.143 - - [02/Jan/2013:22:16:39 +0100] "GET /seiten/kontakt.php HTTP/1.1" 200 12788 "-" "Mozilla/4.0 (compatible; MSIE 6.0; Windows NT 5.1; SV1)"
89.248.165.143 - - [02/Jan/2013:22:16:43 +0100] "GET /seiten/ HTTP/1.1" 403 1222 "-" "Mozilla/4.0 (compatible; MSIE 6.0; Windows NT 5.1; SV1)"
89.248.165.143 - - [02/Jan/2013:22:16:45 +0100] "GET / HTTP/1.1" 200 7903 "-" "Mozilla/4.0 (compatible; MSIE 6.0; Windows NT 5.1; SV1)"
89.248.165.143 - - [02/Jan/2013:22:16:45 +0100] "GET /seiten/produkte.htm HTTP/1.1" 200 9105 "-" "Mozilla/4.0 (compatible; MSIE 6.0; Windows NT 5.1; SV1)"
89.248.165.143 - - [02/Jan/2013:22:17:13 +0100] "GET /seiten/partner.htm HTTP/1.1" 200 9458 "-" "Mozilla/4.0 (compatible; MSIE 6.0; Windows NT 5.1; SV1)"
89.248.165.143 - - [02/Jan/2013:22:17:14 +0100] "GET /seiten/referenzen.htm HTTP/1.1" 200 40249 "-" "Mozilla/4.0 (compatible; MSIE 6.0; Windows NT 5.1; SV1)"
89.248.165.143 - - [02/Jan/2013:22:17:20 +0100] "GET /seiten/service.htm HTTP/1.1" 200 9959 "-" "Mozilla/4.0 (compatible; MSIE 6.0; Windows NT 5.1; SV1)"
89.248.165.143 - - [02/Jan/2013:22:17:20 +0100] "GET /seiten/impr.htm HTTP/1.1" 200 8696 "-" "Mozilla/4.0 (compatible; MSIE 6.0; Windows NT 5.1; SV1)"
89.248.165.143 - - [02/Jan/2013:22:17:22 +0100] "GET /index.htm HTTP/1.1" 404 1256 "-" "Mozilla/4.0 (compatible; MSIE 6.0; Windows NT 5.1; SV1)"
173.199.116.251 - - [02/Jan/2013:22:28:44 +0100] "GET /seiten/referenzen.htm HTTP/1.1" 200 40249 "-" "Mozilla/5.0 (compatible; AhrefsBot/4.0; +http://ahrefs.com/robot/)"
94.23.220.161 - - [02/Jan/2013:23:00:13 +0100] "GET /seiten/impr.htm HTTP/1.1" 200 8696 "-" "Mozilla/5.0 (X11; Linux i686; rv:6.0) Gecko/20100101 Firefox/6.0"
157.55.33.19 - - [02/Jan/2013:23:02:21 +0100] "GET /robots.txt HTTP/1.1" 404 1256 "-" "Mozilla/5.0 (compatible; bingbot/2.0; +http://www.bing.com/bingbot.htm)"
157.55.33.19 - - [02/Jan/2013:23:05:22 +0100] "GET /seiten/term13.pdf HTTP/1.1" 200 146450 "-" "Mozilla/5.0 (compatible; bingbot/2.0; +http://www.bing.com/bingbot.htm)"
77.75.77.17 - - [02/Jan/2013:23:48:42 +0100] "GET /robots.txt HTTP/1.1" 404 1256 "-" "SeznamBot/3.0 (+http://fulltext.sblog.cz/)"
77.75.77.17 - - [02/Jan/2013:23:48:42 +0100] "GET / HTTP/1.1" 200 7903 "-" "SeznamBot/3.0 (+http://fulltext.sblog.cz/)"
61.135.248.216 - - [02/Jan/2013:23:49:16 +0100] "GET / HTTP/1.1" 200 7903 "-" "Mozilla/5.0 (compatible; YodaoBot/1.0; http://www.yodao.com/help/webmaster/spider/; )"
93.180.64.200 - - [03/Jan/2013:00:13:19 +0100] "GET /robots.txt HTTP/1.1" 404 1256 "-" "Mozilla/5.0 (compatible; Plukkie/1.5; http://www.botje.com/plukkie.htm)"
93.180.64.200 - - [03/Jan/2013:00:13:19 +0100] "GET /seiten/impr.htm HTTP/1.1" 200 8696 "-" "Mozilla/5.0 (compatible; Plukkie/1.5; http://www.botje.com/plukkie.htm)"
141.8.147.1 - - [03/Jan/2013:00:25:34 +0100] "GET /seiten/kraftverkehr.htm HTTP/1.1" 200 9210 "-" "Mozilla/5.0 (compatible; YandexBot/3.0; +http://yandex.com/bots)"
80.190.97.212 - - [03/Jan/2013:00:41:02 +0100] "GET / HTTP/1.1" 200 7903 "-" "Mozilla/5.0 (X11; U; FreeBSD i386; en-US; rv:1.9.1.12) Gecko/20100912 Firefox/3.5.12"
123.125.71.15 - - [03/Jan/2013:00:46:59 +0100] "GET /scripte/basics.js HTTP/1.1" 200 198 "-" "Mozilla/5.0 (compatible; Baiduspider/2.0; +http://www.baidu.com/search/spider.html)"
188.138.110.90 - - [03/Jan/2013:00:49:38 +0100] "GET / HTTP/1.1" 200 7903 "-" "Mozilla/4.0 (compatible; MSIE 6.0; Windows 98; Win 9x4.90)"
111.73.45.85 - - [03/Jan/2013:00:51:24 +0100] "GET /seiten/databund.html HTTP/1.0" 200 9125 "http://www.prokommunal.com/seiten/databund.html" "Opera/9.80 (Windows NT 5.1) Presto/2.12.388 Version/12.11"
173.199.116.251 - - [03/Jan/2013:00:55:29 +0100] "GET /seiten/service.htm HTTP/1.1" 200 9959 "-" "Mozilla/5.0 (compatible; AhrefsBot/4.0; +http://ahrefs.com/robot/)"
80.190.97.212 - - [03/Jan/2013:01:22:16 +0100] "GET / HTTP/1.1" 200 7903 "-" "Mozilla/5.0 (X11; U; FreeBSD i386; en-US; rv:1.9.1.12) Gecko/20100912 Firefox/3.5.12"
173.199.116.251 - - [03/Jan/2013:01:24:14 +0100] "GET /seiten/fahrlehrerwesen.htm HTTP/1.1" 200 7168 "-" "Mozilla/5.0 (compatible; AhrefsBot/4.0; +http://ahrefs.com/robot/)"
176.9.139.112 - - [03/Jan/2013:01:45:45 +0100] "GET /robots.txt HTTP/1.1" 404 1256 "-" "Mozilla/5.0 (compatible; SISTRIX Crawler; http://crawler.sistrix.net/)"
176.9.139.112 - - [03/Jan/2013:01:45:45 +0100] "GET / HTTP/1.1" 200 7903 "-" "Mozilla/5.0 (compatible; SISTRIX Crawler; http://crawler.sistrix.net/)"
176.9.139.112 - - [03/Jan/2013:01:45:46 +0100] "GET /seiten/impr.htm HTTP/1.1" 200 8696 "-" "Mozilla/5.0 (compatible; SISTRIX Crawler; http://crawler.sistrix.net/)"
176.9.139.112 - - [03/Jan/2013:01:45:46 +0100] "GET /seiten/referenzen.htm HTTP/1.1" 200 40249 "-" "Mozilla/5.0 (compatible; SISTRIX Crawler; http://crawler.sistrix.net/)"
176.9.139.112 - - [03/Jan/2013:01:45:46 +0100] "GET /seiten/databund.html HTTP/1.1" 200 9125 "-" "Mozilla/5.0 (compatible; SISTRIX Crawler; http://crawler.sistrix.net/)"
176.9.139.112 - - [03/Jan/2013:01:45:46 +0100] "GET /seiten/produkte.htm HTTP/1.1" 200 9105 "-" "Mozilla/5.0 (compatible; SISTRIX Crawler; http://crawler.sistrix.net/)"
176.9.139.112 - - [03/Jan/2013:01:45:46 +0100] "GET /seiten/kontakt.php HTTP/1.1" 200 12788 "-" "Mozilla/5.0 (compatible; SISTRIX Crawler; http://crawler.sistrix.net/)"
176.9.139.112 - - [03/Jan/2013:01:45:46 +0100] "GET /seiten/partner.htm HTTP/1.1" 200 9458 "-" "Mozilla/5.0 (compatible; SISTRIX Crawler; http://crawler.sistrix.net/)"
176.9.139.112 - - [03/Jan/2013:01:45:46 +0100] "GET /seiten/service.htm HTTP/1.1" 200 9959 "-" "Mozilla/5.0 (compatible; SISTRIX Crawler; http://crawler.sistrix.net/)"
176.9.139.112 - - [03/Jan/2013:01:45:46 +0100] "GET /seiten/kraftverkehr.htm HTTP/1.1" 200 9210 "-" "Mozilla/5.0 (compatible; SISTRIX Crawler; http://crawler.sistrix.net/)"
176.9.139.112 - - [03/Jan/2013:01:45:46 +0100] "GET /seiten/fsw.htm HTTP/1.1" 200 9961 "-" "Mozilla/5.0 (compatible; SISTRIX Crawler; http://crawler.sistrix.net/)"
176.9.139.112 - - [03/Jan/2013:01:45:47 +0100] "GET /seiten/kontroll.htm HTTP/1.1" 200 6599 "-" "Mozilla/5.0 (compatible; SISTRIX Crawler; http://crawler.sistrix.net/)"
176.9.139.112 - - [03/Jan/2013:01:45:47 +0100] "GET /seiten/fahrlehrerwesen.htm HTTP/1.1" 200 7168 "-" "Mozilla/5.0 (compatible; SISTRIX Crawler; http://crawler.sistrix.net/)"
208.115.111.72 - - [03/Jan/2013:01:57:56 +0100] "GET /robots.txt HTTP/1.1" 404 1256 "-" "Mozilla/5.0 (compatible; Ezooms/1.0; ezooms.bot@gmail.com)"
173.199.116.251 - - [03/Jan/2013:02:10:08 +0100] "GET /seiten/impr.htm HTTP/1.1" 200 8696 "-" "Mozilla/5.0 (compatible; AhrefsBot/4.0; +http://ahrefs.com/robot/)"
80.190.97.212 - - [03/Jan/2013:02:10:17 +0100] "GET / HTTP/1.1" 200 7903 "-" "Mozilla/5.0 (X11; U; FreeBSD i386; en-US; rv:1.9.1.12) Gecko/20100912 Firefox/3.5.12"
173.199.116.251 - - [03/Jan/2013:02:34:17 +0100] "GET /seiten/kontakt.php HTTP/1.1" 200 12788 "-" "Mozilla/5.0 (compatible; AhrefsBot/4.0; +http://ahrefs.com/robot/)"
61.135.249.38 - - [03/Jan/2013:02:36:08 +0100] "GET / HTTP/1.1" 200 7903 "-" "Mozilla/5.0 (compatible; YodaoBot/1.0; http://www.yodao.com/help/webmaster/spider/; )"
80.190.97.212 - - [03/Jan/2013:02:49:41 +0100] "GET / HTTP/1.1" 200 7903 "-" "Mozilla/5.0 (X11; U; FreeBSD i386; en-US; rv:1.9.1.12) Gecko/20100912 Firefox/3.5.12"
208.115.113.88 - - [03/Jan/2013:04:00:47 +0100] "GET /robots.txt HTTP/1.1" 404 1256 "-" "Mozilla/5.0 (compatible; Ezooms/1.0; ezooms.bot@gmail.com)"
207.46.194.145 - - [03/Jan/2013:04:07:20 +0100] "GET /robots.txt HTTP/1.1" 404 1256 "-" "msnbot-media/1.1 (+http://search.msn.com/msnbot.htm)"
207.46.194.145 - - [03/Jan/2013:04:07:20 +0100] "GET /img/gz.jpg HTTP/1.1" 200 7757 "-" "msnbot-media/1.1 (+http://search.msn.com/msnbot.htm)"
141.8.147.1 - - [03/Jan/2013:04:30:28 +0100] "GET / HTTP/1.1" 200 7903 "-" "Mozilla/5.0 (compatible; YandexBot/3.0; +http://yandex.com/bots)"
80.190.97.212 - - [03/Jan/2013:04:45:57 +0100] "GET / HTTP/1.1" 200 7903 "-" "Mozilla/5.0 (X11; U; FreeBSD i386; en-US; rv:1.9.1.12) Gecko/20100912 Firefox/3.5.12"
80.190.97.212 - - [03/Jan/2013:04:45:57 +0100] "GET / HTTP/1.1" 200 7903 "-" "Mozilla/5.0 (X11; U; FreeBSD i386; en-US; rv:1.9.1.12) Gecko/20100912 Firefox/3.5.12"
66.249.78.242 - - [03/Jan/2013:04:47:19 +0100] "GET /robots.txt HTTP/1.1" 404 1256 "-" "Mozilla/5.0 (compatible; Googlebot/2.1; +http://www.google.com/bot.html)"
66.249.76.242 - - [03/Jan/2013:04:47:19 +0100] "GET /seiten/impr.htm HTTP/1.1" 200 8696 "-" "DoCoMo/2.0 N905i(c100;TB;W24H16) (compatible; Googlebot-Mobile/2.1; +http://www.google.com/bot.html)"
61.135.249.223 - - [03/Jan/2013:05:05:25 +0100] "GET / HTTP/1.1" 200 7903 "-" "Mozilla/5.0 (compatible; YodaoBot/1.0; http://www.yodao.com/help/webmaster/spider/; )"
111.73.45.85 - - [03/Jan/2013:05:18:13 +0100] "GET /seiten/databund.html HTTP/1.0" 200 9125 "http://www.prokommunal.com/seiten/databund.html" "Mozilla/5.0 (Windows NT 6.2; WOW64) AppleWebKit/537.11 (KHTML, like Gecko) Chrome/23.0.1271.64 Safari/537.11"
111.73.45.85 - - [03/Jan/2013:05:25:49 +0100] "GET /seiten/databund.html HTTP/1.0" 200 9125 "http://www.prokommunal.com/seiten/databund.html" "Mozilla/5.0 (compatible; MSIE 9.0; Windows NT 6.1; Trident/5.0)"
111.73.45.85 - - [03/Jan/2013:05:26:10 +0100] "GET /seiten/databund.html HTTP/1.0" 200 9125 "http://www.prokommunal.com/seiten/databund.html" "Opera/9.80 (Windows NT 6.1; U; Edition Yx; ru) Presto/2.10.289 Version/12.02"
173.199.116.251 - - [03/Jan/2013:05:48:49 +0100] "GET /seiten/kraftverkehr.htm HTTP/1.1" 200 9210 "-" "Mozilla/5.0 (compatible; AhrefsBot/4.0; +http://ahrefs.com/robot/)"
208.115.111.72 - - [03/Jan/2013:05:50:34 +0100] "GET /robots.txt HTTP/1.1" 404 1256 "-" "Mozilla/5.0 (compatible; Ezooms/1.0; ezooms.bot@gmail.com)"
208.115.111.71 - - [03/Jan/2013:05:54:06 +0100] "GET /robots.txt HTTP/1.1" 404 1256 "-" "Mozilla/5.0 (compatible; Ezooms/1.0; ezooms.bot@gmail.com)"
208.115.113.88 - - [03/Jan/2013:05:56:59 +0100] "GET /seiten/ HTTP/1.1" 403 1222 "-" "Mozilla/5.0 (compatible; Ezooms/1.0; ezooms.bot@gmail.com)"
124.115.6.14 - - [03/Jan/2013:06:03:33 +0100] "GET /robots.txt HTTP/1.1" 404 1256 "-" "Mozilla/5.0(compatible; Sosospider/2.0; +http://help.soso.com/webspider.htm)"
208.115.111.71 - - [03/Jan/2013:06:14:20 +0100] "GET / HTTP/1.1" 200 7903 "-" "Mozilla/5.0 (compatible; Ezooms/1.0; ezooms.bot@gmail.com)"
71.176.66.73 - - [03/Jan/2013:06:31:30 +0100] "GET /robots.txt HTTP/1.0" 404 1256 "-" "Mozilla/5.0 (compatible; MJ12bot/v1.4.3; http://www.majestic12.co.uk/bot.php?+)"
71.176.66.73 - - [03/Jan/2013:06:31:32 +0100] "GET / HTTP/1.1" 200 7903 "-" "Mozilla/5.0 (compatible; MJ12bot/v1.4.3; http://www.majestic12.co.uk/bot.php?+)"
71.176.66.73 - - [03/Jan/2013:06:31:35 +0100] "GET / HTTP/1.1" 200 7903 "-" "Mozilla/5.0 (compatible; MJ12bot/v1.4.3; http://www.majestic12.co.uk/bot.php?+)"
208.115.111.72 - - [03/Jan/2013:06:56:59 +0100] "GET /seiten/ HTTP/1.1" 403 1222 "-" "Mozilla/5.0 (compatible; Ezooms/1.0; ezooms.bot@gmail.com)"
61.135.248.227 - - [03/Jan/2013:07:21:51 +0100] "GET / HTTP/1.1" 200 7903 "-" "Mozilla/5.0 (compatible; YodaoBot/1.0; http://www.yodao.com/help/webmaster/spider/; )"
66.249.78.242 - - [03/Jan/2013:07:39:54 +0100] "GET /seiten/partner.htm HTTP/1.1" 304 - "-" "Mozilla/5.0 (iPhone; U; CPU iPhone OS 4_1 like Mac OS X; en-us) AppleWebKit/532.9 (KHTML, like Gecko) Version/4.0.5 Mobile/8B117 Safari/6531.22.7 (compatible; Googlebot-Mobile/2.1; +http://www.google.com/bot.html)"
178.77.126.55 - - [03/Jan/2013:08:33:36 +0100] "GET /robots.txt HTTP/1.1" 404 1256 "-" "Mozilla/5.0 (compatible; CareerBot/1.1; +http://www.career-x.de/bot.html)"
178.77.126.55 - - [03/Jan/2013:08:33:36 +0100] "GET / HTTP/1.1" 200 7903 "-" "Mozilla/5.0 (compatible; CareerBot/1.1; +http://www.career-x.de/bot.html)"
173.199.116.251 - - [03/Jan/2013:08:40:43 +0100] "GET /seiten/databund.html HTTP/1.1" 200 9125 "-" "Mozilla/5.0 (compatible; AhrefsBot/4.0; +http://ahrefs.com/robot/)"
194.76.64.12 - - [03/Jan/2013:08:40:36 +0100] "GET /news_file/geka_version_3_8_Stade_f.zi1 HTTP/1.1" 200 5963720 "-" "Mozilla/4.0 (compatible; MSIE 8.0; Windows NT 5.1; Trident/4.0; BTRS98794; .NET CLR 1.1.4322; .NET CLR 2.0.50727; .NET CLR 3.0.04506.30; MDDR; .NET CLR 3.0.4506.2152; .NET CLR 3.5.30729; AskTbORJ/5.15.2.23037)"
84.56.255.133 - - [03/Jan/2013:09:10:39 +0100] "GET /css/style.css HTTP/1.1" 200 3549 "http://www.prokommunal.com/seiten/referenzen.htm" "Mozilla/5.0 (X11; Ubuntu; Linux x86_64; rv:17.0) Gecko/20100101 Firefox/17.0"
84.56.255.133 - - [03/Jan/2013:09:10:39 +0100] "GET /scripte/basics.js HTTP/1.1" 200 198 "http://www.prokommunal.com/seiten/referenzen.htm" "Mozilla/5.0 (X11; Ubuntu; Linux x86_64; rv:17.0) Gecko/20100101 Firefox/17.0"
84.56.255.133 - - [03/Jan/2013:09:10:39 +0100] "GET /img/head01.jpg HTTP/1.1" 200 6350 "http://www.prokommunal.com/seiten/referenzen.htm" "Mozilla/5.0 (X11; Ubuntu; Linux x86_64; rv:17.0) Gecko/20100101 Firefox/17.0"
84.56.255.133 - - [03/Jan/2013:09:10:39 +0100] "GET /img/head02.jpg HTTP/1.1" 200 4929 "http://www.prokommunal.com/seiten/referenzen.htm" "Mozilla/5.0 (X11; Ubuntu; Linux x86_64; rv:17.0) Gecko/20100101 Firefox/17.0"
84.56.255.133 - - [03/Jan/2013:09:10:39 +0100] "GET /img/head03.jpg HTTP/1.1" 200 7610 "http://www.prokommunal.com/seiten/referenzen.htm" "Mozilla/5.0 (X11; Ubuntu; Linux x86_64; rv:17.0) Gecko/20100101 Firefox/17.0"
84.56.255.133 - - [03/Jan/2013:09:10:39 +0100] "GET /seiten/referenzen.htm HTTP/1.1" 200 40249 "http://www.google.de/url?sa=t&rct=j&q=stra%C3%9Fenverkehrsamt%20ludwigshafen%20frau%20gauglitz&source=web&cd=1&sqi=2&ved=0CDMQFjAA&url=http%3A%2F%2Fwww.prokommunal.com%2Fseiten%2Freferenzen.htm&ei=yDzlULrJD4WHswaI4IHwBw&usg=AFQjCNFkgiXA2K-qnpOChU4qjRkFaABzmg" "Mozilla/5.0 (X11; Ubuntu; Linux x86_64; rv:17.0) Gecko/20100101 Firefox/17.0"
84.56.255.133 - - [03/Jan/2013:09:10:39 +0100] "GET /favicon.ico HTTP/1.1" 200 894 "-" "Mozilla/5.0 (X11; Ubuntu; Linux x86_64; rv:17.0) Gecko/20100101 Firefox/17.0"
84.56.255.133 - - [03/Jan/2013:09:10:40 +0100] "GET /img/top.gif HTTP/1.1" 200 96 "http://www.prokommunal.com/seiten/referenzen.htm" "Mozilla/5.0 (X11; Ubuntu; Linux x86_64; rv:17.0) Gecko/20100101 Firefox/17.0"
84.56.255.133 - - [03/Jan/2013:09:10:40 +0100] "GET /redesign/img/bg_gelb.jpg HTTP/1.1" 200 368 "http://www.prokommunal.com/css/style.css" "Mozilla/5.0 (X11; Ubuntu; Linux x86_64; rv:17.0) Gecko/20100101 Firefox/17.0"
84.56.255.133 - - [03/Jan/2013:09:10:40 +0100] "GET /img/men_01.jpg HTTP/1.1" 200 713 "http://www.prokommunal.com/seiten/referenzen.htm" "Mozilla/5.0 (X11; Ubuntu; Linux x86_64; rv:17.0) Gecko/20100101 Firefox/17.0"
84.56.255.133 - - [03/Jan/2013:09:10:40 +0100] "GET /redesign/img/bg_foot.gif HTTP/1.1" 200 286 "http://www.prokommunal.com/css/style.css" "Mozilla/5.0 (X11; Ubuntu; Linux x86_64; rv:17.0) Gecko/20100101 Firefox/17.0"
207.46.199.167 - - [03/Jan/2013:09:30:56 +0100] "GET /robots.txt HTTP/1.1" 404 1256 "-" "msnbot-media/1.1 (+http://search.msn.com/msnbot.htm)"
207.46.199.167 - - [03/Jan/2013:09:30:57 +0100] "GET /img/hsh.jpg HTTP/1.1" 200 5007 "-" "msnbot-media/1.1 (+http://search.msn.com/msnbot.htm)"
173.199.116.251 - - [03/Jan/2013:09:37:19 +0100] "GET /seiten/fsw.htm HTTP/1.1" 200 9961 "-" "Mozilla/5.0 (compatible; AhrefsBot/4.0; +http://ahrefs.com/robot/)"
173.199.116.251 - - [03/Jan/2013:09:46:19 +0100] "GET /seiten/term12.pdf HTTP/1.1" 404 1256 "-" "Mozilla/5.0 (compatible; AhrefsBot/4.0; +http://ahrefs.com/robot/)"
61.135.248.175 - - [03/Jan/2013:09:51:22 +0100] "GET / HTTP/1.1" 200 7903 "-" "Mozilla/5.0 (compatible; YodaoBot/1.0; http://www.yodao.com/help/webmaster/spider/; )"
65.55.211.182 - - [03/Jan/2013:10:19:50 +0100] "GET /robots.txt HTTP/1.1" 404 1256 "-" "msnbot-media/1.1 (+http://search.msn.com/msnbot.htm)"
65.55.211.182 - - [03/Jan/2013:10:19:50 +0100] "GET /img/hk.jpg HTTP/1.1" 200 4852 "-" "msnbot-media/1.1 (+http://search.msn.com/msnbot.htm)"
173.199.116.251 - - [03/Jan/2013:10:25:03 +0100] "GET / HTTP/1.1" 200 7903 "-" "Mozilla/5.0 (compatible; AhrefsBot/4.0; +http://ahrefs.com/robot/)"
173.199.116.251 - - [03/Jan/2013:10:32:30 +0100] "GET /seiten/partner.htm HTTP/1.1" 200 9458 "-" "Mozilla/5.0 (compatible; AhrefsBot/4.0; +http://ahrefs.com/robot/)"
193.28.249.21 - - [03/Jan/2013:10:38:59 +0100] "GET /seiten/produkte.htm HTTP/1.1" 200 9105 "http://www.prokommunal.com/seiten/referenzen.htm" "Mozilla/5.0 (Windows NT 6.1; rv:16.0) Gecko/20100101 Firefox/16.0"
199.19.249.196 - - [03/Jan/2013:10:38:59 +0100] "GET /seiten/produkte.htm HTTP/1.1" 200 9105 "-" "Mozilla/4.0 (compatible; MSIE 7.0; Windows NT 5.1; InfoPath.1; .NET CLR 2.0.50727; .NET CLR 1.1.4322; MS-RTC LM 8; .NET CLR 3.0.4506.2152; .NET CLR 3.5.30729)"
193.28.249.21 - - [03/Jan/2013:10:38:59 +0100] "GET /img/head02.jpg HTTP/1.1" 200 4929 "http://www.prokommunal.com/seiten/produkte.htm" "Mozilla/5.0 (Windows NT 6.1; rv:16.0) Gecko/20100101 Firefox/16.0"
193.28.249.21 - - [03/Jan/2013:10:38:59 +0100] "GET /img/head03.jpg HTTP/1.1" 200 7610 "http://www.prokommunal.com/seiten/produkte.htm" "Mozilla/5.0 (Windows NT 6.1; rv:16.0) Gecko/20100101 Firefox/16.0"
193.28.249.21 - - [03/Jan/2013:10:38:59 +0100] "GET /img/1px_tr.gif HTTP/1.1" 200 43 "http://www.prokommunal.com/seiten/produkte.htm" "Mozilla/5.0 (Windows NT 6.1; rv:16.0) Gecko/20100101 Firefox/16.0"
193.28.249.21 - - [03/Jan/2013:10:38:59 +0100] "GET /img/top.gif HTTP/1.1" 200 96 "http://www.prokommunal.com/seiten/produkte.htm" "Mozilla/5.0 (Windows NT 6.1; rv:16.0) Gecko/20100101 Firefox/16.0"
193.28.249.21 - - [03/Jan/2013:10:39:03 +0100] "GET /seiten/partner.htm HTTP/1.1" 200 9458 "http://www.prokommunal.com/seiten/produkte.htm" "Mozilla/5.0 (Windows NT 6.1; rv:16.0) Gecko/20100101 Firefox/16.0"
199.19.249.196 - - [03/Jan/2013:10:39:03 +0100] "GET /seiten/partner.htm HTTP/1.1" 200 9458 "-" "Mozilla/4.0 (compatible; MSIE 7.0; Windows NT 5.1; InfoPath.1; .NET CLR 2.0.50727; .NET CLR 1.1.4322; MS-RTC LM 8; .NET CLR 3.0.4506.2152; .NET CLR 3.5.30729)"
193.28.249.21 - - [03/Jan/2013:10:39:03 +0100] "GET /img/hsh.jpg HTTP/1.1" 200 5007 "http://www.prokommunal.com/seiten/partner.htm" "Mozilla/5.0 (Windows NT 6.1; rv:16.0) Gecko/20100101 Firefox/16.0"
193.28.249.21 - - [03/Jan/2013:10:39:03 +0100] "GET /img/gz.jpg HTTP/1.1" 200 7757 "http://www.prokommunal.com/seiten/partner.htm" "Mozilla/5.0 (Windows NT 6.1; rv:16.0) Gecko/20100101 Firefox/16.0"
193.28.249.21 - - [03/Jan/2013:10:39:03 +0100] "GET /img/komfa1_s.jpg HTTP/1.1" 404 1256 "http://www.prokommunal.com/seiten/partner.htm" "Mozilla/5.0 (Windows NT 6.1; rv:16.0) Gecko/20100101 Firefox/16.0"
193.28.249.21 - - [03/Jan/2013:10:39:03 +0100] "GET /img/hh.jpg HTTP/1.1" 200 5817 "http://www.prokommunal.com/seiten/partner.htm" "Mozilla/5.0 (Windows NT 6.1; rv:16.0) Gecko/20100101 Firefox/16.0"
193.28.249.21 - - [03/Jan/2013:10:39:03 +0100] "GET /img/hk.jpg HTTP/1.1" 200 4852 "http://www.prokommunal.com/seiten/partner.htm" "Mozilla/5.0 (Windows NT 6.1; rv:16.0) Gecko/20100101 Firefox/16.0"
193.28.249.21 - - [03/Jan/2013:10:39:03 +0100] "GET /img/databund.jpg HTTP/1.1" 404 1256 "http://www.prokommunal.com/seiten/partner.htm" "Mozilla/5.0 (Windows NT 6.1; rv:16.0) Gecko/20100101 Firefox/16.0"
193.28.249.21 - - [03/Jan/2013:10:39:03 +0100] "GET /img/komfa1_s.jpg HTTP/1.1" 404 1256 "http://www.prokommunal.com/seiten/partner.htm" "Mozilla/5.0 (Windows NT 6.1; rv:16.0) Gecko/20100101 Firefox/16.0"
193.28.249.21 - - [03/Jan/2013:10:39:04 +0100] "GET /img/databund.jpg HTTP/1.1" 404 1256 "http://www.prokommunal.com/seiten/partner.htm" "Mozilla/5.0 (Windows NT 6.1; rv:16.0) Gecko/20100101 Firefox/16.0"
83.243.48.3 - - [03/Jan/2013:10:43:42 +0100] "GET /seiten/kontakt.php HTTP/1.1" 200 12788 "http://www.prokommunal.com/" "Mozilla/4.0 (compatible; MSIE 8.0; Windows NT 5.1; Trident/4.0; .NET CLR 2.0.50727; .NET CLR 3.0.4506.2152; .NET CLR 3.5.30729; .NET4.0C; .NET4.0E)"
123.125.71.85 - - [03/Jan/2013:10:43:55 +0100] "GET / HTTP/1.1" 200 7903 "-" "Mozilla/5.0 (compatible; Baiduspider/2.0; +http://www.baidu.com/search/spider.html)"
83.243.48.3 - - [03/Jan/2013:10:51:14 +0100] "GET /seiten/kontakt.php HTTP/1.1" 200 12788 "http://www.prokommunal.com/" "Mozilla/4.0 (compatible; MSIE 8.0; Windows NT 5.1; Trident/4.0; .NET CLR 2.0.50727; .NET CLR 3.0.4506.2152; .NET CLR 3.5.30729; .NET4.0C; .NET4.0E)"
157.55.33.248 - - [03/Jan/2013:10:52:18 +0100] "GET /robots.txt HTTP/1.1" 404 1256 "-" "Mozilla/5.0 (compatible; bingbot/2.0; +http://www.bing.com/bingbot.htm)"
157.55.33.248 - - [03/Jan/2013:10:56:03 +0100] "GET /seiten/service.htm HTTP/1.1" 304 - "-" "Mozilla/5.0 (compatible; bingbot/2.0; +http://www.bing.com/bingbot.htm)"
61.247.204.35 - - [03/Jan/2013:11:04:33 +0100] "GET /robots.txt HTTP/1.1" 404 1256 "-" "Yeti/1.0 (NHN Corp.; http://help.naver.com/robots/)"
61.247.204.35 - - [03/Jan/2013:11:04:34 +0100] "GET / HTTP/1.1" 200 7903 "-" "Yeti/1.0 (NHN Corp.; http://help.naver.com/robots/)"
61.247.204.46 - - [03/Jan/2013:11:04:44 +0100] "GET /css/style.css HTTP/1.1" 200 3549 "-" "Yeti/1.0 (NHN Corp.; http://help.naver.com/robots/)"
62.176.236.4 - - [03/Jan/2013:11:14:54 +0100] "GET / HTTP/1.1" 200 7903 "http://www.google.de/url?sa=t&rct=j&q=prokommunal&source=web&cd=1&ved=0CDMQFjAA&url=http%3A%2F%2Fwww.prokommunal.com%2F&ei=91nlUJvtGYngtQbXtYDYDQ&usg=AFQjCNF5ZvO5ecR3rprSCB3llFRGksZz8A&bvm=bv.1355534169,d.Yms" "Mozilla/5.0 (compatible; MSIE 9.0; Windows NT 6.1; Trident/5.0)"
62.176.236.4 - - [03/Jan/2013:11:14:54 +0100] "GET /scripte/basics.js HTTP/1.1" 200 198 "http://www.prokommunal.com/" "Mozilla/5.0 (compatible; MSIE 9.0; Windows NT 6.1; Trident/5.0)"
62.176.236.4 - - [03/Jan/2013:11:14:54 +0100] "GET /css/style.css HTTP/1.1" 200 3549 "http://www.prokommunal.com/" "Mozilla/5.0 (compatible; MSIE 9.0; Windows NT 6.1; Trident/5.0)"
62.176.236.4 - - [03/Jan/2013:11:14:54 +0100] "GET /img/head02.jpg HTTP/1.1" 200 4929 "http://www.prokommunal.com/" "Mozilla/5.0 (compatible; MSIE 9.0; Windows NT 6.1; Trident/5.0)"
62.176.236.4 - - [03/Jan/2013:11:14:54 +0100] "GET /img/head01.jpg HTTP/1.1" 200 6350 "http://www.prokommunal.com/" "Mozilla/5.0 (compatible; MSIE 9.0; Windows NT 6.1; Trident/5.0)"
62.176.236.4 - - [03/Jan/2013:11:14:54 +0100] "GET /img/head03.jpg HTTP/1.1" 200 7610 "http://www.prokommunal.com/" "Mozilla/5.0 (compatible; MSIE 9.0; Windows NT 6.1; Trident/5.0)"
62.176.236.4 - - [03/Jan/2013:11:14:54 +0100] "GET /css/style.css HTTP/1.1" 200 3549 "http://www.prokommunal.com/" "Mozilla/5.0 (compatible; MSIE 9.0; Windows NT 6.1; Trident/5.0)"
62.176.236.4 - - [03/Jan/2013:11:14:54 +0100] "GET /img/head02.jpg HTTP/1.1" 200 4929 "http://www.prokommunal.com/" "Mozilla/5.0 (compatible; MSIE 9.0; Windows NT 6.1; Trident/5.0)"
62.176.236.4 - - [03/Jan/2013:11:14:54 +0100] "GET /img/head01.jpg HTTP/1.1" 200 6350 "http://www.prokommunal.com/" "Mozilla/5.0 (compatible; MSIE 9.0; Windows NT 6.1; Trident/5.0)"
62.176.236.4 - - [03/Jan/2013:11:14:54 +0100] "GET /scripte/basics.js HTTP/1.1" 200 198 "http://www.prokommunal.com/" "Mozilla/5.0 (compatible; MSIE 9.0; Windows NT 6.1; Trident/5.0)"
62.176.236.4 - - [03/Jan/2013:11:14:54 +0100] "GET /img/head03.jpg HTTP/1.1" 200 7610 "http://www.prokommunal.com/" "Mozilla/5.0 (compatible; MSIE 9.0; Windows NT 6.1; Trident/5.0)"
62.176.236.4 - - [03/Jan/2013:11:14:54 +0100] "GET /redesign/img/bg_foot.gif HTTP/1.1" 200 286 "http://www.prokommunal.com/" "Mozilla/5.0 (compatible; MSIE 9.0; Windows NT 6.1; Trident/5.0)"
62.176.236.4 - - [03/Jan/2013:11:14:54 +0100] "GET /redesign/img/bg_gelb.jpg HTTP/1.1" 200 368 "http://www.prokommunal.com/" "Mozilla/5.0 (compatible; MSIE 9.0; Windows NT 6.1; Trident/5.0)"
62.176.236.4 - - [03/Jan/2013:11:14:57 +0100] "GET /seiten/kontakt.php HTTP/1.1" 200 12788 "http://www.prokommunal.com/" "Mozilla/5.0 (compatible; MSIE 9.0; Windows NT 6.1; Trident/5.0)"
62.176.236.4 - - [03/Jan/2013:11:14:57 +0100] "GET /img/1px_tr.gif HTTP/1.1" 200 43 "http://www.prokommunal.com/seiten/kontakt.php" "Mozilla/5.0 (compatible; MSIE 9.0; Windows NT 6.1; Trident/5.0)"
62.176.236.4 - - [03/Jan/2013:11:14:57 +0100] "GET /img/top.gif HTTP/1.1" 200 96 "http://www.prokommunal.com/seiten/kontakt.php" "Mozilla/5.0 (compatible; MSIE 9.0; Windows NT 6.1; Trident/5.0)"
62.176.236.4 - - [03/Jan/2013:11:14:57 +0100] "GET /img/1px_tr.gif HTTP/1.1" 200 43 "http://www.prokommunal.com/seiten/kontakt.php" "Mozilla/5.0 (compatible; MSIE 9.0; Windows NT 6.1; Trident/5.0)"
62.176.236.4 - - [03/Jan/2013:11:14:57 +0100] "GET /img/top.gif HTTP/1.1" 200 96 "http://www.prokommunal.com/seiten/kontakt.php" "Mozilla/5.0 (compatible; MSIE 9.0; Windows NT 6.1; Trident/5.0)"
62.176.236.4 - - [03/Jan/2013:11:14:57 +0100] "GET /img/men_01.jpg HTTP/1.1" 200 713 "http://www.prokommunal.com/seiten/kontakt.php" "Mozilla/5.0 (compatible; MSIE 9.0; Windows NT 6.1; Trident/5.0)"
66.249.78.242 - - [03/Jan/2013:11:23:26 +0100] "GET /seiten/fsw.htm HTTP/1.1" 200 9961 "-" "SAMSUNG-SGH-E250/1.0 Profile/MIDP-2.0 Configuration/CLDC-1.1 UP.Browser/6.2.3.3.c.1.101 (GUI) MMP/2.0 (compatible; Googlebot-Mobile/2.1; +http://www.google.com/bot.html)"
66.249.78.82 - - [03/Jan/2013:11:49:10 +0100] "GET /robots.txt HTTP/1.1" 404 1256 "-" "Mozilla/5.0 (compatible; Googlebot/2.1; +http://www.google.com/bot.html)"
66.249.78.82 - - [03/Jan/2013:11:49:10 +0100] "GET / HTTP/1.1" 200 7903 "-" "Mozilla/5.0 (compatible; Googlebot/2.1; +http://www.google.com/bot.html)"
66.249.76.183 - - [03/Jan/2013:12:37:30 +0100] "GET /robots.txt HTTP/1.1" 404 1256 "-" "Mozilla/5.0 (compatible; Googlebot/2.1; +http://www.google.com/bot.html)"
66.249.76.183 - - [03/Jan/2013:12:37:30 +0100] "GET / HTTP/1.1" 200 7903 "-" "Mozilla/5.0 (compatible; Googlebot/2.1; +http://www.google.com/bot.html)"
61.135.249.67 - - [03/Jan/2013:12:40:40 +0100] "GET / HTTP/1.1" 200 7903 "-" "Mozilla/5.0 (compatible; YodaoBot/1.0; http://www.yodao.com/help/webmaster/spider/; )"
91.64.58.51 - - [03/Jan/2013:13:25:52 +0100] "GET / HTTP/1.1" 200 7903 "http://www.google.de/url?sa=t&rct=j&q=&esrc=s&source=web&cd=1&ved=0CDYQFjAA&url=http%3A%2F%2Fwww.prokommunal.com%2F&ei=p3jlUIWfIYWgtAbqtYGADw&usg=AFQjCNF5ZvO5ecR3rprSCB3llFRGksZz8A&bvm=bv.1355534169,d.Yms" "Mozilla/5.0 (Windows NT 6.1; WOW64; rv:17.0) Gecko/20100101 Firefox/17.0"
91.64.58.51 - - [03/Jan/2013:13:25:52 +0100] "GET /scripte/basics.js HTTP/1.1" 200 198 "http://www.prokommunal.com/" "Mozilla/5.0 (Windows NT 6.1; WOW64; rv:17.0) Gecko/20100101 Firefox/17.0"
91.64.58.51 - - [03/Jan/2013:13:25:52 +0100] "GET /css/style.css HTTP/1.1" 200 3549 "http://www.prokommunal.com/" "Mozilla/5.0 (Windows NT 6.1; WOW64; rv:17.0) Gecko/20100101 Firefox/17.0"
91.64.58.51 - - [03/Jan/2013:13:25:52 +0100] "GET /img/head01.jpg HTTP/1.1" 200 6350 "http://www.prokommunal.com/" "Mozilla/5.0 (Windows NT 6.1; WOW64; rv:17.0) Gecko/20100101 Firefox/17.0"
91.64.58.51 - - [03/Jan/2013:13:25:52 +0100] "GET /favicon.ico HTTP/1.1" 200 894 "-" "Mozilla/5.0 (Windows NT 6.1; WOW64; rv:17.0) Gecko/20100101 Firefox/17.0"
91.64.58.51 - - [03/Jan/2013:13:25:52 +0100] "GET /img/head02.jpg HTTP/1.1" 200 4929 "http://www.prokommunal.com/" "Mozilla/5.0 (Windows NT 6.1; WOW64; rv:17.0) Gecko/20100101 Firefox/17.0"
