216.244.66.237 - - [06/May/2022:00:21:58 +0200] "GET /sonderthemen/oekt_extra3.pdf HTTP/1.1" 200 2109745 "-" "Mozilla/5.0 (compatible; DotBot/1.2; +https://opensiteexplorer.org/dotbot; help@moz.com)"
65.21.206.46 - - [06/May/2022:00:40:04 +0200] "GET /kontakt/index.html HTTP/1.1" 200 2896 "-" "Mozilla/5.0 (Windows NT 10.0; Win64; x64) AppleWebKit/537.36 (KHTML, like Gecko) Chrome/91.0.4472.114 Safari/537.36 Edg/91.0.864.54"
65.21.206.42 - - [06/May/2022:00:43:02 +0200] "GET /rezensionen_preysing.html HTTP/1.1" 404 2381 "-" "Mozilla/5.0 (Windows NT 10.0; Win64; x64) AppleWebKit/537.36 (KHTML, like Gecko) Chrome/91.0.4472.114 Safari/537.36 Edg/91.0.864.54"
95.163.255.217 - - [06/May/2022:00:58:23 +0200] "GET /robots.txt HTTP/1.0" 200 100 "-" "Mozilla/5.0 (compatible; Linux x86_64; Mail.RU_Bot/2.0; +https://help.mail.ru/webmaster/indexing/robots)"
95.163.255.237 - - [06/May/2022:00:58:26 +0200] "GET /sonderthemen/oeaz2001.pdf HTTP/1.1" 200 4496626 "-" "Mozilla/5.0 (compatible; Linux x86_64; Mail.RU_Bot/2.0; +https://help.mail.ru/webmaster/indexing/robots)"
65.21.206.45 - - [06/May/2022:01:42:05 +0200] "GET /rezensionen_psalmen.html HTTP/1.1" 404 2381 "-" "Mozilla/5.0 (Windows NT 10.0; Win64; x64) AppleWebKit/537.36 (KHTML, like Gecko) Chrome/91.0.4472.114 Safari/537.36 Edg/91.0.864.54"
198.235.24.140 - - [06/May/2022:01:51:59 +0200] "GET / HTTP/1.1" 200 9360 "-" "Expanse, a Palo Alto Networks company, searches across the global IPv4 space multiple times per day to identify customers' presences on the Internet. If you would like to be excluded from our scans, please send IP addresses/domains to: scaninfo@paloaltonetworks.com"
17.121.113.161 - - [06/May/2022:01:54:18 +0200] "GET /buecher/rezensionen_le_saulchoir.html HTTP/1.1" 200 34009 "-" "Mozilla/5.0 (Macintosh; Intel Mac OS X 10_15_5) AppleWebKit/605.1.15 (KHTML, like Gecko) Version/13.1.1 Safari/605.1.15 (Applebot/0.1; +http://www.apple.com/go/applebot)"
80.85.136.159 - - [06/May/2022:02:17:01 +0200] "HEAD / HTTP/1.1" 200 - "https://www.prjadko.kiev.ua/pamyatniki.html" "Mozilla/4.0 (compatible; MSIE5.00; Windows 2008)"
193.3.168.17 - - [06/May/2022:02:17:01 +0200] "HEAD / HTTP/1.1" 200 - "https://lordseria.net/2021-god/" "Mozilla/6.0 (compatible; MSIE3.00; Windows 2009)"
80.85.136.157 - - [06/May/2022:02:17:01 +0200] "HEAD / HTTP/1.1" 200 - "https://velesritual.com.ua/funeral.html" "Mozilla/6.0 (compatible; MSIE3.00; Windows 2005)"
17.121.115.96 - - [06/May/2022:02:17:09 +0200] "GET /buecher/index.html HTTP/1.1" 200 25885 "-" "Mozilla/5.0 (Macintosh; Intel Mac OS X 10_15_5) AppleWebKit/605.1.15 (KHTML, like Gecko) Version/13.1.1 Safari/605.1.15 (Applebot/0.1; +http://www.apple.com/go/applebot)"
65.21.206.46 - - [06/May/2022:02:28:43 +0200] "GET /cds/hymnos_akathistos.html HTTP/1.1" 200 11061 "-" "Mozilla/5.0 (Windows NT 10.0; Win64; x64) AppleWebKit/537.36 (KHTML, like Gecko) Chrome/91.0.4472.114 Safari/537.36 Edg/91.0.864.54"
66.249.64.82 - - [06/May/2022:03:13:09 +0200] "GET /sonderthemen/az2000.pdf HTTP/1.1" 304 - "-" "Mozilla/5.0 (Linux; Android 6.0.1; Nexus 5X Build/MMB29P) AppleWebKit/537.36 (KHTML, like Gecko) Chrome/100.0.4896.127 Mobile Safari/537.36 (compatible; Googlebot/2.1; +http://www.google.com/bot.html)"
65.21.206.45 - - [06/May/2022:03:17:31 +0200] "GET /astazi.html HTTP/1.1" 404 2381 "-" "Mozilla/5.0 (Windows NT 10.0; Win64; x64) AppleWebKit/537.36 (KHTML, like Gecko) Chrome/91.0.4472.114 Safari/537.36 Edg/91.0.864.54"
65.21.206.42 - - [06/May/2022:03:21:22 +0200] "GET /sonderthemen/index.html HTTP/1.1" 200 7102 "-" "Mozilla/5.0 (Windows NT 10.0; Win64; x64) AppleWebKit/537.36 (KHTML, like Gecko) Chrome/91.0.4472.114 Safari/537.36 Edg/91.0.864.54"
194.67.207.94 - - [06/May/2022:03:44:39 +0200] "HEAD / HTTP/1.1" 200 - "https://pamjatnik.com.ua/hudozhestvennoe-oformlenie/italyanskoe-fotosteklo" "Mozilla/5.0 (compatible; MSIE5.00; Windows 2002)"
185.5.249.185 - - [06/May/2022:03:44:40 +0200] "HEAD / HTTP/1.1" 200 - "https://ritual.net.ua/uslugi/krematsiya.html" "Mozilla/5.0 (compatible; MSIE6.00; Windows 2006)"
216.244.66.237 - - [06/May/2022:03:51:26 +0200] "GET /robots.txt HTTP/1.1" 200 100 "-" "Mozilla/5.0 (compatible; DotBot/1.2; +https://opensiteexplorer.org/dotbot; help@moz.com)"
216.244.66.237 - - [06/May/2022:04:05:27 +0200] "GET /sonderthemen/sk2002.pdf HTTP/1.1" 200 2628923 "-" "Mozilla/5.0 (compatible; DotBot/1.2; +https://opensiteexplorer.org/dotbot; help@moz.com)"
17.121.112.247 - - [06/May/2022:04:11:08 +0200] "GET /buecher/rezensionen_chateaubriand.html HTTP/1.1" 200 47317 "-" "Mozilla/5.0 (Macintosh; Intel Mac OS X 10_15_5) AppleWebKit/605.1.15 (KHTML, like Gecko) Version/13.1.1 Safari/605.1.15 (Applebot/0.1; +http://www.apple.com/go/applebot)"
65.21.206.45 - - [06/May/2022:04:21:19 +0200] "GET /cds/index.html HTTP/1.1" 200 7987 "-" "Mozilla/5.0 (Windows NT 10.0; Win64; x64) AppleWebKit/537.36 (KHTML, like Gecko) Chrome/91.0.4472.114 Safari/537.36 Edg/91.0.864.54"
65.21.206.46 - - [06/May/2022:04:32:03 +0200] "GET /buecher/rezensionen_chateaubriand.html HTTP/1.1" 200 47317 "-" "Mozilla/5.0 (Windows NT 10.0; Win64; x64) AppleWebKit/537.36 (KHTML, like Gecko) Chrome/91.0.4472.114 Safari/537.36 Edg/91.0.864.54"
65.21.206.42 - - [06/May/2022:04:38:27 +0200] "GET /gotteslob/index.html HTTP/1.1" 200 2770 "-" "Mozilla/5.0 (Windows NT 10.0; Win64; x64) AppleWebKit/537.36 (KHTML, like Gecko) Chrome/91.0.4472.114 Safari/537.36 Edg/91.0.864.54"
194.67.210.77 - - [06/May/2022:05:02:39 +0200] "HEAD / HTTP/1.1" 200 - "https://sendflowers.by/catalog/category/11" "Mozilla/8.0 (compatible; MSIE3.00; Windows 2005)"
193.124.190.18 - - [06/May/2022:05:02:39 +0200] "HEAD / HTTP/1.1" 200 - "https://orientwind.by/category/indian-incenses-hem" "Mozilla/2.0 (compatible; MSIE7.00; Windows 2006)"
185.125.219.13 - - [06/May/2022:05:02:39 +0200] "HEAD / HTTP/1.1" 200 - "https://shop.solard.com" "Mozilla/3.0 (compatible; MSIE7.00; Windows 2006)"
194.67.207.9 - - [06/May/2022:05:02:39 +0200] "HEAD / HTTP/1.1" 200 - "https://aromagolik.kz/muzhskoy-parfyum/" "Mozilla/7.0 (compatible; MSIE7.00; Windows 2004)"
65.21.206.43 - - [06/May/2022:05:09:49 +0200] "GET /index.html HTTP/1.1" 200 9360 "-" "Mozilla/5.0 (Windows NT 10.0; Win64; x64) AppleWebKit/537.36 (KHTML, like Gecko) Chrome/91.0.4472.114 Safari/537.36 Edg/91.0.864.54"
193.124.188.83 - - [06/May/2022:05:30:11 +0200] "HEAD / HTTP/1.1" 200 - "https://secret-office.ru/catalog/papki_i_arkhivnye_sistemy/" "Mozilla/3.0 (compatible; MSIE2.00; Windows 2007)"
193.124.191.92 - - [06/May/2022:05:30:11 +0200] "HEAD / HTTP/1.1" 200 - "https://pozdravlyalki.club/imennye-otkrytki-s-dnem-rozhdeniya/" "Mozilla/5.0 (compatible; MSIE3.00; Windows 2002)"
94.142.141.230 - - [06/May/2022:05:30:11 +0200] "HEAD / HTTP/1.1" 200 - "https://vapp.group/catalog/gas-nail-gun-nailer" "Mozilla/5.0 (compatible; MSIE2.00; Windows 2009)"
46.4.83.150 - - [06/May/2022:05:38:44 +0200] "GET /sonderthemen/sk2000.pdf HTTP/1.1" 200 2925489 "-" "Mozilla/5.0 (Macintosh; Intel Mac OS X 10_15_6) AppleWebKit/605.1.15 (KHTML, like Gecko) Version/13.1.2 Safari/605.1.15"
65.21.206.44 - - [06/May/2022:05:56:55 +0200] "GET /diskussion.html HTTP/1.1" 404 2381 "-" "Mozilla/5.0 (Windows NT 10.0; Win64; x64) AppleWebKit/537.36 (KHTML, like Gecko) Chrome/91.0.4472.114 Safari/537.36 Edg/91.0.864.54"
42.236.10.125 - - [06/May/2022:06:01:10 +0200] "GET / HTTP/1.1" 200 9360 "http://baidu.com/" "Mozilla/5.0 (Linux; U; Android 8.0.0; zh-cn; Mi Note 2 Build/OPR1.170623.032) AppleWebKit/537.36 (KHTML, like Gecko) Version/4.0 Chrome/61.0.3163.128 Mobile Safari/537.36 XiaoMi/MiuiBrowser/10.1.1"
42.236.10.125 - - [06/May/2022:06:01:13 +0200] "GET /main.css HTTP/1.1" 200 1439 "http://www.morusverlag.de/" "Mozilla/5.0 (Linux; U; Android 8.0.0; zh-cn; Mi Note 2 Build/OPR1.170623.032) AppleWebKit/537.36 (KHTML, like Gecko) Version/4.0 Chrome/61.0.3163.128 Mobile Safari/537.36 XiaoMi/MiuiBrowser/10.1.1"
42.236.10.125 - - [06/May/2022:06:01:14 +0200] "GET /logo_g.gif HTTP/1.1" 200 1301 "http://www.morusverlag.de/" "Mozilla/5.0 (Linux; U; Android 8.0.0; zh-cn; Mi Note 2 Build/OPR1.170623.032) AppleWebKit/537.36 (KHTML, like Gecko) Version/4.0 Chrome/61.0.3163.128 Mobile Safari/537.36 XiaoMi/MiuiBrowser/10.1.1"
42.236.10.117 - - [06/May/2022:06:01:14 +0200] "GET /mv_gr_w.gif HTTP/1.1" 200 2005 "http://www.morusverlag.de/" "Mozilla/5.0 (Linux; U; Android 8.0.0; zh-cn; Mi Note 2 Build/OPR1.170623.032) AppleWebKit/537.36 (KHTML, like Gecko) Version/4.0 Chrome/61.0.3163.128 Mobile Safari/537.36 XiaoMi/MiuiBrowser/10.1.1"
42.236.10.117 - - [06/May/2022:06:01:14 +0200] "GET /pf.gif HTTP/1.1" 200 62 "http://www.morusverlag.de/" "Mozilla/5.0 (Linux; U; Android 8.0.0; zh-cn; Mi Note 2 Build/OPR1.170623.032) AppleWebKit/537.36 (KHTML, like Gecko) Version/4.0 Chrome/61.0.3163.128 Mobile Safari/537.36 XiaoMi/MiuiBrowser/10.1.1"
42.236.10.125 - - [06/May/2022:06:01:14 +0200] "GET /jahrbuch_k.jpg HTTP/1.1" 200 3719 "http://www.morusverlag.de/" "Mozilla/5.0 (Linux; U; Android 8.0.0; zh-cn; Mi Note 2 Build/OPR1.170623.032) AppleWebKit/537.36 (KHTML, like Gecko) Version/4.0 Chrome/61.0.3163.128 Mobile Safari/537.36 XiaoMi/MiuiBrowser/10.1.1"
42.236.10.106 - - [06/May/2022:06:01:14 +0200] "GET /mv_g.gif HTTP/1.1" 200 4070 "http://www.morusverlag.de/" "Mozilla/5.0 (Linux; U; Android 8.0.0; zh-cn; Mi Note 2 Build/OPR1.170623.032) AppleWebKit/537.36 (KHTML, like Gecko) Version/4.0 Chrome/61.0.3163.128 Mobile Safari/537.36 XiaoMi/MiuiBrowser/10.1.1"
42.236.10.125 - - [06/May/2022:06:01:15 +0200] "GET /gotteslob.jpg HTTP/1.1" 200 9390 "http://www.morusverlag.de/" "Mozilla/5.0 (Linux; U; Android 8.0.0; zh-cn; Mi Note 2 Build/OPR1.170623.032) AppleWebKit/537.36 (KHTML, like Gecko) Version/4.0 Chrome/61.0.3163.128 Mobile Safari/537.36 XiaoMi/MiuiBrowser/10.1.1"
42.236.10.117 - - [06/May/2022:06:01:15 +0200] "GET /cds/rosarium_k.jpg HTTP/1.1" 200 3972 "http://www.morusverlag.de/" "Mozilla/5.0 (Linux; U; Android 8.0.0; zh-cn; Mi Note 2 Build/OPR1.170623.032) AppleWebKit/537.36 (KHTML, like Gecko) Version/4.0 Chrome/61.0.3163.128 Mobile Safari/537.36 XiaoMi/MiuiBrowser/10.1.1"
42.236.10.125 - - [06/May/2022:06:01:15 +0200] "GET /strich.gif HTTP/1.1" 200 45 "http://www.morusverlag.de/" "Mozilla/5.0 (Linux; U; Android 8.0.0; zh-cn; Mi Note 2 Build/OPR1.170623.032) AppleWebKit/537.36 (KHTML, like Gecko) Version/4.0 Chrome/61.0.3163.128 Mobile Safari/537.36 XiaoMi/MiuiBrowser/10.1.1"
42.236.10.125 - - [06/May/2022:06:01:15 +0200] "GET /buecher/engel.jpg HTTP/1.1" 200 5414 "http://www.morusverlag.de/" "Mozilla/5.0 (Linux; U; Android 8.0.0; zh-cn; Mi Note 2 Build/OPR1.170623.032) AppleWebKit/537.36 (KHTML, like Gecko) Version/4.0 Chrome/61.0.3163.128 Mobile Safari/537.36 XiaoMi/MiuiBrowser/10.1.1"
42.236.10.106 - - [06/May/2022:06:01:15 +0200] "GET /buecher/chateaubriand.jpg HTTP/1.1" 200 2272 "http://www.morusverlag.de/" "Mozilla/5.0 (Linux; U; Android 8.0.0; zh-cn; Mi Note 2 Build/OPR1.170623.032) AppleWebKit/537.36 (KHTML, like Gecko) Version/4.0 Chrome/61.0.3163.128 Mobile Safari/537.36 XiaoMi/MiuiBrowser/10.1.1"
42.236.10.117 - - [06/May/2022:06:01:16 +0200] "GET /buecher/gesichter.jpg HTTP/1.1" 200 7271 "http://www.morusverlag.de/" "Mozilla/5.0 (Linux; U; Android 8.0.0; zh-cn; Mi Note 2 Build/OPR1.170623.032) AppleWebKit/537.36 (KHTML, like Gecko) Version/4.0 Chrome/61.0.3163.128 Mobile Safari/537.36 XiaoMi/MiuiBrowser/10.1.1"
42.236.10.117 - - [06/May/2022:06:01:18 +0200] "GET /cds/ignatius_k.jpg HTTP/1.1" 200 3965 "http://www.morusverlag.de/" "Mozilla/5.0 (Linux; U; Android 8.0.0; zh-cn; Mi Note 2 Build/OPR1.170623.032) AppleWebKit/537.36 (KHTML, like Gecko) Version/4.0 Chrome/61.0.3163.128 Mobile Safari/537.36 XiaoMi/MiuiBrowser/10.1.1"
42.236.10.117 - - [06/May/2022:06:01:20 +0200] "GET /cds/hymnos_k.jpg HTTP/1.1" 200 4986 "http://www.morusverlag.de/" "Mozilla/5.0 (Linux; U; Android 8.0.0; zh-cn; Mi Note 2 Build/OPR1.170623.032) AppleWebKit/537.36 (KHTML, like Gecko) Version/4.0 Chrome/61.0.3163.128 Mobile Safari/537.36 XiaoMi/MiuiBrowser/10.1.1"
42.236.10.117 - - [06/May/2022:06:01:22 +0200] "GET /cds/astazi_k.jpg HTTP/1.1" 200 6049 "http://www.morusverlag.de/" "Mozilla/5.0 (Linux; U; Android 8.0.0; zh-cn; Mi Note 2 Build/OPR1.170623.032) AppleWebKit/537.36 (KHTML, like Gecko) Version/4.0 Chrome/61.0.3163.128 Mobile Safari/537.36 XiaoMi/MiuiBrowser/10.1.1"
65.21.206.45 - - [06/May/2022:06:05:57 +0200] "GET /rezensionen.html HTTP/1.1" 404 2381 "-" "Mozilla/5.0 (Windows NT 10.0; Win64; x64) AppleWebKit/537.36 (KHTML, like Gecko) Chrome/91.0.4472.114 Safari/537.36 Edg/91.0.864.54"
54.36.149.67 - - [06/May/2022:06:23:48 +0200] "GET / HTTP/1.1" 200 9360 "-" "Mozilla/5.0 (compatible; AhrefsBot/7.0; +http://ahrefs.com/robot/)"
54.36.148.11 - - [06/May/2022:06:23:49 +0200] "GET /mv_gr_w.gif HTTP/1.1" 200 2005 "-" "Mozilla/5.0 (compatible; AhrefsBot/7.0; +http://ahrefs.com/robot/)"
54.36.149.8 - - [06/May/2022:06:23:50 +0200] "GET /buecher/engel.jpg HTTP/1.1" 200 5414 "-" "Mozilla/5.0 (compatible; AhrefsBot/7.0; +http://ahrefs.com/robot/)"
54.36.149.52 - - [06/May/2022:06:23:50 +0200] "GET /cds/hymnos_k.jpg HTTP/1.1" 200 4986 "-" "Mozilla/5.0 (compatible; AhrefsBot/7.0; +http://ahrefs.com/robot/)"
54.36.148.77 - - [06/May/2022:06:23:51 +0200] "GET /jahrbuch_k.jpg HTTP/1.1" 200 3719 "-" "Mozilla/5.0 (compatible; AhrefsBot/7.0; +http://ahrefs.com/robot/)"
54.36.148.70 - - [06/May/2022:06:23:51 +0200] "GET /cds/rosarium_k.jpg HTTP/1.1" 200 3972 "-" "Mozilla/5.0 (compatible; AhrefsBot/7.0; +http://ahrefs.com/robot/)"
54.36.148.116 - - [06/May/2022:06:23:51 +0200] "GET /buecher/chateaubriand.jpg HTTP/1.1" 200 2272 "-" "Mozilla/5.0 (compatible; AhrefsBot/7.0; +http://ahrefs.com/robot/)"
54.36.148.3 - - [06/May/2022:06:23:52 +0200] "GET /cds/ignatius_k.jpg HTTP/1.1" 200 3965 "-" "Mozilla/5.0 (compatible; AhrefsBot/7.0; +http://ahrefs.com/robot/)"
54.36.148.178 - - [06/May/2022:06:23:52 +0200] "GET /buch_k.jpg HTTP/1.1" 200 4591 "-" "Mozilla/5.0 (compatible; AhrefsBot/7.0; +http://ahrefs.com/robot/)"
54.36.148.181 - - [06/May/2022:06:23:53 +0200] "GET /gotteslob.jpg HTTP/1.1" 200 9390 "-" "Mozilla/5.0 (compatible; AhrefsBot/7.0; +http://ahrefs.com/robot/)"
54.36.148.87 - - [06/May/2022:06:23:53 +0200] "GET /cds/astazi_k.jpg HTTP/1.1" 200 6049 "-" "Mozilla/5.0 (compatible; AhrefsBot/7.0; +http://ahrefs.com/robot/)"
65.21.206.46 - - [06/May/2022:06:38:41 +0200] "GET /cds/index.html HTTP/1.1" 200 7987 "-" "Mozilla/5.0 (Windows NT 10.0; Win64; x64) AppleWebKit/537.36 (KHTML, like Gecko) Chrome/91.0.4472.114 Safari/537.36 Edg/91.0.864.54"
144.76.162.206 - - [06/May/2022:06:43:10 +0200] "GET /sonderthemen/oekz2003.pdf HTTP/1.1" 200 4017017 "-" "Mozilla/5.0 (Windows NT 10.0; Win64; x64) AppleWebKit/537.36 (KHTML, like Gecko) Chrome/86.0.4240.198 Safari/537.36 Edg/86.0.622.69"
65.21.206.44 - - [06/May/2022:07:28:48 +0200] "GET /cds/ignatius.html HTTP/1.1" 200 6576 "-" "Mozilla/5.0 (Windows NT 10.0; Win64; x64) AppleWebKit/537.36 (KHTML, like Gecko) Chrome/91.0.4472.114 Safari/537.36 Edg/91.0.864.54"
65.21.206.44 - - [06/May/2022:07:37:16 +0200] "GET /glockenspiel1.html HTTP/1.1" 404 2381 "-" "Mozilla/5.0 (Windows NT 10.0; Win64; x64) AppleWebKit/537.36 (KHTML, like Gecko) Chrome/91.0.4472.114 Safari/537.36 Edg/91.0.864.54"
65.21.206.46 - - [06/May/2022:07:38:06 +0200] "GET /titelseiten/index.html HTTP/1.1" 404 2381 "-" "Mozilla/5.0 (Windows NT 10.0; Win64; x64) AppleWebKit/537.36 (KHTML, like Gecko) Chrome/91.0.4472.114 Safari/537.36 Edg/91.0.864.54"
66.249.64.84 - - [06/May/2022:07:52:50 +0200] "GET /buecher/rezensionen_le_saulchoir.html HTTP/1.1" 304 - "-" "Mozilla/5.0 (Linux; Android 6.0.1; Nexus 5X Build/MMB29P) AppleWebKit/537.36 (KHTML, like Gecko) Chrome/100.0.4896.127 Mobile Safari/537.36 (compatible; Googlebot/2.1; +http://www.google.com/bot.html)"
85.25.177.187 - - [06/May/2022:07:55:01 +0200] "GET /robots.txt HTTP/1.1" 304 - "-" "Mozilla/5.0 (X11; Linux x86_64; rv:81.0) Gecko/20100101 Firefox/81.0"
85.25.177.187 - - [06/May/2022:07:55:01 +0200] "GET / HTTP/1.1" 200 9360 "-" "Mozilla/5.0 (X11; Linux x86_64; rv:81.0) Gecko/20100101 Firefox/81.0"
85.25.177.187 - - [06/May/2022:08:15:19 +0200] "GET /robots.txt HTTP/1.1" 200 100 "-" "Mozilla/5.0 (X11; Linux x86_64; rv:81.0) Gecko/20100101 Firefox/81.0"
85.25.177.187 - - [06/May/2022:08:15:19 +0200] "GET /buecher/index.html HTTP/1.1" 200 25885 "-" "Mozilla/5.0 (X11; Linux x86_64; rv:81.0) Gecko/20100101 Firefox/81.0"
85.25.177.187 - - [06/May/2022:08:17:57 +0200] "GET /cds/index.html HTTP/1.1" 200 7987 "-" "Mozilla/5.0 (X11; Linux x86_64; rv:81.0) Gecko/20100101 Firefox/81.0"
65.21.206.46 - - [06/May/2022:08:18:20 +0200] "GET /presse.html HTTP/1.1" 404 2381 "-" "Mozilla/5.0 (Windows NT 10.0; Win64; x64) AppleWebKit/537.36 (KHTML, like Gecko) Chrome/91.0.4472.114 Safari/537.36 Edg/91.0.864.54"
85.25.177.187 - - [06/May/2022:08:21:22 +0200] "GET /gotteslob/index.html HTTP/1.1" 200 2770 "-" "Mozilla/5.0 (X11; Linux x86_64; rv:81.0) Gecko/20100101 Firefox/81.0"
85.25.185.196 - - [06/May/2022:08:21:31 +0200] "GET /gotteslob/gotteslob_alle.jpg HTTP/1.1" 200 24560 "-" "Mozilla/5.0 (compatible; adscanner/)/1.0 (Mozilla/5.0 (compatible; seoscanners.net/1.0; +spider@seoscanners.net); http://seoscanners.net; spider@seoscanners.net)"
85.25.177.187 - - [06/May/2022:08:25:32 +0200] "GET /jahrbuch/index.html HTTP/1.1" 200 3956 "-" "Mozilla/5.0 (X11; Linux x86_64; rv:81.0) Gecko/20100101 Firefox/81.0"
65.21.206.44 - - [06/May/2022:08:26:44 +0200] "GET /glockenspiel2.html HTTP/1.1" 404 2381 "-" "Mozilla/5.0 (Windows NT 10.0; Win64; x64) AppleWebKit/537.36 (KHTML, like Gecko) Chrome/91.0.4472.114 Safari/537.36 Edg/91.0.864.54"
66.249.64.82 - - [06/May/2022:08:28:09 +0200] "GET /sonderthemen/oekt_extra3.pdf HTTP/1.1" 304 - "-" "Mozilla/5.0 (Linux; Android 6.0.1; Nexus 5X Build/MMB29P) AppleWebKit/537.36 (KHTML, like Gecko) Chrome/100.0.4896.127 Mobile Safari/537.36 (compatible; Googlebot/2.1; +http://www.google.com/bot.html)"
85.25.177.187 - - [06/May/2022:08:29:46 +0200] "GET /cds/ignatius.html HTTP/1.1" 200 6576 "-" "Mozilla/5.0 (X11; Linux x86_64; rv:81.0) Gecko/20100101 Firefox/81.0"
85.25.177.187 - - [06/May/2022:08:33:16 +0200] "GET /sonderthemen/index.html HTTP/1.1" 200 7102 "-" "Mozilla/5.0 (X11; Linux x86_64; rv:81.0) Gecko/20100101 Firefox/81.0"
85.25.177.187 - - [06/May/2022:08:41:53 +0200] "GET /cds/hymnos_akathistos.html HTTP/1.1" 200 11061 "-" "Mozilla/5.0 (X11; Linux x86_64; rv:81.0) Gecko/20100101 Firefox/81.0"
85.25.177.187 - - [06/May/2022:08:48:36 +0200] "GET /kontakt/index.html HTTP/1.1" 200 2896 "-" "Mozilla/5.0 (X11; Linux x86_64; rv:81.0) Gecko/20100101 Firefox/81.0"
85.25.177.187 - - [06/May/2022:08:56:34 +0200] "GET /impressum.html HTTP/1.1" 200 2808 "-" "Mozilla/5.0 (X11; Linux x86_64; rv:81.0) Gecko/20100101 Firefox/81.0"
85.25.177.187 - - [06/May/2022:08:57:40 +0200] "GET /buecher/veroeffentlichungsliste.html HTTP/1.1" 200 129779 "-" "Mozilla/5.0 (X11; Linux x86_64; rv:81.0) Gecko/20100101 Firefox/81.0"
85.25.177.187 - - [06/May/2022:09:04:47 +0200] "GET /buecher/rezensionen_chateaubriand.html HTTP/1.1" 200 47317 "-" "Mozilla/5.0 (X11; Linux x86_64; rv:81.0) Gecko/20100101 Firefox/81.0"
85.25.177.187 - - [06/May/2022:09:05:13 +0200] "GET /sonderthemen/sk2004_s01.pdf HTTP/1.1" 200 162742 "-" "Mozilla/5.0 (X11; Linux x86_64; rv:81.0) Gecko/20100101 Firefox/81.0"
66.249.64.83 - - [06/May/2022:09:13:09 +0200] "GET /buecher/rezensionen_krise_zum_heil.html HTTP/1.1" 304 - "-" "Mozilla/5.0 (Linux; Android 6.0.1; Nexus 5X Build/MMB29P) AppleWebKit/537.36 (KHTML, like Gecko) Chrome/100.0.4896.127 Mobile Safari/537.36 (compatible; Googlebot/2.1; +http://www.google.com/bot.html)"
85.25.177.187 - - [06/May/2022:09:13:11 +0200] "GET /sonderthemen/oekt_extra2.pdf HTTP/1.1" 200 1939949 "-" "Mozilla/5.0 (X11; Linux x86_64; rv:81.0) Gecko/20100101 Firefox/81.0"
85.25.177.187 - - [06/May/2022:09:14:55 +0200] "GET /sonderthemen/presse.html HTTP/1.1" 200 5772 "-" "Mozilla/5.0 (X11; Linux x86_64; rv:81.0) Gecko/20100101 Firefox/81.0"
85.25.177.187 - - [06/May/2022:09:19:21 +0200] "GET /sonderthemen/oekt_extra3.pdf HTTP/1.1" 200 2109745 "-" "Mozilla/5.0 (X11; Linux x86_64; rv:81.0) Gecko/20100101 Firefox/81.0"
85.25.177.187 - - [06/May/2022:09:19:42 +0200] "GET /cds/rosarium.html HTTP/1.1" 200 6680 "-" "Mozilla/5.0 (X11; Linux x86_64; rv:81.0) Gecko/20100101 Firefox/81.0"
85.25.177.187 - - [06/May/2022:09:27:01 +0200] "GET /sonderthemen/az2003_s01.pdf HTTP/1.1" 200 120642 "-" "Mozilla/5.0 (X11; Linux x86_64; rv:81.0) Gecko/20100101 Firefox/81.0"
85.25.177.187 - - [06/May/2022:09:28:38 +0200] "GET /sonderthemen/oekt_extra1.pdf HTTP/1.1" 200 1849015 "-" "Mozilla/5.0 (X11; Linux x86_64; rv:81.0) Gecko/20100101 Firefox/81.0"
85.25.177.187 - - [06/May/2022:09:34:27 +0200] "GET /jahrbuch/bestellung.php HTTP/1.1" 200 10316 "-" "Mozilla/5.0 (X11; Linux x86_64; rv:81.0) Gecko/20100101 Firefox/81.0"
85.25.177.187 - - [06/May/2022:09:34:49 +0200] "GET /sonderthemen/oekz2003_s01.pdf HTTP/1.1" 200 66807 "-" "Mozilla/5.0 (X11; Linux x86_64; rv:81.0) Gecko/20100101 Firefox/81.0"
85.25.177.187 - - [06/May/2022:09:40:07 +0200] "GET /sonderthemen/oekz2003.pdf HTTP/1.1" 200 4017017 "-" "Mozilla/5.0 (X11; Linux x86_64; rv:81.0) Gecko/20100101 Firefox/81.0"
85.25.177.187 - - [06/May/2022:09:40:33 +0200] "GET /jahrbuch/titelseiten/index.html HTTP/1.1" 200 6735 "-" "Mozilla/5.0 (X11; Linux x86_64; rv:81.0) Gecko/20100101 Firefox/81.0"
199.58.86.209 - - [06/May/2022:09:40:36 +0200] "GET /robots.txt HTTP/1.1" 200 100 "-" "Mozilla/5.0 (compatible; MJ12bot/v1.4.8; http://mj12bot.com/)"
199.58.86.209 - - [06/May/2022:09:40:38 +0200] "GET / HTTP/1.1" 200 9360 "-" "Mozilla/5.0 (compatible; MJ12bot/v1.4.8; http://mj12bot.com/)"
85.25.210.23 - - [06/May/2022:09:41:37 +0200] "GET /jahrbuch/titelseiten/1994.jpg HTTP/1.1" 200 12562 "-" "Mozilla/5.0 (compatible; adscanner/)/1.0 (Mozilla/5.0 (compatible; seoscanners.net/1.0; +spider@seoscanners.net); http://seoscanners.net; spider@seoscanners.net)"
85.25.177.187 - - [06/May/2022:09:41:59 +0200] "GET /sonderthemen/sk2004.pdf HTTP/1.1" 200 1967215 "-" "Mozilla/5.0 (X11; Linux x86_64; rv:81.0) Gecko/20100101 Firefox/81.0"
85.25.177.187 - - [06/May/2022:09:46:43 +0200] "GET /sonderthemen/az2003.pdf HTTP/1.1" 200 4864675 "-" "Mozilla/5.0 (X11; Linux x86_64; rv:81.0) Gecko/20100101 Firefox/81.0"
85.25.177.187 - - [06/May/2022:09:51:12 +0200] "GET /buecher/rezensionen_ignatius.html HTTP/1.1" 200 8182 "-" "Mozilla/5.0 (X11; Linux x86_64; rv:81.0) Gecko/20100101 Firefox/81.0"
85.25.177.187 - - [06/May/2022:09:55:46 +0200] "GET /buecher/rezensionen_psalmen.html HTTP/1.1" 200 6787 "-" "Mozilla/5.0 (X11; Linux x86_64; rv:81.0) Gecko/20100101 Firefox/81.0"
85.25.177.187 - - [06/May/2022:09:56:11 +0200] "GET /buecher/rezensionen_krise_zum_heil.html HTTP/1.1" 200 9828 "-" "Mozilla/5.0 (X11; Linux x86_64; rv:81.0) Gecko/20100101 Firefox/81.0"
85.25.177.187 - - [06/May/2022:10:01:03 +0200] "GET /buecher/rezensionen_le_saulchoir.html HTTP/1.1" 200 34009 "-" "Mozilla/5.0 (X11; Linux x86_64; rv:81.0) Gecko/20100101 Firefox/81.0"
65.21.206.42 - - [06/May/2022:10:01:20 +0200] "GET /buecher/index.html HTTP/1.1" 200 25885 "-" "Mozilla/5.0 (Windows NT 10.0; Win64; x64) AppleWebKit/537.36 (KHTML, like Gecko) Chrome/91.0.4472.114 Safari/537.36 Edg/91.0.864.54"
85.25.177.187 - - [06/May/2022:10:06:06 +0200] "GET /buecher/rezensionen_preysing.html HTTP/1.1" 200 9502 "-" "Mozilla/5.0 (X11; Linux x86_64; rv:81.0) Gecko/20100101 Firefox/81.0"
85.25.177.187 - - [06/May/2022:10:10:35 +0200] "GET /buecher/rezensionen_engel.html HTTP/1.1" 200 6598 "-" "Mozilla/5.0 (X11; Linux x86_64; rv:81.0) Gecko/20100101 Firefox/81.0"
85.25.177.187 - - [06/May/2022:10:14:40 +0200] "GET /buecher/rezension_gesichter_u_geschichten.pdf HTTP/1.1" 200 223287 "-" "Mozilla/5.0 (X11; Linux x86_64; rv:81.0) Gecko/20100101 Firefox/81.0"
85.25.177.187 - - [06/May/2022:10:18:51 +0200] "GET /index.html HTTP/1.1" 200 9360 "-" "Mozilla/5.0 (X11; Linux x86_64; rv:81.0) Gecko/20100101 Firefox/81.0"
85.25.177.187 - - [06/May/2022:10:19:17 +0200] "GET /cds/index.html HTTP/1.1" 200 7987 "-" "Mozilla/5.0 (X11; Linux x86_64; rv:81.0) Gecko/20100101 Firefox/81.0"
85.25.177.219 - - [06/May/2022:10:19:37 +0200] "GET /cds/glockenspiel1_k.jpg HTTP/1.1" 200 5641 "-" "Mozilla/5.0 (compatible; adscanner/)/1.0 (Mozilla/5.0 (compatible; seoscanners.net/1.0; +spider@seoscanners.net); http://seoscanners.net; spider@seoscanners.net)"
85.25.177.187 - - [06/May/2022:10:23:25 +0200] "GET /buecher/rezensionen_leiblichkeit_und_zeitlichkeit.html HTTP/1.1" 200 8821 "-" "Mozilla/5.0 (X11; Linux x86_64; rv:81.0) Gecko/20100101 Firefox/81.0"
85.25.177.187 - - [06/May/2022:10:27:33 +0200] "GET /buecher/rezensionen_nicht_auf_sand_gebaut.html HTTP/1.1" 200 6594 "-" "Mozilla/5.0 (X11; Linux x86_64; rv:81.0) Gecko/20100101 Firefox/81.0"
85.25.177.187 - - [06/May/2022:10:28:50 +0200] "GET /buecher/bestellung.php HTTP/1.1" 200 10142 "-" "Mozilla/5.0 (X11; Linux x86_64; rv:81.0) Gecko/20100101 Firefox/81.0"
85.25.177.187 - - [06/May/2022:10:32:39 +0200] "GET /buecher/diskussion.html HTTP/1.1" 200 9925 "-" "Mozilla/5.0 (X11; Linux x86_64; rv:81.0) Gecko/20100101 Firefox/81.0"
65.21.206.42 - - [06/May/2022:10:36:37 +0200] "GET /rezensionen_chateaubriand.html HTTP/1.1" 404 2381 "-" "Mozilla/5.0 (Windows NT 10.0; Win64; x64) AppleWebKit/537.36 (KHTML, like Gecko) Chrome/91.0.4472.114 Safari/537.36 Edg/91.0.864.54"
85.25.177.187 - - [06/May/2022:10:37:05 +0200] "GET / HTTP/1.1" 200 9360 "-" "Mozilla/5.0 (X11; Linux x86_64; rv:81.0) Gecko/20100101 Firefox/81.0"
85.25.177.187 - - [06/May/2022:10:37:27 +0200] "GET /buecher/rezensionen.html HTTP/1.1" 200 6964 "-" "Mozilla/5.0 (X11; Linux x86_64; rv:81.0) Gecko/20100101 Firefox/81.0"
216.244.66.237 - - [06/May/2022:10:37:56 +0200] "GET /robots.txt HTTP/1.1" 200 100 "-" "Mozilla/5.0 (compatible; DotBot/1.2; +https://opensiteexplorer.org/dotbot; help@moz.com)"
85.25.177.187 - - [06/May/2022:10:44:10 +0200] "GET /cds/glockenspiel1.html HTTP/1.1" 200 9736 "-" "Mozilla/5.0 (X11; Linux x86_64; rv:81.0) Gecko/20100101 Firefox/81.0"
216.244.66.237 - - [06/May/2022:10:44:36 +0200] "GET /sonderthemen/sk2004.pdf HTTP/1.1" 200 1967215 "-" "Mozilla/5.0 (compatible; DotBot/1.2; +https://opensiteexplorer.org/dotbot; help@moz.com)"
85.25.177.187 - - [06/May/2022:10:44:58 +0200] "GET /cds/astazi.html HTTP/1.1" 200 8453 "-" "Mozilla/5.0 (X11; Linux x86_64; rv:81.0) Gecko/20100101 Firefox/81.0"
85.25.177.187 - - [06/May/2022:10:48:43 +0200] "GET /cds/glockenspiel2.html HTTP/1.1" 200 9831 "-" "Mozilla/5.0 (X11; Linux x86_64; rv:81.0) Gecko/20100101 Firefox/81.0"
85.25.177.187 - - [06/May/2022:10:52:06 +0200] "GET /cds/lumina.html HTTP/1.1" 200 9000 "-" "Mozilla/5.0 (X11; Linux x86_64; rv:81.0) Gecko/20100101 Firefox/81.0"
85.25.177.187 - - [06/May/2022:10:52:19 +0200] "GET /cds/lumina.jpg HTTP/1.1" 200 31150 "-" "Mozilla/5.0 (compatible; adscanner/)/1.0 (Mozilla/5.0 (compatible; seoscanners.net/1.0; +spider@seoscanners.net); http://seoscanners.net; spider@seoscanners.net)"
85.25.177.187 - - [06/May/2022:10:57:07 +0200] "GET /buecher/rezensionen_ungeteilt.html HTTP/1.1" 200 9764 "-" "Mozilla/5.0 (X11; Linux x86_64; rv:81.0) Gecko/20100101 Firefox/81.0"
93.158.161.33 - - [06/May/2022:11:15:10 +0200] "GET /robots.txt HTTP/1.1" 200 100 "-" "Mozilla/5.0 (compatible; YandexBot/3.0; +http://yandex.com/bots)"
93.158.161.33 - - [06/May/2022:11:15:14 +0200] "GET /sonderthemen/akademieprogramm/03/pro_zei_03_s15.pdf HTTP/1.1" 404 2381 "-" "Mozilla/5.0 (compatible; YandexBot/3.0; +http://yandex.com/bots)"
88.198.90.9 - - [06/May/2022:11:27:54 +0200] "GET /sonderthemen/oekz2003.pdf HTTP/1.1" 200 4017017 "-" "Mozilla/5.0 (Macintosh; Intel Mac OS X 10_15_6) AppleWebKit/605.1.15 (KHTML, like Gecko) Version/14.0 Safari/605.1.15"
65.21.206.45 - - [06/May/2022:11:31:48 +0200] "GET /rezensionen_engel.html HTTP/1.1" 404 2381 "-" "Mozilla/5.0 (Windows NT 10.0; Win64; x64) AppleWebKit/537.36 (KHTML, like Gecko) Chrome/91.0.4472.114 Safari/537.36 Edg/91.0.864.54"
85.25.177.187 - - [06/May/2022:11:32:12 +0200] "GET /sonderthemen/oekt_extra1.pdf HTTP/1.1" 200 1849015 "-" "Mozilla/5.0 (X11; Linux x86_64; rv:81.0) Gecko/20100101 Firefox/81.0"
88.198.90.9 - - [06/May/2022:11:37:00 +0200] "GET /sonderthemen/sk2001.pdf HTTP/1.1" 200 3098589 "-" "Mozilla/5.0 (Macintosh; Intel Mac OS X 10_15_6) AppleWebKit/605.1.15 (KHTML, like Gecko) Version/14.0 Safari/605.1.15"
78.94.197.198 - - [06/May/2022:11:37:42 +0200] "GET /cds/hymnos_akathistos.html HTTP/1.1" 200 11061 "https://www.bing.com/" "Mozilla/5.0 (Windows NT 10.0; Win64; x64) AppleWebKit/537.36 (KHTML, like Gecko) Chrome/101.0.4951.41 Safari/537.36 Edg/101.0.1210.32"
78.94.197.198 - - [06/May/2022:11:37:42 +0200] "GET /main.css HTTP/1.1" 200 1439 "http://www.morusverlag.de/cds/hymnos_akathistos.html" "Mozilla/5.0 (Windows NT 10.0; Win64; x64) AppleWebKit/537.36 (KHTML, like Gecko) Chrome/101.0.4951.41 Safari/537.36 Edg/101.0.1210.32"
78.94.197.198 - - [06/May/2022:11:37:42 +0200] "GET /logo_g.gif HTTP/1.1" 200 1301 "http://www.morusverlag.de/cds/hymnos_akathistos.html" "Mozilla/5.0 (Windows NT 10.0; Win64; x64) AppleWebKit/537.36 (KHTML, like Gecko) Chrome/101.0.4951.41 Safari/537.36 Edg/101.0.1210.32"
78.94.197.198 - - [06/May/2022:11:37:42 +0200] "GET /m.gif HTTP/1.1" 200 95 "http://www.morusverlag.de/cds/hymnos_akathistos.html" "Mozilla/5.0 (Windows NT 10.0; Win64; x64) AppleWebKit/537.36 (KHTML, like Gecko) Chrome/101.0.4951.41 Safari/537.36 Edg/101.0.1210.32"
78.94.197.198 - - [06/May/2022:11:37:42 +0200] "GET /mv_g.gif HTTP/1.1" 200 4070 "http://www.morusverlag.de/cds/hymnos_akathistos.html" "Mozilla/5.0 (Windows NT 10.0; Win64; x64) AppleWebKit/537.36 (KHTML, like Gecko) Chrome/101.0.4951.41 Safari/537.36 Edg/101.0.1210.32"
78.94.197.198 - - [06/May/2022:11:37:42 +0200] "GET /strich.gif HTTP/1.1" 200 45 "http://www.morusverlag.de/cds/hymnos_akathistos.html" "Mozilla/5.0 (Windows NT 10.0; Win64; x64) AppleWebKit/537.36 (KHTML, like Gecko) Chrome/101.0.4951.41 Safari/537.36 Edg/101.0.1210.32"
78.94.197.198 - - [06/May/2022:11:37:42 +0200] "GET /cds/hymnos.jpg HTTP/1.1" 200 27752 "http://www.morusverlag.de/cds/hymnos_akathistos.html" "Mozilla/5.0 (Windows NT 10.0; Win64; x64) AppleWebKit/537.36 (KHTML, like Gecko) Chrome/101.0.4951.41 Safari/537.36 Edg/101.0.1210.32"
78.94.197.198 - - [06/May/2022:11:37:42 +0200] "GET /cds/hymnos_heft.jpg HTTP/1.1" 200 8653 "http://www.morusverlag.de/cds/hymnos_akathistos.html" "Mozilla/5.0 (Windows NT 10.0; Win64; x64) AppleWebKit/537.36 (KHTML, like Gecko) Chrome/101.0.4951.41 Safari/537.36 Edg/101.0.1210.32"
78.94.197.198 - - [06/May/2022:11:37:42 +0200] "GET /pf.gif HTTP/1.1" 200 62 "http://www.morusverlag.de/cds/hymnos_akathistos.html" "Mozilla/5.0 (Windows NT 10.0; Win64; x64) AppleWebKit/537.36 (KHTML, like Gecko) Chrome/101.0.4951.41 Safari/537.36 Edg/101.0.1210.32"
78.94.197.198 - - [06/May/2022:11:37:43 +0200] "GET /favicon.ico HTTP/1.1" 200 4286 "http://www.morusverlag.de/cds/hymnos_akathistos.html" "Mozilla/5.0 (Windows NT 10.0; Win64; x64) AppleWebKit/537.36 (KHTML, like Gecko) Chrome/101.0.4951.41 Safari/537.36 Edg/101.0.1210.32"
78.46.90.120 - - [06/May/2022:11:38:25 +0200] "GET /sonderthemen/sk2001.pdf HTTP/1.1" 200 3098589 "-" "Mozilla/5.0 (Macintosh; Intel Mac OS X 11_1_0) AppleWebKit/537.36 (KHTML, like Gecko) Chrome/87.0.4280.88 Safari/537.36"
85.25.177.187 - - [06/May/2022:11:45:18 +0200] "GET /sonderthemen/sk2004.pdf HTTP/1.1" 200 1967215 "-" "Mozilla/5.0 (X11; Linux x86_64; rv:81.0) Gecko/20100101 Firefox/81.0"
85.25.177.187 - - [06/May/2022:11:49:01 +0200] "GET /sonderthemen/az2003.pdf HTTP/1.1" 200 4864675 "-" "Mozilla/5.0 (X11; Linux x86_64; rv:81.0) Gecko/20100101 Firefox/81.0"
80.85.136.159 - - [06/May/2022:11:56:19 +0200] "HEAD / HTTP/1.1" 200 - "https://atlevel.ru/ininfo/repairnow" "Mozilla/8.0 (compatible; MSIE2.00; Windows 2005)"
193.3.168.17 - - [06/May/2022:11:56:19 +0200] "HEAD / HTTP/1.1" 200 - "https://atenjoy.ru/textinfos/biografiyanow" "Mozilla/7.0 (compatible; MSIE5.00; Windows 2005)"
80.85.136.157 - - [06/May/2022:11:56:20 +0200] "HEAD / HTTP/1.1" 200 - "https://atbliss.ru/topics/kompyutery-i-svyaz" "Mozilla/7.0 (compatible; MSIE6.00; Windows 2006)"
65.21.206.45 - - [06/May/2022:12:02:52 +0200] "GET /rosarium.html HTTP/1.1" 404 2381 "-" "Mozilla/5.0 (Windows NT 10.0; Win64; x64) AppleWebKit/537.36 (KHTML, like Gecko) Chrome/91.0.4472.114 Safari/537.36 Edg/91.0.864.54"
66.249.73.65 - - [06/May/2022:12:13:10 +0200] "GET /gotteslob/ HTTP/1.1" 304 - "-" "Mozilla/5.0 (Linux; Android 6.0.1; Nexus 5X Build/MMB29P) AppleWebKit/537.36 (KHTML, like Gecko) Chrome/100.0.4896.127 Mobile Safari/537.36 (compatible; Googlebot/2.1; +http://www.google.com/bot.html)"
65.21.206.42 - - [06/May/2022:12:14:41 +0200] "GET /rezensionen_le_saulchoir.html HTTP/1.1" 404 2381 "-" "Mozilla/5.0 (Windows NT 10.0; Win64; x64) AppleWebKit/537.36 (KHTML, like Gecko) Chrome/91.0.4472.114 Safari/537.36 Edg/91.0.864.54"
168.119.69.91 - - [06/May/2022:12:35:48 +0200] "GET /sonderthemen/az1999.pdf HTTP/1.1" 200 1842982 "-" "Mozilla/5.0 (X11; Linux x86_64) AppleWebKit/537.36 (KHTML, like Gecko) Chrome/87.0.4280.88 Safari/537.36"
88.198.90.9 - - [06/May/2022:12:37:42 +0200] "GET /sonderthemen/az1999.pdf HTTP/1.1" 200 1842982 "-" "Mozilla/5.0 (Windows NT 10.0; Win64; x64) AppleWebKit/537.36 (KHTML, like Gecko) Chrome/87.0.4280.67 Safari/537.36"
65.21.206.44 - - [06/May/2022:12:40:26 +0200] "GET /index.html HTTP/1.1" 200 9360 "-" "Mozilla/5.0 (Windows NT 10.0; Win64; x64) AppleWebKit/537.36 (KHTML, like Gecko) Chrome/91.0.4472.114 Safari/537.36 Edg/91.0.864.54"
168.119.11.187 - - [06/May/2022:12:41:25 +0200] "GET /sonderthemen/az1999.pdf HTTP/1.1" 200 1842982 "-" "Mozilla/5.0 (X11; Linux x86_64; rv:84.0) Gecko/20100101 Firefox/84.0"
168.119.69.91 - - [06/May/2022:12:41:41 +0200] "GET /sonderthemen/az1999.pdf HTTP/1.1" 200 1842982 "-" "Mozilla/5.0 (Macintosh; Intel Mac OS X 10_15_7) AppleWebKit/537.36 (KHTML, like Gecko) Chrome/87.0.4280.88 Safari/537.36"
168.119.69.91 - - [06/May/2022:12:53:14 +0200] "GET /sonderthemen/sk2004.pdf HTTP/1.1" 200 1967215 "-" "Mozilla/5.0 (Windows NT 10.0; Win64; x64; rv:83.0) Gecko/20100101 Firefox/83.0"
78.46.94.83 - - [06/May/2022:12:53:29 +0200] "GET /sonderthemen/sk2004.pdf HTTP/1.1" 200 1967215 "-" "Mozilla/5.0 (Macintosh; Intel Mac OS X 10_15_6) AppleWebKit/605.1.15 (KHTML, like Gecko) Version/14.0.1 Safari/605.1.15"
144.76.102.243 - - [06/May/2022:12:53:34 +0200] "GET /sonderthemen/sk2004.pdf HTTP/1.1" 200 1967215 "-" "Mozilla/5.0 (Macintosh; Intel Mac OS X 10_15_7) AppleWebKit/537.36 (KHTML, like Gecko) Chrome/87.0.4280.88 Safari/537.36"
157.55.39.115 - - [06/May/2022:13:07:38 +0200] "GET /robots.txt HTTP/1.1" 200 100 "-" "Mozilla/5.0 (compatible; bingbot/2.0; +http://www.bing.com/bingbot.htm)"
157.55.39.88 - - [06/May/2022:13:07:43 +0200] "GET / HTTP/1.1" 304 - "-" "Mozilla/5.0 (compatible; bingbot/2.0; +http://www.bing.com/bingbot.htm)"
65.21.206.43 - - [06/May/2022:13:07:49 +0200] "GET /lumina.html HTTP/1.1" 404 2381 "-" "Mozilla/5.0 (Windows NT 10.0; Win64; x64) AppleWebKit/537.36 (KHTML, like Gecko) Chrome/91.0.4472.114 Safari/537.36 Edg/91.0.864.54"
168.119.69.91 - - [06/May/2022:13:14:42 +0200] "GET /sonderthemen/sk2001.pdf HTTP/1.1" 200 3098589 "-" "Mozilla/5.0 (Windows NT 10.0; Win64; x64) AppleWebKit/537.36 (KHTML, like Gecko) Chrome/87.0.4280.101 Safari/537.36"
168.119.69.91 - - [06/May/2022:13:14:42 +0200] "GET /sonderthemen/az2003_s01.pdf HTTP/1.1" 200 120642 "-" "Mozilla/5.0 (Macintosh; Intel Mac OS X 10_15_6) AppleWebKit/537.36 (KHTML, like Gecko) Chrome/87.0.4280.67 Safari/537.36"
168.119.69.91 - - [06/May/2022:13:14:44 +0200] "GET /buecher/rezension_gesichter_u_geschichten.pdf HTTP/1.1" 200 223287 "-" "Mozilla/5.0 (Windows NT 10.0; Win64; x64) AppleWebKit/537.36 (KHTML, like Gecko) Chrome/86.0.4240.111 Safari/537.36"
178.63.51.106 - - [06/May/2022:13:14:49 +0200] "GET /buecher/rezensionen_psalmen.html HTTP/1.1" 200 6787 "-" "Mozilla/5.0 (Macintosh; Intel Mac OS X 10_13_6) AppleWebKit/537.36 (KHTML, like Gecko) Chrome/86.0.4240.198 Safari/537.36"
178.63.51.106 - - [06/May/2022:13:14:49 +0200] "GET /sonderthemen/az2003_s01.pdf HTTP/1.1" 200 120642 "-" "Mozilla/5.0 (Windows NT 10.0; Win64; x64; rv:78.0) Gecko/20100101 Firefox/78.0"
178.63.51.106 - - [06/May/2022:13:14:49 +0200] "GET /buecher/rezension_gesichter_u_geschichten.pdf HTTP/1.1" 200 223287 "-" "Mozilla/5.0 (Windows NT 10.0; Win64; x64) AppleWebKit/537.36 (KHTML, like Gecko) Chrome/86.0.4240.198 Safari/537.36"
178.63.51.106 - - [06/May/2022:13:14:49 +0200] "GET /sonderthemen/sk2001.pdf HTTP/1.1" 200 3098589 "-" "Mozilla/5.0 (Macintosh; Intel Mac OS X 10_15_7) AppleWebKit/605.1.15 (KHTML, like Gecko) Version/14.0 Safari/605.1.15"
178.63.51.106 - - [06/May/2022:13:14:49 +0200] "GET /sonderthemen/sk2002.pdf HTTP/1.1" 200 2628923 "-" "Mozilla/5.0 (Windows NT 10.0; Win64; x64) AppleWebKit/537.36 (KHTML, like Gecko) Chrome/86.0.4240.198 Safari/537.36 OPR/72.0.3815.400"
178.63.51.106 - - [06/May/2022:13:14:49 +0200] "GET /sonderthemen/az2003.pdf HTTP/1.1" 200 4864675 "-" "Mozilla/5.0 (Windows NT 10.0; rv:78.0) Gecko/20100101 Firefox/78.0"
144.76.102.243 - - [06/May/2022:13:15:53 +0200] "GET /sonderthemen/az2003_s01.pdf HTTP/1.1" 200 120642 "-" "Mozilla/5.0 (Windows NT 10.0; Win64; x64; rv:84.0) Gecko/20100101 Firefox/84.0"
78.46.90.120 - - [06/May/2022:13:19:46 +0200] "GET /sonderthemen/sk2002.pdf HTTP/1.1" 200 2628923 "-" "Mozilla/5.0 (X11; Ubuntu; Linux x86_64; rv:82.0) Gecko/20100101 Firefox/82.0"
194.67.207.94 - - [06/May/2022:13:21:23 +0200] "HEAD / HTTP/1.1" 200 - "https://zaserial.me/vestern/" "Mozilla/2.0 (compatible; MSIE3.00; Windows 2007)"
185.5.249.185 - - [06/May/2022:13:21:31 +0200] "HEAD / HTTP/1.1" 200 - "https://lfsezon.com/board/boevik/khanna_7/2-1-0-341" "Mozilla/7.0 (compatible; MSIE5.00; Windows 2008)"
78.47.92.11 - - [06/May/2022:13:25:01 +0200] "HEAD / HTTP/1.1" 200 - "-" "auskunftbot/1.0 (+https://www.auskunft.de)"
78.47.92.11 - - [06/May/2022:13:25:01 +0200] "GET /robots.txt HTTP/1.1" 200 100 "-" "auskunftbot/1.0 (+https://www.auskunft.de)"
78.47.92.11 - - [06/May/2022:13:25:01 +0200] "GET / HTTP/1.1" 200 9360 "-" "auskunftbot/1.0 (+https://www.auskunft.de)"
78.47.92.11 - - [06/May/2022:13:25:01 +0200] "GET /buecher/index.html HTTP/1.1" 200 25885 "-" "auskunftbot/1.0 (+https://www.auskunft.de)"
78.47.92.11 - - [06/May/2022:13:25:02 +0200] "GET /index.html HTTP/1.1" 200 9360 "-" "auskunftbot/1.0 (+https://www.auskunft.de)"
78.47.92.11 - - [06/May/2022:13:25:02 +0200] "GET /cds/index.html HTTP/1.1" 200 7987 "-" "auskunftbot/1.0 (+https://www.auskunft.de)"
78.47.92.11 - - [06/May/2022:13:25:02 +0200] "GET /gotteslob/index.html HTTP/1.1" 200 2770 "-" "auskunftbot/1.0 (+https://www.auskunft.de)"
78.47.92.11 - - [06/May/2022:13:25:02 +0200] "GET /jahrbuch/index.html HTTP/1.1" 200 3956 "-" "auskunftbot/1.0 (+https://www.auskunft.de)"
78.47.92.11 - - [06/May/2022:13:25:02 +0200] "GET /sonderthemen/index.html HTTP/1.1" 200 7102 "-" "auskunftbot/1.0 (+https://www.auskunft.de)"
78.47.92.11 - - [06/May/2022:13:25:02 +0200] "GET /kontakt/index.html HTTP/1.1" 200 2896 "-" "auskunftbot/1.0 (+https://www.auskunft.de)"
78.47.92.11 - - [06/May/2022:13:25:02 +0200] "GET /impressum.html HTTP/1.1" 200 2808 "-" "auskunftbot/1.0 (+https://www.auskunft.de)"
78.47.92.11 - - [06/May/2022:13:25:02 +0200] "GET /sonderthemen/archiv.html HTTP/1.1" 200 6959 "-" "auskunftbot/1.0 (+https://www.auskunft.de)"
78.47.92.11 - - [06/May/2022:13:25:02 +0200] "GET /sonderthemen/sk2004.pdf HTTP/1.1" 200 1967215 "-" "auskunftbot/1.0 (+https://www.auskunft.de)"
78.47.92.11 - - [06/May/2022:13:25:02 +0200] "GET /sonderthemen/oekz2003.pdf HTTP/1.1" 200 4017017 "-" "auskunftbot/1.0 (+https://www.auskunft.de)"
78.47.92.11 - - [06/May/2022:13:25:02 +0200] "GET /sonderthemen/sk2002.pdf HTTP/1.1" 200 2628923 "-" "auskunftbot/1.0 (+https://www.auskunft.de)"
78.47.92.11 - - [06/May/2022:13:25:03 +0200] "GET /sonderthemen/sk2001.pdf HTTP/1.1" 200 3098589 "-" "auskunftbot/1.0 (+https://www.auskunft.de)"
78.47.92.11 - - [06/May/2022:13:25:03 +0200] "GET /sonderthemen/sk2000.pdf HTTP/1.1" 200 2925489 "-" "auskunftbot/1.0 (+https://www.auskunft.de)"
78.47.92.11 - - [06/May/2022:13:25:04 +0200] "GET /sonderthemen/az2003.pdf HTTP/1.1" 200 4864675 "-" "auskunftbot/1.0 (+https://www.auskunft.de)"
78.47.92.11 - - [06/May/2022:13:25:04 +0200] "GET /sonderthemen/oeaz2002.pdf HTTP/1.1" 200 3161455 "-" "auskunftbot/1.0 (+https://www.auskunft.de)"
78.47.92.11 - - [06/May/2022:13:25:05 +0200] "GET /sonderthemen/oeaz2001.pdf HTTP/1.1" 200 4496626 "-" "auskunftbot/1.0 (+https://www.auskunft.de)"
78.47.92.11 - - [06/May/2022:13:25:06 +0200] "GET /sonderthemen/az2000.pdf HTTP/1.1" 200 2253581 "-" "auskunftbot/1.0 (+https://www.auskunft.de)"
78.47.92.11 - - [06/May/2022:13:25:07 +0200] "GET /sonderthemen/az1999.pdf HTTP/1.1" 200 1842982 "-" "auskunftbot/1.0 (+https://www.auskunft.de)"
78.47.92.11 - - [06/May/2022:13:25:07 +0200] "GET /sonderthemen/oekt_extra1.pdf HTTP/1.1" 200 1849015 "-" "auskunftbot/1.0 (+https://www.auskunft.de)"
78.47.92.11 - - [06/May/2022:13:25:07 +0200] "GET /sonderthemen/oekt_extra2.pdf HTTP/1.1" 200 1939949 "-" "auskunftbot/1.0 (+https://www.auskunft.de)"
78.47.92.11 - - [06/May/2022:13:25:07 +0200] "GET /sonderthemen/oekt_extra3.pdf HTTP/1.1" 200 2109745 "-" "auskunftbot/1.0 (+https://www.auskunft.de)"
78.47.92.11 - - [06/May/2022:13:25:08 +0200] "GET /sonderthemen/az2003_s01.pdf HTTP/1.1" 200 120642 "-" "auskunftbot/1.0 (+https://www.auskunft.de)"
78.47.92.11 - - [06/May/2022:13:25:08 +0200] "GET /sonderthemen/presse.html HTTP/1.1" 200 5772 "-" "auskunftbot/1.0 (+https://www.auskunft.de)"
78.47.92.11 - - [06/May/2022:13:25:08 +0200] "GET /sonderthemen/sk2004_s01.pdf HTTP/1.1" 200 162742 "-" "auskunftbot/1.0 (+https://www.auskunft.de)"
78.47.92.11 - - [06/May/2022:13:25:08 +0200] "GET /sonderthemen/oekz2003_s01.pdf HTTP/1.1" 200 66807 "-" "auskunftbot/1.0 (+https://www.auskunft.de)"
78.47.92.11 - - [06/May/2022:13:25:08 +0200] "GET /jahrbuch/titelseiten/index.html HTTP/1.1" 200 6735 "-" "auskunftbot/1.0 (+https://www.auskunft.de)"
78.47.92.11 - - [06/May/2022:13:25:08 +0200] "GET /jahrbuch/bestellung.php HTTP/1.1" 200 10316 "-" "auskunftbot/1.0 (+https://www.auskunft.de)"
78.47.92.11 - - [06/May/2022:13:25:09 +0200] "GET /buecher/veroeffentlichungsliste.html HTTP/1.1" 200 129779 "-" "auskunftbot/1.0 (+https://www.auskunft.de)"
78.47.92.11 - - [06/May/2022:13:25:09 +0200] "GET /cds/ignatius.html HTTP/1.1" 200 6576 "-" "auskunftbot/1.0 (+https://www.auskunft.de)"
78.47.92.11 - - [06/May/2022:13:25:09 +0200] "GET /buecher/rezensionen_ignatius.html HTTP/1.1" 200 8182 "-" "auskunftbot/1.0 (+https://www.auskunft.de)"
78.47.92.11 - - [06/May/2022:13:25:09 +0200] "GET /buecher/rezensionen.html HTTP/1.1" 200 6964 "-" "auskunftbot/1.0 (+https://www.auskunft.de)"
78.47.92.11 - - [06/May/2022:13:25:09 +0200] "GET /buecher/rezensionen_psalmen.html HTTP/1.1" 200 6787 "-" "auskunftbot/1.0 (+https://www.auskunft.de)"
78.47.92.11 - - [06/May/2022:13:25:09 +0200] "GET /buecher/rezensionen_engel.html HTTP/1.1" 200 6598 "-" "auskunftbot/1.0 (+https://www.auskunft.de)"
78.47.92.11 - - [06/May/2022:13:25:09 +0200] "GET /buecher/rezensionen_chateaubriand.html HTTP/1.1" 200 47317 "-" "auskunftbot/1.0 (+https://www.auskunft.de)"
78.47.92.11 - - [06/May/2022:13:25:09 +0200] "GET /buecher/rezensionen_krise_zum_heil.html HTTP/1.1" 200 9828 "-" "auskunftbot/1.0 (+https://www.auskunft.de)"
78.47.92.11 - - [06/May/2022:13:25:09 +0200] "GET /buecher/rezensionen_le_saulchoir.html HTTP/1.1" 200 34009 "-" "auskunftbot/1.0 (+https://www.auskunft.de)"
78.47.92.11 - - [06/May/2022:13:25:09 +0200] "GET /buecher/rezensionen_nicht_auf_sand_gebaut.html HTTP/1.1" 200 6594 "-" "auskunftbot/1.0 (+https://www.auskunft.de)"
78.47.92.11 - - [06/May/2022:13:25:09 +0200] "GET /buecher/rezensionen_leiblichkeit_und_zeitlichkeit.html HTTP/1.1" 200 8821 "-" "auskunftbot/1.0 (+https://www.auskunft.de)"
78.47.92.11 - - [06/May/2022:13:25:09 +0200] "GET /buecher/rezensionen_preysing.html HTTP/1.1" 200 9502 "-" "auskunftbot/1.0 (+https://www.auskunft.de)"
78.47.92.11 - - [06/May/2022:13:25:09 +0200] "GET /buecher/rezensionen_ungeteilt.html HTTP/1.1" 200 9764 "-" "auskunftbot/1.0 (+https://www.auskunft.de)"
78.47.92.11 - - [06/May/2022:13:25:09 +0200] "GET /cds/rosarium.html HTTP/1.1" 200 6680 "-" "auskunftbot/1.0 (+https://www.auskunft.de)"
78.47.92.11 - - [06/May/2022:13:25:09 +0200] "GET /cds/hymnos_akathistos.html HTTP/1.1" 200 11061 "-" "auskunftbot/1.0 (+https://www.auskunft.de)"
78.47.92.11 - - [06/May/2022:13:25:09 +0200] "GET /cds/glockenspiel1.html HTTP/1.1" 200 9736 "-" "auskunftbot/1.0 (+https://www.auskunft.de)"
78.47.92.11 - - [06/May/2022:13:25:09 +0200] "GET /cds/glockenspiel2.html HTTP/1.1" 200 9831 "-" "auskunftbot/1.0 (+https://www.auskunft.de)"
78.47.92.11 - - [06/May/2022:13:25:09 +0200] "GET /cds/lumina.html HTTP/1.1" 200 9000 "-" "auskunftbot/1.0 (+https://www.auskunft.de)"
78.47.92.11 - - [06/May/2022:13:25:09 +0200] "GET /cds/astazi.html HTTP/1.1" 200 8453 "-" "auskunftbot/1.0 (+https://www.auskunft.de)"
78.47.92.11 - - [06/May/2022:13:25:09 +0200] "GET /buecher/rezension_gesichter_u_geschichten.pdf HTTP/1.1" 200 223287 "-" "auskunftbot/1.0 (+https://www.auskunft.de)"
78.47.92.11 - - [06/May/2022:13:25:09 +0200] "GET /buecher/bestellung.php HTTP/1.1" 200 10142 "-" "auskunftbot/1.0 (+https://www.auskunft.de)"
78.47.92.11 - - [06/May/2022:13:25:09 +0200] "GET /buecher/diskussion.html HTTP/1.1" 200 9925 "-" "auskunftbot/1.0 (+https://www.auskunft.de)"
185.191.171.5 - - [06/May/2022:13:26:53 +0200] "GET /robots.txt HTTP/1.1" 200 100 "-" "Mozilla/5.0 (compatible; SemrushBot/7~bl; +http://www.semrush.com/bot.html)"
185.191.171.25 - - [06/May/2022:13:26:53 +0200] "GET /cds/glockenspiel1.html HTTP/1.1" 200 9736 "-" "Mozilla/5.0 (compatible; SemrushBot/7~bl; +http://www.semrush.com/bot.html)"
185.191.171.12 - - [06/May/2022:13:27:00 +0200] "GET /sitemap.xml HTTP/1.1" 404 2381 "-" "Mozilla/5.0 (compatible; SemrushBot/7~bl; +http://www.semrush.com/bot.html)"
159.69.88.49 - - [06/May/2022:13:29:58 +0200] "GET / HTTP/1.1" 200 9360 "-" "Mozilla/5.0"
159.69.88.63 - - [06/May/2022:13:29:58 +0200] "GET /impressum.html HTTP/1.1" 200 2808 "-" "Mozilla/5.0"
159.69.88.63 - - [06/May/2022:13:29:58 +0200] "GET /main.css HTTP/1.1" 200 1439 "http://www.morusverlag.de/impressum.html" "Mozilla/5.0"
159.69.88.49 - - [06/May/2022:13:29:58 +0200] "GET /main.css HTTP/1.1" 200 1439 "http://www.morusverlag.de/" "Mozilla/5.0"
159.69.88.49 - - [06/May/2022:13:29:58 +0200] "GET /logo_g.gif HTTP/1.1" 200 1301 "http://www.morusverlag.de/" "Mozilla/5.0"
159.69.88.49 - - [06/May/2022:13:29:58 +0200] "GET /mv_g.gif HTTP/1.1" 200 4070 "http://www.morusverlag.de/" "Mozilla/5.0"
159.69.88.49 - - [06/May/2022:13:29:58 +0200] "GET /mv_gr_w.gif HTTP/1.1" 200 2005 "http://www.morusverlag.de/" "Mozilla/5.0"
159.69.88.49 - - [06/May/2022:13:29:58 +0200] "GET /jahrbuch_k.jpg HTTP/1.1" 200 3719 "http://www.morusverlag.de/" "Mozilla/5.0"
159.69.88.63 - - [06/May/2022:13:29:58 +0200] "GET /logo_g.gif HTTP/1.1" 200 1301 "http://www.morusverlag.de/impressum.html" "Mozilla/5.0"
159.69.88.49 - - [06/May/2022:13:29:58 +0200] "GET /pf.gif HTTP/1.1" 200 62 "http://www.morusverlag.de/" "Mozilla/5.0"
159.69.88.63 - - [06/May/2022:13:29:58 +0200] "GET /mv_g.gif HTTP/1.1" 200 4070 "http://www.morusverlag.de/impressum.html" "Mozilla/5.0"
159.69.88.49 - - [06/May/2022:13:29:58 +0200] "GET /buecher/gesichter.jpg HTTP/1.1" 200 7271 "http://www.morusverlag.de/" "Mozilla/5.0"
159.69.88.49 - - [06/May/2022:13:29:58 +0200] "GET /cds/rosarium_k.jpg HTTP/1.1" 200 3972 "http://www.morusverlag.de/" "Mozilla/5.0"
159.69.88.49 - - [06/May/2022:13:29:58 +0200] "GET /cds/ignatius_k.jpg HTTP/1.1" 200 3965 "http://www.morusverlag.de/" "Mozilla/5.0"
159.69.88.63 - - [06/May/2022:13:29:58 +0200] "GET /strich.gif HTTP/1.1" 200 45 "http://www.morusverlag.de/impressum.html" "Mozilla/5.0"
159.69.88.49 - - [06/May/2022:13:29:58 +0200] "GET /cds/hymnos_k.jpg HTTP/1.1" 200 4986 "http://www.morusverlag.de/" "Mozilla/5.0"
159.69.88.49 - - [06/May/2022:13:29:58 +0200] "GET /gotteslob.jpg HTTP/1.1" 200 9390 "http://www.morusverlag.de/" "Mozilla/5.0"
159.69.88.49 - - [06/May/2022:13:29:58 +0200] "GET /buecher/engel.jpg HTTP/1.1" 200 5414 "http://www.morusverlag.de/" "Mozilla/5.0"
159.69.88.49 - - [06/May/2022:13:29:58 +0200] "GET /strich.gif HTTP/1.1" 200 45 "http://www.morusverlag.de/" "Mozilla/5.0"
159.69.88.49 - - [06/May/2022:13:29:58 +0200] "GET /buecher/chateaubriand.jpg HTTP/1.1" 200 2272 "http://www.morusverlag.de/" "Mozilla/5.0"
159.69.88.49 - - [06/May/2022:13:29:58 +0200] "GET /buch_k.jpg HTTP/1.1" 200 4591 "http://www.morusverlag.de/" "Mozilla/5.0"
159.69.88.49 - - [06/May/2022:13:29:58 +0200] "GET /cds/astazi_k.jpg HTTP/1.1" 200 6049 "http://www.morusverlag.de/" "Mozilla/5.0"
54.36.149.63 - - [06/May/2022:13:42:15 +0200] "GET /cds/index.html HTTP/1.1" 200 7987 "-" "Mozilla/5.0 (compatible; AhrefsBot/7.0; +http://ahrefs.com/robot/)"
65.21.206.42 - - [06/May/2022:13:47:30 +0200] "GET /impressum.html HTTP/1.1" 200 2808 "-" "Mozilla/5.0 (Windows NT 10.0; Win64; x64) AppleWebKit/537.36 (KHTML, like Gecko) Chrome/91.0.4472.114 Safari/537.36 Edg/91.0.864.54"
65.21.206.45 - - [06/May/2022:14:06:38 +0200] "GET /buecher/veroeffentlichungsliste.html HTTP/1.1" 200 129779 "-" "Mozilla/5.0 (Windows NT 10.0; Win64; x64) AppleWebKit/537.36 (KHTML, like Gecko) Chrome/91.0.4472.114 Safari/537.36 Edg/91.0.864.54"
168.119.11.187 - - [06/May/2022:14:27:44 +0200] "GET /sonderthemen/oekt_extra1.pdf HTTP/1.1" 200 1849015 "-" "Mozilla/5.0 (Macintosh; Intel Mac OS X 10_15_4) AppleWebKit/605.1.15 (KHTML, like Gecko) Version/13.1 Safari/605.1.15"
144.76.102.243 - - [06/May/2022:14:27:58 +0200] "GET /sonderthemen/oekt_extra1.pdf HTTP/1.1" 200 1849015 "-" "Mozilla/5.0 (Macintosh; Intel Mac OS X 10.15; rv:84.0) Gecko/20100101 Firefox/84.0"
