85.25.177.187 - - [29/May/2022:07:04:57 +0200] "GET /sonderthemen/az2003_s01.pdf HTTP/1.1" 200 120642 "-" "SEO Scanner/1.2.4 (SEO Crawler; seoscanners.info; info@seoscanners.info)"
94.142.141.230 - - [29/May/2022:07:06:03 +0200] "HEAD / HTTP/1.1" 200 - "https://ooogms.ru" "Mozilla/6.0 (compatible; MSIE2.00; Windows 2006)"
85.25.177.187 - - [29/May/2022:07:18:57 +0200] "GET /sonderthemen/sk2004_s01.pdf HTTP/1.1" 200 162742 "-" "SEO Scanner/1.2.4 (SEO Crawler; seoscanners.info; info@seoscanners.info)"
193.124.191.92 - - [29/May/2022:07:23:51 +0200] "HEAD / HTTP/1.1" 200 - "https://tireclub.ru" "Mozilla/8.0 (compatible; MSIE6.00; Windows 2009)"
85.25.177.187 - - [29/May/2022:07:29:26 +0200] "GET /cds/ignatius.html HTTP/1.1" 200 6576 "-" "SEO Scanner/1.2.4 (SEO Crawler; seoscanners.info; info@seoscanners.info)"
85.25.177.187 - - [29/May/2022:07:29:46 +0200] "GET /sonderthemen/archiv.html HTTP/1.1" 200 6959 "-" "SEO Scanner/1.2.4 (SEO Crawler; seoscanners.info; info@seoscanners.info)"
64.124.8.37 - - [29/May/2022:07:32:23 +0200] "GET /robots.txt HTTP/1.1" 200 100 "-" "Mozilla/5.0 (X11; Linux x86_64) AppleWebKit/537.36 (KHTML, like Gecko) Chrome/61.0.3163.79 Safari/537.36"
64.124.8.37 - - [29/May/2022:07:32:23 +0200] "GET /gotteslob.jpg HTTP/1.1" 200 9390 "-" "Mozilla/5.0 (X11; Linux x86_64) AppleWebKit/537.36 (KHTML, like Gecko) Chrome/61.0.3163.79 Safari/537.36"
64.124.8.37 - - [29/May/2022:07:32:29 +0200] "GET /cds/hymnos.jpg HTTP/1.1" 200 27752 "-" "Mozilla/5.0 (X11; Linux x86_64) AppleWebKit/537.36 (KHTML, like Gecko) Chrome/61.0.3163.79 Safari/537.36"
64.124.8.37 - - [29/May/2022:07:33:38 +0200] "GET /jahrbuch/jahrbuch.jpg HTTP/1.1" 200 11282 "-" "Mozilla/5.0 (X11; Linux x86_64) AppleWebKit/537.36 (KHTML, like Gecko) Chrome/61.0.3163.79 Safari/537.36"
85.25.177.187 - - [29/May/2022:07:40:31 +0200] "GET /buecher/veroeffentlichungsliste.html HTTP/1.1" 200 129779 "-" "SEO Scanner/1.2.4 (SEO Crawler; seoscanners.info; info@seoscanners.info)"
178.63.51.106 - - [29/May/2022:07:43:34 +0200] "GET /sonderthemen/oekt_extra1.pdf HTTP/1.1" 200 1849015 "-" "Mozilla/5.0 (Macintosh; Intel Mac OS X 10.14; rv:83.0) Gecko/20100101 Firefox/83.0"
85.25.177.187 - - [29/May/2022:07:49:57 +0200] "GET /sonderthemen/az2003.pdf HTTP/1.1" 200 4864675 "-" "SEO Scanner/1.2.4 (SEO Crawler; seoscanners.info; info@seoscanners.info)"
85.25.177.187 - - [29/May/2022:07:50:37 +0200] "GET /buecher/rezensionen_chateaubriand.html HTTP/1.1" 200 47317 "-" "SEO Scanner/1.2.4 (SEO Crawler; seoscanners.info; info@seoscanners.info)"
85.25.177.187 - - [29/May/2022:07:53:25 +0200] "GET /sonderthemen/oekz2003_s01.pdf HTTP/1.1" 200 66807 "-" "SEO Scanner/1.2.4 (SEO Crawler; seoscanners.info; info@seoscanners.info)"
85.25.177.187 - - [29/May/2022:08:03:46 +0200] "GET /cds/index.html HTTP/1.1" 200 7987 "-" "SEO Scanner/1.2.4 (SEO Crawler; seoscanners.info; info@seoscanners.info)"
85.25.177.187 - - [29/May/2022:08:04:50 +0200] "GET /sonderthemen/oekt_extra1.pdf HTTP/1.1" 200 1849015 "-" "SEO Scanner/1.2.4 (SEO Crawler; seoscanners.info; info@seoscanners.info)"
85.25.177.187 - - [29/May/2022:08:14:43 +0200] "GET /sonderthemen/oekt_extra3.pdf HTTP/1.1" 200 2109745 "-" "SEO Scanner/1.2.4 (SEO Crawler; seoscanners.info; info@seoscanners.info)"
85.25.177.187 - - [29/May/2022:08:15:09 +0200] "GET /buecher/rezensionen_krise_zum_heil.html HTTP/1.1" 200 9828 "-" "SEO Scanner/1.2.4 (SEO Crawler; seoscanners.info; info@seoscanners.info)"
85.25.177.187 - - [29/May/2022:08:28:13 +0200] "GET /sonderthemen/presse.html HTTP/1.1" 200 5772 "-" "SEO Scanner/1.2.4 (SEO Crawler; seoscanners.info; info@seoscanners.info)"
85.25.177.187 - - [29/May/2022:08:37:34 +0200] "GET /sonderthemen/oekt_extra2.pdf HTTP/1.1" 200 1939949 "-" "SEO Scanner/1.2.4 (SEO Crawler; seoscanners.info; info@seoscanners.info)"
85.25.177.187 - - [29/May/2022:08:43:37 +0200] "GET /sonderthemen/sk2004.pdf HTTP/1.1" 200 1967215 "-" "SEO Scanner/1.2.4 (SEO Crawler; seoscanners.info; info@seoscanners.info)"
207.46.13.53 - - [29/May/2022:08:46:34 +0200] "GET /buecher/gesichter/16.jpg HTTP/1.1" 200 8367 "-" "Mozilla/5.0 (compatible; bingbot/2.0; +http://www.bing.com/bingbot.htm)"
85.25.177.187 - - [29/May/2022:08:48:55 +0200] "GET /sonderthemen/oekz2003.pdf HTTP/1.1" 200 4017017 "-" "SEO Scanner/1.2.4 (SEO Crawler; seoscanners.info; info@seoscanners.info)"
85.25.177.187 - - [29/May/2022:08:53:49 +0200] "GET /buecher/rezensionen_engel.html HTTP/1.1" 200 6598 "-" "SEO Scanner/1.2.4 (SEO Crawler; seoscanners.info; info@seoscanners.info)"
194.173.174.10 - - [29/May/2022:08:59:50 +0200] "HEAD / HTTP/1.1" 200 - "-" "Mozilla/5.0 (Windows NT 6.3; WOW64) AppleWebKit/537.36 (KHTML, like Gecko) Chrome/43.0.2357.134 Safari/537.36"
85.25.177.187 - - [29/May/2022:09:01:47 +0200] "GET /buecher/rezensionen_preysing.html HTTP/1.1" 200 9502 "-" "SEO Scanner/1.2.4 (SEO Crawler; seoscanners.info; info@seoscanners.info)"
85.25.177.187 - - [29/May/2022:09:03:05 +0200] "GET /buecher/bestellung.php HTTP/1.1" 200 10142 "-" "SEO Scanner/1.2.4 (SEO Crawler; seoscanners.info; info@seoscanners.info)"
85.25.177.187 - - [29/May/2022:09:04:42 +0200] "GET /buecher/rezensionen_nicht_auf_sand_gebaut.html HTTP/1.1" 200 6594 "-" "SEO Scanner/1.2.4 (SEO Crawler; seoscanners.info; info@seoscanners.info)"
85.25.177.187 - - [29/May/2022:09:10:22 +0200] "GET /buecher/rezensionen_leiblichkeit_und_zeitlichkeit.html HTTP/1.1" 200 8821 "-" "SEO Scanner/1.2.4 (SEO Crawler; seoscanners.info; info@seoscanners.info)"
85.25.177.187 - - [29/May/2022:09:19:31 +0200] "GET /index.html HTTP/1.1" 200 9360 "-" "SEO Scanner/1.2.4 (SEO Crawler; seoscanners.info; info@seoscanners.info)"
85.25.177.187 - - [29/May/2022:09:28:44 +0200] "GET /buecher/diskussion.html HTTP/1.1" 200 9925 "-" "SEO Scanner/1.2.4 (SEO Crawler; seoscanners.info; info@seoscanners.info)"
85.25.177.187 - - [29/May/2022:09:40:59 +0200] "GET /buecher/rezension_gesichter_u_geschichten.pdf HTTP/1.1" 200 223287 "-" "SEO Scanner/1.2.4 (SEO Crawler; seoscanners.info; info@seoscanners.info)"
85.25.177.187 - - [29/May/2022:09:44:32 +0200] "GET /buecher/rezensionen_psalmen.html HTTP/1.1" 200 6787 "-" "SEO Scanner/1.2.4 (SEO Crawler; seoscanners.info; info@seoscanners.info)"
85.25.177.187 - - [29/May/2022:09:49:17 +0200] "GET /buecher/rezensionen_le_saulchoir.html HTTP/1.1" 200 34009 "-" "SEO Scanner/1.2.4 (SEO Crawler; seoscanners.info; info@seoscanners.info)"
85.25.177.187 - - [29/May/2022:09:53:05 +0200] "GET /cds/glockenspiel2.html HTTP/1.1" 200 9831 "-" "SEO Scanner/1.2.4 (SEO Crawler; seoscanners.info; info@seoscanners.info)"
85.25.177.187 - - [29/May/2022:09:57:48 +0200] "GET /cds/glockenspiel1.html HTTP/1.1" 200 9736 "-" "SEO Scanner/1.2.4 (SEO Crawler; seoscanners.info; info@seoscanners.info)"
85.25.177.187 - - [29/May/2022:09:58:16 +0200] "GET /jahrbuch/titelseiten/index.html HTTP/1.1" 200 6735 "-" "SEO Scanner/1.2.4 (SEO Crawler; seoscanners.info; info@seoscanners.info)"
85.25.177.187 - - [29/May/2022:10:03:34 +0200] "GET /cds/astazi.html HTTP/1.1" 200 8453 "-" "SEO Scanner/1.2.4 (SEO Crawler; seoscanners.info; info@seoscanners.info)"
85.25.177.187 - - [29/May/2022:10:07:37 +0200] "GET /buecher/rezensionen.html HTTP/1.1" 200 6964 "-" "SEO Scanner/1.2.4 (SEO Crawler; seoscanners.info; info@seoscanners.info)"
85.25.177.187 - - [29/May/2022:10:09:56 +0200] "GET /jahrbuch/bestellung.php HTTP/1.1" 200 10316 "-" "SEO Scanner/1.2.4 (SEO Crawler; seoscanners.info; info@seoscanners.info)"
85.25.177.187 - - [29/May/2022:10:11:17 +0200] "GET /cds/lumina.html HTTP/1.1" 200 9000 "-" "SEO Scanner/1.2.4 (SEO Crawler; seoscanners.info; info@seoscanners.info)"
85.25.177.187 - - [29/May/2022:10:18:12 +0200] "GET /buecher/rezensionen_ignatius.html HTTP/1.1" 200 8182 "-" "SEO Scanner/1.2.4 (SEO Crawler; seoscanners.info; info@seoscanners.info)"
114.119.148.88 - - [29/May/2022:10:20:54 +0200] "GET /robots.txt HTTP/1.1" 200 100 "-" "Mozilla/5.0 (compatible;PetalBot;+https://webmaster.petalsearch.com/site/petalbot)"
85.25.177.187 - - [29/May/2022:10:29:33 +0200] "GET /sonderthemen/az2000.pdf HTTP/1.1" 200 2253581 "-" "SEO Scanner/1.2.4 (SEO Crawler; seoscanners.info; info@seoscanners.info)"
54.36.148.165 - - [29/May/2022:10:32:35 +0200] "GET /robots.txt HTTP/1.1" 200 100 "-" "Mozilla/5.0 (compatible; AhrefsBot/7.0; +http://ahrefs.com/robot/)"
54.36.149.10 - - [29/May/2022:10:32:35 +0200] "GET / HTTP/1.1" 200 9360 "-" "Mozilla/5.0 (compatible; AhrefsBot/7.0; +http://ahrefs.com/robot/)"
85.25.177.187 - - [29/May/2022:10:37:40 +0200] "GET /sonderthemen/oeaz2002.pdf HTTP/1.1" 200 3161455 "-" "SEO Scanner/1.2.4 (SEO Crawler; seoscanners.info; info@seoscanners.info)"
85.25.177.187 - - [29/May/2022:10:45:32 +0200] "GET /sonderthemen/sk2002.pdf HTTP/1.1" 200 2628923 "-" "SEO Scanner/1.2.4 (SEO Crawler; seoscanners.info; info@seoscanners.info)"
5.161.100.36 - - [29/May/2022:10:46:17 +0200] "GET /sonderthemen/sk2001.pdf HTTP/1.1" 200 3098589 "-" "Mozilla/5.0 (Windows NT 10.0; Win64; x64) AppleWebKit/537.36 (KHTML, like Gecko) Chrome/84.0.4147.105 Safari/537.36"
85.25.177.187 - - [29/May/2022:10:50:30 +0200] "GET /sonderthemen/sk2000.pdf HTTP/1.1" 200 2925489 "-" "SEO Scanner/1.2.4 (SEO Crawler; seoscanners.info; info@seoscanners.info)"
85.25.177.187 - - [29/May/2022:10:54:10 +0200] "GET /sonderthemen/oeaz2001.pdf HTTP/1.1" 200 4496626 "-" "SEO Scanner/1.2.4 (SEO Crawler; seoscanners.info; info@seoscanners.info)"
85.25.177.187 - - [29/May/2022:11:01:45 +0200] "GET /sonderthemen/az1999.pdf HTTP/1.1" 200 1842982 "-" "SEO Scanner/1.2.4 (SEO Crawler; seoscanners.info; info@seoscanners.info)"
85.25.177.187 - - [29/May/2022:11:10:19 +0200] "GET /buecher/rezensionen_ungeteilt.html HTTP/1.1" 200 9764 "-" "SEO Scanner/1.2.4 (SEO Crawler; seoscanners.info; info@seoscanners.info)"
157.55.39.136 - - [29/May/2022:11:21:16 +0200] "GET /main.css HTTP/1.1" 200 1439 "-" "Mozilla/5.0 (compatible; bingbot/2.0; +http://www.bing.com/bingbot.htm)"
144.76.168.111 - - [29/May/2022:12:01:36 +0200] "GET /sonderthemen/oekt_extra2.pdf HTTP/1.1" 200 1939949 "-" "Mozilla/5.0 (Windows NT 6.3; Win64; x64; rv:83.0) Gecko/20100101 Firefox/83.0"
88.198.90.9 - - [29/May/2022:12:34:17 +0200] "GET /sonderthemen/oeaz2001.pdf HTTP/1.1" 200 4496626 "-" "Mozilla/5.0 (Macintosh; Intel Mac OS X 10_15_6) AppleWebKit/605.1.15 (KHTML, like Gecko) Version/13.1.2 Safari/605.1.15"
178.63.51.106 - - [29/May/2022:12:38:27 +0200] "GET /cds/glockenspiel1.html HTTP/1.1" 200 9736 "-" "Mozilla/5.0 (Macintosh; Intel Mac OS X 10_15_6) AppleWebKit/605.1.15 (KHTML, like Gecko) Version/13.1.2 Safari/605.1.15"
148.251.50.77 - - [29/May/2022:12:38:42 +0200] "GET /cds/hymnos_akathistos.html HTTP/1.1" 200 11061 "-" "Mozilla/5.0 (X11; Ubuntu; Linux x86_64; rv:77.0) Gecko/20100101 Firefox/77.0"
168.119.11.187 - - [29/May/2022:12:38:44 +0200] "GET /cds/hymnos_akathistos.html HTTP/1.1" 200 11061 "-" "Mozilla/5.0 (Windows NT 10.0; Win64; x64) AppleWebKit/537.36 (KHTML, like Gecko) Chrome/86.0.4240.198 Safari/537.36 OPR/72.0.3815.400"
78.46.94.83 - - [29/May/2022:12:39:17 +0200] "GET /cds/hymnos_akathistos.html HTTP/1.1" 200 11061 "-" "Mozilla/5.0 (Windows NT 6.1; Win64; x64) AppleWebKit/537.36 (KHTML, like Gecko) Chrome/87.0.4280.88 Safari/537.36"
66.249.81.222 - - [29/May/2022:12:51:26 +0200] "GET /buecher/gesichter/04.jpg HTTP/1.1" 200 7078 "-" "Mozilla/5.0 (Windows NT 5.1; rv:11.0) Gecko Firefox/11.0 (via ggpht.com GoogleImageProxy)"
184.94.240.88 - - [29/May/2022:12:57:34 +0200] "GET / HTTP/1.1" 200 9360 "-" "Mozilla/5.0 (Windows NT 10.0; WOW64; rv:53.0) Gecko/20100101 Firefox/53.0"
66.249.66.7 - - [29/May/2022:13:02:48 +0200] "GET /robots.txt HTTP/1.1" 200 100 "-" "Mozilla/5.0 (compatible; Googlebot/2.1; +http://www.google.com/bot.html)"
66.249.66.2 - - [29/May/2022:13:02:48 +0200] "GET /sonderthemen/oeaz2002.pdf HTTP/1.1" 304 - "-" "Mozilla/5.0 (Linux; Android 6.0.1; Nexus 5X Build/MMB29P) AppleWebKit/537.36 (KHTML, like Gecko) Chrome/101.0.4951.64 Mobile Safari/537.36 (compatible; Googlebot/2.1; +http://www.google.com/bot.html)"
23.100.232.233 - - [29/May/2022:13:29:16 +0200] "GET /buecher/index.html HTTP/1.1" 200 25885 "-" "Mozilla/5.0 (compatible; MSIE 9.0; Windows NT 6.0; Trident/5.0; Trident/5.0)"
23.100.232.233 - - [29/May/2022:13:29:16 +0200] "GET /main.css HTTP/1.1" 200 1439 "http://www.morusverlag.de/buecher/index.html" "Mozilla/5.0 (compatible; MSIE 9.0; Windows NT 6.0; Trident/5.0; Trident/5.0)"
23.100.232.233 - - [29/May/2022:13:29:17 +0200] "GET /contentflow/contentflow.js HTTP/1.1" 200 42064 "http://www.morusverlag.de/buecher/index.html" "Mozilla/5.0 (compatible; MSIE 9.0; Windows NT 6.0; Trident/5.0; Trident/5.0)"
23.100.232.233 - - [29/May/2022:13:29:17 +0200] "GET /contentflow/contentflow.css HTTP/1.1" 200 3109 "http://www.morusverlag.de/buecher/index.html" "Mozilla/5.0 (compatible; MSIE 9.0; Windows NT 6.0; Trident/5.0; Trident/5.0)"
23.100.232.233 - - [29/May/2022:13:29:17 +0200] "GET /contentflow/mycontentflow.css HTTP/1.1" 404 2381 "http://www.morusverlag.de/buecher/index.html" "Mozilla/5.0 (compatible; MSIE 9.0; Windows NT 6.0; Trident/5.0; Trident/5.0)"
23.100.232.233 - - [29/May/2022:13:29:17 +0200] "GET /contentflow/ContentFlowAddOn_white.js HTTP/1.1" 200 471 "http://www.morusverlag.de/buecher/index.html" "Mozilla/5.0 (compatible; MSIE 9.0; Windows NT 6.0; Trident/5.0; Trident/5.0)"
23.100.232.233 - - [29/May/2022:13:29:18 +0200] "GET /contentflow/ContentFlowAddOn_white.css HTTP/1.1" 200 3174 "http://www.morusverlag.de/buecher/index.html" "Mozilla/5.0 (compatible; MSIE 9.0; Windows NT 6.0; Trident/5.0; Trident/5.0)"
136.243.17.161 - - [29/May/2022:13:44:37 +0200] "GET /sonderthemen/az2000.pdf HTTP/1.1" 200 2253581 "-" "Mozilla/5.0 (Windows NT 10.0; Win64; x64) AppleWebKit/537.36 (KHTML, like Gecko) Chrome/86.0.4240.198 Safari/537.36 Edg/86.0.622.69"
78.46.94.83 - - [29/May/2022:13:44:56 +0200] "GET /sonderthemen/az2000.pdf HTTP/1.1" 200 2253581 "-" "Mozilla/5.0 (X11; Fedora; Linux x86_64; rv:83.0) Gecko/20100101 Firefox/83.0"
144.76.102.243 - - [29/May/2022:13:45:45 +0200] "GET /sonderthemen/az2000.pdf HTTP/1.1" 200 2253581 "-" "Mozilla/5.0 (Windows NT 10.0; Win64; x64; rv:84.0) Gecko/20100101 Firefox/84.0"
193.3.168.17 - - [29/May/2022:13:46:29 +0200] "HEAD / HTTP/1.1" 200 - "https://prodiau.ru/category/paporotniki" "Mozilla/4.0 (compatible; MSIE4.00; Windows 2009)"
80.85.136.159 - - [29/May/2022:13:46:29 +0200] "HEAD / HTTP/1.1" 200 - "https://60specs.com/" "Mozilla/4.0 (compatible; MSIE5.00; Windows 2002)"
80.85.136.157 - - [29/May/2022:13:46:29 +0200] "HEAD / HTTP/1.1" 200 - "https://myaircraftcost.com/piper-m600/" "Mozilla/4.0 (compatible; MSIE4.00; Windows 2005)"
66.249.66.5 - - [29/May/2022:13:47:47 +0200] "GET /cds/hymnos_akathistos.html HTTP/1.1" 200 11061 "-" "Mozilla/5.0 (compatible; Googlebot/2.1; +http://www.google.com/bot.html)"
194.67.207.94 - - [29/May/2022:14:55:34 +0200] "HEAD / HTTP/1.1" 200 - "https://specstch.com/case-9010b-hydraulic-excavator/" "Mozilla/4.0 (compatible; MSIE7.00; Windows 2002)"
185.5.249.185 - - [29/May/2022:14:55:35 +0200] "HEAD / HTTP/1.1" 200 - "https://sizewheeltire.com/ford-f-250-wheel-and-tire-sizes-2/" "Mozilla/2.0 (compatible; MSIE3.00; Windows 2002)"
193.124.190.18 - - [29/May/2022:15:11:39 +0200] "HEAD / HTTP/1.1" 200 - "https://ua.velesritual.com.ua" "Mozilla/4.0 (compatible; MSIE4.00; Windows 2008)"
194.67.207.9 - - [29/May/2022:15:11:39 +0200] "HEAD / HTTP/1.1" 200 - "https://ritual.net.ua/tovary/odezhda.html" "Mozilla/3.0 (compatible; MSIE6.00; Windows 2004)"
194.67.210.77 - - [29/May/2022:15:11:39 +0200] "HEAD / HTTP/1.1" 200 - "https://petritual.kiev.ua/kladbishche-zhivotnykh" "Mozilla/8.0 (compatible; MSIE2.00; Windows 2004)"
185.125.219.13 - - [29/May/2022:15:11:39 +0200] "HEAD / HTTP/1.1" 200 - "https://velesritual.com.ua/urny-dlya-krematsii.html" "Mozilla/2.0 (compatible; MSIE5.00; Windows 2003)"
66.249.66.193 - - [29/May/2022:15:50:48 +0200] "GET /buecher/rezensionen_ignatius.html HTTP/1.1" 304 - "-" "Mozilla/5.0 (Linux; Android 6.0.1; Nexus 5X Build/MMB29P) AppleWebKit/537.36 (KHTML, like Gecko) Chrome/101.0.4951.64 Mobile Safari/537.36 (compatible; Googlebot/2.1; +http://www.google.com/bot.html)"
52.226.227.211 - - [29/May/2022:16:09:59 +0200] "GET /robots.txt HTTP/1.1" 200 100 "-" "python-requests/2.27.1"
52.226.227.211 - - [29/May/2022:16:10:09 +0200] "GET /impressum.html HTTP/1.1" 200 2808 "-" "Mozilla/5.0 (Windows NT 10.0; Win64; x64) AppleWebKit/537.36 (KHTML, like Gecko) Chrome/76.0.3809.100 Safari/537.36"
148.251.50.77 - - [29/May/2022:16:13:33 +0200] "GET /sonderthemen/sk2004_s01.pdf HTTP/1.1" 200 162742 "-" "Mozilla/5.0 (Windows NT 10.0; Win64; x64) AppleWebKit/537.36 (KHTML, like Gecko) Chrome/86.0.4240.75 Safari/537.36"
144.76.162.206 - - [29/May/2022:16:43:54 +0200] "GET /buecher/rezensionen_psalmen.html HTTP/1.1" 200 6787 "-" "Mozilla/5.0 (Macintosh; Intel Mac OS X 10_14_6) AppleWebKit/537.36 (KHTML, like Gecko) Chrome/87.0.4280.88 Safari/537.36"
88.198.90.9 - - [29/May/2022:16:43:54 +0200] "GET /buecher/rezension_gesichter_u_geschichten.pdf HTTP/1.1" 200 223287 "-" "Mozilla/5.0 (Macintosh; Intel Mac OS X 10_13_6) AppleWebKit/537.36 (KHTML, like Gecko) Chrome/87.0.4280.67 Safari/537.36"
46.4.83.150 - - [29/May/2022:16:43:54 +0200] "GET /sonderthemen/az2003_s01.pdf HTTP/1.1" 200 120642 "-" "Mozilla/5.0 (Windows NT 10.0; Win64; x64) AppleWebKit/537.36 (KHTML, like Gecko) Chrome/86.0.4240.198 Safari/537.36 OPR/72.0.3815.400"
88.198.90.9 - - [29/May/2022:16:43:54 +0200] "GET /sonderthemen/az2003.pdf HTTP/1.1" 200 4864675 "-" "Mozilla/5.0 (Macintosh; Intel Mac OS X 10_15_6) AppleWebKit/605.1.15 (KHTML, like Gecko) Version/13.1.2 Safari/605.1.15"
144.76.168.111 - - [29/May/2022:16:44:08 +0200] "GET /buecher/rezension_gesichter_u_geschichten.pdf HTTP/1.1" 200 223287 "-" "Mozilla/5.0 (Macintosh; Intel Mac OS X 10_15_7) AppleWebKit/605.1.15 (KHTML, like Gecko) Version/14.0.1 Safari/605.1.15"
144.76.168.111 - - [29/May/2022:16:44:08 +0200] "GET /sonderthemen/az2003.pdf HTTP/1.1" 200 4864675 "-" "Mozilla/5.0 (Macintosh; Intel Mac OS X 10_15_6) AppleWebKit/537.36 (KHTML, like Gecko) Chrome/86.0.4240.198 Safari/537.36"
78.46.94.83 - - [29/May/2022:16:44:23 +0200] "GET /buecher/rezension_gesichter_u_geschichten.pdf HTTP/1.1" 200 223287 "-" "Mozilla/5.0 (X11; Ubuntu; Linux x86_64; rv:83.0) Gecko/20100101 Firefox/83.0"
78.46.94.83 - - [29/May/2022:16:44:23 +0200] "GET /sonderthemen/az2003.pdf HTTP/1.1" 200 4864675 "-" "Mozilla/5.0 (Macintosh; Intel Mac OS X 10_15_5) AppleWebKit/537.36 (KHTML, like Gecko) Chrome/86.0.4240.198 Safari/537.36"
66.249.66.135 - - [29/May/2022:16:51:44 +0200] "GET /sonderthemen/sk2000.pdf HTTP/1.1" 304 - "-" "Mozilla/5.0 (Linux; Android 6.0.1; Nexus 5X Build/MMB29P) AppleWebKit/537.36 (KHTML, like Gecko) Chrome/101.0.4951.64 Mobile Safari/537.36 (compatible; Googlebot/2.1; +http://www.google.com/bot.html)"
87.171.35.168 - - [29/May/2022:17:35:58 +0200] "GET /cds/hymnos_akathistos.html HTTP/1.1" 200 11061 "https://www.ecosia.org/" "Mozilla/5.0 (X11; Ubuntu; Linux x86_64; rv:100.0) Gecko/20100101 Firefox/100.0"
87.171.35.168 - - [29/May/2022:17:35:58 +0200] "GET /main.css HTTP/1.1" 200 1439 "http://www.morusverlag.de/cds/hymnos_akathistos.html" "Mozilla/5.0 (X11; Ubuntu; Linux x86_64; rv:100.0) Gecko/20100101 Firefox/100.0"
87.171.35.168 - - [29/May/2022:17:35:59 +0200] "GET /logo_g.gif HTTP/1.1" 200 1301 "http://www.morusverlag.de/cds/hymnos_akathistos.html" "Mozilla/5.0 (X11; Ubuntu; Linux x86_64; rv:100.0) Gecko/20100101 Firefox/100.0"
87.171.35.168 - - [29/May/2022:17:35:59 +0200] "GET /pf.gif HTTP/1.1" 200 62 "http://www.morusverlag.de/cds/hymnos_akathistos.html" "Mozilla/5.0 (X11; Ubuntu; Linux x86_64; rv:100.0) Gecko/20100101 Firefox/100.0"
87.171.35.168 - - [29/May/2022:17:35:59 +0200] "GET /cds/hymnos.jpg HTTP/1.1" 200 27752 "http://www.morusverlag.de/cds/hymnos_akathistos.html" "Mozilla/5.0 (X11; Ubuntu; Linux x86_64; rv:100.0) Gecko/20100101 Firefox/100.0"
87.171.35.168 - - [29/May/2022:17:35:59 +0200] "GET /mv_g.gif HTTP/1.1" 200 4070 "http://www.morusverlag.de/cds/hymnos_akathistos.html" "Mozilla/5.0 (X11; Ubuntu; Linux x86_64; rv:100.0) Gecko/20100101 Firefox/100.0"
87.171.35.168 - - [29/May/2022:17:35:59 +0200] "GET /m.gif HTTP/1.1" 200 95 "http://www.morusverlag.de/cds/hymnos_akathistos.html" "Mozilla/5.0 (X11; Ubuntu; Linux x86_64; rv:100.0) Gecko/20100101 Firefox/100.0"
87.171.35.168 - - [29/May/2022:17:35:59 +0200] "GET /cds/hymnos_heft.jpg HTTP/1.1" 200 8653 "http://www.morusverlag.de/cds/hymnos_akathistos.html" "Mozilla/5.0 (X11; Ubuntu; Linux x86_64; rv:100.0) Gecko/20100101 Firefox/100.0"
87.171.35.168 - - [29/May/2022:17:35:59 +0200] "GET /strich.gif HTTP/1.1" 200 45 "http://www.morusverlag.de/cds/hymnos_akathistos.html" "Mozilla/5.0 (X11; Ubuntu; Linux x86_64; rv:100.0) Gecko/20100101 Firefox/100.0"
87.171.35.168 - - [29/May/2022:17:35:59 +0200] "GET /favicon.ico HTTP/1.1" 200 4286 "http://www.morusverlag.de/cds/hymnos_akathistos.html" "Mozilla/5.0 (X11; Ubuntu; Linux x86_64; rv:100.0) Gecko/20100101 Firefox/100.0"
34.79.114.255 - - [29/May/2022:17:36:52 +0200] "GET / HTTP/1.1" 200 9360 "-" "Mozilla/5.0 (Windows NT 10.0; Win64; x64) AppleWebKit/537.36 (KHTML, like Gecko) Chrome/84.0.4147.105 Safari/537.36"
207.46.13.153 - - [29/May/2022:17:37:14 +0200] "GET /cds/lumina.jpg HTTP/1.1" 200 31150 "-" "Mozilla/5.0 (compatible; bingbot/2.0; +http://www.bing.com/bingbot.htm)"
87.171.35.168 - - [29/May/2022:17:37:17 +0200] "GET /cds/index.html HTTP/1.1" 200 7987 "http://www.morusverlag.de/cds/hymnos_akathistos.html" "Mozilla/5.0 (X11; Ubuntu; Linux x86_64; rv:100.0) Gecko/20100101 Firefox/100.0"
87.171.35.168 - - [29/May/2022:17:37:17 +0200] "GET /cds/hymnos_k.jpg HTTP/1.1" 200 4986 "http://www.morusverlag.de/cds/index.html" "Mozilla/5.0 (X11; Ubuntu; Linux x86_64; rv:100.0) Gecko/20100101 Firefox/100.0"
87.171.35.168 - - [29/May/2022:17:37:17 +0200] "GET /cds/ignatius_k.jpg HTTP/1.1" 200 3965 "http://www.morusverlag.de/cds/index.html" "Mozilla/5.0 (X11; Ubuntu; Linux x86_64; rv:100.0) Gecko/20100101 Firefox/100.0"
87.171.35.168 - - [29/May/2022:17:37:17 +0200] "GET /cds/rosarium_k.jpg HTTP/1.1" 200 3972 "http://www.morusverlag.de/cds/index.html" "Mozilla/5.0 (X11; Ubuntu; Linux x86_64; rv:100.0) Gecko/20100101 Firefox/100.0"
87.171.35.168 - - [29/May/2022:17:37:17 +0200] "GET /cds/lumina_k.jpg HTTP/1.1" 200 6053 "http://www.morusverlag.de/cds/index.html" "Mozilla/5.0 (X11; Ubuntu; Linux x86_64; rv:100.0) Gecko/20100101 Firefox/100.0"
87.171.35.168 - - [29/May/2022:17:37:17 +0200] "GET /cds/astazi_k.jpg HTTP/1.1" 200 6049 "http://www.morusverlag.de/cds/index.html" "Mozilla/5.0 (X11; Ubuntu; Linux x86_64; rv:100.0) Gecko/20100101 Firefox/100.0"
87.171.35.168 - - [29/May/2022:17:37:17 +0200] "GET /cds/glockenspiel1_k.jpg HTTP/1.1" 200 5641 "http://www.morusverlag.de/cds/index.html" "Mozilla/5.0 (X11; Ubuntu; Linux x86_64; rv:100.0) Gecko/20100101 Firefox/100.0"
87.171.35.168 - - [29/May/2022:17:37:17 +0200] "GET /cds/glockenspiel2_k.jpg HTTP/1.1" 200 5265 "http://www.morusverlag.de/cds/index.html" "Mozilla/5.0 (X11; Ubuntu; Linux x86_64; rv:100.0) Gecko/20100101 Firefox/100.0"
185.191.171.25 - - [29/May/2022:17:40:47 +0200] "GET /robots.txt HTTP/1.1" 200 100 "-" "Mozilla/5.0 (compatible; SemrushBot/7~bl; +http://www.semrush.com/bot.html)"
185.191.171.14 - - [29/May/2022:17:40:47 +0200] "GET /gotteslob/index.html HTTP/1.1" 200 2770 "-" "Mozilla/5.0 (compatible; SemrushBot/7~bl; +http://www.semrush.com/bot.html)"
213.83.37.145 - - [29/May/2022:19:05:50 +0200] "HEAD / HTTP/1.1" 200 - "-" "Mozilla/5.0 (Windows NT 6.1; rv:39.0) Gecko/20180101 Firefox/39.0"
213.83.37.145 - - [29/May/2022:19:05:50 +0200] "HEAD / HTTP/1.1" 200 - "-" "Mozilla/5.0 (Windows NT 6.1; rv:39.0) Gecko/20180101 Firefox/39.0"
213.83.37.145 - - [29/May/2022:19:05:50 +0200] "HEAD / HTTP/1.1" 200 - "-" "Mozilla/5.0 (Windows NT 6.1; rv:39.0) Gecko/20180101 Firefox/39.0"
213.83.37.145 - - [29/May/2022:19:05:50 +0200] "HEAD / HTTP/1.1" 200 - "-" "Mozilla/5.0 (Windows NT 6.1; rv:39.0) Gecko/20180101 Firefox/39.0"
5.161.100.70 - - [29/May/2022:19:23:43 +0200] "GET /sonderthemen/oeaz2002.pdf HTTP/1.1" 200 3161455 "-" "Mozilla/5.0 (Windows NT 10.0; Win64; x64) AppleWebKit/537.36 (KHTML, like Gecko) Chrome/84.0.4147.105 Safari/537.36"
42.236.10.103 - - [29/May/2022:19:49:38 +0200] "GET / HTTP/1.1" 200 9360 "http://www.morusverlag.de/" "Mozilla/5.0 (Windows NT 6.1; WOW64) AppleWebKit/537.36 (KHTML, like Gecko) Chrome/50.0.2661.102 Safari/537.36; 360Spider"
66.249.66.5 - - [29/May/2022:19:51:44 +0200] "GET /sonderthemen/sk2001.pdf HTTP/1.1" 304 - "-" "Mozilla/5.0 (Linux; Android 6.0.1; Nexus 5X Build/MMB29P) AppleWebKit/537.36 (KHTML, like Gecko) Chrome/101.0.4951.64 Mobile Safari/537.36 (compatible; Googlebot/2.1; +http://www.google.com/bot.html)"
5.161.100.70 - - [29/May/2022:20:18:36 +0200] "GET /buecher/ HTTP/1.1" 200 25885 "-" "Mozilla/5.0 (Windows NT 10.0; Win64; x64) AppleWebKit/537.36 (KHTML, like Gecko) Chrome/84.0.4147.105 Safari/537.36"
148.251.50.77 - - [29/May/2022:20:40:02 +0200] "GET /sonderthemen/sk2000.pdf HTTP/1.1" 200 2925489 "-" "Mozilla/5.0 (Macintosh; Intel Mac OS X 10.14; rv:82.0) Gecko/20100101 Firefox/82.0"
144.76.168.111 - - [29/May/2022:20:40:16 +0200] "GET /sonderthemen/oekt_extra2.pdf HTTP/1.1" 200 1939949 "-" "Mozilla/5.0 (X11; Linux x86_64) AppleWebKit/537.36 (KHTML, like Gecko) Chrome/87.0.4280.66 Safari/537.36"
168.119.11.187 - - [29/May/2022:20:40:02 +0200] "GET /sonderthemen/oekt_extra2.pdf HTTP/1.1" 200 1939949 "-" "Mozilla/5.0 (Macintosh; Intel Mac OS X 10_14_6) AppleWebKit/537.36 (KHTML, like Gecko) Chrome/86.0.4240.198 Safari/537.36"
136.243.17.161 - - [29/May/2022:20:40:31 +0200] "GET /sonderthemen/oekt_extra2.pdf HTTP/1.1" 200 1939949 "-" "Mozilla/5.0 (Macintosh; Intel Mac OS X 10.16; rv:83.0) Gecko/20100101 Firefox/83.0"
46.4.83.150 - - [29/May/2022:20:52:54 +0200] "GET /sonderthemen/oeaz2002.pdf HTTP/1.1" 200 3161455 "-" "Mozilla/5.0 (Windows NT 10.0; Win64; x64; rv:83.0) Gecko/20100101 Firefox/83.0"
144.76.168.111 - - [29/May/2022:21:02:45 +0200] "GET /buecher/index.html HTTP/1.1" 200 25885 "-" "Mozilla/5.0 (Windows NT 10.0; Win64; x64) AppleWebKit/537.36 (KHTML, like Gecko) Chrome/87.0.4280.88 Safari/537.36 Edg/87.0.664.57"
66.249.66.85 - - [29/May/2022:21:21:43 +0200] "GET /buecher/rezensionen_le_saulchoir.html HTTP/1.1" 304 - "-" "Mozilla/5.0 (Linux; Android 6.0.1; Nexus 5X Build/MMB29P) AppleWebKit/537.36 (KHTML, like Gecko) Chrome/101.0.4951.64 Mobile Safari/537.36 (compatible; Googlebot/2.1; +http://www.google.com/bot.html)"
54.36.148.64 - - [29/May/2022:21:25:26 +0200] "GET / HTTP/1.1" 200 9360 "-" "Mozilla/5.0 (compatible; AhrefsBot/7.0; +http://ahrefs.com/robot/)"
157.90.177.227 - - [29/May/2022:21:44:57 +0200] "GET /robots.txt HTTP/1.1" 200 100 "-" "Mozilla/5.0 (compatible; BLEXBot/1.0; +http://webmeup-crawler.com/)"
157.90.177.227 - - [29/May/2022:21:44:57 +0200] "GET /sitemap HTTP/1.1" 404 2381 "-" "Mozilla/5.0 (compatible; BLEXBot/1.0; +http://webmeup-crawler.com/)"
157.90.177.227 - - [29/May/2022:21:45:02 +0200] "GET /sitemap.txt HTTP/1.1" 404 2381 "-" "Mozilla/5.0 (compatible; BLEXBot/1.0; +http://webmeup-crawler.com/)"
157.90.177.227 - - [29/May/2022:21:45:05 +0200] "GET /buecher/rezensionen_ungeteilt.html HTTP/1.1" 200 9764 "-" "Mozilla/5.0 (compatible; BLEXBot/1.0; +http://webmeup-crawler.com/)"
40.114.182.172 - - [29/May/2022:23:04:11 +0200] "GET / HTTP/1.1" 200 9360 "-" "Mozilla/5.0 (iPhone; CPU iPhone OS 13_3 like Mac OS X) AppleWebKit/605.1.15 (KHTML%2C like Gecko) Mobile/15E148"
51.222.253.18 - - [30/May/2022:00:22:21 +0200] "GET /robots.txt HTTP/1.1" 200 100 "-" "Mozilla/5.0 (compatible; AhrefsBot/7.0; +http://ahrefs.com/robot/)"
54.36.148.23 - - [30/May/2022:00:22:22 +0200] "GET /cds/index.html HTTP/1.1" 200 7987 "-" "Mozilla/5.0 (compatible; AhrefsBot/7.0; +http://ahrefs.com/robot/)"
168.119.69.91 - - [30/May/2022:00:59:47 +0200] "GET /buecher HTTP/1.1" 301 354 "-" "Mozilla/5.0 (Windows NT 10.0; Win64; x64) AppleWebKit/537.36 (KHTML, like Gecko) Chrome/87.0.4280.67 Safari/537.36 Edg/87.0.664.52"
78.46.94.83 - - [30/May/2022:00:59:47 +0200] "GET /buecher/index.html HTTP/1.1" 200 25885 "-" "Mozilla/5.0 (Macintosh; Intel Mac OS X 10_15_5) AppleWebKit/537.36 (KHTML, like Gecko) Chrome/86.0.4240.198 Safari/537.36"
78.46.90.120 - - [30/May/2022:00:59:47 +0200] "GET /buecher/ HTTP/1.1" 200 25885 "-" "Mozilla/5.0 (Windows NT 10.0; Win64; x64) AppleWebKit/537.36 (KHTML, like Gecko) Chrome/85.0.4183.121 Safari/537.36"
168.119.69.91 - - [30/May/2022:00:59:47 +0200] "GET /buecher/ HTTP/1.1" 200 25885 "-" "Mozilla/5.0 (Windows NT 10.0; Win64; x64) AppleWebKit/537.36 (KHTML, like Gecko) Chrome/87.0.4280.67 Safari/537.36 Edg/87.0.664.52"
148.251.50.77 - - [30/May/2022:01:13:33 +0200] "GET /sonderthemen/oekz2003.pdf HTTP/1.1" 200 4017017 "-" "Mozilla/5.0 (Windows NT 6.1; Win64; x64) AppleWebKit/537.36 (KHTML, like Gecko) Chrome/87.0.4280.88 Safari/537.36"
148.251.50.77 - - [30/May/2022:01:13:35 +0200] "GET /sonderthemen/az2003.pdf HTTP/1.1" 200 4864675 "-" "Mozilla/5.0 (X11; Linux x86_64; rv:82.0) Gecko/20100101 Firefox/82.0"
168.119.11.187 - - [30/May/2022:01:13:34 +0200] "GET /sonderthemen/oekz2003.pdf HTTP/1.1" 200 4017017 "-" "Mozilla/5.0 (Windows NT 10.0; Win64; x64; rv:82.0) Gecko/20100101 Firefox/82.0"
88.198.90.9 - - [30/May/2022:01:14:21 +0200] "GET /sonderthemen/az2003.pdf HTTP/1.1" 200 4864675 "-" "Mozilla/5.0 (X11; Linux x86_64) AppleWebKit/537.36 (KHTML, like Gecko) Chrome/86.0.4240.198 Safari/537.36"
168.119.69.91 - - [30/May/2022:01:13:58 +0200] "GET /sonderthemen/az2003.pdf HTTP/1.1" 200 4864675 "-" "Mozilla/5.0 (Macintosh; Intel Mac OS X 10_15_7) AppleWebKit/537.36 (KHTML, like Gecko) Chrome/86.0.4240.183 Safari/537.36"
168.119.69.91 - - [30/May/2022:01:13:57 +0200] "GET /sonderthemen/az2003.pdf HTTP/1.1" 200 4864675 "-" "Mozilla/5.0 (Windows NT 10.0; Win64; x64; rv:83.0) Gecko/20100101 Firefox/83.0"
136.243.17.161 - - [30/May/2022:01:14:27 +0200] "GET /sonderthemen/oekz2003.pdf HTTP/1.1" 200 4017017 "-" "Mozilla/5.0 (Macintosh; Intel Mac OS X 10.15; rv:82.0) Gecko/20100101 Firefox/82.0"
178.63.51.106 - - [30/May/2022:01:14:11 +0200] "GET /sonderthemen/oekz2003.pdf HTTP/1.1" 200 4017017 "-" "Mozilla/5.0 (X11; Linux x86_64; rv:78.0) Gecko/20100101 Firefox/78.0"
178.63.51.106 - - [30/May/2022:01:14:06 +0200] "GET /sonderthemen/oekz2003.pdf HTTP/1.1" 200 4017017 "-" "Mozilla/5.0 (Macintosh; Intel Mac OS X 11_1_0) AppleWebKit/537.36 (KHTML, like Gecko) Chrome/87.0.4280.88 Safari/537.36"
88.198.90.9 - - [30/May/2022:01:14:30 +0200] "GET /sonderthemen/oekz2003.pdf HTTP/1.1" 200 4017017 "-" "Mozilla/5.0 (X11; Ubuntu; Linux x86_64; rv:83.0) Gecko/20100101 Firefox/83.0"
168.119.11.187 - - [30/May/2022:01:13:34 +0200] "GET /sonderthemen/az2003.pdf HTTP/1.1" 200 4864675 "-" "Mozilla/5.0 (Windows NT 10.0; Win64; x64) AppleWebKit/537.36 (KHTML, like Gecko) Chrome/86.0.4240.198 Safari/537.36"
40.77.167.102 - - [30/May/2022:01:48:32 +0200] "GET /robots.txt HTTP/1.1" 200 100 "-" "Mozilla/5.0 (compatible; bingbot/2.0; +http://www.bing.com/bingbot.htm)"
40.77.167.8 - - [30/May/2022:01:48:41 +0200] "GET /buecher/veroeffentlichungsliste.html HTTP/1.1" 200 129779 "-" "Mozilla/5.0 (compatible; bingbot/2.0; +http://www.bing.com/bingbot.htm)"
65.108.99.188 - - [30/May/2022:03:03:19 +0200] "GET /sonderthemen/sk2000.pdf HTTP/1.1" 200 2925489 "-" "Mozilla/5.0 (compatible; Seekport Crawler; http://seekport.com/)"
65.108.99.188 - - [30/May/2022:03:03:21 +0200] "GET /sonderthemen/oeaz2001.pdf HTTP/1.1" 200 4496626 "-" "Mozilla/5.0 (compatible; Seekport Crawler; http://seekport.com/)"
65.108.99.188 - - [30/May/2022:03:03:22 +0200] "GET /sonderthemen/az2003.pdf HTTP/1.1" 200 4864675 "-" "Mozilla/5.0 (compatible; Seekport Crawler; http://seekport.com/)"
65.108.99.188 - - [30/May/2022:03:03:23 +0200] "GET /sonderthemen/az1999.pdf HTTP/1.1" 200 1842982 "-" "Mozilla/5.0 (compatible; Seekport Crawler; http://seekport.com/)"
65.108.99.188 - - [30/May/2022:03:03:24 +0200] "GET /sonderthemen/az2000.pdf HTTP/1.1" 200 2253581 "-" "Mozilla/5.0 (compatible; Seekport Crawler; http://seekport.com/)"
65.108.99.188 - - [30/May/2022:03:03:25 +0200] "GET /sonderthemen/sk2002.pdf HTTP/1.1" 200 2628923 "-" "Mozilla/5.0 (compatible; Seekport Crawler; http://seekport.com/)"
65.108.99.188 - - [30/May/2022:03:03:26 +0200] "GET /sonderthemen/oeaz2002.pdf HTTP/1.1" 200 3161455 "-" "Mozilla/5.0 (compatible; Seekport Crawler; http://seekport.com/)"
65.108.99.188 - - [30/May/2022:03:03:27 +0200] "GET /sonderthemen/oekz2003.pdf HTTP/1.1" 200 4017017 "-" "Mozilla/5.0 (compatible; Seekport Crawler; http://seekport.com/)"
65.108.99.188 - - [30/May/2022:03:03:28 +0200] "GET /sonderthemen/sk2001.pdf HTTP/1.1" 200 3098589 "-" "Mozilla/5.0 (compatible; Seekport Crawler; http://seekport.com/)"
65.108.99.188 - - [30/May/2022:03:03:29 +0200] "GET /sonderthemen/oekt_extra2.pdf HTTP/1.1" 200 1939949 "-" "Mozilla/5.0 (compatible; Seekport Crawler; http://seekport.com/)"
142.132.203.106 - - [30/May/2022:03:15:54 +0200] "GET /_ignition/execute-solution HTTP/1.1" 404 2381 "-" "python-requests/2.27.1"
142.132.203.106 - - [30/May/2022:03:15:58 +0200] "GET //Yeo.php HTTP/1.1" 404 2381 "-" "Mozilla/5.0 (X11; Linux x86_64) AppleWebKit/537.36 (KHTML, like Gecko) Chrome/51.0.2704.103 Safari/537.36"
78.46.94.83 - - [30/May/2022:04:00:17 +0200] "GET /sonderthemen/oekt_extra1.pdf HTTP/1.1" 200 1849015 "-" "Mozilla/5.0 (Macintosh; Intel Mac OS X 10_14_6) AppleWebKit/537.36 (KHTML, like Gecko) Chrome/87.0.4280.67 Safari/537.36"
205.210.31.35 - - [30/May/2022:04:22:06 +0200] "GET / HTTP/1.1" 200 9360 "-" "Expanse, a Palo Alto Networks company, searches across the global IPv4 space multiple times per day to identify customers' presences on the Internet. If you would like to be excluded from our scans, please send IP addresses/domains to: scaninfo@paloaltonetworks.com"
193.124.191.92 - - [30/May/2022:04:27:28 +0200] "HEAD / HTTP/1.1" 200 - "https://sberbank-business.ru/" "Mozilla/7.0 (compatible; MSIE5.00; Windows 2009)"
193.124.188.83 - - [30/May/2022:04:27:28 +0200] "HEAD / HTTP/1.1" 200 - "https://alljus.ru/avtoyurist/proverka-avtomobilya-po-vin-kodu.html" "Mozilla/7.0 (compatible; MSIE4.00; Windows 2006)"
94.142.141.230 - - [30/May/2022:04:27:29 +0200] "HEAD / HTTP/1.1" 200 - "https://999fm.ru" "Mozilla/3.0 (compatible; MSIE2.00; Windows 2006)"
65.108.6.34 - - [30/May/2022:04:35:49 +0200] "GET /robots.txt HTTP/1.1" 200 100 "-" "Mozilla/5.0 (compatible; SEOkicks; +https://www.seokicks.de/robot.html)"
65.108.6.34 - - [30/May/2022:04:35:50 +0200] "GET / HTTP/1.1" 200 9360 "-" "Mozilla/5.0 (compatible; SEOkicks; +https://www.seokicks.de/robot.html)"
65.108.6.34 - - [30/May/2022:04:35:52 +0200] "GET /buecher/index.html HTTP/1.1" 200 25885 "http://www.morusverlag.de/" "Mozilla/5.0 (compatible; SEOkicks; +https://www.seokicks.de/robot.html)"
65.108.6.34 - - [30/May/2022:04:35:53 +0200] "GET /cds/index.html HTTP/1.1" 200 7987 "http://www.morusverlag.de/" "Mozilla/5.0 (compatible; SEOkicks; +https://www.seokicks.de/robot.html)"
65.108.6.34 - - [30/May/2022:04:35:54 +0200] "GET /gotteslob/index.html HTTP/1.1" 200 2770 "http://www.morusverlag.de/" "Mozilla/5.0 (compatible; SEOkicks; +https://www.seokicks.de/robot.html)"
65.108.6.34 - - [30/May/2022:04:35:55 +0200] "GET /jahrbuch/index.html HTTP/1.1" 200 3956 "http://www.morusverlag.de/" "Mozilla/5.0 (compatible; SEOkicks; +https://www.seokicks.de/robot.html)"
65.108.6.34 - - [30/May/2022:04:35:57 +0200] "GET /sonderthemen/index.html HTTP/1.1" 200 7102 "http://www.morusverlag.de/" "Mozilla/5.0 (compatible; SEOkicks; +https://www.seokicks.de/robot.html)"
65.108.6.34 - - [30/May/2022:04:35:58 +0200] "GET /kontakt/index.html HTTP/1.1" 200 2896 "http://www.morusverlag.de/" "Mozilla/5.0 (compatible; SEOkicks; +https://www.seokicks.de/robot.html)"
65.108.6.34 - - [30/May/2022:04:36:00 +0200] "GET /impressum.html HTTP/1.1" 200 2808 "http://www.morusverlag.de/" "Mozilla/5.0 (compatible; SEOkicks; +https://www.seokicks.de/robot.html)"
80.85.136.157 - - [30/May/2022:04:36:00 +0200] "HEAD / HTTP/1.1" 200 - "https://www.prjadko.kiev.ua/pamyatniki/pamyatniki-iz-mramora.html" "Mozilla/4.0 (compatible; MSIE6.00; Windows 2004)"
80.85.136.159 - - [30/May/2022:04:36:00 +0200] "HEAD / HTTP/1.1" 200 - "https://exchanger24.org/" "Mozilla/7.0 (compatible; MSIE2.00; Windows 2002)"
65.108.6.34 - - [30/May/2022:04:36:01 +0200] "GET /cds/rosarium.html HTTP/1.1" 200 6680 "http://www.morusverlag.de/" "Mozilla/5.0 (compatible; SEOkicks; +https://www.seokicks.de/robot.html)"
193.3.168.17 - - [30/May/2022:04:36:01 +0200] "HEAD / HTTP/1.1" 200 - "https://sobolland.ru" "Mozilla/4.0 (compatible; MSIE5.00; Windows 2009)"
52.226.227.211 - - [30/May/2022:05:01:23 +0200] "GET /robots.txt HTTP/1.1" 200 100 "-" "python-requests/2.27.1"
52.226.227.211 - - [30/May/2022:05:01:29 +0200] "GET /mv_g.gif HTTP/1.1" 200 4070 "-" "Mozilla/5.0 (Windows NT 10.0; Win64; x64) AppleWebKit/537.36 (KHTML, like Gecko) Chrome/76.0.3809.100 Safari/537.36"
54.36.148.201 - - [30/May/2022:05:14:49 +0200] "GET /buecher/veroeffentlichungsliste.html HTTP/1.1" 200 129779 "-" "Mozilla/5.0 (compatible; AhrefsBot/7.0; +http://ahrefs.com/robot/)"
65.108.6.34 - - [30/May/2022:05:19:26 +0200] "GET /cds/ignatius.html HTTP/1.1" 200 6576 "http://www.morusverlag.de/" "Mozilla/5.0 (compatible; SEOkicks; +https://www.seokicks.de/robot.html)"
65.108.6.34 - - [30/May/2022:05:19:28 +0200] "GET /cds/hymnos_akathistos.html HTTP/1.1" 200 11061 "http://www.morusverlag.de/" "Mozilla/5.0 (compatible; SEOkicks; +https://www.seokicks.de/robot.html)"
65.108.6.34 - - [30/May/2022:05:19:31 +0200] "GET /buecher/rezensionen_chateaubriand.html HTTP/1.1" 200 47317 "http://www.morusverlag.de/" "Mozilla/5.0 (compatible; SEOkicks; +https://www.seokicks.de/robot.html)"
65.108.6.34 - - [30/May/2022:05:19:32 +0200] "GET /buecher/veroeffentlichungsliste.html HTTP/1.1" 200 129779 "http://www.morusverlag.de/" "Mozilla/5.0 (compatible; SEOkicks; +https://www.seokicks.de/robot.html)"
65.108.6.34 - - [30/May/2022:05:19:34 +0200] "GET /index.html HTTP/1.1" 200 9360 "http://www.morusverlag.de/buecher/index.html" "Mozilla/5.0 (compatible; SEOkicks; +https://www.seokicks.de/robot.html)"
65.108.6.34 - - [30/May/2022:05:19:39 +0200] "GET /buecher/bestellung.php HTTP/1.1" 200 10142 "http://www.morusverlag.de/buecher/index.html" "Mozilla/5.0 (compatible; SEOkicks; +https://www.seokicks.de/robot.html)"
65.108.6.34 - - [30/May/2022:05:19:40 +0200] "GET /buecher/rezensionen_psalmen.html HTTP/1.1" 200 6787 "http://www.morusverlag.de/buecher/index.html" "Mozilla/5.0 (compatible; SEOkicks; +https://www.seokicks.de/robot.html)"
65.108.6.34 - - [30/May/2022:05:19:41 +0200] "GET /buecher/rezensionen_engel.html HTTP/1.1" 200 6598 "http://www.morusverlag.de/buecher/index.html" "Mozilla/5.0 (compatible; SEOkicks; +https://www.seokicks.de/robot.html)"
65.108.6.34 - - [30/May/2022:05:19:43 +0200] "GET /buecher/diskussion.html HTTP/1.1" 200 9925 "http://www.morusverlag.de/buecher/index.html" "Mozilla/5.0 (compatible; SEOkicks; +https://www.seokicks.de/robot.html)"
65.108.6.34 - - [30/May/2022:05:19:45 +0200] "GET /buecher/rezensionen_le_saulchoir.html HTTP/1.1" 200 34009 "http://www.morusverlag.de/buecher/index.html" "Mozilla/5.0 (compatible; SEOkicks; +https://www.seokicks.de/robot.html)"
65.108.6.34 - - [30/May/2022:05:19:46 +0200] "GET /buecher/rezensionen_krise_zum_heil.html HTTP/1.1" 200 9828 "http://www.morusverlag.de/buecher/index.html" "Mozilla/5.0 (compatible; SEOkicks; +https://www.seokicks.de/robot.html)"
185.5.249.185 - - [30/May/2022:06:07:50 +0200] "HEAD / HTTP/1.1" 200 - "https://dezses-rostovnd.ru" "Mozilla/8.0 (compatible; MSIE3.00; Windows 2004)"
194.67.207.94 - - [30/May/2022:06:07:56 +0200] "HEAD / HTTP/1.1" 200 - "https://dezcenterkrasnodar.ru/unichtozhenie-tarakanov/" "Mozilla/6.0 (compatible; MSIE4.00; Windows 2003)"
185.191.171.5 - - [30/May/2022:06:30:22 +0200] "GET /robots.txt HTTP/1.1" 200 100 "-" "Mozilla/5.0 (compatible; SemrushBot/7~bl; +http://www.semrush.com/bot.html)"
185.191.171.17 - - [30/May/2022:06:30:22 +0200] "GET /buecher/rezensionen_ungeteilt.html HTTP/1.1" 200 9764 "-" "Mozilla/5.0 (compatible; SemrushBot/7~bl; +http://www.semrush.com/bot.html)"
65.108.6.34 - - [30/May/2022:06:47:23 +0200] "GET /buecher/rezensionen_nicht_auf_sand_gebaut.html HTTP/1.1" 200 6594 "http://www.morusverlag.de/buecher/index.html" "Mozilla/5.0 (compatible; SEOkicks; +https://www.seokicks.de/robot.html)"
65.108.6.34 - - [30/May/2022:06:47:24 +0200] "GET /buecher/rezensionen_leiblichkeit_und_zeitlichkeit.html HTTP/1.1" 200 8821 "http://www.morusverlag.de/buecher/index.html" "Mozilla/5.0 (compatible; SEOkicks; +https://www.seokicks.de/robot.html)"
65.108.6.34 - - [30/May/2022:06:47:25 +0200] "GET /buecher/rezensionen_preysing.html HTTP/1.1" 200 9502 "http://www.morusverlag.de/buecher/index.html" "Mozilla/5.0 (compatible; SEOkicks; +https://www.seokicks.de/robot.html)"
65.108.6.34 - - [30/May/2022:06:47:26 +0200] "GET /cds/glockenspiel1.html HTTP/1.1" 200 9736 "http://www.morusverlag.de/cds/index.html" "Mozilla/5.0 (compatible; SEOkicks; +https://www.seokicks.de/robot.html)"
65.108.6.34 - - [30/May/2022:06:47:27 +0200] "GET /cds/glockenspiel2.html HTTP/1.1" 200 9831 "http://www.morusverlag.de/cds/index.html" "Mozilla/5.0 (compatible; SEOkicks; +https://www.seokicks.de/robot.html)"
65.108.6.34 - - [30/May/2022:06:47:28 +0200] "GET /cds/lumina.html HTTP/1.1" 200 9000 "http://www.morusverlag.de/cds/index.html" "Mozilla/5.0 (compatible; SEOkicks; +https://www.seokicks.de/robot.html)"
65.108.6.34 - - [30/May/2022:06:47:29 +0200] "GET /cds/astazi.html HTTP/1.1" 200 8453 "http://www.morusverlag.de/cds/index.html" "Mozilla/5.0 (compatible; SEOkicks; +https://www.seokicks.de/robot.html)"
65.108.6.34 - - [30/May/2022:06:47:30 +0200] "GET /jahrbuch/titelseiten/index.html HTTP/1.1" 200 6735 "http://www.morusverlag.de/jahrbuch/index.html" "Mozilla/5.0 (compatible; SEOkicks; +https://www.seokicks.de/robot.html)"
65.108.6.34 - - [30/May/2022:06:47:32 +0200] "GET /jahrbuch/bestellung.php HTTP/1.1" 200 10316 "http://www.morusverlag.de/jahrbuch/index.html" "Mozilla/5.0 (compatible; SEOkicks; +https://www.seokicks.de/robot.html)"
65.108.6.34 - - [30/May/2022:06:47:33 +0200] "GET /sonderthemen/archiv.html HTTP/1.1" 200 6959 "http://www.morusverlag.de/sonderthemen/index.html" "Mozilla/5.0 (compatible; SEOkicks; +https://www.seokicks.de/robot.html)"
65.108.6.34 - - [30/May/2022:06:47:34 +0200] "GET /sonderthemen/presse.html HTTP/1.1" 200 5772 "http://www.morusverlag.de/sonderthemen/index.html" "Mozilla/5.0 (compatible; SEOkicks; +https://www.seokicks.de/robot.html)"
66.249.66.7 - - [30/May/2022:06:56:01 +0200] "GET /sonderthemen/az2000.pdf HTTP/1.1" 304 - "-" "Mozilla/5.0 (Linux; Android 6.0.1; Nexus 5X Build/MMB29P) AppleWebKit/537.36 (KHTML, like Gecko) Chrome/101.0.4951.64 Mobile Safari/537.36 (compatible; Googlebot/2.1; +http://www.google.com/bot.html)"
185.125.219.13 - - [30/May/2022:07:11:40 +0200] "HEAD / HTTP/1.1" 200 - "https://www.kolavent.ru" "Mozilla/2.0 (compatible; MSIE3.00; Windows 2004)"
193.124.190.18 - - [30/May/2022:07:11:40 +0200] "HEAD / HTTP/1.1" 200 - "https://ooogms.ru" "Mozilla/8.0 (compatible; MSIE7.00; Windows 2002)"
194.67.207.9 - - [30/May/2022:07:11:40 +0200] "HEAD / HTTP/1.1" 200 - "https://semilia42.ru" "Mozilla/5.0 (compatible; MSIE3.00; Windows 2004)"
194.67.210.77 - - [30/May/2022:07:11:41 +0200] "HEAD / HTTP/1.1" 200 - "https://golden-rus-travel.ru/e107_plugins/trips/trips_categories.php?cat=103" "Mozilla/3.0 (compatible; MSIE2.00; Windows 2007)"
40.77.167.8 - - [30/May/2022:07:32:44 +0200] "GET /buecher/veroeffentlichungsliste.html HTTP/1.1" 200 129779 "-" "Mozilla/5.0 (compatible; bingbot/2.0; +http://www.bing.com/bingbot.htm)"
185.191.171.5 - - [30/May/2022:07:39:03 +0200] "GET /robots.txt HTTP/1.1" 200 100 "-" "Mozilla/5.0 (compatible; SemrushBot/7~bl; +http://www.semrush.com/bot.html)"
185.191.171.24 - - [30/May/2022:07:39:03 +0200] "GET /buecher/rezensionen_leiblichkeit_und_zeitlichkeit.html HTTP/1.1" 200 8821 "-" "Mozilla/5.0 (compatible; SemrushBot/7~bl; +http://www.semrush.com/bot.html)"
168.119.11.187 - - [30/May/2022:07:58:55 +0200] "GET /sonderthemen/oekt_extra1.pdf HTTP/1.1" 200 1849015 "-" "Mozilla/5.0 (Macintosh; Intel Mac OS X 10_15_6) AppleWebKit/605.1.15 (KHTML, like Gecko) Version/14.0.1 Safari/605.1.15"
144.76.102.243 - - [30/May/2022:07:59:09 +0200] "GET /sonderthemen/oekt_extra1.pdf HTTP/1.1" 200 1849015 "-" "Mozilla/5.0 (X11; Linux x86_64; rv:83.0) Gecko/20100101 Firefox/83.0"
65.108.6.34 - - [30/May/2022:08:11:50 +0200] "GET /buecher/rezensionen_ignatius.html HTTP/1.1" 200 8182 "http://www.morusverlag.de/cds/ignatius.html" "Mozilla/5.0 (compatible; SEOkicks; +https://www.seokicks.de/robot.html)"
65.108.6.34 - - [30/May/2022:08:11:52 +0200] "GET /buecher/rezensionen.html HTTP/1.1" 200 6964 "http://www.morusverlag.de/buecher/rezensionen_chateaubriand.html" "Mozilla/5.0 (compatible; SEOkicks; +https://www.seokicks.de/robot.html)"
65.108.6.34 - - [30/May/2022:08:11:53 +0200] "GET /buecher/rezensionen_ungeteilt.html HTTP/1.1" 200 9764 "http://www.morusverlag.de/buecher/rezensionen.html" "Mozilla/5.0 (compatible; SEOkicks; +https://www.seokicks.de/robot.html)"
54.36.149.37 - - [30/May/2022:09:00:23 +0200] "GET /sonderthemen/index.html HTTP/1.1" 200 7102 "-" "Mozilla/5.0 (compatible; AhrefsBot/7.0; +http://ahrefs.com/robot/)"
66.249.66.7 - - [30/May/2022:09:56:00 +0200] "GET /sonderthemen/az1999.pdf HTTP/1.1" 304 - "-" "Mozilla/5.0 (Linux; Android 6.0.1; Nexus 5X Build/MMB29P) AppleWebKit/537.36 (KHTML, like Gecko) Chrome/101.0.4951.64 Mobile Safari/537.36 (compatible; Googlebot/2.1; +http://www.google.com/bot.html)"
66.249.66.5 - - [30/May/2022:09:58:01 +0200] "GET /sonderthemen/oekt_extra2.pdf HTTP/1.1" 304 - "-" "Mozilla/5.0 (Linux; Android 6.0.1; Nexus 5X Build/MMB29P) AppleWebKit/537.36 (KHTML, like Gecko) Chrome/101.0.4951.64 Mobile Safari/537.36 (compatible; Googlebot/2.1; +http://www.google.com/bot.html)"
168.119.11.187 - - [30/May/2022:10:28:23 +0200] "GET /buecher/rezensionen_nicht_auf_sand_gebaut.html HTTP/1.1" 200 6594 "-" "Mozilla/5.0 (Windows NT 10.0; Win64; x64) AppleWebKit/537.36 (KHTML, like Gecko) Chrome/87.0.4280.101 Safari/537.36"
168.119.11.187 - - [30/May/2022:10:28:24 +0200] "GET /buecher/ HTTP/1.1" 200 25885 "-" "Mozilla/5.0 (Macintosh; Intel Mac OS X 10_15_6) AppleWebKit/537.36 (KHTML, like Gecko) Chrome/86.0.4240.198 Safari/537.36"
66.249.66.2 - - [30/May/2022:10:41:00 +0200] "GET /buecher/rezensionen_psalmen.html HTTP/1.1" 304 - "-" "Mozilla/5.0 (Linux; Android 6.0.1; Nexus 5X Build/MMB29P) AppleWebKit/537.36 (KHTML, like Gecko) Chrome/101.0.4951.64 Mobile Safari/537.36 (compatible; Googlebot/2.1; +http://www.google.com/bot.html)"
66.249.66.2 - - [30/May/2022:11:26:00 +0200] "GET /buecher/rezensionen_ungeteilt.html HTTP/1.1" 304 - "-" "Mozilla/5.0 (Linux; Android 6.0.1; Nexus 5X Build/MMB29P) AppleWebKit/537.36 (KHTML, like Gecko) Chrome/101.0.4951.64 Mobile Safari/537.36 (compatible; Googlebot/2.1; +http://www.google.com/bot.html)"
114.119.143.1 - - [30/May/2022:11:41:52 +0200] "GET /robots.txt HTTP/1.1" 200 100 "-" "Mozilla/5.0 (compatible;PetalBot;+https://webmaster.petalsearch.com/site/petalbot)"
42.200.188.133 - - [30/May/2022:13:21:36 +0200] "GET /robots.txt HTTP/1.1" 200 100 "-" "Mozilla/5.0 (compatible; MJ12bot/v1.4.8; http://mj12bot.com/)"
42.200.188.133 - - [30/May/2022:13:21:38 +0200] "GET /buecher/bestellung.php HTTP/1.1" 200 10142 "-" "Mozilla/5.0 (compatible; MJ12bot/v1.4.8; http://mj12bot.com/)"
46.4.83.150 - - [30/May/2022:13:47:30 +0200] "GET /sonderthemen/az2003.pdf HTTP/1.1" 200 4864675 "-" "Mozilla/5.0 (Macintosh; Intel Mac OS X 10_15_7) AppleWebKit/537.36 (KHTML, like Gecko) Chrome/86.0.4240.198 Safari/537.36"
40.77.167.8 - - [30/May/2022:13:57:10 +0200] "GET /sonderthemen/index.html HTTP/1.1" 304 - "-" "Mozilla/5.0 (compatible; bingbot/2.0; +http://www.bing.com/bingbot.htm)"
94.31.80.126 - - [30/May/2022:14:04:15 +0200] "GET /cds/hymnos_akathistos.html HTTP/1.1" 200 11061 "https://www.google.com/" "Mozilla/5.0 (Windows NT 10.0; Win64; x64) AppleWebKit/537.36 (KHTML, like Gecko) Chrome/101.0.4951.67 Safari/537.36"
94.31.80.126 - - [30/May/2022:14:04:16 +0200] "GET /logo_g.gif HTTP/1.1" 200 1301 "http://www.morusverlag.de/cds/hymnos_akathistos.html" "Mozilla/5.0 (Windows NT 10.0; Win64; x64) AppleWebKit/537.36 (KHTML, like Gecko) Chrome/101.0.4951.67 Safari/537.36"
94.31.80.126 - - [30/May/2022:14:04:16 +0200] "GET /main.css HTTP/1.1" 200 1439 "http://www.morusverlag.de/cds/hymnos_akathistos.html" "Mozilla/5.0 (Windows NT 10.0; Win64; x64) AppleWebKit/537.36 (KHTML, like Gecko) Chrome/101.0.4951.67 Safari/537.36"
94.31.80.126 - - [30/May/2022:14:04:16 +0200] "GET /m.gif HTTP/1.1" 200 95 "http://www.morusverlag.de/cds/hymnos_akathistos.html" "Mozilla/5.0 (Windows NT 10.0; Win64; x64) AppleWebKit/537.36 (KHTML, like Gecko) Chrome/101.0.4951.67 Safari/537.36"
94.31.80.126 - - [30/May/2022:14:04:16 +0200] "GET /mv_g.gif HTTP/1.1" 200 4070 "http://www.morusverlag.de/cds/hymnos_akathistos.html" "Mozilla/5.0 (Windows NT 10.0; Win64; x64) AppleWebKit/537.36 (KHTML, like Gecko) Chrome/101.0.4951.67 Safari/537.36"
94.31.80.126 - - [30/May/2022:14:04:16 +0200] "GET /cds/hymnos.jpg HTTP/1.1" 200 27752 "http://www.morusverlag.de/cds/hymnos_akathistos.html" "Mozilla/5.0 (Windows NT 10.0; Win64; x64) AppleWebKit/537.36 (KHTML, like Gecko) Chrome/101.0.4951.67 Safari/537.36"
94.31.80.126 - - [30/May/2022:14:04:16 +0200] "GET /pf.gif HTTP/1.1" 200 62 "http://www.morusverlag.de/cds/hymnos_akathistos.html" "Mozilla/5.0 (Windows NT 10.0; Win64; x64) AppleWebKit/537.36 (KHTML, like Gecko) Chrome/101.0.4951.67 Safari/537.36"
94.31.80.126 - - [30/May/2022:14:04:16 +0200] "GET /cds/hymnos_heft.jpg HTTP/1.1" 200 8653 "http://www.morusverlag.de/cds/hymnos_akathistos.html" "Mozilla/5.0 (Windows NT 10.0; Win64; x64) AppleWebKit/537.36 (KHTML, like Gecko) Chrome/101.0.4951.67 Safari/537.36"
