66.249.66.7 - - [10/May/2022:12:07:08 +0200] "GET /sonderthemen/oekt_extra3.pdf HTTP/1.1" 304 - "-" "Mozilla/5.0 (Linux; Android 6.0.1; Nexus 5X Build/MMB29P) AppleWebKit/537.36 (KHTML, like Gecko) Chrome/101.0.4951.54 Mobile Safari/537.36 (compatible; Googlebot/2.1; +http://www.google.com/bot.html)"
66.249.64.82 - - [10/May/2022:12:29:39 +0200] "GET /sonderthemen/ HTTP/1.1" 304 - "-" "Mozilla/5.0 (compatible; Googlebot/2.1; +http://www.google.com/bot.html)"
17.121.113.151 - - [10/May/2022:13:29:35 +0200] "GET /robots.txt HTTP/1.1" 200 100 "-" "Mozilla/5.0 (Macintosh; Intel Mac OS X 10_15_5) AppleWebKit/605.1.15 (KHTML, like Gecko) Version/13.1.1 Safari/605.1.15 (Applebot/0.1; +http://www.apple.com/go/applebot)"
17.121.113.151 - - [10/May/2022:13:29:35 +0200] "GET /cds/hymnos_akathistos.html HTTP/1.1" 200 11061 "-" "Mozilla/5.0 (Macintosh; Intel Mac OS X 10_15_5) AppleWebKit/605.1.15 (KHTML, like Gecko) Version/13.1.1 Safari/605.1.15 (Applebot/0.1; +http://www.apple.com/go/applebot)"
66.249.64.83 - - [10/May/2022:13:37:08 +0200] "GET /cds/hymnos_akathistos.html HTTP/1.1" 304 - "-" "Mozilla/5.0 (compatible; Googlebot/2.1; +http://www.google.com/bot.html)"
157.55.39.88 - - [10/May/2022:14:20:41 +0200] "GET / HTTP/1.1" 200 9360 "-" "Mozilla/5.0 (compatible; bingbot/2.0; +http://www.bing.com/bingbot.htm)"
17.58.59.22 - - [10/May/2022:14:23:03 +0200] "GET / HTTP/1.1" 200 9360 "-" "Mozilla/5.0 (Macintosh; Intel Mac OS X 10_15_7) AppleWebKit/605.1.15 (KHTML, like Gecko) Version/14.1.1 Safari/605.1.15"
193.3.168.17 - - [10/May/2022:14:51:44 +0200] "HEAD / HTTP/1.1" 200 - "https://ivakon.ru/stellazhi/palletnye-frontalnye/" "Mozilla/7.0 (compatible; MSIE6.00; Windows 2009)"
80.85.136.157 - - [10/May/2022:14:51:45 +0200] "HEAD / HTTP/1.1" 200 - "https://fast-change.net" "Mozilla/7.0 (compatible; MSIE6.00; Windows 2002)"
80.85.136.159 - - [10/May/2022:14:51:45 +0200] "HEAD / HTTP/1.1" 200 - "https://ritual.nars.su/pamyatniki-metallich%D0%B5skie.html" "Mozilla/4.0 (compatible; MSIE3.00; Windows 2002)"
185.5.249.185 - - [10/May/2022:15:33:17 +0200] "HEAD / HTTP/1.1" 200 - "https://turok.cc/210-prigovor-pravosudie-lhd-turok7.html" "Mozilla/7.0 (compatible; MSIE3.00; Windows 2002)"
194.67.207.94 - - [10/May/2022:15:33:18 +0200] "HEAD / HTTP/1.1" 200 - "https://www.evrovet.su/uslugi/terapiya/" "Mozilla/6.0 (compatible; MSIE6.00; Windows 2003)"
148.251.50.77 - - [10/May/2022:15:43:16 +0200] "GET /buecher/index.html HTTP/1.1" 200 25885 "-" "Mozilla/5.0 (Windows NT 10.0; Win64; x64) AppleWebKit/537.36 (KHTML, like Gecko) Chrome/86.0.4240.193 Safari/537.36"
23.100.232.233 - - [10/May/2022:16:18:26 +0200] "GET /buecher/index.html HTTP/1.1" 200 25885 "-" "Mozilla/5.0 (compatible; MSIE 9.0; Windows NT 6.0; Trident/5.0; Trident/5.0)"
23.100.232.233 - - [10/May/2022:16:18:26 +0200] "GET /main.css HTTP/1.1" 200 1439 "http://www.morusverlag.de/buecher/index.html" "Mozilla/5.0 (compatible; MSIE 9.0; Windows NT 6.0; Trident/5.0; Trident/5.0)"
23.100.232.233 - - [10/May/2022:16:18:27 +0200] "GET /contentflow/contentflow.js HTTP/1.1" 200 42064 "http://www.morusverlag.de/buecher/index.html" "Mozilla/5.0 (compatible; MSIE 9.0; Windows NT 6.0; Trident/5.0; Trident/5.0)"
23.100.232.233 - - [10/May/2022:16:18:27 +0200] "GET /contentflow/contentflow.css HTTP/1.1" 200 3109 "http://www.morusverlag.de/buecher/index.html" "Mozilla/5.0 (compatible; MSIE 9.0; Windows NT 6.0; Trident/5.0; Trident/5.0)"
23.100.232.233 - - [10/May/2022:16:18:27 +0200] "GET /contentflow/mycontentflow.css HTTP/1.1" 404 2381 "http://www.morusverlag.de/buecher/index.html" "Mozilla/5.0 (compatible; MSIE 9.0; Windows NT 6.0; Trident/5.0; Trident/5.0)"
23.100.232.233 - - [10/May/2022:16:18:27 +0200] "GET /contentflow/ContentFlowAddOn_white.js HTTP/1.1" 200 471 "http://www.morusverlag.de/buecher/index.html" "Mozilla/5.0 (compatible; MSIE 9.0; Windows NT 6.0; Trident/5.0; Trident/5.0)"
23.100.232.233 - - [10/May/2022:16:18:28 +0200] "GET /contentflow/ContentFlowAddOn_white.css HTTP/1.1" 200 3174 "http://www.morusverlag.de/buecher/index.html" "Mozilla/5.0 (compatible; MSIE 9.0; Windows NT 6.0; Trident/5.0; Trident/5.0)"
178.63.51.106 - - [10/May/2022:17:14:35 +0200] "GET /sonderthemen/oekt_extra3.pdf HTTP/1.1" 200 2109745 "-" "Mozilla/5.0 (Windows NT 10.0; Win64; x64; rv:84.0) Gecko/20100101 Firefox/84.0"
157.55.39.115 - - [10/May/2022:17:15:12 +0200] "GET /robots.txt HTTP/1.1" 200 100 "-" "Mozilla/5.0 (compatible; bingbot/2.0; +http://www.bing.com/bingbot.htm)"
207.46.13.98 - - [10/May/2022:17:15:22 +0200] "GET /sonderthemen/presse.html HTTP/1.1" 304 - "-" "Mozilla/5.0 (compatible; bingbot/2.0; +http://www.bing.com/bingbot.htm)"
216.244.66.237 - - [10/May/2022:17:28:15 +0200] "GET /robots.txt HTTP/1.1" 200 100 "-" "Mozilla/5.0 (compatible; DotBot/1.2; +https://opensiteexplorer.org/dotbot; help@moz.com)"
216.244.66.237 - - [10/May/2022:17:38:27 +0200] "GET /aktuell.html HTTP/1.1" 404 2381 "-" "Mozilla/5.0 (compatible; DotBot/1.2; +https://opensiteexplorer.org/dotbot; help@moz.com)"
81.209.177.145 - - [10/May/2022:17:48:19 +0200] "GET /robots.txt HTTP/1.1" 200 100 "-" "netEstate NE Crawler (+http://www.website-datenbank.de/)"
81.209.177.145 - - [10/May/2022:17:48:21 +0200] "GET / HTTP/1.1" 200 9360 "-" "netEstate NE Crawler (+http://www.website-datenbank.de/)"
81.209.177.145 - - [10/May/2022:17:48:30 +0200] "GET /gotteslob/index.html HTTP/1.1" 200 2770 "-" "netEstate NE Crawler (+http://www.website-datenbank.de/)"
81.209.177.145 - - [10/May/2022:17:48:39 +0200] "GET /jahrbuch/index.html HTTP/1.1" 200 3956 "-" "netEstate NE Crawler (+http://www.website-datenbank.de/)"
81.209.177.145 - - [10/May/2022:17:48:47 +0200] "GET /cds/rosarium.html HTTP/1.1" 200 6680 "-" "netEstate NE Crawler (+http://www.website-datenbank.de/)"
81.209.177.145 - - [10/May/2022:17:48:55 +0200] "GET /sonderthemen/index.html HTTP/1.1" 200 7102 "-" "netEstate NE Crawler (+http://www.website-datenbank.de/)"
81.209.177.145 - - [10/May/2022:17:49:04 +0200] "GET /cds/ignatius.html HTTP/1.1" 200 6576 "-" "netEstate NE Crawler (+http://www.website-datenbank.de/)"
81.209.177.145 - - [10/May/2022:17:49:13 +0200] "GET /buecher/veroeffentlichungsliste.html HTTP/1.1" 200 129779 "-" "netEstate NE Crawler (+http://www.website-datenbank.de/)"
81.209.177.145 - - [10/May/2022:17:49:27 +0200] "GET /buecher/rezensionen_ignatius.html HTTP/1.1" 200 8182 "-" "netEstate NE Crawler (+http://www.website-datenbank.de/)"
81.209.177.145 - - [10/May/2022:17:49:36 +0200] "GET / HTTP/1.1" 200 9360 "-" "netEstate NE Crawler (+http://www.website-datenbank.de/)"
81.209.177.145 - - [10/May/2022:17:49:45 +0200] "GET /buecher/rezensionen_chateaubriand.html HTTP/1.1" 200 47317 "-" "netEstate NE Crawler (+http://www.website-datenbank.de/)"
81.209.177.145 - - [10/May/2022:17:49:58 +0200] "GET /cds/index.html HTTP/1.1" 200 7987 "-" "netEstate NE Crawler (+http://www.website-datenbank.de/)"
81.209.177.145 - - [10/May/2022:17:50:06 +0200] "GET /jahrbuch/bestellung.php HTTP/1.1" 200 10316 "-" "netEstate NE Crawler (+http://www.website-datenbank.de/)"
81.209.177.145 - - [10/May/2022:17:51:24 +0200] "GET /kontakt/index.html HTTP/1.1" 200 2896 "-" "netEstate NE Crawler (+http://www.website-datenbank.de/)"
81.209.177.145 - - [10/May/2022:17:51:32 +0200] "GET /index.html HTTP/1.1" 200 9360 "-" "netEstate NE Crawler (+http://www.website-datenbank.de/)"
81.209.177.145 - - [10/May/2022:17:51:41 +0200] "GET /cds/lumina.html HTTP/1.1" 200 9000 "-" "netEstate NE Crawler (+http://www.website-datenbank.de/)"
81.209.177.145 - - [10/May/2022:17:51:49 +0200] "GET /buecher/index.html HTTP/1.1" 200 25885 "-" "netEstate NE Crawler (+http://www.website-datenbank.de/)"
81.209.177.145 - - [10/May/2022:17:51:59 +0200] "GET /buecher/rezensionen_leiblichkeit_und_zeitlichkeit.html HTTP/1.1" 200 8821 "-" "netEstate NE Crawler (+http://www.website-datenbank.de/)"
81.209.177.145 - - [10/May/2022:17:52:07 +0200] "GET /buecher/bestellung.php HTTP/1.1" 200 10142 "-" "netEstate NE Crawler (+http://www.website-datenbank.de/)"
81.209.177.145 - - [10/May/2022:17:52:23 +0200] "GET /buecher/rezensionen_engel.html HTTP/1.1" 200 6598 "-" "netEstate NE Crawler (+http://www.website-datenbank.de/)"
81.209.177.145 - - [10/May/2022:17:52:32 +0200] "GET /sonderthemen/presse.html HTTP/1.1" 200 5772 "-" "netEstate NE Crawler (+http://www.website-datenbank.de/)"
81.209.177.145 - - [10/May/2022:17:52:40 +0200] "GET /buecher/rezensionen_le_saulchoir.html HTTP/1.1" 200 34009 "-" "netEstate NE Crawler (+http://www.website-datenbank.de/)"
81.209.177.145 - - [10/May/2022:17:52:50 +0200] "GET /buecher/rezensionen_nicht_auf_sand_gebaut.html HTTP/1.1" 200 6594 "-" "netEstate NE Crawler (+http://www.website-datenbank.de/)"
81.209.177.145 - - [10/May/2022:17:52:59 +0200] "GET /cds/glockenspiel2.html HTTP/1.1" 200 9831 "-" "netEstate NE Crawler (+http://www.website-datenbank.de/)"
81.209.177.145 - - [10/May/2022:17:53:08 +0200] "GET /cds/astazi.html HTTP/1.1" 200 8453 "-" "netEstate NE Crawler (+http://www.website-datenbank.de/)"
81.209.177.145 - - [10/May/2022:17:53:16 +0200] "GET /buecher/diskussion.html HTTP/1.1" 200 9925 "-" "netEstate NE Crawler (+http://www.website-datenbank.de/)"
81.209.177.145 - - [10/May/2022:17:53:25 +0200] "GET /buecher/rezensionen_psalmen.html HTTP/1.1" 200 6787 "-" "netEstate NE Crawler (+http://www.website-datenbank.de/)"
81.209.177.145 - - [10/May/2022:17:53:33 +0200] "GET /jahrbuch/titelseiten/index.html HTTP/1.1" 200 6735 "-" "netEstate NE Crawler (+http://www.website-datenbank.de/)"
81.209.177.145 - - [10/May/2022:17:53:42 +0200] "GET /buecher/rezensionen_preysing.html HTTP/1.1" 200 9502 "-" "netEstate NE Crawler (+http://www.website-datenbank.de/)"
81.209.177.145 - - [10/May/2022:17:53:51 +0200] "GET /buecher/rezensionen.html HTTP/1.1" 200 6964 "-" "netEstate NE Crawler (+http://www.website-datenbank.de/)"
81.209.177.145 - - [10/May/2022:17:53:59 +0200] "GET /cds/glockenspiel1.html HTTP/1.1" 200 9736 "-" "netEstate NE Crawler (+http://www.website-datenbank.de/)"
81.209.177.145 - - [10/May/2022:17:54:08 +0200] "GET /sonderthemen/archiv.html HTTP/1.1" 200 6959 "-" "netEstate NE Crawler (+http://www.website-datenbank.de/)"
81.209.177.145 - - [10/May/2022:17:54:17 +0200] "GET /cds/hymnos_akathistos.html HTTP/1.1" 200 11061 "-" "netEstate NE Crawler (+http://www.website-datenbank.de/)"
81.209.177.145 - - [10/May/2022:17:54:25 +0200] "GET /buecher/rezensionen_ungeteilt.html HTTP/1.1" 200 9764 "-" "netEstate NE Crawler (+http://www.website-datenbank.de/)"
81.209.177.145 - - [10/May/2022:17:54:35 +0200] "GET /buecher/rezensionen_krise_zum_heil.html HTTP/1.1" 200 9828 "-" "netEstate NE Crawler (+http://www.website-datenbank.de/)"
81.209.177.145 - - [10/May/2022:17:54:43 +0200] "GET /impressum.html HTTP/1.1" 200 2808 "-" "netEstate NE Crawler (+http://www.website-datenbank.de/)"
95.143.232.138 - - [10/May/2022:19:38:34 +0200] "GET /cds/hymnos_akathistos.html HTTP/1.1" 200 11061 "https://www.google.com/" "Mozilla/5.0 (Linux; Android 9; MRD-LX1) AppleWebKit/537.36 (KHTML, like Gecko) Chrome/101.0.4951.41 Mobile Safari/537.36"
95.143.232.138 - - [10/May/2022:19:38:34 +0200] "GET /main.css HTTP/1.1" 200 1439 "-" "Mozilla/5.0 (Linux; Android 9; MRD-LX1) AppleWebKit/537.36 (KHTML, like Gecko) Chrome/101.0.4951.41 Mobile Safari/537.36"
95.143.232.138 - - [10/May/2022:19:38:34 +0200] "GET /logo_g.gif HTTP/1.1" 200 1301 "http://www.morusverlag.de/cds/hymnos_akathistos.html" "Mozilla/5.0 (Linux; Android 9; MRD-LX1) AppleWebKit/537.36 (KHTML, like Gecko) Chrome/101.0.4951.41 Mobile Safari/537.36"
95.143.232.138 - - [10/May/2022:19:38:34 +0200] "GET /mv_g.gif HTTP/1.1" 200 4070 "http://www.morusverlag.de/cds/hymnos_akathistos.html" "Mozilla/5.0 (Linux; Android 9; MRD-LX1) AppleWebKit/537.36 (KHTML, like Gecko) Chrome/101.0.4951.41 Mobile Safari/537.36"
95.143.232.138 - - [10/May/2022:19:38:34 +0200] "GET /m.gif HTTP/1.1" 200 95 "http://www.morusverlag.de/cds/hymnos_akathistos.html" "Mozilla/5.0 (Linux; Android 9; MRD-LX1) AppleWebKit/537.36 (KHTML, like Gecko) Chrome/101.0.4951.41 Mobile Safari/537.36"
95.143.232.138 - - [10/May/2022:19:38:34 +0200] "GET /pf.gif HTTP/1.1" 200 62 "http://www.morusverlag.de/cds/hymnos_akathistos.html" "Mozilla/5.0 (Linux; Android 9; MRD-LX1) AppleWebKit/537.36 (KHTML, like Gecko) Chrome/101.0.4951.41 Mobile Safari/537.36"
95.143.232.138 - - [10/May/2022:19:38:34 +0200] "GET /cds/hymnos.jpg HTTP/1.1" 200 27752 "http://www.morusverlag.de/cds/hymnos_akathistos.html" "Mozilla/5.0 (Linux; Android 9; MRD-LX1) AppleWebKit/537.36 (KHTML, like Gecko) Chrome/101.0.4951.41 Mobile Safari/537.36"
95.143.232.138 - - [10/May/2022:19:38:34 +0200] "GET /cds/hymnos_heft.jpg HTTP/1.1" 200 8653 "http://www.morusverlag.de/cds/hymnos_akathistos.html" "Mozilla/5.0 (Linux; Android 9; MRD-LX1) AppleWebKit/537.36 (KHTML, like Gecko) Chrome/101.0.4951.41 Mobile Safari/537.36"
95.143.232.138 - - [10/May/2022:19:38:34 +0200] "GET /strich.gif HTTP/1.1" 200 45 "http://www.morusverlag.de/cds/hymnos_akathistos.html" "Mozilla/5.0 (Linux; Android 9; MRD-LX1) AppleWebKit/537.36 (KHTML, like Gecko) Chrome/101.0.4951.41 Mobile Safari/537.36"
95.143.232.138 - - [10/May/2022:19:38:34 +0200] "GET /favicon.ico HTTP/1.1" 200 4286 "http://www.morusverlag.de/cds/hymnos_akathistos.html" "Mozilla/5.0 (Linux; Android 9; MRD-LX1) AppleWebKit/537.36 (KHTML, like Gecko) Chrome/101.0.4951.41 Mobile Safari/537.36"
114.119.134.231 - - [10/May/2022:20:43:51 +0200] "GET / HTTP/1.1" 200 9360 "-" "Mozilla/5.0 (Linux; Android 7.0;) AppleWebKit/537.36 (KHTML, like Gecko) Mobile Safari/537.36 (compatible; PetalBot;+https://webmaster.petalsearch.com/site/petalbot)"
185.191.171.8 - - [10/May/2022:21:51:42 +0200] "GET /robots.txt HTTP/1.1" 200 100 "-" "Mozilla/5.0 (compatible; SemrushBot/7~bl; +http://www.semrush.com/bot.html)"
185.191.171.38 - - [10/May/2022:21:51:43 +0200] "GET /cds/glockenspiel1.html HTTP/1.1" 200 9736 "-" "Mozilla/5.0 (compatible; SemrushBot/7~bl; +http://www.semrush.com/bot.html)"
136.243.17.161 - - [10/May/2022:21:56:10 +0200] "GET /sonderthemen/sk2000.pdf HTTP/1.1" 200 2925489 "-" "Mozilla/5.0 (X11; Linux x86_64) AppleWebKit/537.36 (KHTML, like Gecko) Chrome/86.0.4240.198 Safari/537.36"
168.119.11.187 - - [10/May/2022:21:55:56 +0200] "GET /sonderthemen/sk2000.pdf HTTP/1.1" 200 2925489 "-" "Mozilla/5.0 (Windows NT 6.1; Win64; x64) AppleWebKit/537.36 (KHTML, like Gecko) Chrome/87.0.4280.66 Safari/537.36"
66.249.64.83 - - [10/May/2022:21:57:40 +0200] "GET / HTTP/1.1" 200 9360 "-" "Mozilla/5.0 (Linux; Android 6.0.1; Nexus 5X Build/MMB29P) AppleWebKit/537.36 (KHTML, like Gecko) Chrome/101.0.4951.54 Mobile Safari/537.36 (compatible; Googlebot/2.1; +http://www.google.com/bot.html)"
66.249.64.82 - - [10/May/2022:22:20:10 +0200] "GET / HTTP/1.1" 304 - "-" "Mozilla/5.0 (Linux; Android 6.0.1; Nexus 5X Build/MMB29P) AppleWebKit/537.36 (KHTML, like Gecko) Chrome/101.0.4951.54 Mobile Safari/537.36 (compatible; Googlebot/2.1; +http://www.google.com/bot.html)"
54.36.148.252 - - [10/May/2022:22:45:51 +0200] "GET /robots.txt HTTP/1.1" 200 100 "-" "Mozilla/5.0 (compatible; AhrefsBot/7.0; +http://ahrefs.com/robot/)"
216.244.66.237 - - [10/May/2022:23:39:09 +0200] "GET /robots.txt HTTP/1.1" 200 100 "-" "Mozilla/5.0 (compatible; DotBot/1.2; +https://opensiteexplorer.org/dotbot; help@moz.com)"
185.196.22.207 - - [10/May/2022:23:41:04 +0200] "GET /sonderthemen/sk2001.pdf HTTP/1.1" 200 3098589 "https://www.google.com/" "Mozilla/5.0 (Windows NT 10.0; Win64; x64; rv:100.0) Gecko/20100101 Firefox/100.0"
185.196.22.207 - - [10/May/2022:23:41:05 +0200] "GET /favicon.ico HTTP/1.1" 200 4286 "http://www.morusverlag.de/" "Mozilla/5.0 (Windows NT 10.0; Win64; x64; rv:100.0) Gecko/20100101 Firefox/100.0"
216.244.66.237 - - [10/May/2022:23:47:10 +0200] "GET /sonderthemen/az2003_s01.pdf HTTP/1.1" 200 120642 "-" "Mozilla/5.0 (compatible; DotBot/1.2; +https://opensiteexplorer.org/dotbot; help@moz.com)"
66.249.64.84 - - [10/May/2022:23:50:10 +0200] "GET /buecher/rezensionen_krise_zum_heil.html HTTP/1.1" 304 - "-" "Mozilla/5.0 (Linux; Android 6.0.1; Nexus 5X Build/MMB29P) AppleWebKit/537.36 (KHTML, like Gecko) Chrome/101.0.4951.54 Mobile Safari/537.36 (compatible; Googlebot/2.1; +http://www.google.com/bot.html)"
114.119.152.130 - - [11/May/2022:00:03:35 +0200] "GET /robots.txt HTTP/1.1" 200 100 "-" "Mozilla/5.0 (compatible;PetalBot;+https://webmaster.petalsearch.com/site/petalbot)"
54.36.148.207 - - [11/May/2022:00:10:26 +0200] "GET / HTTP/1.1" 200 9360 "-" "Mozilla/5.0 (compatible; AhrefsBot/7.0; +http://ahrefs.com/robot/)"
54.36.148.64 - - [11/May/2022:00:10:30 +0200] "GET /logo_g.gif HTTP/1.1" 200 1301 "-" "Mozilla/5.0 (compatible; AhrefsBot/7.0; +http://ahrefs.com/robot/)"
54.36.148.89 - - [11/May/2022:00:10:30 +0200] "GET /main.css HTTP/1.1" 200 1439 "-" "Mozilla/5.0 (compatible; AhrefsBot/7.0; +http://ahrefs.com/robot/)"
54.36.148.176 - - [11/May/2022:00:10:31 +0200] "GET /mv_g.gif HTTP/1.1" 200 4070 "-" "Mozilla/5.0 (compatible; AhrefsBot/7.0; +http://ahrefs.com/robot/)"
66.249.64.83 - - [11/May/2022:00:23:55 +0200] "GET /buecher/index.html HTTP/1.1" 200 25885 "-" "Mozilla/5.0 (Linux; Android 6.0.1; Nexus 5X Build/MMB29P) AppleWebKit/537.36 (KHTML, like Gecko) Chrome/101.0.4951.54 Mobile Safari/537.36 (compatible; Googlebot/2.1; +http://www.google.com/bot.html)"
216.244.66.237 - - [11/May/2022:00:25:12 +0200] "GET /robots.txt HTTP/1.1" 200 100 "-" "Mozilla/5.0 (compatible; DotBot/1.2; +https://opensiteexplorer.org/dotbot; help@moz.com)"
216.244.66.237 - - [11/May/2022:00:35:02 +0200] "GET /buecher/rezension_gesichter_u_geschichten.pdf HTTP/1.1" 200 223287 "-" "Mozilla/5.0 (compatible; DotBot/1.2; +https://opensiteexplorer.org/dotbot; help@moz.com)"
66.249.64.82 - - [11/May/2022:00:35:10 +0200] "GET /sonderthemen/ HTTP/1.1" 304 - "-" "Mozilla/5.0 (Linux; Android 6.0.1; Nexus 5X Build/MMB29P) AppleWebKit/537.36 (KHTML, like Gecko) Chrome/101.0.4951.54 Mobile Safari/537.36 (compatible; Googlebot/2.1; +http://www.google.com/bot.html)"
144.76.168.111 - - [11/May/2022:01:12:41 +0200] "GET /sonderthemen/sk2004.pdf HTTP/1.1" 200 1967215 "-" "Mozilla/5.0 (Windows NT 6.3; Win64; x64) AppleWebKit/537.36 (KHTML, like Gecko) Chrome/87.0.4280.88 Safari/537.36"
144.76.162.206 - - [11/May/2022:01:13:36 +0200] "GET /sonderthemen/sk2001.pdf HTTP/1.1" 200 3098589 "-" "Mozilla/5.0 (Macintosh; Intel Mac OS X 10_15_7) AppleWebKit/605.1.15 (KHTML, like Gecko) Version/14.0.1 Safari/605.1.15"
157.55.39.115 - - [11/May/2022:02:12:17 +0200] "GET /robots.txt HTTP/1.1" 200 100 "-" "Mozilla/5.0 (compatible; bingbot/2.0; +http://www.bing.com/bingbot.htm)"
157.55.39.88 - - [11/May/2022:02:12:23 +0200] "GET / HTTP/1.1" 200 9360 "-" "Mozilla/5.0 (compatible; bingbot/2.0; +http://www.bing.com/bingbot.htm)"
208.100.26.243 - - [11/May/2022:02:47:41 +0200] "GET / HTTP/1.1" 200 9360 "-" "Mozilla/5.0 (Macintosh; Intel Mac OS X 10.12; rv:69.0) Gecko/20100101 Firefox/69.0"
3.84.214.146 - - [11/May/2022:03:00:35 +0200] "GET /robots.txt HTTP/1.1" 200 100 "-" "My Nutch Spider/Nutch-1.18"
3.84.214.146 - - [11/May/2022:03:00:35 +0200] "GET / HTTP/1.1" 200 9360 "-" "My Nutch Spider/Nutch-1.18"
69.171.249.6 - - [11/May/2022:03:09:10 +0200] "HEAD / HTTP/1.1" 206 - "-" "facebookexternalhit/1.1 (+http://www.facebook.com/externalhit_uatext.php)"
69.171.249.11 - - [11/May/2022:03:09:10 +0200] "GET /robots.txt HTTP/1.1" 206 100 "-" "facebookexternalhit/1.1 (+http://www.facebook.com/externalhit_uatext.php)"
69.171.249.6 - - [11/May/2022:03:09:11 +0200] "GET / HTTP/1.1" 206 9360 "-" "facebookexternalhit/1.1 (+http://www.facebook.com/externalhit_uatext.php)"
80.85.136.159 - - [11/May/2022:03:14:47 +0200] "HEAD / HTTP/1.1" 200 - "https://atbliss.ru/topics/flora-i-fauna" "Mozilla/2.0 (compatible; MSIE6.00; Windows 2007)"
193.3.168.17 - - [11/May/2022:03:14:47 +0200] "HEAD / HTTP/1.1" 200 - "https://dverirespekt.ru/dveri-pvkh/" "Mozilla/4.0 (compatible; MSIE5.00; Windows 2006)"
80.85.136.157 - - [11/May/2022:03:14:47 +0200] "HEAD / HTTP/1.1" 200 - "https://atenjoy.ru/textinfos/sportsejchas" "Mozilla/4.0 (compatible; MSIE6.00; Windows 2005)"
194.67.207.94 - - [11/May/2022:04:57:36 +0200] "HEAD / HTTP/1.1" 200 - "https://atlevel.ru/ininfo/pastimenow" "Mozilla/6.0 (compatible; MSIE7.00; Windows 2004)"
185.5.249.185 - - [11/May/2022:04:57:37 +0200] "HEAD / HTTP/1.1" 200 - "https://secret-office.ru/catalog/bumazhnaya_produktsiya/" "Mozilla/2.0 (compatible; MSIE5.00; Windows 2009)"
77.75.78.169 - - [11/May/2022:05:20:54 +0200] "GET /robots.txt HTTP/1.1" 200 100 "-" "Mozilla/5.0 (compatible; SeznamBot/3.2; +http://napoveda.seznam.cz/en/seznambot-intro/)"
77.75.78.169 - - [11/May/2022:05:20:54 +0200] "GET /cds/lumina.html HTTP/1.1" 304 - "-" "Mozilla/5.0 (compatible; SeznamBot/3.2; +http://napoveda.seznam.cz/en/seznambot-intro/)"
94.142.141.230 - - [11/May/2022:05:45:49 +0200] "HEAD / HTTP/1.1" 200 - "http://penza-post.ru/news" "Mozilla/8.0 (compatible; MSIE2.00; Windows 2004)"
194.67.210.77 - - [11/May/2022:05:45:49 +0200] "HEAD / HTTP/1.1" 200 - "https://www.prjadko.kiev.ua/ritualnye-uslugi.html" "Mozilla/2.0 (compatible; MSIE4.00; Windows 2009)"
193.124.191.92 - - [11/May/2022:05:45:49 +0200] "HEAD / HTTP/1.1" 200 - "https://turok.cc/227-aziz-turc-turok10.html" "Mozilla/2.0 (compatible; MSIE6.00; Windows 2008)"
193.124.190.18 - - [11/May/2022:05:45:49 +0200] "HEAD / HTTP/1.1" 200 - "https://ritual.net.ua/uslugi/krematsiya.html" "Mozilla/3.0 (compatible; MSIE4.00; Windows 2003)"
185.125.219.13 - - [11/May/2022:05:45:49 +0200] "HEAD / HTTP/1.1" 200 - "https://pamjatnik.com.ua/uslugi-info/mesto-baykovoe-kolumbariy" "Mozilla/7.0 (compatible; MSIE6.00; Windows 2008)"
194.67.207.9 - - [11/May/2022:05:45:50 +0200] "HEAD / HTTP/1.1" 200 - "https://velesritual.com.ua/funeral.html" "Mozilla/8.0 (compatible; MSIE7.00; Windows 2002)"
149.56.106.16 - - [11/May/2022:06:04:05 +0200] "GET / HTTP/1.1" 200 9360 "-" "Mozilla/5.0 (X11; Linux x86_64) AppleWebKit/537.36 (KHTML, like Gecko) HeadlessChrome/90.0.4430.93 Safari/537.36"
149.56.106.16 - - [11/May/2022:06:04:06 +0200] "GET /main.css HTTP/1.1" 200 1439 "http://www.morusverlag.de/" "Mozilla/5.0 (X11; Linux x86_64) AppleWebKit/537.36 (KHTML, like Gecko) HeadlessChrome/90.0.4430.93 Safari/537.36"
149.56.106.16 - - [11/May/2022:06:04:06 +0200] "GET /logo_g.gif HTTP/1.1" 200 1301 "http://www.morusverlag.de/" "Mozilla/5.0 (X11; Linux x86_64) AppleWebKit/537.36 (KHTML, like Gecko) HeadlessChrome/90.0.4430.93 Safari/537.36"
149.56.106.16 - - [11/May/2022:06:04:06 +0200] "GET /mv_g.gif HTTP/1.1" 200 4070 "http://www.morusverlag.de/" "Mozilla/5.0 (X11; Linux x86_64) AppleWebKit/537.36 (KHTML, like Gecko) HeadlessChrome/90.0.4430.93 Safari/537.36"
149.56.106.16 - - [11/May/2022:06:04:06 +0200] "GET /mv_gr_w.gif HTTP/1.1" 200 2005 "http://www.morusverlag.de/" "Mozilla/5.0 (X11; Linux x86_64) AppleWebKit/537.36 (KHTML, like Gecko) HeadlessChrome/90.0.4430.93 Safari/537.36"
149.56.106.16 - - [11/May/2022:06:04:06 +0200] "GET /jahrbuch_k.jpg HTTP/1.1" 200 3719 "http://www.morusverlag.de/" "Mozilla/5.0 (X11; Linux x86_64) AppleWebKit/537.36 (KHTML, like Gecko) HeadlessChrome/90.0.4430.93 Safari/537.36"
149.56.106.16 - - [11/May/2022:06:04:06 +0200] "GET /pf.gif HTTP/1.1" 200 62 "http://www.morusverlag.de/" "Mozilla/5.0 (X11; Linux x86_64) AppleWebKit/537.36 (KHTML, like Gecko) HeadlessChrome/90.0.4430.93 Safari/537.36"
149.56.106.16 - - [11/May/2022:06:04:06 +0200] "GET /cds/rosarium_k.jpg HTTP/1.1" 200 3972 "http://www.morusverlag.de/" "Mozilla/5.0 (X11; Linux x86_64) AppleWebKit/537.36 (KHTML, like Gecko) HeadlessChrome/90.0.4430.93 Safari/537.36"
149.56.106.16 - - [11/May/2022:06:04:06 +0200] "GET /buecher/gesichter.jpg HTTP/1.1" 200 7271 "http://www.morusverlag.de/" "Mozilla/5.0 (X11; Linux x86_64) AppleWebKit/537.36 (KHTML, like Gecko) HeadlessChrome/90.0.4430.93 Safari/537.36"
149.56.106.16 - - [11/May/2022:06:04:06 +0200] "GET /cds/ignatius_k.jpg HTTP/1.1" 200 3965 "http://www.morusverlag.de/" "Mozilla/5.0 (X11; Linux x86_64) AppleWebKit/537.36 (KHTML, like Gecko) HeadlessChrome/90.0.4430.93 Safari/537.36"
149.56.106.16 - - [11/May/2022:06:04:06 +0200] "GET /strich.gif HTTP/1.1" 200 45 "http://www.morusverlag.de/" "Mozilla/5.0 (X11; Linux x86_64) AppleWebKit/537.36 (KHTML, like Gecko) HeadlessChrome/90.0.4430.93 Safari/537.36"
149.56.106.16 - - [11/May/2022:06:04:06 +0200] "GET /gotteslob.jpg HTTP/1.1" 200 9390 "http://www.morusverlag.de/" "Mozilla/5.0 (X11; Linux x86_64) AppleWebKit/537.36 (KHTML, like Gecko) HeadlessChrome/90.0.4430.93 Safari/537.36"
149.56.106.16 - - [11/May/2022:06:04:06 +0200] "GET /cds/astazi_k.jpg HTTP/1.1" 200 6049 "http://www.morusverlag.de/" "Mozilla/5.0 (X11; Linux x86_64) AppleWebKit/537.36 (KHTML, like Gecko) HeadlessChrome/90.0.4430.93 Safari/537.36"
149.56.106.16 - - [11/May/2022:06:04:06 +0200] "GET /cds/hymnos_k.jpg HTTP/1.1" 200 4986 "http://www.morusverlag.de/" "Mozilla/5.0 (X11; Linux x86_64) AppleWebKit/537.36 (KHTML, like Gecko) HeadlessChrome/90.0.4430.93 Safari/537.36"
149.56.106.16 - - [11/May/2022:06:04:06 +0200] "GET /buecher/engel.jpg HTTP/1.1" 200 5414 "http://www.morusverlag.de/" "Mozilla/5.0 (X11; Linux x86_64) AppleWebKit/537.36 (KHTML, like Gecko) HeadlessChrome/90.0.4430.93 Safari/537.36"
149.56.106.16 - - [11/May/2022:06:04:06 +0200] "GET /buecher/chateaubriand.jpg HTTP/1.1" 200 2272 "http://www.morusverlag.de/" "Mozilla/5.0 (X11; Linux x86_64) AppleWebKit/537.36 (KHTML, like Gecko) HeadlessChrome/90.0.4430.93 Safari/537.36"
149.56.106.16 - - [11/May/2022:06:04:06 +0200] "GET /buch_k.jpg HTTP/1.1" 200 4591 "http://www.morusverlag.de/" "Mozilla/5.0 (X11; Linux x86_64) AppleWebKit/537.36 (KHTML, like Gecko) HeadlessChrome/90.0.4430.93 Safari/537.36"
17.121.113.48 - - [11/May/2022:06:21:19 +0200] "GET /buecher/rezensionen.html HTTP/1.1" 200 6964 "-" "Mozilla/5.0 (Macintosh; Intel Mac OS X 10_15_5) AppleWebKit/605.1.15 (KHTML, like Gecko) Version/13.1.1 Safari/605.1.15 (Applebot/0.1; +http://www.apple.com/go/applebot)"
77.75.78.166 - - [11/May/2022:06:39:49 +0200] "GET /robots.txt HTTP/1.1" 200 100 "-" "Mozilla/5.0 (compatible; SeznamBot/3.2; +http://napoveda.seznam.cz/en/seznambot-intro/)"
77.75.78.166 - - [11/May/2022:06:39:49 +0200] "GET /cds/glockenspiel2.html HTTP/1.1" 304 - "-" "Mozilla/5.0 (compatible; SeznamBot/3.2; +http://napoveda.seznam.cz/en/seznambot-intro/)"
34.79.242.173 - - [11/May/2022:06:50:39 +0200] "GET / HTTP/1.1" 200 9360 "-" "Mozilla/5.0 (Windows NT 10.0; Win64; x64) AppleWebKit/537.36 (KHTML, like Gecko) Chrome/84.0.4147.105 Safari/537.36"
178.6.47.191 - - [11/May/2022:07:18:13 +0200] "GET /sonderthemen/sk2001.pdf HTTP/1.1" 200 3098589 "https://www.google.com/" "Mozilla/5.0 (Macintosh; Intel Mac OS X 10_15_6) AppleWebKit/605.1.15 (KHTML, like Gecko) Version/15.4 Safari/605.1.15"
178.6.47.191 - - [11/May/2022:07:18:16 +0200] "GET /favicon.ico HTTP/1.1" 200 4286 "http://www.morusverlag.de/" "Mozilla/5.0 (Macintosh; Intel Mac OS X 10_15_6) AppleWebKit/605.1.15 (KHTML, like Gecko) Version/15.4 Safari/605.1.15"
216.244.66.237 - - [11/May/2022:07:24:57 +0200] "GET /robots.txt HTTP/1.1" 200 100 "-" "Mozilla/5.0 (compatible; DotBot/1.2; +https://opensiteexplorer.org/dotbot; help@moz.com)"
216.244.66.237 - - [11/May/2022:07:29:42 +0200] "GET /cds/index.html HTTP/1.1" 200 7987 "-" "Mozilla/5.0 (compatible; DotBot/1.2; +https://opensiteexplorer.org/dotbot; help@moz.com)"
77.75.77.72 - - [11/May/2022:07:52:56 +0200] "GET /robots.txt HTTP/1.1" 200 100 "-" "Mozilla/5.0 (compatible; SeznamBot/3.2; +http://napoveda.seznam.cz/en/seznambot-intro/)"
77.75.77.72 - - [11/May/2022:07:52:56 +0200] "GET /jahrbuch/bestellung.php HTTP/1.1" 200 10316 "-" "Mozilla/5.0 (compatible; SeznamBot/3.2; +http://napoveda.seznam.cz/en/seznambot-intro/)"
77.75.79.11 - - [11/May/2022:08:36:39 +0200] "GET /robots.txt HTTP/1.1" 200 100 "-" "Mozilla/5.0 (compatible; SeznamBot/3.2; +http://napoveda.seznam.cz/en/seznambot-intro/)"
77.75.79.11 - - [11/May/2022:08:36:39 +0200] "GET /sonderthemen/az2003.pdf HTTP/1.1" 304 - "-" "Mozilla/5.0 (compatible; SeznamBot/3.2; +http://napoveda.seznam.cz/en/seznambot-intro/)"
207.46.13.86 - - [11/May/2022:08:52:03 +0200] "GET /buecher/index.html HTTP/1.1" 200 25885 "-" "Mozilla/5.0 (compatible; bingbot/2.0; +http://www.bing.com/bingbot.htm)"
213.144.5.150 - - [11/May/2022:09:16:04 +0200] "GET /robots.txt HTTP/1.1" 200 100 "-" "Apache-HttpClient/4.5.13 (Java/15-ea)"
213.144.5.150 - - [11/May/2022:09:16:04 +0200] "GET / HTTP/1.1" 200 9360 "" "Mozilla/5.0 (Windows NT 10.0; Win64; x64) AppleWebKit/537.36 (KHTML, like Gecko) Chrome/84.0.4147.135 Safari/537.36"
77.75.79.119 - - [11/May/2022:09:16:43 +0200] "GET /robots.txt HTTP/1.1" 200 100 "-" "Mozilla/5.0 (compatible; SeznamBot/3.2; +http://napoveda.seznam.cz/en/seznambot-intro/)"
77.75.79.119 - - [11/May/2022:09:16:43 +0200] "GET /buecher/rezensionen.html HTTP/1.1" 304 - "-" "Mozilla/5.0 (compatible; SeznamBot/3.2; +http://napoveda.seznam.cz/en/seznambot-intro/)"
85.25.177.187 - - [11/May/2022:09:44:11 +0200] "GET / HTTP/1.1" 200 9360 "-" "Mozilla/5.0 (X11; Linux x86_64; rv:81.0) Gecko/20100101 Firefox/81.0"
148.251.50.77 - - [11/May/2022:10:08:38 +0200] "GET /sonderthemen/oekz2003.pdf HTTP/1.1" 200 4017017 "-" "Mozilla/5.0 (X11; Ubuntu; Linux x86_64; rv:83.0) Gecko/20100101 Firefox/83.0"
78.46.90.120 - - [11/May/2022:10:15:15 +0200] "GET /sonderthemen/oekt_extra3.pdf HTTP/1.1" 200 2109745 "-" "Mozilla/5.0 (Windows NT 10.0; Win64; x64) AppleWebKit/537.36 (KHTML, like Gecko) Chrome/87.0.4280.67 Safari/537.36 Edg/87.0.664.55"
178.63.51.106 - - [11/May/2022:10:15:01 +0200] "GET /sonderthemen/oekt_extra3.pdf HTTP/1.1" 200 2109745 "-" "Mozilla/5.0 (Windows NT 10.0; Win64; x64) AppleWebKit/537.36 (KHTML, like Gecko) Chrome/87.0.4280.67 Safari/537.36 Edg/87.0.664.47"
85.25.177.187 - - [11/May/2022:10:21:04 +0200] "GET /sonderthemen/index.html HTTP/1.1" 200 7102 "-" "Mozilla/5.0 (X11; Linux x86_64; rv:81.0) Gecko/20100101 Firefox/81.0"
85.25.177.187 - - [11/May/2022:10:33:03 +0200] "GET /gotteslob/index.html HTTP/1.1" 200 2770 "-" "Mozilla/5.0 (X11; Linux x86_64; rv:81.0) Gecko/20100101 Firefox/81.0"
85.25.177.187 - - [11/May/2022:10:36:04 +0200] "GET /cds/index.html HTTP/1.1" 200 7987 "-" "Mozilla/5.0 (X11; Linux x86_64; rv:81.0) Gecko/20100101 Firefox/81.0"
85.25.177.187 - - [11/May/2022:10:36:53 +0200] "GET /kontakt/index.html HTTP/1.1" 200 2896 "-" "Mozilla/5.0 (X11; Linux x86_64; rv:81.0) Gecko/20100101 Firefox/81.0"
85.25.177.187 - - [11/May/2022:10:38:11 +0200] "GET /cds/hymnos_akathistos.html HTTP/1.1" 200 11061 "-" "Mozilla/5.0 (X11; Linux x86_64; rv:81.0) Gecko/20100101 Firefox/81.0"
85.25.177.187 - - [11/May/2022:10:39:30 +0200] "GET /cds/rosarium.html HTTP/1.1" 200 6680 "-" "Mozilla/5.0 (X11; Linux x86_64; rv:81.0) Gecko/20100101 Firefox/81.0"
66.249.64.84 - - [11/May/2022:10:46:57 +0200] "GET /robots.txt HTTP/1.1" 200 100 "-" "Mozilla/5.0 (compatible; Googlebot/2.1; +http://www.google.com/bot.html)"
66.249.64.82 - - [11/May/2022:10:46:58 +0200] "GET /buecher/ HTTP/1.1" 304 - "-" "Mozilla/5.0 (Linux; Android 6.0.1; Nexus 5X Build/MMB29P) AppleWebKit/537.36 (KHTML, like Gecko) Chrome/101.0.4951.54 Mobile Safari/537.36 (compatible; Googlebot/2.1; +http://www.google.com/bot.html)"
85.25.177.187 - - [11/May/2022:10:48:16 +0200] "GET /impressum.html HTTP/1.1" 200 2808 "-" "Mozilla/5.0 (X11; Linux x86_64; rv:81.0) Gecko/20100101 Firefox/81.0"
87.250.224.22 - - [11/May/2022:10:55:45 +0200] "GET /robots.txt HTTP/1.1" 200 100 "-" "Mozilla/5.0 (compatible; YandexBot/3.0; +http://yandex.com/bots)"
87.250.224.22 - - [11/May/2022:10:55:49 +0200] "GET /sonderthemen/az1999.pdf HTTP/1.1" 200 1842982 "-" "Mozilla/5.0 (compatible; YandexBot/3.0; +http://yandex.com/bots)"
85.25.177.187 - - [11/May/2022:10:56:46 +0200] "GET /buecher/veroeffentlichungsliste.html HTTP/1.1" 200 129779 "-" "Mozilla/5.0 (X11; Linux x86_64; rv:81.0) Gecko/20100101 Firefox/81.0"
85.25.177.187 - - [11/May/2022:11:03:47 +0200] "GET /buecher/rezensionen_chateaubriand.html HTTP/1.1" 200 47317 "-" "Mozilla/5.0 (X11; Linux x86_64; rv:81.0) Gecko/20100101 Firefox/81.0"
216.244.66.237 - - [11/May/2022:11:07:15 +0200] "GET /robots.txt HTTP/1.1" 200 100 "-" "Mozilla/5.0 (compatible; DotBot/1.2; +https://opensiteexplorer.org/dotbot; help@moz.com)"
216.244.66.237 - - [11/May/2022:11:10:43 +0200] "GET /impressum.html HTTP/1.1" 200 2808 "-" "Mozilla/5.0 (compatible; DotBot/1.2; +https://opensiteexplorer.org/dotbot; help@moz.com)"
85.25.177.187 - - [11/May/2022:11:16:56 +0200] "GET /buecher/index.html HTTP/1.1" 200 25885 "-" "Mozilla/5.0 (X11; Linux x86_64; rv:81.0) Gecko/20100101 Firefox/81.0"
85.25.177.187 - - [11/May/2022:11:18:05 +0200] "GET /sonderthemen/sk2004_s01.pdf HTTP/1.1" 200 162742 "-" "Mozilla/5.0 (X11; Linux x86_64; rv:81.0) Gecko/20100101 Firefox/81.0"
85.25.177.187 - - [11/May/2022:11:23:31 +0200] "GET /jahrbuch/index.html HTTP/1.1" 200 3956 "-" "Mozilla/5.0 (X11; Linux x86_64; rv:81.0) Gecko/20100101 Firefox/81.0"
85.25.177.187 - - [11/May/2022:11:32:22 +0200] "GET /cds/ignatius.html HTTP/1.1" 200 6576 "-" "Mozilla/5.0 (X11; Linux x86_64; rv:81.0) Gecko/20100101 Firefox/81.0"
85.25.177.187 - - [11/May/2022:11:33:42 +0200] "GET /sonderthemen/oekt_extra3.pdf HTTP/1.1" 200 2109745 "-" "Mozilla/5.0 (X11; Linux x86_64; rv:81.0) Gecko/20100101 Firefox/81.0"
199.58.86.209 - - [11/May/2022:11:36:07 +0200] "GET /robots.txt HTTP/1.1" 200 100 "-" "Mozilla/5.0 (compatible; MJ12bot/v1.4.8; http://mj12bot.com/)"
199.58.86.209 - - [11/May/2022:11:36:11 +0200] "GET / HTTP/1.1" 200 9360 "-" "Mozilla/5.0 (compatible; MJ12bot/v1.4.8; http://mj12bot.com/)"
85.25.177.187 - - [11/May/2022:11:38:18 +0200] "GET /sonderthemen/az2003.pdf HTTP/1.1" 200 4864675 "-" "Mozilla/5.0 (X11; Linux x86_64; rv:81.0) Gecko/20100101 Firefox/81.0"
85.25.177.187 - - [11/May/2022:11:43:53 +0200] "GET /sonderthemen/presse.html HTTP/1.1" 200 5772 "-" "Mozilla/5.0 (X11; Linux x86_64; rv:81.0) Gecko/20100101 Firefox/81.0"
85.25.177.187 - - [11/May/2022:11:44:31 +0200] "GET /sonderthemen/oekz2003.pdf HTTP/1.1" 200 4017017 "-" "Mozilla/5.0 (X11; Linux x86_64; rv:81.0) Gecko/20100101 Firefox/81.0"
85.25.177.187 - - [11/May/2022:11:51:12 +0200] "GET /sonderthemen/sk2004.pdf HTTP/1.1" 200 1967215 "-" "Mozilla/5.0 (X11; Linux x86_64; rv:81.0) Gecko/20100101 Firefox/81.0"
85.25.177.187 - - [11/May/2022:11:57:23 +0200] "GET /sonderthemen/oekz2003_s01.pdf HTTP/1.1" 200 66807 "-" "Mozilla/5.0 (X11; Linux x86_64; rv:81.0) Gecko/20100101 Firefox/81.0"
157.55.39.88 - - [11/May/2022:11:57:49 +0200] "GET / HTTP/1.1" 200 9360 "-" "Mozilla/5.0 (compatible; bingbot/2.0; +http://www.bing.com/bingbot.htm)"
85.25.177.187 - - [11/May/2022:11:59:18 +0200] "GET /sonderthemen/oekt_extra1.pdf HTTP/1.1" 200 1849015 "-" "Mozilla/5.0 (X11; Linux x86_64; rv:81.0) Gecko/20100101 Firefox/81.0"
85.25.177.187 - - [11/May/2022:12:04:49 +0200] "GET /sonderthemen/az2003_s01.pdf HTTP/1.1" 200 120642 "-" "Mozilla/5.0 (X11; Linux x86_64; rv:81.0) Gecko/20100101 Firefox/81.0"
85.25.177.187 - - [11/May/2022:12:05:48 +0200] "GET /sonderthemen/oekt_extra2.pdf HTTP/1.1" 200 1939949 "-" "Mozilla/5.0 (X11; Linux x86_64; rv:81.0) Gecko/20100101 Firefox/81.0"
85.25.177.187 - - [11/May/2022:12:10:08 +0200] "GET /index.html HTTP/1.1" 200 9360 "-" "Mozilla/5.0 (X11; Linux x86_64; rv:81.0) Gecko/20100101 Firefox/81.0"
85.25.177.187 - - [11/May/2022:12:14:02 +0200] "GET /buecher/rezensionen_le_saulchoir.html HTTP/1.1" 200 34009 "-" "Mozilla/5.0 (X11; Linux x86_64; rv:81.0) Gecko/20100101 Firefox/81.0"
85.25.177.187 - - [11/May/2022:12:14:46 +0200] "GET /cds/glockenspiel1.html HTTP/1.1" 200 9736 "-" "Mozilla/5.0 (X11; Linux x86_64; rv:81.0) Gecko/20100101 Firefox/81.0"
85.25.177.187 - - [11/May/2022:12:25:04 +0200] "GET /buecher/rezension_gesichter_u_geschichten.pdf HTTP/1.1" 200 223287 "-" "Mozilla/5.0 (X11; Linux x86_64; rv:81.0) Gecko/20100101 Firefox/81.0"
85.25.177.187 - - [11/May/2022:12:28:45 +0200] "GET /buecher/diskussion.html HTTP/1.1" 200 9925 "-" "Mozilla/5.0 (X11; Linux x86_64; rv:81.0) Gecko/20100101 Firefox/81.0"
85.25.177.187 - - [11/May/2022:12:29:24 +0200] "GET /buecher/rezensionen_nicht_auf_sand_gebaut.html HTTP/1.1" 200 6594 "-" "Mozilla/5.0 (X11; Linux x86_64; rv:81.0) Gecko/20100101 Firefox/81.0"
85.25.177.187 - - [11/May/2022:12:34:11 +0200] "GET /buecher/rezensionen_leiblichkeit_und_zeitlichkeit.html HTTP/1.1" 200 8821 "-" "Mozilla/5.0 (X11; Linux x86_64; rv:81.0) Gecko/20100101 Firefox/81.0"
205.210.31.129 - - [11/May/2022:12:41:45 +0200] "GET / HTTP/1.1" 200 9360 "-" "Expanse, a Palo Alto Networks company, searches across the global IPv4 space multiple times per day to identify customers' presences on the Internet. If you would like to be excluded from our scans, please send IP addresses/domains to: scaninfo@paloaltonetworks.com"
85.25.177.187 - - [11/May/2022:12:42:31 +0200] "GET /buecher/rezensionen_engel.html HTTP/1.1" 200 6598 "-" "Mozilla/5.0 (X11; Linux x86_64; rv:81.0) Gecko/20100101 Firefox/81.0"
66.249.64.84 - - [11/May/2022:12:45:30 +0200] "GET /sonderthemen/oekt_extra2.pdf HTTP/1.1" 304 - "-" "Mozilla/5.0 (Linux; Android 6.0.1; Nexus 5X Build/MMB29P) AppleWebKit/537.36 (KHTML, like Gecko) Chrome/101.0.4951.54 Mobile Safari/537.36 (compatible; Googlebot/2.1; +http://www.google.com/bot.html)"
85.25.177.187 - - [11/May/2022:12:46:40 +0200] "GET /buecher/rezensionen_preysing.html HTTP/1.1" 200 9502 "-" "Mozilla/5.0 (X11; Linux x86_64; rv:81.0) Gecko/20100101 Firefox/81.0"
85.25.177.187 - - [11/May/2022:12:51:03 +0200] "GET /buecher/bestellung.php HTTP/1.1" 200 10142 "-" "Mozilla/5.0 (X11; Linux x86_64; rv:81.0) Gecko/20100101 Firefox/81.0"
85.25.177.187 - - [11/May/2022:12:54:48 +0200] "GET /buecher/rezensionen_psalmen.html HTTP/1.1" 200 6787 "-" "Mozilla/5.0 (X11; Linux x86_64; rv:81.0) Gecko/20100101 Firefox/81.0"
198.235.24.15 - - [11/May/2022:12:57:19 +0200] "GET / HTTP/1.1" 200 9360 "-" "Expanse, a Palo Alto Networks company, searches across the global IPv4 space multiple times per day to identify customers' presences on the Internet. If you would like to be excluded from our scans, please send IP addresses/domains to: scaninfo@paloaltonetworks.com"
85.25.177.187 - - [11/May/2022:13:00:01 +0200] "GET /buecher/rezensionen_krise_zum_heil.html HTTP/1.1" 200 9828 "-" "Mozilla/5.0 (X11; Linux x86_64; rv:81.0) Gecko/20100101 Firefox/81.0"
85.25.177.187 - - [11/May/2022:13:02:46 +0200] "GET /jahrbuch/bestellung.php HTTP/1.1" 200 10316 "-" "Mozilla/5.0 (X11; Linux x86_64; rv:81.0) Gecko/20100101 Firefox/81.0"
85.25.177.187 - - [11/May/2022:13:04:48 +0200] "GET /jahrbuch/titelseiten/index.html HTTP/1.1" 200 6735 "-" "Mozilla/5.0 (X11; Linux x86_64; rv:81.0) Gecko/20100101 Firefox/81.0"
193.3.168.17 - - [11/May/2022:13:04:54 +0200] "HEAD / HTTP/1.1" 200 - "https://ivakon.ru" "Mozilla/4.0 (compatible; MSIE7.00; Windows 2003)"
80.85.136.159 - - [11/May/2022:13:04:54 +0200] "HEAD / HTTP/1.1" 200 - "https://ritual.nars.su/ogrady-mogilnye.html" "Mozilla/6.0 (compatible; MSIE7.00; Windows 2009)"
80.85.136.157 - - [11/May/2022:13:04:54 +0200] "HEAD / HTTP/1.1" 200 - "https://fast-change.net" "Mozilla/5.0 (compatible; MSIE2.00; Windows 2003)"
66.249.64.82 - - [11/May/2022:13:08:00 +0200] "GET /sonderthemen/sk2001.pdf HTTP/1.1" 304 - "-" "Mozilla/5.0 (Linux; Android 6.0.1; Nexus 5X Build/MMB29P) AppleWebKit/537.36 (KHTML, like Gecko) Chrome/101.0.4951.54 Mobile Safari/537.36 (compatible; Googlebot/2.1; +http://www.google.com/bot.html)"
85.25.177.187 - - [11/May/2022:13:08:55 +0200] "GET /cds/lumina.html HTTP/1.1" 200 9000 "-" "Mozilla/5.0 (X11; Linux x86_64; rv:81.0) Gecko/20100101 Firefox/81.0"
136.243.17.161 - - [11/May/2022:13:12:29 +0200] "GET /sonderthemen/oeaz2001.pdf HTTP/1.1" 200 4496626 "-" "Mozilla/5.0 (Macintosh; Intel Mac OS X 10.16; rv:83.0) Gecko/20100101 Firefox/83.0"
85.25.177.187 - - [11/May/2022:13:13:35 +0200] "GET /cds/glockenspiel2.html HTTP/1.1" 200 9831 "-" "Mozilla/5.0 (X11; Linux x86_64; rv:81.0) Gecko/20100101 Firefox/81.0"
85.25.177.187 - - [11/May/2022:13:16:54 +0200] "GET /cds/astazi.html HTTP/1.1" 200 8453 "-" "Mozilla/5.0 (X11; Linux x86_64; rv:81.0) Gecko/20100101 Firefox/81.0"
85.25.177.187 - - [11/May/2022:13:18:06 +0200] "GET / HTTP/1.1" 200 9360 "-" "Mozilla/5.0 (X11; Linux x86_64; rv:81.0) Gecko/20100101 Firefox/81.0"
85.25.177.187 - - [11/May/2022:13:21:57 +0200] "GET /buecher/rezensionen_ignatius.html HTTP/1.1" 200 8182 "-" "Mozilla/5.0 (X11; Linux x86_64; rv:81.0) Gecko/20100101 Firefox/81.0"
85.25.177.187 - - [11/May/2022:13:22:21 +0200] "GET /buecher/rezensionen.html HTTP/1.1" 200 6964 "-" "Mozilla/5.0 (X11; Linux x86_64; rv:81.0) Gecko/20100101 Firefox/81.0"
85.25.177.187 - - [11/May/2022:13:26:22 +0200] "GET /buecher/rezensionen_ungeteilt.html HTTP/1.1" 200 9764 "-" "Mozilla/5.0 (X11; Linux x86_64; rv:81.0) Gecko/20100101 Firefox/81.0"
66.249.64.82 - - [11/May/2022:13:53:00 +0200] "GET /buecher/der_neunte_tag.html HTTP/1.1" 304 - "-" "Mozilla/5.0 (Linux; Android 6.0.1; Nexus 5X Build/MMB29P) AppleWebKit/537.36 (KHTML, like Gecko) Chrome/101.0.4951.54 Mobile Safari/537.36 (compatible; Googlebot/2.1; +http://www.google.com/bot.html)"
51.222.253.15 - - [11/May/2022:14:09:46 +0200] "GET /robots.txt HTTP/1.1" 200 100 "-" "Mozilla/5.0 (compatible; AhrefsBot/7.0; +http://ahrefs.com/robot/)"
54.36.148.121 - - [11/May/2022:14:14:57 +0200] "GET / HTTP/1.1" 200 9360 "-" "Mozilla/5.0 (compatible; AhrefsBot/7.0; +http://ahrefs.com/robot/)"
54.36.149.18 - - [11/May/2022:14:14:58 +0200] "GET /mv_gr_w.gif HTTP/1.1" 200 2005 "-" "Mozilla/5.0 (compatible; AhrefsBot/7.0; +http://ahrefs.com/robot/)"
54.36.148.83 - - [11/May/2022:14:14:59 +0200] "GET /buecher/engel.jpg HTTP/1.1" 200 5414 "-" "Mozilla/5.0 (compatible; AhrefsBot/7.0; +http://ahrefs.com/robot/)"
54.36.148.29 - - [11/May/2022:14:14:59 +0200] "GET /cds/hymnos_k.jpg HTTP/1.1" 200 4986 "-" "Mozilla/5.0 (compatible; AhrefsBot/7.0; +http://ahrefs.com/robot/)"
54.36.148.239 - - [11/May/2022:14:15:00 +0200] "GET /jahrbuch_k.jpg HTTP/1.1" 200 3719 "-" "Mozilla/5.0 (compatible; AhrefsBot/7.0; +http://ahrefs.com/robot/)"
54.36.148.39 - - [11/May/2022:14:15:00 +0200] "GET /cds/rosarium_k.jpg HTTP/1.1" 200 3972 "-" "Mozilla/5.0 (compatible; AhrefsBot/7.0; +http://ahrefs.com/robot/)"
54.36.148.138 - - [11/May/2022:14:15:05 +0200] "GET /buecher/chateaubriand.jpg HTTP/1.1" 200 2272 "-" "Mozilla/5.0 (compatible; AhrefsBot/7.0; +http://ahrefs.com/robot/)"
54.36.148.254 - - [11/May/2022:14:15:05 +0200] "GET /logo_g.gif HTTP/1.1" 200 1301 "-" "Mozilla/5.0 (compatible; AhrefsBot/7.0; +http://ahrefs.com/robot/)"
54.36.148.253 - - [11/May/2022:14:15:06 +0200] "GET /cds/ignatius_k.jpg HTTP/1.1" 200 3965 "-" "Mozilla/5.0 (compatible; AhrefsBot/7.0; +http://ahrefs.com/robot/)"
54.36.148.131 - - [11/May/2022:14:15:07 +0200] "GET /buch_k.jpg HTTP/1.1" 200 4591 "-" "Mozilla/5.0 (compatible; AhrefsBot/7.0; +http://ahrefs.com/robot/)"
54.36.149.10 - - [11/May/2022:14:15:07 +0200] "GET /main.css HTTP/1.1" 200 1439 "-" "Mozilla/5.0 (compatible; AhrefsBot/7.0; +http://ahrefs.com/robot/)"
54.36.148.49 - - [11/May/2022:14:15:08 +0200] "GET /buecher/gesichter.jpg HTTP/1.1" 200 7271 "-" "Mozilla/5.0 (compatible; AhrefsBot/7.0; +http://ahrefs.com/robot/)"
54.36.149.9 - - [11/May/2022:14:15:09 +0200] "GET /gotteslob.jpg HTTP/1.1" 200 9390 "-" "Mozilla/5.0 (compatible; AhrefsBot/7.0; +http://ahrefs.com/robot/)"
54.36.149.6 - - [11/May/2022:14:15:09 +0200] "GET /cds/astazi_k.jpg HTTP/1.1" 200 6049 "-" "Mozilla/5.0 (compatible; AhrefsBot/7.0; +http://ahrefs.com/robot/)"
54.36.148.22 - - [11/May/2022:14:15:10 +0200] "GET /mv_g.gif HTTP/1.1" 200 4070 "-" "Mozilla/5.0 (compatible; AhrefsBot/7.0; +http://ahrefs.com/robot/)"
66.249.64.84 - - [11/May/2022:14:15:30 +0200] "GET / HTTP/1.1" 200 9360 "-" "Mozilla/5.0 (compatible; Googlebot/2.1; +http://www.google.com/bot.html)"
194.67.207.94 - - [11/May/2022:14:34:27 +0200] "HEAD / HTTP/1.1" 200 - "https://www.evrovet.su/uslugi/khirurgiya/" "Mozilla/7.0 (compatible; MSIE5.00; Windows 2004)"
185.5.249.185 - - [11/May/2022:14:34:28 +0200] "HEAD / HTTP/1.1" 200 - "https://vkusnobistro24.ru" "Mozilla/2.0 (compatible; MSIE4.00; Windows 2005)"
136.243.17.161 - - [11/May/2022:14:37:00 +0200] "GET /sonderthemen/oekt_extra3.pdf HTTP/1.1" 200 2109745 "-" "Mozilla/5.0 (Windows NT 10.0; Win64; x64) AppleWebKit/537.36 (KHTML, like Gecko) Chrome/86.0.4240.183 Safari/537.36"
66.249.64.83 - - [11/May/2022:14:46:45 +0200] "GET /cds/rosarium.html HTTP/1.1" 304 - "-" "Mozilla/5.0 (Linux; Android 6.0.1; Nexus 5X Build/MMB29P) AppleWebKit/537.36 (KHTML, like Gecko) Chrome/101.0.4951.54 Mobile Safari/537.36 (compatible; Googlebot/2.1; +http://www.google.com/bot.html)"
198.235.24.16 - - [11/May/2022:15:15:10 +0200] "GET / HTTP/1.1" 200 9360 "-" "Expanse, a Palo Alto Networks company, searches across the global IPv4 space multiple times per day to identify customers' presences on the Internet. If you would like to be excluded from our scans, please send IP addresses/domains to: scaninfo@paloaltonetworks.com"
217.111.34.10 - - [11/May/2022:15:23:29 +0200] "GET /impressum.html HTTP/1.1" 200 2808 "https://www.google.com/" "Mozilla/5.0 (Windows NT 10.0; Win64; x64) AppleWebKit/537.36 (KHTML, like Gecko) Chrome/101.0.4951.54 Safari/537.36"
217.111.34.10 - - [11/May/2022:15:23:29 +0200] "GET /strich.gif HTTP/1.1" 200 45 "http://www.morusverlag.de/impressum.html" "Mozilla/5.0 (Windows NT 10.0; Win64; x64) AppleWebKit/537.36 (KHTML, like Gecko) Chrome/101.0.4951.54 Safari/537.36"
217.111.34.10 - - [11/May/2022:15:23:29 +0200] "GET /favicon.ico HTTP/1.1" 200 4286 "http://www.morusverlag.de/impressum.html" "Mozilla/5.0 (Windows NT 10.0; Win64; x64) AppleWebKit/537.36 (KHTML, like Gecko) Chrome/101.0.4951.54 Safari/537.36"
66.249.64.84 - - [11/May/2022:15:45:04 +0200] "GET /buecher/rezensionen_le_saulchoir.html HTTP/1.1" 200 34009 "-" "Mozilla/5.0 (Linux; Android 6.0.1; Nexus 5X Build/MMB29P) AppleWebKit/537.36 (KHTML, like Gecko) Chrome/101.0.4951.54 Mobile Safari/537.36 (compatible; Googlebot/2.1; +http://www.google.com/bot.html)"
178.115.54.222 - - [11/May/2022:15:53:20 +0200] "GET / HTTP/1.1" 200 9360 "https://www.google.com/" "Mozilla/5.0 (Macintosh; Intel Mac OS X 10_15_7) AppleWebKit/537.36 (KHTML, like Gecko) Chrome/100.0.4896.127 Safari/537.36"
178.115.54.222 - - [11/May/2022:15:53:20 +0200] "GET /main.css HTTP/1.1" 200 1439 "http://www.morusverlag.de/" "Mozilla/5.0 (Macintosh; Intel Mac OS X 10_15_7) AppleWebKit/537.36 (KHTML, like Gecko) Chrome/100.0.4896.127 Safari/537.36"
178.115.54.222 - - [11/May/2022:15:53:21 +0200] "GET /buecher/gesichter.jpg HTTP/1.1" 200 7271 "http://www.morusverlag.de/" "Mozilla/5.0 (Macintosh; Intel Mac OS X 10_15_7) AppleWebKit/537.36 (KHTML, like Gecko) Chrome/100.0.4896.127 Safari/537.36"
178.115.54.222 - - [11/May/2022:15:53:21 +0200] "GET /logo_g.gif HTTP/1.1" 200 1301 "http://www.morusverlag.de/" "Mozilla/5.0 (Macintosh; Intel Mac OS X 10_15_7) AppleWebKit/537.36 (KHTML, like Gecko) Chrome/100.0.4896.127 Safari/537.36"
178.115.54.222 - - [11/May/2022:15:53:21 +0200] "GET /jahrbuch_k.jpg HTTP/1.1" 200 3719 "http://www.morusverlag.de/" "Mozilla/5.0 (Macintosh; Intel Mac OS X 10_15_7) AppleWebKit/537.36 (KHTML, like Gecko) Chrome/100.0.4896.127 Safari/537.36"
178.115.54.222 - - [11/May/2022:15:53:21 +0200] "GET /mv_gr_w.gif HTTP/1.1" 200 2005 "http://www.morusverlag.de/" "Mozilla/5.0 (Macintosh; Intel Mac OS X 10_15_7) AppleWebKit/537.36 (KHTML, like Gecko) Chrome/100.0.4896.127 Safari/537.36"
178.115.54.222 - - [11/May/2022:15:53:21 +0200] "GET /pf.gif HTTP/1.1" 200 62 "http://www.morusverlag.de/" "Mozilla/5.0 (Macintosh; Intel Mac OS X 10_15_7) AppleWebKit/537.36 (KHTML, like Gecko) Chrome/100.0.4896.127 Safari/537.36"
178.115.54.222 - - [11/May/2022:15:53:21 +0200] "GET /mv_g.gif HTTP/1.1" 200 4070 "http://www.morusverlag.de/" "Mozilla/5.0 (Macintosh; Intel Mac OS X 10_15_7) AppleWebKit/537.36 (KHTML, like Gecko) Chrome/100.0.4896.127 Safari/537.36"
178.115.54.222 - - [11/May/2022:15:53:21 +0200] "GET /cds/rosarium_k.jpg HTTP/1.1" 200 3972 "http://www.morusverlag.de/" "Mozilla/5.0 (Macintosh; Intel Mac OS X 10_15_7) AppleWebKit/537.36 (KHTML, like Gecko) Chrome/100.0.4896.127 Safari/537.36"
178.115.54.222 - - [11/May/2022:15:53:21 +0200] "GET /cds/hymnos_k.jpg HTTP/1.1" 200 4986 "http://www.morusverlag.de/" "Mozilla/5.0 (Macintosh; Intel Mac OS X 10_15_7) AppleWebKit/537.36 (KHTML, like Gecko) Chrome/100.0.4896.127 Safari/537.36"
178.115.54.222 - - [11/May/2022:15:53:21 +0200] "GET /cds/ignatius_k.jpg HTTP/1.1" 200 3965 "http://www.morusverlag.de/" "Mozilla/5.0 (Macintosh; Intel Mac OS X 10_15_7) AppleWebKit/537.36 (KHTML, like Gecko) Chrome/100.0.4896.127 Safari/537.36"
178.115.54.222 - - [11/May/2022:15:53:21 +0200] "GET /cds/astazi_k.jpg HTTP/1.1" 200 6049 "http://www.morusverlag.de/" "Mozilla/5.0 (Macintosh; Intel Mac OS X 10_15_7) AppleWebKit/537.36 (KHTML, like Gecko) Chrome/100.0.4896.127 Safari/537.36"
178.115.54.222 - - [11/May/2022:15:53:21 +0200] "GET /gotteslob.jpg HTTP/1.1" 200 9390 "http://www.morusverlag.de/" "Mozilla/5.0 (Macintosh; Intel Mac OS X 10_15_7) AppleWebKit/537.36 (KHTML, like Gecko) Chrome/100.0.4896.127 Safari/537.36"
178.115.54.222 - - [11/May/2022:15:53:21 +0200] "GET /buecher/engel.jpg HTTP/1.1" 200 5414 "http://www.morusverlag.de/" "Mozilla/5.0 (Macintosh; Intel Mac OS X 10_15_7) AppleWebKit/537.36 (KHTML, like Gecko) Chrome/100.0.4896.127 Safari/537.36"
178.115.54.222 - - [11/May/2022:15:53:21 +0200] "GET /buecher/chateaubriand.jpg HTTP/1.1" 200 2272 "http://www.morusverlag.de/" "Mozilla/5.0 (Macintosh; Intel Mac OS X 10_15_7) AppleWebKit/537.36 (KHTML, like Gecko) Chrome/100.0.4896.127 Safari/537.36"
178.115.54.222 - - [11/May/2022:15:53:21 +0200] "GET /buch_k.jpg HTTP/1.1" 200 4591 "http://www.morusverlag.de/" "Mozilla/5.0 (Macintosh; Intel Mac OS X 10_15_7) AppleWebKit/537.36 (KHTML, like Gecko) Chrome/100.0.4896.127 Safari/537.36"
194.67.207.9 - - [11/May/2022:15:54:25 +0200] "HEAD / HTTP/1.1" 200 - "https://offtv.one/" "Mozilla/7.0 (compatible; MSIE3.00; Windows 2008)"
