87.142.42.187 - - [03/May/2022:09:01:15 +0200] "GET /buecher/gesichter/26.jpg HTTP/1.1" 200 8027 "http://www.morusverlag.de/buecher/index.html" "Mozilla/5.0 (Windows NT 10.0; Win64; x64) AppleWebKit/537.36 (KHTML, like Gecko) Chrome/99.0.4844.84 Safari/537.36 OPR/85.0.4341.75"
87.142.42.187 - - [03/May/2022:09:01:15 +0200] "GET /buecher/gesichter/18.jpg HTTP/1.1" 200 8757 "http://www.morusverlag.de/buecher/index.html" "Mozilla/5.0 (Windows NT 10.0; Win64; x64) AppleWebKit/537.36 (KHTML, like Gecko) Chrome/99.0.4844.84 Safari/537.36 OPR/85.0.4341.75"
87.142.42.187 - - [03/May/2022:09:01:15 +0200] "GET /buecher/gesichter/22.jpg HTTP/1.1" 200 8837 "http://www.morusverlag.de/buecher/index.html" "Mozilla/5.0 (Windows NT 10.0; Win64; x64) AppleWebKit/537.36 (KHTML, like Gecko) Chrome/99.0.4844.84 Safari/537.36 OPR/85.0.4341.75"
87.142.42.187 - - [03/May/2022:09:01:15 +0200] "GET /buecher/gesichter/16.jpg HTTP/1.1" 200 8367 "http://www.morusverlag.de/buecher/index.html" "Mozilla/5.0 (Windows NT 10.0; Win64; x64) AppleWebKit/537.36 (KHTML, like Gecko) Chrome/99.0.4844.84 Safari/537.36 OPR/85.0.4341.75"
87.142.42.187 - - [03/May/2022:09:01:15 +0200] "GET /buecher/gesichter/24.jpg HTTP/1.1" 200 8021 "http://www.morusverlag.de/buecher/index.html" "Mozilla/5.0 (Windows NT 10.0; Win64; x64) AppleWebKit/537.36 (KHTML, like Gecko) Chrome/99.0.4844.84 Safari/537.36 OPR/85.0.4341.75"
87.142.42.187 - - [03/May/2022:09:01:15 +0200] "GET /contentflow/img/loader.gif HTTP/1.1" 200 8238 "http://www.morusverlag.de/contentflow/contentflow.css" "Mozilla/5.0 (Windows NT 10.0; Win64; x64) AppleWebKit/537.36 (KHTML, like Gecko) Chrome/99.0.4844.84 Safari/537.36 OPR/85.0.4341.75"
87.142.42.187 - - [03/May/2022:09:01:15 +0200] "GET /buecher/gesichter/17.jpg HTTP/1.1" 200 7587 "http://www.morusverlag.de/buecher/index.html" "Mozilla/5.0 (Windows NT 10.0; Win64; x64) AppleWebKit/537.36 (KHTML, like Gecko) Chrome/99.0.4844.84 Safari/537.36 OPR/85.0.4341.75"
87.142.42.187 - - [03/May/2022:09:01:15 +0200] "GET /buecher/gesichter/29.jpg HTTP/1.1" 200 9282 "http://www.morusverlag.de/buecher/index.html" "Mozilla/5.0 (Windows NT 10.0; Win64; x64) AppleWebKit/537.36 (KHTML, like Gecko) Chrome/99.0.4844.84 Safari/537.36 OPR/85.0.4341.75"
87.142.42.187 - - [03/May/2022:09:01:15 +0200] "GET /contentflow/img/scrollbar_white.png HTTP/1.1" 200 82 "http://www.morusverlag.de/contentflow/contentflow.css" "Mozilla/5.0 (Windows NT 10.0; Win64; x64) AppleWebKit/537.36 (KHTML, like Gecko) Chrome/99.0.4844.84 Safari/537.36 OPR/85.0.4341.75"
87.142.42.187 - - [03/May/2022:09:01:15 +0200] "GET /buecher/gesichter/31.jpg HTTP/1.1" 200 8424 "http://www.morusverlag.de/buecher/index.html" "Mozilla/5.0 (Windows NT 10.0; Win64; x64) AppleWebKit/537.36 (KHTML, like Gecko) Chrome/99.0.4844.84 Safari/537.36 OPR/85.0.4341.75"
87.142.42.187 - - [03/May/2022:09:01:15 +0200] "GET /buecher/mein_atem.jpg HTTP/1.1" 200 4118 "http://www.morusverlag.de/buecher/index.html" "Mozilla/5.0 (Windows NT 10.0; Win64; x64) AppleWebKit/537.36 (KHTML, like Gecko) Chrome/99.0.4844.84 Safari/537.36 OPR/85.0.4341.75"
87.142.42.187 - - [03/May/2022:09:01:15 +0200] "GET /buecher/gesichter/32.jpg HTTP/1.1" 200 8010 "http://www.morusverlag.de/buecher/index.html" "Mozilla/5.0 (Windows NT 10.0; Win64; x64) AppleWebKit/537.36 (KHTML, like Gecko) Chrome/99.0.4844.84 Safari/537.36 OPR/85.0.4341.75"
87.142.42.187 - - [03/May/2022:09:01:15 +0200] "GET /contentflow/img/slider_white.png HTTP/1.1" 200 178 "http://www.morusverlag.de/contentflow/contentflow.css" "Mozilla/5.0 (Windows NT 10.0; Win64; x64) AppleWebKit/537.36 (KHTML, like Gecko) Chrome/99.0.4844.84 Safari/537.36 OPR/85.0.4341.75"
87.142.42.187 - - [03/May/2022:09:01:15 +0200] "GET /buecher/gesichter/28.jpg HTTP/1.1" 200 7684 "http://www.morusverlag.de/buecher/index.html" "Mozilla/5.0 (Windows NT 10.0; Win64; x64) AppleWebKit/537.36 (KHTML, like Gecko) Chrome/99.0.4844.84 Safari/537.36 OPR/85.0.4341.75"
87.142.42.187 - - [03/May/2022:09:01:15 +0200] "GET /buecher/gesichter/30.jpg HTTP/1.1" 200 8702 "http://www.morusverlag.de/buecher/index.html" "Mozilla/5.0 (Windows NT 10.0; Win64; x64) AppleWebKit/537.36 (KHTML, like Gecko) Chrome/99.0.4844.84 Safari/537.36 OPR/85.0.4341.75"
87.142.42.187 - - [03/May/2022:09:01:15 +0200] "GET /buecher/gesichter/27.jpg HTTP/1.1" 200 8110 "http://www.morusverlag.de/buecher/index.html" "Mozilla/5.0 (Windows NT 10.0; Win64; x64) AppleWebKit/537.36 (KHTML, like Gecko) Chrome/99.0.4844.84 Safari/537.36 OPR/85.0.4341.75"
87.142.42.187 - - [03/May/2022:09:01:15 +0200] "GET /buecher/gesichter/11.jpg HTTP/1.1" 200 6175 "http://www.morusverlag.de/buecher/index.html" "Mozilla/5.0 (Windows NT 10.0; Win64; x64) AppleWebKit/537.36 (KHTML, like Gecko) Chrome/99.0.4844.84 Safari/537.36 OPR/85.0.4341.75"
87.142.42.187 - - [03/May/2022:09:01:15 +0200] "GET /buecher/liebe_und_treue.jpg HTTP/1.1" 200 3067 "http://www.morusverlag.de/buecher/index.html" "Mozilla/5.0 (Windows NT 10.0; Win64; x64) AppleWebKit/537.36 (KHTML, like Gecko) Chrome/99.0.4844.84 Safari/537.36 OPR/85.0.4341.75"
87.142.42.187 - - [03/May/2022:09:01:15 +0200] "GET /buecher/le_saulchoir.jpg HTTP/1.1" 200 2734 "http://www.morusverlag.de/buecher/index.html" "Mozilla/5.0 (Windows NT 10.0; Win64; x64) AppleWebKit/537.36 (KHTML, like Gecko) Chrome/99.0.4844.84 Safari/537.36 OPR/85.0.4341.75"
87.142.42.187 - - [03/May/2022:09:01:15 +0200] "GET /buecher/staatsaufgaben.jpg HTTP/1.1" 200 2204 "http://www.morusverlag.de/buecher/index.html" "Mozilla/5.0 (Windows NT 10.0; Win64; x64) AppleWebKit/537.36 (KHTML, like Gecko) Chrome/99.0.4844.84 Safari/537.36 OPR/85.0.4341.75"
87.142.42.187 - - [03/May/2022:09:01:15 +0200] "GET /buecher/krise_zum_heil.jpg HTTP/1.1" 200 1930 "http://www.morusverlag.de/buecher/index.html" "Mozilla/5.0 (Windows NT 10.0; Win64; x64) AppleWebKit/537.36 (KHTML, like Gecko) Chrome/99.0.4844.84 Safari/537.36 OPR/85.0.4341.75"
87.142.42.187 - - [03/May/2022:09:01:15 +0200] "GET /buecher/islam.jpg HTTP/1.1" 200 4080 "http://www.morusverlag.de/buecher/index.html" "Mozilla/5.0 (Windows NT 10.0; Win64; x64) AppleWebKit/537.36 (KHTML, like Gecko) Chrome/99.0.4844.84 Safari/537.36 OPR/85.0.4341.75"
87.142.42.187 - - [03/May/2022:09:01:15 +0200] "GET /buecher/nichtaufsand.jpg HTTP/1.1" 200 3733 "http://www.morusverlag.de/buecher/index.html" "Mozilla/5.0 (Windows NT 10.0; Win64; x64) AppleWebKit/537.36 (KHTML, like Gecko) Chrome/99.0.4844.84 Safari/537.36 OPR/85.0.4341.75"
87.142.42.187 - - [03/May/2022:09:01:15 +0200] "GET /buecher/leiblichkeit.jpg HTTP/1.1" 200 3929 "http://www.morusverlag.de/buecher/index.html" "Mozilla/5.0 (Windows NT 10.0; Win64; x64) AppleWebKit/537.36 (KHTML, like Gecko) Chrome/99.0.4844.84 Safari/537.36 OPR/85.0.4341.75"
87.142.42.187 - - [03/May/2022:09:01:15 +0200] "GET /buecher/preysing.jpg HTTP/1.1" 200 3799 "http://www.morusverlag.de/buecher/index.html" "Mozilla/5.0 (Windows NT 10.0; Win64; x64) AppleWebKit/537.36 (KHTML, like Gecko) Chrome/99.0.4844.84 Safari/537.36 OPR/85.0.4341.75"
87.142.42.187 - - [03/May/2022:09:01:15 +0200] "GET /contentflow/img/1x1_0.5_white.png HTTP/1.1" 200 82 "http://www.morusverlag.de/contentflow/ContentFlowAddOn_white.css" "Mozilla/5.0 (Windows NT 10.0; Win64; x64) AppleWebKit/537.36 (KHTML, like Gecko) Chrome/99.0.4844.84 Safari/537.36 OPR/85.0.4341.75"
87.142.42.187 - - [03/May/2022:09:01:15 +0200] "GET /contentflow/img/loader_white.gif HTTP/1.1" 200 8238 "http://www.morusverlag.de/contentflow/ContentFlowAddOn_white.css" "Mozilla/5.0 (Windows NT 10.0; Win64; x64) AppleWebKit/537.36 (KHTML, like Gecko) Chrome/99.0.4844.84 Safari/537.36 OPR/85.0.4341.75"
87.142.42.187 - - [03/May/2022:09:01:15 +0200] "GET /contentflow/img/scrollbar_black.png HTTP/1.1" 200 82 "http://www.morusverlag.de/contentflow/ContentFlowAddOn_white.css" "Mozilla/5.0 (Windows NT 10.0; Win64; x64) AppleWebKit/537.36 (KHTML, like Gecko) Chrome/99.0.4844.84 Safari/537.36 OPR/85.0.4341.75"
87.142.42.187 - - [03/May/2022:09:01:15 +0200] "GET /contentflow/img/slider_black.png HTTP/1.1" 200 175 "http://www.morusverlag.de/contentflow/ContentFlowAddOn_white.css" "Mozilla/5.0 (Windows NT 10.0; Win64; x64) AppleWebKit/537.36 (KHTML, like Gecko) Chrome/99.0.4844.84 Safari/537.36 OPR/85.0.4341.75"
157.55.39.162 - - [03/May/2022:09:06:11 +0200] "GET /main.css HTTP/1.1" 200 1439 "-" "Mozilla/5.0 (compatible; bingbot/2.0; +http://www.bing.com/bingbot.htm)"
207.46.13.196 - - [03/May/2022:09:15:19 +0200] "GET /buecher/gesichter/30.jpg HTTP/1.1" 200 8702 "-" "Mozilla/5.0 (compatible; bingbot/2.0; +http://www.bing.com/bingbot.htm)"
195.14.228.18 - - [03/May/2022:09:26:03 +0200] "GET /buecher/diskussion.html HTTP/1.1" 200 9925 "https://www.google.de/" "Mozilla/5.0 (Windows NT 10.0; Win64; x64; rv:91.0) Gecko/20100101 Firefox/91.0"
195.14.228.18 - - [03/May/2022:09:26:03 +0200] "GET /main.css HTTP/1.1" 200 1439 "http://www.morusverlag.de/buecher/diskussion.html" "Mozilla/5.0 (Windows NT 10.0; Win64; x64; rv:91.0) Gecko/20100101 Firefox/91.0"
195.14.228.18 - - [03/May/2022:09:26:03 +0200] "GET /strich.gif HTTP/1.1" 200 45 "http://www.morusverlag.de/buecher/diskussion.html" "Mozilla/5.0 (Windows NT 10.0; Win64; x64; rv:91.0) Gecko/20100101 Firefox/91.0"
195.14.228.18 - - [03/May/2022:09:26:03 +0200] "GET /mv_g.gif HTTP/1.1" 200 4070 "http://www.morusverlag.de/buecher/diskussion.html" "Mozilla/5.0 (Windows NT 10.0; Win64; x64; rv:91.0) Gecko/20100101 Firefox/91.0"
195.14.228.18 - - [03/May/2022:09:26:03 +0200] "GET /logo_g.gif HTTP/1.1" 200 1301 "http://www.morusverlag.de/buecher/diskussion.html" "Mozilla/5.0 (Windows NT 10.0; Win64; x64; rv:91.0) Gecko/20100101 Firefox/91.0"
195.14.228.18 - - [03/May/2022:09:26:03 +0200] "GET /pf.gif HTTP/1.1" 200 62 "http://www.morusverlag.de/buecher/diskussion.html" "Mozilla/5.0 (Windows NT 10.0; Win64; x64; rv:91.0) Gecko/20100101 Firefox/91.0"
195.14.228.18 - - [03/May/2022:09:26:03 +0200] "GET /buecher/liebe_und_treue.jpg HTTP/1.1" 200 3067 "http://www.morusverlag.de/buecher/diskussion.html" "Mozilla/5.0 (Windows NT 10.0; Win64; x64; rv:91.0) Gecko/20100101 Firefox/91.0"
195.14.228.18 - - [03/May/2022:09:26:03 +0200] "GET /m.gif HTTP/1.1" 200 95 "http://www.morusverlag.de/buecher/diskussion.html" "Mozilla/5.0 (Windows NT 10.0; Win64; x64; rv:91.0) Gecko/20100101 Firefox/91.0"
195.14.228.18 - - [03/May/2022:09:26:03 +0200] "GET /favicon.ico HTTP/1.1" 200 4286 "http://www.morusverlag.de/buecher/diskussion.html" "Mozilla/5.0 (Windows NT 10.0; Win64; x64; rv:91.0) Gecko/20100101 Firefox/91.0"
64.246.165.150 - - [03/May/2022:10:11:38 +0200] "GET /robots.txt HTTP/1.0" 200 100 "-" "Mozilla/5.0 (Macintosh; Intel Mac OS X 10.10; rv:59.0) Gecko/20100101 Firefox/59.0"
64.246.165.150 - - [03/May/2022:10:11:38 +0200] "GET / HTTP/1.1" 200 9360 "-" "Mozilla/5.0 (Macintosh; Intel Mac OS X 10.10; rv:59.0) Gecko/20100101 Firefox/59.0"
77.88.5.135 - - [03/May/2022:10:23:34 +0200] "GET /jahrbuch/titelseiten/1957.jpg HTTP/1.1" 200 12765 "-" "Mozilla/5.0 (compatible; YandexImages/3.0; +http://yandex.com/bots)"
5.9.70.113 - - [03/May/2022:10:44:59 +0200] "GET /robots.txt HTTP/1.1" 200 100 "-" "Mozilla/5.0 (compatible; MJ12bot/v1.4.8; http://mj12bot.com/)"
5.9.70.113 - - [03/May/2022:10:45:03 +0200] "GET / HTTP/1.1" 200 9360 "-" "Mozilla/5.0 (compatible; MJ12bot/v1.4.8; http://mj12bot.com/)"
185.191.171.19 - - [03/May/2022:11:59:05 +0200] "GET /robots.txt HTTP/1.1" 200 100 "-" "Mozilla/5.0 (compatible; SemrushBot/7~bl; +http://www.semrush.com/bot.html)"
185.191.171.20 - - [03/May/2022:11:59:06 +0200] "GET /buecher/bestellung.php HTTP/1.1" 200 10142 "-" "Mozilla/5.0 (compatible; SemrushBot/7~bl; +http://www.semrush.com/bot.html)"
66.249.64.83 - - [03/May/2022:14:33:25 +0200] "GET /robots.txt HTTP/1.1" 200 100 "-" "Mozilla/5.0 (compatible; Googlebot/2.1; +http://www.google.com/bot.html)"
66.249.64.83 - - [03/May/2022:14:33:25 +0200] "GET /cds/hymnos_akathistos.html HTTP/1.1" 304 - "-" "Mozilla/5.0 (Linux; Android 6.0.1; Nexus 5X Build/MMB29P) AppleWebKit/537.36 (KHTML, like Gecko) Chrome/100.0.4896.127 Mobile Safari/537.36 (compatible; Googlebot/2.1; +http://www.google.com/bot.html)"
104.28.63.45 - - [03/May/2022:15:10:02 +0200] "GET /cds/hymnos_akathistos.html HTTP/1.1" 200 11061 "-" "Mozilla/5.0 (Macintosh; Intel Mac OS X 10_15_7) AppleWebKit/605.1.15 (KHTML, like Gecko) Version/15.4 Safari/605.1.15"
104.28.63.45 - - [03/May/2022:15:10:03 +0200] "GET /main.css HTTP/1.1" 200 1439 "http://www.morusverlag.de/cds/hymnos_akathistos.html" "Mozilla/5.0 (Macintosh; Intel Mac OS X 10_15_7) AppleWebKit/605.1.15 (KHTML, like Gecko) Version/15.4 Safari/605.1.15"
104.28.63.45 - - [03/May/2022:15:10:03 +0200] "GET /logo_g.gif HTTP/1.1" 200 1301 "http://www.morusverlag.de/cds/hymnos_akathistos.html" "Mozilla/5.0 (Macintosh; Intel Mac OS X 10_15_7) AppleWebKit/605.1.15 (KHTML, like Gecko) Version/15.4 Safari/605.1.15"
104.28.63.45 - - [03/May/2022:15:10:03 +0200] "GET /mv_g.gif HTTP/1.1" 200 4070 "http://www.morusverlag.de/cds/hymnos_akathistos.html" "Mozilla/5.0 (Macintosh; Intel Mac OS X 10_15_7) AppleWebKit/605.1.15 (KHTML, like Gecko) Version/15.4 Safari/605.1.15"
104.28.63.45 - - [03/May/2022:15:10:03 +0200] "GET /pf.gif HTTP/1.1" 200 62 "http://www.morusverlag.de/cds/hymnos_akathistos.html" "Mozilla/5.0 (Macintosh; Intel Mac OS X 10_15_7) AppleWebKit/605.1.15 (KHTML, like Gecko) Version/15.4 Safari/605.1.15"
104.28.63.45 - - [03/May/2022:15:10:03 +0200] "GET /m.gif HTTP/1.1" 200 95 "http://www.morusverlag.de/cds/hymnos_akathistos.html" "Mozilla/5.0 (Macintosh; Intel Mac OS X 10_15_7) AppleWebKit/605.1.15 (KHTML, like Gecko) Version/15.4 Safari/605.1.15"
104.28.63.45 - - [03/May/2022:15:10:03 +0200] "GET /strich.gif HTTP/1.1" 200 45 "http://www.morusverlag.de/cds/hymnos_akathistos.html" "Mozilla/5.0 (Macintosh; Intel Mac OS X 10_15_7) AppleWebKit/605.1.15 (KHTML, like Gecko) Version/15.4 Safari/605.1.15"
104.28.63.45 - - [03/May/2022:15:10:03 +0200] "GET /cds/hymnos_heft.jpg HTTP/1.1" 200 8653 "http://www.morusverlag.de/cds/hymnos_akathistos.html" "Mozilla/5.0 (Macintosh; Intel Mac OS X 10_15_7) AppleWebKit/605.1.15 (KHTML, like Gecko) Version/15.4 Safari/605.1.15"
104.28.63.45 - - [03/May/2022:15:10:03 +0200] "GET /cds/hymnos.jpg HTTP/1.1" 200 27752 "http://www.morusverlag.de/cds/hymnos_akathistos.html" "Mozilla/5.0 (Macintosh; Intel Mac OS X 10_15_7) AppleWebKit/605.1.15 (KHTML, like Gecko) Version/15.4 Safari/605.1.15"
104.28.63.45 - - [03/May/2022:15:10:04 +0200] "GET /favicon.ico HTTP/1.1" 200 4286 "http://www.morusverlag.de/cds/hymnos_akathistos.html" "Mozilla/5.0 (Macintosh; Intel Mac OS X 10_15_7) AppleWebKit/605.1.15 (KHTML, like Gecko) Version/15.4 Safari/605.1.15"
173.212.246.232 - - [03/May/2022:15:10:15 +0200] "GET /robots.txt HTTP/1.1" 200 100 "-" "Mozilla/5.0 (compatible; MJ12bot/v1.4.8; http://mj12bot.com/)"
173.212.246.232 - - [03/May/2022:15:10:18 +0200] "GET /buecher/index.html HTTP/1.1" 200 25885 "-" "Mozilla/5.0 (compatible; MJ12bot/v1.4.8; http://mj12bot.com/)"
173.212.246.232 - - [03/May/2022:15:10:20 +0200] "GET /buecher/rezensionen_chateaubriand.html HTTP/1.1" 200 47317 "-" "Mozilla/5.0 (compatible; MJ12bot/v1.4.8; http://mj12bot.com/)"
173.212.246.232 - - [03/May/2022:15:10:23 +0200] "GET /buecher/veroeffentlichungsliste.html HTTP/1.1" 200 129779 "-" "Mozilla/5.0 (compatible; MJ12bot/v1.4.8; http://mj12bot.com/)"
173.212.246.232 - - [03/May/2022:15:10:25 +0200] "GET /cds/hymnos_akathistos.html HTTP/1.1" 200 11061 "-" "Mozilla/5.0 (compatible; MJ12bot/v1.4.8; http://mj12bot.com/)"
173.212.246.232 - - [03/May/2022:15:10:27 +0200] "GET /cds/ignatius.html HTTP/1.1" 200 6576 "-" "Mozilla/5.0 (compatible; MJ12bot/v1.4.8; http://mj12bot.com/)"
173.212.246.232 - - [03/May/2022:15:10:30 +0200] "GET /cds/index.html HTTP/1.1" 200 7987 "-" "Mozilla/5.0 (compatible; MJ12bot/v1.4.8; http://mj12bot.com/)"
173.212.246.232 - - [03/May/2022:15:10:32 +0200] "GET /cds/rosarium.html HTTP/1.1" 200 6680 "-" "Mozilla/5.0 (compatible; MJ12bot/v1.4.8; http://mj12bot.com/)"
173.212.246.232 - - [03/May/2022:15:10:34 +0200] "GET /gotteslob/index.html HTTP/1.1" 200 2770 "-" "Mozilla/5.0 (compatible; MJ12bot/v1.4.8; http://mj12bot.com/)"
173.212.246.232 - - [03/May/2022:15:10:36 +0200] "GET /impressum.html HTTP/1.1" 200 2808 "-" "Mozilla/5.0 (compatible; MJ12bot/v1.4.8; http://mj12bot.com/)"
173.212.246.232 - - [03/May/2022:15:10:39 +0200] "GET /jahrbuch/index.html HTTP/1.1" 200 3956 "-" "Mozilla/5.0 (compatible; MJ12bot/v1.4.8; http://mj12bot.com/)"
173.212.246.232 - - [03/May/2022:15:10:41 +0200] "GET /kontakt/index.html HTTP/1.1" 200 2896 "-" "Mozilla/5.0 (compatible; MJ12bot/v1.4.8; http://mj12bot.com/)"
173.212.246.232 - - [03/May/2022:15:10:43 +0200] "GET /sonderthemen/index.html HTTP/1.1" 200 7102 "-" "Mozilla/5.0 (compatible; MJ12bot/v1.4.8; http://mj12bot.com/)"
104.28.63.45 - - [03/May/2022:15:11:16 +0200] "GET / HTTP/1.1" 200 9360 "-" "Mozilla/5.0 (Macintosh; Intel Mac OS X 10_15_7) AppleWebKit/605.1.15 (KHTML, like Gecko) Version/15.4 Safari/605.1.15"
104.28.63.45 - - [03/May/2022:15:11:17 +0200] "GET /jahrbuch_k.jpg HTTP/1.1" 200 3719 "http://www.morusverlag.de/" "Mozilla/5.0 (Macintosh; Intel Mac OS X 10_15_7) AppleWebKit/605.1.15 (KHTML, like Gecko) Version/15.4 Safari/605.1.15"
104.28.63.45 - - [03/May/2022:15:11:17 +0200] "GET /mv_gr_w.gif HTTP/1.1" 200 2005 "http://www.morusverlag.de/" "Mozilla/5.0 (Macintosh; Intel Mac OS X 10_15_7) AppleWebKit/605.1.15 (KHTML, like Gecko) Version/15.4 Safari/605.1.15"
104.28.63.45 - - [03/May/2022:15:11:17 +0200] "GET /buecher/gesichter.jpg HTTP/1.1" 200 7271 "http://www.morusverlag.de/" "Mozilla/5.0 (Macintosh; Intel Mac OS X 10_15_7) AppleWebKit/605.1.15 (KHTML, like Gecko) Version/15.4 Safari/605.1.15"
104.28.63.45 - - [03/May/2022:15:11:17 +0200] "GET /cds/rosarium_k.jpg HTTP/1.1" 200 3972 "http://www.morusverlag.de/" "Mozilla/5.0 (Macintosh; Intel Mac OS X 10_15_7) AppleWebKit/605.1.15 (KHTML, like Gecko) Version/15.4 Safari/605.1.15"
104.28.63.45 - - [03/May/2022:15:11:17 +0200] "GET /gotteslob.jpg HTTP/1.1" 200 9390 "http://www.morusverlag.de/" "Mozilla/5.0 (Macintosh; Intel Mac OS X 10_15_7) AppleWebKit/605.1.15 (KHTML, like Gecko) Version/15.4 Safari/605.1.15"
104.28.63.45 - - [03/May/2022:15:11:17 +0200] "GET /buecher/engel.jpg HTTP/1.1" 200 5414 "http://www.morusverlag.de/" "Mozilla/5.0 (Macintosh; Intel Mac OS X 10_15_7) AppleWebKit/605.1.15 (KHTML, like Gecko) Version/15.4 Safari/605.1.15"
104.28.63.45 - - [03/May/2022:15:11:17 +0200] "GET /cds/hymnos_k.jpg HTTP/1.1" 200 4986 "http://www.morusverlag.de/" "Mozilla/5.0 (Macintosh; Intel Mac OS X 10_15_7) AppleWebKit/605.1.15 (KHTML, like Gecko) Version/15.4 Safari/605.1.15"
104.28.63.45 - - [03/May/2022:15:11:17 +0200] "GET /cds/astazi_k.jpg HTTP/1.1" 200 6049 "http://www.morusverlag.de/" "Mozilla/5.0 (Macintosh; Intel Mac OS X 10_15_7) AppleWebKit/605.1.15 (KHTML, like Gecko) Version/15.4 Safari/605.1.15"
104.28.63.45 - - [03/May/2022:15:11:17 +0200] "GET /cds/ignatius_k.jpg HTTP/1.1" 200 3965 "http://www.morusverlag.de/" "Mozilla/5.0 (Macintosh; Intel Mac OS X 10_15_7) AppleWebKit/605.1.15 (KHTML, like Gecko) Version/15.4 Safari/605.1.15"
104.28.63.45 - - [03/May/2022:15:11:17 +0200] "GET /buecher/chateaubriand.jpg HTTP/1.1" 200 2272 "http://www.morusverlag.de/" "Mozilla/5.0 (Macintosh; Intel Mac OS X 10_15_7) AppleWebKit/605.1.15 (KHTML, like Gecko) Version/15.4 Safari/605.1.15"
104.28.63.45 - - [03/May/2022:15:11:17 +0200] "GET /buch_k.jpg HTTP/1.1" 200 4591 "http://www.morusverlag.de/" "Mozilla/5.0 (Macintosh; Intel Mac OS X 10_15_7) AppleWebKit/605.1.15 (KHTML, like Gecko) Version/15.4 Safari/605.1.15"
82.80.249.211 - - [03/May/2022:16:29:57 +0200] "GET / HTTP/1.1" 200 9360 "-" "Mozilla/5.0 (Windows NT 6.2; Win64; x64; rv:36.0) Gecko/20100101 Firefox/36.0"
82.80.249.212 - - [03/May/2022:16:29:59 +0200] "GET / HTTP/1.1" 200 9360 "-" "Mozilla/5.0 (Macintosh; Intel Mac OS X 10_9_1) AppleWebKit/537.36 (KHTML, like Gecko) Chrome/31.0.1650.57 Safari/537.36"
82.80.249.212 - - [03/May/2022:16:30:04 +0200] "GET /main.css HTTP/1.1" 200 1439 "http://www.morusverlag.de/" "Mozilla/5.0 (Windows NT 5.1) AppleWebKit/537.36 (KHTML, like Gecko) Chrome/31.0.1650.63 Safari/537.36"
82.80.249.212 - - [03/May/2022:16:30:05 +0200] "GET /buecher/index.html HTTP/1.1" 200 25885 "http://www.morusverlag.de/" "Mozilla/5.0 (Windows NT 6.1; WOW64; rv:24.0) Gecko/20100101 Firefox/24.0"
82.80.249.212 - - [03/May/2022:16:30:06 +0200] "GET /cds/index.html HTTP/1.1" 200 7987 "http://www.morusverlag.de/" "Mozilla/5.0 (Macintosh; Intel Mac OS X 10_9_0) AppleWebKit/537.36 (KHTML, like Gecko) Chrome/31.0.1650.57 Safari/537.36"
82.80.249.212 - - [03/May/2022:16:30:06 +0200] "GET /gotteslob/index.html HTTP/1.1" 200 2770 "http://www.morusverlag.de/" "Mozilla/5.0 (compatible; MSIE 10.0; Windows NT 6.1; WOW64; Trident/6.0)"
82.80.249.212 - - [03/May/2022:16:30:07 +0200] "GET /jahrbuch/index.html HTTP/1.1" 200 3956 "http://www.morusverlag.de/" "Mozilla/5.0 (X11; Ubuntu; Linux x86_64; rv:26.0) Gecko/20100101 Firefox/26.0"
82.80.249.212 - - [03/May/2022:16:30:09 +0200] "GET /sonderthemen/index.html HTTP/1.1" 200 7102 "http://www.morusverlag.de/" "Mozilla/5.0 (Macintosh; Intel Mac OS X 10_8_5) AppleWebKit/536.30.1 (KHTML, like Gecko) Version/6.0.5 Safari/536.30.1"
82.80.249.212 - - [03/May/2022:16:30:09 +0200] "GET /kontakt/index.html HTTP/1.1" 200 2896 "http://www.morusverlag.de/" "Mozilla/5.0 (Macintosh; Intel Mac OS X 10_8_5) AppleWebKit/537.36 (KHTML, like Gecko) Chrome/31.0.1650.63 Safari/537.36"
82.80.249.212 - - [03/May/2022:16:30:13 +0200] "GET /impressum.html HTTP/1.1" 200 2808 "http://www.morusverlag.de/" "Mozilla/5.0 (Windows NT 6.0; WOW64) AppleWebKit/534.30 (KHTML, like Gecko) Chrome/12.0.742.91 Safari/534.30"
82.80.249.212 - - [03/May/2022:16:30:13 +0200] "GET /cds/ignatius.html HTTP/1.1" 200 6576 "http://www.morusverlag.de/" "Mozilla/5.0 (Macintosh; Intel Mac OS X 10_8_5) AppleWebKit/536.30.1 (KHTML, like Gecko) Version/6.0.5 Safari/536.30.1"
82.80.249.212 - - [03/May/2022:16:30:13 +0200] "GET /cds/rosarium.html HTTP/1.1" 200 6680 "http://www.morusverlag.de/" "Mozilla/5.0 (Windows NT 6.2; Win64; x64; rv:27.0) Gecko/20100101 Firefox/27.0"
82.80.249.212 - - [03/May/2022:16:30:13 +0200] "GET /cds/hymnos_akathistos.html HTTP/1.1" 200 11061 "http://www.morusverlag.de/" "Mozilla/5.0 (Macintosh; Intel Mac OS X 10.7; rv:26.0) Gecko/20100101 Firefox/26.0"
82.80.249.212 - - [03/May/2022:16:30:13 +0200] "GET /buecher/rezensionen_chateaubriand.html HTTP/1.1" 200 47317 "http://www.morusverlag.de/" "Mozilla/5.0 (X11; Ubuntu; Linux i686; rv:26.0) Gecko/20100101 Firefox/26.0"
82.80.249.212 - - [03/May/2022:16:30:14 +0200] "GET /index.html HTTP/1.1" 200 9360 "http://www.morusverlag.de/buecher/index.html" "Mozilla/5.0 (Windows NT 6.1; rv:25.0) Gecko/20100101 Firefox/25.0"
82.80.249.212 - - [03/May/2022:16:30:14 +0200] "GET /buecher/veroeffentlichungsliste.html HTTP/1.1" 200 129779 "http://www.morusverlag.de/" "Mozilla/5.0 (Macintosh; Intel Mac OS X 10_6_8) AppleWebKit/534.59.10 (KHTML, like Gecko) Version/5.1.9 Safari/534.59.10"
82.80.249.212 - - [03/May/2022:16:30:17 +0200] "GET /buecher/rezension_gesichter_u_geschichten.pdf HTTP/1.1" 200 223287 "http://www.morusverlag.de/buecher/index.html" "Mozilla/5.0 (Macintosh; Intel Mac OS X 10_6_8) AppleWebKit/537.36 (KHTML, like Gecko) Chrome/31.0.1650.63 Safari/537.36"
82.80.230.228 - - [03/May/2022:16:30:18 +0200] "GET /buecher/rezension_gesichter_u_geschichten.pdf HTTP/1.1" 200 223287 "-" "Mozilla/5.0 (Windows NT 6.1; WOW64; rv:24.0) Gecko/20100101 Firefox/24.0"
82.80.230.228 - - [03/May/2022:16:30:17 +0200] "GET /buecher/rezension_gesichter_u_geschichten.pdf HTTP/1.1" 200 223287 "-" "Mozilla/5.0 (Windows NT 6.0; rv:26.0) Gecko/20100101 Firefox/26.0"
82.80.249.212 - - [03/May/2022:16:30:20 +0200] "GET /buecher/bestellung.php HTTP/1.1" 200 10142 "http://www.morusverlag.de/buecher/index.html" "Mozilla/5.0 (Macintosh; Intel Mac OS X 10.8; rv:26.0) Gecko/20100101 Firefox/26.0"
82.80.249.212 - - [03/May/2022:16:30:22 +0200] "GET /buecher/rezensionen_engel.html HTTP/1.1" 200 6598 "http://www.morusverlag.de/buecher/index.html" "Mozilla/5.0 (X11; Ubuntu; Linux x86_64; rv:25.0) Gecko/20100101 Firefox/25.0"
82.80.249.212 - - [03/May/2022:16:30:23 +0200] "GET /buecher/diskussion.html HTTP/1.1" 200 9925 "http://www.morusverlag.de/buecher/index.html" "Mozilla/5.0 (Macintosh; Intel Mac OS X 10_9_0) AppleWebKit/537.36 (KHTML, like Gecko) Chrome/31.0.1650.57 Safari/537.36"
82.80.249.212 - - [03/May/2022:16:30:23 +0200] "GET /buecher/rezensionen_psalmen.html HTTP/1.1" 200 6787 "http://www.morusverlag.de/buecher/index.html" "Mozilla/5.0 (Windows NT 6.1; WOW64; rv:27.3) Gecko/20100101 Firefox/27.3"
82.80.249.212 - - [03/May/2022:16:30:23 +0200] "GET /buecher/rezensionen_le_saulchoir.html HTTP/1.1" 200 34009 "http://www.morusverlag.de/buecher/index.html" "Mozilla/5.0 (Macintosh; Intel Mac OS X 10_8_4) AppleWebKit/537.36 (KHTML, like Gecko) Chrome/31.0.1650.63 Safari/537.36"
82.80.249.212 - - [03/May/2022:16:30:23 +0200] "GET /buecher/rezensionen_krise_zum_heil.html HTTP/1.1" 200 9828 "http://www.morusverlag.de/buecher/index.html" "Mozilla/5.0 (Windows NT 6.1; WOW64; Trident/7.0; rv:11.0) like Gecko"
82.80.249.212 - - [03/May/2022:16:30:24 +0200] "GET /buecher/rezensionen_nicht_auf_sand_gebaut.html HTTP/1.1" 200 6594 "http://www.morusverlag.de/buecher/index.html" "Mozilla/5.0 (Windows NT 6.1; WOW64; rv:26.0) Gecko/20100101 Firefox/26.0"
82.80.249.212 - - [03/May/2022:16:30:25 +0200] "GET /buecher/rezensionen_leiblichkeit_und_zeitlichkeit.html HTTP/1.1" 200 8821 "http://www.morusverlag.de/buecher/index.html" "Mozilla/5.0 (Macintosh; Intel Mac OS X 10_7_5) AppleWebKit/537.71 (KHTML, like Gecko) Version/6.1 Safari/537.71"
82.80.249.212 - - [03/May/2022:16:30:27 +0200] "GET /buecher/rezensionen_preysing.html HTTP/1.1" 200 9502 "http://www.morusverlag.de/buecher/index.html" "Mozilla/5.0 (Macintosh; Intel Mac OS X 10_7_5) AppleWebKit/537.36 (KHTML, like Gecko) Chrome/31.0.1650.63 Safari/537.36"
82.80.249.212 - - [03/May/2022:16:30:27 +0200] "GET /jahrbuch/titelseiten/index.html HTTP/1.1" 200 6735 "http://www.morusverlag.de/jahrbuch/index.html" "Mozilla/5.0 (Macintosh; Intel Mac OS X 10_8_5) AppleWebKit/537.36 (KHTML, like Gecko) Chrome/31.0.1650.63 Safari/537.36"
82.80.249.212 - - [03/May/2022:16:30:30 +0200] "GET /cds/glockenspiel1.html HTTP/1.1" 200 9736 "http://www.morusverlag.de/cds/index.html" "Mozilla/5.0 (Windows NT 6.1; WOW64) AppleWebKit/537.36 (KHTML, like Gecko) Chrome/32.0.1700.41 Safari/537.36"
82.80.249.212 - - [03/May/2022:16:30:30 +0200] "GET /jahrbuch/bestellung.php HTTP/1.1" 200 10316 "http://www.morusverlag.de/jahrbuch/index.html" "Mozilla/5.0 (compatible; MSIE 10.0; Windows NT 6.1; WOW64; Trident/6.0)"
82.80.249.212 - - [03/May/2022:16:30:31 +0200] "GET /cds/glockenspiel2.html HTTP/1.1" 200 9831 "http://www.morusverlag.de/cds/index.html" "Mozilla/5.0 (Windows NT 6.1; rv:26.0) Gecko/20100101 Firefox/26.0"
82.80.249.212 - - [03/May/2022:16:30:34 +0200] "GET /cds/lumina.html HTTP/1.1" 200 9000 "http://www.morusverlag.de/cds/index.html" "Mozilla/5.0 (compatible; MSIE 9.0; Windows NT 6.1; WOW64; Trident/5.0)"
82.80.249.212 - - [03/May/2022:16:30:34 +0200] "GET /cds/astazi.html HTTP/1.1" 200 8453 "http://www.morusverlag.de/cds/index.html" "Mozilla/5.0 (Macintosh; Intel Mac OS X 10_8_5) AppleWebKit/537.36 (KHTML, like Gecko) Chrome/31.0.1650.63 Safari/537.36"
82.80.249.212 - - [03/May/2022:16:30:35 +0200] "GET /sonderthemen/archiv.html HTTP/1.1" 200 6959 "http://www.morusverlag.de/sonderthemen/index.html" "Mozilla/5.0 (Windows NT 6.3; WOW64) AppleWebKit/537.36 (KHTML, like Gecko) Chrome/32.0.1700.72 Safari/537.36"
82.80.249.212 - - [03/May/2022:16:30:40 +0200] "GET /sonderthemen/az2003_s01.pdf HTTP/1.1" 200 120642 "http://www.morusverlag.de/sonderthemen/index.html" "Mozilla/5.0 (Macintosh; Intel Mac OS X 10.8; rv:26.0) Gecko/20100101 Firefox/26.0"
82.80.230.228 - - [03/May/2022:16:30:40 +0200] "GET /sonderthemen/az2003_s01.pdf HTTP/1.1" 200 120642 "-" "Mozilla/5.0 (compatible; MSIE 10.0; Windows NT 6.1; WOW64; Trident/6.0)"
82.80.230.228 - - [03/May/2022:16:30:40 +0200] "GET /sonderthemen/az2003_s01.pdf HTTP/1.1" 200 120642 "-" "Mozilla/5.0 (Macintosh; Intel Mac OS X 10.8; rv:26.0) Gecko/20100101 Firefox/26.0"
82.80.249.212 - - [03/May/2022:16:30:42 +0200] "GET /sonderthemen/az2003.pdf HTTP/1.1" 200 4864675 "http://www.morusverlag.de/sonderthemen/index.html" "Mozilla/5.0 (Windows NT 6.1) AppleWebKit/537.36 (KHTML, like Gecko) Chrome/31.0.1650.63 Safari/537.36"
82.80.249.212 - - [03/May/2022:16:30:42 +0200] "GET /sonderthemen/presse.html HTTP/1.1" 200 5772 "http://www.morusverlag.de/sonderthemen/index.html" "Mozilla/5.0 (X11; Ubuntu; Linux x86_64; rv:26.0) Gecko/20100101 Firefox/26.0"
82.80.230.228 - - [03/May/2022:16:30:42 +0200] "GET /sonderthemen/az2003.pdf HTTP/1.1" 200 4864675 "-" "Mozilla/5.0 (Windows NT 6.1; Trident/7.0; rv:11.0) like Gecko"
82.80.249.212 - - [03/May/2022:16:30:43 +0200] "GET /sonderthemen/sk2004_s01.pdf HTTP/1.1" 200 162742 "http://www.morusverlag.de/sonderthemen/index.html" "Mozilla/5.0 (Macintosh; Intel Mac OS X 10_9_1) AppleWebKit/537.73.11 (KHTML, like Gecko) Version/7.0.1 Safari/537.73.11"
82.80.249.212 - - [03/May/2022:16:30:44 +0200] "GET /sonderthemen/sk2004.pdf HTTP/1.1" 200 1967215 "http://www.morusverlag.de/sonderthemen/index.html" "Mozilla/5.0 (Windows NT 6.2; Win64; x64; rv:27.0) Gecko/20100101 Firefox/27.0"
82.80.230.228 - - [03/May/2022:16:30:44 +0200] "GET /sonderthemen/sk2004.pdf HTTP/1.1" 200 1967215 "-" "Mozilla/5.0 (Windows NT 6.2; Win64; x64; rv:27.0) Gecko/20100101 Firefox/27.0"
82.80.249.212 - - [03/May/2022:16:30:44 +0200] "GET /sonderthemen/oekt_extra1.pdf HTTP/1.1" 200 1849015 "http://www.morusverlag.de/sonderthemen/index.html" "Mozilla/5.0 (Windows NT 6.1; WOW64) AppleWebKit/537.36 (KHTML, like Gecko) Chrome/41.0.2227.0 Safari/537.36"
82.80.230.228 - - [03/May/2022:16:30:44 +0200] "GET /sonderthemen/sk2004_s01.pdf HTTP/1.1" 200 162742 "-" "Mozilla/5.0 (Macintosh; Intel Mac OS X 10_8_5) AppleWebKit/537.36 (KHTML, like Gecko) Chrome/31.0.1650.63 Safari/537.36"
82.80.230.228 - - [03/May/2022:16:30:44 +0200] "GET /sonderthemen/sk2004_s01.pdf HTTP/1.1" 200 162742 "-" "Mozilla/5.0 (Windows NT 6.2; Win64; x64; rv:36.0) Gecko/20100101 Firefox/36.0"
82.80.230.228 - - [03/May/2022:16:30:44 +0200] "GET /sonderthemen/sk2004.pdf HTTP/1.1" 200 1967215 "-" "Mozilla/5.0 (Macintosh; Intel Mac OS X 10_9_1) AppleWebKit/537.36 (KHTML, like Gecko) Chrome/31.0.1650.63 Safari/537.36"
82.80.230.228 - - [03/May/2022:16:30:44 +0200] "GET /sonderthemen/oekt_extra1.pdf HTTP/1.1" 200 1849015 "-" "Mozilla/5.0 (X11; Linux x86_64) AppleWebKit/537.36 (KHTML, like Gecko) Chrome/31.0.1650.63 Safari/537.36"
82.80.249.212 - - [03/May/2022:16:30:47 +0200] "GET /sonderthemen/oekt_extra2.pdf HTTP/1.1" 200 1939949 "http://www.morusverlag.de/sonderthemen/index.html" "Mozilla/5.0 (Macintosh; Intel Mac OS X 10_9_1) AppleWebKit/537.36 (KHTML, like Gecko) Chrome/31.0.1650.63 Safari/537.36"
82.80.230.228 - - [03/May/2022:16:30:47 +0200] "GET /sonderthemen/oekt_extra2.pdf HTTP/1.1" 200 1939949 "-" "Mozilla/5.0 (compatible; MSIE 10.0; Windows NT 6.1; Trident/6.0)"
82.80.249.212 - - [03/May/2022:16:30:48 +0200] "GET /sonderthemen/oekz2003_s01.pdf HTTP/1.1" 200 66807 "http://www.morusverlag.de/sonderthemen/index.html" "Mozilla/5.0 (Windows NT 6.1; WOW64; rv:25.0) Gecko/20100101 Firefox/25.0"
82.80.249.212 - - [03/May/2022:16:30:48 +0200] "GET /sonderthemen/oekt_extra3.pdf HTTP/1.1" 200 2109745 "http://www.morusverlag.de/sonderthemen/index.html" "Mozilla/5.0 (Windows NT 6.3; WOW64; Trident/7.0; Touch; rv:11.0) like Gecko"
82.80.230.228 - - [03/May/2022:16:30:48 +0200] "GET /sonderthemen/oekz2003_s01.pdf HTTP/1.1" 200 66807 "-" "Mozilla/5.0 (Macintosh; Intel Mac OS X 10_9_1) AppleWebKit/537.36 (KHTML, like Gecko) Chrome/32.0.1700.68 Safari/537.36"
82.80.230.228 - - [03/May/2022:16:30:47 +0200] "GET /sonderthemen/oekt_extra2.pdf HTTP/1.1" 200 1939949 "-" "Mozilla/5.0 (Macintosh; Intel Mac OS X 10_7_5) AppleWebKit/537.71 (KHTML, like Gecko) Version/6.1 Safari/537.71"
82.80.230.228 - - [03/May/2022:16:30:48 +0200] "GET /sonderthemen/oekz2003_s01.pdf HTTP/1.1" 200 66807 "-" "Mozilla/5.0 (compatible; MSIE 10.0; Windows NT 6.2; WOW64; Trident/6.0)"
82.80.249.212 - - [03/May/2022:16:30:48 +0200] "GET /sonderthemen/oekz2003.pdf HTTP/1.1" 200 4017017 "http://www.morusverlag.de/sonderthemen/index.html" "Mozilla/5.0 (Windows NT 6.3; WOW64; rv:26.0) Gecko/20100101 Firefox/26.0"
82.80.249.212 - - [03/May/2022:16:30:49 +0200] "GET /cds/simplay_player.swf?audiofile=avemaria.mp3 HTTP/1.1" 200 6377 "http://www.morusverlag.de/cds/rosarium.html" "Mozilla/5.0 (Windows NT 6.3; WOW64; Trident/7.0; rv:11.0) like Gecko"
82.80.230.228 - - [03/May/2022:16:30:49 +0200] "GET /cds/simplay_player.swf?audiofile=avemaria.mp3 HTTP/1.1" 200 6377 "-" "Mozilla/5.0 (Macintosh; Intel Mac OS X 10_9_0) AppleWebKit/537.36 (KHTML, like Gecko) Chrome/31.0.1650.63 Safari/537.36"
82.80.230.228 - - [03/May/2022:16:30:49 +0200] "GET /cds/simplay_player.swf?audiofile=avemaria.mp3 HTTP/1.1" 200 6377 "-" "Mozilla/5.0 (Windows NT 6.1; WOW64; rv:25.0) Gecko/20100101 Firefox/25.0"
82.80.249.212 - - [03/May/2022:16:30:49 +0200] "GET /cds/simplay_control.swf HTTP/1.1" 200 1243 "http://www.morusverlag.de/cds/rosarium.html" "Mozilla/5.0 (X11; Linux x86_64; rv:26.0) Gecko/20100101 Firefox/26.0"
82.80.230.228 - - [03/May/2022:16:30:49 +0200] "GET /cds/simplay_control.swf HTTP/1.1" 200 1243 "-" "Mozilla/5.0 (Windows NT 6.1; WOW64) AppleWebKit/537.36 (KHTML, like Gecko) Chrome/35.0.1916.153 Safari/537.36"
82.80.230.228 - - [03/May/2022:16:30:48 +0200] "GET /sonderthemen/oekt_extra3.pdf HTTP/1.1" 200 2109745 "-" "Mozilla/5.0 (compatible; MSIE 10.0; Windows NT 6.2; WOW64; Trident/6.0)"
82.80.230.228 - - [03/May/2022:16:30:50 +0200] "GET /cds/simplay_control.swf HTTP/1.1" 200 1243 "-" "Mozilla/5.0 (X11; Linux x86_64) AppleWebKit/537.36 (KHTML, like Gecko) Ubuntu Chromium/31.0.1650.63 Chrome/31.0.1650.63 Safari/537.36"
82.80.249.212 - - [03/May/2022:16:30:50 +0200] "GET /buecher/rezensionen_ignatius.html HTTP/1.1" 200 8182 "http://www.morusverlag.de/cds/ignatius.html" "Mozilla/5.0 (compatible, MSIE 11, Windows NT 6.3; Trident/7.0; rv:11.0) like Gecko"
82.80.249.212 - - [03/May/2022:16:30:50 +0200] "GET /cds/simplay_player.swf?audiofile=der_mensch.mp3 HTTP/1.1" 200 6377 "http://www.morusverlag.de/cds/ignatius.html" "Mozilla/5.0 (Windows NT 6.3; WOW64; Trident/7.0; Touch; rv:11.0) like Gecko"
82.80.230.228 - - [03/May/2022:16:30:50 +0200] "GET /cds/simplay_player.swf?audiofile=der_mensch.mp3 HTTP/1.1" 200 6377 "-" "Mozilla/5.0 (Macintosh; Intel Mac OS X 10_8_5) AppleWebKit/537.73.11 (KHTML, like Gecko) Version/6.1.1 Safari/537.73.11"
82.80.230.228 - - [03/May/2022:16:30:50 +0200] "GET /cds/simplay_player.swf?audiofile=der_mensch.mp3 HTTP/1.1" 200 6377 "-" "Mozilla/5.0 (Windows NT 6.1; WOW64; rv:24.0) Gecko/20100101 Firefox/24.0"
82.80.230.228 - - [03/May/2022:16:30:49 +0200] "GET /sonderthemen/oekz2003.pdf HTTP/1.1" 200 4017017 "-" "Mozilla/5.0 (Macintosh; Intel Mac OS X 10.6; rv:26.0) Gecko/20100101 Firefox/26.0"
82.80.249.212 - - [03/May/2022:16:30:50 +0200] "GET /cds/simplay_player.swf?audiofile=hymnos1.mp3 HTTP/1.1" 200 6377 "http://www.morusverlag.de/cds/hymnos_akathistos.html" "Mozilla/5.0 (Windows NT 6.1; WOW64) AppleWebKit/537.36 (KHTML, like Gecko) Chrome/40.0.2214.111 Safari/537.36"
82.80.230.228 - - [03/May/2022:16:30:50 +0200] "GET /cds/simplay_player.swf?audiofile=hymnos1.mp3 HTTP/1.1" 200 6377 "-" "Mozilla/5.0 (Macintosh; Intel Mac OS X 10.6; rv:26.0) Gecko/20100101 Firefox/26.0"
82.80.230.228 - - [03/May/2022:16:30:50 +0200] "GET /cds/simplay_player.swf?audiofile=hymnos1.mp3 HTTP/1.1" 200 6377 "-" "Mozilla/5.0 (Windows NT 6.3; WOW64) AppleWebKit/537.36 (KHTML, like Gecko) Chrome/31.0.1650.63 Safari/537.36"
82.80.249.212 - - [03/May/2022:16:30:52 +0200] "GET /cds/simplay_player.swf?audiofile=hymnos2.mp3 HTTP/1.1" 200 6377 "http://www.morusverlag.de/cds/hymnos_akathistos.html" "Mozilla/5.0 (Macintosh; Intel Mac OS X 10_7_5) AppleWebKit/537.36 (KHTML, like Gecko) Chrome/31.0.1650.63 Safari/537.36"
82.80.230.228 - - [03/May/2022:16:30:52 +0200] "GET /cds/simplay_player.swf?audiofile=hymnos2.mp3 HTTP/1.1" 200 6377 "-" "Mozilla/5.0 (Macintosh; Intel Mac OS X 10.6; rv:26.0) Gecko/20100101 Firefox/26.0"
82.80.230.228 - - [03/May/2022:16:30:52 +0200] "GET /cds/simplay_player.swf?audiofile=hymnos2.mp3 HTTP/1.1" 200 6377 "-" "Mozilla/5.0 (compatible; MSIE 9.0; Windows NT 6.1; Trident/5.0)"
82.80.249.212 - - [03/May/2022:16:30:52 +0200] "GET /buecher/rezensionen.html HTTP/1.1" 200 6964 "http://www.morusverlag.de/buecher/rezensionen_chateaubriand.html" "Mozilla/5.0 (X11; Linux i686) AppleWebKit/537.36 (KHTML, like Gecko) Chrome/31.0.1650.63 Safari/537.36"
82.80.249.212 - - [03/May/2022:16:30:53 +0200] "GET /cds/simplay_player.swf?audiofile=glockenspiel1.mp3 HTTP/1.1" 200 6377 "http://www.morusverlag.de/cds/glockenspiel1.html" "Mozilla/5.0 (Macintosh; Intel Mac OS X 10.9; rv:26.0) Gecko/20100101 Firefox/26.0"
82.80.230.228 - - [03/May/2022:16:30:53 +0200] "GET /cds/simplay_player.swf?audiofile=glockenspiel1.mp3 HTTP/1.1" 200 6377 "-" "Mozilla/5.0 (Windows NT 6.1) AppleWebKit/537.36 (KHTML, like Gecko) Chrome/31.0.1650.63 Safari/537.36"
82.80.230.228 - - [03/May/2022:16:30:53 +0200] "GET /cds/simplay_player.swf?audiofile=glockenspiel1.mp3 HTTP/1.1" 200 6377 "-" "Mozilla/5.0 (Windows NT 5.1) AppleWebKit/537.36 (KHTML, like Gecko) Chrome/31.0.1650.63 Safari/537.36"
82.80.249.212 - - [03/May/2022:16:30:54 +0200] "GET /cds/simplay_player.swf?audiofile=glockenspiel2.mp3 HTTP/1.1" 200 6377 "http://www.morusverlag.de/cds/glockenspiel2.html" "Mozilla/5.0 (Windows NT 6.1; WOW64) AppleWebKit/537.36 (KHTML, like Gecko) Chrome/40.0.2214.111 Safari/537.36"
82.80.230.228 - - [03/May/2022:16:30:54 +0200] "GET /cds/simplay_player.swf?audiofile=glockenspiel2.mp3 HTTP/1.1" 200 6377 "-" "Mozilla/5.0 (compatible)"
82.80.230.228 - - [03/May/2022:16:30:54 +0200] "GET /cds/simplay_player.swf?audiofile=glockenspiel2.mp3 HTTP/1.1" 200 6377 "-" "Mozilla/5.0 (compatible; MSIE 9.0; Windows NT 6.1; WOW64; Trident/5.0)"
82.80.230.228 - - [03/May/2022:16:30:48 +0200] "GET /sonderthemen/oekt_extra3.pdf HTTP/1.1" 200 2109745 "-" "Mozilla/5.0 (Windows NT 6.1; WOW64; rv:29.0) Gecko/20100101 Firefox/29.0"
82.80.230.228 - - [03/May/2022:16:30:44 +0200] "GET /sonderthemen/oekt_extra1.pdf HTTP/1.1" 200 1849015 "-" "Mozilla/5.0 (Macintosh; Intel Mac OS X 10_9_1) AppleWebKit/537.73.11 (KHTML, like Gecko) Version/7.0.1 Safari/537.73.11"
82.80.230.228 - - [03/May/2022:16:30:49 +0200] "GET /sonderthemen/oekz2003.pdf HTTP/1.1" 200 4017017 "-" "Mozilla/5.0 (Macintosh; Intel Mac OS X 10_9_1) AppleWebKit/537.36 (KHTML, like Gecko) Chrome/31.0.1650.63 Safari/537.36"
82.80.249.212 - - [03/May/2022:16:30:55 +0200] "GET /cds/simplay_player.swf?audiofile=lumina.mp3 HTTP/1.1" 200 6377 "http://www.morusverlag.de/cds/lumina.html" "Mozilla/5.0 (Windows NT 6.1; WOW64; Trident/7.0; rv:11.0) like Gecko"
82.80.230.228 - - [03/May/2022:16:30:55 +0200] "GET /cds/simplay_player.swf?audiofile=lumina.mp3 HTTP/1.1" 200 6377 "-" "Mozilla/5.0 (Windows NT 6.1; WOW64) AppleWebKit/537.36 (KHTML, like Gecko) Chrome/40.0.2214.111 Safari/537.36"
82.80.230.228 - - [03/May/2022:16:30:55 +0200] "GET /cds/simplay_player.swf?audiofile=lumina.mp3 HTTP/1.1" 200 6377 "-" "Mozilla/5.0 (Windows NT 6.1) AppleWebKit/537.36 (KHTML, like Gecko) Chrome/32.0.1700.72 Safari/537.36"
82.80.249.212 - - [03/May/2022:16:30:56 +0200] "GET /cds/simplay_player.swf?audiofile=astazi.mp3 HTTP/1.1" 200 6377 "http://www.morusverlag.de/cds/astazi.html" "Mozilla/5.0 (Macintosh; Intel Mac OS X 10_9) AppleWebKit/537.71 (KHTML, like Gecko) Version/7.0 Safari/537.71"
82.80.230.228 - - [03/May/2022:16:30:56 +0200] "GET /cds/simplay_player.swf?audiofile=astazi.mp3 HTTP/1.1" 200 6377 "-" "Mozilla/5.0 (Windows NT 6.1; WOW64; rv:29.0) Gecko/20100101 Firefox/29.0"
82.80.230.228 - - [03/May/2022:16:30:56 +0200] "GET /cds/simplay_player.swf?audiofile=astazi.mp3 HTTP/1.1" 200 6377 "-" "Mozilla/5.0 (X11; Linux x86_64) AppleWebKit/537.36 (KHTML, like Gecko) Chrome/31.0.1650.57 Safari/537.36"
82.80.249.212 - - [03/May/2022:16:30:56 +0200] "GET /sonderthemen/sk2002.pdf HTTP/1.1" 200 2628923 "http://www.morusverlag.de/sonderthemen/archiv.html" "Mozilla/5.0 (Macintosh; Intel Mac OS X 10.9; rv:25.0) Gecko/20100101 Firefox/25.0"
82.80.230.228 - - [03/May/2022:16:30:57 +0200] "GET /sonderthemen/sk2002.pdf HTTP/1.1" 200 2628923 "-" "Mozilla/5.0 (Windows NT 6.1; WOW64; rv:29.0) Gecko/20100101 Firefox/29.0"
82.80.249.212 - - [03/May/2022:16:30:58 +0200] "GET /sonderthemen/sk2001.pdf HTTP/1.1" 200 3098589 "http://www.morusverlag.de/sonderthemen/archiv.html" "Mozilla/5.0 (Windows NT 6.1; rv:24.0) Gecko/20100101 Firefox/24.0"
82.80.249.212 - - [03/May/2022:16:30:58 +0200] "GET /sonderthemen/sk2000.pdf HTTP/1.1" 200 2925489 "http://www.morusverlag.de/sonderthemen/archiv.html" "Mozilla/5.0 (X11; Linux x86_64) AppleWebKit/537.36 (KHTML, like Gecko) Chrome/31.0.1650.57 Safari/537.36"
82.80.230.228 - - [03/May/2022:16:30:58 +0200] "GET /sonderthemen/sk2000.pdf HTTP/1.1" 200 2925489 "-" "Mozilla/5.0 (Macintosh; Intel Mac OS X 10_9_1) AppleWebKit/537.36 (KHTML, like Gecko) Chrome/31.0.1650.63 Safari/537.36"
82.80.249.212 - - [03/May/2022:16:30:59 +0200] "GET /sonderthemen/oeaz2002.pdf HTTP/1.1" 200 3161455 "http://www.morusverlag.de/sonderthemen/archiv.html" "Mozilla/5.0 (Windows NT 6.1; WOW64) AppleWebKit/537.36 (KHTML, like Gecko) Chrome/40.0.2214.111 Safari/537.36"
82.80.230.228 - - [03/May/2022:16:30:58 +0200] "GET /sonderthemen/sk2000.pdf HTTP/1.1" 200 2925489 "-" "Mozilla/5.0 (Windows NT 6.3; WOW64) AppleWebKit/537.36 (KHTML, like Gecko) Chrome/31.0.1650.63 Safari/537.36"
82.80.230.228 - - [03/May/2022:16:30:58 +0200] "GET /sonderthemen/sk2001.pdf HTTP/1.1" 200 3098589 "-" "Mozilla/5.0 (X11; Ubuntu; Linux x86_64; rv:26.0) Gecko/20100101 Firefox/26.0"
82.80.230.228 - - [03/May/2022:16:30:59 +0200] "GET /sonderthemen/oeaz2002.pdf HTTP/1.1" 200 3161455 "-" "Mozilla/5.0 (Macintosh; Intel Mac OS X 10_9_1) AppleWebKit/537.36 (KHTML, like Gecko) Chrome/31.0.1650.63 Safari/537.36"
82.80.249.212 - - [03/May/2022:16:31:01 +0200] "GET /sonderthemen/oeaz2001.pdf HTTP/1.1" 200 4496626 "http://www.morusverlag.de/sonderthemen/archiv.html" "Mozilla/5.0 (compatible; MSIE 10.0; Windows NT 6.2; WOW64; Trident/6.0)"
82.80.249.212 - - [03/May/2022:16:31:01 +0200] "GET /sonderthemen/az1999.pdf HTTP/1.1" 200 1842982 "http://www.morusverlag.de/sonderthemen/archiv.html" "Mozilla/5.0 (Macintosh; Intel Mac OS X 10_7_5) AppleWebKit/537.71 (KHTML, like Gecko) Version/6.1 Safari/537.71"
82.80.249.212 - - [03/May/2022:16:31:01 +0200] "GET /sonderthemen/az2000.pdf HTTP/1.1" 200 2253581 "http://www.morusverlag.de/sonderthemen/archiv.html" "Mozilla/5.0 (X11; Linux x86_64; rv:26.0) Gecko/20100101 Firefox/26.0"
82.80.230.228 - - [03/May/2022:16:31:02 +0200] "GET /sonderthemen/az1999.pdf HTTP/1.1" 200 1842982 "-" "Mozilla/5.0 (Macintosh; Intel Mac OS X 10_9) AppleWebKit/537.71 (KHTML, like Gecko) Version/7.0 Safari/537.71"
82.80.249.212 - - [03/May/2022:16:31:02 +0200] "GET /buecher/rezensionen_ungeteilt.html HTTP/1.1" 200 9764 "http://www.morusverlag.de/buecher/rezensionen.html" "Mozilla/5.0 (Windows NT 6.1; WOW64) AppleWebKit/537.36 (KHTML, like Gecko) Chrome/35.0.1916.153 Safari/537.36"
82.80.230.228 - - [03/May/2022:16:31:02 +0200] "GET /sonderthemen/az1999.pdf HTTP/1.1" 200 1842982 "-" "Mozilla/5.0 (Macintosh; Intel Mac OS X 10_9_1) AppleWebKit/537.36 (KHTML, like Gecko) Chrome/31.0.1650.57 Safari/537.36"
82.80.230.228 - - [03/May/2022:16:31:02 +0200] "GET /sonderthemen/az2000.pdf HTTP/1.1" 200 2253581 "-" "Mozilla/5.0 (X11; Linux x86_64) AppleWebKit/537.36 (KHTML, like Gecko) Chrome/31.0.1650.63 Safari/537.36"
82.80.230.228 - - [03/May/2022:16:31:01 +0200] "GET /sonderthemen/oeaz2001.pdf HTTP/1.1" 200 4496626 "-" "Mozilla/5.0 (Macintosh; Intel Mac OS X 10.9; rv:26.0) Gecko/20100101 Firefox/26.0"
82.80.230.228 - - [03/May/2022:16:30:42 +0200] "GET /sonderthemen/az2003.pdf HTTP/1.1" 200 4864675 "-" "Mozilla/5.0 (compatible; MSIE 10.0; Windows NT 6.1; Trident/6.0)"
82.80.230.228 - - [03/May/2022:16:31:01 +0200] "GET /sonderthemen/oeaz2001.pdf HTTP/1.1" 200 4496626 "-" "Mozilla/5.0 (compatible; MSIE 10.0; Windows NT 6.1; Trident/6.0)"
82.80.230.228 - - [03/May/2022:16:31:02 +0200] "GET /sonderthemen/az2000.pdf HTTP/1.1" 200 2253581 "-" "Mozilla/5.0 (compatible; MSIE 10.0; Windows NT 6.1; WOW64; Trident/6.0)"
82.80.230.228 - - [03/May/2022:16:30:57 +0200] "GET /sonderthemen/sk2002.pdf HTTP/1.1" 200 2628923 "-" "Mozilla/5.0 (Macintosh; Intel Mac OS X 10_8_5) AppleWebKit/537.36 (KHTML, like Gecko) Chrome/31.0.1650.63 Safari/537.36"
82.80.230.228 - - [03/May/2022:16:30:59 +0200] "GET /sonderthemen/oeaz2002.pdf HTTP/1.1" 200 3161455 "-" "Mozilla/5.0 (Macintosh; Intel Mac OS X 10_6_8) AppleWebKit/537.36 (KHTML, like Gecko) Chrome/31.0.1650.63 Safari/537.36"
82.80.230.228 - - [03/May/2022:16:30:58 +0200] "GET /sonderthemen/sk2001.pdf HTTP/1.1" 200 3098589 "-" "Mozilla/5.0 (Windows NT 6.2; Win64; x64; rv:27.0) Gecko/20100101 Firefox/27.0"
23.100.232.233 - - [03/May/2022:16:53:36 +0200] "GET /buecher/ HTTP/1.1" 200 25885 "-" "Mozilla/5.0 (compatible; MSIE 9.0; Windows NT 6.0; Trident/5.0; Trident/5.0)"
23.100.232.233 - - [03/May/2022:16:53:38 +0200] "GET /main.css HTTP/1.1" 200 1439 "http://www.morusverlag.de/buecher/" "Mozilla/5.0 (compatible; MSIE 9.0; Windows NT 6.0; Trident/5.0; Trident/5.0)"
23.100.232.233 - - [03/May/2022:16:53:38 +0200] "GET /contentflow/contentflow.js HTTP/1.1" 200 42064 "http://www.morusverlag.de/buecher/" "Mozilla/5.0 (compatible; MSIE 9.0; Windows NT 6.0; Trident/5.0; Trident/5.0)"
23.100.232.233 - - [03/May/2022:16:53:40 +0200] "GET /contentflow/contentflow.css HTTP/1.1" 200 3109 "http://www.morusverlag.de/buecher/" "Mozilla/5.0 (compatible; MSIE 9.0; Windows NT 6.0; Trident/5.0; Trident/5.0)"
23.100.232.233 - - [03/May/2022:16:53:40 +0200] "GET /contentflow/mycontentflow.css HTTP/1.1" 404 2381 "http://www.morusverlag.de/buecher/" "Mozilla/5.0 (compatible; MSIE 9.0; Windows NT 6.0; Trident/5.0; Trident/5.0)"
23.100.232.233 - - [03/May/2022:16:53:40 +0200] "GET /contentflow/ContentFlowAddOn_white.js HTTP/1.1" 200 471 "http://www.morusverlag.de/buecher/" "Mozilla/5.0 (compatible; MSIE 9.0; Windows NT 6.0; Trident/5.0; Trident/5.0)"
23.100.232.233 - - [03/May/2022:16:53:41 +0200] "GET /contentflow/ContentFlowAddOn_white.css HTTP/1.1" 200 3174 "http://www.morusverlag.de/buecher/" "Mozilla/5.0 (compatible; MSIE 9.0; Windows NT 6.0; Trident/5.0; Trident/5.0)"
65.108.45.180 - - [03/May/2022:16:56:12 +0200] "GET /buecher/rezensionen_krise_zum_heil.html HTTP/1.1" 200 9828 "-" "Mozilla/5.0 (compatible; Seekport Crawler; http://seekport.com/)"
207.46.13.196 - - [03/May/2022:16:57:33 +0200] "GET /cds/ HTTP/1.1" 200 7987 "-" "Mozilla/5.0 (compatible; bingbot/2.0; +http://www.bing.com/bingbot.htm)"
65.108.103.112 - - [03/May/2022:16:59:29 +0200] "GET /buecher/rezensionen_ungeteilt.html HTTP/1.1" 200 9764 "-" "Mozilla/5.0 (compatible; Seekport Crawler; http://seekport.com/)"
80.85.136.157 - - [03/May/2022:17:17:50 +0200] "HEAD / HTTP/1.1" 200 - "https://aplaster.ru/mehanizirovannaya-shtukaturka/zelenograd/" "Mozilla/4.0 (compatible; MSIE2.00; Windows 2003)"
80.85.136.159 - - [03/May/2022:17:17:50 +0200] "HEAD / HTTP/1.1" 200 - "https://lfsezon.com/board/biograficheskij/bordzhia_1/1-1-0-186" "Mozilla/8.0 (compatible; MSIE7.00; Windows 2005)"
193.3.168.17 - - [03/May/2022:17:17:50 +0200] "HEAD / HTTP/1.1" 200 - "https://zaserial.me/boevik/" "Mozilla/4.0 (compatible; MSIE5.00; Windows 2008)"
194.67.207.94 - - [03/May/2022:17:50:28 +0200] "HEAD / HTTP/1.1" 200 - "https://xn--365-5cd3ay1ci1j.xn--p1ai/otchety/styazhka-pola-3" "Mozilla/3.0 (compatible; MSIE2.00; Windows 2007)"
185.5.249.185 - - [03/May/2022:17:50:29 +0200] "HEAD / HTTP/1.1" 200 - "https://politic.md/" "Mozilla/8.0 (compatible; MSIE4.00; Windows 2008)"
51.222.253.9 - - [03/May/2022:19:33:27 +0200] "GET /robots.txt HTTP/1.1" 200 100 "-" "Mozilla/5.0 (compatible; AhrefsBot/7.0; +http://ahrefs.com/robot/)"
54.36.148.238 - - [03/May/2022:19:33:28 +0200] "GET / HTTP/1.1" 200 9360 "-" "Mozilla/5.0 (compatible; AhrefsBot/7.0; +http://ahrefs.com/robot/)"
54.36.149.30 - - [03/May/2022:19:33:29 +0200] "GET /mv_gr_w.gif HTTP/1.1" 200 2005 "-" "Mozilla/5.0 (compatible; AhrefsBot/7.0; +http://ahrefs.com/robot/)"
54.36.149.55 - - [03/May/2022:19:33:29 +0200] "GET /buecher/engel.jpg HTTP/1.1" 200 5414 "-" "Mozilla/5.0 (compatible; AhrefsBot/7.0; +http://ahrefs.com/robot/)"
54.36.149.53 - - [03/May/2022:19:33:31 +0200] "GET /cds/hymnos_k.jpg HTTP/1.1" 200 4986 "-" "Mozilla/5.0 (compatible; AhrefsBot/7.0; +http://ahrefs.com/robot/)"
54.36.149.68 - - [03/May/2022:19:33:31 +0200] "GET /jahrbuch_k.jpg HTTP/1.1" 200 3719 "-" "Mozilla/5.0 (compatible; AhrefsBot/7.0; +http://ahrefs.com/robot/)"
54.36.148.96 - - [03/May/2022:19:33:32 +0200] "GET /cds/rosarium_k.jpg HTTP/1.1" 200 3972 "-" "Mozilla/5.0 (compatible; AhrefsBot/7.0; +http://ahrefs.com/robot/)"
54.36.148.184 - - [03/May/2022:19:33:32 +0200] "GET /buecher/chateaubriand.jpg HTTP/1.1" 200 2272 "-" "Mozilla/5.0 (compatible; AhrefsBot/7.0; +http://ahrefs.com/robot/)"
54.36.148.248 - - [03/May/2022:19:33:32 +0200] "GET /cds/ignatius_k.jpg HTTP/1.1" 200 3965 "-" "Mozilla/5.0 (compatible; AhrefsBot/7.0; +http://ahrefs.com/robot/)"
54.36.148.240 - - [03/May/2022:19:33:33 +0200] "GET /buch_k.jpg HTTP/1.1" 200 4591 "-" "Mozilla/5.0 (compatible; AhrefsBot/7.0; +http://ahrefs.com/robot/)"
54.36.148.165 - - [03/May/2022:19:33:33 +0200] "GET /gotteslob.jpg HTTP/1.1" 200 9390 "-" "Mozilla/5.0 (compatible; AhrefsBot/7.0; +http://ahrefs.com/robot/)"
54.36.148.233 - - [03/May/2022:19:33:34 +0200] "GET /cds/astazi_k.jpg HTTP/1.1" 200 6049 "-" "Mozilla/5.0 (compatible; AhrefsBot/7.0; +http://ahrefs.com/robot/)"
