46.4.107.145 - - [08/Jan/2022:23:38:54 +0100] "GET /kontakt/index.html HTTP/1.1" 200 2896 "-" "Mozilla/5.0 (compatible; BLEXBot/1.0; +http://webmeup-crawler.com/)"
46.4.107.145 - - [08/Jan/2022:23:39:24 +0100] "GET /sonderthemen/index.html HTTP/1.1" 200 7102 "-" "Mozilla/5.0 (compatible; BLEXBot/1.0; +http://webmeup-crawler.com/)"
66.249.66.139 - - [08/Jan/2022:23:53:54 +0100] "GET /sonderthemen/ HTTP/1.1" 200 7102 "-" "Mozilla/5.0 (Linux; Android 6.0.1; Nexus 5X Build/MMB29P) AppleWebKit/537.36 (KHTML, like Gecko) Chrome/97.0.4692.71 Mobile Safari/537.36 (compatible; Googlebot/2.1; +http://www.google.com/bot.html)"
66.249.66.7 - - [08/Jan/2022:23:53:55 +0100] "GET /sonderthemen/sk2002.pdf HTTP/1.1" 200 2628923 "-" "Mozilla/5.0 (Linux; Android 6.0.1; Nexus 5X Build/MMB29P) AppleWebKit/537.36 (KHTML, like Gecko) Chrome/97.0.4692.71 Mobile Safari/537.36 (compatible; Googlebot/2.1; +http://www.google.com/bot.html)"
66.249.66.135 - - [09/Jan/2022:00:00:11 +0100] "GET /sonderthemen/oeaz2001.pdf HTTP/1.1" 304 - "-" "Mozilla/5.0 (compatible; Googlebot/2.1; +http://www.google.com/bot.html)"
17.121.112.213 - - [09/Jan/2022:00:02:06 +0100] "GET / HTTP/1.1" 200 9360 "-" "Mozilla/5.0 (Macintosh; Intel Mac OS X 10_15_5) AppleWebKit/605.1.15 (KHTML, like Gecko) Version/13.1.1 Safari/605.1.15 (Applebot/0.1; +http://www.apple.com/go/applebot)"
116.203.44.248 - - [09/Jan/2022:00:28:35 +0100] "GET /buecher/ HTTP/1.1" 200 25885 "https://www.crawlson.com/search?q=site:morusverlag.de" "Mozilla/5.0 (compatible; Crawlson/1.0; +https://www.crawlson.com/search?q=site:morusverlag.de)"
116.203.44.248 - - [09/Jan/2022:00:30:55 +0100] "GET /cds/index.html HTTP/1.1" 200 7987 "https://www.crawlson.com/search?q=site:morusverlag.de" "Mozilla/5.0 (compatible; Crawlson/1.0; +https://www.crawlson.com/search?q=site:morusverlag.de)"
116.203.44.248 - - [09/Jan/2022:00:31:12 +0100] "GET /impressum.html HTTP/1.1" 200 2808 "https://www.crawlson.com/search?q=site:morusverlag.de" "Mozilla/5.0 (compatible; Crawlson/1.0; +https://www.crawlson.com/search?q=site:morusverlag.de)"
116.203.44.248 - - [09/Jan/2022:00:31:54 +0100] "GET /gotteslob/index.html HTTP/1.1" 200 2770 "https://www.crawlson.com/search?q=site:morusverlag.de" "Mozilla/5.0 (compatible; Crawlson/1.0; +https://www.crawlson.com/search?q=site:morusverlag.de)"
116.203.44.248 - - [09/Jan/2022:00:32:47 +0100] "GET /sonderthemen/index.html HTTP/1.1" 200 7102 "https://www.crawlson.com/search?q=site:morusverlag.de" "Mozilla/5.0 (compatible; Crawlson/1.0; +https://www.crawlson.com/search?q=site:morusverlag.de)"
85.25.177.187 - - [09/Jan/2022:00:41:06 +0100] "GET /buecher/bestellung.php HTTP/1.1" 200 10142 "-" "Mozilla/5.0 (X11; Linux x86_64; rv:81.0) Gecko/20100101 Firefox/81.0"
95.91.244.201 - - [09/Jan/2022:00:46:32 +0100] "GET / HTTP/1.1" 200 9360 "-" "Mozilla/5.0 (Windows NT 10.0; Win64; x64) AppleWebKit/537.36 (KHTML, like Gecko) Chrome/97.0.4692.71 Safari/537.36"
95.91.244.201 - - [09/Jan/2022:00:46:32 +0100] "GET /main.css HTTP/1.1" 200 1439 "http://www.morusverlag.de/" "Mozilla/5.0 (Windows NT 10.0; Win64; x64) AppleWebKit/537.36 (KHTML, like Gecko) Chrome/97.0.4692.71 Safari/537.36"
95.91.244.201 - - [09/Jan/2022:00:46:32 +0100] "GET /logo_g.gif HTTP/1.1" 200 1301 "http://www.morusverlag.de/" "Mozilla/5.0 (Windows NT 10.0; Win64; x64) AppleWebKit/537.36 (KHTML, like Gecko) Chrome/97.0.4692.71 Safari/537.36"
95.91.244.201 - - [09/Jan/2022:00:46:32 +0100] "GET /mv_g.gif HTTP/1.1" 200 4070 "http://www.morusverlag.de/" "Mozilla/5.0 (Windows NT 10.0; Win64; x64) AppleWebKit/537.36 (KHTML, like Gecko) Chrome/97.0.4692.71 Safari/537.36"
95.91.244.201 - - [09/Jan/2022:00:46:32 +0100] "GET /mv_gr_w.gif HTTP/1.1" 200 2005 "http://www.morusverlag.de/" "Mozilla/5.0 (Windows NT 10.0; Win64; x64) AppleWebKit/537.36 (KHTML, like Gecko) Chrome/97.0.4692.71 Safari/537.36"
95.91.244.201 - - [09/Jan/2022:00:46:32 +0100] "GET /jahrbuch_k.jpg HTTP/1.1" 200 3719 "http://www.morusverlag.de/" "Mozilla/5.0 (Windows NT 10.0; Win64; x64) AppleWebKit/537.36 (KHTML, like Gecko) Chrome/97.0.4692.71 Safari/537.36"
95.91.244.201 - - [09/Jan/2022:00:46:32 +0100] "GET /pf.gif HTTP/1.1" 200 62 "http://www.morusverlag.de/" "Mozilla/5.0 (Windows NT 10.0; Win64; x64) AppleWebKit/537.36 (KHTML, like Gecko) Chrome/97.0.4692.71 Safari/537.36"
95.91.244.201 - - [09/Jan/2022:00:46:32 +0100] "GET /buecher/gesichter.jpg HTTP/1.1" 200 7271 "http://www.morusverlag.de/" "Mozilla/5.0 (Windows NT 10.0; Win64; x64) AppleWebKit/537.36 (KHTML, like Gecko) Chrome/97.0.4692.71 Safari/537.36"
95.91.244.201 - - [09/Jan/2022:00:46:32 +0100] "GET /cds/ignatius_k.jpg HTTP/1.1" 200 3965 "http://www.morusverlag.de/" "Mozilla/5.0 (Windows NT 10.0; Win64; x64) AppleWebKit/537.36 (KHTML, like Gecko) Chrome/97.0.4692.71 Safari/537.36"
95.91.244.201 - - [09/Jan/2022:00:46:32 +0100] "GET /cds/rosarium_k.jpg HTTP/1.1" 200 3972 "http://www.morusverlag.de/" "Mozilla/5.0 (Windows NT 10.0; Win64; x64) AppleWebKit/537.36 (KHTML, like Gecko) Chrome/97.0.4692.71 Safari/537.36"
95.91.244.201 - - [09/Jan/2022:00:46:32 +0100] "GET /cds/hymnos_k.jpg HTTP/1.1" 200 4986 "http://www.morusverlag.de/" "Mozilla/5.0 (Windows NT 10.0; Win64; x64) AppleWebKit/537.36 (KHTML, like Gecko) Chrome/97.0.4692.71 Safari/537.36"
95.91.244.201 - - [09/Jan/2022:00:46:32 +0100] "GET /cds/astazi_k.jpg HTTP/1.1" 200 6049 "http://www.morusverlag.de/" "Mozilla/5.0 (Windows NT 10.0; Win64; x64) AppleWebKit/537.36 (KHTML, like Gecko) Chrome/97.0.4692.71 Safari/537.36"
95.91.244.201 - - [09/Jan/2022:00:46:32 +0100] "GET /gotteslob.jpg HTTP/1.1" 200 9390 "http://www.morusverlag.de/" "Mozilla/5.0 (Windows NT 10.0; Win64; x64) AppleWebKit/537.36 (KHTML, like Gecko) Chrome/97.0.4692.71 Safari/537.36"
95.91.244.201 - - [09/Jan/2022:00:46:32 +0100] "GET /buecher/engel.jpg HTTP/1.1" 200 5414 "http://www.morusverlag.de/" "Mozilla/5.0 (Windows NT 10.0; Win64; x64) AppleWebKit/537.36 (KHTML, like Gecko) Chrome/97.0.4692.71 Safari/537.36"
95.91.244.201 - - [09/Jan/2022:00:46:32 +0100] "GET /buecher/chateaubriand.jpg HTTP/1.1" 200 2272 "http://www.morusverlag.de/" "Mozilla/5.0 (Windows NT 10.0; Win64; x64) AppleWebKit/537.36 (KHTML, like Gecko) Chrome/97.0.4692.71 Safari/537.36"
95.91.244.201 - - [09/Jan/2022:00:46:32 +0100] "GET /buch_k.jpg HTTP/1.1" 200 4591 "http://www.morusverlag.de/" "Mozilla/5.0 (Windows NT 10.0; Win64; x64) AppleWebKit/537.36 (KHTML, like Gecko) Chrome/97.0.4692.71 Safari/537.36"
95.91.244.201 - - [09/Jan/2022:00:46:32 +0100] "GET /strich.gif HTTP/1.1" 200 45 "http://www.morusverlag.de/" "Mozilla/5.0 (Windows NT 10.0; Win64; x64) AppleWebKit/537.36 (KHTML, like Gecko) Chrome/97.0.4692.71 Safari/537.36"
95.91.244.201 - - [09/Jan/2022:00:46:32 +0100] "GET /favicon.ico HTTP/1.1" 200 4286 "http://www.morusverlag.de/" "Mozilla/5.0 (Windows NT 10.0; Win64; x64) AppleWebKit/537.36 (KHTML, like Gecko) Chrome/97.0.4692.71 Safari/537.36"
54.36.149.81 - - [09/Jan/2022:01:04:53 +0100] "GET /sonderthemen/index.html HTTP/1.1" 200 7102 "-" "Mozilla/5.0 (compatible; AhrefsBot/7.0; +http://ahrefs.com/robot/)"
180.163.220.45 - - [09/Jan/2022:01:15:42 +0100] "GET / HTTP/1.1" 200 9360 "http://www.morusverlag.de/" "Mozilla/5.0 (Windows NT 6.1; WOW64) AppleWebKit/537.36 (KHTML, like Gecko) Chrome/50.0.2661.102 Safari/537.36; 360Spider"
89.187.161.13 - - [09/Jan/2022:02:32:05 +0100] "GET / HTTP/1.1" 200 9360 "-" "Mozilla/5.0 (X11; Ubuntu; Linux x86_64; rv:85.0) Gecko/20100101 Firefox/85.0"
89.187.161.13 - - [09/Jan/2022:02:32:06 +0100] "GET /kontakt/index.html HTTP/1.1" 200 2896 "-" "Mozilla/5.0 (X11; Ubuntu; Linux x86_64; rv:85.0) Gecko/20100101 Firefox/85.0"
89.187.161.13 - - [09/Jan/2022:02:32:07 +0100] "GET /impressum.html HTTP/1.1" 200 2808 "-" "Mozilla/5.0 (X11; Ubuntu; Linux x86_64; rv:85.0) Gecko/20100101 Firefox/85.0"
45.227.255.159 - - [09/Jan/2022:02:47:21 +0100] "GET /wp-login.php HTTP/1.1" 404 2381 "-" "Mozilla/5.0 (Windows NT 10.0; Win64; x64) AppleWebKit/537.36 (KHTML, like Gecko) Chrome/64.0.3282.140 Safari/537.36 Edge/18.17763"
66.249.66.137 - - [09/Jan/2022:02:53:55 +0100] "GET /sonderthemen/az2003_s01.pdf HTTP/1.1" 200 120642 "-" "Mozilla/5.0 (compatible; Googlebot/2.1; +http://www.google.com/bot.html)"
85.25.177.187 - - [09/Jan/2022:03:17:55 +0100] "GET /buecher/rezensionen_psalmen.html HTTP/1.1" 200 6787 "-" "Mozilla/5.0 (X11; Linux x86_64; rv:81.0) Gecko/20100101 Firefox/81.0"
54.36.148.190 - - [09/Jan/2022:03:20:04 +0100] "GET /cds/index.html HTTP/1.1" 200 7987 "-" "Mozilla/5.0 (compatible; AhrefsBot/7.0; +http://ahrefs.com/robot/)"
114.119.129.24 - - [09/Jan/2022:05:01:03 +0100] "GET /robots.txt HTTP/1.1" 200 100 "-" "Mozilla/5.0 (compatible;PetalBot;+https://webmaster.petalsearch.com/site/petalbot)"
207.46.13.15 - - [09/Jan/2022:05:31:40 +0100] "GET /buecher/gesichter/25.jpg HTTP/1.1" 200 7280 "-" "Mozilla/5.0 (compatible; bingbot/2.0; +http://www.bing.com/bingbot.htm)"
85.25.177.187 - - [09/Jan/2022:05:32:13 +0100] "GET /buecher/rezensionen_psalmen.html HTTP/1.1" 200 6787 "-" "Mozilla/5.0 (X11; Linux x86_64; rv:81.0) Gecko/20100101 Firefox/81.0"
185.154.14.248 - - [09/Jan/2022:05:58:59 +0100] "HEAD / HTTP/1.1" 200 - "https://www.prjadko.kiev.ua" "Mozilla/8.0 (compatible; MSIE2.00; Windows 2009)"
185.154.14.148 - - [09/Jan/2022:05:58:59 +0100] "HEAD / HTTP/1.1" 200 - "https://xn--80aahcxmtfhmh.xn--p1ai/" "Mozilla/8.0 (compatible; MSIE5.00; Windows 2005)"
185.154.14.142 - - [09/Jan/2022:05:58:59 +0100] "HEAD / HTTP/1.1" 200 - "https://hdon.ge/serialebi/saaxalwlo/" "Mozilla/6.0 (compatible; MSIE7.00; Windows 2006)"
185.154.14.108 - - [09/Jan/2022:05:58:59 +0100] "HEAD / HTTP/1.1" 200 - "https://kinoindia.tv/god-2019/" "Mozilla/2.0 (compatible; MSIE5.00; Windows 2009)"
89.105.213.182 - - [09/Jan/2022:06:18:55 +0100] "HEAD / HTTP/1.1" 200 - "https://nomertaxi.top/gorod/moskva" "Mozilla/7.0 (compatible; MSIE4.00; Windows 2004)"
89.105.213.237 - - [09/Jan/2022:06:18:55 +0100] "HEAD / HTTP/1.1" 200 - "https://amulety-talismany.ru/kamni/" "Mozilla/2.0 (compatible; MSIE6.00; Windows 2006)"
185.231.68.36 - - [09/Jan/2022:06:18:55 +0100] "HEAD / HTTP/1.1" 200 - "https://t4k.info/genres" "Mozilla/7.0 (compatible; MSIE6.00; Windows 2005)"
45.132.107.248 - - [09/Jan/2022:06:18:56 +0100] "HEAD / HTTP/1.1" 200 - "http://ubuntulinux.ru/category/news/" "Mozilla/5.0 (compatible; MSIE6.00; Windows 2003)"
185.253.7.227 - - [09/Jan/2022:06:18:56 +0100] "HEAD / HTTP/1.1" 200 - "https://avkbis.ru/zarabotok-bez-vlozheniy/kak-zarabotat-na-fotografiyah-v-internete" "Mozilla/4.0 (compatible; MSIE3.00; Windows 2007)"
185.253.7.223 - - [09/Jan/2022:06:18:56 +0100] "HEAD / HTTP/1.1" 200 - "https://vstrokax.net/category/goroda-armenii/" "Mozilla/8.0 (compatible; MSIE2.00; Windows 2003)"
185.253.7.224 - - [09/Jan/2022:06:18:56 +0100] "HEAD / HTTP/1.1" 200 - "https://h-h-auto.de/honda/" "Mozilla/4.0 (compatible; MSIE2.00; Windows 2004)"
66.249.66.196 - - [10/Jan/2022:10:58:52 +0100] "GET /robots.txt HTTP/1.1" 200 100 "-" "Mozilla/5.0 (compatible; Googlebot/2.1; +http://www.google.com/bot.html)"
66.249.66.201 - - [10/Jan/2022:10:58:52 +0100] "GET /sonderthemen/az2000.pdf HTTP/1.1" 304 - "-" "Mozilla/5.0 (compatible; Googlebot/2.1; +http://www.google.com/bot.html)"
130.180.38.150 - - [10/Jan/2022:11:10:49 +0100] "GET /buecher/rezension_gesichter_u_geschichten.pdf HTTP/1.1" 200 223287 "https://www.google.de/" "Mozilla/5.0 (Windows NT 10.0; Win64; x64) AppleWebKit/537.36 (KHTML, like Gecko) Chrome/97.0.4692.71 Safari/537.36 Edg/97.0.1072.55"
130.180.38.150 - - [10/Jan/2022:11:10:49 +0100] "GET /favicon.ico HTTP/1.1" 200 4286 "http://www.morusverlag.de/buecher/rezension_gesichter_u_geschichten.pdf" "Mozilla/5.0 (Windows NT 10.0; Win64; x64) AppleWebKit/537.36 (KHTML, like Gecko) Chrome/97.0.4692.71 Safari/537.36 Edg/97.0.1072.55"
88.198.207.51 - - [10/Jan/2022:11:35:55 +0100] "GET /sonderthemen/az2003.pdf HTTP/1.1" 200 4864675 "-" "Mozilla/5.0 (Macintosh; Intel Mac OS X 10_15_7) AppleWebKit/537.36 (KHTML, like Gecko) Chrome/87.0.4280.67 Safari/537.36"
85.25.177.187 - - [10/Jan/2022:11:46:27 +0100] "GET /sonderthemen/az2000.pdf HTTP/1.1" 200 2253581 "-" "Mozilla/5.0 (X11; Linux x86_64; rv:81.0) Gecko/20100101 Firefox/81.0"
185.154.14.148 - - [10/Jan/2022:11:55:40 +0100] "HEAD / HTTP/1.1" 200 - "https://banket-restoran.ru/" "Mozilla/5.0 (compatible; MSIE4.00; Windows 2007)"
185.154.14.142 - - [10/Jan/2022:11:55:40 +0100] "HEAD / HTTP/1.1" 200 - "https://dezses-chl.ru" "Mozilla/5.0 (compatible; MSIE4.00; Windows 2004)"
185.154.14.108 - - [10/Jan/2022:11:55:40 +0100] "HEAD / HTTP/1.1" 200 - "https://by-law.ru/yuridicheskie_uslugi/yur-d-chjesk-m-l-cam/soprovozhdenie-pri-sovershenii-sdelok-na-peregovorah" "Mozilla/4.0 (compatible; MSIE6.00; Windows 2005)"
66.249.75.31 - - [10/Jan/2022:12:21:13 +0100] "GET /impressum.html HTTP/1.1" 304 - "-" "Mozilla/5.0 (Linux; Android 6.0.1; Nexus 5X Build/MMB29P) AppleWebKit/537.36 (KHTML, like Gecko) Chrome/97.0.4692.71 Mobile Safari/537.36 (compatible; Googlebot/2.1; +http://www.google.com/bot.html)"
85.25.177.187 - - [10/Jan/2022:12:23:15 +0100] "GET /buecher/rezensionen_ungeteilt.html HTTP/1.1" 200 9764 "-" "Mozilla/5.0 (X11; Linux x86_64; rv:81.0) Gecko/20100101 Firefox/81.0"
85.25.177.187 - - [10/Jan/2022:12:43:17 +0100] "GET /sonderthemen/sk2001.pdf HTTP/1.1" 200 3098589 "-" "Mozilla/5.0 (X11; Linux x86_64; rv:81.0) Gecko/20100101 Firefox/81.0"
37.115.218.47 - - [10/Jan/2022:12:46:51 +0100] "GET / HTTP/1.1" 200 9360 "https://spinazdrav.ru/" "Mozilla/4.0 (compatible; MSIE 6.0; Windows NT 5.1; Crazy Browser 1.0.5)"
37.115.218.47 - - [10/Jan/2022:12:46:52 +0100] "GET / HTTP/1.1" 200 9360 "https://spinazdrav.ru/" "Mozilla/4.0 (compatible; MSIE 6.0; Windows NT 5.1; Crazy Browser 1.0.5)"
37.115.218.47 - - [10/Jan/2022:12:46:52 +0100] "GET / HTTP/1.1" 200 9360 "https://spinazdrav.ru/" "Mozilla/4.0 (compatible; MSIE 6.0; Windows NT 5.1; Crazy Browser 1.0.5)"
85.25.177.187 - - [10/Jan/2022:12:48:18 +0100] "GET /buecher/rezensionen_preysing.html HTTP/1.1" 200 9502 "-" "Mozilla/5.0 (X11; Linux x86_64; rv:81.0) Gecko/20100101 Firefox/81.0"
85.25.177.187 - - [10/Jan/2022:13:00:09 +0100] "GET /sonderthemen/az2003.pdf HTTP/1.1" 200 4864675 "-" "Mozilla/5.0 (X11; Linux x86_64; rv:81.0) Gecko/20100101 Firefox/81.0"
207.46.13.237 - - [10/Jan/2022:13:21:10 +0100] "GET /robots.txt HTTP/1.1" 200 100 "-" "Mozilla/5.0 (compatible; bingbot/2.0; +http://www.bing.com/bingbot.htm)"
207.46.13.56 - - [10/Jan/2022:13:21:29 +0100] "GET /gotteslob/ HTTP/1.1" 200 2770 "-" "Mozilla/5.0 (compatible; bingbot/2.0; +http://www.bing.com/bingbot.htm)"
40.77.167.79 - - [10/Jan/2022:13:26:51 +0100] "GET /cds/lumina.html HTTP/1.1" 200 9000 "-" "Mozilla/5.0 (iPhone; CPU iPhone OS 7_0 like Mac OS X) AppleWebKit/537.51.1 (KHTML, like Gecko) Version/7.0 Mobile/11A465 Safari/9537.53 (compatible; bingbot/2.0; +http://www.bing.com/bingbot.htm)"
40.77.167.75 - - [10/Jan/2022:13:27:04 +0100] "GET /main.css HTTP/1.1" 200 1439 "-" "Mozilla/5.0 (iPhone; CPU iPhone OS 7_0 like Mac OS X) AppleWebKit/537.51.1 (KHTML, like Gecko) Version/7.0 Mobile/11A465 Safari/9537.53 (compatible; bingbot/2.0; +http://www.bing.com/bingbot.htm)"
85.25.177.187 - - [10/Jan/2022:13:40:40 +0100] "GET /buecher/rezensionen_engel.html HTTP/1.1" 200 6598 "-" "Mozilla/5.0 (X11; Linux x86_64; rv:81.0) Gecko/20100101 Firefox/81.0"
80.153.71.161 - - [10/Jan/2022:13:48:21 +0100] "GET /sonderthemen/sk2001.pdf HTTP/1.1" 206 65536 "https://www.google.com/" "Mozilla/5.0 (Windows NT 6.1; Win64; x64; rv:95.0) Gecko/20100101 Firefox/95.0"
80.153.71.161 - - [10/Jan/2022:13:48:21 +0100] "GET /sonderthemen/sk2001.pdf HTTP/1.1" 206 18397 "https://www.google.com/" "Mozilla/5.0 (Windows NT 6.1; Win64; x64; rv:95.0) Gecko/20100101 Firefox/95.0"
80.153.71.161 - - [10/Jan/2022:13:48:21 +0100] "GET /favicon.ico HTTP/1.1" 200 4286 "http://www.morusverlag.de/" "Mozilla/5.0 (Windows NT 6.1; Win64; x64; rv:95.0) Gecko/20100101 Firefox/95.0"
80.153.71.161 - - [10/Jan/2022:13:48:21 +0100] "GET /sonderthemen/sk2001.pdf HTTP/1.1" 206 65536 "https://www.google.com/" "Mozilla/5.0 (Windows NT 6.1; Win64; x64; rv:95.0) Gecko/20100101 Firefox/95.0"
80.153.71.161 - - [10/Jan/2022:13:48:21 +0100] "GET /sonderthemen/sk2001.pdf HTTP/1.1" 206 65536 "https://www.google.com/" "Mozilla/5.0 (Windows NT 6.1; Win64; x64; rv:95.0) Gecko/20100101 Firefox/95.0"
80.153.71.161 - - [10/Jan/2022:13:48:20 +0100] "GET /sonderthemen/sk2001.pdf HTTP/1.1" 200 3098589 "https://www.google.com/" "Mozilla/5.0 (Windows NT 6.1; Win64; x64; rv:95.0) Gecko/20100101 Firefox/95.0"
66.249.75.30 - - [10/Jan/2022:13:51:13 +0100] "GET /sonderthemen/archiv.html HTTP/1.1" 304 - "-" "Mozilla/5.0 (Linux; Android 6.0.1; Nexus 5X Build/MMB29P) AppleWebKit/537.36 (KHTML, like Gecko) Chrome/97.0.4692.71 Mobile Safari/537.36 (compatible; Googlebot/2.1; +http://www.google.com/bot.html)"
85.25.177.187 - - [10/Jan/2022:14:44:17 +0100] "GET /buecher/rezensionen_psalmen.html HTTP/1.1" 200 6787 "-" "Mozilla/5.0 (X11; Linux x86_64; rv:81.0) Gecko/20100101 Firefox/81.0"
85.25.177.187 - - [10/Jan/2022:14:57:14 +0100] "GET /buecher/rezensionen_nicht_auf_sand_gebaut.html HTTP/1.1" 200 6594 "-" "Mozilla/5.0 (X11; Linux x86_64; rv:81.0) Gecko/20100101 Firefox/81.0"
109.90.212.101 - - [10/Jan/2022:15:09:37 +0100] "GET / HTTP/1.1" 200 9360 "https://www.google.com/" "Mozilla/5.0 (Windows NT 10.0; Win64; x64) AppleWebKit/537.36 (KHTML, like Gecko) Chrome/96.0.4664.110 Safari/537.36 OPR/82.0.4227.43"
109.90.212.101 - - [10/Jan/2022:15:09:37 +0100] "GET /main.css HTTP/1.1" 200 1439 "http://www.morusverlag.de/" "Mozilla/5.0 (Windows NT 10.0; Win64; x64) AppleWebKit/537.36 (KHTML, like Gecko) Chrome/96.0.4664.110 Safari/537.36 OPR/82.0.4227.43"
109.90.212.101 - - [10/Jan/2022:15:09:37 +0100] "GET /jahrbuch_k.jpg HTTP/1.1" 200 3719 "http://www.morusverlag.de/" "Mozilla/5.0 (Windows NT 10.0; Win64; x64) AppleWebKit/537.36 (KHTML, like Gecko) Chrome/96.0.4664.110 Safari/537.36 OPR/82.0.4227.43"
109.90.212.101 - - [10/Jan/2022:15:09:37 +0100] "GET /mv_g.gif HTTP/1.1" 200 4070 "http://www.morusverlag.de/" "Mozilla/5.0 (Windows NT 10.0; Win64; x64) AppleWebKit/537.36 (KHTML, like Gecko) Chrome/96.0.4664.110 Safari/537.36 OPR/82.0.4227.43"
109.90.212.101 - - [10/Jan/2022:15:09:37 +0100] "GET /cds/rosarium_k.jpg HTTP/1.1" 200 3972 "http://www.morusverlag.de/" "Mozilla/5.0 (Windows NT 10.0; Win64; x64) AppleWebKit/537.36 (KHTML, like Gecko) Chrome/96.0.4664.110 Safari/537.36 OPR/82.0.4227.43"
109.90.212.101 - - [10/Jan/2022:15:09:37 +0100] "GET /mv_gr_w.gif HTTP/1.1" 200 2005 "http://www.morusverlag.de/" "Mozilla/5.0 (Windows NT 10.0; Win64; x64) AppleWebKit/537.36 (KHTML, like Gecko) Chrome/96.0.4664.110 Safari/537.36 OPR/82.0.4227.43"
109.90.212.101 - - [10/Jan/2022:15:09:37 +0100] "GET /pf.gif HTTP/1.1" 200 62 "http://www.morusverlag.de/" "Mozilla/5.0 (Windows NT 10.0; Win64; x64) AppleWebKit/537.36 (KHTML, like Gecko) Chrome/96.0.4664.110 Safari/537.36 OPR/82.0.4227.43"
109.90.212.101 - - [10/Jan/2022:15:09:37 +0100] "GET /logo_g.gif HTTP/1.1" 200 1301 "http://www.morusverlag.de/" "Mozilla/5.0 (Windows NT 10.0; Win64; x64) AppleWebKit/537.36 (KHTML, like Gecko) Chrome/96.0.4664.110 Safari/537.36 OPR/82.0.4227.43"
109.90.212.101 - - [10/Jan/2022:15:09:37 +0100] "GET /buecher/gesichter.jpg HTTP/1.1" 200 7271 "http://www.morusverlag.de/" "Mozilla/5.0 (Windows NT 10.0; Win64; x64) AppleWebKit/537.36 (KHTML, like Gecko) Chrome/96.0.4664.110 Safari/537.36 OPR/82.0.4227.43"
109.90.212.101 - - [10/Jan/2022:15:09:37 +0100] "GET /cds/ignatius_k.jpg HTTP/1.1" 200 3965 "http://www.morusverlag.de/" "Mozilla/5.0 (Windows NT 10.0; Win64; x64) AppleWebKit/537.36 (KHTML, like Gecko) Chrome/96.0.4664.110 Safari/537.36 OPR/82.0.4227.43"
109.90.212.101 - - [10/Jan/2022:15:09:37 +0100] "GET /cds/hymnos_k.jpg HTTP/1.1" 200 4986 "http://www.morusverlag.de/" "Mozilla/5.0 (Windows NT 10.0; Win64; x64) AppleWebKit/537.36 (KHTML, like Gecko) Chrome/96.0.4664.110 Safari/537.36 OPR/82.0.4227.43"
109.90.212.101 - - [10/Jan/2022:15:09:37 +0100] "GET /buecher/engel.jpg HTTP/1.1" 200 5414 "http://www.morusverlag.de/" "Mozilla/5.0 (Windows NT 10.0; Win64; x64) AppleWebKit/537.36 (KHTML, like Gecko) Chrome/96.0.4664.110 Safari/537.36 OPR/82.0.4227.43"
109.90.212.101 - - [10/Jan/2022:15:09:37 +0100] "GET /gotteslob.jpg HTTP/1.1" 200 9390 "http://www.morusverlag.de/" "Mozilla/5.0 (Windows NT 10.0; Win64; x64) AppleWebKit/537.36 (KHTML, like Gecko) Chrome/96.0.4664.110 Safari/537.36 OPR/82.0.4227.43"
109.90.212.101 - - [10/Jan/2022:15:09:37 +0100] "GET /cds/astazi_k.jpg HTTP/1.1" 200 6049 "http://www.morusverlag.de/" "Mozilla/5.0 (Windows NT 10.0; Win64; x64) AppleWebKit/537.36 (KHTML, like Gecko) Chrome/96.0.4664.110 Safari/537.36 OPR/82.0.4227.43"
109.90.212.101 - - [10/Jan/2022:15:09:38 +0100] "GET /buecher/chateaubriand.jpg HTTP/1.1" 200 2272 "http://www.morusverlag.de/" "Mozilla/5.0 (Windows NT 10.0; Win64; x64) AppleWebKit/537.36 (KHTML, like Gecko) Chrome/96.0.4664.110 Safari/537.36 OPR/82.0.4227.43"
109.90.212.101 - - [10/Jan/2022:15:09:38 +0100] "GET /buch_k.jpg HTTP/1.1" 200 4591 "http://www.morusverlag.de/" "Mozilla/5.0 (Windows NT 10.0; Win64; x64) AppleWebKit/537.36 (KHTML, like Gecko) Chrome/96.0.4664.110 Safari/537.36 OPR/82.0.4227.43"
109.90.212.101 - - [10/Jan/2022:15:09:39 +0100] "GET /strich.gif HTTP/1.1" 200 45 "http://www.morusverlag.de/" "Mozilla/5.0 (Windows NT 10.0; Win64; x64) AppleWebKit/537.36 (KHTML, like Gecko) Chrome/96.0.4664.110 Safari/537.36 OPR/82.0.4227.43"
109.90.212.101 - - [10/Jan/2022:15:09:39 +0100] "GET /favicon.ico HTTP/1.1" 200 4286 "http://www.morusverlag.de/" "Mozilla/5.0 (Windows NT 10.0; Win64; x64) AppleWebKit/537.36 (KHTML, like Gecko) Chrome/96.0.4664.110 Safari/537.36 OPR/82.0.4227.43"
109.90.212.101 - - [10/Jan/2022:15:09:59 +0100] "GET /cds/hymnos_akathistos.html HTTP/1.1" 200 11061 "http://www.morusverlag.de/" "Mozilla/5.0 (Windows NT 10.0; Win64; x64) AppleWebKit/537.36 (KHTML, like Gecko) Chrome/96.0.4664.110 Safari/537.36 OPR/82.0.4227.43"
109.90.212.101 - - [10/Jan/2022:15:09:59 +0100] "GET /m.gif HTTP/1.1" 200 95 "http://www.morusverlag.de/cds/hymnos_akathistos.html" "Mozilla/5.0 (Windows NT 10.0; Win64; x64) AppleWebKit/537.36 (KHTML, like Gecko) Chrome/96.0.4664.110 Safari/537.36 OPR/82.0.4227.43"
109.90.212.101 - - [10/Jan/2022:15:09:59 +0100] "GET /cds/hymnos.jpg HTTP/1.1" 200 27752 "http://www.morusverlag.de/cds/hymnos_akathistos.html" "Mozilla/5.0 (Windows NT 10.0; Win64; x64) AppleWebKit/537.36 (KHTML, like Gecko) Chrome/96.0.4664.110 Safari/537.36 OPR/82.0.4227.43"
109.90.212.101 - - [10/Jan/2022:15:09:59 +0100] "GET /cds/hymnos_heft.jpg HTTP/1.1" 200 8653 "http://www.morusverlag.de/cds/hymnos_akathistos.html" "Mozilla/5.0 (Windows NT 10.0; Win64; x64) AppleWebKit/537.36 (KHTML, like Gecko) Chrome/96.0.4664.110 Safari/537.36 OPR/82.0.4227.43"
109.90.212.101 - - [10/Jan/2022:15:10:29 +0100] "GET /cds/index.html HTTP/1.1" 200 7987 "http://www.morusverlag.de/" "Mozilla/5.0 (Windows NT 10.0; Win64; x64) AppleWebKit/537.36 (KHTML, like Gecko) Chrome/96.0.4664.110 Safari/537.36 OPR/82.0.4227.43"
109.90.212.101 - - [10/Jan/2022:15:10:29 +0100] "GET /cds/glockenspiel2_k.jpg HTTP/1.1" 200 5265 "http://www.morusverlag.de/cds/index.html" "Mozilla/5.0 (Windows NT 10.0; Win64; x64) AppleWebKit/537.36 (KHTML, like Gecko) Chrome/96.0.4664.110 Safari/537.36 OPR/82.0.4227.43"
109.90.212.101 - - [10/Jan/2022:15:10:29 +0100] "GET /cds/glockenspiel1_k.jpg HTTP/1.1" 200 5641 "http://www.morusverlag.de/cds/index.html" "Mozilla/5.0 (Windows NT 10.0; Win64; x64) AppleWebKit/537.36 (KHTML, like Gecko) Chrome/96.0.4664.110 Safari/537.36 OPR/82.0.4227.43"
109.90.212.101 - - [10/Jan/2022:15:10:29 +0100] "GET /cds/lumina_k.jpg HTTP/1.1" 200 6053 "http://www.morusverlag.de/cds/index.html" "Mozilla/5.0 (Windows NT 10.0; Win64; x64) AppleWebKit/537.36 (KHTML, like Gecko) Chrome/96.0.4664.110 Safari/537.36 OPR/82.0.4227.43"
85.25.177.187 - - [10/Jan/2022:15:15:18 +0100] "GET /buecher/rezensionen_psalmen.html HTTP/1.1" 200 6787 "-" "Mozilla/5.0 (X11; Linux x86_64; rv:81.0) Gecko/20100101 Firefox/81.0"
66.249.75.31 - - [10/Jan/2022:15:21:13 +0100] "GET /sonderthemen/archiv.html HTTP/1.1" 304 - "-" "Mozilla/5.0 (compatible; Googlebot/2.1; +http://www.google.com/bot.html)"
66.249.75.30 - - [10/Jan/2022:15:50:47 +0100] "GET /buecher/ HTTP/1.1" 304 - "-" "Mozilla/5.0 (Linux; Android 6.0.1; Nexus 5X Build/MMB29P) AppleWebKit/537.36 (KHTML, like Gecko) Chrome/97.0.4692.71 Mobile Safari/537.36 (compatible; Googlebot/2.1; +http://www.google.com/bot.html)"
94.126.73.27 - - [10/Jan/2022:15:51:01 +0100] "GET /sonderthemen/oeaz2001.pdf HTTP/1.1" 200 4496626 "http://www.google.de/url?esrc=s&q=&rct=j&sa=U&url=http://www.morusverlag.de/sonderthemen/oeaz2001.pdf&ved=2ahUKEwjfha-St6f1AhVPjqQKHafCBO0QFnoECAIQAg&usg=AOvVaw2bOaSY7ThxNRtzaONWfcvd" "Mozilla/5.0 (Windows NT 6.3; WOW64; Trident/7.0; rv:11.0) like Gecko"
85.25.177.187 - - [10/Jan/2022:15:51:53 +0100] "GET /robots.txt HTTP/1.1" 304 - "-" "Mozilla/5.0 (X11; Linux x86_64; rv:81.0) Gecko/20100101 Firefox/81.0"
85.25.177.187 - - [10/Jan/2022:15:51:54 +0100] "GET /buecher/ HTTP/1.1" 200 25885 "-" "Mozilla/5.0 (X11; Linux x86_64; rv:81.0) Gecko/20100101 Firefox/81.0"
94.126.73.27 - - [10/Jan/2022:15:53:49 +0100] "GET /browserconfig.xml HTTP/1.1" 404 2381 "-" "Mozilla/5.0 (Windows NT 6.3; Win64; x64; Trident/7.0; rv:11.0) like Gecko"
85.25.177.187 - - [10/Jan/2022:16:05:52 +0100] "GET /cds/lumina.html HTTP/1.1" 200 9000 "-" "Mozilla/5.0 (X11; Linux x86_64; rv:81.0) Gecko/20100101 Firefox/81.0"
37.115.218.47 - - [10/Jan/2022:16:10:00 +0100] "GET / HTTP/1.1" 200 9360 "https://alivegore.com/" "Mozilla/4.0 (compatible; MSIE 5.5; Windows 95; BCD2000)"
37.115.218.47 - - [10/Jan/2022:16:10:01 +0100] "GET / HTTP/1.1" 200 9360 "https://alivegore.com/" "Mozilla/4.0 (compatible; MSIE 5.5; Windows 95; BCD2000)"
37.115.218.47 - - [10/Jan/2022:16:10:01 +0100] "GET / HTTP/1.1" 200 9360 "https://alivegore.com/" "Mozilla/4.0 (compatible; MSIE 5.5; Windows 95; BCD2000)"
20.75.128.100 - - [10/Jan/2022:16:14:47 +0100] "GET /gotteslob/gotteslob_alle.jpg HTTP/1.1" 200 24560 "-" "Mozilla/5.0 (Windows NT 10.0; Win64; x64) AppleWebKit/537.36 (KHTML, like Gecko) Chrome/76.0.3809.100 Safari/537.36"
35.202.2.1 - - [10/Jan/2022:16:22:07 +0100] "GET /robots.txt HTTP/1.1" 200 100 "-" "ltx71 - (http://ltx71.com/)"
141.20.217.118 - - [10/Jan/2022:16:36:18 +0100] "GET / HTTP/1.1" 200 9360 "https://www.google.com/" "Mozilla/5.0 (Windows NT 10.0; Win64; x64) AppleWebKit/537.36 (KHTML, like Gecko) Chrome/96.0.4664.110 Safari/537.36"
141.20.217.118 - - [10/Jan/2022:16:36:18 +0100] "GET /main.css HTTP/1.1" 200 1439 "http://www.morusverlag.de/" "Mozilla/5.0 (Windows NT 10.0; Win64; x64) AppleWebKit/537.36 (KHTML, like Gecko) Chrome/96.0.4664.110 Safari/537.36"
141.20.217.118 - - [10/Jan/2022:16:36:18 +0100] "GET /logo_g.gif HTTP/1.1" 200 1301 "http://www.morusverlag.de/" "Mozilla/5.0 (Windows NT 10.0; Win64; x64) AppleWebKit/537.36 (KHTML, like Gecko) Chrome/96.0.4664.110 Safari/537.36"
141.20.217.118 - - [10/Jan/2022:16:36:18 +0100] "GET /mv_g.gif HTTP/1.1" 200 4070 "http://www.morusverlag.de/" "Mozilla/5.0 (Windows NT 10.0; Win64; x64) AppleWebKit/537.36 (KHTML, like Gecko) Chrome/96.0.4664.110 Safari/537.36"
141.20.217.118 - - [10/Jan/2022:16:36:18 +0100] "GET /mv_gr_w.gif HTTP/1.1" 200 2005 "http://www.morusverlag.de/" "Mozilla/5.0 (Windows NT 10.0; Win64; x64) AppleWebKit/537.36 (KHTML, like Gecko) Chrome/96.0.4664.110 Safari/537.36"
141.20.217.118 - - [10/Jan/2022:16:36:18 +0100] "GET /jahrbuch_k.jpg HTTP/1.1" 200 3719 "http://www.morusverlag.de/" "Mozilla/5.0 (Windows NT 10.0; Win64; x64) AppleWebKit/537.36 (KHTML, like Gecko) Chrome/96.0.4664.110 Safari/537.36"
141.20.217.118 - - [10/Jan/2022:16:36:18 +0100] "GET /pf.gif HTTP/1.1" 200 62 "http://www.morusverlag.de/" "Mozilla/5.0 (Windows NT 10.0; Win64; x64) AppleWebKit/537.36 (KHTML, like Gecko) Chrome/96.0.4664.110 Safari/537.36"
141.20.217.118 - - [10/Jan/2022:16:36:18 +0100] "GET /buecher/gesichter.jpg HTTP/1.1" 200 7271 "http://www.morusverlag.de/" "Mozilla/5.0 (Windows NT 10.0; Win64; x64) AppleWebKit/537.36 (KHTML, like Gecko) Chrome/96.0.4664.110 Safari/537.36"
141.20.217.118 - - [10/Jan/2022:16:36:18 +0100] "GET /cds/rosarium_k.jpg HTTP/1.1" 200 3972 "http://www.morusverlag.de/" "Mozilla/5.0 (Windows NT 10.0; Win64; x64) AppleWebKit/537.36 (KHTML, like Gecko) Chrome/96.0.4664.110 Safari/537.36"
141.20.217.118 - - [10/Jan/2022:16:36:18 +0100] "GET /cds/ignatius_k.jpg HTTP/1.1" 200 3965 "http://www.morusverlag.de/" "Mozilla/5.0 (Windows NT 10.0; Win64; x64) AppleWebKit/537.36 (KHTML, like Gecko) Chrome/96.0.4664.110 Safari/537.36"
141.20.217.118 - - [10/Jan/2022:16:36:18 +0100] "GET /cds/hymnos_k.jpg HTTP/1.1" 200 4986 "http://www.morusverlag.de/" "Mozilla/5.0 (Windows NT 10.0; Win64; x64) AppleWebKit/537.36 (KHTML, like Gecko) Chrome/96.0.4664.110 Safari/537.36"
141.20.217.118 - - [10/Jan/2022:16:36:18 +0100] "GET /cds/astazi_k.jpg HTTP/1.1" 200 6049 "http://www.morusverlag.de/" "Mozilla/5.0 (Windows NT 10.0; Win64; x64) AppleWebKit/537.36 (KHTML, like Gecko) Chrome/96.0.4664.110 Safari/537.36"
141.20.217.118 - - [10/Jan/2022:16:36:18 +0100] "GET /gotteslob.jpg HTTP/1.1" 200 9390 "http://www.morusverlag.de/" "Mozilla/5.0 (Windows NT 10.0; Win64; x64) AppleWebKit/537.36 (KHTML, like Gecko) Chrome/96.0.4664.110 Safari/537.36"
141.20.217.118 - - [10/Jan/2022:16:36:18 +0100] "GET /buecher/engel.jpg HTTP/1.1" 200 5414 "http://www.morusverlag.de/" "Mozilla/5.0 (Windows NT 10.0; Win64; x64) AppleWebKit/537.36 (KHTML, like Gecko) Chrome/96.0.4664.110 Safari/537.36"
141.20.217.118 - - [10/Jan/2022:16:36:18 +0100] "GET /buecher/chateaubriand.jpg HTTP/1.1" 200 2272 "http://www.morusverlag.de/" "Mozilla/5.0 (Windows NT 10.0; Win64; x64) AppleWebKit/537.36 (KHTML, like Gecko) Chrome/96.0.4664.110 Safari/537.36"
141.20.217.118 - - [10/Jan/2022:16:36:18 +0100] "GET /buch_k.jpg HTTP/1.1" 200 4591 "http://www.morusverlag.de/" "Mozilla/5.0 (Windows NT 10.0; Win64; x64) AppleWebKit/537.36 (KHTML, like Gecko) Chrome/96.0.4664.110 Safari/537.36"
141.20.217.118 - - [10/Jan/2022:16:36:22 +0100] "GET /strich.gif HTTP/1.1" 200 45 "http://www.morusverlag.de/" "Mozilla/5.0 (Windows NT 10.0; Win64; x64) AppleWebKit/537.36 (KHTML, like Gecko) Chrome/96.0.4664.110 Safari/537.36"
141.20.217.118 - - [10/Jan/2022:16:36:22 +0100] "GET /favicon.ico HTTP/1.1" 200 4286 "http://www.morusverlag.de/" "Mozilla/5.0 (Windows NT 10.0; Win64; x64) AppleWebKit/537.36 (KHTML, like Gecko) Chrome/96.0.4664.110 Safari/537.36"
141.20.217.118 - - [10/Jan/2022:16:36:43 +0100] "GET /kontakt/index.html HTTP/1.1" 200 2896 "http://www.morusverlag.de/" "Mozilla/5.0 (Windows NT 10.0; Win64; x64) AppleWebKit/537.36 (KHTML, like Gecko) Chrome/96.0.4664.110 Safari/537.36"
141.20.217.118 - - [10/Jan/2022:16:36:43 +0100] "GET /m.gif HTTP/1.1" 200 95 "http://www.morusverlag.de/kontakt/index.html" "Mozilla/5.0 (Windows NT 10.0; Win64; x64) AppleWebKit/537.36 (KHTML, like Gecko) Chrome/96.0.4664.110 Safari/537.36"
141.20.217.118 - - [10/Jan/2022:16:36:49 +0100] "GET /sonderthemen/index.html HTTP/1.1" 200 7102 "http://www.morusverlag.de/kontakt/index.html" "Mozilla/5.0 (Windows NT 10.0; Win64; x64) AppleWebKit/537.36 (KHTML, like Gecko) Chrome/96.0.4664.110 Safari/537.36"
141.20.217.118 - - [10/Jan/2022:16:36:49 +0100] "GET /sonderthemen/sk2004_sz.jpg HTTP/1.1" 200 17884 "http://www.morusverlag.de/sonderthemen/index.html" "Mozilla/5.0 (Windows NT 10.0; Win64; x64) AppleWebKit/537.36 (KHTML, like Gecko) Chrome/96.0.4664.110 Safari/537.36"
141.20.217.118 - - [10/Jan/2022:16:36:49 +0100] "GET /sonderthemen/az2003.jpg HTTP/1.1" 200 12396 "http://www.morusverlag.de/sonderthemen/index.html" "Mozilla/5.0 (Windows NT 10.0; Win64; x64) AppleWebKit/537.36 (KHTML, like Gecko) Chrome/96.0.4664.110 Safari/537.36"
141.20.217.118 - - [10/Jan/2022:16:36:49 +0100] "GET /sonderthemen/wichern.jpg HTTP/1.1" 200 1994 "http://www.morusverlag.de/sonderthemen/index.html" "Mozilla/5.0 (Windows NT 10.0; Win64; x64) AppleWebKit/537.36 (KHTML, like Gecko) Chrome/96.0.4664.110 Safari/537.36"
141.20.217.118 - - [10/Jan/2022:16:36:49 +0100] "GET /sonderthemen/mv.gif HTTP/1.1" 200 700 "http://www.morusverlag.de/sonderthemen/index.html" "Mozilla/5.0 (Windows NT 10.0; Win64; x64) AppleWebKit/537.36 (KHTML, like Gecko) Chrome/96.0.4664.110 Safari/537.36"
141.20.217.118 - - [10/Jan/2022:16:36:49 +0100] "GET /sonderthemen/radioparadiso.gif HTTP/1.1" 200 934 "http://www.morusverlag.de/sonderthemen/index.html" "Mozilla/5.0 (Windows NT 10.0; Win64; x64) AppleWebKit/537.36 (KHTML, like Gecko) Chrome/96.0.4664.110 Safari/537.36"
141.20.217.118 - - [10/Jan/2022:16:36:49 +0100] "GET /sonderthemen/oekt_extra.jpg HTTP/1.1" 200 12801 "http://www.morusverlag.de/sonderthemen/index.html" "Mozilla/5.0 (Windows NT 10.0; Win64; x64) AppleWebKit/537.36 (KHTML, like Gecko) Chrome/96.0.4664.110 Safari/537.36"
141.20.217.118 - - [10/Jan/2022:16:36:49 +0100] "GET /sonderthemen/pro_zei.jpg HTTP/1.1" 200 16791 "http://www.morusverlag.de/sonderthemen/index.html" "Mozilla/5.0 (Windows NT 10.0; Win64; x64) AppleWebKit/537.36 (KHTML, like Gecko) Chrome/96.0.4664.110 Safari/537.36"
141.20.217.118 - - [10/Jan/2022:16:36:49 +0100] "GET /sonderthemen/oekz2003.jpg HTTP/1.1" 200 14100 "http://www.morusverlag.de/sonderthemen/index.html" "Mozilla/5.0 (Windows NT 10.0; Win64; x64) AppleWebKit/537.36 (KHTML, like Gecko) Chrome/96.0.4664.110 Safari/537.36"
66.249.75.30 - - [10/Jan/2022:16:42:50 +0100] "GET /buecher/rezensionen_chateaubriand.html HTTP/1.1" 304 - "-" "Mozilla/5.0 (Linux; Android 6.0.1; Nexus 5X Build/MMB29P) AppleWebKit/537.36 (KHTML, like Gecko) Chrome/97.0.4692.71 Mobile Safari/537.36 (compatible; Googlebot/2.1; +http://www.google.com/bot.html)"
185.181.61.24 - - [10/Jan/2022:17:08:31 +0100] "GET / HTTP/1.1" 200 9360 "-" "Mozilla/5.0 (Windows NT 10.0; Win64; x64) AppleWebKit/537.36 (KHTML, like Gecko) Chrome/91.0.4472.114 Safari/537.36 Edg/91.0.864.54"
85.25.177.187 - - [10/Jan/2022:17:11:57 +0100] "GET /buecher/rezensionen_ignatius.html HTTP/1.1" 200 8182 "-" "Mozilla/5.0 (X11; Linux x86_64; rv:81.0) Gecko/20100101 Firefox/81.0"
66.249.75.30 - - [10/Jan/2022:17:15:36 +0100] "GET /cds/rosarium.html HTTP/1.1" 304 - "-" "Mozilla/5.0 (compatible; Googlebot/2.1; +http://www.google.com/bot.html)"
85.25.177.187 - - [10/Jan/2022:17:33:24 +0100] "GET /sonderthemen/oeaz2001.pdf HTTP/1.1" 200 4496626 "-" "Mozilla/5.0 (X11; Linux x86_64; rv:81.0) Gecko/20100101 Firefox/81.0"
85.25.177.187 - - [10/Jan/2022:17:33:34 +0100] "GET /buecher/rezensionen_ignatius.html HTTP/1.1" 200 8182 "-" "Mozilla/5.0 (X11; Linux x86_64; rv:81.0) Gecko/20100101 Firefox/81.0"
207.46.13.15 - - [10/Jan/2022:17:54:40 +0100] "GET / HTTP/1.1" 200 9360 "-" "Mozilla/5.0 (compatible; bingbot/2.0; +http://www.bing.com/bingbot.htm)"
216.244.66.237 - - [10/Jan/2022:18:30:43 +0100] "GET /robots.txt HTTP/1.1" 200 100 "-" "Mozilla/5.0 (compatible; DotBot/1.2; +https://opensiteexplorer.org/dotbot; help@moz.com)"
216.244.66.237 - - [10/Jan/2022:18:34:54 +0100] "GET /sonderthemen/oeaz2001.pdf HTTP/1.1" 200 4496626 "-" "Mozilla/5.0 (compatible; DotBot/1.2; +https://opensiteexplorer.org/dotbot; help@moz.com)"
85.25.177.187 - - [10/Jan/2022:18:45:26 +0100] "GET /buecher/rezensionen_leiblichkeit_und_zeitlichkeit.html HTTP/1.1" 200 8821 "-" "Mozilla/5.0 (X11; Linux x86_64; rv:81.0) Gecko/20100101 Firefox/81.0"
85.25.177.187 - - [10/Jan/2022:19:06:05 +0100] "GET /buecher/rezensionen_leiblichkeit_und_zeitlichkeit.html HTTP/1.1" 200 8821 "-" "Mozilla/5.0 (X11; Linux x86_64; rv:81.0) Gecko/20100101 Firefox/81.0"
46.4.83.150 - - [10/Jan/2022:19:28:11 +0100] "GET /buecher/rezensionen_ignatius.html HTTP/1.1" 200 8182 "-" "Mozilla/5.0 (Macintosh; Intel Mac OS X 10_14_6) AppleWebKit/537.36 (KHTML, like Gecko) Chrome/86.0.4240.198 Safari/537.36"
78.46.90.120 - - [10/Jan/2022:19:28:11 +0100] "GET /cds/ignatius.html HTTP/1.1" 200 6576 "-" "Mozilla/5.0 (X11; Linux x86_64) AppleWebKit/537.36 (KHTML, like Gecko) Chrome/87.0.4280.88 Safari/537.36"
136.243.17.161 - - [10/Jan/2022:19:28:25 +0100] "GET /cds/ignatius.html HTTP/1.1" 200 6576 "-" "Mozilla/5.0 (Windows NT 10.0; Win64; x64) AppleWebKit/537.36 (KHTML, like Gecko) Chrome/76.0.3809.100 Safari/537.36"
85.25.177.187 - - [10/Jan/2022:19:44:26 +0100] "GET /sonderthemen/sk2000.pdf HTTP/1.1" 200 2925489 "-" "Mozilla/5.0 (X11; Linux x86_64; rv:81.0) Gecko/20100101 Firefox/81.0"
88.198.207.51 - - [10/Jan/2022:20:01:05 +0100] "GET /sonderthemen/oeaz2001.pdf HTTP/1.1" 200 4496626 "-" "Mozilla/5.0 (X11; Linux x86_64) AppleWebKit/537.36 (KHTML, like Gecko) Chrome/87.0.4280.88 Safari/537.36"
88.198.207.51 - - [10/Jan/2022:20:01:20 +0100] "GET /sonderthemen/oeaz2001.pdf HTTP/1.1" 200 4496626 "-" "Mozilla/5.0 (X11; Linux x86_64; rv:82.0) Gecko/20100101 Firefox/82.0"
95.216.137.125 - - [10/Jan/2022:20:16:09 +0100] "GET / HTTP/1.1" 200 9360 "" "Mozilla/5.0 (Windows NT 6.1; WOW64; rv:31.0) Gecko/20100101 Firefox/41.0"
114.119.141.118 - - [10/Jan/2022:20:46:48 +0100] "GET /robots.txt HTTP/1.1" 200 100 "-" "Mozilla/5.0 (compatible;PetalBot;+https://webmaster.petalsearch.com/site/petalbot)"
54.77.50.175 - - [10/Jan/2022:21:04:25 +0100] "GET /robots.txt HTTP/1.1" 200 100 "-" "Mozilla/5.0 (Macintosh; Intel Mac OS X 10_15_5) AppleWebKit/537.36 (KHTML, like Gecko) Chrome/83.0.4103.61 Safari/537.36"
66.249.75.31 - - [10/Jan/2022:21:14:43 +0100] "GET /cds/glockenspiel1.html HTTP/1.1" 304 - "-" "Mozilla/5.0 (Linux; Android 6.0.1; Nexus 5X Build/MMB29P) AppleWebKit/537.36 (KHTML, like Gecko) Chrome/97.0.4692.71 Mobile Safari/537.36 (compatible; Googlebot/2.1; +http://www.google.com/bot.html)"
66.249.75.29 - - [10/Jan/2022:21:28:10 +0100] "GET /cds/hymnos_akathistos.html HTTP/1.1" 304 - "-" "Mozilla/5.0 (Linux; Android 6.0.1; Nexus 5X Build/MMB29P) AppleWebKit/537.36 (KHTML, like Gecko) Chrome/97.0.4692.71 Mobile Safari/537.36 (compatible; Googlebot/2.1; +http://www.google.com/bot.html)"
66.249.75.29 - - [10/Jan/2022:21:31:40 +0100] "GET /sonderthemen/az1999.pdf HTTP/1.1" 304 - "-" "Mozilla/5.0 (Linux; Android 6.0.1; Nexus 5X Build/MMB29P) AppleWebKit/537.36 (KHTML, like Gecko) Chrome/97.0.4692.71 Mobile Safari/537.36 (compatible; Googlebot/2.1; +http://www.google.com/bot.html)"
46.4.83.150 - - [10/Jan/2022:21:35:03 +0100] "GET /sonderthemen/oekt_extra1.pdf HTTP/1.1" 200 1849015 "-" "Mozilla/5.0 (X11; Linux x86_64) AppleWebKit/537.36 (KHTML, like Gecko) Chrome/87.0.4280.88 Safari/537.36"
46.4.83.150 - - [10/Jan/2022:21:35:03 +0100] "GET /sonderthemen/oekt_extra2.pdf HTTP/1.1" 200 1939949 "-" "Mozilla/5.0 (Windows NT 10.0; Win64; x64) AppleWebKit/537.36 (KHTML, like Gecko) Chrome/85.0.4183.121 Safari/537.36"
46.4.83.150 - - [10/Jan/2022:21:35:03 +0100] "GET /sonderthemen/oekt_extra3.pdf HTTP/1.1" 200 2109745 "-" "Mozilla/5.0 (Macintosh; Intel Mac OS X 11_0_1) AppleWebKit/537.36 (KHTML, like Gecko) Chrome/87.0.4280.88 Safari/537.36"
144.76.102.243 - - [10/Jan/2022:21:35:17 +0100] "GET /sonderthemen/oekt_extra2.pdf HTTP/1.1" 200 1939949 "-" "Mozilla/5.0 (X11; Fedora; Linux x86_64; rv:83.0) Gecko/20100101 Firefox/83.0"
144.76.102.243 - - [10/Jan/2022:21:35:17 +0100] "GET /sonderthemen/oekt_extra3.pdf HTTP/1.1" 200 2109745 "-" "Mozilla/5.0 (Windows NT 6.3; Win64; x64) AppleWebKit/537.36 (KHTML, like Gecko) Chrome/87.0.4280.88 Safari/537.36"
144.76.102.243 - - [10/Jan/2022:21:35:17 +0100] "GET /sonderthemen/oekt_extra1.pdf HTTP/1.1" 200 1849015 "-" "Mozilla/5.0 (X11; Ubuntu; Linux x86_64; rv:82.0) Gecko/20100101 Firefox/82.0"
148.251.50.77 - - [10/Jan/2022:21:35:32 +0100] "GET /sonderthemen/oekt_extra3.pdf HTTP/1.1" 200 2109745 "-" "Mozilla/5.0 (Macintosh; Intel Mac OS X 10_14_6) AppleWebKit/537.36 (KHTML, like Gecko) Chrome/87.0.4280.67 Safari/537.36"
148.251.50.77 - - [10/Jan/2022:21:35:32 +0100] "GET /sonderthemen/oekt_extra2.pdf HTTP/1.1" 200 1939949 "-" "Mozilla/5.0 (Windows NT 10.0; WOW64) AppleWebKit/537.36 (KHTML, like Gecko) Chrome/86.0.4240.198 Safari/537.36"
148.251.50.77 - - [10/Jan/2022:21:35:32 +0100] "GET /sonderthemen/oekt_extra1.pdf HTTP/1.1" 200 1849015 "-" "Mozilla/5.0 (Windows NT 10.0; Win64; x64) AppleWebKit/537.36 (KHTML, like Gecko) Chrome/86.0.4240.183 Safari/537.36 OPR/72.0.3815.320"
66.249.75.31 - - [10/Jan/2022:21:38:39 +0100] "GET /sonderthemen/oekt_extra1.pdf HTTP/1.1" 304 - "-" "Mozilla/5.0 (Linux; Android 6.0.1; Nexus 5X Build/MMB29P) AppleWebKit/537.36 (KHTML, like Gecko) Chrome/97.0.4692.71 Mobile Safari/537.36 (compatible; Googlebot/2.1; +http://www.google.com/bot.html)"
66.249.75.30 - - [10/Jan/2022:22:03:12 +0100] "GET /buecher/veroeffentlichungsliste.html HTTP/1.1" 304 - "-" "Mozilla/5.0 (Linux; Android 6.0.1; Nexus 5X Build/MMB29P) AppleWebKit/537.36 (KHTML, like Gecko) Chrome/97.0.4692.71 Mobile Safari/537.36 (compatible; Googlebot/2.1; +http://www.google.com/bot.html)"
85.25.177.187 - - [10/Jan/2022:22:04:30 +0100] "GET /sonderthemen/az1999.pdf HTTP/1.1" 200 1842982 "-" "Mozilla/5.0 (X11; Linux x86_64; rv:81.0) Gecko/20100101 Firefox/81.0"
66.249.75.31 - - [10/Jan/2022:22:07:17 +0100] "GET /sonderthemen/oekt_extra3.pdf HTTP/1.1" 304 - "-" "Mozilla/5.0 (Linux; Android 6.0.1; Nexus 5X Build/MMB29P) AppleWebKit/537.36 (KHTML, like Gecko) Chrome/97.0.4692.71 Mobile Safari/537.36 (compatible; Googlebot/2.1; +http://www.google.com/bot.html)"
66.249.75.31 - - [10/Jan/2022:22:12:32 +0100] "GET /index.html HTTP/1.1" 304 - "-" "Mozilla/5.0 (Linux; Android 6.0.1; Nexus 5X Build/MMB29P) AppleWebKit/537.36 (KHTML, like Gecko) Chrome/97.0.4692.71 Mobile Safari/537.36 (compatible; Googlebot/2.1; +http://www.google.com/bot.html)"
66.249.75.30 - - [10/Jan/2022:22:14:40 +0100] "GET /sonderthemen/oeaz2001.pdf HTTP/1.1" 304 - "-" "Mozilla/5.0 (Linux; Android 6.0.1; Nexus 5X Build/MMB29P) AppleWebKit/537.36 (KHTML, like Gecko) Chrome/97.0.4692.71 Mobile Safari/537.36 (compatible; Googlebot/2.1; +http://www.google.com/bot.html)"
66.249.75.31 - - [10/Jan/2022:22:16:36 +0100] "GET /sonderthemen/sk2001.pdf HTTP/1.1" 200 3098589 "-" "Mozilla/5.0 (compatible; Googlebot/2.1; +http://www.google.com/bot.html)"
136.243.17.161 - - [10/Jan/2022:22:21:05 +0100] "GET /sonderthemen/az1999.pdf HTTP/1.1" 200 1842982 "-" "Mozilla/5.0 (Macintosh; Intel Mac OS X 10_15_6) AppleWebKit/605.1.15 (KHTML, like Gecko) Version/13.1.2 Safari/605.1.15"
88.198.41.229 - - [10/Jan/2022:22:21:19 +0100] "GET /sonderthemen/az1999.pdf HTTP/1.1" 200 1842982 "-" "Mozilla/5.0 (Macintosh; Intel Mac OS X 10_14_6) AppleWebKit/605.1.15 (KHTML, like Gecko) Version/14.0.1 Safari/605.1.15"
168.119.69.91 - - [10/Jan/2022:22:21:34 +0100] "GET /sonderthemen/az1999.pdf HTTP/1.1" 200 1842982 "-" "Mozilla/5.0 (Macintosh; Intel Mac OS X 10.16; rv:83.0) Gecko/20100101 Firefox/83.0"
66.249.75.29 - - [10/Jan/2022:22:28:55 +0100] "GET /sonderthemen/az2000.pdf HTTP/1.1" 304 - "-" "Mozilla/5.0 (Linux; Android 6.0.1; Nexus 5X Build/MMB29P) AppleWebKit/537.36 (KHTML, like Gecko) Chrome/97.0.4692.71 Mobile Safari/537.36 (compatible; Googlebot/2.1; +http://www.google.com/bot.html)"
168.119.69.91 - - [10/Jan/2022:22:37:06 +0100] "GET /sonderthemen/oekz2003.pdf HTTP/1.1" 200 4017017 "-" "Mozilla/5.0 (Macintosh; Intel Mac OS X 11_0_0) AppleWebKit/537.36 (KHTML, like Gecko) Chrome/86.0.4240.198 Safari/537.36"
66.249.75.30 - - [10/Jan/2022:22:37:54 +0100] "GET /sonderthemen/oekt_extra2.pdf HTTP/1.1" 304 - "-" "Mozilla/5.0 (Linux; Android 6.0.1; Nexus 5X Build/MMB29P) AppleWebKit/537.36 (KHTML, like Gecko) Chrome/97.0.4692.71 Mobile Safari/537.36 (compatible; Googlebot/2.1; +http://www.google.com/bot.html)"
85.25.177.187 - - [10/Jan/2022:23:04:03 +0100] "GET /sonderthemen/az1999.pdf HTTP/1.1" 200 1842982 "-" "Mozilla/5.0 (X11; Linux x86_64; rv:81.0) Gecko/20100101 Firefox/81.0"
66.249.75.30 - - [10/Jan/2022:23:05:11 +0100] "GET /cds/astazi.html HTTP/1.1" 200 8453 "-" "Mozilla/5.0 (Linux; Android 6.0.1; Nexus 5X Build/MMB29P) AppleWebKit/537.36 (KHTML, like Gecko) Chrome/97.0.4692.71 Mobile Safari/537.36 (compatible; Googlebot/2.1; +http://www.google.com/bot.html)"
68.183.33.46 - - [10/Jan/2022:23:30:14 +0100] "GET / HTTP/1.1" 200 9360 "http://www.morusverlag.de" "Mozilla/5.0 (Windows NT 10.0; Win64; x64) AppleWebKit/537.36 (KHTML, like Gecko) Chrome/91.0.4472.124 Safari/537.36"
68.183.33.46 - - [10/Jan/2022:23:30:14 +0100] "GET / HTTP/1.1" 200 9360 "http://www.morusverlag.de" "Mozilla/5.0 (Windows NT 10.0; Win64; x64) AppleWebKit/537.36 (KHTML, like Gecko) Chrome/91.0.4472.124 Safari/537.36"
66.249.75.29 - - [10/Jan/2022:23:36:24 +0100] "GET /cds/ HTTP/1.1" 304 - "-" "Mozilla/5.0 (Linux; Android 6.0.1; Nexus 5X Build/MMB29P) AppleWebKit/537.36 (KHTML, like Gecko) Chrome/97.0.4692.71 Mobile Safari/537.36 (compatible; Googlebot/2.1; +http://www.google.com/bot.html)"
54.36.148.107 - - [10/Jan/2022:23:40:13 +0100] "GET / HTTP/1.1" 200 9360 "-" "Mozilla/5.0 (compatible; AhrefsBot/7.0; +http://ahrefs.com/robot/)"
45.129.18.33 - - [10/Jan/2022:23:57:17 +0100] "HEAD / HTTP/1.1" 200 - "-" "Mozilla/5.0 (Macintosh; Intel Mac OS X 10_9_3) AppleWebKit/537.36 (KHTML, like Gecko) Chrome/35.0.1916.47 Safari/537.36"
85.25.177.187 - - [11/Jan/2022:00:43:52 +0100] "GET /sonderthemen/sk2002.pdf HTTP/1.1" 200 2628923 "-" "Mozilla/5.0 (X11; Linux x86_64; rv:81.0) Gecko/20100101 Firefox/81.0"
208.100.26.233 - - [11/Jan/2022:01:31:56 +0100] "HEAD /core/misc/drupal.js HTTP/1.1" 404 - "-" "Mozilla/5.0 (Macintosh; Intel Mac OS X 10_12_3) AppleWebKit/537.36 (KHTML, like Gecko) Chrome/64.0.3282.167 Safari/537.36"
208.100.26.233 - - [11/Jan/2022:01:31:56 +0100] "HEAD /misc/drupal.js HTTP/1.1" 404 - "-" "Mozilla/5.0 (Macintosh; Intel Mac OS X 10_12_3) AppleWebKit/537.36 (KHTML, like Gecko) Chrome/64.0.3282.167 Safari/537.36"
43.128.204.223 - - [11/Jan/2022:02:13:53 +0100] "GET /robots.txt HTTP/1.1" 200 100 "-" "Mozilla/5.0 (Macintosh; Intel Mac OS X 10_9_4) AppleWebKit/537.36 (KHTML, like Gecko) Chrome/36.0.1985.125 Safari/537.36"
43.128.204.223 - - [11/Jan/2022:02:13:53 +0100] "GET / HTTP/1.1" 200 9360 "-" "Mozilla/5.0 (Macintosh; Intel Mac OS X 10_9_4) AppleWebKit/537.36 (KHTML, like Gecko) Chrome/36.0.1985.125 Safari/537.36"
43.128.204.223 - - [11/Jan/2022:02:15:10 +0100] "GET /test_404_page/ HTTP/1.1" 404 2381 "-" "Mozilla/5.0 (Macintosh; Intel Mac OS X 10_9_4) AppleWebKit/537.36 (KHTML, like Gecko) Chrome/36.0.1985.125 Safari/537.36"
43.128.204.223 - - [11/Jan/2022:02:15:36 +0100] "GET //favicon.ico HTTP/1.1" 200 4286 "-" "python-requests/2.23.0"
31.7.56.74 - - [11/Jan/2022:03:50:58 +0100] "GET / HTTP/1.1" 200 9360 "yahoo.com" "Mozilla/5.0 (Windows NT 10.0; Win64; x64) AppleWebKit/537.36 (KHTML, like Gecko) Chrome/90.0.4430.85 Safari/537.36"
31.7.56.74 - - [11/Jan/2022:03:51:00 +0100] "GET /cgi-bin/mt/mt-atom.cgi HTTP/1.1" 404 2381 "yahoo.com" "Mozilla/5.0 (Windows NT 10.0; Win64; x64) AppleWebKit/537.36 (KHTML, like Gecko) Chrome/90.0.4430.85 Safari/537.36"
31.7.56.74 - - [11/Jan/2022:03:51:01 +0100] "GET /mt/mt-atom.cgi HTTP/1.1" 404 2381 "yahoo.com" "Mozilla/5.0 (Windows NT 10.0; Win64; x64) AppleWebKit/537.36 (KHTML, like Gecko) Chrome/90.0.4430.85 Safari/537.36"
31.7.56.74 - - [11/Jan/2022:03:51:02 +0100] "GET /cgi-bin/mt-atom.cgi HTTP/1.1" 404 2381 "yahoo.com" "Mozilla/5.0 (Windows NT 10.0; Win64; x64) AppleWebKit/537.36 (KHTML, like Gecko) Chrome/90.0.4430.85 Safari/537.36"
31.7.56.74 - - [11/Jan/2022:03:51:04 +0100] "GET /mt-atom.cgi HTTP/1.1" 404 2381 "yahoo.com" "Mozilla/5.0 (Windows NT 10.0; Win64; x64) AppleWebKit/537.36 (KHTML, like Gecko) Chrome/90.0.4430.85 Safari/537.36"
31.7.56.74 - - [11/Jan/2022:03:51:05 +0100] "GET /cgi-bin/MT/mt-atom.cgi HTTP/1.1" 404 2381 "yahoo.com" "Mozilla/5.0 (Windows NT 10.0; Win64; x64) AppleWebKit/537.36 (KHTML, like Gecko) Chrome/90.0.4430.85 Safari/537.36"
31.7.56.74 - - [11/Jan/2022:03:51:07 +0100] "GET /MT/mt-atom.cgi HTTP/1.1" 404 2381 "yahoo.com" "Mozilla/5.0 (Windows NT 10.0; Win64; x64) AppleWebKit/537.36 (KHTML, like Gecko) Chrome/90.0.4430.85 Safari/537.36"
31.7.56.74 - - [11/Jan/2022:03:51:08 +0100] "GET /mtos/mt-atom.cgi HTTP/1.1" 404 2381 "yahoo.com" "Mozilla/5.0 (Windows NT 10.0; Win64; x64) AppleWebKit/537.36 (KHTML, like Gecko) Chrome/90.0.4430.85 Safari/537.36"
31.7.56.74 - - [11/Jan/2022:03:51:10 +0100] "GET /cms/mt-atom.cgi HTTP/1.1" 404 2381 "yahoo.com" "Mozilla/5.0 (Windows NT 10.0; Win64; x64) AppleWebKit/537.36 (KHTML, like Gecko) Chrome/90.0.4430.85 Safari/537.36"
31.7.56.74 - - [11/Jan/2022:03:51:12 +0100] "GET /blog/mt-atom.cgi HTTP/1.1" 404 2381 "yahoo.com" "Mozilla/5.0 (Windows NT 10.0; Win64; x64) AppleWebKit/537.36 (KHTML, like Gecko) Chrome/90.0.4430.85 Safari/537.36"
31.7.56.74 - - [11/Jan/2022:03:51:13 +0100] "GET /cgi/mt-atom.cgi HTTP/1.1" 404 2381 "yahoo.com" "Mozilla/5.0 (Windows NT 10.0; Win64; x64) AppleWebKit/537.36 (KHTML, like Gecko) Chrome/90.0.4430.85 Safari/537.36"
157.55.39.122 - - [11/Jan/2022:05:20:43 +0100] "GET /buecher/gesichter/20.jpg HTTP/1.1" 200 8785 "-" "Mozilla/5.0 (compatible; bingbot/2.0; +http://www.bing.com/bingbot.htm)"
185.154.14.148 - - [11/Jan/2022:05:54:57 +0100] "HEAD / HTTP/1.1" 200 - "https://xn--80aahcxmtfhmh.xn--p1ai/category/ovoschi/" "Mozilla/2.0 (compatible; MSIE2.00; Windows 2004)"
89.105.213.237 - - [11/Jan/2022:05:54:57 +0100] "HEAD / HTTP/1.1" 200 - "https://vstrokax.net/category/goroda-armenii/" "Mozilla/2.0 (compatible; MSIE3.00; Windows 2002)"
185.154.14.142 - - [11/Jan/2022:05:54:57 +0100] "HEAD / HTTP/1.1" 200 - "https://hdon.ge/serialebi/erotiuli/" "Mozilla/4.0 (compatible; MSIE5.00; Windows 2003)"
185.154.14.248 - - [11/Jan/2022:05:54:57 +0100] "HEAD / HTTP/1.1" 200 - "https://by-law.ru/yuridicheskie_uslugi/f-z-chjesk-m-l-cam/vozmjeshchjen-je-ushchjerba-vrjeda-zdorovyu" "Mozilla/6.0 (compatible; MSIE6.00; Windows 2007)"
89.105.213.182 - - [11/Jan/2022:05:54:57 +0100] "HEAD / HTTP/1.1" 200 - "https://deltacentr.com.ua/kuzovnoj-remont/ustranenie-perekosov-kuzova/" "Mozilla/2.0 (compatible; MSIE4.00; Windows 2003)"
45.88.79.149 - - [11/Jan/2022:05:54:57 +0100] "HEAD / HTTP/1.1" 200 - "https://vorotaminska.by/katalog/komplektuyushhie-dlya-vorot-kalitok/zamki-dlya-kalitok/" "Mozilla/6.0 (compatible; MSIE4.00; Windows 2002)"
