100.103.8.231 - - [28/Jan/2022:22:30:03 +0100] "GET /buecher/ HTTP/1.1" 200 25885 "-" "Mozilla/5.0 (iPhone; CPU iPhone OS 15_2 like Mac OS X) AppleWebKit/605.1.15 (KHTML, like Gecko) GSA/196.0.423110124 Mobile/15E148 Safari/604.1"
100.103.8.231 - - [28/Jan/2022:22:30:03 +0100] "GET /main.css HTTP/1.1" 200 1439 "http://www.morusverlag.de/buecher/" "Mozilla/5.0 (iPhone; CPU iPhone OS 15_2 like Mac OS X) AppleWebKit/605.1.15 (KHTML, like Gecko) GSA/196.0.423110124 Mobile/15E148 Safari/604.1"
100.103.8.231 - - [28/Jan/2022:22:30:03 +0100] "GET /contentflow/contentflow.js HTTP/1.1" 200 42064 "http://www.morusverlag.de/buecher/" "Mozilla/5.0 (iPhone; CPU iPhone OS 15_2 like Mac OS X) AppleWebKit/605.1.15 (KHTML, like Gecko) GSA/196.0.423110124 Mobile/15E148 Safari/604.1"
100.103.8.231 - - [28/Jan/2022:22:30:03 +0100] "GET /logo_g.gif HTTP/1.1" 200 1301 "http://www.morusverlag.de/buecher/" "Mozilla/5.0 (iPhone; CPU iPhone OS 15_2 like Mac OS X) AppleWebKit/605.1.15 (KHTML, like Gecko) GSA/196.0.423110124 Mobile/15E148 Safari/604.1"
100.103.8.231 - - [28/Jan/2022:22:30:03 +0100] "GET /mv_g.gif HTTP/1.1" 200 4070 "http://www.morusverlag.de/buecher/" "Mozilla/5.0 (iPhone; CPU iPhone OS 15_2 like Mac OS X) AppleWebKit/605.1.15 (KHTML, like Gecko) GSA/196.0.423110124 Mobile/15E148 Safari/604.1"
100.103.8.231 - - [28/Jan/2022:22:30:03 +0100] "GET /m.gif HTTP/1.1" 200 95 "http://www.morusverlag.de/buecher/" "Mozilla/5.0 (iPhone; CPU iPhone OS 15_2 like Mac OS X) AppleWebKit/605.1.15 (KHTML, like Gecko) GSA/196.0.423110124 Mobile/15E148 Safari/604.1"
100.103.8.231 - - [28/Jan/2022:22:30:03 +0100] "GET /pf.gif HTTP/1.1" 200 62 "http://www.morusverlag.de/buecher/" "Mozilla/5.0 (iPhone; CPU iPhone OS 15_2 like Mac OS X) AppleWebKit/605.1.15 (KHTML, like Gecko) GSA/196.0.423110124 Mobile/15E148 Safari/604.1"
100.103.8.231 - - [28/Jan/2022:22:30:03 +0100] "GET /buecher/gesichter.jpg HTTP/1.1" 200 7271 "http://www.morusverlag.de/buecher/" "Mozilla/5.0 (iPhone; CPU iPhone OS 15_2 like Mac OS X) AppleWebKit/605.1.15 (KHTML, like Gecko) GSA/196.0.423110124 Mobile/15E148 Safari/604.1"
100.103.8.231 - - [28/Jan/2022:22:30:03 +0100] "GET /buecher/gesichter/01.jpg HTTP/1.1" 200 7981 "http://www.morusverlag.de/buecher/" "Mozilla/5.0 (iPhone; CPU iPhone OS 15_2 like Mac OS X) AppleWebKit/605.1.15 (KHTML, like Gecko) GSA/196.0.423110124 Mobile/15E148 Safari/604.1"
100.103.8.231 - - [28/Jan/2022:22:30:03 +0100] "GET /contentflow/contentflow.css HTTP/1.1" 200 3109 "http://www.morusverlag.de/buecher/" "Mozilla/5.0 (iPhone; CPU iPhone OS 15_2 like Mac OS X) AppleWebKit/605.1.15 (KHTML, like Gecko) GSA/196.0.423110124 Mobile/15E148 Safari/604.1"
100.103.8.231 - - [28/Jan/2022:22:30:04 +0100] "GET /contentflow/ContentFlowAddOn_white.js HTTP/1.1" 200 471 "http://www.morusverlag.de/buecher/" "Mozilla/5.0 (iPhone; CPU iPhone OS 15_2 like Mac OS X) AppleWebKit/605.1.15 (KHTML, like Gecko) GSA/196.0.423110124 Mobile/15E148 Safari/604.1"
100.103.8.231 - - [28/Jan/2022:22:30:04 +0100] "GET /contentflow/mycontentflow.css HTTP/1.1" 404 2381 "http://www.morusverlag.de/buecher/" "Mozilla/5.0 (iPhone; CPU iPhone OS 15_2 like Mac OS X) AppleWebKit/605.1.15 (KHTML, like Gecko) GSA/196.0.423110124 Mobile/15E148 Safari/604.1"
100.103.8.231 - - [28/Jan/2022:22:30:04 +0100] "GET /buecher/gesichter/02.jpg HTTP/1.1" 200 9266 "http://www.morusverlag.de/buecher/" "Mozilla/5.0 (iPhone; CPU iPhone OS 15_2 like Mac OS X) AppleWebKit/605.1.15 (KHTML, like Gecko) GSA/196.0.423110124 Mobile/15E148 Safari/604.1"
100.103.8.231 - - [28/Jan/2022:22:30:04 +0100] "GET /buecher/gesichter/03.jpg HTTP/1.1" 200 10026 "http://www.morusverlag.de/buecher/" "Mozilla/5.0 (iPhone; CPU iPhone OS 15_2 like Mac OS X) AppleWebKit/605.1.15 (KHTML, like Gecko) GSA/196.0.423110124 Mobile/15E148 Safari/604.1"
100.103.8.231 - - [28/Jan/2022:22:30:04 +0100] "GET /contentflow/ContentFlowAddOn_white.css HTTP/1.1" 200 3174 "http://www.morusverlag.de/buecher/" "Mozilla/5.0 (iPhone; CPU iPhone OS 15_2 like Mac OS X) AppleWebKit/605.1.15 (KHTML, like Gecko) GSA/196.0.423110124 Mobile/15E148 Safari/604.1"
100.103.8.231 - - [28/Jan/2022:22:30:04 +0100] "GET /buecher/gesichter/04.jpg HTTP/1.1" 200 7078 "http://www.morusverlag.de/buecher/" "Mozilla/5.0 (iPhone; CPU iPhone OS 15_2 like Mac OS X) AppleWebKit/605.1.15 (KHTML, like Gecko) GSA/196.0.423110124 Mobile/15E148 Safari/604.1"
100.103.8.231 - - [28/Jan/2022:22:30:04 +0100] "GET /buecher/gesichter/05.jpg HTTP/1.1" 200 8981 "http://www.morusverlag.de/buecher/" "Mozilla/5.0 (iPhone; CPU iPhone OS 15_2 like Mac OS X) AppleWebKit/605.1.15 (KHTML, like Gecko) GSA/196.0.423110124 Mobile/15E148 Safari/604.1"
100.103.8.231 - - [28/Jan/2022:22:30:04 +0100] "GET /buecher/gesichter/06.jpg HTTP/1.1" 200 8732 "http://www.morusverlag.de/buecher/" "Mozilla/5.0 (iPhone; CPU iPhone OS 15_2 like Mac OS X) AppleWebKit/605.1.15 (KHTML, like Gecko) GSA/196.0.423110124 Mobile/15E148 Safari/604.1"
100.103.8.231 - - [28/Jan/2022:22:30:04 +0100] "GET /buecher/gesichter/07.jpg HTTP/1.1" 200 7301 "http://www.morusverlag.de/buecher/" "Mozilla/5.0 (iPhone; CPU iPhone OS 15_2 like Mac OS X) AppleWebKit/605.1.15 (KHTML, like Gecko) GSA/196.0.423110124 Mobile/15E148 Safari/604.1"
100.103.8.231 - - [28/Jan/2022:22:30:04 +0100] "GET /buecher/gesichter/08.jpg HTTP/1.1" 200 10437 "http://www.morusverlag.de/buecher/" "Mozilla/5.0 (iPhone; CPU iPhone OS 15_2 like Mac OS X) AppleWebKit/605.1.15 (KHTML, like Gecko) GSA/196.0.423110124 Mobile/15E148 Safari/604.1"
100.103.8.231 - - [28/Jan/2022:22:30:04 +0100] "GET /buecher/gesichter/09.jpg HTTP/1.1" 200 9739 "http://www.morusverlag.de/buecher/" "Mozilla/5.0 (iPhone; CPU iPhone OS 15_2 like Mac OS X) AppleWebKit/605.1.15 (KHTML, like Gecko) GSA/196.0.423110124 Mobile/15E148 Safari/604.1"
100.103.8.231 - - [28/Jan/2022:22:30:04 +0100] "GET /buecher/gesichter/11.jpg HTTP/1.1" 200 6175 "http://www.morusverlag.de/buecher/" "Mozilla/5.0 (iPhone; CPU iPhone OS 15_2 like Mac OS X) AppleWebKit/605.1.15 (KHTML, like Gecko) GSA/196.0.423110124 Mobile/15E148 Safari/604.1"
100.103.8.231 - - [28/Jan/2022:22:30:04 +0100] "GET /buecher/gesichter/12.jpg HTTP/1.1" 200 6460 "http://www.morusverlag.de/buecher/" "Mozilla/5.0 (iPhone; CPU iPhone OS 15_2 like Mac OS X) AppleWebKit/605.1.15 (KHTML, like Gecko) GSA/196.0.423110124 Mobile/15E148 Safari/604.1"
100.103.8.231 - - [28/Jan/2022:22:30:04 +0100] "GET /buecher/gesichter/13.jpg HTTP/1.1" 200 8373 "http://www.morusverlag.de/buecher/" "Mozilla/5.0 (iPhone; CPU iPhone OS 15_2 like Mac OS X) AppleWebKit/605.1.15 (KHTML, like Gecko) GSA/196.0.423110124 Mobile/15E148 Safari/604.1"
100.103.8.231 - - [28/Jan/2022:22:30:04 +0100] "GET /buecher/gesichter/10.jpg HTTP/1.1" 200 7686 "http://www.morusverlag.de/buecher/" "Mozilla/5.0 (iPhone; CPU iPhone OS 15_2 like Mac OS X) AppleWebKit/605.1.15 (KHTML, like Gecko) GSA/196.0.423110124 Mobile/15E148 Safari/604.1"
100.103.8.231 - - [28/Jan/2022:22:30:04 +0100] "GET /buecher/gesichter/14.jpg HTTP/1.1" 200 7847 "http://www.morusverlag.de/buecher/" "Mozilla/5.0 (iPhone; CPU iPhone OS 15_2 like Mac OS X) AppleWebKit/605.1.15 (KHTML, like Gecko) GSA/196.0.423110124 Mobile/15E148 Safari/604.1"
100.103.8.231 - - [28/Jan/2022:22:30:04 +0100] "GET /buecher/gesichter/16.jpg HTTP/1.1" 200 8367 "http://www.morusverlag.de/buecher/" "Mozilla/5.0 (iPhone; CPU iPhone OS 15_2 like Mac OS X) AppleWebKit/605.1.15 (KHTML, like Gecko) GSA/196.0.423110124 Mobile/15E148 Safari/604.1"
100.103.8.231 - - [28/Jan/2022:22:30:04 +0100] "GET /buecher/gesichter/17.jpg HTTP/1.1" 200 7587 "http://www.morusverlag.de/buecher/" "Mozilla/5.0 (iPhone; CPU iPhone OS 15_2 like Mac OS X) AppleWebKit/605.1.15 (KHTML, like Gecko) GSA/196.0.423110124 Mobile/15E148 Safari/604.1"
100.103.8.231 - - [28/Jan/2022:22:30:04 +0100] "GET /buecher/gesichter/18.jpg HTTP/1.1" 200 8757 "http://www.morusverlag.de/buecher/" "Mozilla/5.0 (iPhone; CPU iPhone OS 15_2 like Mac OS X) AppleWebKit/605.1.15 (KHTML, like Gecko) GSA/196.0.423110124 Mobile/15E148 Safari/604.1"
100.103.8.231 - - [28/Jan/2022:22:30:04 +0100] "GET /buecher/gesichter/19.jpg HTTP/1.1" 200 8281 "http://www.morusverlag.de/buecher/" "Mozilla/5.0 (iPhone; CPU iPhone OS 15_2 like Mac OS X) AppleWebKit/605.1.15 (KHTML, like Gecko) GSA/196.0.423110124 Mobile/15E148 Safari/604.1"
100.103.8.231 - - [28/Jan/2022:22:30:04 +0100] "GET /buecher/gesichter/20.jpg HTTP/1.1" 200 8785 "http://www.morusverlag.de/buecher/" "Mozilla/5.0 (iPhone; CPU iPhone OS 15_2 like Mac OS X) AppleWebKit/605.1.15 (KHTML, like Gecko) GSA/196.0.423110124 Mobile/15E148 Safari/604.1"
100.103.8.231 - - [28/Jan/2022:22:30:04 +0100] "GET /buecher/gesichter/21.jpg HTTP/1.1" 200 7433 "http://www.morusverlag.de/buecher/" "Mozilla/5.0 (iPhone; CPU iPhone OS 15_2 like Mac OS X) AppleWebKit/605.1.15 (KHTML, like Gecko) GSA/196.0.423110124 Mobile/15E148 Safari/604.1"
100.103.8.231 - - [28/Jan/2022:22:30:04 +0100] "GET /buecher/gesichter/22.jpg HTTP/1.1" 200 8837 "http://www.morusverlag.de/buecher/" "Mozilla/5.0 (iPhone; CPU iPhone OS 15_2 like Mac OS X) AppleWebKit/605.1.15 (KHTML, like Gecko) GSA/196.0.423110124 Mobile/15E148 Safari/604.1"
100.103.8.231 - - [28/Jan/2022:22:30:04 +0100] "GET /buecher/gesichter/23.jpg HTTP/1.1" 200 8706 "http://www.morusverlag.de/buecher/" "Mozilla/5.0 (iPhone; CPU iPhone OS 15_2 like Mac OS X) AppleWebKit/605.1.15 (KHTML, like Gecko) GSA/196.0.423110124 Mobile/15E148 Safari/604.1"
100.103.8.231 - - [28/Jan/2022:22:30:04 +0100] "GET /buecher/gesichter/24.jpg HTTP/1.1" 200 8021 "http://www.morusverlag.de/buecher/" "Mozilla/5.0 (iPhone; CPU iPhone OS 15_2 like Mac OS X) AppleWebKit/605.1.15 (KHTML, like Gecko) GSA/196.0.423110124 Mobile/15E148 Safari/604.1"
100.103.8.231 - - [28/Jan/2022:22:30:04 +0100] "GET /buecher/gesichter/25.jpg HTTP/1.1" 200 7280 "http://www.morusverlag.de/buecher/" "Mozilla/5.0 (iPhone; CPU iPhone OS 15_2 like Mac OS X) AppleWebKit/605.1.15 (KHTML, like Gecko) GSA/196.0.423110124 Mobile/15E148 Safari/604.1"
100.103.8.231 - - [28/Jan/2022:22:30:04 +0100] "GET /buecher/gesichter/27.jpg HTTP/1.1" 200 8110 "http://www.morusverlag.de/buecher/" "Mozilla/5.0 (iPhone; CPU iPhone OS 15_2 like Mac OS X) AppleWebKit/605.1.15 (KHTML, like Gecko) GSA/196.0.423110124 Mobile/15E148 Safari/604.1"
100.103.8.231 - - [28/Jan/2022:22:30:04 +0100] "GET /buecher/gesichter/26.jpg HTTP/1.1" 200 8027 "http://www.morusverlag.de/buecher/" "Mozilla/5.0 (iPhone; CPU iPhone OS 15_2 like Mac OS X) AppleWebKit/605.1.15 (KHTML, like Gecko) GSA/196.0.423110124 Mobile/15E148 Safari/604.1"
100.103.8.231 - - [28/Jan/2022:22:30:04 +0100] "GET /buecher/gesichter/28.jpg HTTP/1.1" 200 7684 "http://www.morusverlag.de/buecher/" "Mozilla/5.0 (iPhone; CPU iPhone OS 15_2 like Mac OS X) AppleWebKit/605.1.15 (KHTML, like Gecko) GSA/196.0.423110124 Mobile/15E148 Safari/604.1"
100.103.8.231 - - [28/Jan/2022:22:30:04 +0100] "GET /buecher/gesichter/29.jpg HTTP/1.1" 200 9282 "http://www.morusverlag.de/buecher/" "Mozilla/5.0 (iPhone; CPU iPhone OS 15_2 like Mac OS X) AppleWebKit/605.1.15 (KHTML, like Gecko) GSA/196.0.423110124 Mobile/15E148 Safari/604.1"
100.103.8.231 - - [28/Jan/2022:22:30:04 +0100] "GET /buecher/gesichter/30.jpg HTTP/1.1" 200 8702 "http://www.morusverlag.de/buecher/" "Mozilla/5.0 (iPhone; CPU iPhone OS 15_2 like Mac OS X) AppleWebKit/605.1.15 (KHTML, like Gecko) GSA/196.0.423110124 Mobile/15E148 Safari/604.1"
100.103.8.231 - - [28/Jan/2022:22:30:04 +0100] "GET /buecher/gesichter/31.jpg HTTP/1.1" 200 8424 "http://www.morusverlag.de/buecher/" "Mozilla/5.0 (iPhone; CPU iPhone OS 15_2 like Mac OS X) AppleWebKit/605.1.15 (KHTML, like Gecko) GSA/196.0.423110124 Mobile/15E148 Safari/604.1"
100.103.8.231 - - [28/Jan/2022:22:30:04 +0100] "GET /buecher/gesichter/15.jpg HTTP/1.1" 200 7253 "http://www.morusverlag.de/buecher/" "Mozilla/5.0 (iPhone; CPU iPhone OS 15_2 like Mac OS X) AppleWebKit/605.1.15 (KHTML, like Gecko) GSA/196.0.423110124 Mobile/15E148 Safari/604.1"
100.103.8.231 - - [28/Jan/2022:22:30:04 +0100] "GET /buecher/gesichter/32.jpg HTTP/1.1" 200 8010 "http://www.morusverlag.de/buecher/" "Mozilla/5.0 (iPhone; CPU iPhone OS 15_2 like Mac OS X) AppleWebKit/605.1.15 (KHTML, like Gecko) GSA/196.0.423110124 Mobile/15E148 Safari/604.1"
100.103.8.231 - - [28/Jan/2022:22:30:04 +0100] "GET /buecher/mein_atem.jpg HTTP/1.1" 200 4118 "http://www.morusverlag.de/buecher/" "Mozilla/5.0 (iPhone; CPU iPhone OS 15_2 like Mac OS X) AppleWebKit/605.1.15 (KHTML, like Gecko) GSA/196.0.423110124 Mobile/15E148 Safari/604.1"
100.103.8.231 - - [28/Jan/2022:22:30:04 +0100] "GET /buecher/chateaubriand.jpg HTTP/1.1" 200 2272 "http://www.morusverlag.de/buecher/" "Mozilla/5.0 (iPhone; CPU iPhone OS 15_2 like Mac OS X) AppleWebKit/605.1.15 (KHTML, like Gecko) GSA/196.0.423110124 Mobile/15E148 Safari/604.1"
100.103.8.231 - - [28/Jan/2022:22:30:04 +0100] "GET /buecher/engel.jpg HTTP/1.1" 200 5414 "http://www.morusverlag.de/buecher/" "Mozilla/5.0 (iPhone; CPU iPhone OS 15_2 like Mac OS X) AppleWebKit/605.1.15 (KHTML, like Gecko) GSA/196.0.423110124 Mobile/15E148 Safari/604.1"
100.103.8.231 - - [28/Jan/2022:22:30:04 +0100] "GET /buecher/liebe_und_treue.jpg HTTP/1.1" 200 3067 "http://www.morusverlag.de/buecher/" "Mozilla/5.0 (iPhone; CPU iPhone OS 15_2 like Mac OS X) AppleWebKit/605.1.15 (KHTML, like Gecko) GSA/196.0.423110124 Mobile/15E148 Safari/604.1"
100.103.8.231 - - [28/Jan/2022:22:30:04 +0100] "GET /buecher/le_saulchoir.jpg HTTP/1.1" 200 2734 "http://www.morusverlag.de/buecher/" "Mozilla/5.0 (iPhone; CPU iPhone OS 15_2 like Mac OS X) AppleWebKit/605.1.15 (KHTML, like Gecko) GSA/196.0.423110124 Mobile/15E148 Safari/604.1"
100.103.8.231 - - [28/Jan/2022:22:30:04 +0100] "GET /buecher/staatsaufgaben.jpg HTTP/1.1" 200 2204 "http://www.morusverlag.de/buecher/" "Mozilla/5.0 (iPhone; CPU iPhone OS 15_2 like Mac OS X) AppleWebKit/605.1.15 (KHTML, like Gecko) GSA/196.0.423110124 Mobile/15E148 Safari/604.1"
100.103.8.231 - - [28/Jan/2022:22:30:04 +0100] "GET /buecher/krise_zum_heil.jpg HTTP/1.1" 200 1930 "http://www.morusverlag.de/buecher/" "Mozilla/5.0 (iPhone; CPU iPhone OS 15_2 like Mac OS X) AppleWebKit/605.1.15 (KHTML, like Gecko) GSA/196.0.423110124 Mobile/15E148 Safari/604.1"
100.103.8.231 - - [28/Jan/2022:22:30:04 +0100] "GET /buecher/islam.jpg HTTP/1.1" 200 4080 "http://www.morusverlag.de/buecher/" "Mozilla/5.0 (iPhone; CPU iPhone OS 15_2 like Mac OS X) AppleWebKit/605.1.15 (KHTML, like Gecko) GSA/196.0.423110124 Mobile/15E148 Safari/604.1"
100.103.8.231 - - [28/Jan/2022:22:30:04 +0100] "GET /buecher/leiblichkeit.jpg HTTP/1.1" 200 3929 "http://www.morusverlag.de/buecher/" "Mozilla/5.0 (iPhone; CPU iPhone OS 15_2 like Mac OS X) AppleWebKit/605.1.15 (KHTML, like Gecko) GSA/196.0.423110124 Mobile/15E148 Safari/604.1"
100.103.8.231 - - [28/Jan/2022:22:30:04 +0100] "GET /buecher/preysing.jpg HTTP/1.1" 200 3799 "http://www.morusverlag.de/buecher/" "Mozilla/5.0 (iPhone; CPU iPhone OS 15_2 like Mac OS X) AppleWebKit/605.1.15 (KHTML, like Gecko) GSA/196.0.423110124 Mobile/15E148 Safari/604.1"
100.103.8.231 - - [28/Jan/2022:22:30:04 +0100] "GET /buecher/nichtaufsand.jpg HTTP/1.1" 200 3733 "http://www.morusverlag.de/buecher/" "Mozilla/5.0 (iPhone; CPU iPhone OS 15_2 like Mac OS X) AppleWebKit/605.1.15 (KHTML, like Gecko) GSA/196.0.423110124 Mobile/15E148 Safari/604.1"
100.103.8.231 - - [28/Jan/2022:22:30:04 +0100] "GET /strich.gif HTTP/1.1" 200 45 "http://www.morusverlag.de/buecher/" "Mozilla/5.0 (iPhone; CPU iPhone OS 15_2 like Mac OS X) AppleWebKit/605.1.15 (KHTML, like Gecko) GSA/196.0.423110124 Mobile/15E148 Safari/604.1"
100.103.8.231 - - [28/Jan/2022:22:30:04 +0100] "GET /contentflow/img/loader.gif HTTP/1.1" 200 8238 "http://www.morusverlag.de/buecher/" "Mozilla/5.0 (iPhone; CPU iPhone OS 15_2 like Mac OS X) AppleWebKit/605.1.15 (KHTML, like Gecko) GSA/196.0.423110124 Mobile/15E148 Safari/604.1"
100.103.8.231 - - [28/Jan/2022:22:30:04 +0100] "GET /contentflow/img/scrollbar_white.png HTTP/1.1" 200 82 "http://www.morusverlag.de/buecher/" "Mozilla/5.0 (iPhone; CPU iPhone OS 15_2 like Mac OS X) AppleWebKit/605.1.15 (KHTML, like Gecko) GSA/196.0.423110124 Mobile/15E148 Safari/604.1"
100.103.8.231 - - [28/Jan/2022:22:30:04 +0100] "GET /contentflow/img/slider_white.png HTTP/1.1" 200 178 "http://www.morusverlag.de/buecher/" "Mozilla/5.0 (iPhone; CPU iPhone OS 15_2 like Mac OS X) AppleWebKit/605.1.15 (KHTML, like Gecko) GSA/196.0.423110124 Mobile/15E148 Safari/604.1"
100.103.8.231 - - [28/Jan/2022:22:30:04 +0100] "GET /contentflow/img/1x1_0.5_white.png HTTP/1.1" 200 82 "http://www.morusverlag.de/buecher/" "Mozilla/5.0 (iPhone; CPU iPhone OS 15_2 like Mac OS X) AppleWebKit/605.1.15 (KHTML, like Gecko) GSA/196.0.423110124 Mobile/15E148 Safari/604.1"
100.103.8.231 - - [28/Jan/2022:22:30:04 +0100] "GET /contentflow/img/loader_white.gif HTTP/1.1" 200 8238 "http://www.morusverlag.de/buecher/" "Mozilla/5.0 (iPhone; CPU iPhone OS 15_2 like Mac OS X) AppleWebKit/605.1.15 (KHTML, like Gecko) GSA/196.0.423110124 Mobile/15E148 Safari/604.1"
100.103.8.231 - - [28/Jan/2022:22:30:04 +0100] "GET /contentflow/img/scrollbar_black.png HTTP/1.1" 200 82 "http://www.morusverlag.de/buecher/" "Mozilla/5.0 (iPhone; CPU iPhone OS 15_2 like Mac OS X) AppleWebKit/605.1.15 (KHTML, like Gecko) GSA/196.0.423110124 Mobile/15E148 Safari/604.1"
100.103.8.231 - - [28/Jan/2022:22:30:04 +0100] "GET /contentflow/img/slider_black.png HTTP/1.1" 200 175 "http://www.morusverlag.de/buecher/" "Mozilla/5.0 (iPhone; CPU iPhone OS 15_2 like Mac OS X) AppleWebKit/605.1.15 (KHTML, like Gecko) GSA/196.0.423110124 Mobile/15E148 Safari/604.1"
185.181.61.24 - - [28/Jan/2022:22:51:47 +0100] "GET /jahrbuch/index.html HTTP/1.1" 200 3956 "-" "Mozilla/5.0 (Windows NT 10.0; Win64; x64) AppleWebKit/537.36 (KHTML, like Gecko) Chrome/91.0.4472.114 Safari/537.36 Edg/91.0.864.54"
66.249.70.135 - - [28/Jan/2022:23:57:45 +0100] "GET /impressum.html HTTP/1.1" 304 - "-" "Mozilla/5.0 (Linux; Android 6.0.1; Nexus 5X Build/MMB29P) AppleWebKit/537.36 (KHTML, like Gecko) Chrome/97.0.4692.99 Mobile Safari/537.36 (compatible; Googlebot/2.1; +http://www.google.com/bot.html)"
168.119.69.91 - - [29/Jan/2022:00:12:22 +0100] "GET /sonderthemen/oekt_extra3.pdf HTTP/1.1" 200 2109745 "-" "Mozilla/5.0 (Windows NT 10.0; WOW64; Trident/7.0; rv:11.0) like Gecko"
185.220.101.32 - - [29/Jan/2022:01:05:54 +0100] "GET / HTTP/1.1" 200 9360 "-" "Mozilla/5.0 (Windows NT 10.0; WOW64) AppleWebKit/537.36 (KHTML, like Gecko) Chrome/70.0.3538.25 Safari/537.36 Core/1.70.3676.400 QQBrowser/10.4.3469.400"
66.249.70.135 - - [29/Jan/2022:01:42:45 +0100] "GET /buecher/guardini/ HTTP/1.1" 404 2381 "-" "Mozilla/5.0 (compatible; Googlebot/2.1; +http://www.google.com/bot.html)"
185.191.171.23 - - [29/Jan/2022:02:19:45 +0100] "GET /robots.txt HTTP/1.1" 200 100 "-" "Mozilla/5.0 (compatible; SemrushBot/7~bl; +http://www.semrush.com/bot.html)"
185.191.171.33 - - [29/Jan/2022:02:19:45 +0100] "GET /buecher/bestellung.php HTTP/1.1" 200 10142 "-" "Mozilla/5.0 (compatible; SemrushBot/7~bl; +http://www.semrush.com/bot.html)"
157.55.39.194 - - [29/Jan/2022:02:42:27 +0100] "GET /robots.txt HTTP/1.1" 200 100 "-" "Mozilla/5.0 (compatible; bingbot/2.0; +http://www.bing.com/bingbot.htm)"
207.46.13.211 - - [29/Jan/2022:02:42:35 +0100] "GET / HTTP/1.1" 200 9360 "-" "Mozilla/5.0 (compatible; bingbot/2.0; +http://www.bing.com/bingbot.htm)"
185.181.61.24 - - [29/Jan/2022:02:53:27 +0100] "GET /impressum.html HTTP/1.1" 200 2808 "-" "Mozilla/5.0 (Windows NT 10.0; Win64; x64) AppleWebKit/537.36 (KHTML, like Gecko) Chrome/91.0.4472.114 Safari/537.36 Edg/91.0.864.54"
207.46.13.146 - - [29/Jan/2022:03:30:36 +0100] "GET /buecher/gesichter/19.jpg HTTP/1.1" 200 8281 "-" "Mozilla/5.0 (compatible; bingbot/2.0; +http://www.bing.com/bingbot.htm)"
78.46.94.83 - - [29/Jan/2022:03:41:34 +0100] "GET /sonderthemen/oekt_extra1.pdf HTTP/1.1" 200 1849015 "-" "Mozilla/5.0 (Macintosh; Intel Mac OS X 10_13_6) AppleWebKit/537.36 (KHTML, like Gecko) Chrome/87.0.4280.67 Safari/537.36"
66.249.70.129 - - [29/Jan/2022:03:42:45 +0100] "GET /robots.txt HTTP/1.1" 200 100 "-" "Mozilla/5.0 (compatible; Googlebot/2.1; +http://www.google.com/bot.html)"
66.249.70.129 - - [29/Jan/2022:03:42:45 +0100] "GET /buecher/diskussion.html HTTP/1.1" 304 - "-" "Mozilla/5.0 (Linux; Android 6.0.1; Nexus 5X Build/MMB29P) AppleWebKit/537.36 (KHTML, like Gecko) Chrome/97.0.4692.99 Mobile Safari/537.36 (compatible; Googlebot/2.1; +http://www.google.com/bot.html)"
66.249.70.129 - - [29/Jan/2022:04:42:45 +0100] "GET /sonderthemen/presse.html HTTP/1.1" 304 - "-" "Mozilla/5.0 (compatible; Googlebot/2.1; +http://www.google.com/bot.html)"
185.181.61.24 - - [29/Jan/2022:04:56:45 +0100] "GET /jahrbuch/index.html HTTP/1.1" 200 3956 "-" "Mozilla/5.0 (Windows NT 10.0; Win64; x64) AppleWebKit/537.36 (KHTML, like Gecko) Chrome/91.0.4472.114 Safari/537.36 Edg/91.0.864.54"
136.243.17.161 - - [29/Jan/2022:05:18:51 +0100] "GET /sonderthemen/oekz2003.pdf HTTP/1.1" 200 4017017 "-" "Mozilla/5.0 (Macintosh; Intel Mac OS X 10_15_4) AppleWebKit/605.1.15 (KHTML, like Gecko) Version/13.1 Safari/605.1.15"
85.25.177.187 - - [29/Jan/2022:05:29:16 +0100] "GET / HTTP/1.1" 200 9360 "-" "Mozilla/5.0 (X11; Linux x86_64; rv:81.0) Gecko/20100101 Firefox/81.0"
85.25.177.187 - - [29/Jan/2022:05:38:34 +0100] "GET /robots.txt HTTP/1.1" 200 100 "-" "Mozilla/5.0 (X11; Linux x86_64; rv:81.0) Gecko/20100101 Firefox/81.0"
85.25.177.187 - - [29/Jan/2022:05:38:34 +0100] "GET /jahrbuch/index.html HTTP/1.1" 200 3956 "-" "Mozilla/5.0 (X11; Linux x86_64; rv:81.0) Gecko/20100101 Firefox/81.0"
85.25.177.187 - - [29/Jan/2022:05:47:42 +0100] "GET /cds/hymnos_akathistos.html HTTP/1.1" 200 11061 "-" "Mozilla/5.0 (X11; Linux x86_64; rv:81.0) Gecko/20100101 Firefox/81.0"
114.119.136.12 - - [29/Jan/2022:05:54:41 +0100] "GET /robots.txt HTTP/1.1" 200 100 "-" "Mozilla/5.0 (compatible;PetalBot;+https://webmaster.petalsearch.com/site/petalbot)"
85.25.177.187 - - [29/Jan/2022:05:56:53 +0100] "GET /jahrbuch/bestellung.php HTTP/1.1" 200 10316 "-" "Mozilla/5.0 (X11; Linux x86_64; rv:81.0) Gecko/20100101 Firefox/81.0"
85.25.177.187 - - [29/Jan/2022:06:02:43 +0100] "GET /index.html HTTP/1.1" 200 9360 "-" "Mozilla/5.0 (X11; Linux x86_64; rv:81.0) Gecko/20100101 Firefox/81.0"
85.25.177.187 - - [29/Jan/2022:06:15:18 +0100] "GET /jahrbuch/titelseiten/index.html HTTP/1.1" 200 6735 "-" "Mozilla/5.0 (X11; Linux x86_64; rv:81.0) Gecko/20100101 Firefox/81.0"
89.105.213.237 - - [29/Jan/2022:06:17:20 +0100] "HEAD / HTTP/1.1" 200 - "https://www.modsgame.ru/" "Mozilla/6.0 (compatible; MSIE5.00; Windows 2002)"
45.88.79.149 - - [29/Jan/2022:06:17:20 +0100] "HEAD / HTTP/1.1" 200 - "https://clatronic.com.ua/" "Mozilla/2.0 (compatible; MSIE7.00; Windows 2003)"
185.253.7.223 - - [29/Jan/2022:06:17:20 +0100] "HEAD / HTTP/1.1" 200 - "https://cleaningservices.kiev.ua/tseni-na-uborku-kvartir" "Mozilla/5.0 (compatible; MSIE5.00; Windows 2005)"
45.132.107.248 - - [29/Jan/2022:06:17:20 +0100] "HEAD / HTTP/1.1" 200 - "https://icaramelle.ru/category/krasota/" "Mozilla/8.0 (compatible; MSIE7.00; Windows 2005)"
185.231.68.36 - - [29/Jan/2022:06:17:20 +0100] "HEAD / HTTP/1.1" 200 - "https://xn--90agc8abcigou.xn--p1ai" "Mozilla/4.0 (compatible; MSIE6.00; Windows 2008)"
89.105.213.182 - - [29/Jan/2022:06:17:20 +0100] "HEAD / HTTP/1.1" 200 - "https://xn----9sbcgeddz7b7j.xn--p1ai" "Mozilla/4.0 (compatible; MSIE6.00; Windows 2008)"
85.25.177.187 - - [29/Jan/2022:06:21:45 +0100] "GET /jahrbuch/titelseiten/index.html HTTP/1.1" 200 6735 "-" "Mozilla/5.0 (X11; Linux x86_64; rv:81.0) Gecko/20100101 Firefox/81.0"
85.25.177.187 - - [29/Jan/2022:06:25:18 +0100] "GET /kontakt/index.html HTTP/1.1" 200 2896 "-" "Mozilla/5.0 (X11; Linux x86_64; rv:81.0) Gecko/20100101 Firefox/81.0"
85.25.177.187 - - [29/Jan/2022:06:28:43 +0100] "GET /cds/rosarium.html HTTP/1.1" 200 6680 "-" "Mozilla/5.0 (X11; Linux x86_64; rv:81.0) Gecko/20100101 Firefox/81.0"
85.25.177.187 - - [29/Jan/2022:06:32:03 +0100] "GET /sonderthemen/index.html HTTP/1.1" 200 7102 "-" "Mozilla/5.0 (X11; Linux x86_64; rv:81.0) Gecko/20100101 Firefox/81.0"
85.25.177.187 - - [29/Jan/2022:06:37:30 +0100] "GET /impressum.html HTTP/1.1" 200 2808 "-" "Mozilla/5.0 (X11; Linux x86_64; rv:81.0) Gecko/20100101 Firefox/81.0"
85.25.177.187 - - [29/Jan/2022:06:40:05 +0100] "GET /gotteslob/index.html HTTP/1.1" 200 2770 "-" "Mozilla/5.0 (X11; Linux x86_64; rv:81.0) Gecko/20100101 Firefox/81.0"
66.249.70.135 - - [29/Jan/2022:06:42:45 +0100] "GET / HTTP/1.1" 200 9360 "-" "Mozilla/5.0 (Linux; Android 6.0.1; Nexus 5X Build/MMB29P) AppleWebKit/537.36 (KHTML, like Gecko) Chrome/97.0.4692.99 Mobile Safari/537.36 (compatible; Googlebot/2.1; +http://www.google.com/bot.html)"
85.25.177.187 - - [29/Jan/2022:06:44:23 +0100] "GET /buecher/index.html HTTP/1.1" 200 25885 "-" "Mozilla/5.0 (X11; Linux x86_64; rv:81.0) Gecko/20100101 Firefox/81.0"
85.25.177.187 - - [29/Jan/2022:06:48:08 +0100] "GET /buecher/veroeffentlichungsliste.html HTTP/1.1" 200 129779 "-" "Mozilla/5.0 (X11; Linux x86_64; rv:81.0) Gecko/20100101 Firefox/81.0"
194.67.210.77 - - [29/Jan/2022:06:50:32 +0100] "HEAD / HTTP/1.1" 200 - "https://ritual.nars.su/pamyatniki-metallich%D0%B5skie.html" "Mozilla/2.0 (compatible; MSIE5.00; Windows 2007)"
185.125.219.13 - - [29/Jan/2022:06:50:32 +0100] "HEAD / HTTP/1.1" 200 - "https://save4k.com/" "Mozilla/8.0 (compatible; MSIE5.00; Windows 2006)"
194.67.207.94 - - [29/Jan/2022:06:50:32 +0100] "HEAD / HTTP/1.1" 200 - "https://www.evrovet.su/uslugi/khirurgiya/" "Mozilla/4.0 (compatible; MSIE5.00; Windows 2005)"
185.5.249.185 - - [29/Jan/2022:06:50:32 +0100] "HEAD / HTTP/1.1" 200 - "https://one-ses.ru/" "Mozilla/7.0 (compatible; MSIE4.00; Windows 2002)"
85.25.177.187 - - [29/Jan/2022:06:55:32 +0100] "GET /buecher/rezensionen_chateaubriand.html HTTP/1.1" 200 47317 "-" "Mozilla/5.0 (X11; Linux x86_64; rv:81.0) Gecko/20100101 Firefox/81.0"
85.25.177.187 - - [29/Jan/2022:07:02:00 +0100] "GET /cds/ignatius.html HTTP/1.1" 200 6576 "-" "Mozilla/5.0 (X11; Linux x86_64; rv:81.0) Gecko/20100101 Firefox/81.0"
66.249.70.135 - - [29/Jan/2022:07:02:45 +0100] "GET / HTTP/1.1" 304 - "-" "Mozilla/5.0 (Linux; Android 6.0.1; Nexus 5X Build/MMB29P) AppleWebKit/537.36 (KHTML, like Gecko) Chrome/97.0.4692.99 Mobile Safari/537.36 (compatible; Googlebot/2.1; +http://www.google.com/bot.html)"
85.25.177.187 - - [29/Jan/2022:07:05:42 +0100] "GET /cds/index.html HTTP/1.1" 200 7987 "-" "Mozilla/5.0 (X11; Linux x86_64; rv:81.0) Gecko/20100101 Firefox/81.0"
85.25.177.187 - - [29/Jan/2022:07:08:41 +0100] "GET /buecher/rezensionen_psalmen.html HTTP/1.1" 200 6787 "-" "Mozilla/5.0 (X11; Linux x86_64; rv:81.0) Gecko/20100101 Firefox/81.0"
85.25.177.187 - - [29/Jan/2022:07:16:51 +0100] "GET /buecher/rezensionen_preysing.html HTTP/1.1" 200 9502 "-" "Mozilla/5.0 (X11; Linux x86_64; rv:81.0) Gecko/20100101 Firefox/81.0"
85.25.177.187 - - [29/Jan/2022:07:21:52 +0100] "GET /buecher/rezensionen_engel.html HTTP/1.1" 200 6598 "-" "Mozilla/5.0 (X11; Linux x86_64; rv:81.0) Gecko/20100101 Firefox/81.0"
66.249.70.135 - - [29/Jan/2022:07:22:45 +0100] "GET /sonderthemen/oekt_extra1.pdf HTTP/1.1" 200 1849015 "-" "Mozilla/5.0 (compatible; Googlebot/2.1; +http://www.google.com/bot.html)"
85.25.177.187 - - [29/Jan/2022:07:24:37 +0100] "GET /buecher/diskussion.html HTTP/1.1" 200 9925 "-" "Mozilla/5.0 (X11; Linux x86_64; rv:81.0) Gecko/20100101 Firefox/81.0"
85.25.177.187 - - [29/Jan/2022:07:28:54 +0100] "GET /buecher/rezensionen_leiblichkeit_und_zeitlichkeit.html HTTP/1.1" 200 8821 "-" "Mozilla/5.0 (X11; Linux x86_64; rv:81.0) Gecko/20100101 Firefox/81.0"
162.210.196.98 - - [29/Jan/2022:07:33:20 +0100] "GET /robots.txt HTTP/1.1" 200 100 "-" "Mozilla/5.0 (compatible; MJ12bot/v1.4.8; http://mj12bot.com/)"
162.210.196.98 - - [29/Jan/2022:07:33:22 +0100] "GET / HTTP/1.1" 200 9360 "-" "Mozilla/5.0 (compatible; MJ12bot/v1.4.8; http://mj12bot.com/)"
85.25.177.187 - - [29/Jan/2022:07:38:11 +0100] "GET /buecher/rezensionen_nicht_auf_sand_gebaut.html HTTP/1.1" 200 6594 "-" "Mozilla/5.0 (X11; Linux x86_64; rv:81.0) Gecko/20100101 Firefox/81.0"
66.249.70.132 - - [29/Jan/2022:07:42:45 +0100] "GET /sonderthemen/az1999.pdf HTTP/1.1" 304 - "-" "Mozilla/5.0 (Linux; Android 6.0.1; Nexus 5X Build/MMB29P) AppleWebKit/537.36 (KHTML, like Gecko) Chrome/97.0.4692.99 Mobile Safari/537.36 (compatible; Googlebot/2.1; +http://www.google.com/bot.html)"
85.25.177.187 - - [29/Jan/2022:07:49:20 +0100] "GET /buecher/rezensionen_nicht_auf_sand_gebaut.html HTTP/1.1" 200 6594 "-" "Mozilla/5.0 (X11; Linux x86_64; rv:81.0) Gecko/20100101 Firefox/81.0"
85.25.177.187 - - [29/Jan/2022:07:53:10 +0100] "GET /buecher/bestellung.php HTTP/1.1" 200 10142 "-" "Mozilla/5.0 (X11; Linux x86_64; rv:81.0) Gecko/20100101 Firefox/81.0"
34.132.221.121 - - [29/Jan/2022:07:55:26 +0100] "GET /robots.txt HTTP/1.1" 200 100 "-" "ltx71 - (http://ltx71.com/)"
34.132.221.121 - - [29/Jan/2022:07:56:30 +0100] "GET / HTTP/1.1" 200 9360 "-" "ltx71 - (http://ltx71.com/)"
85.25.177.187 - - [29/Jan/2022:07:57:01 +0100] "GET /buecher/rezensionen_krise_zum_heil.html HTTP/1.1" 200 9828 "-" "Mozilla/5.0 (X11; Linux x86_64; rv:81.0) Gecko/20100101 Firefox/81.0"
34.132.221.121 - - [29/Jan/2022:07:57:59 +0100] "GET /kontakt/index.html HTTP/1.1" 200 2896 "-" "ltx71 - (http://ltx71.com/)"
185.216.178.27 - - [29/Jan/2022:07:58:04 +0100] "GET / HTTP/1.1" 200 9360 "http://www.google.de/?source=mog&gl=de" "Mozilla/5.0 (Macintosh; U; Intel Mac OS X 10.6; de; rv:1.9.2.16) Gecko/20110319 Firefox/3.6.16"
185.216.178.27 - - [29/Jan/2022:07:58:04 +0100] "GET / HTTP/1.1" 200 9360 "http://www.google.de/?source=mog&gl=de" "Mozilla/5.0 (Macintosh; U; Intel Mac OS X 10.6; de; rv:1.9.2.16) Gecko/20110319 Firefox/3.6.16"
185.216.178.27 - - [29/Jan/2022:07:58:04 +0100] "GET / HTTP/1.1" 200 9360 "http://www.google.de/?source=mog&gl=de" "Mozilla/5.0 (Macintosh; U; Intel Mac OS X 10.6; de; rv:1.9.2.16) Gecko/20110319 Firefox/3.6.16"
185.216.178.27 - - [29/Jan/2022:07:58:04 +0100] "GET /impressum.html HTTP/1.1" 200 2808 "http://www.morusverlag.de/" "Mozilla/5.0 (Windows NT 6.1; WOW64) AppleWebKit/535.11 (KHTML, like Gecko) Chrome/17.0.963.0 Safari/535.11"
185.216.178.27 - - [29/Jan/2022:07:58:06 +0100] "GET /kontakt/index.html HTTP/1.1" 200 2896 "http://www.morusverlag.de/" "Mozilla/5.0 (Windows; U; de; rv:1.9.0.6) Gecko Firefox/3.0"
185.216.178.27 - - [29/Jan/2022:07:58:06 +0100] "GET / HTTP/1.1" 200 9360 "http://www.morusverlag.de/" "Mozilla/5.0 (Windows; U; Windows NT 5.1; hu; rv:1.9.2.23) Gecko/20110920 Firefox/3.6.23 ( )"
185.216.178.27 - - [29/Jan/2022:07:58:17 +0100] "GET / HTTP/1.1" 200 9360 "http://www.google.de" "Mozilla/5.0 (Windows NT 6.1; WOW64; rv:13.0) Gecko/20100101 Firefox/13.0.1"
34.132.221.121 - - [29/Jan/2022:07:59:06 +0100] "GET /sonderthemen/index.html HTTP/1.1" 200 7102 "-" "ltx71 - (http://ltx71.com/)"
34.132.221.121 - - [29/Jan/2022:07:59:34 +0100] "GET /buecher/veroeffentlichungsliste.html HTTP/1.1" 200 129779 "-" "ltx71 - (http://ltx71.com/)"
34.132.221.121 - - [29/Jan/2022:07:59:57 +0100] "GET /buecher/rezensionen_chateaubriand.html HTTP/1.1" 200 47317 "-" "ltx71 - (http://ltx71.com/)"
85.25.177.187 - - [29/Jan/2022:08:00:05 +0100] "GET /buecher/rezensionen_le_saulchoir.html HTTP/1.1" 200 34009 "-" "Mozilla/5.0 (X11; Linux x86_64; rv:81.0) Gecko/20100101 Firefox/81.0"
34.132.221.121 - - [29/Jan/2022:08:00:19 +0100] "GET /jahrbuch/index.html HTTP/1.1" 200 3956 "-" "ltx71 - (http://ltx71.com/)"
34.132.221.121 - - [29/Jan/2022:08:01:12 +0100] "GET /impressum.html HTTP/1.1" 200 2808 "-" "ltx71 - (http://ltx71.com/)"
34.132.221.121 - - [29/Jan/2022:08:02:19 +0100] "GET /cds/hymnos_akathistos.html HTTP/1.1" 200 11061 "-" "ltx71 - (http://ltx71.com/)"
85.25.177.187 - - [29/Jan/2022:08:02:23 +0100] "GET / HTTP/1.1" 200 9360 "-" "Mozilla/5.0 (X11; Linux x86_64; rv:81.0) Gecko/20100101 Firefox/81.0"
34.132.221.121 - - [29/Jan/2022:08:02:36 +0100] "GET /index.html HTTP/1.1" 200 9360 "-" "ltx71 - (http://ltx71.com/)"
34.132.221.121 - - [29/Jan/2022:08:03:44 +0100] "GET /sonderthemen/az2003.pdf HTTP/1.1" 200 4864675 "-" "ltx71 - (http://ltx71.com/)"
34.132.221.121 - - [29/Jan/2022:08:04:17 +0100] "GET /sonderthemen/az2003.pdf HTTP/1.1" 200 4864675 "-" "ltx71 - (http://ltx71.com/)"
34.132.221.121 - - [29/Jan/2022:08:04:58 +0100] "GET /sonderthemen/az2003.pdf HTTP/1.1" 200 4864675 "-" "ltx71 - (http://ltx71.com/)"
34.132.221.121 - - [29/Jan/2022:08:05:18 +0100] "GET /sonderthemen/oekz2003.pdf HTTP/1.1" 200 4017017 "-" "ltx71 - (http://ltx71.com/)"
85.25.177.187 - - [29/Jan/2022:08:05:40 +0100] "GET /sonderthemen/presse.html HTTP/1.1" 200 5772 "-" "Mozilla/5.0 (X11; Linux x86_64; rv:81.0) Gecko/20100101 Firefox/81.0"
34.132.221.121 - - [29/Jan/2022:08:06:02 +0100] "GET /sonderthemen/oekt_extra1.pdf HTTP/1.1" 200 1849015 "-" "ltx71 - (http://ltx71.com/)"
34.132.221.121 - - [29/Jan/2022:08:07:08 +0100] "GET /sonderthemen/sk2004_s01.pdf HTTP/1.1" 200 162742 "-" "ltx71 - (http://ltx71.com/)"
34.132.221.121 - - [29/Jan/2022:08:07:28 +0100] "GET /sonderthemen/oekt_extra3.pdf HTTP/1.1" 200 2109745 "-" "ltx71 - (http://ltx71.com/)"
85.25.177.187 - - [29/Jan/2022:08:08:02 +0100] "GET /sonderthemen/oekt_extra3.pdf HTTP/1.1" 200 2109745 "-" "Mozilla/5.0 (X11; Linux x86_64; rv:81.0) Gecko/20100101 Firefox/81.0"
85.25.177.187 - - [29/Jan/2022:08:11:20 +0100] "GET /sonderthemen/sk2004_s01.pdf HTTP/1.1" 200 162742 "-" "Mozilla/5.0 (X11; Linux x86_64; rv:81.0) Gecko/20100101 Firefox/81.0"
85.25.177.187 - - [29/Jan/2022:08:19:20 +0100] "GET /sonderthemen/oekz2003_s01.pdf HTTP/1.1" 200 66807 "-" "Mozilla/5.0 (X11; Linux x86_64; rv:81.0) Gecko/20100101 Firefox/81.0"
85.25.177.187 - - [29/Jan/2022:08:21:47 +0100] "GET /sonderthemen/oekt_extra1.pdf HTTP/1.1" 200 1849015 "-" "Mozilla/5.0 (X11; Linux x86_64; rv:81.0) Gecko/20100101 Firefox/81.0"
66.249.70.135 - - [29/Jan/2022:08:22:45 +0100] "GET /sonderthemen/oekt_extra1.pdf HTTP/1.1" 304 - "-" "Mozilla/5.0 (Linux; Android 6.0.1; Nexus 5X Build/MMB29P) AppleWebKit/537.36 (KHTML, like Gecko) Chrome/97.0.4692.99 Mobile Safari/537.36 (compatible; Googlebot/2.1; +http://www.google.com/bot.html)"
85.25.177.187 - - [29/Jan/2022:08:23:24 +0100] "GET /sonderthemen/oekt_extra2.pdf HTTP/1.1" 200 1939949 "-" "Mozilla/5.0 (X11; Linux x86_64; rv:81.0) Gecko/20100101 Firefox/81.0"
85.25.177.187 - - [29/Jan/2022:08:24:29 +0100] "GET /sonderthemen/oekz2003.pdf HTTP/1.1" 200 4017017 "-" "Mozilla/5.0 (X11; Linux x86_64; rv:81.0) Gecko/20100101 Firefox/81.0"
85.25.177.187 - - [29/Jan/2022:08:28:08 +0100] "GET /sonderthemen/sk2004.pdf HTTP/1.1" 200 1967215 "-" "Mozilla/5.0 (X11; Linux x86_64; rv:81.0) Gecko/20100101 Firefox/81.0"
66.249.70.132 - - [29/Jan/2022:08:31:47 +0100] "GET /sonderthemen/sk2001.pdf HTTP/1.1" 304 - "-" "Mozilla/5.0 (Linux; Android 6.0.1; Nexus 5X Build/MMB29P) AppleWebKit/537.36 (KHTML, like Gecko) Chrome/97.0.4692.99 Mobile Safari/537.36 (compatible; Googlebot/2.1; +http://www.google.com/bot.html)"
66.249.70.129 - - [29/Jan/2022:08:31:48 +0100] "GET /cds/glockenspiel1.html HTTP/1.1" 304 - "-" "Mozilla/5.0 (Linux; Android 6.0.1; Nexus 5X Build/MMB29P) AppleWebKit/537.36 (KHTML, like Gecko) Chrome/97.0.4692.99 Mobile Safari/537.36 (compatible; Googlebot/2.1; +http://www.google.com/bot.html)"
85.25.177.187 - - [29/Jan/2022:08:32:44 +0100] "GET /sonderthemen/archiv.html HTTP/1.1" 200 6959 "-" "Mozilla/5.0 (X11; Linux x86_64; rv:81.0) Gecko/20100101 Firefox/81.0"
185.154.14.108 - - [29/Jan/2022:08:36:18 +0100] "HEAD / HTTP/1.1" 200 - "https://prostoy-pereezd.ru/" "Mozilla/2.0 (compatible; MSIE5.00; Windows 2002)"
185.154.14.142 - - [29/Jan/2022:08:36:18 +0100] "HEAD / HTTP/1.1" 200 - "https://egida-chel.ru/catalog/konsultatsii-po-sozdaniyu-biznesa/" "Mozilla/7.0 (compatible; MSIE2.00; Windows 2004)"
85.25.177.187 - - [29/Jan/2022:08:36:26 +0100] "GET /sonderthemen/az2003_s01.pdf HTTP/1.1" 200 120642 "-" "Mozilla/5.0 (X11; Linux x86_64; rv:81.0) Gecko/20100101 Firefox/81.0"
85.25.177.187 - - [29/Jan/2022:08:42:47 +0100] "GET /buecher/rezensionen.html HTTP/1.1" 200 6964 "-" "Mozilla/5.0 (X11; Linux x86_64; rv:81.0) Gecko/20100101 Firefox/81.0"
85.25.177.187 - - [29/Jan/2022:08:44:31 +0100] "GET /buecher/rezensionen_ignatius.html HTTP/1.1" 200 8182 "-" "Mozilla/5.0 (X11; Linux x86_64; rv:81.0) Gecko/20100101 Firefox/81.0"
85.25.177.187 - - [29/Jan/2022:08:47:39 +0100] "GET /cds/glockenspiel2.html HTTP/1.1" 200 9831 "-" "Mozilla/5.0 (X11; Linux x86_64; rv:81.0) Gecko/20100101 Firefox/81.0"
85.25.177.187 - - [29/Jan/2022:08:53:00 +0100] "GET /cds/glockenspiel1.html HTTP/1.1" 200 9736 "-" "Mozilla/5.0 (X11; Linux x86_64; rv:81.0) Gecko/20100101 Firefox/81.0"
85.25.177.187 - - [29/Jan/2022:08:56:02 +0100] "GET /cds/astazi.html HTTP/1.1" 200 8453 "-" "Mozilla/5.0 (X11; Linux x86_64; rv:81.0) Gecko/20100101 Firefox/81.0"
85.25.177.187 - - [29/Jan/2022:08:59:12 +0100] "GET /cds/lumina.html HTTP/1.1" 200 9000 "-" "Mozilla/5.0 (X11; Linux x86_64; rv:81.0) Gecko/20100101 Firefox/81.0"
85.25.177.187 - - [29/Jan/2022:09:01:45 +0100] "GET /sonderthemen/az2003.pdf HTTP/1.1" 200 4864675 "-" "Mozilla/5.0 (X11; Linux x86_64; rv:81.0) Gecko/20100101 Firefox/81.0"
85.25.177.187 - - [29/Jan/2022:09:09:39 +0100] "GET /sonderthemen/oeaz2002.pdf HTTP/1.1" 200 3161455 "-" "Mozilla/5.0 (X11; Linux x86_64; rv:81.0) Gecko/20100101 Firefox/81.0"
17.121.113.154 - - [29/Jan/2022:09:10:39 +0100] "GET /robots.txt HTTP/1.1" 200 100 "-" "Mozilla/5.0 (Macintosh; Intel Mac OS X 10_15_5) AppleWebKit/605.1.15 (KHTML, like Gecko) Version/13.1.1 Safari/605.1.15 (Applebot/0.1; +http://www.apple.com/go/applebot)"
17.121.113.154 - - [29/Jan/2022:09:10:39 +0100] "GET /buecher/le_saulchoir.jpg HTTP/1.1" 200 2734 "-" "Mozilla/5.0 (Macintosh; Intel Mac OS X 10_15_5) AppleWebKit/605.1.15 (KHTML, like Gecko) Version/13.1.1 Safari/605.1.15 (Applebot/0.1; +http://www.apple.com/go/applebot)"
85.25.177.187 - - [29/Jan/2022:09:12:00 +0100] "GET /sonderthemen/sk2001.pdf HTTP/1.1" 200 3098589 "-" "Mozilla/5.0 (X11; Linux x86_64; rv:81.0) Gecko/20100101 Firefox/81.0"
85.25.177.187 - - [29/Jan/2022:09:15:36 +0100] "GET /sonderthemen/sk2002.pdf HTTP/1.1" 200 2628923 "-" "Mozilla/5.0 (X11; Linux x86_64; rv:81.0) Gecko/20100101 Firefox/81.0"
85.25.177.187 - - [29/Jan/2022:09:16:30 +0100] "GET /sonderthemen/az2000.pdf HTTP/1.1" 200 2253581 "-" "Mozilla/5.0 (X11; Linux x86_64; rv:81.0) Gecko/20100101 Firefox/81.0"
85.25.177.187 - - [29/Jan/2022:09:18:01 +0100] "GET /sonderthemen/sk2000.pdf HTTP/1.1" 200 2925489 "-" "Mozilla/5.0 (X11; Linux x86_64; rv:81.0) Gecko/20100101 Firefox/81.0"
85.25.177.187 - - [29/Jan/2022:09:21:59 +0100] "GET /buecher/rezensionen_ungeteilt.html HTTP/1.1" 200 9764 "-" "Mozilla/5.0 (X11; Linux x86_64; rv:81.0) Gecko/20100101 Firefox/81.0"
66.249.70.132 - - [29/Jan/2022:09:22:45 +0100] "GET /sonderthemen/az2000.pdf HTTP/1.1" 304 - "-" "Mozilla/5.0 (Linux; Android 6.0.1; Nexus 5X Build/MMB29P) AppleWebKit/537.36 (KHTML, like Gecko) Chrome/97.0.4692.99 Mobile Safari/537.36 (compatible; Googlebot/2.1; +http://www.google.com/bot.html)"
85.25.177.187 - - [29/Jan/2022:09:25:46 +0100] "GET /sonderthemen/oeaz2001.pdf HTTP/1.1" 200 4496626 "-" "Mozilla/5.0 (X11; Linux x86_64; rv:81.0) Gecko/20100101 Firefox/81.0"
66.249.70.129 - - [29/Jan/2022:09:31:43 +0100] "GET /sonderthemen/sk2001.pdf HTTP/1.1" 200 3098589 "-" "Mozilla/5.0 (Linux; Android 6.0.1; Nexus 5X Build/MMB29P) AppleWebKit/537.36 (KHTML, like Gecko) Chrome/97.0.4692.99 Mobile Safari/537.36 (compatible; Googlebot/2.1; +http://www.google.com/bot.html)"
66.249.70.132 - - [29/Jan/2022:09:31:47 +0100] "GET /cds/glockenspiel1.html HTTP/1.1" 304 - "-" "Mozilla/5.0 (compatible; Googlebot/2.1; +http://www.google.com/bot.html)"
101.43.178.105 - - [29/Jan/2022:09:33:31 +0100] "GET / HTTP/1.1" 200 9360 "-" "unirest-java/3.1.00"
185.154.14.148 - - [29/Jan/2022:09:50:05 +0100] "HEAD / HTTP/1.1" 200 - "https://www.acrilove.com/" "Mozilla/5.0 (compatible; MSIE2.00; Windows 2008)"
194.173.174.10 - - [29/Jan/2022:09:58:35 +0100] "HEAD / HTTP/1.1" 200 - "-" "Mozilla/5.0 (Windows NT 6.3; WOW64) AppleWebKit/537.36 (KHTML, like Gecko) Chrome/43.0.2357.134 Safari/537.36"
194.173.174.10 - - [29/Jan/2022:09:58:35 +0100] "HEAD / HTTP/1.1" 200 - "-" "Mozilla/5.0 (Windows NT 6.3; WOW64) AppleWebKit/537.36 (KHTML, like Gecko) Chrome/43.0.2357.134 Safari/537.36"
194.173.174.10 - - [29/Jan/2022:09:58:35 +0100] "HEAD / HTTP/1.1" 200 - "-" "Mozilla/5.0 (Windows NT 6.3; WOW64) AppleWebKit/537.36 (KHTML, like Gecko) Chrome/43.0.2357.134 Safari/537.36"
51.222.253.6 - - [29/Jan/2022:10:07:38 +0100] "GET /robots.txt HTTP/1.1" 200 100 "-" "Mozilla/5.0 (compatible; AhrefsBot/7.0; +http://ahrefs.com/robot/)"
54.36.149.44 - - [29/Jan/2022:10:07:39 +0100] "GET / HTTP/1.1" 200 9360 "-" "Mozilla/5.0 (compatible; AhrefsBot/7.0; +http://ahrefs.com/robot/)"
66.249.70.129 - - [29/Jan/2022:10:17:55 +0100] "GET / HTTP/1.1" 200 9360 "http://christeninberlin.de/" "Mozilla/5.0 (Linux; Android 6.0.1; Nexus 5X Build/MMB29P) AppleWebKit/537.36 (KHTML, like Gecko) Chrome/97.0.4692.71 Mobile Safari/537.36 (compatible; Googlebot/2.1; +http://www.google.com/bot.html)"
66.249.70.129 - - [29/Jan/2022:10:17:57 +0100] "GET /main.css HTTP/1.1" 200 1439 "http://www.morusverlag.de/" "Mozilla/5.0 (Linux; Android 6.0.1; Nexus 5X Build/MMB29P) AppleWebKit/537.36 (KHTML, like Gecko) Chrome/97.0.4692.71 Mobile Safari/537.36 (compatible; Googlebot/2.1; +http://www.google.com/bot.html)"
85.25.177.187 - - [29/Jan/2022:10:24:52 +0100] "GET /sonderthemen/oekt_extra1.pdf HTTP/1.1" 200 1849015 "-" "Mozilla/5.0 (X11; Linux x86_64; rv:81.0) Gecko/20100101 Firefox/81.0"
65.21.206.42 - - [29/Jan/2022:10:31:03 +0100] "GET / HTTP/1.1" 200 9360 "-" "Mozilla/5.0 (Windows NT 10.0; Win64; x64) AppleWebKit/537.36 (KHTML, like Gecko) Chrome/91.0.4472.114 Safari/537.36 Edg/91.0.864.54"
185.191.171.26 - - [29/Jan/2022:11:24:33 +0100] "GET /robots.txt HTTP/1.1" 200 100 "-" "Mozilla/5.0 (compatible; SemrushBot/7~bl; +http://www.semrush.com/bot.html)"
185.191.171.13 - - [29/Jan/2022:11:24:34 +0100] "GET /cds/rosarium.html HTTP/1.1" 200 6680 "-" "Mozilla/5.0 (compatible; SemrushBot/7~bl; +http://www.semrush.com/bot.html)"
85.25.177.187 - - [29/Jan/2022:11:31:11 +0100] "GET /sonderthemen/oeaz2001.pdf HTTP/1.1" 200 4496626 "-" "Mozilla/5.0 (X11; Linux x86_64; rv:81.0) Gecko/20100101 Firefox/81.0"
185.253.7.227 - - [29/Jan/2022:11:40:41 +0100] "HEAD / HTTP/1.1" 200 - "https://omega-art.com.ua/category/plastikovaya-tara/" "Mozilla/3.0 (compatible; MSIE3.00; Windows 2007)"
185.154.14.248 - - [29/Jan/2022:11:40:42 +0100] "HEAD / HTTP/1.1" 200 - "https://privatnamarka.com/category/butylochnaja-probka/" "Mozilla/3.0 (compatible; MSIE5.00; Windows 2004)"
185.253.7.224 - - [29/Jan/2022:12:21:01 +0100] "HEAD / HTTP/1.1" 200 - "https://vsemfutbolki.ru" "Mozilla/8.0 (compatible; MSIE5.00; Windows 2006)"
157.55.39.194 - - [29/Jan/2022:12:51:43 +0100] "GET /robots.txt HTTP/1.1" 200 100 "-" "Mozilla/5.0 (compatible; bingbot/2.0; +http://www.bing.com/bingbot.htm)"
157.55.39.217 - - [29/Jan/2022:12:51:53 +0100] "GET / HTTP/1.1" 200 9360 "-" "Mozilla/5.0 (compatible; bingbot/2.0; +http://www.bing.com/bingbot.htm)"
174.128.251.154 - - [29/Jan/2022:13:12:21 +0100] "GET / HTTP/1.0" 200 9360 "https://potolki.kr.ua/%d1%84%d0%be%d1%82%d0%be%d0%bf%d0%b5%d1%87%d0%b0%d1%82%d1%8c-%d0%bd%d0%b0-%d0%bf%d0%be%d1%82%d0%be%d0%bb%d0%ba%d0%b5/" "Mozilla/5.0 (Windows NT 6.3; Win64; x64) AppleWebKit/537.36 (KHTML, like Gecko) Chrome/90.0.4430.72 Safari/537.36 Edg/90.0.818.42"
161.156.29.33 - - [29/Jan/2022:13:27:33 +0100] "GET /robots.txt HTTP/1.1" 200 100 "-" "Mozilla/5.0 (compatible; oBot/2.3.1; http://www.xforce-security.com/crawler/)"
161.156.29.33 - - [29/Jan/2022:13:27:33 +0100] "GET / HTTP/1.1" 200 9360 "-" "Mozilla/5.0 (compatible; oBot/2.3.1; http://www.xforce-security.com/crawler/)"
66.249.70.129 - - [29/Jan/2022:13:45:19 +0100] "GET /sonderthemen/oeaz2001.pdf HTTP/1.1" 200 4496626 "-" "Mozilla/5.0 (compatible; Googlebot/2.1; +http://www.google.com/bot.html)"
46.4.83.150 - - [29/Jan/2022:13:53:12 +0100] "GET /buecher/index.html HTTP/1.1" 200 25885 "-" "Mozilla/5.0 (Macintosh; Intel Mac OS X 10.15; rv:82.0) Gecko/20100101 Firefox/82.0"
144.76.168.111 - - [29/Jan/2022:13:53:27 +0100] "GET /buecher/ HTTP/1.1" 200 25885 "-" "Mozilla/5.0 (Macintosh; Intel Mac OS X 10_13_6) AppleWebKit/605.1.15 (KHTML, like Gecko) Version/13.1.2 Safari/605.1.15"
46.4.83.150 - - [29/Jan/2022:13:53:27 +0100] "GET /buecher/ HTTP/1.1" 200 25885 "-" "Mozilla/5.0 (Macintosh; Intel Mac OS X 10.15; rv:84.0) Gecko/20100101 Firefox/84.0"
54.36.149.99 - - [29/Jan/2022:14:08:03 +0100] "GET /buecher/veroeffentlichungsliste.html HTTP/1.1" 200 129779 "-" "Mozilla/5.0 (compatible; AhrefsBot/7.0; +http://ahrefs.com/robot/)"
78.46.94.83 - - [29/Jan/2022:15:07:20 +0100] "GET /sonderthemen/oeaz2002.pdf HTTP/1.1" 200 3161455 "-" "Mozilla/5.0 (Windows NT 10.0; Win64; x64; rv:78.0) Gecko/20100101 Firefox/78.0"
54.36.148.75 - - [29/Jan/2022:16:29:28 +0100] "GET /cds/index.html HTTP/1.1" 200 7987 "-" "Mozilla/5.0 (compatible; AhrefsBot/7.0; +http://ahrefs.com/robot/)"
138.201.11.237 - - [29/Jan/2022:16:59:05 +0100] "GET /buecher/ HTTP/1.1" 200 25885 "-" "Mozilla/5.0 (Windows NT 10.0; Win64; x64) AppleWebKit/537.36 (KHTML, like Gecko) Chrome/87.0.4280.67 Safari/537.36"
54.36.148.153 - - [29/Jan/2022:17:20:10 +0100] "GET /sonderthemen/index.html HTTP/1.1" 200 7102 "-" "Mozilla/5.0 (compatible; AhrefsBot/7.0; +http://ahrefs.com/robot/)"
216.244.66.237 - - [29/Jan/2022:17:22:04 +0100] "GET /robots.txt HTTP/1.1" 200 100 "-" "Mozilla/5.0 (compatible; DotBot/1.2; +https://opensiteexplorer.org/dotbot; help@moz.com)"
216.244.66.237 - - [29/Jan/2022:17:25:05 +0100] "GET /gotteslob/index.html HTTP/1.1" 200 2770 "-" "Mozilla/5.0 (compatible; DotBot/1.2; +https://opensiteexplorer.org/dotbot; help@moz.com)"
17.121.112.146 - - [29/Jan/2022:18:02:57 +0100] "GET / HTTP/1.1" 200 9360 "-" "Mozilla/5.0 (Macintosh; Intel Mac OS X 10_15_5) AppleWebKit/605.1.15 (KHTML, like Gecko) Version/13.1.1 Safari/605.1.15 (Applebot/0.1; +http://www.apple.com/go/applebot)"
194.67.207.9 - - [29/Jan/2022:18:08:59 +0100] "HEAD / HTTP/1.1" 200 - "https://ooogms.ru/" "Mozilla/5.0 (compatible; MSIE2.00; Windows 2007)"
20.191.45.212 - - [29/Jan/2022:19:13:32 +0100] "GET / HTTP/1.1" 200 9360 "http://www.morusverlag.de/" "Mozilla/5.0 (compatible; DuckDuckGo-Favicons-Bot/1.0; +http://duckduckgo.com)"
20.191.45.212 - - [29/Jan/2022:19:13:32 +0100] "GET /favicon.ico HTTP/1.1" 200 4286 "http://www.morusverlag.de/favicon.ico" "Mozilla/5.0 (compatible; DuckDuckGo-Favicons-Bot/1.0; +http://duckduckgo.com)"
157.55.39.194 - - [29/Jan/2022:20:25:36 +0100] "GET /robots.txt HTTP/1.1" 200 100 "-" "Mozilla/5.0 (compatible; bingbot/2.0; +http://www.bing.com/bingbot.htm)"
207.46.13.36 - - [29/Jan/2022:20:25:43 +0100] "GET /buecher/le_saulchoir.jpg HTTP/1.1" 200 2734 "-" "Mozilla/5.0 (compatible; bingbot/2.0; +http://www.bing.com/bingbot.htm)"
66.249.70.135 - - [29/Jan/2022:22:43:59 +0100] "GET /sonderthemen/index.html HTTP/1.1" 304 - "-" "Mozilla/5.0 (Linux; Android 6.0.1; Nexus 5X Build/MMB29P) AppleWebKit/537.36 (KHTML, like Gecko) Chrome/97.0.4692.99 Mobile Safari/537.36 (compatible; Googlebot/2.1; +http://www.google.com/bot.html)"
66.249.70.129 - - [29/Jan/2022:22:58:59 +0100] "GET /sonderthemen/archiv.html HTTP/1.1" 304 - "-" "Mozilla/5.0 (Linux; Android 6.0.1; Nexus 5X Build/MMB29P) AppleWebKit/537.36 (KHTML, like Gecko) Chrome/97.0.4692.99 Mobile Safari/537.36 (compatible; Googlebot/2.1; +http://www.google.com/bot.html)"
54.36.149.91 - - [29/Jan/2022:23:31:12 +0100] "GET / HTTP/1.1" 200 9360 "-" "Mozilla/5.0 (compatible; AhrefsBot/7.0; +http://ahrefs.com/robot/)"
85.25.177.187 - - [29/Jan/2022:23:53:20 +0100] "GET /buecher/ HTTP/1.1" 200 25885 "-" "Mozilla/5.0 (X11; Linux x86_64; rv:81.0) Gecko/20100101 Firefox/81.0"
85.25.177.187 - - [29/Jan/2022:23:54:21 +0100] "GET /buecher/rezension_gesichter_u_geschichten.pdf HTTP/1.1" 200 223287 "-" "Mozilla/5.0 (X11; Linux x86_64; rv:81.0) Gecko/20100101 Firefox/81.0"
176.100.183.33 - - [30/Jan/2022:00:15:02 +0100] "GET / HTTP/1.0" 200 9360 "https://ortopedicheskij-matras-krivoj-rog.kr.ua/ceny/" "Mozilla/5.0 (Windows NT 6.1; Win64; x64) AppleWebKit/537.36 (KHTML, like Gecko) Chrome/90.0.4430.93 Safari/537.36"
185.191.171.22 - - [30/Jan/2022:00:17:26 +0100] "GET /robots.txt HTTP/1.1" 200 100 "-" "Mozilla/5.0 (compatible; SemrushBot/7~bl; +http://www.semrush.com/bot.html)"
185.191.171.8 - - [30/Jan/2022:00:17:26 +0100] "GET /leserreisen/index.html HTTP/1.1" 404 2381 "-" "Mozilla/5.0 (compatible; SemrushBot/7~bl; +http://www.semrush.com/bot.html)"
17.121.113.166 - - [30/Jan/2022:00:22:35 +0100] "GET /kontakt/index.html HTTP/1.1" 200 2896 "-" "Mozilla/5.0 (Macintosh; Intel Mac OS X 10_15_5) AppleWebKit/605.1.15 (KHTML, like Gecko) Version/13.1.1 Safari/605.1.15 (Applebot/0.1; +http://www.apple.com/go/applebot)"
168.119.69.91 - - [30/Jan/2022:00:49:40 +0100] "GET /sonderthemen/oekt_extra1.pdf HTTP/1.1" 200 1849015 "-" "Mozilla/5.0 (Windows NT 10.0; Win64; x64) AppleWebKit/537.36 (KHTML, like Gecko) Chrome/87.0.4280.67 Safari/537.36 Edg/87.0.664.47"
168.119.11.187 - - [30/Jan/2022:00:49:40 +0100] "GET /sonderthemen/az2003.pdf HTTP/1.1" 200 4864675 "-" "Mozilla/5.0 (Windows NT 10.0; Win64; x64) AppleWebKit/537.36 (KHTML, like Gecko) Chrome/87.0.4280.66 Safari/537.36 Edg/87.0.664.41"
66.249.70.132 - - [30/Jan/2022:01:07:59 +0100] "GET /buecher/ HTTP/1.1" 304 - "-" "Mozilla/5.0 (Linux; Android 6.0.1; Nexus 5X Build/MMB29P) AppleWebKit/537.36 (KHTML, like Gecko) Chrome/97.0.4692.99 Mobile Safari/537.36 (compatible; Googlebot/2.1; +http://www.google.com/bot.html)"
130.44.165.156 - - [30/Jan/2022:01:13:18 +0100] "GET /buecher/rezensionen_ignatius.html HTTP/1.1" 200 8182 "https://www.google.com/" "Mozilla/5.0 (Windows NT 10.0; Win64; x64) AppleWebKit/537.36 (KHTML, like Gecko) Chrome/97.0.4692.71 Safari/537.36"
130.44.165.156 - - [30/Jan/2022:01:13:18 +0100] "GET /main.css HTTP/1.1" 200 1439 "http://www.morusverlag.de/buecher/rezensionen_ignatius.html" "Mozilla/5.0 (Windows NT 10.0; Win64; x64) AppleWebKit/537.36 (KHTML, like Gecko) Chrome/97.0.4692.71 Safari/537.36"
