66.249.64.73 - - [17/Jan/2022:13:07:44 +0100] "GET / HTTP/1.1" 200 9360 "-" "Mozilla/5.0 (Linux; Android 6.0.1; Nexus 5X Build/MMB29P) AppleWebKit/537.36 (KHTML, like Gecko) Chrome/97.0.4692.71 Mobile Safari/537.36 (compatible; Googlebot/2.1; +http://www.google.com/bot.html)"
66.249.64.73 - - [17/Jan/2022:13:30:18 +0100] "GET /sonderthemen/sk2000.pdf HTTP/1.1" 200 2925489 "-" "Mozilla/5.0 (compatible; Googlebot/2.1; +http://www.google.com/bot.html)"
131.246.99.237 - - [17/Jan/2022:13:33:01 +0100] "GET / HTTP/1.1" 200 9360 "https://www.google.de/" "Mozilla/5.0 (Windows NT 10.0; Win64; x64; rv:96.0) Gecko/20100101 Firefox/96.0"
131.246.99.237 - - [17/Jan/2022:13:33:01 +0100] "GET /main.css HTTP/1.1" 200 1439 "http://www.morusverlag.de/" "Mozilla/5.0 (Windows NT 10.0; Win64; x64; rv:96.0) Gecko/20100101 Firefox/96.0"
131.246.99.237 - - [17/Jan/2022:13:33:02 +0100] "GET /logo_g.gif HTTP/1.1" 200 1301 "http://www.morusverlag.de/" "Mozilla/5.0 (Windows NT 10.0; Win64; x64; rv:96.0) Gecko/20100101 Firefox/96.0"
131.246.99.237 - - [17/Jan/2022:13:33:02 +0100] "GET /pf.gif HTTP/1.1" 200 62 "http://www.morusverlag.de/" "Mozilla/5.0 (Windows NT 10.0; Win64; x64; rv:96.0) Gecko/20100101 Firefox/96.0"
131.246.99.237 - - [17/Jan/2022:13:33:02 +0100] "GET /mv_g.gif HTTP/1.1" 200 4070 "http://www.morusverlag.de/" "Mozilla/5.0 (Windows NT 10.0; Win64; x64; rv:96.0) Gecko/20100101 Firefox/96.0"
131.246.99.237 - - [17/Jan/2022:13:33:02 +0100] "GET /mv_gr_w.gif HTTP/1.1" 200 2005 "http://www.morusverlag.de/" "Mozilla/5.0 (Windows NT 10.0; Win64; x64; rv:96.0) Gecko/20100101 Firefox/96.0"
131.246.99.237 - - [17/Jan/2022:13:33:02 +0100] "GET /jahrbuch_k.jpg HTTP/1.1" 200 3719 "http://www.morusverlag.de/" "Mozilla/5.0 (Windows NT 10.0; Win64; x64; rv:96.0) Gecko/20100101 Firefox/96.0"
131.246.99.237 - - [17/Jan/2022:13:33:02 +0100] "GET /buecher/gesichter.jpg HTTP/1.1" 200 7271 "http://www.morusverlag.de/" "Mozilla/5.0 (Windows NT 10.0; Win64; x64; rv:96.0) Gecko/20100101 Firefox/96.0"
131.246.99.237 - - [17/Jan/2022:13:33:02 +0100] "GET /cds/hymnos_k.jpg HTTP/1.1" 200 4986 "http://www.morusverlag.de/" "Mozilla/5.0 (Windows NT 10.0; Win64; x64; rv:96.0) Gecko/20100101 Firefox/96.0"
131.246.99.237 - - [17/Jan/2022:13:33:02 +0100] "GET /cds/rosarium_k.jpg HTTP/1.1" 200 3972 "http://www.morusverlag.de/" "Mozilla/5.0 (Windows NT 10.0; Win64; x64; rv:96.0) Gecko/20100101 Firefox/96.0"
131.246.99.237 - - [17/Jan/2022:13:33:02 +0100] "GET /cds/astazi_k.jpg HTTP/1.1" 200 6049 "http://www.morusverlag.de/" "Mozilla/5.0 (Windows NT 10.0; Win64; x64; rv:96.0) Gecko/20100101 Firefox/96.0"
131.246.99.237 - - [17/Jan/2022:13:33:02 +0100] "GET /strich.gif HTTP/1.1" 200 45 "http://www.morusverlag.de/" "Mozilla/5.0 (Windows NT 10.0; Win64; x64; rv:96.0) Gecko/20100101 Firefox/96.0"
131.246.99.237 - - [17/Jan/2022:13:33:02 +0100] "GET /gotteslob.jpg HTTP/1.1" 200 9390 "http://www.morusverlag.de/" "Mozilla/5.0 (Windows NT 10.0; Win64; x64; rv:96.0) Gecko/20100101 Firefox/96.0"
131.246.99.237 - - [17/Jan/2022:13:33:03 +0100] "GET /cds/ignatius_k.jpg HTTP/1.1" 200 3965 "http://www.morusverlag.de/" "Mozilla/5.0 (Windows NT 10.0; Win64; x64; rv:96.0) Gecko/20100101 Firefox/96.0"
131.246.99.237 - - [17/Jan/2022:13:33:03 +0100] "GET /buecher/engel.jpg HTTP/1.1" 200 5414 "http://www.morusverlag.de/" "Mozilla/5.0 (Windows NT 10.0; Win64; x64; rv:96.0) Gecko/20100101 Firefox/96.0"
131.246.99.237 - - [17/Jan/2022:13:33:03 +0100] "GET /buch_k.jpg HTTP/1.1" 200 4591 "http://www.morusverlag.de/" "Mozilla/5.0 (Windows NT 10.0; Win64; x64; rv:96.0) Gecko/20100101 Firefox/96.0"
131.246.99.237 - - [17/Jan/2022:13:33:03 +0100] "GET /buecher/chateaubriand.jpg HTTP/1.1" 200 2272 "http://www.morusverlag.de/" "Mozilla/5.0 (Windows NT 10.0; Win64; x64; rv:96.0) Gecko/20100101 Firefox/96.0"
131.246.99.237 - - [17/Jan/2022:13:33:03 +0100] "GET /favicon.ico HTTP/1.1" 200 4286 "http://www.morusverlag.de/" "Mozilla/5.0 (Windows NT 10.0; Win64; x64; rv:96.0) Gecko/20100101 Firefox/96.0"
131.246.99.237 - - [17/Jan/2022:13:33:09 +0100] "GET /cds/rosarium.html HTTP/1.1" 200 6680 "http://www.morusverlag.de/" "Mozilla/5.0 (Windows NT 10.0; Win64; x64; rv:96.0) Gecko/20100101 Firefox/96.0"
131.246.99.237 - - [17/Jan/2022:13:33:09 +0100] "GET /m.gif HTTP/1.1" 200 95 "http://www.morusverlag.de/cds/rosarium.html" "Mozilla/5.0 (Windows NT 10.0; Win64; x64; rv:96.0) Gecko/20100101 Firefox/96.0"
131.246.99.237 - - [17/Jan/2022:13:33:09 +0100] "GET /cds/rosarium.jpg HTTP/1.1" 200 21032 "http://www.morusverlag.de/cds/rosarium.html" "Mozilla/5.0 (Windows NT 10.0; Win64; x64; rv:96.0) Gecko/20100101 Firefox/96.0"
131.246.99.237 - - [17/Jan/2022:13:33:40 +0100] "GET /buecher/index.html HTTP/1.1" 200 25885 "http://www.morusverlag.de/" "Mozilla/5.0 (Windows NT 10.0; Win64; x64; rv:96.0) Gecko/20100101 Firefox/96.0"
131.246.99.237 - - [17/Jan/2022:13:33:41 +0100] "GET /contentflow/contentflow.js HTTP/1.1" 200 42064 "http://www.morusverlag.de/buecher/index.html" "Mozilla/5.0 (Windows NT 10.0; Win64; x64; rv:96.0) Gecko/20100101 Firefox/96.0"
131.246.99.237 - - [17/Jan/2022:13:33:41 +0100] "GET /buecher/gesichter/03.jpg HTTP/1.1" 200 10026 "http://www.morusverlag.de/buecher/index.html" "Mozilla/5.0 (Windows NT 10.0; Win64; x64; rv:96.0) Gecko/20100101 Firefox/96.0"
131.246.99.237 - - [17/Jan/2022:13:33:41 +0100] "GET /buecher/gesichter/01.jpg HTTP/1.1" 200 7981 "http://www.morusverlag.de/buecher/index.html" "Mozilla/5.0 (Windows NT 10.0; Win64; x64; rv:96.0) Gecko/20100101 Firefox/96.0"
131.246.99.237 - - [17/Jan/2022:13:33:41 +0100] "GET /buecher/gesichter/05.jpg HTTP/1.1" 200 8981 "http://www.morusverlag.de/buecher/index.html" "Mozilla/5.0 (Windows NT 10.0; Win64; x64; rv:96.0) Gecko/20100101 Firefox/96.0"
131.246.99.237 - - [17/Jan/2022:13:33:41 +0100] "GET /buecher/gesichter/04.jpg HTTP/1.1" 200 7078 "http://www.morusverlag.de/buecher/index.html" "Mozilla/5.0 (Windows NT 10.0; Win64; x64; rv:96.0) Gecko/20100101 Firefox/96.0"
131.246.99.237 - - [17/Jan/2022:13:33:41 +0100] "GET /buecher/gesichter/06.jpg HTTP/1.1" 200 8732 "http://www.morusverlag.de/buecher/index.html" "Mozilla/5.0 (Windows NT 10.0; Win64; x64; rv:96.0) Gecko/20100101 Firefox/96.0"
131.246.99.237 - - [17/Jan/2022:13:33:41 +0100] "GET /buecher/gesichter/02.jpg HTTP/1.1" 200 9266 "http://www.morusverlag.de/buecher/index.html" "Mozilla/5.0 (Windows NT 10.0; Win64; x64; rv:96.0) Gecko/20100101 Firefox/96.0"
131.246.99.237 - - [17/Jan/2022:13:33:41 +0100] "GET /contentflow/contentflow.css HTTP/1.1" 200 3109 "http://www.morusverlag.de/buecher/index.html" "Mozilla/5.0 (Windows NT 10.0; Win64; x64; rv:96.0) Gecko/20100101 Firefox/96.0"
131.246.99.237 - - [17/Jan/2022:13:33:41 +0100] "GET /contentflow/mycontentflow.css HTTP/1.1" 404 2381 "http://www.morusverlag.de/buecher/index.html" "Mozilla/5.0 (Windows NT 10.0; Win64; x64; rv:96.0) Gecko/20100101 Firefox/96.0"
131.246.99.237 - - [17/Jan/2022:13:33:41 +0100] "GET /contentflow/ContentFlowAddOn_white.js HTTP/1.1" 200 471 "http://www.morusverlag.de/buecher/index.html" "Mozilla/5.0 (Windows NT 10.0; Win64; x64; rv:96.0) Gecko/20100101 Firefox/96.0"
131.246.99.237 - - [17/Jan/2022:13:33:42 +0100] "GET /buecher/gesichter/24.jpg HTTP/1.1" 200 8021 "http://www.morusverlag.de/buecher/index.html" "Mozilla/5.0 (Windows NT 10.0; Win64; x64; rv:96.0) Gecko/20100101 Firefox/96.0"
131.246.99.237 - - [17/Jan/2022:13:33:42 +0100] "GET /buecher/gesichter/23.jpg HTTP/1.1" 200 8706 "http://www.morusverlag.de/buecher/index.html" "Mozilla/5.0 (Windows NT 10.0; Win64; x64; rv:96.0) Gecko/20100101 Firefox/96.0"
131.246.99.237 - - [17/Jan/2022:13:33:42 +0100] "GET /buecher/gesichter/21.jpg HTTP/1.1" 200 7433 "http://www.morusverlag.de/buecher/index.html" "Mozilla/5.0 (Windows NT 10.0; Win64; x64; rv:96.0) Gecko/20100101 Firefox/96.0"
131.246.99.237 - - [17/Jan/2022:13:33:42 +0100] "GET /buecher/gesichter/25.jpg HTTP/1.1" 200 7280 "http://www.morusverlag.de/buecher/index.html" "Mozilla/5.0 (Windows NT 10.0; Win64; x64; rv:96.0) Gecko/20100101 Firefox/96.0"
131.246.99.237 - - [17/Jan/2022:13:33:42 +0100] "GET /buecher/gesichter/22.jpg HTTP/1.1" 200 8837 "http://www.morusverlag.de/buecher/index.html" "Mozilla/5.0 (Windows NT 10.0; Win64; x64; rv:96.0) Gecko/20100101 Firefox/96.0"
131.246.99.237 - - [17/Jan/2022:13:33:42 +0100] "GET /buecher/gesichter/07.jpg HTTP/1.1" 200 7301 "http://www.morusverlag.de/buecher/index.html" "Mozilla/5.0 (Windows NT 10.0; Win64; x64; rv:96.0) Gecko/20100101 Firefox/96.0"
131.246.99.237 - - [17/Jan/2022:13:33:42 +0100] "GET /buecher/staatsaufgaben.jpg HTTP/1.1" 200 2204 "http://www.morusverlag.de/buecher/index.html" "Mozilla/5.0 (Windows NT 10.0; Win64; x64; rv:96.0) Gecko/20100101 Firefox/96.0"
131.246.99.237 - - [17/Jan/2022:13:33:42 +0100] "GET /buecher/mein_atem.jpg HTTP/1.1" 200 4118 "http://www.morusverlag.de/buecher/index.html" "Mozilla/5.0 (Windows NT 10.0; Win64; x64; rv:96.0) Gecko/20100101 Firefox/96.0"
131.246.99.237 - - [17/Jan/2022:13:33:42 +0100] "GET /buecher/liebe_und_treue.jpg HTTP/1.1" 200 3067 "http://www.morusverlag.de/buecher/index.html" "Mozilla/5.0 (Windows NT 10.0; Win64; x64; rv:96.0) Gecko/20100101 Firefox/96.0"
131.246.99.237 - - [17/Jan/2022:13:33:42 +0100] "GET /contentflow/img/loader.gif HTTP/1.1" 200 8238 "http://www.morusverlag.de/contentflow/contentflow.css" "Mozilla/5.0 (Windows NT 10.0; Win64; x64; rv:96.0) Gecko/20100101 Firefox/96.0"
131.246.99.237 - - [17/Jan/2022:13:33:42 +0100] "GET /buecher/le_saulchoir.jpg HTTP/1.1" 200 2734 "http://www.morusverlag.de/buecher/index.html" "Mozilla/5.0 (Windows NT 10.0; Win64; x64; rv:96.0) Gecko/20100101 Firefox/96.0"
131.246.99.237 - - [17/Jan/2022:13:33:42 +0100] "GET /buecher/krise_zum_heil.jpg HTTP/1.1" 200 1930 "http://www.morusverlag.de/buecher/index.html" "Mozilla/5.0 (Windows NT 10.0; Win64; x64; rv:96.0) Gecko/20100101 Firefox/96.0"
131.246.99.237 - - [17/Jan/2022:13:33:42 +0100] "GET /buecher/gesichter/08.jpg HTTP/1.1" 200 10437 "http://www.morusverlag.de/buecher/index.html" "Mozilla/5.0 (Windows NT 10.0; Win64; x64; rv:96.0) Gecko/20100101 Firefox/96.0"
131.246.99.237 - - [17/Jan/2022:13:33:42 +0100] "GET /buecher/nichtaufsand.jpg HTTP/1.1" 200 3733 "http://www.morusverlag.de/buecher/index.html" "Mozilla/5.0 (Windows NT 10.0; Win64; x64; rv:96.0) Gecko/20100101 Firefox/96.0"
131.246.99.237 - - [17/Jan/2022:13:33:42 +0100] "GET /buecher/islam.jpg HTTP/1.1" 200 4080 "http://www.morusverlag.de/buecher/index.html" "Mozilla/5.0 (Windows NT 10.0; Win64; x64; rv:96.0) Gecko/20100101 Firefox/96.0"
131.246.99.237 - - [17/Jan/2022:13:33:42 +0100] "GET /buecher/gesichter/09.jpg HTTP/1.1" 200 9739 "http://www.morusverlag.de/buecher/index.html" "Mozilla/5.0 (Windows NT 10.0; Win64; x64; rv:96.0) Gecko/20100101 Firefox/96.0"
131.246.99.237 - - [17/Jan/2022:13:33:42 +0100] "GET /buecher/gesichter/10.jpg HTTP/1.1" 200 7686 "http://www.morusverlag.de/buecher/index.html" "Mozilla/5.0 (Windows NT 10.0; Win64; x64; rv:96.0) Gecko/20100101 Firefox/96.0"
131.246.99.237 - - [17/Jan/2022:13:33:42 +0100] "GET /buecher/gesichter/11.jpg HTTP/1.1" 200 6175 "http://www.morusverlag.de/buecher/index.html" "Mozilla/5.0 (Windows NT 10.0; Win64; x64; rv:96.0) Gecko/20100101 Firefox/96.0"
131.246.99.237 - - [17/Jan/2022:13:33:43 +0100] "GET /buecher/gesichter/16.jpg HTTP/1.1" 200 8367 "http://www.morusverlag.de/buecher/index.html" "Mozilla/5.0 (Windows NT 10.0; Win64; x64; rv:96.0) Gecko/20100101 Firefox/96.0"
131.246.99.237 - - [17/Jan/2022:13:33:43 +0100] "GET /buecher/gesichter/12.jpg HTTP/1.1" 200 6460 "http://www.morusverlag.de/buecher/index.html" "Mozilla/5.0 (Windows NT 10.0; Win64; x64; rv:96.0) Gecko/20100101 Firefox/96.0"
131.246.99.237 - - [17/Jan/2022:13:33:43 +0100] "GET /buecher/gesichter/14.jpg HTTP/1.1" 200 7847 "http://www.morusverlag.de/buecher/index.html" "Mozilla/5.0 (Windows NT 10.0; Win64; x64; rv:96.0) Gecko/20100101 Firefox/96.0"
131.246.99.237 - - [17/Jan/2022:13:33:43 +0100] "GET /buecher/gesichter/13.jpg HTTP/1.1" 200 8373 "http://www.morusverlag.de/buecher/index.html" "Mozilla/5.0 (Windows NT 10.0; Win64; x64; rv:96.0) Gecko/20100101 Firefox/96.0"
131.246.99.237 - - [17/Jan/2022:13:33:43 +0100] "GET /buecher/gesichter/15.jpg HTTP/1.1" 200 7253 "http://www.morusverlag.de/buecher/index.html" "Mozilla/5.0 (Windows NT 10.0; Win64; x64; rv:96.0) Gecko/20100101 Firefox/96.0"
131.246.99.237 - - [17/Jan/2022:13:33:43 +0100] "GET /buecher/gesichter/17.jpg HTTP/1.1" 200 7587 "http://www.morusverlag.de/buecher/index.html" "Mozilla/5.0 (Windows NT 10.0; Win64; x64; rv:96.0) Gecko/20100101 Firefox/96.0"
131.246.99.237 - - [17/Jan/2022:13:33:43 +0100] "GET /buecher/gesichter/26.jpg HTTP/1.1" 200 8027 "http://www.morusverlag.de/buecher/index.html" "Mozilla/5.0 (Windows NT 10.0; Win64; x64; rv:96.0) Gecko/20100101 Firefox/96.0"
131.246.99.237 - - [17/Jan/2022:13:33:43 +0100] "GET /buecher/gesichter/18.jpg HTTP/1.1" 200 8757 "http://www.morusverlag.de/buecher/index.html" "Mozilla/5.0 (Windows NT 10.0; Win64; x64; rv:96.0) Gecko/20100101 Firefox/96.0"
131.246.99.237 - - [17/Jan/2022:13:33:43 +0100] "GET /buecher/gesichter/19.jpg HTTP/1.1" 200 8281 "http://www.morusverlag.de/buecher/index.html" "Mozilla/5.0 (Windows NT 10.0; Win64; x64; rv:96.0) Gecko/20100101 Firefox/96.0"
131.246.99.237 - - [17/Jan/2022:13:33:43 +0100] "GET /buecher/gesichter/20.jpg HTTP/1.1" 200 8785 "http://www.morusverlag.de/buecher/index.html" "Mozilla/5.0 (Windows NT 10.0; Win64; x64; rv:96.0) Gecko/20100101 Firefox/96.0"
131.246.99.237 - - [17/Jan/2022:13:33:43 +0100] "GET /buecher/gesichter/28.jpg HTTP/1.1" 200 7684 "http://www.morusverlag.de/buecher/index.html" "Mozilla/5.0 (Windows NT 10.0; Win64; x64; rv:96.0) Gecko/20100101 Firefox/96.0"
131.246.99.237 - - [17/Jan/2022:13:33:43 +0100] "GET /buecher/gesichter/27.jpg HTTP/1.1" 200 8110 "http://www.morusverlag.de/buecher/index.html" "Mozilla/5.0 (Windows NT 10.0; Win64; x64; rv:96.0) Gecko/20100101 Firefox/96.0"
131.246.99.237 - - [17/Jan/2022:13:33:43 +0100] "GET /buecher/gesichter/29.jpg HTTP/1.1" 200 9282 "http://www.morusverlag.de/buecher/index.html" "Mozilla/5.0 (Windows NT 10.0; Win64; x64; rv:96.0) Gecko/20100101 Firefox/96.0"
131.246.99.237 - - [17/Jan/2022:13:33:43 +0100] "GET /buecher/gesichter/31.jpg HTTP/1.1" 200 8424 "http://www.morusverlag.de/buecher/index.html" "Mozilla/5.0 (Windows NT 10.0; Win64; x64; rv:96.0) Gecko/20100101 Firefox/96.0"
131.246.99.237 - - [17/Jan/2022:13:33:43 +0100] "GET /buecher/gesichter/32.jpg HTTP/1.1" 200 8010 "http://www.morusverlag.de/buecher/index.html" "Mozilla/5.0 (Windows NT 10.0; Win64; x64; rv:96.0) Gecko/20100101 Firefox/96.0"
131.246.99.237 - - [17/Jan/2022:13:33:43 +0100] "GET /buecher/gesichter/30.jpg HTTP/1.1" 200 8702 "http://www.morusverlag.de/buecher/index.html" "Mozilla/5.0 (Windows NT 10.0; Win64; x64; rv:96.0) Gecko/20100101 Firefox/96.0"
131.246.99.237 - - [17/Jan/2022:13:33:43 +0100] "GET /buecher/leiblichkeit.jpg HTTP/1.1" 200 3929 "http://www.morusverlag.de/buecher/index.html" "Mozilla/5.0 (Windows NT 10.0; Win64; x64; rv:96.0) Gecko/20100101 Firefox/96.0"
131.246.99.237 - - [17/Jan/2022:13:33:43 +0100] "GET /buecher/preysing.jpg HTTP/1.1" 200 3799 "http://www.morusverlag.de/buecher/index.html" "Mozilla/5.0 (Windows NT 10.0; Win64; x64; rv:96.0) Gecko/20100101 Firefox/96.0"
131.246.99.237 - - [17/Jan/2022:13:33:43 +0100] "GET /contentflow/img/slider_white.png HTTP/1.1" 200 178 "http://www.morusverlag.de/contentflow/contentflow.css" "Mozilla/5.0 (Windows NT 10.0; Win64; x64; rv:96.0) Gecko/20100101 Firefox/96.0"
131.246.99.237 - - [17/Jan/2022:13:33:44 +0100] "GET /contentflow/img/scrollbar_white.png HTTP/1.1" 200 82 "http://www.morusverlag.de/contentflow/contentflow.css" "Mozilla/5.0 (Windows NT 10.0; Win64; x64; rv:96.0) Gecko/20100101 Firefox/96.0"
66.249.64.75 - - [17/Jan/2022:13:37:48 +0100] "GET / HTTP/1.1" 304 - "-" "Mozilla/5.0 (Linux; Android 6.0.1; Nexus 5X Build/MMB29P) AppleWebKit/537.36 (KHTML, like Gecko) Chrome/97.0.4692.71 Mobile Safari/537.36 (compatible; Googlebot/2.1; +http://www.google.com/bot.html)"
66.249.64.73 - - [17/Jan/2022:13:37:48 +0100] "GET /robots.txt HTTP/1.1" 200 100 "-" "Mozilla/5.0 (compatible; Googlebot/2.1; +http://www.google.com/bot.html)"
40.77.167.79 - - [17/Jan/2022:13:48:53 +0100] "GET / HTTP/1.1" 200 9360 "-" "Mozilla/5.0 (compatible; bingbot/2.0; +http://www.bing.com/bingbot.htm)"
144.76.162.206 - - [17/Jan/2022:13:49:24 +0100] "GET /sonderthemen/oekt_extra2.pdf HTTP/1.1" 200 1939949 "-" "Mozilla/5.0 (Windows NT 10.0; Win64; x64) AppleWebKit/537.36 (KHTML, like Gecko) Chrome/87.0.4280.66 Safari/537.36 Edg/87.0.664.41"
66.249.64.71 - - [17/Jan/2022:13:52:43 +0100] "GET /impressum.html HTTP/1.1" 304 - "-" "Mozilla/5.0 (compatible; Googlebot/2.1; +http://www.google.com/bot.html)"
207.241.231.147 - - [17/Jan/2022:14:17:54 +0100] "GET /robots.txt HTTP/1.0" 200 100 "-" "Mozilla/5.0 (compatible; archive.org_bot +http://archive.org/details/archive.org_bot)"
207.241.231.147 - - [17/Jan/2022:14:17:55 +0100] "GET / HTTP/1.0" 200 9360 "http://mit-brennender-sorge.de/" "Mozilla/5.0 (compatible; archive.org_bot +http://archive.org/details/archive.org_bot)"
54.36.148.151 - - [17/Jan/2022:14:24:11 +0100] "GET /cds/index.html HTTP/1.1" 200 7987 "-" "Mozilla/5.0 (compatible; AhrefsBot/7.0; +http://ahrefs.com/robot/)"
134.93.30.80 - - [17/Jan/2022:14:40:53 +0100] "GET /buecher/rezensionen_chateaubriand.html HTTP/1.1" 200 47317 "https://www.google.com/" "Mozilla/5.0 (Windows NT 10.0; Win64; x64; rv:96.0) Gecko/20100101 Firefox/96.0"
134.93.30.80 - - [17/Jan/2022:14:40:54 +0100] "GET /main.css HTTP/1.1" 200 1439 "http://www.morusverlag.de/buecher/rezensionen_chateaubriand.html" "Mozilla/5.0 (Windows NT 10.0; Win64; x64; rv:96.0) Gecko/20100101 Firefox/96.0"
134.93.30.80 - - [17/Jan/2022:14:40:54 +0100] "GET /m.gif HTTP/1.1" 200 95 "http://www.morusverlag.de/buecher/rezensionen_chateaubriand.html" "Mozilla/5.0 (Windows NT 10.0; Win64; x64; rv:96.0) Gecko/20100101 Firefox/96.0"
134.93.30.80 - - [17/Jan/2022:14:40:54 +0100] "GET /buecher/schenuit.jpg HTTP/1.1" 200 2024 "http://www.morusverlag.de/buecher/rezensionen_chateaubriand.html" "Mozilla/5.0 (Windows NT 10.0; Win64; x64; rv:96.0) Gecko/20100101 Firefox/96.0"
134.93.30.80 - - [17/Jan/2022:14:40:54 +0100] "GET /buecher/chateaubriand.jpg HTTP/1.1" 200 2272 "http://www.morusverlag.de/buecher/rezensionen_chateaubriand.html" "Mozilla/5.0 (Windows NT 10.0; Win64; x64; rv:96.0) Gecko/20100101 Firefox/96.0"
134.93.30.80 - - [17/Jan/2022:14:40:54 +0100] "GET /mv_g.gif HTTP/1.1" 200 4070 "http://www.morusverlag.de/buecher/rezensionen_chateaubriand.html" "Mozilla/5.0 (Windows NT 10.0; Win64; x64; rv:96.0) Gecko/20100101 Firefox/96.0"
134.93.30.80 - - [17/Jan/2022:14:40:54 +0100] "GET /logo_g.gif HTTP/1.1" 200 1301 "http://www.morusverlag.de/buecher/rezensionen_chateaubriand.html" "Mozilla/5.0 (Windows NT 10.0; Win64; x64; rv:96.0) Gecko/20100101 Firefox/96.0"
134.93.30.80 - - [17/Jan/2022:14:40:54 +0100] "GET /pf.gif HTTP/1.1" 200 62 "http://www.morusverlag.de/buecher/rezensionen_chateaubriand.html" "Mozilla/5.0 (Windows NT 10.0; Win64; x64; rv:96.0) Gecko/20100101 Firefox/96.0"
134.93.30.80 - - [17/Jan/2022:14:40:54 +0100] "GET /strich.gif HTTP/1.1" 200 45 "http://www.morusverlag.de/buecher/rezensionen_chateaubriand.html" "Mozilla/5.0 (Windows NT 10.0; Win64; x64; rv:96.0) Gecko/20100101 Firefox/96.0"
134.93.30.80 - - [17/Jan/2022:14:40:54 +0100] "GET /favicon.ico HTTP/1.1" 200 4286 "http://www.morusverlag.de/buecher/rezensionen_chateaubriand.html" "Mozilla/5.0 (Windows NT 10.0; Win64; x64; rv:96.0) Gecko/20100101 Firefox/96.0"
78.54.14.17 - - [17/Jan/2022:15:18:30 +0100] "GET / HTTP/1.1" 200 9360 "https://www.google.de/" "Mozilla/5.0 (iPhone; CPU iPhone OS 15_1 like Mac OS X) AppleWebKit/605.1.15 (KHTML, like Gecko) Version/15.1 Mobile/15E148 Safari/604.1"
78.54.14.17 - - [17/Jan/2022:15:18:30 +0100] "GET /main.css HTTP/1.1" 200 1439 "http://www.morusverlag.de/" "Mozilla/5.0 (iPhone; CPU iPhone OS 15_1 like Mac OS X) AppleWebKit/605.1.15 (KHTML, like Gecko) Version/15.1 Mobile/15E148 Safari/604.1"
78.54.14.17 - - [17/Jan/2022:15:18:30 +0100] "GET /mv_g.gif HTTP/1.1" 200 4070 "http://www.morusverlag.de/" "Mozilla/5.0 (iPhone; CPU iPhone OS 15_1 like Mac OS X) AppleWebKit/605.1.15 (KHTML, like Gecko) Version/15.1 Mobile/15E148 Safari/604.1"
78.54.14.17 - - [17/Jan/2022:15:18:30 +0100] "GET /logo_g.gif HTTP/1.1" 200 1301 "http://www.morusverlag.de/" "Mozilla/5.0 (iPhone; CPU iPhone OS 15_1 like Mac OS X) AppleWebKit/605.1.15 (KHTML, like Gecko) Version/15.1 Mobile/15E148 Safari/604.1"
78.54.14.17 - - [17/Jan/2022:15:18:30 +0100] "GET /cds/rosarium_k.jpg HTTP/1.1" 200 3972 "http://www.morusverlag.de/" "Mozilla/5.0 (iPhone; CPU iPhone OS 15_1 like Mac OS X) AppleWebKit/605.1.15 (KHTML, like Gecko) Version/15.1 Mobile/15E148 Safari/604.1"
78.54.14.17 - - [17/Jan/2022:15:18:30 +0100] "GET /mv_gr_w.gif HTTP/1.1" 200 2005 "http://www.morusverlag.de/" "Mozilla/5.0 (iPhone; CPU iPhone OS 15_1 like Mac OS X) AppleWebKit/605.1.15 (KHTML, like Gecko) Version/15.1 Mobile/15E148 Safari/604.1"
78.54.14.17 - - [17/Jan/2022:15:18:30 +0100] "GET /cds/ignatius_k.jpg HTTP/1.1" 200 3965 "http://www.morusverlag.de/" "Mozilla/5.0 (iPhone; CPU iPhone OS 15_1 like Mac OS X) AppleWebKit/605.1.15 (KHTML, like Gecko) Version/15.1 Mobile/15E148 Safari/604.1"
78.54.14.17 - - [17/Jan/2022:15:18:30 +0100] "GET /cds/hymnos_k.jpg HTTP/1.1" 200 4986 "http://www.morusverlag.de/" "Mozilla/5.0 (iPhone; CPU iPhone OS 15_1 like Mac OS X) AppleWebKit/605.1.15 (KHTML, like Gecko) Version/15.1 Mobile/15E148 Safari/604.1"
78.54.14.17 - - [17/Jan/2022:15:18:30 +0100] "GET /pf.gif HTTP/1.1" 200 62 "http://www.morusverlag.de/" "Mozilla/5.0 (iPhone; CPU iPhone OS 15_1 like Mac OS X) AppleWebKit/605.1.15 (KHTML, like Gecko) Version/15.1 Mobile/15E148 Safari/604.1"
78.54.14.17 - - [17/Jan/2022:15:18:30 +0100] "GET /strich.gif HTTP/1.1" 200 45 "http://www.morusverlag.de/" "Mozilla/5.0 (iPhone; CPU iPhone OS 15_1 like Mac OS X) AppleWebKit/605.1.15 (KHTML, like Gecko) Version/15.1 Mobile/15E148 Safari/604.1"
78.54.14.17 - - [17/Jan/2022:15:18:30 +0100] "GET /jahrbuch_k.jpg HTTP/1.1" 200 3719 "http://www.morusverlag.de/" "Mozilla/5.0 (iPhone; CPU iPhone OS 15_1 like Mac OS X) AppleWebKit/605.1.15 (KHTML, like Gecko) Version/15.1 Mobile/15E148 Safari/604.1"
78.54.14.17 - - [17/Jan/2022:15:18:30 +0100] "GET /buecher/gesichter.jpg HTTP/1.1" 200 7271 "http://www.morusverlag.de/" "Mozilla/5.0 (iPhone; CPU iPhone OS 15_1 like Mac OS X) AppleWebKit/605.1.15 (KHTML, like Gecko) Version/15.1 Mobile/15E148 Safari/604.1"
78.54.14.17 - - [17/Jan/2022:15:18:30 +0100] "GET /gotteslob.jpg HTTP/1.1" 200 9390 "http://www.morusverlag.de/" "Mozilla/5.0 (iPhone; CPU iPhone OS 15_1 like Mac OS X) AppleWebKit/605.1.15 (KHTML, like Gecko) Version/15.1 Mobile/15E148 Safari/604.1"
78.54.14.17 - - [17/Jan/2022:15:18:30 +0100] "GET /buecher/engel.jpg HTTP/1.1" 200 5414 "http://www.morusverlag.de/" "Mozilla/5.0 (iPhone; CPU iPhone OS 15_1 like Mac OS X) AppleWebKit/605.1.15 (KHTML, like Gecko) Version/15.1 Mobile/15E148 Safari/604.1"
78.54.14.17 - - [17/Jan/2022:15:18:30 +0100] "GET /buecher/chateaubriand.jpg HTTP/1.1" 200 2272 "http://www.morusverlag.de/" "Mozilla/5.0 (iPhone; CPU iPhone OS 15_1 like Mac OS X) AppleWebKit/605.1.15 (KHTML, like Gecko) Version/15.1 Mobile/15E148 Safari/604.1"
78.54.14.17 - - [17/Jan/2022:15:18:30 +0100] "GET /buch_k.jpg HTTP/1.1" 200 4591 "http://www.morusverlag.de/" "Mozilla/5.0 (iPhone; CPU iPhone OS 15_1 like Mac OS X) AppleWebKit/605.1.15 (KHTML, like Gecko) Version/15.1 Mobile/15E148 Safari/604.1"
78.54.14.17 - - [17/Jan/2022:15:18:31 +0100] "GET /cds/astazi_k.jpg HTTP/1.1" 200 6049 "http://www.morusverlag.de/" "Mozilla/5.0 (iPhone; CPU iPhone OS 15_1 like Mac OS X) AppleWebKit/605.1.15 (KHTML, like Gecko) Version/15.1 Mobile/15E148 Safari/604.1"
78.54.14.17 - - [17/Jan/2022:15:18:31 +0100] "GET /favicon.ico HTTP/1.1" 200 4286 "http://www.morusverlag.de/" "Mozilla/5.0 (iPhone; CPU iPhone OS 15_1 like Mac OS X) AppleWebKit/605.1.15 (KHTML, like Gecko) Version/15.1 Mobile/15E148 Safari/604.1"
185.191.171.19 - - [17/Jan/2022:15:26:55 +0100] "GET /robots.txt HTTP/1.1" 200 100 "-" "Mozilla/5.0 (compatible; SemrushBot/7~bl; +http://www.semrush.com/bot.html)"
185.191.171.22 - - [17/Jan/2022:15:26:55 +0100] "GET /kontakt/index.html HTTP/1.1" 200 2896 "-" "Mozilla/5.0 (compatible; SemrushBot/7~bl; +http://www.semrush.com/bot.html)"
54.36.148.219 - - [17/Jan/2022:16:21:09 +0100] "GET /sonderthemen/index.html HTTP/1.1" 200 7102 "-" "Mozilla/5.0 (compatible; AhrefsBot/7.0; +http://ahrefs.com/robot/)"
66.249.70.135 - - [17/Jan/2022:16:52:45 +0100] "GET /impressum.html HTTP/1.1" 304 - "-" "Mozilla/5.0 (Linux; Android 6.0.1; Nexus 5X Build/MMB29P) AppleWebKit/537.36 (KHTML, like Gecko) Chrome/97.0.4692.71 Mobile Safari/537.36 (compatible; Googlebot/2.1; +http://www.google.com/bot.html)"
77.75.77.17 - - [17/Jan/2022:17:23:26 +0100] "GET /robots.txt HTTP/1.1" 200 100 "-" "Mozilla/5.0 (compatible; SeznamBot/3.2; +http://napoveda.seznam.cz/en/seznambot-intro/)"
77.75.77.17 - - [17/Jan/2022:17:23:26 +0100] "GET /sonderthemen/oekz2003.pdf HTTP/1.1" 304 - "-" "Mozilla/5.0 (compatible; SeznamBot/3.2; +http://napoveda.seznam.cz/en/seznambot-intro/)"
40.77.167.34 - - [17/Jan/2022:17:57:47 +0100] "GET /buecher/gesichter/21.jpg HTTP/1.1" 200 7433 "-" "Mozilla/5.0 (compatible; bingbot/2.0; +http://www.bing.com/bingbot.htm)"
77.75.79.62 - - [17/Jan/2022:18:21:36 +0100] "GET /robots.txt HTTP/1.1" 200 100 "-" "Mozilla/5.0 (compatible; SeznamBot/3.2; +http://napoveda.seznam.cz/en/seznambot-intro/)"
77.75.79.62 - - [17/Jan/2022:18:21:37 +0100] "GET /cds/hymnos_akathistos.html HTTP/1.1" 304 - "-" "Mozilla/5.0 (compatible; SeznamBot/3.2; +http://napoveda.seznam.cz/en/seznambot-intro/)"
168.119.69.91 - - [17/Jan/2022:18:24:54 +0100] "GET /sonderthemen/az2000.pdf HTTP/1.1" 200 2253581 "-" "Mozilla/5.0 (Macintosh; Intel Mac OS X 10_15_6) AppleWebKit/605.1.15 (KHTML, like Gecko) Version/14.0 Safari/605.1.15"
51.222.253.6 - - [17/Jan/2022:19:19:15 +0100] "GET /robots.txt HTTP/1.1" 200 100 "-" "Mozilla/5.0 (compatible; AhrefsBot/7.0; +http://ahrefs.com/robot/)"
54.36.148.64 - - [17/Jan/2022:19:19:16 +0100] "GET /impressum.html HTTP/1.1" 200 2808 "-" "Mozilla/5.0 (compatible; AhrefsBot/7.0; +http://ahrefs.com/robot/)"
85.25.177.187 - - [17/Jan/2022:19:19:45 +0100] "GET /robots.txt HTTP/1.1" 200 100 "-" "Mozilla/5.0 (X11; Linux x86_64; rv:81.0) Gecko/20100101 Firefox/81.0"
85.25.177.187 - - [17/Jan/2022:19:19:45 +0100] "GET / HTTP/1.1" 200 9360 "-" "Mozilla/5.0 (X11; Linux x86_64; rv:81.0) Gecko/20100101 Firefox/81.0"
77.75.78.160 - - [17/Jan/2022:19:28:42 +0100] "GET /robots.txt HTTP/1.1" 200 100 "-" "Mozilla/5.0 (compatible; SeznamBot/3.2; +http://napoveda.seznam.cz/en/seznambot-intro/)"
77.75.78.160 - - [17/Jan/2022:19:28:43 +0100] "GET /sonderthemen/sk2004.pdf HTTP/1.1" 304 - "-" "Mozilla/5.0 (compatible; SeznamBot/3.2; +http://napoveda.seznam.cz/en/seznambot-intro/)"
85.25.177.187 - - [17/Jan/2022:19:35:06 +0100] "GET /buecher/ HTTP/1.1" 200 25885 "-" "Mozilla/5.0 (X11; Linux x86_64; rv:81.0) Gecko/20100101 Firefox/81.0"
89.12.175.233 - - [17/Jan/2022:19:42:27 +0100] "GET / HTTP/1.1" 200 9360 "https://www.google.com/" "Mozilla/5.0 (Linux; Android 11; SM-G780F) AppleWebKit/537.36 (KHTML, like Gecko) Chrome/97.0.4692.87 Mobile Safari/537.36"
89.12.175.233 - - [17/Jan/2022:19:42:27 +0100] "GET /main.css HTTP/1.1" 200 1439 "-" "Mozilla/5.0 (Linux; Android 11; SM-G780F) AppleWebKit/537.36 (KHTML, like Gecko) Chrome/97.0.4692.87 Mobile Safari/537.36"
89.12.175.233 - - [17/Jan/2022:19:42:28 +0100] "GET /logo_g.gif HTTP/1.1" 200 1301 "http://www.morusverlag.de/" "Mozilla/5.0 (Linux; Android 11; SM-G780F) AppleWebKit/537.36 (KHTML, like Gecko) Chrome/97.0.4692.87 Mobile Safari/537.36"
89.12.175.233 - - [17/Jan/2022:19:42:28 +0100] "GET /mv_g.gif HTTP/1.1" 200 4070 "http://www.morusverlag.de/" "Mozilla/5.0 (Linux; Android 11; SM-G780F) AppleWebKit/537.36 (KHTML, like Gecko) Chrome/97.0.4692.87 Mobile Safari/537.36"
89.12.175.233 - - [17/Jan/2022:19:42:28 +0100] "GET /gotteslob.jpg HTTP/1.1" 200 9390 "http://www.morusverlag.de/" "Mozilla/5.0 (Linux; Android 11; SM-G780F) AppleWebKit/537.36 (KHTML, like Gecko) Chrome/97.0.4692.87 Mobile Safari/537.36"
89.12.175.233 - - [17/Jan/2022:19:42:28 +0100] "GET /buecher/chateaubriand.jpg HTTP/1.1" 200 2272 "http://www.morusverlag.de/" "Mozilla/5.0 (Linux; Android 11; SM-G780F) AppleWebKit/537.36 (KHTML, like Gecko) Chrome/97.0.4692.87 Mobile Safari/537.36"
89.12.175.233 - - [17/Jan/2022:19:42:28 +0100] "GET /strich.gif HTTP/1.1" 200 45 "http://www.morusverlag.de/" "Mozilla/5.0 (Linux; Android 11; SM-G780F) AppleWebKit/537.36 (KHTML, like Gecko) Chrome/97.0.4692.87 Mobile Safari/537.36"
89.12.175.233 - - [17/Jan/2022:19:42:28 +0100] "GET /mv_gr_w.gif HTTP/1.1" 200 2005 "http://www.morusverlag.de/" "Mozilla/5.0 (Linux; Android 11; SM-G780F) AppleWebKit/537.36 (KHTML, like Gecko) Chrome/97.0.4692.87 Mobile Safari/537.36"
89.12.175.233 - - [17/Jan/2022:19:42:28 +0100] "GET /buecher/engel.jpg HTTP/1.1" 200 5414 "http://www.morusverlag.de/" "Mozilla/5.0 (Linux; Android 11; SM-G780F) AppleWebKit/537.36 (KHTML, like Gecko) Chrome/97.0.4692.87 Mobile Safari/537.36"
89.12.175.233 - - [17/Jan/2022:19:42:28 +0100] "GET /jahrbuch_k.jpg HTTP/1.1" 200 3719 "http://www.morusverlag.de/" "Mozilla/5.0 (Linux; Android 11; SM-G780F) AppleWebKit/537.36 (KHTML, like Gecko) Chrome/97.0.4692.87 Mobile Safari/537.36"
89.12.175.233 - - [17/Jan/2022:19:42:28 +0100] "GET /pf.gif HTTP/1.1" 200 62 "http://www.morusverlag.de/" "Mozilla/5.0 (Linux; Android 11; SM-G780F) AppleWebKit/537.36 (KHTML, like Gecko) Chrome/97.0.4692.87 Mobile Safari/537.36"
89.12.175.233 - - [17/Jan/2022:19:42:28 +0100] "GET /buecher/gesichter.jpg HTTP/1.1" 200 7271 "http://www.morusverlag.de/" "Mozilla/5.0 (Linux; Android 11; SM-G780F) AppleWebKit/537.36 (KHTML, like Gecko) Chrome/97.0.4692.87 Mobile Safari/537.36"
89.12.175.233 - - [17/Jan/2022:19:42:28 +0100] "GET /cds/rosarium_k.jpg HTTP/1.1" 200 3972 "http://www.morusverlag.de/" "Mozilla/5.0 (Linux; Android 11; SM-G780F) AppleWebKit/537.36 (KHTML, like Gecko) Chrome/97.0.4692.87 Mobile Safari/537.36"
89.12.175.233 - - [17/Jan/2022:19:42:28 +0100] "GET /cds/ignatius_k.jpg HTTP/1.1" 200 3965 "http://www.morusverlag.de/" "Mozilla/5.0 (Linux; Android 11; SM-G780F) AppleWebKit/537.36 (KHTML, like Gecko) Chrome/97.0.4692.87 Mobile Safari/537.36"
89.12.175.233 - - [17/Jan/2022:19:42:28 +0100] "GET /cds/hymnos_k.jpg HTTP/1.1" 200 4986 "http://www.morusverlag.de/" "Mozilla/5.0 (Linux; Android 11; SM-G780F) AppleWebKit/537.36 (KHTML, like Gecko) Chrome/97.0.4692.87 Mobile Safari/537.36"
89.12.175.233 - - [17/Jan/2022:19:42:28 +0100] "GET /buch_k.jpg HTTP/1.1" 200 4591 "http://www.morusverlag.de/" "Mozilla/5.0 (Linux; Android 11; SM-G780F) AppleWebKit/537.36 (KHTML, like Gecko) Chrome/97.0.4692.87 Mobile Safari/537.36"
89.12.175.233 - - [17/Jan/2022:19:42:28 +0100] "GET /favicon.ico HTTP/1.1" 200 4286 "http://www.morusverlag.de/" "Mozilla/5.0 (Linux; Android 11; SM-G780F) AppleWebKit/537.36 (KHTML, like Gecko) Chrome/97.0.4692.87 Mobile Safari/537.36"
89.12.175.233 - - [17/Jan/2022:19:42:32 +0100] "GET /cds/astazi_k.jpg HTTP/1.1" 200 6049 "http://www.morusverlag.de/" "Mozilla/5.0 (Linux; Android 11; SM-G780F) AppleWebKit/537.36 (KHTML, like Gecko) Chrome/97.0.4692.87 Mobile Safari/537.36"
89.12.175.233 - - [17/Jan/2022:19:43:22 +0100] "GET /kontakt/index.html HTTP/1.1" 200 2896 "http://www.morusverlag.de/" "Mozilla/5.0 (Linux; Android 11; SM-G780F) AppleWebKit/537.36 (KHTML, like Gecko) Chrome/97.0.4692.87 Mobile Safari/537.36"
89.12.175.233 - - [17/Jan/2022:19:43:22 +0100] "GET /m.gif HTTP/1.1" 200 95 "http://www.morusverlag.de/kontakt/index.html" "Mozilla/5.0 (Linux; Android 11; SM-G780F) AppleWebKit/537.36 (KHTML, like Gecko) Chrome/97.0.4692.87 Mobile Safari/537.36"
185.191.171.5 - - [17/Jan/2022:20:03:25 +0100] "GET /robots.txt HTTP/1.1" 200 100 "-" "Mozilla/5.0 (compatible; SemrushBot/7~bl; +http://www.semrush.com/bot.html)"
185.191.171.40 - - [17/Jan/2022:20:03:26 +0100] "GET /search.php HTTP/1.1" 200 2027 "-" "Mozilla/5.0 (compatible; SemrushBot/7~bl; +http://www.semrush.com/bot.html)"
77.75.78.169 - - [17/Jan/2022:20:08:32 +0100] "GET /robots.txt HTTP/1.1" 200 100 "-" "Mozilla/5.0 (compatible; SeznamBot/3.2; +http://napoveda.seznam.cz/en/seznambot-intro/)"
77.75.78.169 - - [17/Jan/2022:20:08:32 +0100] "GET /buecher/rezensionen.html HTTP/1.1" 304 - "-" "Mozilla/5.0 (compatible; SeznamBot/3.2; +http://napoveda.seznam.cz/en/seznambot-intro/)"
65.21.35.226 - - [17/Jan/2022:20:10:51 +0100] "GET /robots.txt HTTP/1.1" 200 100 "-" "Mozilla/5.0 (compatible; Seekport Crawler; http://seekport.com/)"
65.21.35.226 - - [17/Jan/2022:20:10:54 +0100] "GET / HTTP/1.1" 200 9360 "http://www.christeninberlin.de/cgi-bin/cib_pub_webseite.pl?Detail=95" "Mozilla/5.0 (compatible; Seekport Crawler; http://seekport.com/)"
108.174.2.215 - - [17/Jan/2022:21:04:00 +0100] "GET /mv_gr_w.gif HTTP/1.1" 200 2005 "-" "LinkedInBot/1.0 (compatible; Mozilla/5.0; Apache-HttpClient +http://www.linkedin.com)"
114.119.151.1 - - [17/Jan/2022:21:06:33 +0100] "GET /robots.txt HTTP/1.1" 200 100 "-" "Mozilla/5.0 (compatible;PetalBot;+https://webmaster.petalsearch.com/site/petalbot)"
157.55.39.122 - - [17/Jan/2022:21:09:04 +0100] "GET /buecher/gesichter/15.jpg HTTP/1.1" 200 7253 "-" "Mozilla/5.0 (compatible; bingbot/2.0; +http://www.bing.com/bingbot.htm)"
84.129.23.105 - - [17/Jan/2022:21:24:06 +0100] "GET /cds/hymnos_akathistos.html HTTP/1.1" 200 11061 "https://www.google.com/" "Mozilla/5.0 (Windows NT 6.1; Win64; x64; rv:96.0) Gecko/20100101 Firefox/96.0"
84.129.23.105 - - [17/Jan/2022:21:24:06 +0100] "GET /main.css HTTP/1.1" 200 1439 "http://www.morusverlag.de/cds/hymnos_akathistos.html" "Mozilla/5.0 (Windows NT 6.1; Win64; x64; rv:96.0) Gecko/20100101 Firefox/96.0"
84.129.23.105 - - [17/Jan/2022:21:24:06 +0100] "GET /mv_g.gif HTTP/1.1" 200 4070 "http://www.morusverlag.de/cds/hymnos_akathistos.html" "Mozilla/5.0 (Windows NT 6.1; Win64; x64; rv:96.0) Gecko/20100101 Firefox/96.0"
84.129.23.105 - - [17/Jan/2022:21:24:06 +0100] "GET /cds/hymnos.jpg HTTP/1.1" 200 27752 "http://www.morusverlag.de/cds/hymnos_akathistos.html" "Mozilla/5.0 (Windows NT 6.1; Win64; x64; rv:96.0) Gecko/20100101 Firefox/96.0"
84.129.23.105 - - [17/Jan/2022:21:24:06 +0100] "GET /m.gif HTTP/1.1" 200 95 "http://www.morusverlag.de/cds/hymnos_akathistos.html" "Mozilla/5.0 (Windows NT 6.1; Win64; x64; rv:96.0) Gecko/20100101 Firefox/96.0"
84.129.23.105 - - [17/Jan/2022:21:24:06 +0100] "GET /logo_g.gif HTTP/1.1" 200 1301 "http://www.morusverlag.de/cds/hymnos_akathistos.html" "Mozilla/5.0 (Windows NT 6.1; Win64; x64; rv:96.0) Gecko/20100101 Firefox/96.0"
84.129.23.105 - - [17/Jan/2022:21:24:06 +0100] "GET /cds/hymnos_heft.jpg HTTP/1.1" 200 8653 "http://www.morusverlag.de/cds/hymnos_akathistos.html" "Mozilla/5.0 (Windows NT 6.1; Win64; x64; rv:96.0) Gecko/20100101 Firefox/96.0"
84.129.23.105 - - [17/Jan/2022:21:24:06 +0100] "GET /pf.gif HTTP/1.1" 200 62 "http://www.morusverlag.de/cds/hymnos_akathistos.html" "Mozilla/5.0 (Windows NT 6.1; Win64; x64; rv:96.0) Gecko/20100101 Firefox/96.0"
84.129.23.105 - - [17/Jan/2022:21:24:06 +0100] "GET /strich.gif HTTP/1.1" 200 45 "http://www.morusverlag.de/cds/hymnos_akathistos.html" "Mozilla/5.0 (Windows NT 6.1; Win64; x64; rv:96.0) Gecko/20100101 Firefox/96.0"
84.129.23.105 - - [17/Jan/2022:21:24:07 +0100] "GET /favicon.ico HTTP/1.1" 200 4286 "http://www.morusverlag.de/cds/hymnos_akathistos.html" "Mozilla/5.0 (Windows NT 6.1; Win64; x64; rv:96.0) Gecko/20100101 Firefox/96.0"
5.161.66.122 - - [17/Jan/2022:21:35:52 +0100] "GET /sonderthemen/oekt_extra3.pdf HTTP/1.1" 200 2109745 "-" "Mozilla/5.0 (Windows NT 10.0; Win64; x64) AppleWebKit/537.36 (KHTML, like Gecko) Chrome/84.0.4147.105 Safari/537.36"
66.249.70.129 - - [17/Jan/2022:21:50:14 +0100] "GET /buecher/rezensionen_le_saulchoir.html HTTP/1.1" 304 - "-" "Mozilla/5.0 (compatible; Googlebot/2.1; +http://www.google.com/bot.html)"
138.201.31.122 - - [17/Jan/2022:22:37:18 +0100] "GET /robots.txt HTTP/1.1" 200 100 "-" "Mozilla/5.0 (compatible; DataForSeoBot/1.0; +https://dataforseo.com/dataforseo-bot)"
138.201.198.46 - - [17/Jan/2022:22:37:19 +0100] "GET /sitemap.xml HTTP/1.1" 404 2381 "-" "Mozilla/5.0 (compatible; DataForSeoBot/1.0; +https://dataforseo.com/dataforseo-bot)"
138.201.31.122 - - [17/Jan/2022:22:37:20 +0100] "GET / HTTP/1.1" 200 9360 "-" "Mozilla/5.0 (compatible; DataForSeoBot/1.0; +https://dataforseo.com/dataforseo-bot)"
66.249.70.129 - - [17/Jan/2022:23:12:05 +0100] "GET /buecher/le_saulchoir.jpg HTTP/1.1" 304 - "-" "Googlebot-Image/1.0"
46.4.83.150 - - [17/Jan/2022:23:31:37 +0100] "GET /sonderthemen/az1999.pdf HTTP/1.1" 200 1842982 "-" "Mozilla/5.0 (X11; Linux x86_64) AppleWebKit/537.36 (KHTML, like Gecko) Chrome/87.0.4280.66 Safari/537.36"
54.36.149.48 - - [17/Jan/2022:23:32:41 +0100] "GET /cds/hymnos_akathistos.html HTTP/1.1" 200 11061 "-" "Mozilla/5.0 (compatible; AhrefsBot/7.0; +http://ahrefs.com/robot/)"
66.249.70.132 - - [17/Jan/2022:23:42:43 +0100] "GET /sonderthemen/presse.html HTTP/1.1" 200 5772 "-" "Mozilla/5.0 (Linux; Android 6.0.1; Nexus 5X Build/MMB29P) AppleWebKit/537.36 (KHTML, like Gecko) Chrome/97.0.4692.71 Mobile Safari/537.36 (compatible; Googlebot/2.1; +http://www.google.com/bot.html)"
66.249.70.129 - - [17/Jan/2022:23:46:44 +0100] "GET /sonderthemen/oeaz2001.pdf HTTP/1.1" 304 - "-" "Mozilla/5.0 (Linux; Android 6.0.1; Nexus 5X Build/MMB29P) AppleWebKit/537.36 (KHTML, like Gecko) Chrome/97.0.4692.71 Mobile Safari/537.36 (compatible; Googlebot/2.1; +http://www.google.com/bot.html)"
85.25.177.187 - - [18/Jan/2022:01:24:11 +0100] "GET /gotteslob/index.html HTTP/1.1" 200 2770 "-" "Mozilla/5.0 (X11; Linux x86_64; rv:81.0) Gecko/20100101 Firefox/81.0"
40.77.167.53 - - [18/Jan/2022:01:40:17 +0100] "GET / HTTP/1.1" 200 9360 "-" "Mozilla/5.0 (compatible; bingbot/2.0; +http://www.bing.com/bingbot.htm)"
95.163.255.18 - - [18/Jan/2022:01:43:35 +0100] "GET /robots.txt HTTP/1.0" 200 100 "-" "Mozilla/5.0 (compatible; Linux x86_64; Mail.RU_Bot/2.0; +http://go.mail.ru/help/robots)"
95.163.255.18 - - [18/Jan/2022:01:43:41 +0100] "GET / HTTP/1.1" 200 9360 "-" "Mozilla/5.0 (compatible; Linux x86_64; Mail.RU_Bot/2.0; +http://go.mail.ru/help/robots)"
185.181.61.24 - - [18/Jan/2022:02:01:07 +0100] "GET /gotteslob/index.html HTTP/1.1" 200 2770 "-" "Mozilla/5.0 (Windows NT 10.0; Win64; x64) AppleWebKit/537.36 (KHTML, like Gecko) Chrome/91.0.4472.114 Safari/537.36 Edg/91.0.864.54"
185.181.61.24 - - [18/Jan/2022:02:07:39 +0100] "GET /cds/index.html HTTP/1.1" 200 7987 "-" "Mozilla/5.0 (Windows NT 10.0; Win64; x64) AppleWebKit/537.36 (KHTML, like Gecko) Chrome/91.0.4472.114 Safari/537.36 Edg/91.0.864.54"
85.25.177.187 - - [18/Jan/2022:03:07:44 +0100] "GET /buecher/diskussion.html HTTP/1.1" 200 9925 "-" "Mozilla/5.0 (X11; Linux x86_64; rv:81.0) Gecko/20100101 Firefox/81.0"
195.123.209.118 - - [18/Jan/2022:03:28:42 +0100] "GET / HTTP/1.1" 200 9360 "https://greenshop.su/" "Mozilla/4.0 (compatible- MSIE 6.0- Windows NT 5.1- SV1- .NET CLR 1.1.4322"
195.123.209.118 - - [18/Jan/2022:03:28:42 +0100] "GET / HTTP/1.1" 200 9360 "https://greenshop.su/" "Mozilla/4.0 (compatible- MSIE 6.0- Windows NT 5.1- SV1- .NET CLR 1.1.4322"
195.123.209.118 - - [18/Jan/2022:03:28:42 +0100] "GET / HTTP/1.1" 200 9360 "https://greenshop.su/" "Mozilla/4.0 (compatible- MSIE 6.0- Windows NT 5.1- SV1- .NET CLR 1.1.4322"
185.191.171.18 - - [18/Jan/2022:04:37:11 +0100] "GET /robots.txt HTTP/1.1" 200 100 "-" "Mozilla/5.0 (compatible; SemrushBot/7~bl; +http://www.semrush.com/bot.html)"
185.191.171.15 - - [18/Jan/2022:04:37:12 +0100] "GET /cds/ignatius.html HTTP/1.1" 200 6576 "-" "Mozilla/5.0 (compatible; SemrushBot/7~bl; +http://www.semrush.com/bot.html)"
111.229.11.86 - - [18/Jan/2022:04:51:08 +0100] "GET /xmlrpc.php HTTP/1.1" 404 2381 "-" "Mozilla/5.0 (Windows NT 6.1; WOW64; rv:45.0) Gecko/20100101 Firefox/45.0"
85.25.177.187 - - [18/Jan/2022:05:10:53 +0100] "GET /sonderthemen/index.html HTTP/1.1" 200 7102 "-" "Mozilla/5.0 (X11; Linux x86_64; rv:81.0) Gecko/20100101 Firefox/81.0"
89.105.213.182 - - [18/Jan/2022:05:17:18 +0100] "HEAD / HTTP/1.1" 200 - "https://www.studyinvienna.ru/viennauniversity" "Mozilla/5.0 (compatible; MSIE7.00; Windows 2007)"
185.154.14.248 - - [18/Jan/2022:05:17:18 +0100] "HEAD / HTTP/1.1" 200 - "https://potolki-konkurent.ru/natyazhnyye-potolki-v-yanino" "Mozilla/8.0 (compatible; MSIE7.00; Windows 2008)"
185.253.7.227 - - [18/Jan/2022:05:17:18 +0100] "HEAD / HTTP/1.1" 200 - "http://time-seller.ru" "Mozilla/8.0 (compatible; MSIE3.00; Windows 2008)"
185.154.14.142 - - [18/Jan/2022:05:17:18 +0100] "HEAD / HTTP/1.1" 200 - "https://anvilmarket.ru/services/stolyarnye-raboty/raskroy/" "Mozilla/3.0 (compatible; MSIE5.00; Windows 2005)"
185.253.7.223 - - [18/Jan/2022:05:17:18 +0100] "HEAD / HTTP/1.1" 200 - "https://salonshtor-spb.ru/price" "Mozilla/8.0 (compatible; MSIE7.00; Windows 2007)"
185.231.68.36 - - [18/Jan/2022:05:17:18 +0100] "HEAD / HTTP/1.1" 200 - "https://idolstore.net/games/counter-strike-csgo/" "Mozilla/5.0 (compatible; MSIE4.00; Windows 2005)"
89.105.213.237 - - [18/Jan/2022:05:17:18 +0100] "HEAD / HTTP/1.1" 200 - "https://voenmag.com.ua/g13332242-bertsy" "Mozilla/8.0 (compatible; MSIE6.00; Windows 2008)"
185.253.7.224 - - [18/Jan/2022:05:17:19 +0100] "HEAD / HTTP/1.1" 200 - "https://banket-restoran.ru/products/banketnye-blyuda-prigotovlennye-tselikom" "Mozilla/4.0 (compatible; MSIE7.00; Windows 2005)"
185.154.14.148 - - [18/Jan/2022:05:17:19 +0100] "HEAD / HTTP/1.1" 200 - "https://turkru.lol/drama/" "Mozilla/3.0 (compatible; MSIE3.00; Windows 2004)"
40.77.167.6 - - [18/Jan/2022:05:24:53 +0100] "GET /cds/glockenspiel2.jpg HTTP/1.1" 200 28150 "-" "Mozilla/5.0 (compatible; bingbot/2.0; +http://www.bing.com/bingbot.htm)"
150.158.95.126 - - [18/Jan/2022:05:33:54 +0100] "GET /xmlrpc.php HTTP/1.1" 404 2381 "-" "Mozilla/5.0 (Windows NT 6.1; WOW64; rv:45.0) Gecko/20100101 Firefox/45.0"
207.46.13.47 - - [18/Jan/2022:05:52:49 +0100] "GET /buecher/gesichter/12.jpg HTTP/1.1" 200 6460 "-" "Mozilla/5.0 (compatible; bingbot/2.0; +http://www.bing.com/bingbot.htm)"
85.25.177.187 - - [18/Jan/2022:06:02:56 +0100] "GET /sonderthemen/index.html HTTP/1.1" 200 7102 "-" "Mozilla/5.0 (X11; Linux x86_64; rv:81.0) Gecko/20100101 Firefox/81.0"
114.119.135.96 - - [18/Jan/2022:07:09:16 +0100] "GET /robots.txt HTTP/1.1" 200 100 "-" "Mozilla/5.0 (compatible;PetalBot;+https://webmaster.petalsearch.com/site/petalbot)"
85.25.177.187 - - [18/Jan/2022:07:20:38 +0100] "GET /buecher/rezensionen_chateaubriand.html HTTP/1.1" 200 47317 "-" "Mozilla/5.0 (X11; Linux x86_64; rv:81.0) Gecko/20100101 Firefox/81.0"
85.25.177.187 - - [18/Jan/2022:07:24:44 +0100] "GET /kontakt/index.html HTTP/1.1" 200 2896 "-" "Mozilla/5.0 (X11; Linux x86_64; rv:81.0) Gecko/20100101 Firefox/81.0"
85.25.177.187 - - [18/Jan/2022:07:26:30 +0100] "GET /buecher/rezensionen_chateaubriand.html HTTP/1.1" 200 47317 "-" "Mozilla/5.0 (X11; Linux x86_64; rv:81.0) Gecko/20100101 Firefox/81.0"
79.110.72.39 - - [18/Jan/2022:07:31:30 +0100] "GET /sonderthemen/az1999.pdf HTTP/1.1" 200 1842982 "-" "Mozilla/5.0 (Windows NT 10.0; Win64; x64) AppleWebKit/537.36 (KHTML, like Gecko) Chrome/97.0.4692.71 Safari/537.36 Edg/97.0.1072.62"
85.25.177.187 - - [18/Jan/2022:07:36:43 +0100] "GET /kontakt/index.html HTTP/1.1" 200 2896 "-" "Mozilla/5.0 (X11; Linux x86_64; rv:81.0) Gecko/20100101 Firefox/81.0"
85.25.177.187 - - [18/Jan/2022:07:38:59 +0100] "GET /buecher/rezensionen_chateaubriand.html HTTP/1.1" 200 47317 "-" "Mozilla/5.0 (X11; Linux x86_64; rv:81.0) Gecko/20100101 Firefox/81.0"
85.25.177.187 - - [18/Jan/2022:07:46:38 +0100] "GET /buecher/rezensionen_chateaubriand.html HTTP/1.1" 200 47317 "-" "Mozilla/5.0 (X11; Linux x86_64; rv:81.0) Gecko/20100101 Firefox/81.0"
185.181.61.24 - - [18/Jan/2022:08:14:51 +0100] "GET /buecher/rezensionen_chateaubriand.html HTTP/1.1" 200 47317 "-" "Mozilla/5.0 (Windows NT 10.0; Win64; x64) AppleWebKit/537.36 (KHTML, like Gecko) Chrome/91.0.4472.114 Safari/537.36 Edg/91.0.864.54"
66.249.70.129 - - [18/Jan/2022:08:42:44 +0100] "GET /sonderthemen/oekt_extra1.pdf HTTP/1.1" 304 - "-" "Mozilla/5.0 (Linux; Android 6.0.1; Nexus 5X Build/MMB29P) AppleWebKit/537.36 (KHTML, like Gecko) Chrome/97.0.4692.71 Mobile Safari/537.36 (compatible; Googlebot/2.1; +http://www.google.com/bot.html)"
20.191.45.212 - - [18/Jan/2022:08:54:10 +0100] "GET / HTTP/1.1" 200 9360 "http://www.morusverlag.de/" "Mozilla/5.0 (compatible; DuckDuckGo-Favicons-Bot/1.0; +http://duckduckgo.com)"
20.191.45.212 - - [18/Jan/2022:08:54:10 +0100] "GET /favicon.ico HTTP/1.1" 200 4286 "http://www.morusverlag.de/favicon.ico" "Mozilla/5.0 (compatible; DuckDuckGo-Favicons-Bot/1.0; +http://duckduckgo.com)"
85.25.177.187 - - [18/Jan/2022:09:43:53 +0100] "GET /buecher/veroeffentlichungsliste.html HTTP/1.1" 200 129779 "-" "Mozilla/5.0 (X11; Linux x86_64; rv:81.0) Gecko/20100101 Firefox/81.0"
85.25.177.187 - - [18/Jan/2022:09:47:55 +0100] "GET /buecher/veroeffentlichungsliste.html HTTP/1.1" 200 129779 "-" "Mozilla/5.0 (X11; Linux x86_64; rv:81.0) Gecko/20100101 Firefox/81.0"
66.249.70.135 - - [18/Jan/2022:10:00:43 +0100] "GET /buecher/rezensionen_chateaubriand.html HTTP/1.1" 200 47317 "-" "Mozilla/5.0 (Linux; Android 6.0.1; Nexus 5X Build/MMB29P) AppleWebKit/537.36 (KHTML, like Gecko) Chrome/97.0.4692.71 Mobile Safari/537.36 (compatible; Googlebot/2.1; +http://www.google.com/bot.html)"
66.249.70.135 - - [18/Jan/2022:10:05:59 +0100] "GET /buecher/1gott3wahrheiten.jpg HTTP/1.1" 200 4764 "-" "Googlebot-Image/1.0"
85.25.177.187 - - [18/Jan/2022:10:08:58 +0100] "GET /jahrbuch/index.html HTTP/1.1" 200 3956 "-" "Mozilla/5.0 (X11; Linux x86_64; rv:81.0) Gecko/20100101 Firefox/81.0"
66.249.70.132 - - [18/Jan/2022:10:23:12 +0100] "GET /sonderthemen/az2003.pdf HTTP/1.1" 304 - "-" "Mozilla/5.0 (Linux; Android 6.0.1; Nexus 5X Build/MMB29P) AppleWebKit/537.36 (KHTML, like Gecko) Chrome/97.0.4692.71 Mobile Safari/537.36 (compatible; Googlebot/2.1; +http://www.google.com/bot.html)"
66.249.70.129 - - [18/Jan/2022:10:45:42 +0100] "GET /cds/rosarium.html HTTP/1.1" 304 - "-" "Mozilla/5.0 (Linux; Android 6.0.1; Nexus 5X Build/MMB29P) AppleWebKit/537.36 (KHTML, like Gecko) Chrome/97.0.4692.71 Mobile Safari/537.36 (compatible; Googlebot/2.1; +http://www.google.com/bot.html)"
85.25.177.187 - - [18/Jan/2022:11:03:34 +0100] "GET /buecher/index.html HTTP/1.1" 200 25885 "-" "Mozilla/5.0 (X11; Linux x86_64; rv:81.0) Gecko/20100101 Firefox/81.0"
20.75.128.100 - - [18/Jan/2022:11:04:38 +0100] "GET /gotteslob/gotteslob_alle.jpg HTTP/1.1" 200 24560 "-" "Mozilla/5.0 (Windows NT 10.0; Win64; x64) AppleWebKit/537.36 (KHTML, like Gecko) Chrome/76.0.3809.100 Safari/537.36"
85.25.177.187 - - [18/Jan/2022:11:08:53 +0100] "GET /cds/ignatius.html HTTP/1.1" 200 6576 "-" "Mozilla/5.0 (X11; Linux x86_64; rv:81.0) Gecko/20100101 Firefox/81.0"
85.25.177.187 - - [18/Jan/2022:11:24:43 +0100] "GET /buecher/rezensionen_le_saulchoir.html HTTP/1.1" 200 34009 "-" "Mozilla/5.0 (X11; Linux x86_64; rv:81.0) Gecko/20100101 Firefox/81.0"
66.249.70.135 - - [18/Jan/2022:11:30:43 +0100] "GET /sonderthemen/sk2001.pdf HTTP/1.1" 200 3098589 "-" "Mozilla/5.0 (compatible; Googlebot/2.1; +http://www.google.com/bot.html)"
107.150.28.147 - - [18/Jan/2022:11:39:32 +0100] "GET / HTTP/1.0" 200 9360 "https://potolki.kr.ua/%d0%ba%d0%be%d0%bd%d1%82%d0%b0%d0%ba%d1%82%d1%8b/" "Mozilla/5.0 (Windows NT 10.0; Win64; x64) AppleWebKit/537.36 (KHTML, like Gecko) Chrome/90.0.4430.85 Safari/537.36 Edg/90.0.818.49"
66.249.70.132 - - [18/Jan/2022:11:42:43 +0100] "GET /buecher/rezensionen_le_saulchoir.html HTTP/1.1" 304 - "-" "Mozilla/5.0 (Linux; Android 6.0.1; Nexus 5X Build/MMB29P) AppleWebKit/537.36 (KHTML, like Gecko) Chrome/97.0.4692.71 Mobile Safari/537.36 (compatible; Googlebot/2.1; +http://www.google.com/bot.html)"
185.154.14.108 - - [18/Jan/2022:11:51:14 +0100] "HEAD / HTTP/1.1" 200 - "https://luxrental.com.ua/" "Mozilla/3.0 (compatible; MSIE4.00; Windows 2007)"
157.55.39.122 - - [18/Jan/2022:12:42:35 +0100] "GET /sonderthemen/sk2002.pdf HTTP/1.1" 200 2628923 "-" "Mozilla/5.0 (iPhone; CPU iPhone OS 7_0 like Mac OS X) AppleWebKit/537.51.1 (KHTML, like Gecko) Version/7.0 Mobile/11A465 Safari/9537.53 (compatible; bingbot/2.0; +http://www.bing.com/bingbot.htm)"
66.249.70.132 - - [18/Jan/2022:12:52:40 +0100] "GET / HTTP/1.1" 200 9360 "-" "Mozilla/5.0 (Linux; Android 6.0.1; Nexus 5X Build/MMB29P) AppleWebKit/537.36 (KHTML, like Gecko) Chrome/97.0.4692.71 Mobile Safari/537.36 (compatible; Googlebot/2.1; +http://www.google.com/bot.html)"
85.25.177.187 - - [18/Jan/2022:13:30:30 +0100] "GET /buecher/rezensionen_le_saulchoir.html HTTP/1.1" 200 34009 "-" "Mozilla/5.0 (X11; Linux x86_64; rv:81.0) Gecko/20100101 Firefox/81.0"
40.77.167.53 - - [18/Jan/2022:13:31:15 +0100] "GET / HTTP/1.1" 200 9360 "-" "Mozilla/5.0 (compatible; bingbot/2.0; +http://www.bing.com/bingbot.htm)"
54.36.148.3 - - [18/Jan/2022:13:32:29 +0100] "GET /buecher/rezensionen_psalmen.html HTTP/1.1" 200 6787 "-" "Mozilla/5.0 (compatible; AhrefsBot/7.0; +http://ahrefs.com/robot/)"
66.249.70.129 - - [18/Jan/2022:13:37:40 +0100] "GET /sonderthemen/oeaz2001.pdf HTTP/1.1" 304 - "-" "Mozilla/5.0 (compatible; Googlebot/2.1; +http://www.google.com/bot.html)"
185.181.61.24 - - [18/Jan/2022:13:56:33 +0100] "GET /index.html HTTP/1.1" 200 9360 "-" "Mozilla/5.0 (Windows NT 10.0; Win64; x64) AppleWebKit/537.36 (KHTML, like Gecko) Chrome/91.0.4472.114 Safari/537.36 Edg/91.0.864.54"
40.77.167.6 - - [18/Jan/2022:14:11:13 +0100] "GET /buecher/gesichter/19.jpg HTTP/1.1" 200 8281 "-" "Mozilla/5.0 (compatible; bingbot/2.0; +http://www.bing.com/bingbot.htm)"
185.119.81.98 - - [18/Jan/2022:14:16:46 +0100] "GET / HTTP/1.1" 200 9360 "-" "Mozilla/5.0 (Windows NT 10.0; Win64; x64) AppleWebKit/537.36 (KHTML, like Gecko) Chrome/74.0.3729.169 Safari/537.36"
