85.25.177.187 - - [22/Jan/2022:16:05:44 +0100] "GET /sonderthemen/oekt_extra2.pdf HTTP/1.1" 200 1939949 "-" "Mozilla/5.0 (X11; Linux x86_64; rv:81.0) Gecko/20100101 Firefox/81.0"
144.76.162.206 - - [22/Jan/2022:16:06:38 +0100] "GET /sonderthemen/sk2001.pdf HTTP/1.1" 200 3098589 "-" "Mozilla/5.0 (Windows NT 6.1; Win64; x64) AppleWebKit/537.36 (KHTML, like Gecko) Chrome/87.0.4280.66 Safari/537.36"
85.25.177.187 - - [22/Jan/2022:16:10:37 +0100] "GET /cds/glockenspiel1.html HTTP/1.1" 200 9736 "-" "Mozilla/5.0 (X11; Linux x86_64; rv:81.0) Gecko/20100101 Firefox/81.0"
85.25.177.187 - - [22/Jan/2022:16:14:46 +0100] "GET /index.html HTTP/1.1" 200 9360 "-" "Mozilla/5.0 (X11; Linux x86_64; rv:81.0) Gecko/20100101 Firefox/81.0"
85.25.177.187 - - [22/Jan/2022:16:15:49 +0100] "GET /cds/lumina.html HTTP/1.1" 200 9000 "-" "Mozilla/5.0 (X11; Linux x86_64; rv:81.0) Gecko/20100101 Firefox/81.0"
216.244.66.237 - - [22/Jan/2022:16:17:06 +0100] "GET /robots.txt HTTP/1.1" 200 100 "-" "Mozilla/5.0 (compatible; DotBot/1.2; +https://opensiteexplorer.org/dotbot; help@moz.com)"
85.25.177.187 - - [22/Jan/2022:16:20:39 +0100] "GET /buecher/rezensionen_ignatius.html HTTP/1.1" 200 8182 "-" "Mozilla/5.0 (X11; Linux x86_64; rv:81.0) Gecko/20100101 Firefox/81.0"
216.244.66.237 - - [22/Jan/2022:16:21:32 +0100] "GET /buecher/ HTTP/1.1" 200 25885 "-" "Mozilla/5.0 (compatible; DotBot/1.2; +https://opensiteexplorer.org/dotbot; help@moz.com)"
85.25.177.187 - - [22/Jan/2022:16:21:41 +0100] "GET /buecher/bestellung.php HTTP/1.1" 200 10142 "-" "Mozilla/5.0 (X11; Linux x86_64; rv:81.0) Gecko/20100101 Firefox/81.0"
216.244.66.237 - - [22/Jan/2022:16:21:55 +0100] "GET /buecher/rezensionen_ignatius.html HTTP/1.1" 200 8182 "-" "Mozilla/5.0 (compatible; DotBot/1.2; +https://opensiteexplorer.org/dotbot; help@moz.com)"
85.25.177.187 - - [22/Jan/2022:16:24:48 +0100] "GET /sonderthemen/oekt_extra1.pdf HTTP/1.1" 200 1849015 "-" "Mozilla/5.0 (X11; Linux x86_64; rv:81.0) Gecko/20100101 Firefox/81.0"
85.25.177.187 - - [22/Jan/2022:16:25:34 +0100] "GET /sonderthemen/archiv.html HTTP/1.1" 200 6959 "-" "Mozilla/5.0 (X11; Linux x86_64; rv:81.0) Gecko/20100101 Firefox/81.0"
85.25.177.187 - - [22/Jan/2022:16:26:33 +0100] "GET /sonderthemen/oekz2003_s01.pdf HTTP/1.1" 200 66807 "-" "Mozilla/5.0 (X11; Linux x86_64; rv:81.0) Gecko/20100101 Firefox/81.0"
85.25.177.187 - - [22/Jan/2022:16:29:25 +0100] "GET /sonderthemen/oekt_extra3.pdf HTTP/1.1" 200 2109745 "-" "Mozilla/5.0 (X11; Linux x86_64; rv:81.0) Gecko/20100101 Firefox/81.0"
85.25.177.187 - - [22/Jan/2022:16:30:10 +0100] "GET /sonderthemen/presse.html HTTP/1.1" 200 5772 "-" "Mozilla/5.0 (X11; Linux x86_64; rv:81.0) Gecko/20100101 Firefox/81.0"
85.25.177.187 - - [22/Jan/2022:16:30:47 +0100] "GET /sonderthemen/az2003.pdf HTTP/1.1" 200 4864675 "-" "Mozilla/5.0 (X11; Linux x86_64; rv:81.0) Gecko/20100101 Firefox/81.0"
85.25.177.187 - - [22/Jan/2022:16:34:38 +0100] "GET /buecher/rezensionen_ungeteilt.html HTTP/1.1" 200 9764 "-" "Mozilla/5.0 (X11; Linux x86_64; rv:81.0) Gecko/20100101 Firefox/81.0"
85.25.177.187 - - [22/Jan/2022:16:35:31 +0100] "GET /sonderthemen/az1999.pdf HTTP/1.1" 200 1842982 "-" "Mozilla/5.0 (X11; Linux x86_64; rv:81.0) Gecko/20100101 Firefox/81.0"
85.25.177.187 - - [22/Jan/2022:16:35:51 +0100] "GET /sonderthemen/az2000.pdf HTTP/1.1" 200 2253581 "-" "Mozilla/5.0 (X11; Linux x86_64; rv:81.0) Gecko/20100101 Firefox/81.0"
85.25.177.187 - - [22/Jan/2022:16:40:07 +0100] "GET /sonderthemen/sk2000.pdf HTTP/1.1" 200 2925489 "-" "Mozilla/5.0 (X11; Linux x86_64; rv:81.0) Gecko/20100101 Firefox/81.0"
85.25.177.187 - - [22/Jan/2022:16:40:52 +0100] "GET /sonderthemen/oeaz2001.pdf HTTP/1.1" 200 4496626 "-" "Mozilla/5.0 (X11; Linux x86_64; rv:81.0) Gecko/20100101 Firefox/81.0"
85.25.177.187 - - [22/Jan/2022:16:41:39 +0100] "GET /sonderthemen/sk2001.pdf HTTP/1.1" 200 3098589 "-" "Mozilla/5.0 (X11; Linux x86_64; rv:81.0) Gecko/20100101 Firefox/81.0"
85.25.177.187 - - [22/Jan/2022:16:44:25 +0100] "GET /sonderthemen/oeaz2002.pdf HTTP/1.1" 200 3161455 "-" "Mozilla/5.0 (X11; Linux x86_64; rv:81.0) Gecko/20100101 Firefox/81.0"
85.25.177.187 - - [22/Jan/2022:16:45:24 +0100] "GET /sonderthemen/sk2002.pdf HTTP/1.1" 200 2628923 "-" "Mozilla/5.0 (X11; Linux x86_64; rv:81.0) Gecko/20100101 Firefox/81.0"
88.198.41.229 - - [22/Jan/2022:16:52:37 +0100] "GET /sonderthemen/az2000.pdf HTTP/1.1" 200 2253581 "-" "Mozilla/5.0 (Macintosh; Intel Mac OS X 10_15_6) AppleWebKit/605.1.15 (KHTML, like Gecko) Version/13.1.2 Safari/605.1.15"
216.244.66.237 - - [22/Jan/2022:17:10:55 +0100] "GET /robots.txt HTTP/1.1" 200 100 "-" "Mozilla/5.0 (compatible; DotBot/1.2; +https://opensiteexplorer.org/dotbot; help@moz.com)"
216.244.66.237 - - [22/Jan/2022:17:19:36 +0100] "GET /sonntagszeitung/index.html HTTP/1.1" 404 2381 "-" "Mozilla/5.0 (compatible; DotBot/1.2; +https://opensiteexplorer.org/dotbot; help@moz.com)"
157.55.39.82 - - [22/Jan/2022:17:22:04 +0100] "GET /robots.txt HTTP/1.1" 200 100 "-" "Mozilla/5.0 (compatible; bingbot/2.0; +http://www.bing.com/bingbot.htm)"
207.46.13.47 - - [22/Jan/2022:17:22:09 +0100] "GET /buecher/gesichter/06.jpg HTTP/1.1" 200 8732 "-" "Mozilla/5.0 (compatible; bingbot/2.0; +http://www.bing.com/bingbot.htm)"
78.46.94.83 - - [22/Jan/2022:18:10:19 +0100] "GET /sonderthemen/sk2001.pdf HTTP/1.1" 200 3098589 "-" "Mozilla/5.0 (Windows NT 10.0; rv:78.0) Gecko/20100101 Firefox/78.0"
168.119.69.91 - - [22/Jan/2022:18:10:34 +0100] "GET /sonderthemen/sk2001.pdf HTTP/1.1" 200 3098589 "-" "Mozilla/5.0 (Macintosh; Intel Mac OS X 10_15_6) AppleWebKit/605.1.15 (KHTML, like Gecko) Version/13.1.2 Safari/605.1.15"
168.119.69.91 - - [22/Jan/2022:18:10:49 +0100] "GET /sonderthemen/sk2001.pdf HTTP/1.1" 200 3098589 "-" "Mozilla/5.0 (Windows NT 10.0; Win64; x64) AppleWebKit/537.36 (KHTML, like Gecko) Chrome/86.0.4240.198 Safari/537.36"
17.121.112.187 - - [22/Jan/2022:18:37:08 +0100] "GET /buecher/rezensionen_chateaubriand.html HTTP/1.1" 200 47317 "-" "Mozilla/5.0 (Macintosh; Intel Mac OS X 10_15_5) AppleWebKit/605.1.15 (KHTML, like Gecko) Version/13.1.1 Safari/605.1.15 (Applebot/0.1; +http://www.apple.com/go/applebot)"
51.222.253.1 - - [22/Jan/2022:18:37:21 +0100] "GET /robots.txt HTTP/1.1" 200 100 "-" "Mozilla/5.0 (compatible; AhrefsBot/7.0; +http://ahrefs.com/robot/)"
54.36.148.117 - - [22/Jan/2022:18:37:22 +0100] "GET /impressum.html HTTP/1.1" 200 2808 "-" "Mozilla/5.0 (compatible; AhrefsBot/7.0; +http://ahrefs.com/robot/)"
185.154.14.142 - - [22/Jan/2022:18:41:16 +0100] "HEAD / HTTP/1.1" 200 - "https://sf-auto.jp/hyundai/" "Mozilla/7.0 (compatible; MSIE4.00; Windows 2007)"
185.154.14.248 - - [22/Jan/2022:18:41:16 +0100] "HEAD / HTTP/1.1" 200 - "https://volvogrupp-a.se/subaru/" "Mozilla/4.0 (compatible; MSIE5.00; Windows 2004)"
185.253.7.223 - - [22/Jan/2022:18:41:16 +0100] "HEAD / HTTP/1.1" 200 - "https://recepti-mami.ru" "Mozilla/3.0 (compatible; MSIE3.00; Windows 2004)"
185.253.7.224 - - [22/Jan/2022:18:41:16 +0100] "HEAD / HTTP/1.1" 200 - "https://okrujaushiy-mir.ru" "Mozilla/7.0 (compatible; MSIE3.00; Windows 2006)"
185.253.7.227 - - [22/Jan/2022:18:41:16 +0100] "HEAD / HTTP/1.1" 200 - "https://nieuweautos.com/kia/" "Mozilla/7.0 (compatible; MSIE3.00; Windows 2003)"
185.154.14.148 - - [22/Jan/2022:18:41:17 +0100] "HEAD / HTTP/1.1" 200 - "https://motorsport-live.de/ktm/" "Mozilla/3.0 (compatible; MSIE5.00; Windows 2002)"
185.154.14.108 - - [22/Jan/2022:18:41:18 +0100] "HEAD / HTTP/1.1" 200 - "https://turgunov.ru/treningi-prodazh/" "Mozilla/4.0 (compatible; MSIE7.00; Windows 2006)"
185.231.68.36 - - [22/Jan/2022:18:52:45 +0100] "HEAD / HTTP/1.1" 200 - "https://hdon.ge/" "Mozilla/7.0 (compatible; MSIE2.00; Windows 2003)"
178.63.51.106 - - [22/Jan/2022:18:56:34 +0100] "GET /cds/ignatius.html HTTP/1.1" 200 6576 "-" "Mozilla/5.0 (Windows NT 10.0; Win64; x64) AppleWebKit/537.36 (KHTML, like Gecko) Chrome/87.0.4280.88 Safari/537.36 Edg/87.0.664.57"
46.4.83.150 - - [22/Jan/2022:18:56:34 +0100] "GET /buecher/rezensionen_ignatius.html HTTP/1.1" 200 8182 "-" "Mozilla/5.0 (Windows NT 6.1; Win64; x64) AppleWebKit/537.36 (KHTML, like Gecko) Chrome/86.0.4240.198 Safari/537.36 OPR/72.0.3815.400"
216.244.66.237 - - [22/Jan/2022:19:01:00 +0100] "GET /robots.txt HTTP/1.1" 200 100 "-" "Mozilla/5.0 (compatible; DotBot/1.2; +https://opensiteexplorer.org/dotbot; help@moz.com)"
216.244.66.237 - - [22/Jan/2022:19:06:54 +0100] "GET /cds/rosarium.html HTTP/1.1" 200 6680 "-" "Mozilla/5.0 (compatible; DotBot/1.2; +https://opensiteexplorer.org/dotbot; help@moz.com)"
157.55.39.82 - - [22/Jan/2022:20:02:17 +0100] "GET /robots.txt HTTP/1.1" 200 100 "-" "Mozilla/5.0 (compatible; bingbot/2.0; +http://www.bing.com/bingbot.htm)"
207.46.13.47 - - [22/Jan/2022:20:02:26 +0100] "GET /buecher/gesichter/27.jpg HTTP/1.1" 200 8110 "-" "Mozilla/5.0 (compatible; bingbot/2.0; +http://www.bing.com/bingbot.htm)"
148.251.50.77 - - [22/Jan/2022:20:15:55 +0100] "GET /sonderthemen/az2000.pdf HTTP/1.1" 200 2253581 "-" "Mozilla/5.0 (X11; Linux x86_64) AppleWebKit/537.36 (KHTML, like Gecko) Chrome/87.0.4280.66 Safari/537.36"
40.77.167.34 - - [22/Jan/2022:20:20:40 +0100] "GET /buecher/gesichter/21.jpg HTTP/1.1" 200 7433 "-" "Mozilla/5.0 (compatible; bingbot/2.0; +http://www.bing.com/bingbot.htm)"
88.198.41.229 - - [22/Jan/2022:20:20:54 +0100] "GET /buecher/gesichter/11.jpg HTTP/1.1" 200 6175 "-" "Mozilla/5.0 (Macintosh; Intel Mac OS X 10.15; rv:83.0) Gecko/20100101 Firefox/83.0"
54.36.148.50 - - [22/Jan/2022:20:32:02 +0100] "GET / HTTP/1.1" 200 9360 "-" "Mozilla/5.0 (compatible; AhrefsBot/7.0; +http://ahrefs.com/robot/)"
40.77.167.53 - - [22/Jan/2022:20:33:05 +0100] "GET / HTTP/1.1" 200 9360 "-" "Mozilla/5.0 (compatible; bingbot/2.0; +http://www.bing.com/bingbot.htm)"
78.46.94.83 - - [22/Jan/2022:20:35:08 +0100] "GET /sonderthemen/sk2000.pdf HTTP/1.1" 200 2925489 "-" "Mozilla/5.0 (X11; Ubuntu; Linux x86_64; rv:84.0) Gecko/20100101 Firefox/84.0"
173.231.60.195 - - [22/Jan/2022:20:43:27 +0100] "GET /robots.txt HTTP/1.1" 200 100 "-" "Mozilla/5.0 (compatible; Adsbot/3.1; +https://seostar.co/robot/)"
173.231.60.195 - - [22/Jan/2022:20:43:32 +0100] "GET / HTTP/1.1" 200 9360 "-" "Mozilla/5.0 (compatible; Adsbot/3.1; +https://seostar.co/robot/)"
40.77.167.11 - - [22/Jan/2022:20:43:34 +0100] "GET /buecher/gesichter/24.jpg HTTP/1.1" 200 8021 "-" "Mozilla/5.0 (compatible; bingbot/2.0; +http://www.bing.com/bingbot.htm)"
173.231.60.195 - - [22/Jan/2022:20:43:38 +0100] "GET /buecher/ HTTP/1.1" 200 25885 "http://www.morusverlag.de/" "Mozilla/5.0 (compatible; Adsbot/3.1; +https://seostar.co/robot/)"
173.231.60.195 - - [22/Jan/2022:20:43:45 +0100] "GET /index.html HTTP/1.1" 200 9360 "http://www.morusverlag.de/" "Mozilla/5.0 (compatible; Adsbot/3.1; +https://seostar.co/robot/)"
173.231.60.195 - - [22/Jan/2022:20:43:51 +0100] "GET /cds/index.html HTTP/1.1" 200 7987 "http://www.morusverlag.de/" "Mozilla/5.0 (compatible; Adsbot/3.1; +https://seostar.co/robot/)"
173.231.60.195 - - [22/Jan/2022:20:43:57 +0100] "GET /impressum.html HTTP/1.1" 200 2808 "http://www.morusverlag.de/" "Mozilla/5.0 (compatible; Adsbot/3.1; +https://seostar.co/robot/)"
173.231.60.195 - - [22/Jan/2022:20:44:03 +0100] "GET /cds/ignatius.html HTTP/1.1" 200 6576 "http://www.morusverlag.de/" "Mozilla/5.0 (compatible; Adsbot/3.1; +https://seostar.co/robot/)"
173.231.60.195 - - [22/Jan/2022:20:44:09 +0100] "GET /cds/rosarium.html HTTP/1.1" 200 6680 "http://www.morusverlag.de/" "Mozilla/5.0 (compatible; Adsbot/3.1; +https://seostar.co/robot/)"
173.231.60.195 - - [22/Jan/2022:20:44:14 +0100] "GET /buecher/index.html HTTP/1.1" 200 25885 "http://www.morusverlag.de/" "Mozilla/5.0 (compatible; Adsbot/3.1; +https://seostar.co/robot/)"
173.231.60.195 - - [22/Jan/2022:20:44:21 +0100] "GET /kontakt/index.html HTTP/1.1" 200 2896 "http://www.morusverlag.de/" "Mozilla/5.0 (compatible; Adsbot/3.1; +https://seostar.co/robot/)"
173.231.60.195 - - [22/Jan/2022:20:44:27 +0100] "GET /jahrbuch/index.html HTTP/1.1" 200 3956 "http://www.morusverlag.de/" "Mozilla/5.0 (compatible; Adsbot/3.1; +https://seostar.co/robot/)"
173.231.60.195 - - [22/Jan/2022:20:44:32 +0100] "GET /gotteslob/index.html HTTP/1.1" 200 2770 "http://www.morusverlag.de/" "Mozilla/5.0 (compatible; Adsbot/3.1; +https://seostar.co/robot/)"
173.231.60.195 - - [22/Jan/2022:20:44:39 +0100] "GET /buecher/bestellung.php HTTP/1.1" 200 10142 "http://www.morusverlag.de/" "Mozilla/5.0 (compatible; Adsbot/3.1; +https://seostar.co/robot/)"
173.231.60.195 - - [22/Jan/2022:20:44:44 +0100] "GET /buecher/diskussion.html HTTP/1.1" 200 9925 "http://www.morusverlag.de/" "Mozilla/5.0 (compatible; Adsbot/3.1; +https://seostar.co/robot/)"
173.231.60.195 - - [22/Jan/2022:20:44:51 +0100] "GET /sonderthemen/index.html HTTP/1.1" 200 7102 "http://www.morusverlag.de/" "Mozilla/5.0 (compatible; Adsbot/3.1; +https://seostar.co/robot/)"
173.231.60.195 - - [22/Jan/2022:20:44:58 +0100] "GET /cds/hymnos_akathistos.html HTTP/1.1" 200 11061 "http://www.morusverlag.de/" "Mozilla/5.0 (compatible; Adsbot/3.1; +https://seostar.co/robot/)"
173.231.60.195 - - [22/Jan/2022:20:45:04 +0100] "GET /buecher/rezensionen_engel.html HTTP/1.1" 200 6598 "http://www.morusverlag.de/" "Mozilla/5.0 (compatible; Adsbot/3.1; +https://seostar.co/robot/)"
173.231.60.195 - - [22/Jan/2022:20:45:10 +0100] "GET /buecher/rezensionen_psalmen.html HTTP/1.1" 200 6787 "http://www.morusverlag.de/" "Mozilla/5.0 (compatible; Adsbot/3.1; +https://seostar.co/robot/)"
173.231.60.195 - - [22/Jan/2022:20:45:16 +0100] "GET /buecher/rezensionen_preysing.html HTTP/1.1" 200 9502 "http://www.morusverlag.de/" "Mozilla/5.0 (compatible; Adsbot/3.1; +https://seostar.co/robot/)"
173.231.60.195 - - [22/Jan/2022:20:45:23 +0100] "GET /buecher/veroeffentlichungsliste.html HTTP/1.1" 200 129779 "http://www.morusverlag.de/" "Mozilla/5.0 (compatible; Adsbot/3.1; +https://seostar.co/robot/)"
173.231.60.195 - - [22/Jan/2022:20:45:29 +0100] "GET /buecher/rezensionen_le_saulchoir.html HTTP/1.1" 200 34009 "http://www.morusverlag.de/" "Mozilla/5.0 (compatible; Adsbot/3.1; +https://seostar.co/robot/)"
173.231.60.195 - - [22/Jan/2022:20:45:37 +0100] "GET /buecher/rezensionen_chateaubriand.html HTTP/1.1" 200 47317 "http://www.morusverlag.de/" "Mozilla/5.0 (compatible; Adsbot/3.1; +https://seostar.co/robot/)"
173.231.60.195 - - [22/Jan/2022:20:45:46 +0100] "GET /buecher/rezensionen_krise_zum_heil.html HTTP/1.1" 200 9828 "http://www.morusverlag.de/" "Mozilla/5.0 (compatible; Adsbot/3.1; +https://seostar.co/robot/)"
173.231.60.195 - - [22/Jan/2022:20:45:52 +0100] "GET /buecher/rezensionen_nicht_auf_sand_gebaut.html HTTP/1.1" 200 6594 "http://www.morusverlag.de/" "Mozilla/5.0 (compatible; Adsbot/3.1; +https://seostar.co/robot/)"
173.231.60.195 - - [22/Jan/2022:20:45:58 +0100] "GET /buecher/rezensionen_leiblichkeit_und_zeitlichkeit.html HTTP/1.1" 200 8821 "http://www.morusverlag.de/" "Mozilla/5.0 (compatible; Adsbot/3.1; +https://seostar.co/robot/)"
173.231.60.195 - - [22/Jan/2022:20:46:05 +0100] "GET /sonderthemen/ HTTP/1.1" 200 7102 "http://www.morusverlag.de/" "Mozilla/5.0 (compatible; Adsbot/3.1; +https://seostar.co/robot/)"
173.231.60.195 - - [22/Jan/2022:20:46:12 +0100] "GET /cds/astazi.html HTTP/1.1" 200 8453 "http://www.morusverlag.de/" "Mozilla/5.0 (compatible; Adsbot/3.1; +https://seostar.co/robot/)"
173.231.60.195 - - [22/Jan/2022:20:46:17 +0100] "GET /cds/lumina.html HTTP/1.1" 200 9000 "http://www.morusverlag.de/" "Mozilla/5.0 (compatible; Adsbot/3.1; +https://seostar.co/robot/)"
173.231.60.195 - - [22/Jan/2022:20:46:23 +0100] "GET /cds/glockenspiel1.html HTTP/1.1" 200 9736 "http://www.morusverlag.de/" "Mozilla/5.0 (compatible; Adsbot/3.1; +https://seostar.co/robot/)"
173.231.60.195 - - [22/Jan/2022:20:46:29 +0100] "GET /cds/glockenspiel2.html HTTP/1.1" 200 9831 "http://www.morusverlag.de/" "Mozilla/5.0 (compatible; Adsbot/3.1; +https://seostar.co/robot/)"
173.231.60.195 - - [22/Jan/2022:20:46:36 +0100] "GET /jahrbuch/bestellung.php HTTP/1.1" 200 10316 "http://www.morusverlag.de/" "Mozilla/5.0 (compatible; Adsbot/3.1; +https://seostar.co/robot/)"
173.231.60.195 - - [22/Jan/2022:20:46:43 +0100] "GET /buecher/rezensionen.html HTTP/1.1" 200 6964 "http://www.morusverlag.de/" "Mozilla/5.0 (compatible; Adsbot/3.1; +https://seostar.co/robot/)"
173.231.60.195 - - [22/Jan/2022:20:46:48 +0100] "GET /sonderthemen/archiv.html HTTP/1.1" 200 6959 "http://www.morusverlag.de/" "Mozilla/5.0 (compatible; Adsbot/3.1; +https://seostar.co/robot/)"
173.231.60.195 - - [22/Jan/2022:20:46:54 +0100] "GET /sonderthemen/presse.html HTTP/1.1" 200 5772 "http://www.morusverlag.de/" "Mozilla/5.0 (compatible; Adsbot/3.1; +https://seostar.co/robot/)"
173.231.60.195 - - [22/Jan/2022:20:47:00 +0100] "GET /jahrbuch/titelseiten/index.html HTTP/1.1" 200 6735 "http://www.morusverlag.de/" "Mozilla/5.0 (compatible; Adsbot/3.1; +https://seostar.co/robot/)"
173.231.60.195 - - [22/Jan/2022:20:47:07 +0100] "GET /buecher/rezensionen_ignatius.html HTTP/1.1" 200 8182 "http://www.morusverlag.de/" "Mozilla/5.0 (compatible; Adsbot/3.1; +https://seostar.co/robot/)"
173.231.60.195 - - [22/Jan/2022:20:47:13 +0100] "GET /buecher/rezensionen_ungeteilt.html HTTP/1.1" 200 9764 "http://www.morusverlag.de/" "Mozilla/5.0 (compatible; Adsbot/3.1; +https://seostar.co/robot/)"
144.76.102.243 - - [22/Jan/2022:20:57:50 +0100] "GET /sonderthemen/oeaz2002.pdf HTTP/1.1" 200 3161455 "-" "Mozilla/5.0 (X11; Ubuntu; Linux x86_64; rv:82.0) Gecko/20100101 Firefox/82.0"
178.63.51.106 - - [22/Jan/2022:20:57:35 +0100] "GET /sonderthemen/oeaz2002.pdf HTTP/1.1" 200 3161455 "-" "Mozilla/5.0 (Windows NT 10.0; Win64; x64) AppleWebKit/537.36 (KHTML, like Gecko) Chrome/87.0.4280.67 Safari/537.36"
66.249.70.135 - - [22/Jan/2022:21:28:31 +0100] "GET /sonderthemen/index.html HTTP/1.1" 304 - "-" "Mozilla/5.0 (Linux; Android 6.0.1; Nexus 5X Build/MMB29P) AppleWebKit/537.36 (KHTML, like Gecko) Chrome/97.0.4692.71 Mobile Safari/537.36 (compatible; Googlebot/2.1; +http://www.google.com/bot.html)"
84.177.213.183 - - [22/Jan/2022:22:43:35 +0100] "GET /sonderthemen/oekt_extra1.pdf HTTP/1.1" 206 16384 "https://www.google.com/" "Mozilla/5.0 (Macintosh; Intel Mac OS X 10_15_7) AppleWebKit/605.1.15 (KHTML, like Gecko) Version/15.2 Safari/605.1.15"
84.177.213.183 - - [22/Jan/2022:22:43:35 +0100] "GET /sonderthemen/oekt_extra1.pdf HTTP/1.1" 206 1023 "https://www.google.com/" "Mozilla/5.0 (Macintosh; Intel Mac OS X 10_15_7) AppleWebKit/605.1.15 (KHTML, like Gecko) Version/15.2 Safari/605.1.15"
84.177.213.183 - - [22/Jan/2022:22:43:35 +0100] "GET /sonderthemen/oekt_extra1.pdf HTTP/1.1" 416 426 "https://www.google.com/" "Mozilla/5.0 (Macintosh; Intel Mac OS X 10_15_7) AppleWebKit/605.1.15 (KHTML, like Gecko) Version/15.2 Safari/605.1.15"
84.177.213.183 - - [22/Jan/2022:22:43:35 +0100] "GET /sonderthemen/oekt_extra1.pdf HTTP/1.1" 206 13930 "https://www.google.com/" "Mozilla/5.0 (Macintosh; Intel Mac OS X 10_15_7) AppleWebKit/605.1.15 (KHTML, like Gecko) Version/15.2 Safari/605.1.15"
84.177.213.183 - - [22/Jan/2022:22:43:34 +0100] "GET /sonderthemen/oekt_extra1.pdf HTTP/1.1" 200 1849015 "https://www.google.com/" "Mozilla/5.0 (Macintosh; Intel Mac OS X 10_15_7) AppleWebKit/605.1.15 (KHTML, like Gecko) Version/15.2 Safari/605.1.15"
84.177.213.183 - - [22/Jan/2022:22:43:35 +0100] "GET /favicon.ico HTTP/1.1" 200 4286 "http://www.morusverlag.de/sonderthemen/oekt_extra1.pdf" "Mozilla/5.0 (Macintosh; Intel Mac OS X 10_15_7) AppleWebKit/605.1.15 (KHTML, like Gecko) Version/15.2 Safari/605.1.15"
144.76.38.10 - - [22/Jan/2022:22:52:46 +0100] "GET /robots.txt HTTP/1.1" 200 100 "-" "Mozilla/5.0 (compatible; MJ12bot/v1.4.8; http://mj12bot.com/)"
144.76.38.10 - - [22/Jan/2022:22:52:48 +0100] "GET /buecher/index.html HTTP/1.1" 200 25885 "-" "Mozilla/5.0 (compatible; MJ12bot/v1.4.8; http://mj12bot.com/)"
144.76.38.10 - - [22/Jan/2022:22:52:50 +0100] "GET /cds/index.html HTTP/1.1" 200 7987 "-" "Mozilla/5.0 (compatible; MJ12bot/v1.4.8; http://mj12bot.com/)"
144.76.38.10 - - [22/Jan/2022:22:52:52 +0100] "GET /impressum.html HTTP/1.1" 200 2808 "-" "Mozilla/5.0 (compatible; MJ12bot/v1.4.8; http://mj12bot.com/)"
144.76.38.10 - - [22/Jan/2022:22:52:54 +0100] "GET /jahrbuch/index.html HTTP/1.1" 200 3956 "-" "Mozilla/5.0 (compatible; MJ12bot/v1.4.8; http://mj12bot.com/)"
144.76.38.10 - - [22/Jan/2022:22:52:56 +0100] "GET /sonderthemen/index.html HTTP/1.1" 200 7102 "-" "Mozilla/5.0 (compatible; MJ12bot/v1.4.8; http://mj12bot.com/)"
185.181.61.24 - - [22/Jan/2022:23:04:55 +0100] "GET /rezensionen_chateaubriand.html HTTP/1.1" 404 2381 "-" "Mozilla/5.0 (Windows NT 10.0; Win64; x64) AppleWebKit/537.36 (KHTML, like Gecko) Chrome/91.0.4472.114 Safari/537.36 Edg/91.0.864.54"
192.99.15.199 - - [22/Jan/2022:23:13:07 +0100] "GET /robots.txt HTTP/1.1" 200 100 "-" "Mozilla/5.0 (compatible; MJ12bot/v1.4.8; http://mj12bot.com/)"
192.99.15.199 - - [22/Jan/2022:23:13:08 +0100] "GET /gotteslob/index.html HTTP/1.1" 200 2770 "-" "Mozilla/5.0 (compatible; MJ12bot/v1.4.8; http://mj12bot.com/)"
192.99.15.199 - - [22/Jan/2022:23:13:10 +0100] "GET /kontakt/index.html HTTP/1.1" 200 2896 "-" "Mozilla/5.0 (compatible; MJ12bot/v1.4.8; http://mj12bot.com/)"
216.244.66.237 - - [22/Jan/2022:23:37:40 +0100] "GET /robots.txt HTTP/1.1" 200 100 "-" "Mozilla/5.0 (compatible; DotBot/1.2; +https://opensiteexplorer.org/dotbot; help@moz.com)"
216.244.66.237 - - [22/Jan/2022:23:43:52 +0100] "GET /sonderthemen/presse.html HTTP/1.1" 200 5772 "-" "Mozilla/5.0 (compatible; DotBot/1.2; +https://opensiteexplorer.org/dotbot; help@moz.com)"
157.55.39.82 - - [23/Jan/2022:00:01:56 +0100] "GET /robots.txt HTTP/1.1" 200 100 "-" "Mozilla/5.0 (compatible; bingbot/2.0; +http://www.bing.com/bingbot.htm)"
207.46.13.47 - - [23/Jan/2022:00:01:59 +0100] "GET /buecher/gesichter/12.jpg HTTP/1.1" 200 6460 "-" "Mozilla/5.0 (compatible; bingbot/2.0; +http://www.bing.com/bingbot.htm)"
88.198.90.9 - - [23/Jan/2022:00:32:00 +0100] "GET /sonderthemen/oekt_extra1.pdf HTTP/1.1" 200 1849015 "-" "Mozilla/5.0 (Macintosh; Intel Mac OS X 10_15_5) AppleWebKit/537.36 (KHTML, like Gecko) Chrome/86.0.4240.198 Safari/537.36"
88.198.241.59 - - [23/Jan/2022:00:52:21 +0100] "GET / HTTP/1.1" 200 9360 "-" "Python-urllib/2.7"
78.46.94.83 - - [23/Jan/2022:00:55:08 +0100] "GET /sonderthemen/oekt_extra1.pdf HTTP/1.1" 200 1849015 "-" "Mozilla/5.0 (Windows NT 10.0; Win64; x64) AppleWebKit/537.36 (KHTML, like Gecko) Chrome/85.0.4183.121 Safari/537.36"
202.61.253.63 - - [23/Jan/2022:01:58:17 +0100] "GET /robots.txt HTTP/1.1" 200 100 "-" "Mozilla/5.0 (compatible; MJ12bot/v1.4.8; http://mj12bot.com/)"
202.61.253.63 - - [23/Jan/2022:01:58:19 +0100] "GET /cds/astazi.html HTTP/1.1" 200 8453 "-" "Mozilla/5.0 (compatible; MJ12bot/v1.4.8; http://mj12bot.com/)"
202.61.253.63 - - [23/Jan/2022:01:58:21 +0100] "GET /cds/glockenspiel1.html HTTP/1.1" 200 9736 "-" "Mozilla/5.0 (compatible; MJ12bot/v1.4.8; http://mj12bot.com/)"
202.61.253.63 - - [23/Jan/2022:01:58:23 +0100] "GET /cds/glockenspiel2.html HTTP/1.1" 200 9831 "-" "Mozilla/5.0 (compatible; MJ12bot/v1.4.8; http://mj12bot.com/)"
202.61.253.63 - - [23/Jan/2022:01:58:24 +0100] "GET /cds/lumina.html HTTP/1.1" 200 9000 "-" "Mozilla/5.0 (compatible; MJ12bot/v1.4.8; http://mj12bot.com/)"
138.201.11.237 - - [23/Jan/2022:02:18:47 +0100] "GET /sonderthemen/oekt_extra3.pdf HTTP/1.1" 200 2109745 "-" "Mozilla/5.0 (Windows NT 10.0; Win64; x64; rv:82.0) Gecko/20100101 Firefox/82.0"
23.100.232.233 - - [23/Jan/2022:02:26:02 +0100] "GET /buecher/index.html HTTP/1.1" 200 25885 "-" "Mozilla/5.0 (compatible; MSIE 9.0; Windows NT 6.1; Trident/5.0; Trident/5.0)"
23.100.232.233 - - [23/Jan/2022:02:26:04 +0100] "GET /main.css HTTP/1.1" 200 1439 "http://www.morusverlag.de/buecher/index.html" "Mozilla/5.0 (compatible; MSIE 9.0; Windows NT 6.1; Trident/5.0; Trident/5.0)"
23.100.232.233 - - [23/Jan/2022:02:26:04 +0100] "GET /contentflow/contentflow.js HTTP/1.1" 200 42064 "http://www.morusverlag.de/buecher/index.html" "Mozilla/5.0 (compatible; MSIE 9.0; Windows NT 6.1; Trident/5.0; Trident/5.0)"
23.100.232.233 - - [23/Jan/2022:02:26:05 +0100] "GET /contentflow/contentflow.css HTTP/1.1" 200 3109 "http://www.morusverlag.de/buecher/index.html" "Mozilla/5.0 (compatible; MSIE 9.0; Windows NT 6.1; Trident/5.0; Trident/5.0)"
23.100.232.233 - - [23/Jan/2022:02:26:05 +0100] "GET /contentflow/mycontentflow.css HTTP/1.1" 404 2381 "http://www.morusverlag.de/buecher/index.html" "Mozilla/5.0 (compatible; MSIE 9.0; Windows NT 6.1; Trident/5.0; Trident/5.0)"
23.100.232.233 - - [23/Jan/2022:02:26:06 +0100] "GET /contentflow/ContentFlowAddOn_white.js HTTP/1.1" 200 471 "http://www.morusverlag.de/buecher/index.html" "Mozilla/5.0 (compatible; MSIE 9.0; Windows NT 6.1; Trident/5.0; Trident/5.0)"
23.100.232.233 - - [23/Jan/2022:02:26:06 +0100] "GET /contentflow/ContentFlowAddOn_white.css HTTP/1.1" 200 3174 "http://www.morusverlag.de/buecher/index.html" "Mozilla/5.0 (compatible; MSIE 9.0; Windows NT 6.1; Trident/5.0; Trident/5.0)"
216.244.66.237 - - [23/Jan/2022:03:05:33 +0100] "GET /robots.txt HTTP/1.1" 200 100 "-" "Mozilla/5.0 (compatible; DotBot/1.2; +https://opensiteexplorer.org/dotbot; help@moz.com)"
216.244.66.237 - - [23/Jan/2022:03:11:18 +0100] "GET /buecher/gesichter.jpg HTTP/1.1" 200 7271 "-" "Mozilla/5.0 (compatible; DotBot/1.2; +https://opensiteexplorer.org/dotbot; help@moz.com)"
157.55.39.82 - - [23/Jan/2022:03:37:39 +0100] "GET /robots.txt HTTP/1.1" 200 100 "-" "Mozilla/5.0 (compatible; bingbot/2.0; +http://www.bing.com/bingbot.htm)"
40.77.167.11 - - [23/Jan/2022:03:37:45 +0100] "GET /cds/lumina.html HTTP/1.1" 200 9000 "-" "Mozilla/5.0 (compatible; bingbot/2.0; +http://www.bing.com/bingbot.htm)"
114.119.139.19 - - [23/Jan/2022:03:38:00 +0100] "GET / HTTP/1.1" 200 9360 "-" "Mozilla/5.0 (Linux; Android 7.0;) AppleWebKit/537.36 (KHTML, like Gecko) Mobile Safari/537.36 (compatible; PetalBot;+https://webmaster.petalsearch.com/site/petalbot)"
89.105.213.237 - - [23/Jan/2022:03:53:43 +0100] "HEAD / HTTP/1.1" 200 - "https://kreditka.ru.com/" "Mozilla/8.0 (compatible; MSIE2.00; Windows 2007)"
114.119.139.88 - - [23/Jan/2022:04:03:04 +0100] "GET /robots.txt HTTP/1.1" 200 100 "-" "Mozilla/5.0 (compatible;PetalBot;+https://webmaster.petalsearch.com/site/petalbot)"
20.75.128.100 - - [23/Jan/2022:04:38:42 +0100] "GET /buecher/gesichter/28.jpg HTTP/1.1" 200 7684 "-" "Mozilla/5.0 (Windows NT 10.0; Win64; x64) AppleWebKit/537.36 (KHTML, like Gecko) Chrome/76.0.3809.100 Safari/537.36"
195.123.209.118 - - [23/Jan/2022:04:55:12 +0100] "GET / HTTP/1.1" 200 9360 "https://centro-prestamo.es/" "Mozilla/4.0 (compatible; MSIE 6.0; Windows NT 5.1; SV1; .NET CLR 1.0.3705; .NET CLR 1.1.4322; .NET CLR 2.0.40607)"
195.123.209.118 - - [23/Jan/2022:04:55:13 +0100] "GET / HTTP/1.1" 200 9360 "https://centro-prestamo.es/" "Mozilla/4.0 (compatible; MSIE 6.0; Windows NT 5.1; SV1; .NET CLR 1.0.3705; .NET CLR 1.1.4322; .NET CLR 2.0.40607)"
195.123.209.118 - - [23/Jan/2022:04:55:13 +0100] "GET / HTTP/1.1" 200 9360 "https://centro-prestamo.es/" "Mozilla/4.0 (compatible; MSIE 6.0; Windows NT 5.1; SV1; .NET CLR 1.0.3705; .NET CLR 1.1.4322; .NET CLR 2.0.40607)"
78.46.61.245 - - [23/Jan/2022:05:18:20 +0100] "GET /robots.txt HTTP/1.1" 200 100 "-" "Mozilla/5.0 (compatible; MJ12bot/v1.4.8; http://mj12bot.com/)"
78.46.61.245 - - [23/Jan/2022:05:18:29 +0100] "GET /buecher/index.html HTTP/1.1" 200 25885 "-" "Mozilla/5.0 (compatible; MJ12bot/v1.4.8; http://mj12bot.com/)"
78.46.61.245 - - [23/Jan/2022:05:19:04 +0100] "GET /cds/index.html HTTP/1.1" 200 7987 "-" "Mozilla/5.0 (compatible; MJ12bot/v1.4.8; http://mj12bot.com/)"
78.46.61.245 - - [23/Jan/2022:05:19:10 +0100] "GET /gotteslob/index.html HTTP/1.1" 200 2770 "-" "Mozilla/5.0 (compatible; MJ12bot/v1.4.8; http://mj12bot.com/)"
78.46.61.245 - - [23/Jan/2022:05:19:18 +0100] "GET /impressum.html HTTP/1.1" 200 2808 "-" "Mozilla/5.0 (compatible; MJ12bot/v1.4.8; http://mj12bot.com/)"
78.46.61.245 - - [23/Jan/2022:05:19:26 +0100] "GET /jahrbuch/index.html HTTP/1.1" 200 3956 "-" "Mozilla/5.0 (compatible; MJ12bot/v1.4.8; http://mj12bot.com/)"
78.46.61.245 - - [23/Jan/2022:05:19:33 +0100] "GET /kontakt/index.html HTTP/1.1" 200 2896 "-" "Mozilla/5.0 (compatible; MJ12bot/v1.4.8; http://mj12bot.com/)"
78.46.61.245 - - [23/Jan/2022:05:19:43 +0100] "GET /sonderthemen/index.html HTTP/1.1" 200 7102 "-" "Mozilla/5.0 (compatible; MJ12bot/v1.4.8; http://mj12bot.com/)"
54.36.148.7 - - [23/Jan/2022:06:00:40 +0100] "GET /index.html HTTP/1.1" 200 9360 "-" "Mozilla/5.0 (compatible; AhrefsBot/7.0; +http://ahrefs.com/robot/)"
89.105.213.182 - - [23/Jan/2022:06:03:31 +0100] "HEAD / HTTP/1.1" 200 - "https://www.modsgame.ru/" "Mozilla/5.0 (compatible; MSIE7.00; Windows 2006)"
45.88.79.149 - - [23/Jan/2022:06:56:21 +0100] "HEAD / HTTP/1.1" 200 - "https://studio-mint.net.by/uslugi-i-ceny/podbor-materialov-dlya-interera" "Mozilla/4.0 (compatible; MSIE5.00; Windows 2008)"
185.154.14.108 - - [23/Jan/2022:06:56:21 +0100] "HEAD / HTTP/1.1" 200 - "https://midas-buy.shop/shop/" "Mozilla/4.0 (compatible; MSIE2.00; Windows 2003)"
185.231.68.36 - - [23/Jan/2022:06:56:21 +0100] "HEAD / HTTP/1.1" 200 - "https://studio-mint.pro/uslugi-i-ceny/individualnoe-proektirovanie-domov-i-kottedzhey" "Mozilla/4.0 (compatible; MSIE3.00; Windows 2007)"
185.154.14.142 - - [23/Jan/2022:06:56:21 +0100] "HEAD / HTTP/1.1" 200 - "https://potolki-konkurent.ru/natyazhnyye-potolki-v-sestroretske" "Mozilla/6.0 (compatible; MSIE3.00; Windows 2004)"
185.154.14.248 - - [23/Jan/2022:06:56:21 +0100] "HEAD / HTTP/1.1" 200 - "https://studio-mint.com.ua/dizayn-proekt" "Mozilla/3.0 (compatible; MSIE2.00; Windows 2003)"
185.253.7.227 - - [23/Jan/2022:06:56:22 +0100] "HEAD / HTTP/1.1" 200 - "https://moskva.studio-mint.ru" "Mozilla/8.0 (compatible; MSIE4.00; Windows 2005)"
185.253.7.224 - - [23/Jan/2022:06:56:22 +0100] "HEAD / HTTP/1.1" 200 - "https://fores.lv/ru/vhodnye_dveri_v_kvartiru" "Mozilla/3.0 (compatible; MSIE6.00; Windows 2005)"
185.253.7.223 - - [23/Jan/2022:06:56:22 +0100] "HEAD / HTTP/1.1" 200 - "https://xn--80akjecndbdgx.xn--80aswg/%d0%bd%d0%b0%d0%bd%d0%be%d0%ba%d1%80%d0%b5%d0%bc%d0%bd%d0%b8%d0%b9/" "Mozilla/2.0 (compatible; MSIE6.00; Windows 2006)"
185.154.14.148 - - [23/Jan/2022:06:56:22 +0100] "HEAD / HTTP/1.1" 200 - "https://2gym.net/anatomiya-myshcy-spiny-cheloveka" "Mozilla/6.0 (compatible; MSIE3.00; Windows 2009)"
157.55.39.82 - - [23/Jan/2022:07:04:22 +0100] "GET /robots.txt HTTP/1.1" 200 100 "-" "Mozilla/5.0 (compatible; bingbot/2.0; +http://www.bing.com/bingbot.htm)"
40.77.167.53 - - [23/Jan/2022:07:04:25 +0100] "GET / HTTP/1.1" 200 9360 "-" "Mozilla/5.0 (compatible; bingbot/2.0; +http://www.bing.com/bingbot.htm)"
194.67.207.94 - - [23/Jan/2022:07:30:10 +0100] "HEAD / HTTP/1.1" 200 - "https://rieltor.club/search.php?operation=2&type_estate=1" "Mozilla/5.0 (compatible; MSIE7.00; Windows 2007)"
185.5.249.185 - - [23/Jan/2022:07:30:10 +0100] "HEAD / HTTP/1.1" 200 - "https://conciergetravel.am/oteli/" "Mozilla/8.0 (compatible; MSIE2.00; Windows 2002)"
45.132.107.248 - - [23/Jan/2022:07:49:03 +0100] "HEAD / HTTP/1.1" 200 - "https://ritual.nars.su/groby.html" "Mozilla/7.0 (compatible; MSIE7.00; Windows 2008)"
178.63.51.106 - - [23/Jan/2022:07:52:32 +0100] "GET /cds/astazi.html HTTP/1.1" 200 8453 "-" "Mozilla/5.0 (Windows NT 10.0; Win64; x64; rv:83.0) Gecko/20100101 Firefox/83.0"
185.125.219.13 - - [23/Jan/2022:08:06:20 +0100] "HEAD / HTTP/1.1" 200 - "https://turgunov.ru/" "Mozilla/7.0 (compatible; MSIE5.00; Windows 2005)"
94.142.141.230 - - [23/Jan/2022:08:06:20 +0100] "HEAD / HTTP/1.1" 200 - "https://bodylinespb.ru/" "Mozilla/3.0 (compatible; MSIE7.00; Windows 2003)"
194.67.210.77 - - [23/Jan/2022:08:06:21 +0100] "HEAD / HTTP/1.1" 200 - "https://luxrental.com.ua/" "Mozilla/3.0 (compatible; MSIE6.00; Windows 2006)"
216.244.66.237 - - [23/Jan/2022:08:16:21 +0100] "GET /robots.txt HTTP/1.1" 200 100 "-" "Mozilla/5.0 (compatible; DotBot/1.2; +https://opensiteexplorer.org/dotbot; help@moz.com)"
162.210.196.97 - - [23/Jan/2022:08:16:40 +0100] "GET /robots.txt HTTP/1.1" 200 100 "-" "Mozilla/5.0 (compatible; MJ12bot/v1.4.8; http://mj12bot.com/)"
162.210.196.97 - - [23/Jan/2022:08:16:43 +0100] "GET / HTTP/1.1" 200 9360 "-" "Mozilla/5.0 (compatible; MJ12bot/v1.4.8; http://mj12bot.com/)"
216.244.66.237 - - [23/Jan/2022:08:25:59 +0100] "GET /leserreisen/index.html HTTP/1.1" 404 2381 "-" "Mozilla/5.0 (compatible; DotBot/1.2; +https://opensiteexplorer.org/dotbot; help@moz.com)"
185.191.171.45 - - [23/Jan/2022:08:32:24 +0100] "GET /robots.txt HTTP/1.1" 200 100 "-" "Mozilla/5.0 (compatible; SemrushBot/7~bl; +http://www.semrush.com/bot.html)"
185.191.171.5 - - [23/Jan/2022:08:32:24 +0100] "GET /buecher/rezensionen_le_saulchoir.html HTTP/1.1" 200 34009 "-" "Mozilla/5.0 (compatible; SemrushBot/7~bl; +http://www.semrush.com/bot.html)"
17.121.113.126 - - [23/Jan/2022:08:45:06 +0100] "GET /robots.txt HTTP/1.1" 200 100 "-" "Mozilla/5.0 (Macintosh; Intel Mac OS X 10_15_5) AppleWebKit/605.1.15 (KHTML, like Gecko) Version/13.1.1 Safari/605.1.15 (Applebot/0.1; +http://www.apple.com/go/applebot)"
17.121.113.126 - - [23/Jan/2022:08:45:06 +0100] "GET / HTTP/1.1" 200 9360 "-" "Mozilla/5.0 (Macintosh; Intel Mac OS X 10_15_5) AppleWebKit/605.1.15 (KHTML, like Gecko) Version/13.1.1 Safari/605.1.15 (Applebot/0.1; +http://www.apple.com/go/applebot)"
144.76.162.206 - - [23/Jan/2022:08:51:25 +0100] "GET /sonderthemen/az1999.pdf HTTP/1.1" 200 1842982 "-" "Mozilla/5.0 (Windows NT 10.0; Win64; x64) AppleWebKit/537.36 (KHTML, like Gecko) Chrome/86.0.4240.193 Safari/537.36"
20.75.128.100 - - [23/Jan/2022:09:04:36 +0100] "GET /buecher/krise_zum_heil.jpg HTTP/1.1" 200 1930 "-" "Mozilla/5.0 (Windows NT 10.0; Win64; x64) AppleWebKit/537.36 (KHTML, like Gecko) Chrome/76.0.3809.100 Safari/537.36"
92.195.111.251 - - [23/Jan/2022:09:19:33 +0100] "GET /favicon.ico HTTP/1.1" 200 4286 "http://www.morusverlag.de/" "Mozilla/5.0 (Windows NT 6.1; Win64; x64; rv:96.0) Gecko/20100101 Firefox/96.0"
92.195.111.251 - - [23/Jan/2022:09:19:34 +0100] "GET /sonderthemen/sk2001.pdf HTTP/1.1" 206 18397 "https://www.google.com/" "Mozilla/5.0 (Windows NT 6.1; Win64; x64; rv:96.0) Gecko/20100101 Firefox/96.0"
92.195.111.251 - - [23/Jan/2022:09:19:34 +0100] "GET /sonderthemen/sk2001.pdf HTTP/1.1" 206 65536 "https://www.google.com/" "Mozilla/5.0 (Windows NT 6.1; Win64; x64; rv:96.0) Gecko/20100101 Firefox/96.0"
92.195.111.251 - - [23/Jan/2022:09:19:34 +0100] "GET /sonderthemen/sk2001.pdf HTTP/1.1" 206 65536 "https://www.google.com/" "Mozilla/5.0 (Windows NT 6.1; Win64; x64; rv:96.0) Gecko/20100101 Firefox/96.0"
92.195.111.251 - - [23/Jan/2022:09:19:34 +0100] "GET /sonderthemen/sk2001.pdf HTTP/1.1" 206 65536 "https://www.google.com/" "Mozilla/5.0 (Windows NT 6.1; Win64; x64; rv:96.0) Gecko/20100101 Firefox/96.0"
92.195.111.251 - - [23/Jan/2022:09:19:34 +0100] "GET /sonderthemen/sk2001.pdf HTTP/1.1" 206 65536 "https://www.google.com/" "Mozilla/5.0 (Windows NT 6.1; Win64; x64; rv:96.0) Gecko/20100101 Firefox/96.0"
92.195.111.251 - - [23/Jan/2022:09:19:35 +0100] "GET /sonderthemen/sk2001.pdf HTTP/1.1" 206 65536 "https://www.google.com/" "Mozilla/5.0 (Windows NT 6.1; Win64; x64; rv:96.0) Gecko/20100101 Firefox/96.0"
92.195.111.251 - - [23/Jan/2022:09:19:35 +0100] "GET /sonderthemen/sk2001.pdf HTTP/1.1" 206 65536 "https://www.google.com/" "Mozilla/5.0 (Windows NT 6.1; Win64; x64; rv:96.0) Gecko/20100101 Firefox/96.0"
92.195.111.251 - - [23/Jan/2022:09:19:35 +0100] "GET /sonderthemen/sk2001.pdf HTTP/1.1" 206 65536 "https://www.google.com/" "Mozilla/5.0 (Windows NT 6.1; Win64; x64; rv:96.0) Gecko/20100101 Firefox/96.0"
92.195.111.251 - - [23/Jan/2022:09:19:35 +0100] "GET /sonderthemen/sk2001.pdf HTTP/1.1" 206 65536 "https://www.google.com/" "Mozilla/5.0 (Windows NT 6.1; Win64; x64; rv:96.0) Gecko/20100101 Firefox/96.0"
92.195.111.251 - - [23/Jan/2022:09:19:35 +0100] "GET /sonderthemen/sk2001.pdf HTTP/1.1" 206 65536 "https://www.google.com/" "Mozilla/5.0 (Windows NT 6.1; Win64; x64; rv:96.0) Gecko/20100101 Firefox/96.0"
92.195.111.251 - - [23/Jan/2022:09:19:35 +0100] "GET /sonderthemen/sk2001.pdf HTTP/1.1" 206 65536 "https://www.google.com/" "Mozilla/5.0 (Windows NT 6.1; Win64; x64; rv:96.0) Gecko/20100101 Firefox/96.0"
92.195.111.251 - - [23/Jan/2022:09:19:33 +0100] "GET /sonderthemen/sk2001.pdf HTTP/1.1" 200 3098589 "https://www.google.com/" "Mozilla/5.0 (Windows NT 6.1; Win64; x64; rv:96.0) Gecko/20100101 Firefox/96.0"
92.195.111.251 - - [23/Jan/2022:09:23:02 +0100] "GET /favicon.ico HTTP/1.1" 200 4286 "http://www.morusverlag.de/" "Mozilla/5.0 (Windows NT 6.1; Win64; x64; rv:96.0) Gecko/20100101 Firefox/96.0"
92.195.111.251 - - [23/Jan/2022:09:28:01 +0100] "GET /favicon.ico HTTP/1.1" 200 4286 "http://www.morusverlag.de/" "Mozilla/5.0 (Windows NT 6.1; Win64; x64; rv:96.0) Gecko/20100101 Firefox/96.0"
92.195.111.251 - - [23/Jan/2022:09:30:03 +0100] "GET /favicon.ico HTTP/1.1" 200 4286 "http://www.morusverlag.de/" "Mozilla/5.0 (Windows NT 6.1; Win64; x64; rv:96.0) Gecko/20100101 Firefox/96.0"
185.191.171.9 - - [23/Jan/2022:09:32:53 +0100] "GET /robots.txt HTTP/1.1" 200 100 "-" "Mozilla/5.0 (compatible; SemrushBot/7~bl; +http://www.semrush.com/bot.html)"
185.191.171.24 - - [23/Jan/2022:09:32:53 +0100] "GET /impressum.html HTTP/1.1" 200 2808 "-" "Mozilla/5.0 (compatible; SemrushBot/7~bl; +http://www.semrush.com/bot.html)"
216.244.66.237 - - [23/Jan/2022:09:58:55 +0100] "GET /robots.txt HTTP/1.1" 200 100 "-" "Mozilla/5.0 (compatible; DotBot/1.2; +https://opensiteexplorer.org/dotbot; help@moz.com)"
208.100.26.236 - - [23/Jan/2022:09:59:53 +0100] "GET / HTTP/1.1" 200 9360 "-" "Mozilla/5.0 (Windows NT 10.0; Win64; x64) AppleWebKit/537.36 (KHTML, like Gecko) Chrome/80.0.3947.0 Safari/537.36"
216.244.66.237 - - [23/Jan/2022:10:02:01 +0100] "GET /buecher/rezensionen_christliche_frauen.html HTTP/1.1" 404 2381 "-" "Mozilla/5.0 (compatible; DotBot/1.2; +https://opensiteexplorer.org/dotbot; help@moz.com)"
34.79.144.212 - - [23/Jan/2022:10:06:26 +0100] "GET / HTTP/1.1" 200 9360 "-" "Mozilla/5.0 (Windows NT 10.0; Win64; x64) AppleWebKit/537.36 (KHTML, like Gecko) Chrome/84.0.4147.105 Safari/537.36"
193.124.188.83 - - [23/Jan/2022:10:07:17 +0100] "HEAD / HTTP/1.1" 200 - "https://cleaningservices.kiev.ua/tseni-na-uborku-ofisov" "Mozilla/4.0 (compatible; MSIE6.00; Windows 2002)"
82.198.65.248 - - [23/Jan/2022:10:18:53 +0100] "GET /cds/hymnos_akathistos.html HTTP/1.1" 200 11061 "https://www.google.com/" "Mozilla/5.0 (Windows NT 6.1; Win64; x64; rv:78.0) Gecko/20100101 Firefox/78.0"
82.198.65.248 - - [23/Jan/2022:10:18:53 +0100] "GET /main.css HTTP/1.1" 200 1439 "http://www.morusverlag.de/cds/hymnos_akathistos.html" "Mozilla/5.0 (Windows NT 6.1; Win64; x64; rv:78.0) Gecko/20100101 Firefox/78.0"
82.198.65.248 - - [23/Jan/2022:10:18:53 +0100] "GET /cds/hymnos_heft.jpg HTTP/1.1" 200 8653 "http://www.morusverlag.de/cds/hymnos_akathistos.html" "Mozilla/5.0 (Windows NT 6.1; Win64; x64; rv:78.0) Gecko/20100101 Firefox/78.0"
82.198.65.248 - - [23/Jan/2022:10:18:53 +0100] "GET /m.gif HTTP/1.1" 200 95 "http://www.morusverlag.de/cds/hymnos_akathistos.html" "Mozilla/5.0 (Windows NT 6.1; Win64; x64; rv:78.0) Gecko/20100101 Firefox/78.0"
82.198.65.248 - - [23/Jan/2022:10:18:53 +0100] "GET /logo_g.gif HTTP/1.1" 200 1301 "http://www.morusverlag.de/cds/hymnos_akathistos.html" "Mozilla/5.0 (Windows NT 6.1; Win64; x64; rv:78.0) Gecko/20100101 Firefox/78.0"
82.198.65.248 - - [23/Jan/2022:10:18:53 +0100] "GET /cds/hymnos.jpg HTTP/1.1" 200 27752 "http://www.morusverlag.de/cds/hymnos_akathistos.html" "Mozilla/5.0 (Windows NT 6.1; Win64; x64; rv:78.0) Gecko/20100101 Firefox/78.0"
82.198.65.248 - - [23/Jan/2022:10:18:53 +0100] "GET /pf.gif HTTP/1.1" 200 62 "http://www.morusverlag.de/cds/hymnos_akathistos.html" "Mozilla/5.0 (Windows NT 6.1; Win64; x64; rv:78.0) Gecko/20100101 Firefox/78.0"
82.198.65.248 - - [23/Jan/2022:10:18:53 +0100] "GET /mv_g.gif HTTP/1.1" 200 4070 "http://www.morusverlag.de/cds/hymnos_akathistos.html" "Mozilla/5.0 (Windows NT 6.1; Win64; x64; rv:78.0) Gecko/20100101 Firefox/78.0"
82.198.65.248 - - [23/Jan/2022:10:18:53 +0100] "GET /strich.gif HTTP/1.1" 200 45 "http://www.morusverlag.de/cds/hymnos_akathistos.html" "Mozilla/5.0 (Windows NT 6.1; Win64; x64; rv:78.0) Gecko/20100101 Firefox/78.0"
82.198.65.248 - - [23/Jan/2022:10:18:53 +0100] "GET /favicon.ico HTTP/1.1" 200 4286 "-" "Mozilla/5.0 (Windows NT 6.1; Win64; x64; rv:78.0) Gecko/20100101 Firefox/78.0"
168.119.11.187 - - [23/Jan/2022:10:49:10 +0100] "GET /sonderthemen/oekt_extra1.pdf HTTP/1.1" 200 1849015 "-" "Mozilla/5.0 (Windows NT 10.0; Win64; x64) AppleWebKit/537.36 (KHTML, like Gecko) Chrome/87.0.4280.67 Safari/537.36 Edg/87.0.664.55"
144.76.102.243 - - [23/Jan/2022:10:49:10 +0100] "GET /sonderthemen/oekt_extra3.pdf HTTP/1.1" 200 2109745 "-" "Mozilla/5.0 (X11; Linux x86_64; rv:84.0) Gecko/20100101 Firefox/84.0"
78.46.94.83 - - [23/Jan/2022:10:49:24 +0100] "GET /sonderthemen/oekt_extra1.pdf HTTP/1.1" 200 1849015 "-" "Mozilla/5.0 (X11; Linux x86_64; rv:82.0) Gecko/20100101 Firefox/82.0"
78.46.94.83 - - [23/Jan/2022:10:49:24 +0100] "GET /sonderthemen/oekt_extra2.pdf HTTP/1.1" 200 1939949 "-" "Mozilla/5.0 (X11; Fedora; Linux x86_64; rv:83.0) Gecko/20100101 Firefox/83.0"
168.119.11.187 - - [23/Jan/2022:10:49:10 +0100] "GET /sonderthemen/oekt_extra2.pdf HTTP/1.1" 200 1939949 "-" "Mozilla/5.0 (Macintosh; Intel Mac OS X 10.14; rv:83.0) Gecko/20100101 Firefox/83.0"
138.201.11.237 - - [23/Jan/2022:10:50:07 +0100] "GET /sonderthemen/az2000.pdf HTTP/1.1" 200 2253581 "-" "Mozilla/5.0 (Windows NT 10.0; Win64; x64) AppleWebKit/537.36 (KHTML, like Gecko) Chrome/86.0.4240.198 Safari/537.36"
20.75.128.100 - - [23/Jan/2022:11:06:59 +0100] "GET /buecher/gesichter/14.jpg HTTP/1.1" 200 7847 "-" "Mozilla/5.0 (Windows NT 10.0; Win64; x64) AppleWebKit/537.36 (KHTML, like Gecko) Chrome/76.0.3809.100 Safari/537.36"
66.249.70.132 - - [23/Jan/2022:11:36:06 +0100] "GET /robots.txt HTTP/1.1" 200 100 "-" "Mozilla/5.0 (compatible; Googlebot/2.1; +http://www.google.com/bot.html)"
78.46.90.120 - - [23/Jan/2022:11:51:12 +0100] "GET /sonderthemen/sk2000.pdf HTTP/1.1" 200 2925489 "-" "Mozilla/5.0 (Macintosh; Intel Mac OS X 10_13_6) AppleWebKit/537.36 (KHTML, like Gecko) Chrome/86.0.4240.198 Safari/537.36"
176.100.169.203 - - [23/Jan/2022:11:57:30 +0100] "GET / HTTP/1.0" 200 9360 "https://potolki.kr.ua/%d0%ba%d1%80%d0%b8%d0%b2%d0%be%d0%bb%d0%b8%d0%bd%d0%b5%d0%b9%d0%bd%d0%b0%d1%8f-%d1%81%d0%bf%d0%b0%d0%b9%d0%ba%d0%b0/" "Mozilla/5.0 (Windows NT 6.3; Win64; x64) AppleWebKit/537.36 (KHTML, like Gecko) Chrome/90.0.4430.85 Safari/537.36 Edg/90.0.818.46"
157.55.39.82 - - [23/Jan/2022:12:16:22 +0100] "GET /robots.txt HTTP/1.1" 200 100 "-" "Mozilla/5.0 (compatible; bingbot/2.0; +http://www.bing.com/bingbot.htm)"
40.77.167.53 - - [23/Jan/2022:12:16:29 +0100] "GET /buecher/gesichter/26.jpg HTTP/1.1" 200 8027 "-" "Mozilla/5.0 (compatible; bingbot/2.0; +http://www.bing.com/bingbot.htm)"
216.244.66.237 - - [23/Jan/2022:12:32:12 +0100] "GET /robots.txt HTTP/1.1" 200 100 "-" "Mozilla/5.0 (compatible; DotBot/1.2; +https://opensiteexplorer.org/dotbot; help@moz.com)"
54.36.148.63 - - [23/Jan/2022:12:32:41 +0100] "GET / HTTP/1.1" 200 9360 "-" "Mozilla/5.0 (compatible; AhrefsBot/7.0; +http://ahrefs.com/robot/)"
216.244.66.237 - - [23/Jan/2022:12:37:16 +0100] "GET /buecher/rezensionen_ungeteilt.html HTTP/1.1" 200 9764 "-" "Mozilla/5.0 (compatible; DotBot/1.2; +https://opensiteexplorer.org/dotbot; help@moz.com)"
20.50.50.145 - - [23/Jan/2022:12:49:33 +0100] "GET / HTTP/1.1" 200 9360 "-" "Mozilla/5.0 (iPhone; CPU iPhone OS 13_3 like Mac OS X) AppleWebKit/605.1.15 (KHTML%2C like Gecko) Mobile/15E148"
168.119.69.91 - - [23/Jan/2022:13:36:18 +0100] "GET /sonderthemen/az2000.pdf HTTP/1.1" 200 2253581 "-" "Mozilla/5.0 (Macintosh; Intel Mac OS X 10_15_6) AppleWebKit/605.1.15 (KHTML, like Gecko) Version/14.0.1 Safari/605.1.15"
84.148.244.46 - - [23/Jan/2022:13:48:15 +0100] "GET / HTTP/1.1" 200 9360 "https://www.google.com/" "Mozilla/5.0 (Windows NT 10.0; Win64; x64; rv:96.0) Gecko/20100101 Firefox/96.0"
84.148.244.46 - - [23/Jan/2022:13:48:16 +0100] "GET /main.css HTTP/1.1" 200 1439 "http://www.morusverlag.de/" "Mozilla/5.0 (Windows NT 10.0; Win64; x64; rv:96.0) Gecko/20100101 Firefox/96.0"
84.148.244.46 - - [23/Jan/2022:13:48:16 +0100] "GET /mv_gr_w.gif HTTP/1.1" 200 2005 "http://www.morusverlag.de/" "Mozilla/5.0 (Windows NT 10.0; Win64; x64; rv:96.0) Gecko/20100101 Firefox/96.0"
84.148.244.46 - - [23/Jan/2022:13:48:16 +0100] "GET /jahrbuch_k.jpg HTTP/1.1" 200 3719 "http://www.morusverlag.de/" "Mozilla/5.0 (Windows NT 10.0; Win64; x64; rv:96.0) Gecko/20100101 Firefox/96.0"
84.148.244.46 - - [23/Jan/2022:13:48:16 +0100] "GET /logo_g.gif HTTP/1.1" 200 1301 "http://www.morusverlag.de/" "Mozilla/5.0 (Windows NT 10.0; Win64; x64; rv:96.0) Gecko/20100101 Firefox/96.0"
84.148.244.46 - - [23/Jan/2022:13:48:16 +0100] "GET /mv_g.gif HTTP/1.1" 200 4070 "http://www.morusverlag.de/" "Mozilla/5.0 (Windows NT 10.0; Win64; x64; rv:96.0) Gecko/20100101 Firefox/96.0"
84.148.244.46 - - [23/Jan/2022:13:48:16 +0100] "GET /pf.gif HTTP/1.1" 200 62 "http://www.morusverlag.de/" "Mozilla/5.0 (Windows NT 10.0; Win64; x64; rv:96.0) Gecko/20100101 Firefox/96.0"
84.148.244.46 - - [23/Jan/2022:13:48:16 +0100] "GET /buecher/gesichter.jpg HTTP/1.1" 200 7271 "http://www.morusverlag.de/" "Mozilla/5.0 (Windows NT 10.0; Win64; x64; rv:96.0) Gecko/20100101 Firefox/96.0"
84.148.244.46 - - [23/Jan/2022:13:48:16 +0100] "GET /cds/rosarium_k.jpg HTTP/1.1" 200 3972 "http://www.morusverlag.de/" "Mozilla/5.0 (Windows NT 10.0; Win64; x64; rv:96.0) Gecko/20100101 Firefox/96.0"
84.148.244.46 - - [23/Jan/2022:13:48:16 +0100] "GET /cds/hymnos_k.jpg HTTP/1.1" 200 4986 "http://www.morusverlag.de/" "Mozilla/5.0 (Windows NT 10.0; Win64; x64; rv:96.0) Gecko/20100101 Firefox/96.0"
84.148.244.46 - - [23/Jan/2022:13:48:16 +0100] "GET /cds/ignatius_k.jpg HTTP/1.1" 200 3965 "http://www.morusverlag.de/" "Mozilla/5.0 (Windows NT 10.0; Win64; x64; rv:96.0) Gecko/20100101 Firefox/96.0"
84.148.244.46 - - [23/Jan/2022:13:48:16 +0100] "GET /cds/astazi_k.jpg HTTP/1.1" 200 6049 "http://www.morusverlag.de/" "Mozilla/5.0 (Windows NT 10.0; Win64; x64; rv:96.0) Gecko/20100101 Firefox/96.0"
84.148.244.46 - - [23/Jan/2022:13:48:16 +0100] "GET /gotteslob.jpg HTTP/1.1" 200 9390 "http://www.morusverlag.de/" "Mozilla/5.0 (Windows NT 10.0; Win64; x64; rv:96.0) Gecko/20100101 Firefox/96.0"
84.148.244.46 - - [23/Jan/2022:13:48:16 +0100] "GET /buecher/engel.jpg HTTP/1.1" 200 5414 "http://www.morusverlag.de/" "Mozilla/5.0 (Windows NT 10.0; Win64; x64; rv:96.0) Gecko/20100101 Firefox/96.0"
84.148.244.46 - - [23/Jan/2022:13:48:16 +0100] "GET /buecher/chateaubriand.jpg HTTP/1.1" 200 2272 "http://www.morusverlag.de/" "Mozilla/5.0 (Windows NT 10.0; Win64; x64; rv:96.0) Gecko/20100101 Firefox/96.0"
84.148.244.46 - - [23/Jan/2022:13:48:16 +0100] "GET /buch_k.jpg HTTP/1.1" 200 4591 "http://www.morusverlag.de/" "Mozilla/5.0 (Windows NT 10.0; Win64; x64; rv:96.0) Gecko/20100101 Firefox/96.0"
84.148.244.46 - - [23/Jan/2022:13:48:16 +0100] "GET /favicon.ico HTTP/1.1" 200 4286 "http://www.morusverlag.de/" "Mozilla/5.0 (Windows NT 10.0; Win64; x64; rv:96.0) Gecko/20100101 Firefox/96.0"
84.148.244.46 - - [23/Jan/2022:13:48:16 +0100] "GET /strich.gif HTTP/1.1" 200 45 "http://www.morusverlag.de/" "Mozilla/5.0 (Windows NT 10.0; Win64; x64; rv:96.0) Gecko/20100101 Firefox/96.0"
84.148.244.46 - - [23/Jan/2022:13:48:55 +0100] "GET /kontakt/index.html HTTP/1.1" 200 2896 "http://www.morusverlag.de/" "Mozilla/5.0 (Windows NT 10.0; Win64; x64; rv:96.0) Gecko/20100101 Firefox/96.0"
84.148.244.46 - - [23/Jan/2022:13:48:56 +0100] "GET /m.gif HTTP/1.1" 200 95 "http://www.morusverlag.de/kontakt/index.html" "Mozilla/5.0 (Windows NT 10.0; Win64; x64; rv:96.0) Gecko/20100101 Firefox/96.0"
84.148.244.46 - - [23/Jan/2022:13:48:56 +0100] "GET /favicon.ico HTTP/1.1" 200 4286 "http://www.morusverlag.de/kontakt/index.html" "Mozilla/5.0 (Windows NT 10.0; Win64; x64; rv:96.0) Gecko/20100101 Firefox/96.0"
168.119.69.91 - - [23/Jan/2022:13:52:02 +0100] "GET /sonderthemen/oeaz2002.pdf HTTP/1.1" 200 3161455 "-" "Mozilla/5.0 (Windows NT 10.0; WOW64; Trident/7.0; rv:11.0) like Gecko"
78.46.90.120 - - [23/Jan/2022:13:52:18 +0100] "GET /sonderthemen/oeaz2002.pdf HTTP/1.1" 200 3161455 "-" "Mozilla/5.0 (X11; Linux x86_64) AppleWebKit/537.36 (KHTML, like Gecko) Chrome/86.0.4240.198 Safari/537.36"
136.243.17.161 - - [23/Jan/2022:13:52:31 +0100] "GET /sonderthemen/oeaz2002.pdf HTTP/1.1" 200 3161455 "-" "Mozilla/5.0 (Macintosh; Intel Mac OS X 11_0_0) AppleWebKit/537.36 (KHTML, like Gecko) Chrome/86.0.4240.198 Safari/537.36"
154.54.249.200 - - [23/Jan/2022:14:04:24 +0100] "GET /robots.txt HTTP/1.1" 200 100 "-" "Mozilla/5.0 (compatible; Barkrowler/0.9; +https://babbar.tech/crawler)"
154.54.249.200 - - [23/Jan/2022:14:04:39 +0100] "GET / HTTP/1.1" 304 - "-" "Mozilla/5.0 (compatible; Barkrowler/0.9; +https://babbar.tech/crawler)"
154.54.249.200 - - [23/Jan/2022:14:04:54 +0100] "GET /index.html HTTP/1.1" 304 - "-" "Mozilla/5.0 (compatible; Barkrowler/0.9; +https://babbar.tech/crawler)"
154.54.249.200 - - [23/Jan/2022:14:05:09 +0100] "GET /impressum.html HTTP/1.1" 304 - "-" "Mozilla/5.0 (compatible; Barkrowler/0.9; +https://babbar.tech/crawler)"
154.54.249.200 - - [23/Jan/2022:14:05:25 +0100] "GET /kontakt/index.html HTTP/1.1" 304 - "-" "Mozilla/5.0 (compatible; Barkrowler/0.9; +https://babbar.tech/crawler)"
154.54.249.200 - - [23/Jan/2022:14:05:40 +0100] "GET /buecher/index.html HTTP/1.1" 304 - "-" "Mozilla/5.0 (compatible; Barkrowler/0.9; +https://babbar.tech/crawler)"
154.54.249.200 - - [23/Jan/2022:14:05:55 +0100] "GET /cds/index.html HTTP/1.1" 304 - "-" "Mozilla/5.0 (compatible; Barkrowler/0.9; +https://babbar.tech/crawler)"
154.54.249.200 - - [23/Jan/2022:14:06:10 +0100] "GET /sonderthemen/index.html HTTP/1.1" 304 - "-" "Mozilla/5.0 (compatible; Barkrowler/0.9; +https://babbar.tech/crawler)"
154.54.249.200 - - [23/Jan/2022:14:06:25 +0100] "GET /sonderthemen/archiv.html HTTP/1.1" 304 - "-" "Mozilla/5.0 (compatible; Barkrowler/0.9; +https://babbar.tech/crawler)"
154.54.249.200 - - [23/Jan/2022:14:06:40 +0100] "GET /buecher/bestellung.php HTTP/1.1" 200 10142 "-" "Mozilla/5.0 (compatible; Barkrowler/0.9; +https://babbar.tech/crawler)"
