62.138.3.40 - - [13/Jan/2022:09:57:01 +0100] "GET /buecher/gesichter/18.jpg HTTP/1.1" 200 8757 "-" "Mozilla/5.0 (compatible; adscanner/)/1.0 (Mozilla/5.0 (compatible; seoscanners.net/1.0; +spider@seoscanners.net); http://seoscanners.net; spider@seoscanners.net)"
62.138.3.52 - - [13/Jan/2022:09:57:01 +0100] "GET /buecher/gesichter/13.jpg HTTP/1.1" 200 8373 "-" "Mozilla/5.0 (compatible; adscanner/)/1.0 (Mozilla/5.0 (compatible; seoscanners.net/1.0; +spider@seoscanners.net); http://seoscanners.net; spider@seoscanners.net)"
85.25.185.103 - - [13/Jan/2022:09:57:01 +0100] "GET /buecher/gesichter/32.jpg HTTP/1.1" 200 8010 "-" "Mozilla/5.0 (compatible; adscanner/)/1.0 (Mozilla/5.0 (compatible; seoscanners.net/1.0; +spider@seoscanners.net); http://seoscanners.net; spider@seoscanners.net)"
85.25.185.103 - - [13/Jan/2022:09:57:01 +0100] "GET /buecher/gesichter/29.jpg HTTP/1.1" 200 9282 "-" "Mozilla/5.0 (compatible; adscanner/)/1.0 (Mozilla/5.0 (compatible; seoscanners.net/1.0; +spider@seoscanners.net); http://seoscanners.net; spider@seoscanners.net)"
66.249.72.77 - - [13/Jan/2022:10:25:51 +0100] "GET / HTTP/1.1" 200 9360 "-" "Mozilla/5.0 (compatible; Googlebot/2.1; +http://www.google.com/bot.html)"
66.249.72.75 - - [13/Jan/2022:10:28:32 +0100] "GET / HTTP/1.1" 200 9360 "-" "Mozilla/5.0 (Linux; Android 6.0.1; Nexus 5X Build/MMB29P) AppleWebKit/537.36 (KHTML, like Gecko) Chrome/97.0.4692.71 Mobile Safari/537.36 (compatible; Googlebot/2.1; +http://www.google.com/bot.html)"
62.138.2.214 - - [13/Jan/2022:10:41:43 +0100] "GET /jahrbuch/jahrbuch.jpg HTTP/1.1" 200 11282 "-" "Mozilla/5.0 (compatible; adscanner/)/1.0 (Mozilla/5.0 (compatible; seoscanners.net/1.0; +spider@seoscanners.net); http://seoscanners.net; spider@seoscanners.net)"
66.249.72.73 - - [13/Jan/2022:10:46:46 +0100] "GET /buecher/freiheit_und_sinnsucht.jpg HTTP/1.1" 200 4237 "-" "Googlebot-Image/1.0"
114.119.139.212 - - [13/Jan/2022:11:01:16 +0100] "GET / HTTP/1.1" 200 9360 "-" "Mozilla/5.0 (Linux; Android 7.0;) AppleWebKit/537.36 (KHTML, like Gecko) Mobile Safari/537.36 (compatible; PetalBot;+https://webmaster.petalsearch.com/site/petalbot)"
66.249.72.73 - - [13/Jan/2022:11:13:49 +0100] "GET / HTTP/1.1" 304 - "-" "Mozilla/5.0 (Linux; Android 6.0.1; Nexus 5X Build/MMB29P) AppleWebKit/537.36 (KHTML, like Gecko) Chrome/97.0.4692.71 Mobile Safari/537.36 (compatible; Googlebot/2.1; +http://www.google.com/bot.html)"
207.46.13.133 - - [13/Jan/2022:11:45:49 +0100] "GET /cds/glockenspiel2.jpg HTTP/1.1" 200 28150 "-" "Mozilla/5.0 (compatible; bingbot/2.0; +http://www.bing.com/bingbot.htm)"
85.25.210.23 - - [13/Jan/2022:12:04:31 +0100] "GET /buecher/staatsaufgaben.jpg HTTP/1.1" 200 2204 "-" "Mozilla/5.0 (compatible; adscanner/)/1.0 (Mozilla/5.0 (compatible; seoscanners.net/1.0; +spider@seoscanners.net); http://seoscanners.net; spider@seoscanners.net)"
85.25.185.103 - - [13/Jan/2022:12:04:31 +0100] "GET /buecher/gesichter/04.jpg HTTP/1.1" 200 7078 "-" "Mozilla/5.0 (compatible; adscanner/)/1.0 (Mozilla/5.0 (compatible; seoscanners.net/1.0; +spider@seoscanners.net); http://seoscanners.net; spider@seoscanners.net)"
62.138.2.160 - - [13/Jan/2022:12:04:31 +0100] "GET /buecher/gesichter/21.jpg HTTP/1.1" 200 7433 "-" "Mozilla/5.0 (compatible; adscanner/)/1.0 (Mozilla/5.0 (compatible; seoscanners.net/1.0; +spider@seoscanners.net); http://seoscanners.net; spider@seoscanners.net)"
62.138.2.14 - - [13/Jan/2022:12:04:31 +0100] "GET /buecher/nichtaufsand.jpg HTTP/1.1" 200 3733 "-" "Mozilla/5.0 (compatible; adscanner/)/1.0 (Mozilla/5.0 (compatible; seoscanners.net/1.0; +spider@seoscanners.net); http://seoscanners.net; spider@seoscanners.net)"
62.138.2.14 - - [13/Jan/2022:12:04:32 +0100] "GET /buecher/liebe_und_treue.jpg HTTP/1.1" 200 3067 "-" "Mozilla/5.0 (compatible; adscanner/)/1.0 (Mozilla/5.0 (compatible; seoscanners.net/1.0; +spider@seoscanners.net); http://seoscanners.net; spider@seoscanners.net)"
85.25.185.103 - - [13/Jan/2022:12:04:32 +0100] "GET /buecher/gesichter/15.jpg HTTP/1.1" 200 7253 "-" "Mozilla/5.0 (compatible; adscanner/)/1.0 (Mozilla/5.0 (compatible; seoscanners.net/1.0; +spider@seoscanners.net); http://seoscanners.net; spider@seoscanners.net)"
62.138.2.214 - - [13/Jan/2022:12:04:32 +0100] "GET /buecher/gesichter/02.jpg HTTP/1.1" 200 9266 "-" "Mozilla/5.0 (compatible; adscanner/)/1.0 (Mozilla/5.0 (compatible; seoscanners.net/1.0; +spider@seoscanners.net); http://seoscanners.net; spider@seoscanners.net)"
85.25.185.103 - - [13/Jan/2022:12:04:33 +0100] "GET /buecher/gesichter/03.jpg HTTP/1.1" 200 10026 "-" "Mozilla/5.0 (compatible; adscanner/)/1.0 (Mozilla/5.0 (compatible; seoscanners.net/1.0; +spider@seoscanners.net); http://seoscanners.net; spider@seoscanners.net)"
85.25.177.139 - - [13/Jan/2022:12:04:33 +0100] "GET /buecher/gesichter/07.jpg HTTP/1.1" 200 7301 "-" "Mozilla/5.0 (compatible; adscanner/)/1.0 (Mozilla/5.0 (compatible; seoscanners.net/1.0; +spider@seoscanners.net); http://seoscanners.net; spider@seoscanners.net)"
62.138.3.40 - - [13/Jan/2022:12:04:33 +0100] "GET /buecher/leiblichkeit.jpg HTTP/1.1" 200 3929 "-" "Mozilla/5.0 (compatible; adscanner/)/1.0 (Mozilla/5.0 (compatible; seoscanners.net/1.0; +spider@seoscanners.net); http://seoscanners.net; spider@seoscanners.net)"
62.138.2.14 - - [13/Jan/2022:12:04:34 +0100] "GET /buecher/gesichter/11.jpg HTTP/1.1" 200 6175 "-" "Mozilla/5.0 (compatible; adscanner/)/1.0 (Mozilla/5.0 (compatible; seoscanners.net/1.0; +spider@seoscanners.net); http://seoscanners.net; spider@seoscanners.net)"
62.138.3.40 - - [13/Jan/2022:12:04:35 +0100] "GET /buecher/gesichter/26.jpg HTTP/1.1" 200 8027 "-" "Mozilla/5.0 (compatible; adscanner/)/1.0 (Mozilla/5.0 (compatible; seoscanners.net/1.0; +spider@seoscanners.net); http://seoscanners.net; spider@seoscanners.net)"
62.138.6.15 - - [13/Jan/2022:12:04:35 +0100] "GET /buecher/mein_atem.jpg HTTP/1.1" 200 4118 "-" "Mozilla/5.0 (compatible; adscanner/)/1.0 (Mozilla/5.0 (compatible; seoscanners.net/1.0; +spider@seoscanners.net); http://seoscanners.net; spider@seoscanners.net)"
62.138.3.52 - - [13/Jan/2022:12:04:36 +0100] "GET /buecher/gesichter/08.jpg HTTP/1.1" 200 10437 "-" "Mozilla/5.0 (compatible; adscanner/)/1.0 (Mozilla/5.0 (compatible; seoscanners.net/1.0; +spider@seoscanners.net); http://seoscanners.net; spider@seoscanners.net)"
85.25.210.23 - - [13/Jan/2022:12:04:36 +0100] "GET /buecher/gesichter/31.jpg HTTP/1.1" 200 8424 "-" "Mozilla/5.0 (compatible; adscanner/)/1.0 (Mozilla/5.0 (compatible; seoscanners.net/1.0; +spider@seoscanners.net); http://seoscanners.net; spider@seoscanners.net)"
62.138.6.15 - - [13/Jan/2022:12:04:36 +0100] "GET /buecher/gesichter/22.jpg HTTP/1.1" 200 8837 "-" "Mozilla/5.0 (compatible; adscanner/)/1.0 (Mozilla/5.0 (compatible; seoscanners.net/1.0; +spider@seoscanners.net); http://seoscanners.net; spider@seoscanners.net)"
62.138.2.214 - - [13/Jan/2022:12:04:37 +0100] "GET /buecher/gesichter/14.jpg HTTP/1.1" 200 7847 "-" "Mozilla/5.0 (compatible; adscanner/)/1.0 (Mozilla/5.0 (compatible; seoscanners.net/1.0; +spider@seoscanners.net); http://seoscanners.net; spider@seoscanners.net)"
62.138.3.52 - - [13/Jan/2022:12:04:42 +0100] "GET /buecher/gesichter/25.jpg HTTP/1.1" 200 7280 "-" "Mozilla/5.0 (compatible; adscanner/)/1.0 (Mozilla/5.0 (compatible; seoscanners.net/1.0; +spider@seoscanners.net); http://seoscanners.net; spider@seoscanners.net)"
62.138.2.160 - - [13/Jan/2022:12:06:09 +0100] "GET /buecher/gesichter/25.jpg HTTP/1.1" 200 7280 "-" "Mozilla/5.0 (compatible; adscanner/)/1.0 (Mozilla/5.0 (compatible; seoscanners.net/1.0; +spider@seoscanners.net); http://seoscanners.net; spider@seoscanners.net)"
66.249.72.75 - - [13/Jan/2022:12:10:04 +0100] "GET /impressum.html HTTP/1.1" 304 - "-" "Mozilla/5.0 (Linux; Android 6.0.1; Nexus 5X Build/MMB29P) AppleWebKit/537.36 (KHTML, like Gecko) Chrome/97.0.4692.71 Mobile Safari/537.36 (compatible; Googlebot/2.1; +http://www.google.com/bot.html)"
207.46.13.15 - - [13/Jan/2022:12:20:59 +0100] "GET / HTTP/1.1" 200 9360 "-" "Mozilla/5.0 (compatible; bingbot/2.0; +http://www.bing.com/bingbot.htm)"
84.166.20.239 - - [13/Jan/2022:12:22:17 +0100] "GET /cds/hymnos_akathistos.html HTTP/1.1" 200 11061 "https://www.google.com/" "Mozilla/5.0 (Linux; Android 8.1.0; SM-T580) AppleWebKit/537.36 (KHTML, like Gecko) Chrome/96.0.4664.104 Safari/537.36"
84.166.20.239 - - [13/Jan/2022:12:22:17 +0100] "GET /main.css HTTP/1.1" 200 1439 "http://www.morusverlag.de/cds/hymnos_akathistos.html" "Mozilla/5.0 (Linux; Android 8.1.0; SM-T580) AppleWebKit/537.36 (KHTML, like Gecko) Chrome/96.0.4664.104 Safari/537.36"
84.166.20.239 - - [13/Jan/2022:12:22:17 +0100] "GET /logo_g.gif HTTP/1.1" 200 1301 "http://www.morusverlag.de/cds/hymnos_akathistos.html" "Mozilla/5.0 (Linux; Android 8.1.0; SM-T580) AppleWebKit/537.36 (KHTML, like Gecko) Chrome/96.0.4664.104 Safari/537.36"
84.166.20.239 - - [13/Jan/2022:12:22:17 +0100] "GET /mv_g.gif HTTP/1.1" 200 4070 "http://www.morusverlag.de/cds/hymnos_akathistos.html" "Mozilla/5.0 (Linux; Android 8.1.0; SM-T580) AppleWebKit/537.36 (KHTML, like Gecko) Chrome/96.0.4664.104 Safari/537.36"
84.166.20.239 - - [13/Jan/2022:12:22:17 +0100] "GET /pf.gif HTTP/1.1" 200 62 "http://www.morusverlag.de/cds/hymnos_akathistos.html" "Mozilla/5.0 (Linux; Android 8.1.0; SM-T580) AppleWebKit/537.36 (KHTML, like Gecko) Chrome/96.0.4664.104 Safari/537.36"
84.166.20.239 - - [13/Jan/2022:12:22:17 +0100] "GET /m.gif HTTP/1.1" 200 95 "http://www.morusverlag.de/cds/hymnos_akathistos.html" "Mozilla/5.0 (Linux; Android 8.1.0; SM-T580) AppleWebKit/537.36 (KHTML, like Gecko) Chrome/96.0.4664.104 Safari/537.36"
84.166.20.239 - - [13/Jan/2022:12:22:17 +0100] "GET /cds/hymnos.jpg HTTP/1.1" 200 27752 "http://www.morusverlag.de/cds/hymnos_akathistos.html" "Mozilla/5.0 (Linux; Android 8.1.0; SM-T580) AppleWebKit/537.36 (KHTML, like Gecko) Chrome/96.0.4664.104 Safari/537.36"
84.166.20.239 - - [13/Jan/2022:12:22:17 +0100] "GET /cds/hymnos_heft.jpg HTTP/1.1" 200 8653 "http://www.morusverlag.de/cds/hymnos_akathistos.html" "Mozilla/5.0 (Linux; Android 8.1.0; SM-T580) AppleWebKit/537.36 (KHTML, like Gecko) Chrome/96.0.4664.104 Safari/537.36"
84.166.20.239 - - [13/Jan/2022:12:22:17 +0100] "GET /strich.gif HTTP/1.1" 200 45 "http://www.morusverlag.de/cds/hymnos_akathistos.html" "Mozilla/5.0 (Linux; Android 8.1.0; SM-T580) AppleWebKit/537.36 (KHTML, like Gecko) Chrome/96.0.4664.104 Safari/537.36"
84.166.20.239 - - [13/Jan/2022:12:22:17 +0100] "GET /favicon.ico HTTP/1.1" 200 4286 "http://www.morusverlag.de/cds/hymnos_akathistos.html" "Mozilla/5.0 (Linux; Android 8.1.0; SM-T580) AppleWebKit/537.36 (KHTML, like Gecko) Chrome/96.0.4664.104 Safari/537.36"
144.76.162.206 - - [13/Jan/2022:12:28:03 +0100] "GET /sonderthemen/az1999.pdf HTTP/1.1" 200 1842982 "-" "Mozilla/5.0 (Windows NT 10.0; Win64; x64; rv:84.0) Gecko/20100101 Firefox/84.0"
136.243.17.161 - - [13/Jan/2022:12:28:09 +0100] "GET /sonderthemen/az1999.pdf HTTP/1.1" 200 1842982 "-" "Mozilla/5.0 (Macintosh; Intel Mac OS X 11_0_1) AppleWebKit/537.36 (KHTML, like Gecko) Chrome/87.0.4280.67 Safari/537.36"
66.249.72.77 - - [13/Jan/2022:12:32:35 +0100] "GET /buecher/rezensionen_le_saulchoir.html HTTP/1.1" 304 - "-" "Mozilla/5.0 (Linux; Android 6.0.1; Nexus 5X Build/MMB29P) AppleWebKit/537.36 (KHTML, like Gecko) Chrome/97.0.4692.71 Mobile Safari/537.36 (compatible; Googlebot/2.1; +http://www.google.com/bot.html)"
66.249.72.77 - - [13/Jan/2022:12:32:35 +0100] "GET /robots.txt HTTP/1.1" 200 100 "-" "Mozilla/5.0 (compatible; Googlebot/2.1; +http://www.google.com/bot.html)"
121.5.109.55 - - [13/Jan/2022:13:03:45 +0100] "GET / HTTP/1.1" 200 9360 "-" "Mozilla/5.0 (Linux; Android 6.0; Nexus 5 Build/MRA58N) AppleWebKit/537.36 (KHTML, like Gecko) Chrome/81.0.4044.138 Mobile Safari/537.36"
121.5.109.55 - - [13/Jan/2022:13:10:55 +0100] "GET / HTTP/1.1" 200 9360 "-" "Mozilla/5.0 (Linux; Android 6.0; Nexus 5 Build/MRA58N) AppleWebKit/537.36 (KHTML, like Gecko) Chrome/81.0.4044.138 Mobile Safari/537.36"
54.36.148.44 - - [13/Jan/2022:14:27:18 +0100] "GET /robots.txt HTTP/1.1" 200 100 "-" "Mozilla/5.0 (compatible; AhrefsBot/7.0; +http://ahrefs.com/robot/)"
20.75.128.100 - - [13/Jan/2022:15:11:00 +0100] "GET /gotteslob.jpg HTTP/1.1" 200 9390 "-" "Mozilla/5.0 (Windows NT 10.0; Win64; x64) AppleWebKit/537.36 (KHTML, like Gecko) Chrome/76.0.3809.100 Safari/537.36"
62.138.2.160 - - [13/Jan/2022:15:12:09 +0100] "GET /sonderthemen/sk2004_sz.jpg HTTP/1.1" 200 17884 "-" "Mozilla/5.0 (compatible; adscanner/)/1.0 (Mozilla/5.0 (compatible; seoscanners.net/1.0; +spider@seoscanners.net); http://seoscanners.net; spider@seoscanners.net)"
62.138.3.52 - - [13/Jan/2022:15:12:10 +0100] "GET /sonderthemen/pro_zei.jpg HTTP/1.1" 200 16791 "-" "Mozilla/5.0 (compatible; adscanner/)/1.0 (Mozilla/5.0 (compatible; seoscanners.net/1.0; +spider@seoscanners.net); http://seoscanners.net; spider@seoscanners.net)"
62.138.2.160 - - [13/Jan/2022:15:12:13 +0100] "GET /sonderthemen/az2003.jpg HTTP/1.1" 200 12396 "-" "Mozilla/5.0 (compatible; adscanner/)/1.0 (Mozilla/5.0 (compatible; seoscanners.net/1.0; +spider@seoscanners.net); http://seoscanners.net; spider@seoscanners.net)"
85.25.210.23 - - [13/Jan/2022:15:12:14 +0100] "GET /sonderthemen/mv.gif HTTP/1.1" 200 700 "-" "Mozilla/5.0 (compatible; adscanner/)/1.0 (Mozilla/5.0 (compatible; seoscanners.net/1.0; +spider@seoscanners.net); http://seoscanners.net; spider@seoscanners.net)"
85.25.210.23 - - [13/Jan/2022:15:12:14 +0100] "GET /sonderthemen/oekz2003.jpg HTTP/1.1" 200 14100 "-" "Mozilla/5.0 (compatible; adscanner/)/1.0 (Mozilla/5.0 (compatible; seoscanners.net/1.0; +spider@seoscanners.net); http://seoscanners.net; spider@seoscanners.net)"
62.138.2.14 - - [13/Jan/2022:15:12:15 +0100] "GET /sonderthemen/radioparadiso.gif HTTP/1.1" 200 934 "-" "Mozilla/5.0 (compatible; adscanner/)/1.0 (Mozilla/5.0 (compatible; seoscanners.net/1.0; +spider@seoscanners.net); http://seoscanners.net; spider@seoscanners.net)"
62.138.2.214 - - [13/Jan/2022:15:15:34 +0100] "GET /sonderthemen/oekz2003.jpg HTTP/1.1" 200 14100 "-" "Mozilla/5.0 (compatible; adscanner/)/1.0 (Mozilla/5.0 (compatible; seoscanners.net/1.0; +spider@seoscanners.net); http://seoscanners.net; spider@seoscanners.net)"
66.249.72.75 - - [13/Jan/2022:16:08:50 +0100] "GET /cds/rosarium.html HTTP/1.1" 304 - "-" "Mozilla/5.0 (Linux; Android 6.0.1; Nexus 5X Build/MMB29P) AppleWebKit/537.36 (KHTML, like Gecko) Chrome/97.0.4692.71 Mobile Safari/537.36 (compatible; Googlebot/2.1; +http://www.google.com/bot.html)"
62.138.2.160 - - [13/Jan/2022:16:28:01 +0100] "GET /cds/hymnos.jpg HTTP/1.1" 200 27752 "-" "Mozilla/5.0 (compatible; adscanner/)/1.0 (Mozilla/5.0 (compatible; seoscanners.net/1.0; +spider@seoscanners.net); http://seoscanners.net; spider@seoscanners.net)"
62.138.3.52 - - [13/Jan/2022:16:28:02 +0100] "GET /cds/hymnos_heft.jpg HTTP/1.1" 200 8653 "-" "Mozilla/5.0 (compatible; adscanner/)/1.0 (Mozilla/5.0 (compatible; seoscanners.net/1.0; +spider@seoscanners.net); http://seoscanners.net; spider@seoscanners.net)"
77.88.5.62 - - [13/Jan/2022:16:37:05 +0100] "GET /robots.txt HTTP/1.1" 200 100 "-" "Mozilla/5.0 (compatible; YandexBot/3.0; +http://yandex.com/bots)"
77.88.5.62 - - [13/Jan/2022:16:37:09 +0100] "GET /sonderthemen/sk2004.pdf HTTP/1.1" 200 1967215 "-" "Mozilla/5.0 (compatible; YandexBot/3.0; +http://yandex.com/bots)"
66.249.72.75 - - [13/Jan/2022:16:53:50 +0100] "GET /cds/rosarium.html HTTP/1.1" 304 - "-" "Mozilla/5.0 (compatible; Googlebot/2.1; +http://www.google.com/bot.html)"
67.21.32.149 - - [13/Jan/2022:17:10:13 +0100] "GET / HTTP/1.0" 200 9360 "https://potolki.kr.ua/%d1%84%d0%be%d1%82%d0%be%d0%bf%d0%b5%d1%87%d0%b0%d1%82%d1%8c-%d0%bd%d0%b0-%d0%bf%d0%be%d1%82%d0%be%d0%bb%d0%ba%d0%b5/" "Mozilla/5.0 (Windows NT 6.3) AppleWebKit/537.36 (KHTML, like Gecko) Chrome/90.0.4430.72 Safari/537.36"
46.185.7.250 - - [13/Jan/2022:17:16:19 +0100] "GET / HTTP/1.1" 200 9360 "https://fuqer.org/" "Mozilla/4.0 (compatible; MSIE 6.0; Windows NT 5.1; .NET CLR 1.1.4322; FDM)"
46.185.7.250 - - [13/Jan/2022:17:16:20 +0100] "GET / HTTP/1.1" 200 9360 "https://fuqer.org/" "Mozilla/4.0 (compatible; MSIE 6.0; Windows NT 5.1; .NET CLR 1.1.4322; FDM)"
46.185.7.250 - - [13/Jan/2022:17:16:20 +0100] "GET / HTTP/1.1" 200 9360 "https://fuqer.org/" "Mozilla/4.0 (compatible; MSIE 6.0; Windows NT 5.1; .NET CLR 1.1.4322; FDM)"
62.138.3.52 - - [13/Jan/2022:17:33:46 +0100] "GET /sonderthemen/oekt_extra.jpg HTTP/1.1" 200 12801 "-" "Mozilla/5.0 (compatible; adscanner/)/1.0 (Mozilla/5.0 (compatible; seoscanners.net/1.0; +spider@seoscanners.net); http://seoscanners.net; spider@seoscanners.net)"
85.25.210.23 - - [13/Jan/2022:17:33:48 +0100] "GET /sonderthemen/wichern.jpg HTTP/1.1" 200 1994 "-" "Mozilla/5.0 (compatible; adscanner/)/1.0 (Mozilla/5.0 (compatible; seoscanners.net/1.0; +spider@seoscanners.net); http://seoscanners.net; spider@seoscanners.net)"
85.25.185.103 - - [13/Jan/2022:17:36:48 +0100] "GET /sonderthemen/wichern.jpg HTTP/1.1" 200 1994 "-" "Mozilla/5.0 (compatible; adscanner/)/1.0 (Mozilla/5.0 (compatible; seoscanners.net/1.0; +spider@seoscanners.net); http://seoscanners.net; spider@seoscanners.net)"
62.138.2.214 - - [13/Jan/2022:18:04:59 +0100] "GET /buecher/ungeteilt_im_geteilten.jpg HTTP/1.1" 200 4297 "-" "Mozilla/5.0 (compatible; adscanner/)/1.0 (Mozilla/5.0 (compatible; seoscanners.net/1.0; +spider@seoscanners.net); http://seoscanners.net; spider@seoscanners.net)"
62.138.3.52 - - [13/Jan/2022:18:05:00 +0100] "GET /buecher/krise_zum_heil.jpg HTTP/1.1" 200 1930 "-" "Mozilla/5.0 (compatible; adscanner/)/1.0 (Mozilla/5.0 (compatible; seoscanners.net/1.0; +spider@seoscanners.net); http://seoscanners.net; spider@seoscanners.net)"
157.55.39.122 - - [13/Jan/2022:18:06:30 +0100] "GET /buecher/gesichter/10.jpg HTTP/1.1" 200 7686 "-" "Mozilla/5.0 (compatible; bingbot/2.0; +http://www.bing.com/bingbot.htm)"
85.25.210.23 - - [13/Jan/2022:19:13:57 +0100] "GET /cds/rosarium.jpg HTTP/1.1" 200 21032 "-" "Mozilla/5.0 (compatible; adscanner/)/1.0 (Mozilla/5.0 (compatible; seoscanners.net/1.0; +spider@seoscanners.net); http://seoscanners.net; spider@seoscanners.net)"
213.61.218.52 - - [13/Jan/2022:19:29:13 +0100] "GET / HTTP/1.1" 200 9360 "-" "-"
62.138.2.14 - - [13/Jan/2022:19:30:06 +0100] "GET /cds/ignatius.jpg HTTP/1.1" 200 18712 "-" "Mozilla/5.0 (compatible; adscanner/)/1.0 (Mozilla/5.0 (compatible; seoscanners.net/1.0; +spider@seoscanners.net); http://seoscanners.net; spider@seoscanners.net)"
85.25.210.23 - - [13/Jan/2022:20:21:21 +0100] "GET /buecher/le_saulchoir.jpg HTTP/1.1" 200 2734 "-" "Mozilla/5.0 (compatible; adscanner/)/1.0 (Mozilla/5.0 (compatible; seoscanners.net/1.0; +spider@seoscanners.net); http://seoscanners.net; spider@seoscanners.net)"
45.227.255.159 - - [13/Jan/2022:20:55:12 +0100] "GET /wp-login.php HTTP/1.1" 404 2381 "-" "Mozilla/5.0 (Windows NT 10.0; Win64; x64) AppleWebKit/537.36 (KHTML, like Gecko) Chrome/64.0.3282.140 Safari/537.36 Edge/18.17763"
62.138.3.52 - - [13/Jan/2022:21:20:44 +0100] "GET /jahrbuch/titelseiten/1995.jpg HTTP/1.1" 200 10632 "-" "Mozilla/5.0 (compatible; adscanner/)/1.0 (Mozilla/5.0 (compatible; seoscanners.net/1.0; +spider@seoscanners.net); http://seoscanners.net; spider@seoscanners.net)"
85.25.185.103 - - [13/Jan/2022:21:20:44 +0100] "GET /jahrbuch/titelseiten/1999.jpg HTTP/1.1" 200 10450 "-" "Mozilla/5.0 (compatible; adscanner/)/1.0 (Mozilla/5.0 (compatible; seoscanners.net/1.0; +spider@seoscanners.net); http://seoscanners.net; spider@seoscanners.net)"
62.138.3.40 - - [13/Jan/2022:21:20:44 +0100] "GET /jahrbuch/titelseiten/1989.jpg HTTP/1.1" 200 9555 "-" "Mozilla/5.0 (compatible; adscanner/)/1.0 (Mozilla/5.0 (compatible; seoscanners.net/1.0; +spider@seoscanners.net); http://seoscanners.net; spider@seoscanners.net)"
62.138.2.14 - - [13/Jan/2022:21:20:44 +0100] "GET /jahrbuch/titelseiten/1956.jpg HTTP/1.1" 200 12858 "-" "Mozilla/5.0 (compatible; adscanner/)/1.0 (Mozilla/5.0 (compatible; seoscanners.net/1.0; +spider@seoscanners.net); http://seoscanners.net; spider@seoscanners.net)"
62.138.6.15 - - [13/Jan/2022:21:20:45 +0100] "GET /jahrbuch/titelseiten/2013.jpg HTTP/1.1" 200 9380 "-" "Mozilla/5.0 (compatible; adscanner/)/1.0 (Mozilla/5.0 (compatible; seoscanners.net/1.0; +spider@seoscanners.net); http://seoscanners.net; spider@seoscanners.net)"
62.138.2.214 - - [13/Jan/2022:21:20:45 +0100] "GET /jahrbuch/titelseiten/1977.jpg HTTP/1.1" 200 12115 "-" "Mozilla/5.0 (compatible; adscanner/)/1.0 (Mozilla/5.0 (compatible; seoscanners.net/1.0; +spider@seoscanners.net); http://seoscanners.net; spider@seoscanners.net)"
85.25.185.103 - - [13/Jan/2022:21:20:45 +0100] "GET /jahrbuch/titelseiten/1985.jpg HTTP/1.1" 200 10221 "-" "Mozilla/5.0 (compatible; adscanner/)/1.0 (Mozilla/5.0 (compatible; seoscanners.net/1.0; +spider@seoscanners.net); http://seoscanners.net; spider@seoscanners.net)"
62.138.2.160 - - [13/Jan/2022:21:20:45 +0100] "GET /jahrbuch/titelseiten/1992.jpg HTTP/1.1" 200 8822 "-" "Mozilla/5.0 (compatible; adscanner/)/1.0 (Mozilla/5.0 (compatible; seoscanners.net/1.0; +spider@seoscanners.net); http://seoscanners.net; spider@seoscanners.net)"
62.138.3.40 - - [13/Jan/2022:21:20:45 +0100] "GET /jahrbuch/titelseiten/1988.jpg HTTP/1.1" 200 11285 "-" "Mozilla/5.0 (compatible; adscanner/)/1.0 (Mozilla/5.0 (compatible; seoscanners.net/1.0; +spider@seoscanners.net); http://seoscanners.net; spider@seoscanners.net)"
62.138.2.214 - - [13/Jan/2022:21:20:45 +0100] "GET /jahrbuch/titelseiten/1960.jpg HTTP/1.1" 200 10363 "-" "Mozilla/5.0 (compatible; adscanner/)/1.0 (Mozilla/5.0 (compatible; seoscanners.net/1.0; +spider@seoscanners.net); http://seoscanners.net; spider@seoscanners.net)"
62.138.2.160 - - [13/Jan/2022:21:20:45 +0100] "GET /jahrbuch/titelseiten/1973.jpg HTTP/1.1" 200 7959 "-" "Mozilla/5.0 (compatible; adscanner/)/1.0 (Mozilla/5.0 (compatible; seoscanners.net/1.0; +spider@seoscanners.net); http://seoscanners.net; spider@seoscanners.net)"
85.25.210.23 - - [13/Jan/2022:21:20:45 +0100] "GET /jahrbuch/titelseiten/1971.jpg HTTP/1.1" 200 8908 "-" "Mozilla/5.0 (compatible; adscanner/)/1.0 (Mozilla/5.0 (compatible; seoscanners.net/1.0; +spider@seoscanners.net); http://seoscanners.net; spider@seoscanners.net)"
62.138.6.15 - - [13/Jan/2022:21:20:45 +0100] "GET /jahrbuch/titelseiten/2007.jpg HTTP/1.1" 200 6748 "-" "Mozilla/5.0 (compatible; adscanner/)/1.0 (Mozilla/5.0 (compatible; seoscanners.net/1.0; +spider@seoscanners.net); http://seoscanners.net; spider@seoscanners.net)"
62.138.3.52 - - [13/Jan/2022:21:20:45 +0100] "GET /jahrbuch/titelseiten/1957.jpg HTTP/1.1" 200 12765 "-" "Mozilla/5.0 (compatible; adscanner/)/1.0 (Mozilla/5.0 (compatible; seoscanners.net/1.0; +spider@seoscanners.net); http://seoscanners.net; spider@seoscanners.net)"
62.138.2.14 - - [13/Jan/2022:21:20:45 +0100] "GET /jahrbuch/titelseiten/1984.jpg HTTP/1.1" 200 10434 "-" "Mozilla/5.0 (compatible; adscanner/)/1.0 (Mozilla/5.0 (compatible; seoscanners.net/1.0; +spider@seoscanners.net); http://seoscanners.net; spider@seoscanners.net)"
62.138.2.214 - - [13/Jan/2022:21:20:45 +0100] "GET /jahrbuch/titelseiten/2004.jpg HTTP/1.1" 200 5386 "-" "Mozilla/5.0 (compatible; adscanner/)/1.0 (Mozilla/5.0 (compatible; seoscanners.net/1.0; +spider@seoscanners.net); http://seoscanners.net; spider@seoscanners.net)"
62.138.3.40 - - [13/Jan/2022:21:20:45 +0100] "GET /jahrbuch/titelseiten/1965.jpg HTTP/1.1" 200 9478 "-" "Mozilla/5.0 (compatible; adscanner/)/1.0 (Mozilla/5.0 (compatible; seoscanners.net/1.0; +spider@seoscanners.net); http://seoscanners.net; spider@seoscanners.net)"
62.138.2.14 - - [13/Jan/2022:21:20:46 +0100] "GET /jahrbuch/titelseiten/1982.jpg HTTP/1.1" 200 9679 "-" "Mozilla/5.0 (compatible; adscanner/)/1.0 (Mozilla/5.0 (compatible; seoscanners.net/1.0; +spider@seoscanners.net); http://seoscanners.net; spider@seoscanners.net)"
85.25.210.23 - - [13/Jan/2022:21:20:46 +0100] "GET /jahrbuch/titelseiten/1961.jpg HTTP/1.1" 200 11188 "-" "Mozilla/5.0 (compatible; adscanner/)/1.0 (Mozilla/5.0 (compatible; seoscanners.net/1.0; +spider@seoscanners.net); http://seoscanners.net; spider@seoscanners.net)"
85.25.185.103 - - [13/Jan/2022:21:20:46 +0100] "GET /jahrbuch/titelseiten/1968.jpg HTTP/1.1" 200 10477 "-" "Mozilla/5.0 (compatible; adscanner/)/1.0 (Mozilla/5.0 (compatible; seoscanners.net/1.0; +spider@seoscanners.net); http://seoscanners.net; spider@seoscanners.net)"
85.25.185.103 - - [13/Jan/2022:21:20:46 +0100] "GET /jahrbuch/titelseiten/1986.jpg HTTP/1.1" 200 11297 "-" "Mozilla/5.0 (compatible; adscanner/)/1.0 (Mozilla/5.0 (compatible; seoscanners.net/1.0; +spider@seoscanners.net); http://seoscanners.net; spider@seoscanners.net)"
62.138.3.52 - - [13/Jan/2022:21:20:46 +0100] "GET /jahrbuch/titelseiten/1994.jpg HTTP/1.1" 200 12562 "-" "Mozilla/5.0 (compatible; adscanner/)/1.0 (Mozilla/5.0 (compatible; seoscanners.net/1.0; +spider@seoscanners.net); http://seoscanners.net; spider@seoscanners.net)"
62.138.3.40 - - [13/Jan/2022:21:20:46 +0100] "GET /jahrbuch/titelseiten/1969.jpg HTTP/1.1" 200 8422 "-" "Mozilla/5.0 (compatible; adscanner/)/1.0 (Mozilla/5.0 (compatible; seoscanners.net/1.0; +spider@seoscanners.net); http://seoscanners.net; spider@seoscanners.net)"
62.138.2.214 - - [13/Jan/2022:21:20:46 +0100] "GET /jahrbuch/titelseiten/1978.jpg HTTP/1.1" 200 12057 "-" "Mozilla/5.0 (compatible; adscanner/)/1.0 (Mozilla/5.0 (compatible; seoscanners.net/1.0; +spider@seoscanners.net); http://seoscanners.net; spider@seoscanners.net)"
62.138.2.160 - - [13/Jan/2022:21:20:47 +0100] "GET /jahrbuch/titelseiten/1970.jpg HTTP/1.1" 200 8229 "-" "Mozilla/5.0 (compatible; adscanner/)/1.0 (Mozilla/5.0 (compatible; seoscanners.net/1.0; +spider@seoscanners.net); http://seoscanners.net; spider@seoscanners.net)"
62.138.2.160 - - [13/Jan/2022:21:20:47 +0100] "GET /jahrbuch/titelseiten/1983.jpg HTTP/1.1" 200 11695 "-" "Mozilla/5.0 (compatible; adscanner/)/1.0 (Mozilla/5.0 (compatible; seoscanners.net/1.0; +spider@seoscanners.net); http://seoscanners.net; spider@seoscanners.net)"
62.138.6.15 - - [13/Jan/2022:21:20:47 +0100] "GET /jahrbuch/titelseiten/2012.jpg HTTP/1.1" 200 9619 "-" "Mozilla/5.0 (compatible; adscanner/)/1.0 (Mozilla/5.0 (compatible; seoscanners.net/1.0; +spider@seoscanners.net); http://seoscanners.net; spider@seoscanners.net)"
62.138.6.15 - - [13/Jan/2022:21:20:47 +0100] "GET /jahrbuch/titelseiten/1963.jpg HTTP/1.1" 200 9118 "-" "Mozilla/5.0 (compatible; adscanner/)/1.0 (Mozilla/5.0 (compatible; seoscanners.net/1.0; +spider@seoscanners.net); http://seoscanners.net; spider@seoscanners.net)"
62.138.2.214 - - [13/Jan/2022:21:20:48 +0100] "GET /jahrbuch/titelseiten/1990.jpg HTTP/1.1" 200 11215 "-" "Mozilla/5.0 (compatible; adscanner/)/1.0 (Mozilla/5.0 (compatible; seoscanners.net/1.0; +spider@seoscanners.net); http://seoscanners.net; spider@seoscanners.net)"
62.138.2.14 - - [13/Jan/2022:21:20:48 +0100] "GET /jahrbuch/titelseiten/2011.jpg HTTP/1.1" 200 8403 "-" "Mozilla/5.0 (compatible; adscanner/)/1.0 (Mozilla/5.0 (compatible; seoscanners.net/1.0; +spider@seoscanners.net); http://seoscanners.net; spider@seoscanners.net)"
62.138.2.214 - - [13/Jan/2022:21:20:48 +0100] "GET /jahrbuch/titelseiten/1998.jpg HTTP/1.1" 200 8504 "-" "Mozilla/5.0 (compatible; adscanner/)/1.0 (Mozilla/5.0 (compatible; seoscanners.net/1.0; +spider@seoscanners.net); http://seoscanners.net; spider@seoscanners.net)"
62.138.2.14 - - [13/Jan/2022:21:20:48 +0100] "GET /jahrbuch/titelseiten/1940.jpg HTTP/1.1" 200 10579 "-" "Mozilla/5.0 (compatible; adscanner/)/1.0 (Mozilla/5.0 (compatible; seoscanners.net/1.0; +spider@seoscanners.net); http://seoscanners.net; spider@seoscanners.net)"
62.138.2.214 - - [13/Jan/2022:21:20:49 +0100] "GET /jahrbuch/titelseiten/1976.jpg HTTP/1.1" 200 8435 "-" "Mozilla/5.0 (compatible; adscanner/)/1.0 (Mozilla/5.0 (compatible; seoscanners.net/1.0; +spider@seoscanners.net); http://seoscanners.net; spider@seoscanners.net)"
62.138.2.14 - - [13/Jan/2022:21:20:49 +0100] "GET /jahrbuch/titelseiten/1996.jpg HTTP/1.1" 200 11186 "-" "Mozilla/5.0 (compatible; adscanner/)/1.0 (Mozilla/5.0 (compatible; seoscanners.net/1.0; +spider@seoscanners.net); http://seoscanners.net; spider@seoscanners.net)"
148.251.50.77 - - [13/Jan/2022:21:30:50 +0100] "GET /sonderthemen/az2003.pdf HTTP/1.1" 200 4864675 "-" "Mozilla/5.0 (Macintosh; Intel Mac OS X 10.16; rv:83.0) Gecko/20100101 Firefox/83.0"
216.244.66.237 - - [13/Jan/2022:21:59:40 +0100] "GET /robots.txt HTTP/1.1" 200 100 "-" "Mozilla/5.0 (compatible; DotBot/1.2; +https://opensiteexplorer.org/dotbot; help@moz.com)"
216.244.66.237 - - [13/Jan/2022:22:02:14 +0100] "GET /sonderthemen/ HTTP/1.1" 200 7102 "-" "Mozilla/5.0 (compatible; DotBot/1.2; +https://opensiteexplorer.org/dotbot; help@moz.com)"
46.161.27.142 - - [13/Jan/2022:22:08:24 +0100] "GET /wp-login.php HTTP/1.1" 404 2381 "-" "Mozilla/5.0 (Windows NT 10.0; Win64; x64) AppleWebKit/537.36 (KHTML, like Gecko) Chrome/64.0.3282.140 Safari/537.36 Edge/18.17763"
95.91.193.117 - - [13/Jan/2022:22:21:35 +0100] "GET /sonderthemen/sk2001.pdf HTTP/1.1" 200 3098589 "-" "Dalvik/2.1.0 (Linux; U; Android 8.0.0; SM-J330F Build/R16NW)"
95.223.77.227 - - [13/Jan/2022:22:36:45 +0100] "GET /cds/hymnos_akathistos.html HTTP/1.1" 200 11061 "https://www.google.com/" "Mozilla/5.0 (iPhone; CPU iPhone OS 15_1 like Mac OS X) AppleWebKit/605.1.15 (KHTML, like Gecko) Version/15.1 Mobile/15E148 Safari/604.1"
95.223.77.227 - - [13/Jan/2022:22:36:45 +0100] "GET /main.css HTTP/1.1" 200 1439 "http://www.morusverlag.de/cds/hymnos_akathistos.html" "Mozilla/5.0 (iPhone; CPU iPhone OS 15_1 like Mac OS X) AppleWebKit/605.1.15 (KHTML, like Gecko) Version/15.1 Mobile/15E148 Safari/604.1"
95.223.77.227 - - [13/Jan/2022:22:36:45 +0100] "GET /logo_g.gif HTTP/1.1" 200 1301 "http://www.morusverlag.de/cds/hymnos_akathistos.html" "Mozilla/5.0 (iPhone; CPU iPhone OS 15_1 like Mac OS X) AppleWebKit/605.1.15 (KHTML, like Gecko) Version/15.1 Mobile/15E148 Safari/604.1"
95.223.77.227 - - [13/Jan/2022:22:36:45 +0100] "GET /mv_g.gif HTTP/1.1" 200 4070 "http://www.morusverlag.de/cds/hymnos_akathistos.html" "Mozilla/5.0 (iPhone; CPU iPhone OS 15_1 like Mac OS X) AppleWebKit/605.1.15 (KHTML, like Gecko) Version/15.1 Mobile/15E148 Safari/604.1"
95.223.77.227 - - [13/Jan/2022:22:36:45 +0100] "GET /m.gif HTTP/1.1" 200 95 "http://www.morusverlag.de/cds/hymnos_akathistos.html" "Mozilla/5.0 (iPhone; CPU iPhone OS 15_1 like Mac OS X) AppleWebKit/605.1.15 (KHTML, like Gecko) Version/15.1 Mobile/15E148 Safari/604.1"
95.223.77.227 - - [13/Jan/2022:22:36:45 +0100] "GET /pf.gif HTTP/1.1" 200 62 "http://www.morusverlag.de/cds/hymnos_akathistos.html" "Mozilla/5.0 (iPhone; CPU iPhone OS 15_1 like Mac OS X) AppleWebKit/605.1.15 (KHTML, like Gecko) Version/15.1 Mobile/15E148 Safari/604.1"
95.223.77.227 - - [13/Jan/2022:22:36:45 +0100] "GET /cds/hymnos.jpg HTTP/1.1" 200 27752 "http://www.morusverlag.de/cds/hymnos_akathistos.html" "Mozilla/5.0 (iPhone; CPU iPhone OS 15_1 like Mac OS X) AppleWebKit/605.1.15 (KHTML, like Gecko) Version/15.1 Mobile/15E148 Safari/604.1"
95.223.77.227 - - [13/Jan/2022:22:36:45 +0100] "GET /strich.gif HTTP/1.1" 200 45 "http://www.morusverlag.de/cds/hymnos_akathistos.html" "Mozilla/5.0 (iPhone; CPU iPhone OS 15_1 like Mac OS X) AppleWebKit/605.1.15 (KHTML, like Gecko) Version/15.1 Mobile/15E148 Safari/604.1"
95.223.77.227 - - [13/Jan/2022:22:36:45 +0100] "GET /cds/hymnos_heft.jpg HTTP/1.1" 200 8653 "http://www.morusverlag.de/cds/hymnos_akathistos.html" "Mozilla/5.0 (iPhone; CPU iPhone OS 15_1 like Mac OS X) AppleWebKit/605.1.15 (KHTML, like Gecko) Version/15.1 Mobile/15E148 Safari/604.1"
95.223.77.227 - - [13/Jan/2022:22:36:46 +0100] "GET /favicon.ico HTTP/1.1" 200 4286 "http://www.morusverlag.de/cds/hymnos_akathistos.html" "Mozilla/5.0 (iPhone; CPU iPhone OS 15_1 like Mac OS X) AppleWebKit/605.1.15 (KHTML, like Gecko) Version/15.1 Mobile/15E148 Safari/604.1"
85.25.210.23 - - [13/Jan/2022:22:55:39 +0100] "GET /cds/glockenspiel2.jpg HTTP/1.1" 200 28150 "-" "Mozilla/5.0 (compatible; adscanner/)/1.0 (Mozilla/5.0 (compatible; seoscanners.net/1.0; +spider@seoscanners.net); http://seoscanners.net; spider@seoscanners.net)"
85.25.177.139 - - [13/Jan/2022:23:26:59 +0100] "GET /cds/glockenspiel1.jpg HTTP/1.1" 200 28614 "-" "Mozilla/5.0 (compatible; adscanner/)/1.0 (Mozilla/5.0 (compatible; seoscanners.net/1.0; +spider@seoscanners.net); http://seoscanners.net; spider@seoscanners.net)"
62.138.2.14 - - [13/Jan/2022:23:30:21 +0100] "GET /cds/glockenspiel1.jpg HTTP/1.1" 200 28614 "-" "Mozilla/5.0 (compatible; adscanner/)/1.0 (Mozilla/5.0 (compatible; seoscanners.net/1.0; +spider@seoscanners.net); http://seoscanners.net; spider@seoscanners.net)"
62.138.3.52 - - [13/Jan/2022:23:34:19 +0100] "GET /jahrbuch/titelseiten/1972.jpg HTTP/1.1" 200 10862 "-" "Mozilla/5.0 (compatible; adscanner/)/1.0 (Mozilla/5.0 (compatible; seoscanners.net/1.0; +spider@seoscanners.net); http://seoscanners.net; spider@seoscanners.net)"
62.138.3.52 - - [13/Jan/2022:23:34:19 +0100] "GET /jahrbuch/titelseiten/1966.jpg HTTP/1.1" 200 12635 "-" "Mozilla/5.0 (compatible; adscanner/)/1.0 (Mozilla/5.0 (compatible; seoscanners.net/1.0; +spider@seoscanners.net); http://seoscanners.net; spider@seoscanners.net)"
62.138.3.52 - - [13/Jan/2022:23:34:19 +0100] "GET /jahrbuch/titelseiten/1962.jpg HTTP/1.1" 200 9405 "-" "Mozilla/5.0 (compatible; adscanner/)/1.0 (Mozilla/5.0 (compatible; seoscanners.net/1.0; +spider@seoscanners.net); http://seoscanners.net; spider@seoscanners.net)"
62.138.2.14 - - [13/Jan/2022:23:34:19 +0100] "GET /jahrbuch/titelseiten/2001.jpg HTTP/1.1" 200 7909 "-" "Mozilla/5.0 (compatible; adscanner/)/1.0 (Mozilla/5.0 (compatible; seoscanners.net/1.0; +spider@seoscanners.net); http://seoscanners.net; spider@seoscanners.net)"
85.25.177.139 - - [13/Jan/2022:23:34:19 +0100] "GET /jahrbuch/titelseiten/1967.jpg HTTP/1.1" 200 10004 "-" "Mozilla/5.0 (compatible; adscanner/)/1.0 (Mozilla/5.0 (compatible; seoscanners.net/1.0; +spider@seoscanners.net); http://seoscanners.net; spider@seoscanners.net)"
62.138.3.40 - - [13/Jan/2022:23:34:19 +0100] "GET /jahrbuch/titelseiten/2002.jpg HTTP/1.1" 200 11036 "-" "Mozilla/5.0 (compatible; adscanner/)/1.0 (Mozilla/5.0 (compatible; seoscanners.net/1.0; +spider@seoscanners.net); http://seoscanners.net; spider@seoscanners.net)"
85.25.210.23 - - [13/Jan/2022:23:34:19 +0100] "GET /jahrbuch/titelseiten/1955.jpg HTTP/1.1" 200 13277 "-" "Mozilla/5.0 (compatible; adscanner/)/1.0 (Mozilla/5.0 (compatible; seoscanners.net/1.0; +spider@seoscanners.net); http://seoscanners.net; spider@seoscanners.net)"
62.138.2.214 - - [13/Jan/2022:23:34:19 +0100] "GET /jahrbuch/titelseiten/1980.jpg HTTP/1.1" 200 9114 "-" "Mozilla/5.0 (compatible; adscanner/)/1.0 (Mozilla/5.0 (compatible; seoscanners.net/1.0; +spider@seoscanners.net); http://seoscanners.net; spider@seoscanners.net)"
85.25.177.139 - - [13/Jan/2022:23:34:19 +0100] "GET /jahrbuch/titelseiten/2000.jpg HTTP/1.1" 200 8718 "-" "Mozilla/5.0 (compatible; adscanner/)/1.0 (Mozilla/5.0 (compatible; seoscanners.net/1.0; +spider@seoscanners.net); http://seoscanners.net; spider@seoscanners.net)"
62.138.3.40 - - [13/Jan/2022:23:34:19 +0100] "GET /jahrbuch/titelseiten/1981.jpg HTTP/1.1" 200 10407 "-" "Mozilla/5.0 (compatible; adscanner/)/1.0 (Mozilla/5.0 (compatible; seoscanners.net/1.0; +spider@seoscanners.net); http://seoscanners.net; spider@seoscanners.net)"
85.25.177.139 - - [13/Jan/2022:23:34:19 +0100] "GET /jahrbuch/titelseiten/1997.jpg HTTP/1.1" 200 12043 "-" "Mozilla/5.0 (compatible; adscanner/)/1.0 (Mozilla/5.0 (compatible; seoscanners.net/1.0; +spider@seoscanners.net); http://seoscanners.net; spider@seoscanners.net)"
62.138.2.14 - - [13/Jan/2022:23:34:19 +0100] "GET /jahrbuch/titelseiten/2008.jpg HTTP/1.1" 200 9787 "-" "Mozilla/5.0 (compatible; adscanner/)/1.0 (Mozilla/5.0 (compatible; seoscanners.net/1.0; +spider@seoscanners.net); http://seoscanners.net; spider@seoscanners.net)"
62.138.2.160 - - [13/Jan/2022:23:34:19 +0100] "GET /jahrbuch/titelseiten/1959.jpg HTTP/1.1" 200 11387 "-" "Mozilla/5.0 (compatible; adscanner/)/1.0 (Mozilla/5.0 (compatible; seoscanners.net/1.0; +spider@seoscanners.net); http://seoscanners.net; spider@seoscanners.net)"
62.138.3.52 - - [13/Jan/2022:23:34:19 +0100] "GET /jahrbuch/titelseiten/1993.jpg HTTP/1.1" 200 10788 "-" "Mozilla/5.0 (compatible; adscanner/)/1.0 (Mozilla/5.0 (compatible; seoscanners.net/1.0; +spider@seoscanners.net); http://seoscanners.net; spider@seoscanners.net)"
85.25.210.23 - - [13/Jan/2022:23:34:19 +0100] "GET /jahrbuch/titelseiten/1975.jpg HTTP/1.1" 200 9109 "-" "Mozilla/5.0 (compatible; adscanner/)/1.0 (Mozilla/5.0 (compatible; seoscanners.net/1.0; +spider@seoscanners.net); http://seoscanners.net; spider@seoscanners.net)"
85.25.177.139 - - [13/Jan/2022:23:34:19 +0100] "GET /jahrbuch/titelseiten/1987.jpg HTTP/1.1" 200 10876 "-" "Mozilla/5.0 (compatible; adscanner/)/1.0 (Mozilla/5.0 (compatible; seoscanners.net/1.0; +spider@seoscanners.net); http://seoscanners.net; spider@seoscanners.net)"
62.138.2.214 - - [13/Jan/2022:23:34:19 +0100] "GET /jahrbuch/titelseiten/1935.jpg HTTP/1.1" 200 9813 "-" "Mozilla/5.0 (compatible; adscanner/)/1.0 (Mozilla/5.0 (compatible; seoscanners.net/1.0; +spider@seoscanners.net); http://seoscanners.net; spider@seoscanners.net)"
62.138.6.15 - - [13/Jan/2022:23:34:20 +0100] "GET /jahrbuch/titelseiten/1991.jpg HTTP/1.1" 200 11857 "-" "Mozilla/5.0 (compatible; adscanner/)/1.0 (Mozilla/5.0 (compatible; seoscanners.net/1.0; +spider@seoscanners.net); http://seoscanners.net; spider@seoscanners.net)"
62.138.6.15 - - [13/Jan/2022:23:34:20 +0100] "GET /jahrbuch/titelseiten/1939.jpg HTTP/1.1" 200 10519 "-" "Mozilla/5.0 (compatible; adscanner/)/1.0 (Mozilla/5.0 (compatible; seoscanners.net/1.0; +spider@seoscanners.net); http://seoscanners.net; spider@seoscanners.net)"
62.138.3.40 - - [13/Jan/2022:23:34:21 +0100] "GET /jahrbuch/titelseiten/1979.jpg HTTP/1.1" 200 12108 "-" "Mozilla/5.0 (compatible; adscanner/)/1.0 (Mozilla/5.0 (compatible; seoscanners.net/1.0; +spider@seoscanners.net); http://seoscanners.net; spider@seoscanners.net)"
85.25.185.103 - - [13/Jan/2022:23:34:21 +0100] "GET /jahrbuch/titelseiten/2006.jpg HTTP/1.1" 200 9078 "-" "Mozilla/5.0 (compatible; adscanner/)/1.0 (Mozilla/5.0 (compatible; seoscanners.net/1.0; +spider@seoscanners.net); http://seoscanners.net; spider@seoscanners.net)"
62.138.3.40 - - [13/Jan/2022:23:34:21 +0100] "GET /jahrbuch/titelseiten/2009.jpg HTTP/1.1" 200 10213 "-" "Mozilla/5.0 (compatible; adscanner/)/1.0 (Mozilla/5.0 (compatible; seoscanners.net/1.0; +spider@seoscanners.net); http://seoscanners.net; spider@seoscanners.net)"
85.25.210.23 - - [13/Jan/2022:23:34:21 +0100] "GET /jahrbuch/titelseiten/2010.jpg HTTP/1.1" 200 9104 "-" "Mozilla/5.0 (compatible; adscanner/)/1.0 (Mozilla/5.0 (compatible; seoscanners.net/1.0; +spider@seoscanners.net); http://seoscanners.net; spider@seoscanners.net)"
62.138.2.14 - - [13/Jan/2022:23:34:24 +0100] "GET /jahrbuch/titelseiten/1964.jpg HTTP/1.1" 200 8794 "-" "Mozilla/5.0 (compatible; adscanner/)/1.0 (Mozilla/5.0 (compatible; seoscanners.net/1.0; +spider@seoscanners.net); http://seoscanners.net; spider@seoscanners.net)"
85.25.185.103 - - [13/Jan/2022:23:34:24 +0100] "GET /jahrbuch/titelseiten/1958.jpg HTTP/1.1" 200 11008 "-" "Mozilla/5.0 (compatible; adscanner/)/1.0 (Mozilla/5.0 (compatible; seoscanners.net/1.0; +spider@seoscanners.net); http://seoscanners.net; spider@seoscanners.net)"
62.138.3.52 - - [13/Jan/2022:23:34:24 +0100] "GET /jahrbuch/titelseiten/2003.jpg HTTP/1.1" 200 9473 "-" "Mozilla/5.0 (compatible; adscanner/)/1.0 (Mozilla/5.0 (compatible; seoscanners.net/1.0; +spider@seoscanners.net); http://seoscanners.net; spider@seoscanners.net)"
62.138.6.15 - - [13/Jan/2022:23:34:25 +0100] "GET /jahrbuch/titelseiten/2005.jpg HTTP/1.1" 200 11448 "-" "Mozilla/5.0 (compatible; adscanner/)/1.0 (Mozilla/5.0 (compatible; seoscanners.net/1.0; +spider@seoscanners.net); http://seoscanners.net; spider@seoscanners.net)"
62.138.3.40 - - [13/Jan/2022:23:34:25 +0100] "GET /jahrbuch/titelseiten/1974.jpg HTTP/1.1" 200 8566 "-" "Mozilla/5.0 (compatible; adscanner/)/1.0 (Mozilla/5.0 (compatible; seoscanners.net/1.0; +spider@seoscanners.net); http://seoscanners.net; spider@seoscanners.net)"
85.25.177.139 - - [13/Jan/2022:23:37:43 +0100] "GET /jahrbuch/titelseiten/1981.jpg HTTP/1.1" 200 10407 "-" "Mozilla/5.0 (compatible; adscanner/)/1.0 (Mozilla/5.0 (compatible; seoscanners.net/1.0; +spider@seoscanners.net); http://seoscanners.net; spider@seoscanners.net)"
85.25.185.103 - - [13/Jan/2022:23:37:43 +0100] "GET /jahrbuch/titelseiten/2000.jpg HTTP/1.1" 200 8718 "-" "Mozilla/5.0 (compatible; adscanner/)/1.0 (Mozilla/5.0 (compatible; seoscanners.net/1.0; +spider@seoscanners.net); http://seoscanners.net; spider@seoscanners.net)"
62.138.2.214 - - [13/Jan/2022:23:37:43 +0100] "GET /jahrbuch/titelseiten/2002.jpg HTTP/1.1" 200 11036 "-" "Mozilla/5.0 (compatible; adscanner/)/1.0 (Mozilla/5.0 (compatible; seoscanners.net/1.0; +spider@seoscanners.net); http://seoscanners.net; spider@seoscanners.net)"
62.138.3.52 - - [13/Jan/2022:23:37:43 +0100] "GET /jahrbuch/titelseiten/1955.jpg HTTP/1.1" 200 13277 "-" "Mozilla/5.0 (compatible; adscanner/)/1.0 (Mozilla/5.0 (compatible; seoscanners.net/1.0; +spider@seoscanners.net); http://seoscanners.net; spider@seoscanners.net)"
85.25.177.139 - - [14/Jan/2022:00:14:48 +0100] "GET /sonderthemen/sk2000.jpg HTTP/1.1" 200 14117 "-" "Mozilla/5.0 (compatible; adscanner/)/1.0 (Mozilla/5.0 (compatible; seoscanners.net/1.0; +spider@seoscanners.net); http://seoscanners.net; spider@seoscanners.net)"
85.25.185.103 - - [14/Jan/2022:00:14:48 +0100] "GET /sonderthemen/sk2001.jpg HTTP/1.1" 200 13633 "-" "Mozilla/5.0 (compatible; adscanner/)/1.0 (Mozilla/5.0 (compatible; seoscanners.net/1.0; +spider@seoscanners.net); http://seoscanners.net; spider@seoscanners.net)"
62.138.2.214 - - [14/Jan/2022:00:14:49 +0100] "GET /sonderthemen/sk2004.jpg HTTP/1.1" 200 8855 "-" "Mozilla/5.0 (compatible; adscanner/)/1.0 (Mozilla/5.0 (compatible; seoscanners.net/1.0; +spider@seoscanners.net); http://seoscanners.net; spider@seoscanners.net)"
62.138.2.214 - - [14/Jan/2022:00:14:49 +0100] "GET /sonderthemen/oeaz2001.jpg HTTP/1.1" 200 13766 "-" "Mozilla/5.0 (compatible; adscanner/)/1.0 (Mozilla/5.0 (compatible; seoscanners.net/1.0; +spider@seoscanners.net); http://seoscanners.net; spider@seoscanners.net)"
62.138.3.40 - - [14/Jan/2022:00:14:49 +0100] "GET /sonderthemen/sk2002.jpg HTTP/1.1" 200 14552 "-" "Mozilla/5.0 (compatible; adscanner/)/1.0 (Mozilla/5.0 (compatible; seoscanners.net/1.0; +spider@seoscanners.net); http://seoscanners.net; spider@seoscanners.net)"
62.138.3.40 - - [14/Jan/2022:00:14:49 +0100] "GET /sonderthemen/oekt_extra2.jpg HTTP/1.1" 200 11740 "-" "Mozilla/5.0 (compatible; adscanner/)/1.0 (Mozilla/5.0 (compatible; seoscanners.net/1.0; +spider@seoscanners.net); http://seoscanners.net; spider@seoscanners.net)"
62.138.3.40 - - [14/Jan/2022:00:14:51 +0100] "GET /sonderthemen/oekt_extra3.jpg HTTP/1.1" 200 12585 "-" "Mozilla/5.0 (compatible; adscanner/)/1.0 (Mozilla/5.0 (compatible; seoscanners.net/1.0; +spider@seoscanners.net); http://seoscanners.net; spider@seoscanners.net)"
66.249.72.73 - - [14/Jan/2022:00:15:16 +0100] "GET /sonderthemen/oekt_extra1.pdf HTTP/1.1" 304 - "-" "Mozilla/5.0 (Linux; Android 6.0.1; Nexus 5X Build/MMB29P) AppleWebKit/537.36 (KHTML, like Gecko) Chrome/97.0.4692.71 Mobile Safari/537.36 (compatible; Googlebot/2.1; +http://www.google.com/bot.html)"
66.249.72.75 - - [14/Jan/2022:00:19:21 +0100] "GET /index.html HTTP/1.1" 304 - "-" "Mozilla/5.0 (Linux; Android 6.0.1; Nexus 5X Build/MMB29P) AppleWebKit/537.36 (KHTML, like Gecko) Chrome/97.0.4692.71 Mobile Safari/537.36 (compatible; Googlebot/2.1; +http://www.google.com/bot.html)"
23.100.232.233 - - [14/Jan/2022:00:24:27 +0100] "GET /buecher/ HTTP/1.1" 200 25885 "-" "Mozilla/5.0 (compatible; MSIE 9.0; Windows NT 6.1; Trident/5.0; Trident/5.0)"
23.100.232.233 - - [14/Jan/2022:00:24:27 +0100] "GET /main.css HTTP/1.1" 200 1439 "http://www.morusverlag.de/buecher/" "Mozilla/5.0 (compatible; MSIE 9.0; Windows NT 6.1; Trident/5.0; Trident/5.0)"
23.100.232.233 - - [14/Jan/2022:00:24:28 +0100] "GET /contentflow/contentflow.js HTTP/1.1" 200 42064 "http://www.morusverlag.de/buecher/" "Mozilla/5.0 (compatible; MSIE 9.0; Windows NT 6.1; Trident/5.0; Trident/5.0)"
23.100.232.233 - - [14/Jan/2022:00:24:30 +0100] "GET /contentflow/contentflow.css HTTP/1.1" 200 3109 "http://www.morusverlag.de/buecher/" "Mozilla/5.0 (compatible; MSIE 9.0; Windows NT 6.1; Trident/5.0; Trident/5.0)"
23.100.232.233 - - [14/Jan/2022:00:24:30 +0100] "GET /contentflow/mycontentflow.css HTTP/1.1" 404 2381 "http://www.morusverlag.de/buecher/" "Mozilla/5.0 (compatible; MSIE 9.0; Windows NT 6.1; Trident/5.0; Trident/5.0)"
23.100.232.233 - - [14/Jan/2022:00:24:30 +0100] "GET /contentflow/ContentFlowAddOn_white.js HTTP/1.1" 200 471 "http://www.morusverlag.de/buecher/" "Mozilla/5.0 (compatible; MSIE 9.0; Windows NT 6.1; Trident/5.0; Trident/5.0)"
23.100.232.233 - - [14/Jan/2022:00:24:32 +0100] "GET /contentflow/ContentFlowAddOn_white.css HTTP/1.1" 200 3174 "http://www.morusverlag.de/buecher/" "Mozilla/5.0 (compatible; MSIE 9.0; Windows NT 6.1; Trident/5.0; Trident/5.0)"
157.55.39.122 - - [14/Jan/2022:00:30:38 +0100] "GET /buecher/gesichter/04.jpg HTTP/1.1" 200 7078 "-" "Mozilla/5.0 (compatible; bingbot/2.0; +http://www.bing.com/bingbot.htm)"
66.249.72.73 - - [14/Jan/2022:00:35:38 +0100] "GET /sonderthemen/az2003.pdf HTTP/1.1" 304 - "-" "Mozilla/5.0 (Linux; Android 6.0.1; Nexus 5X Build/MMB29P) AppleWebKit/537.36 (KHTML, like Gecko) Chrome/97.0.4692.71 Mobile Safari/537.36 (compatible; Googlebot/2.1; +http://www.google.com/bot.html)"
66.249.72.73 - - [14/Jan/2022:00:39:48 +0100] "GET /buecher/rezensionen_engel.html HTTP/1.1" 304 - "-" "Mozilla/5.0 (compatible; Googlebot/2.1; +http://www.google.com/bot.html)"
46.185.7.250 - - [14/Jan/2022:00:54:05 +0100] "GET / HTTP/1.1" 200 9360 "https://spinazdrav.ru/" "Mozilla/4.0 (compatible; MSIE 6.0; Windows NT 5.1; .NET CLR 1.1.4322; FDM)"
46.185.7.250 - - [14/Jan/2022:00:54:05 +0100] "GET / HTTP/1.1" 200 9360 "https://spinazdrav.ru/" "Mozilla/4.0 (compatible; MSIE 6.0; Windows NT 5.1; .NET CLR 1.1.4322; FDM)"
46.185.7.250 - - [14/Jan/2022:00:54:05 +0100] "GET / HTTP/1.1" 200 9360 "https://spinazdrav.ru/" "Mozilla/4.0 (compatible; MSIE 6.0; Windows NT 5.1; .NET CLR 1.1.4322; FDM)"
66.249.72.75 - - [14/Jan/2022:00:56:13 +0100] "GET /kontakt/ HTTP/1.1" 304 - "-" "Mozilla/5.0 (Linux; Android 6.0.1; Nexus 5X Build/MMB29P) AppleWebKit/537.36 (KHTML, like Gecko) Chrome/97.0.4692.71 Mobile Safari/537.36 (compatible; Googlebot/2.1; +http://www.google.com/bot.html)"
185.181.61.24 - - [14/Jan/2022:01:05:18 +0100] "GET /archiv.html HTTP/1.1" 404 2381 "-" "Mozilla/5.0 (Windows NT 10.0; Win64; x64) AppleWebKit/537.36 (KHTML, like Gecko) Chrome/91.0.4472.114 Safari/537.36 Edg/91.0.864.54"
66.249.72.77 - - [14/Jan/2022:01:08:29 +0100] "GET /jahrbuch/ HTTP/1.1" 304 - "-" "Mozilla/5.0 (compatible; Googlebot/2.1; +http://www.google.com/bot.html)"
178.63.51.106 - - [14/Jan/2022:01:15:51 +0100] "GET /sonderthemen/oekt_extra3.pdf HTTP/1.1" 200 2109745 "-" "Mozilla/5.0 (X11; Fedora; Linux x86_64; rv:83.0) Gecko/20100101 Firefox/83.0"
46.4.83.150 - - [14/Jan/2022:01:16:05 +0100] "GET /sonderthemen/oekt_extra3.pdf HTTP/1.1" 200 2109745 "-" "Mozilla/5.0 (Macintosh; Intel Mac OS X 10_15_7) AppleWebKit/605.1.15 (KHTML, like Gecko) Version/14.0 Safari/605.1.15"
157.55.39.122 - - [14/Jan/2022:01:18:42 +0100] "GET /buecher/le_saulchoir.jpg HTTP/1.1" 200 2734 "-" "Mozilla/5.0 (compatible; bingbot/2.0; +http://www.bing.com/bingbot.htm)"
66.249.72.75 - - [14/Jan/2022:01:33:54 +0100] "GET /buecher/rezensionen_chateaubriand.html HTTP/1.1" 304 - "-" "Mozilla/5.0 (Linux; Android 6.0.1; Nexus 5X Build/MMB29P) AppleWebKit/537.36 (KHTML, like Gecko) Chrome/97.0.4692.71 Mobile Safari/537.36 (compatible; Googlebot/2.1; +http://www.google.com/bot.html)"
207.46.13.15 - - [14/Jan/2022:01:34:45 +0100] "GET /cds/glockenspiel1.jpg HTTP/1.1" 200 28614 "-" "Mozilla/5.0 (compatible; bingbot/2.0; +http://www.bing.com/bingbot.htm)"
207.46.13.15 - - [14/Jan/2022:01:36:15 +0100] "GET / HTTP/1.1" 200 9360 "-" "Mozilla/5.0 (compatible; bingbot/2.0; +http://www.bing.com/bingbot.htm)"
66.249.72.75 - - [14/Jan/2022:01:56:55 +0100] "GET /buecher/rezensionen_krise_zum_heil.html HTTP/1.1" 304 - "-" "Mozilla/5.0 (compatible; Googlebot/2.1; +http://www.google.com/bot.html)"
85.25.210.23 - - [14/Jan/2022:01:57:11 +0100] "GET /cds/astazi.jpg HTTP/1.1" 200 31331 "-" "Mozilla/5.0 (compatible; adscanner/)/1.0 (Mozilla/5.0 (compatible; seoscanners.net/1.0; +spider@seoscanners.net); http://seoscanners.net; spider@seoscanners.net)"
62.138.6.15 - - [14/Jan/2022:02:28:13 +0100] "GET /sonderthemen/az1999.jpg HTTP/1.1" 200 11828 "-" "Mozilla/5.0 (compatible; adscanner/)/1.0 (Mozilla/5.0 (compatible; seoscanners.net/1.0; +spider@seoscanners.net); http://seoscanners.net; spider@seoscanners.net)"
85.25.185.103 - - [14/Jan/2022:02:28:13 +0100] "GET /sonderthemen/az2000.jpg HTTP/1.1" 200 13932 "-" "Mozilla/5.0 (compatible; adscanner/)/1.0 (Mozilla/5.0 (compatible; seoscanners.net/1.0; +spider@seoscanners.net); http://seoscanners.net; spider@seoscanners.net)"
62.138.2.160 - - [14/Jan/2022:02:28:13 +0100] "GET /sonderthemen/oekt_extra1.jpg HTTP/1.1" 200 12628 "-" "Mozilla/5.0 (compatible; adscanner/)/1.0 (Mozilla/5.0 (compatible; seoscanners.net/1.0; +spider@seoscanners.net); http://seoscanners.net; spider@seoscanners.net)"
62.138.2.14 - - [14/Jan/2022:02:28:13 +0100] "GET /sonderthemen/oeaz2002.jpg HTTP/1.1" 200 21431 "-" "Mozilla/5.0 (compatible; adscanner/)/1.0 (Mozilla/5.0 (compatible; seoscanners.net/1.0; +spider@seoscanners.net); http://seoscanners.net; spider@seoscanners.net)"
66.249.72.73 - - [14/Jan/2022:02:37:00 +0100] "GET /sonderthemen/oekt_extra1.pdf HTTP/1.1" 304 - "-" "Mozilla/5.0 (compatible; Googlebot/2.1; +http://www.google.com/bot.html)"
51.222.253.13 - - [14/Jan/2022:03:38:09 +0100] "GET /robots.txt HTTP/1.1" 200 100 "-" "Mozilla/5.0 (compatible; AhrefsBot/7.0; +http://ahrefs.com/robot/)"
