207.46.13.15 - - [05/Jan/2022:00:30:45 +0100] "GET /gotteslob/gotteslob_alle.jpg HTTP/1.1" 200 24560 "-" "Mozilla/5.0 (compatible; bingbot/2.0; +http://www.bing.com/bingbot.htm)"
216.244.66.237 - - [05/Jan/2022:00:57:38 +0100] "GET /robots.txt HTTP/1.1" 200 100 "-" "Mozilla/5.0 (compatible; DotBot/1.2; +https://opensiteexplorer.org/dotbot; help@moz.com)"
216.244.66.237 - - [05/Jan/2022:01:02:56 +0100] "GET /cds/glockenspiel1.html HTTP/1.1" 200 9736 "-" "Mozilla/5.0 (compatible; DotBot/1.2; +https://opensiteexplorer.org/dotbot; help@moz.com)"
42.236.10.121 - - [05/Jan/2022:01:34:25 +0100] "GET / HTTP/1.1" 200 9360 "http://www.morusverlag.de/" "Mozilla/5.0 (Windows NT 6.1; WOW64) AppleWebKit/537.36 (KHTML, like Gecko) Chrome/50.0.2661.102 Safari/537.36; 360Spider"
217.91.20.21 - - [05/Jan/2022:01:52:17 +0100] "GET /buecher/veroeffentlichungsliste.html HTTP/1.1" 200 129779 "https://www.google.com/" "Mozilla/5.0 (Linux; Android 8.0.0; SM-C5000) AppleWebKit/537.36 (KHTML, like Gecko) Chrome/96.0.4664.104 Mobile Safari/537.36"
217.91.20.21 - - [05/Jan/2022:01:52:18 +0100] "GET /main.css HTTP/1.1" 200 1439 "http://www.morusverlag.de/buecher/veroeffentlichungsliste.html" "Mozilla/5.0 (Linux; Android 8.0.0; SM-C5000) AppleWebKit/537.36 (KHTML, like Gecko) Chrome/96.0.4664.104 Mobile Safari/537.36"
217.91.20.21 - - [05/Jan/2022:01:52:18 +0100] "GET /logo_g.gif HTTP/1.1" 200 1301 "http://www.morusverlag.de/buecher/veroeffentlichungsliste.html" "Mozilla/5.0 (Linux; Android 8.0.0; SM-C5000) AppleWebKit/537.36 (KHTML, like Gecko) Chrome/96.0.4664.104 Mobile Safari/537.36"
217.91.20.21 - - [05/Jan/2022:01:52:18 +0100] "GET /mv_g.gif HTTP/1.1" 200 4070 "http://www.morusverlag.de/buecher/veroeffentlichungsliste.html" "Mozilla/5.0 (Linux; Android 8.0.0; SM-C5000) AppleWebKit/537.36 (KHTML, like Gecko) Chrome/96.0.4664.104 Mobile Safari/537.36"
217.91.20.21 - - [05/Jan/2022:01:52:18 +0100] "GET /pf.gif HTTP/1.1" 200 62 "http://www.morusverlag.de/buecher/veroeffentlichungsliste.html" "Mozilla/5.0 (Linux; Android 8.0.0; SM-C5000) AppleWebKit/537.36 (KHTML, like Gecko) Chrome/96.0.4664.104 Mobile Safari/537.36"
217.91.20.21 - - [05/Jan/2022:01:52:18 +0100] "GET /strich.gif HTTP/1.1" 200 45 "http://www.morusverlag.de/buecher/veroeffentlichungsliste.html" "Mozilla/5.0 (Linux; Android 8.0.0; SM-C5000) AppleWebKit/537.36 (KHTML, like Gecko) Chrome/96.0.4664.104 Mobile Safari/537.36"
217.91.20.21 - - [05/Jan/2022:01:52:19 +0100] "GET /favicon.ico HTTP/1.1" 200 4286 "http://www.morusverlag.de/buecher/veroeffentlichungsliste.html" "Mozilla/5.0 (Linux; Android 8.0.0; SM-C5000) AppleWebKit/537.36 (KHTML, like Gecko) Chrome/96.0.4664.104 Mobile Safari/537.36"
216.244.66.237 - - [05/Jan/2022:02:27:48 +0100] "GET /robots.txt HTTP/1.1" 200 100 "-" "Mozilla/5.0 (compatible; DotBot/1.2; +https://opensiteexplorer.org/dotbot; help@moz.com)"
216.244.66.237 - - [05/Jan/2022:02:32:27 +0100] "GET /buecher/diskussion.html HTTP/1.1" 200 9925 "-" "Mozilla/5.0 (compatible; DotBot/1.2; +https://opensiteexplorer.org/dotbot; help@moz.com)"
17.121.115.27 - - [05/Jan/2022:03:14:48 +0100] "GET /robots.txt HTTP/1.1" 200 100 "-" "Mozilla/5.0 (Macintosh; Intel Mac OS X 10_15_5) AppleWebKit/605.1.15 (KHTML, like Gecko) Version/13.1.1 Safari/605.1.15 (Applebot/0.1; +http://www.apple.com/go/applebot)"
17.121.115.27 - - [05/Jan/2022:03:14:49 +0100] "GET /buecher/index.html HTTP/1.1" 200 25885 "-" "Mozilla/5.0 (Macintosh; Intel Mac OS X 10_15_5) AppleWebKit/605.1.15 (KHTML, like Gecko) Version/13.1.1 Safari/605.1.15 (Applebot/0.1; +http://www.apple.com/go/applebot)"
207.46.13.56 - - [05/Jan/2022:03:29:59 +0100] "GET /cds/lumina.jpg HTTP/1.1" 200 31150 "-" "Mozilla/5.0 (compatible; bingbot/2.0; +http://www.bing.com/bingbot.htm)"
144.76.102.243 - - [05/Jan/2022:03:34:40 +0100] "GET /sonderthemen/az1999.pdf HTTP/1.1" 200 1842982 "-" "Mozilla/5.0 (Windows NT 10.0; Win64; x64; rv:78.0) Gecko/20100101 Firefox/78.0"
216.244.66.237 - - [05/Jan/2022:03:58:04 +0100] "GET /robots.txt HTTP/1.1" 200 100 "-" "Mozilla/5.0 (compatible; DotBot/1.2; +https://opensiteexplorer.org/dotbot; help@moz.com)"
66.249.70.132 - - [05/Jan/2022:04:01:21 +0100] "GET /cds/rosarium.html HTTP/1.1" 304 - "-" "Mozilla/5.0 (compatible; Googlebot/2.1; +http://www.google.com/bot.html)"
216.244.66.237 - - [05/Jan/2022:04:02:39 +0100] "GET /buecher/rezensionen.html HTTP/1.1" 200 6964 "-" "Mozilla/5.0 (compatible; DotBot/1.2; +https://opensiteexplorer.org/dotbot; help@moz.com)"
88.198.207.51 - - [05/Jan/2022:04:13:53 +0100] "GET /sonderthemen/oekt_extra1.pdf HTTP/1.1" 200 1849015 "-" "Mozilla/5.0 (Windows NT 10.0; Win64; x64) AppleWebKit/537.36 (KHTML, like Gecko) Chrome/87.0.4280.88 Safari/537.36 Edg/87.0.664.57"
88.198.41.229 - - [05/Jan/2022:04:14:16 +0100] "GET /sonderthemen/oekt_extra1.pdf HTTP/1.1" 200 1849015 "-" "Mozilla/5.0 (Windows NT 6.3; Win64; x64) AppleWebKit/537.36 (KHTML, like Gecko) Chrome/87.0.4280.88 Safari/537.36"
150.158.130.124 - - [05/Jan/2022:04:21:41 +0100] "GET /xmlrpc.php HTTP/1.1" 404 2381 "-" "Mozilla/5.0 (Windows NT 6.1; WOW64; rv:45.0) Gecko/20100101 Firefox/45.0"
157.55.39.110 - - [05/Jan/2022:04:33:58 +0100] "GET /buecher/gesichter/03.jpg HTTP/1.1" 200 10026 "-" "Mozilla/5.0 (compatible; bingbot/2.0; +http://www.bing.com/bingbot.htm)"
207.46.13.15 - - [05/Jan/2022:05:10:45 +0100] "GET / HTTP/1.1" 200 9360 "-" "Mozilla/5.0 (compatible; bingbot/2.0; +http://www.bing.com/bingbot.htm)"
173.252.95.3 - - [05/Jan/2022:05:17:50 +0100] "HEAD / HTTP/1.1" 206 - "-" "facebookexternalhit/1.1 (+http://www.facebook.com/externalhit_uatext.php)"
173.252.95.22 - - [05/Jan/2022:05:17:50 +0100] "GET /robots.txt HTTP/1.1" 206 100 "-" "facebookexternalhit/1.1 (+http://www.facebook.com/externalhit_uatext.php)"
173.252.95.7 - - [05/Jan/2022:05:17:51 +0100] "GET / HTTP/1.1" 206 9360 "-" "facebookexternalhit/1.1 (+http://www.facebook.com/externalhit_uatext.php)"
185.5.249.185 - - [05/Jan/2022:05:22:44 +0100] "HEAD / HTTP/1.1" 200 - "http://alfaknife.ru" "Mozilla/3.0 (compatible; MSIE3.00; Windows 2004)"
194.67.210.77 - - [05/Jan/2022:05:22:44 +0100] "HEAD / HTTP/1.1" 200 - "http://alfaknife.ru" "Mozilla/6.0 (compatible; MSIE7.00; Windows 2005)"
94.142.141.230 - - [05/Jan/2022:05:22:44 +0100] "HEAD / HTTP/1.1" 200 - "https://altaywiki.ru" "Mozilla/6.0 (compatible; MSIE2.00; Windows 2003)"
185.125.219.13 - - [05/Jan/2022:05:22:44 +0100] "HEAD / HTTP/1.1" 200 - "https://alfaconslt.ru" "Mozilla/4.0 (compatible; MSIE5.00; Windows 2003)"
193.124.188.83 - - [05/Jan/2022:05:22:44 +0100] "HEAD / HTTP/1.1" 200 - "https://altaywiki.ru" "Mozilla/4.0 (compatible; MSIE5.00; Windows 2008)"
194.67.207.9 - - [05/Jan/2022:05:22:45 +0100] "HEAD / HTTP/1.1" 200 - "https://alfaconslt.ru" "Mozilla/3.0 (compatible; MSIE3.00; Windows 2006)"
193.124.191.92 - - [05/Jan/2022:05:22:45 +0100] "HEAD / HTTP/1.1" 200 - "https://altaywiki.ru" "Mozilla/2.0 (compatible; MSIE2.00; Windows 2002)"
193.124.190.18 - - [05/Jan/2022:05:22:45 +0100] "HEAD / HTTP/1.1" 200 - "http://alfaknife.ru" "Mozilla/2.0 (compatible; MSIE3.00; Windows 2004)"
194.67.207.94 - - [05/Jan/2022:05:23:54 +0100] "HEAD / HTTP/1.1" 200 - "https://alfaconslt.ru" "Mozilla/8.0 (compatible; MSIE6.00; Windows 2009)"
157.55.39.110 - - [05/Jan/2022:05:25:56 +0100] "GET /sonderthemen/presse.html HTTP/1.1" 200 5772 "-" "Mozilla/5.0 (iPhone; CPU iPhone OS 7_0 like Mac OS X) AppleWebKit/537.51.1 (KHTML, like Gecko) Version/7.0 Mobile/11A465 Safari/9537.53 (compatible; bingbot/2.0; +http://www.bing.com/bingbot.htm)"
40.77.167.75 - - [05/Jan/2022:05:26:15 +0100] "GET /main.css HTTP/1.1" 200 1439 "-" "Mozilla/5.0 (iPhone; CPU iPhone OS 7_0 like Mac OS X) AppleWebKit/537.51.1 (KHTML, like Gecko) Version/7.0 Mobile/11A465 Safari/9537.53 (compatible; bingbot/2.0; +http://www.bing.com/bingbot.htm)"
51.222.253.3 - - [05/Jan/2022:05:57:43 +0100] "GET /robots.txt HTTP/1.1" 200 100 "-" "Mozilla/5.0 (compatible; AhrefsBot/7.0; +http://ahrefs.com/robot/)"
185.191.171.44 - - [05/Jan/2022:06:15:28 +0100] "GET /robots.txt HTTP/1.1" 200 100 "-" "Mozilla/5.0 (compatible; SemrushBot/7~bl; +http://www.semrush.com/bot.html)"
185.191.171.19 - - [05/Jan/2022:06:15:29 +0100] "GET /cds/astazi.html HTTP/1.1" 200 8453 "-" "Mozilla/5.0 (compatible; SemrushBot/7~bl; +http://www.semrush.com/bot.html)"
42.193.8.97 - - [05/Jan/2022:06:20:31 +0100] "GET /xmlrpc.php HTTP/1.1" 404 2381 "-" "Mozilla/5.0 (Linux; Android 6.0; Nexus 5 Build/MRA58N) AppleWebKit/537.36 (KHTML, like Gecko) Chrome/81.0.4044.138 Mobile Safari/537.36"
89.105.213.237 - - [05/Jan/2022:06:32:45 +0100] "HEAD / HTTP/1.1" 200 - "https://www.prjadko.kiev.ua/pamyatniki/pamyatniki-iz-mramora.html" "Mozilla/5.0 (compatible; MSIE6.00; Windows 2003)"
89.105.213.182 - - [05/Jan/2022:06:32:45 +0100] "HEAD / HTTP/1.1" 200 - "https://ritual.net.ua/uslugi/perevozka-tela.html" "Mozilla/5.0 (compatible; MSIE2.00; Windows 2003)"
185.154.14.248 - - [05/Jan/2022:06:32:45 +0100] "HEAD / HTTP/1.1" 200 - "https://lechenie-alkogolizma-moskva.ru/centr-reabilitacii-alkogolikov/" "Mozilla/8.0 (compatible; MSIE4.00; Windows 2003)"
185.231.68.36 - - [05/Jan/2022:06:32:46 +0100] "HEAD / HTTP/1.1" 200 - "https://velesritual.com.ua" "Mozilla/4.0 (compatible; MSIE5.00; Windows 2003)"
185.154.14.142 - - [05/Jan/2022:06:32:46 +0100] "HEAD / HTTP/1.1" 200 - "https://wellcoinpay.com/" "Mozilla/3.0 (compatible; MSIE7.00; Windows 2007)"
185.154.14.148 - - [05/Jan/2022:06:32:46 +0100] "HEAD / HTTP/1.1" 200 - "https://rohla-shtabeler.ru/shtabelery-dlja-sklada/" "Mozilla/7.0 (compatible; MSIE6.00; Windows 2009)"
45.132.107.248 - - [05/Jan/2022:06:32:46 +0100] "HEAD / HTTP/1.1" 200 - "https://rustrans.com.ua" "Mozilla/5.0 (compatible; MSIE3.00; Windows 2003)"
185.154.14.108 - - [05/Jan/2022:06:32:46 +0100] "HEAD / HTTP/1.1" 200 - "https://hardcs.ru/cs16_adidas" "Mozilla/6.0 (compatible; MSIE5.00; Windows 2008)"
185.253.7.227 - - [05/Jan/2022:06:32:46 +0100] "HEAD / HTTP/1.1" 200 - "https://tyaga.store/shop/kalyany1/" "Mozilla/2.0 (compatible; MSIE7.00; Windows 2005)"
185.253.7.223 - - [05/Jan/2022:06:32:46 +0100] "HEAD / HTTP/1.1" 200 - "https://ua.xn--80aae7avmmg0g.net/" "Mozilla/3.0 (compatible; MSIE2.00; Windows 2009)"
185.253.7.224 - - [05/Jan/2022:06:32:46 +0100] "HEAD / HTTP/1.1" 200 - "https://minecraft-mcpe.com/download-mcpe/minecraft-pe-1-11-4-apk/" "Mozilla/7.0 (compatible; MSIE2.00; Windows 2002)"
45.88.79.149 - - [05/Jan/2022:06:32:46 +0100] "HEAD / HTTP/1.1" 200 - "https://avkbis.ru/" "Mozilla/3.0 (compatible; MSIE5.00; Windows 2008)"
207.46.13.15 - - [05/Jan/2022:06:45:33 +0100] "GET /buecher/gesichter/13.jpg HTTP/1.1" 200 8373 "-" "Mozilla/5.0 (compatible; bingbot/2.0; +http://www.bing.com/bingbot.htm)"
66.249.70.132 - - [05/Jan/2022:06:56:18 +0100] "GET /sonderthemen/oekz2003_s01.pdf HTTP/1.1" 304 - "-" "Mozilla/5.0 (compatible; Googlebot/2.1; +http://www.google.com/bot.html)"
144.76.168.111 - - [05/Jan/2022:07:15:36 +0100] "GET /sonderthemen/oekt_extra3.pdf HTTP/1.1" 200 2109745 "-" "Mozilla/5.0 (Macintosh; Intel Mac OS X 10_14_6) AppleWebKit/605.1.15 (KHTML, like Gecko) Version/14.0.1 Safari/605.1.15"
88.198.90.9 - - [05/Jan/2022:07:15:38 +0100] "GET /sonderthemen/oekt_extra1.pdf HTTP/1.1" 200 1849015 "-" "Mozilla/5.0 (Macintosh; Intel Mac OS X 11_0_1) AppleWebKit/537.36 (KHTML, like Gecko) Chrome/87.0.4280.88 Safari/537.36"
88.198.90.9 - - [05/Jan/2022:07:15:38 +0100] "GET /sonderthemen/oekt_extra2.pdf HTTP/1.1" 200 1939949 "-" "Mozilla/5.0 (Windows NT 10.0; Win64; x64) AppleWebKit/537.36 (KHTML, like Gecko) Chrome/87.0.4280.67 Safari/537.36"
217.192.170.72 - - [05/Jan/2022:08:03:23 +0100] "GET /buecher/rezensionen_chateaubriand.html HTTP/1.1" 200 47317 "https://www.google.ch/" "Mozilla/5.0 (Windows NT 10.0; Win64; x64) AppleWebKit/537.36 (KHTML, like Gecko) Chrome/96.0.4664.110 Safari/537.36 Edg/96.0.1054.62"
217.192.170.72 - - [05/Jan/2022:08:03:23 +0100] "GET /main.css HTTP/1.1" 200 1439 "http://www.morusverlag.de/buecher/rezensionen_chateaubriand.html" "Mozilla/5.0 (Windows NT 10.0; Win64; x64) AppleWebKit/537.36 (KHTML, like Gecko) Chrome/96.0.4664.110 Safari/537.36 Edg/96.0.1054.62"
217.192.170.72 - - [05/Jan/2022:08:03:23 +0100] "GET /logo_g.gif HTTP/1.1" 200 1301 "http://www.morusverlag.de/buecher/rezensionen_chateaubriand.html" "Mozilla/5.0 (Windows NT 10.0; Win64; x64) AppleWebKit/537.36 (KHTML, like Gecko) Chrome/96.0.4664.110 Safari/537.36 Edg/96.0.1054.62"
217.192.170.72 - - [05/Jan/2022:08:03:23 +0100] "GET /pf.gif HTTP/1.1" 200 62 "http://www.morusverlag.de/buecher/rezensionen_chateaubriand.html" "Mozilla/5.0 (Windows NT 10.0; Win64; x64) AppleWebKit/537.36 (KHTML, like Gecko) Chrome/96.0.4664.110 Safari/537.36 Edg/96.0.1054.62"
217.192.170.72 - - [05/Jan/2022:08:03:23 +0100] "GET /buecher/chateaubriand.jpg HTTP/1.1" 200 2272 "http://www.morusverlag.de/buecher/rezensionen_chateaubriand.html" "Mozilla/5.0 (Windows NT 10.0; Win64; x64) AppleWebKit/537.36 (KHTML, like Gecko) Chrome/96.0.4664.110 Safari/537.36 Edg/96.0.1054.62"
217.192.170.72 - - [05/Jan/2022:08:03:23 +0100] "GET /m.gif HTTP/1.1" 200 95 "http://www.morusverlag.de/buecher/rezensionen_chateaubriand.html" "Mozilla/5.0 (Windows NT 10.0; Win64; x64) AppleWebKit/537.36 (KHTML, like Gecko) Chrome/96.0.4664.110 Safari/537.36 Edg/96.0.1054.62"
217.192.170.72 - - [05/Jan/2022:08:03:23 +0100] "GET /mv_g.gif HTTP/1.1" 200 4070 "http://www.morusverlag.de/buecher/rezensionen_chateaubriand.html" "Mozilla/5.0 (Windows NT 10.0; Win64; x64) AppleWebKit/537.36 (KHTML, like Gecko) Chrome/96.0.4664.110 Safari/537.36 Edg/96.0.1054.62"
217.192.170.72 - - [05/Jan/2022:08:03:23 +0100] "GET /buecher/schenuit.jpg HTTP/1.1" 200 2024 "http://www.morusverlag.de/buecher/rezensionen_chateaubriand.html" "Mozilla/5.0 (Windows NT 10.0; Win64; x64) AppleWebKit/537.36 (KHTML, like Gecko) Chrome/96.0.4664.110 Safari/537.36 Edg/96.0.1054.62"
217.192.170.72 - - [05/Jan/2022:08:03:23 +0100] "GET /strich.gif HTTP/1.1" 200 45 "http://www.morusverlag.de/buecher/rezensionen_chateaubriand.html" "Mozilla/5.0 (Windows NT 10.0; Win64; x64) AppleWebKit/537.36 (KHTML, like Gecko) Chrome/96.0.4664.110 Safari/537.36 Edg/96.0.1054.62"
217.192.170.72 - - [05/Jan/2022:08:03:23 +0100] "GET /favicon.ico HTTP/1.1" 200 4286 "http://www.morusverlag.de/buecher/rezensionen_chateaubriand.html" "Mozilla/5.0 (Windows NT 10.0; Win64; x64) AppleWebKit/537.36 (KHTML, like Gecko) Chrome/96.0.4664.110 Safari/537.36 Edg/96.0.1054.62"
17.58.59.23 - - [05/Jan/2022:08:03:28 +0100] "GET / HTTP/1.1" 200 9360 "-" "Mozilla/5.0 (Macintosh; Intel Mac OS X 10_15_7) AppleWebKit/605.1.15 (KHTML, like Gecko) Version/14.1.1 Safari/605.1.15"
217.192.170.72 - - [05/Jan/2022:08:04:10 +0100] "GET /buecher/chateaubriand.jpg HTTP/1.1" 200 2272 "-" "Mozilla/4.0 (compatible; MSIE 7.0; Windows NT 10.0; WOW64; Trident/7.0; .NET4.0C; .NET4.0E; .NET CLR 2.0.50727; .NET CLR 3.0.30729; .NET CLR 3.5.30729; Tablet PC 2.0; ms-office; MSOffice 16)"
217.192.170.72 - - [05/Jan/2022:08:04:10 +0100] "GET /pf.gif HTTP/1.1" 200 62 "-" "Mozilla/4.0 (compatible; MSIE 7.0; Windows NT 10.0; WOW64; Trident/7.0; .NET4.0C; .NET4.0E; .NET CLR 2.0.50727; .NET CLR 3.0.30729; .NET CLR 3.5.30729; Tablet PC 2.0; ms-office; MSOffice 16)"
217.192.170.72 - - [05/Jan/2022:08:04:10 +0100] "GET /buecher/schenuit.jpg HTTP/1.1" 200 2024 "-" "Mozilla/4.0 (compatible; MSIE 7.0; Windows NT 10.0; WOW64; Trident/7.0; .NET4.0C; .NET4.0E; .NET CLR 2.0.50727; .NET CLR 3.0.30729; .NET CLR 3.5.30729; Tablet PC 2.0; ms-office; MSOffice 16)"
185.191.171.15 - - [05/Jan/2022:08:51:01 +0100] "GET /robots.txt HTTP/1.1" 200 100 "-" "Mozilla/5.0 (compatible; SemrushBot/7~bl; +http://www.semrush.com/bot.html)"
185.191.171.44 - - [05/Jan/2022:08:51:02 +0100] "GET /buecher/bestellung.php HTTP/1.1" 200 10142 "-" "Mozilla/5.0 (compatible; SemrushBot/7~bl; +http://www.semrush.com/bot.html)"
66.249.70.135 - - [05/Jan/2022:08:52:53 +0100] "GET /robots.txt HTTP/1.1" 200 100 "-" "Mozilla/5.0 (compatible; Googlebot/2.1; +http://www.google.com/bot.html)"
66.249.70.129 - - [05/Jan/2022:08:52:54 +0100] "GET /sonderthemen/sk2002.pdf HTTP/1.1" 200 2628923 "-" "Mozilla/5.0 (Linux; Android 6.0.1; Nexus 5X Build/MMB29P) AppleWebKit/537.36 (KHTML, like Gecko) Chrome/96.0.4664.93 Mobile Safari/537.36 (compatible; Googlebot/2.1; +http://www.google.com/bot.html)"
66.249.70.132 - - [05/Jan/2022:08:52:55 +0100] "GET /sonderthemen/ HTTP/1.1" 200 7102 "-" "Mozilla/5.0 (Linux; Android 6.0.1; Nexus 5X Build/MMB29P) AppleWebKit/537.36 (KHTML, like Gecko) Chrome/96.0.4664.93 Mobile Safari/537.36 (compatible; Googlebot/2.1; +http://www.google.com/bot.html)"
66.249.70.135 - - [05/Jan/2022:08:52:55 +0100] "GET /cds/glockenspiel1.html HTTP/1.1" 304 - "-" "Mozilla/5.0 (Linux; Android 6.0.1; Nexus 5X Build/MMB29P) AppleWebKit/537.36 (KHTML, like Gecko) Chrome/96.0.4664.93 Mobile Safari/537.36 (compatible; Googlebot/2.1; +http://www.google.com/bot.html)"
66.249.70.135 - - [05/Jan/2022:09:03:49 +0100] "GET /index.html HTTP/1.1" 304 - "-" "Mozilla/5.0 (Linux; Android 6.0.1; Nexus 5X Build/MMB29P) AppleWebKit/537.36 (KHTML, like Gecko) Chrome/96.0.4664.93 Mobile Safari/537.36 (compatible; Googlebot/2.1; +http://www.google.com/bot.html)"
66.249.70.129 - - [05/Jan/2022:09:18:10 +0100] "GET /kontakt/ HTTP/1.1" 304 - "-" "Mozilla/5.0 (Linux; Android 6.0.1; Nexus 5X Build/MMB29P) AppleWebKit/537.36 (KHTML, like Gecko) Chrome/96.0.4664.93 Mobile Safari/537.36 (compatible; Googlebot/2.1; +http://www.google.com/bot.html)"
66.249.70.135 - - [05/Jan/2022:09:25:23 +0100] "GET /jahrbuch/ HTTP/1.1" 200 3956 "-" "Mozilla/5.0 (Linux; Android 6.0.1; Nexus 5X Build/MMB29P) AppleWebKit/537.36 (KHTML, like Gecko) Chrome/96.0.4664.93 Mobile Safari/537.36 (compatible; Googlebot/2.1; +http://www.google.com/bot.html)"
66.249.70.135 - - [05/Jan/2022:09:36:14 +0100] "GET /gotteslob/ HTTP/1.1" 304 - "-" "Mozilla/5.0 (Linux; Android 6.0.1; Nexus 5X Build/MMB29P) AppleWebKit/537.36 (KHTML, like Gecko) Chrome/96.0.4664.93 Mobile Safari/537.36 (compatible; Googlebot/2.1; +http://www.google.com/bot.html)"
66.249.70.132 - - [05/Jan/2022:09:39:51 +0100] "GET /buecher/diskussion.html HTTP/1.1" 200 9925 "-" "Mozilla/5.0 (Linux; Android 6.0.1; Nexus 5X Build/MMB29P) AppleWebKit/537.36 (KHTML, like Gecko) Chrome/96.0.4664.93 Mobile Safari/537.36 (compatible; Googlebot/2.1; +http://www.google.com/bot.html)"
66.249.70.129 - - [05/Jan/2022:09:47:05 +0100] "GET /impressum.html HTTP/1.1" 304 - "-" "Mozilla/5.0 (Linux; Android 6.0.1; Nexus 5X Build/MMB29P) AppleWebKit/537.36 (KHTML, like Gecko) Chrome/96.0.4664.93 Mobile Safari/537.36 (compatible; Googlebot/2.1; +http://www.google.com/bot.html)"
66.249.70.132 - - [05/Jan/2022:09:50:42 +0100] "GET /sonderthemen/az2000.pdf HTTP/1.1" 304 - "-" "Mozilla/5.0 (Linux; Android 6.0.1; Nexus 5X Build/MMB29P) AppleWebKit/537.36 (KHTML, like Gecko) Chrome/96.0.4664.93 Mobile Safari/537.36 (compatible; Googlebot/2.1; +http://www.google.com/bot.html)"
66.249.70.129 - - [05/Jan/2022:09:54:19 +0100] "GET /sonderthemen/archiv.html HTTP/1.1" 200 6959 "-" "Mozilla/5.0 (Linux; Android 6.0.1; Nexus 5X Build/MMB29P) AppleWebKit/537.36 (KHTML, like Gecko) Chrome/96.0.4664.93 Mobile Safari/537.36 (compatible; Googlebot/2.1; +http://www.google.com/bot.html)"
40.77.167.75 - - [05/Jan/2022:09:58:51 +0100] "GET /cds/ignatius_k.jpg HTTP/1.1" 200 3965 "-" "Mozilla/5.0 (compatible; bingbot/2.0; +http://www.bing.com/bingbot.htm)"
20.191.45.212 - - [05/Jan/2022:10:00:41 +0100] "GET / HTTP/1.1" 200 9360 "http://www.morusverlag.de/" "Mozilla/5.0 (compatible; DuckDuckGo-Favicons-Bot/1.0; +http://duckduckgo.com)"
20.191.45.212 - - [05/Jan/2022:10:00:41 +0100] "GET /favicon.ico HTTP/1.1" 200 4286 "http://www.morusverlag.de/favicon.ico" "Mozilla/5.0 (compatible; DuckDuckGo-Favicons-Bot/1.0; +http://duckduckgo.com)"
66.249.70.132 - - [05/Jan/2022:10:03:51 +0100] "GET /buecher/freiheit_und_sinnsucht.jpg HTTP/1.1" 200 4237 "-" "Googlebot-Image/1.0"
66.249.70.129 - - [05/Jan/2022:10:06:09 +0100] "GET /cds/ HTTP/1.1" 304 - "-" "Mozilla/5.0 (Linux; Android 6.0.1; Nexus 5X Build/MMB29P) AppleWebKit/537.36 (KHTML, like Gecko) Chrome/96.0.4664.93 Mobile Safari/537.36 (compatible; Googlebot/2.1; +http://www.google.com/bot.html)"
66.249.70.132 - - [05/Jan/2022:10:17:59 +0100] "GET /sonderthemen/oeaz2002.pdf HTTP/1.1" 200 3161455 "-" "Mozilla/5.0 (Linux; Android 6.0.1; Nexus 5X Build/MMB29P) AppleWebKit/537.36 (KHTML, like Gecko) Chrome/96.0.4664.93 Mobile Safari/537.36 (compatible; Googlebot/2.1; +http://www.google.com/bot.html)"
66.249.70.135 - - [05/Jan/2022:10:23:53 +0100] "GET /buecher/rezensionen_krise_zum_heil.html HTTP/1.1" 304 - "-" "Mozilla/5.0 (Linux; Android 6.0.1; Nexus 5X Build/MMB29P) AppleWebKit/537.36 (KHTML, like Gecko) Chrome/96.0.4664.93 Mobile Safari/537.36 (compatible; Googlebot/2.1; +http://www.google.com/bot.html)"
157.55.39.122 - - [05/Jan/2022:10:41:06 +0100] "GET /buecher/gesichter/23.jpg HTTP/1.1" 200 8706 "-" "Mozilla/5.0 (compatible; bingbot/2.0; +http://www.bing.com/bingbot.htm)"
66.249.70.129 - - [05/Jan/2022:10:41:45 +0100] "GET /sonderthemen/oekt_extra1.pdf HTTP/1.1" 304 - "-" "Mozilla/5.0 (Linux; Android 6.0.1; Nexus 5X Build/MMB29P) AppleWebKit/537.36 (KHTML, like Gecko) Chrome/96.0.4664.93 Mobile Safari/537.36 (compatible; Googlebot/2.1; +http://www.google.com/bot.html)"
1.192.195.5 - - [05/Jan/2022:10:44:20 +0100] "GET / HTTP/1.1" 200 9360 "http://www.morusverlag.de/" "Mozilla/5.0(compatible;MSIE9.0;WindowsNT6.1;Trident/5.0)"
66.249.70.135 - - [05/Jan/2022:10:47:33 +0100] "GET /buecher/rezension_gesichter_u_geschichten.pdf HTTP/1.1" 200 223287 "-" "Mozilla/5.0 (compatible; Googlebot/2.1; +http://www.google.com/bot.html)"
66.249.70.132 - - [05/Jan/2022:10:53:28 +0100] "GET /sonderthemen/sk2000.pdf HTTP/1.1" 304 - "-" "Mozilla/5.0 (Linux; Android 6.0.1; Nexus 5X Build/MMB29P) AppleWebKit/537.36 (KHTML, like Gecko) Chrome/96.0.4664.93 Mobile Safari/537.36 (compatible; Googlebot/2.1; +http://www.google.com/bot.html)"
108.59.8.70 - - [05/Jan/2022:10:58:22 +0100] "GET /robots.txt HTTP/1.1" 200 100 "-" "Mozilla/5.0 (compatible; MJ12bot/v1.4.8; http://mj12bot.com/)"
108.59.8.70 - - [05/Jan/2022:10:58:23 +0100] "GET / HTTP/1.1" 200 9360 "-" "Mozilla/5.0 (compatible; MJ12bot/v1.4.8; http://mj12bot.com/)"
54.36.148.43 - - [05/Jan/2022:11:12:06 +0100] "GET /kontakt/index.html HTTP/1.1" 200 2896 "-" "Mozilla/5.0 (compatible; AhrefsBot/7.0; +http://ahrefs.com/robot/)"
66.249.70.135 - - [05/Jan/2022:11:17:08 +0100] "GET /sonderthemen/sk2004.pdf HTTP/1.1" 200 1967215 "-" "Mozilla/5.0 (Linux; Android 6.0.1; Nexus 5X Build/MMB29P) AppleWebKit/537.36 (KHTML, like Gecko) Chrome/96.0.4664.93 Mobile Safari/537.36 (compatible; Googlebot/2.1; +http://www.google.com/bot.html)"
144.76.168.111 - - [05/Jan/2022:11:30:37 +0100] "GET /sonderthemen/sk2002.pdf HTTP/1.1" 200 2628923 "-" "Mozilla/5.0 (Windows NT 10.0; Win64; x64) AppleWebKit/537.36 (KHTML, like Gecko) Chrome/86.0.4240.75 Safari/537.36"
66.249.70.129 - - [05/Jan/2022:11:34:53 +0100] "GET /buecher/rezensionen_ignatius.html HTTP/1.1" 304 - "-" "Mozilla/5.0 (Linux; Android 6.0.1; Nexus 5X Build/MMB29P) AppleWebKit/537.36 (KHTML, like Gecko) Chrome/96.0.4664.93 Mobile Safari/537.36 (compatible; Googlebot/2.1; +http://www.google.com/bot.html)"
66.249.70.135 - - [05/Jan/2022:11:46:43 +0100] "GET /buecher/rezension_gesichter_u_geschichten.pdf HTTP/1.1" 304 - "-" "Mozilla/5.0 (Linux; Android 6.0.1; Nexus 5X Build/MMB29P) AppleWebKit/537.36 (KHTML, like Gecko) Chrome/96.0.4664.93 Mobile Safari/537.36 (compatible; Googlebot/2.1; +http://www.google.com/bot.html)"
66.249.70.132 - - [05/Jan/2022:11:59:42 +0100] "GET /buch_k.jpg HTTP/1.1" 304 - "-" "Googlebot-Image/1.0"
17.121.114.205 - - [05/Jan/2022:12:20:05 +0100] "GET / HTTP/1.1" 200 9360 "-" "Mozilla/5.0 (Macintosh; Intel Mac OS X 10_15_5) AppleWebKit/605.1.15 (KHTML, like Gecko) Version/13.1.1 Safari/605.1.15 (Applebot/0.1; +http://www.apple.com/go/applebot)"
87.181.172.97 - - [05/Jan/2022:12:38:50 +0100] "GET / HTTP/1.1" 200 9360 "-" "Mozilla/5.0 (iPhone; CPU iPhone OS 14_6 like Mac OS X) AppleWebKit/605.1.15 (KHTML, like Gecko) Version/14.1.1 Mobile/15E148 Safari/604.1"
87.181.172.97 - - [05/Jan/2022:12:38:50 +0100] "GET /main.css HTTP/1.1" 200 1439 "http://www.morusverlag.de/" "Mozilla/5.0 (iPhone; CPU iPhone OS 14_6 like Mac OS X) AppleWebKit/605.1.15 (KHTML, like Gecko) Version/14.1.1 Mobile/15E148 Safari/604.1"
87.181.172.97 - - [05/Jan/2022:12:38:50 +0100] "GET /logo_g.gif HTTP/1.1" 200 1301 "http://www.morusverlag.de/" "Mozilla/5.0 (iPhone; CPU iPhone OS 14_6 like Mac OS X) AppleWebKit/605.1.15 (KHTML, like Gecko) Version/14.1.1 Mobile/15E148 Safari/604.1"
87.181.172.97 - - [05/Jan/2022:12:38:50 +0100] "GET /mv_gr_w.gif HTTP/1.1" 200 2005 "http://www.morusverlag.de/" "Mozilla/5.0 (iPhone; CPU iPhone OS 14_6 like Mac OS X) AppleWebKit/605.1.15 (KHTML, like Gecko) Version/14.1.1 Mobile/15E148 Safari/604.1"
87.181.172.97 - - [05/Jan/2022:12:38:50 +0100] "GET /mv_g.gif HTTP/1.1" 200 4070 "http://www.morusverlag.de/" "Mozilla/5.0 (iPhone; CPU iPhone OS 14_6 like Mac OS X) AppleWebKit/605.1.15 (KHTML, like Gecko) Version/14.1.1 Mobile/15E148 Safari/604.1"
87.181.172.97 - - [05/Jan/2022:12:38:50 +0100] "GET /jahrbuch_k.jpg HTTP/1.1" 200 3719 "http://www.morusverlag.de/" "Mozilla/5.0 (iPhone; CPU iPhone OS 14_6 like Mac OS X) AppleWebKit/605.1.15 (KHTML, like Gecko) Version/14.1.1 Mobile/15E148 Safari/604.1"
66.249.70.135 - - [05/Jan/2022:13:02:14 +0100] "GET /buecher/veroeffentlichungsliste.html HTTP/1.1" 304 - "-" "Mozilla/5.0 (Linux; Android 6.0.1; Nexus 5X Build/MMB29P) AppleWebKit/537.36 (KHTML, like Gecko) Chrome/96.0.4664.93 Mobile Safari/537.36 (compatible; Googlebot/2.1; +http://www.google.com/bot.html)"
136.243.17.161 - - [05/Jan/2022:13:06:19 +0100] "GET /sonderthemen/oekt_extra3.pdf HTTP/1.1" 200 2109745 "-" "Mozilla/5.0 (Windows NT 10.0; Win64; x64) AppleWebKit/537.36 (KHTML, like Gecko) Chrome/86.0.4240.198 Safari/537.36 OPR/72.0.3815.400"
66.249.70.132 - - [05/Jan/2022:13:19:31 +0100] "GET /sonderthemen/az2003.pdf HTTP/1.1" 304 - "-" "Mozilla/5.0 (Linux; Android 6.0.1; Nexus 5X Build/MMB29P) AppleWebKit/537.36 (KHTML, like Gecko) Chrome/96.0.4664.93 Mobile Safari/537.36 (compatible; Googlebot/2.1; +http://www.google.com/bot.html)"
3.99.173.108 - - [05/Jan/2022:13:43:21 +0100] "HEAD / HTTP/1.1" 200 - "-" "Mozilla/5.0 (Windows NT 10.0; Win64; x64) AppleWebKit/537.36 (KHTML, like Gecko) Chrome/92.0.4515.107 Safari/537.36"
136.243.17.161 - - [05/Jan/2022:13:46:08 +0100] "GET /cds/astazi.html HTTP/1.1" 200 8453 "-" "Mozilla/5.0 (Macintosh; Intel Mac OS X 10_15_7) AppleWebKit/537.36 (KHTML, like Gecko) Chrome/87.0.4280.67 Safari/537.36"
20.75.128.100 - - [05/Jan/2022:14:02:58 +0100] "GET /buecher/krise_zum_heil.jpg HTTP/1.1" 200 1930 "-" "Mozilla/5.0 (Windows NT 10.0; Win64; x64) AppleWebKit/537.36 (KHTML, like Gecko) Chrome/76.0.3809.100 Safari/537.36"
20.71.12.143 - - [05/Jan/2022:14:48:57 +0100] "GET /logo_g.gif HTTP/1.1" 200 1301 "-" "DuckDuckBot/1.1; (+http://duckduckgo.com/duckduckbot.html)"
54.36.148.153 - - [05/Jan/2022:15:07:53 +0100] "GET /jahrbuch/index.html HTTP/1.1" 200 3956 "-" "Mozilla/5.0 (compatible; AhrefsBot/7.0; +http://ahrefs.com/robot/)"
128.176.254.96 - - [05/Jan/2022:15:59:22 +0100] "GET / HTTP/1.1" 200 9360 "https://www.ecosia.org/" "Mozilla/5.0 (Macintosh; Intel Mac OS X 10_15_7) AppleWebKit/605.1.15 (KHTML, like Gecko) Version/14.1.2 Safari/605.1.15"
128.176.254.96 - - [05/Jan/2022:15:59:22 +0100] "GET /main.css HTTP/1.1" 200 1439 "http://www.morusverlag.de/" "Mozilla/5.0 (Macintosh; Intel Mac OS X 10_15_7) AppleWebKit/605.1.15 (KHTML, like Gecko) Version/14.1.2 Safari/605.1.15"
128.176.254.96 - - [05/Jan/2022:15:59:22 +0100] "GET /pf.gif HTTP/1.1" 200 62 "http://www.morusverlag.de/" "Mozilla/5.0 (Macintosh; Intel Mac OS X 10_15_7) AppleWebKit/605.1.15 (KHTML, like Gecko) Version/14.1.2 Safari/605.1.15"
128.176.254.96 - - [05/Jan/2022:15:59:22 +0100] "GET /logo_g.gif HTTP/1.1" 200 1301 "http://www.morusverlag.de/" "Mozilla/5.0 (Macintosh; Intel Mac OS X 10_15_7) AppleWebKit/605.1.15 (KHTML, like Gecko) Version/14.1.2 Safari/605.1.15"
128.176.254.96 - - [05/Jan/2022:15:59:22 +0100] "GET /mv_g.gif HTTP/1.1" 200 4070 "http://www.morusverlag.de/" "Mozilla/5.0 (Macintosh; Intel Mac OS X 10_15_7) AppleWebKit/605.1.15 (KHTML, like Gecko) Version/14.1.2 Safari/605.1.15"
128.176.254.96 - - [05/Jan/2022:15:59:22 +0100] "GET /mv_gr_w.gif HTTP/1.1" 200 2005 "http://www.morusverlag.de/" "Mozilla/5.0 (Macintosh; Intel Mac OS X 10_15_7) AppleWebKit/605.1.15 (KHTML, like Gecko) Version/14.1.2 Safari/605.1.15"
128.176.254.96 - - [05/Jan/2022:15:59:22 +0100] "GET /jahrbuch_k.jpg HTTP/1.1" 200 3719 "http://www.morusverlag.de/" "Mozilla/5.0 (Macintosh; Intel Mac OS X 10_15_7) AppleWebKit/605.1.15 (KHTML, like Gecko) Version/14.1.2 Safari/605.1.15"
128.176.254.96 - - [05/Jan/2022:15:59:22 +0100] "GET /buecher/gesichter.jpg HTTP/1.1" 200 7271 "http://www.morusverlag.de/" "Mozilla/5.0 (Macintosh; Intel Mac OS X 10_15_7) AppleWebKit/605.1.15 (KHTML, like Gecko) Version/14.1.2 Safari/605.1.15"
128.176.254.96 - - [05/Jan/2022:15:59:22 +0100] "GET /cds/rosarium_k.jpg HTTP/1.1" 200 3972 "http://www.morusverlag.de/" "Mozilla/5.0 (Macintosh; Intel Mac OS X 10_15_7) AppleWebKit/605.1.15 (KHTML, like Gecko) Version/14.1.2 Safari/605.1.15"
128.176.254.96 - - [05/Jan/2022:15:59:22 +0100] "GET /cds/ignatius_k.jpg HTTP/1.1" 200 3965 "http://www.morusverlag.de/" "Mozilla/5.0 (Macintosh; Intel Mac OS X 10_15_7) AppleWebKit/605.1.15 (KHTML, like Gecko) Version/14.1.2 Safari/605.1.15"
128.176.254.96 - - [05/Jan/2022:15:59:22 +0100] "GET /cds/hymnos_k.jpg HTTP/1.1" 200 4986 "http://www.morusverlag.de/" "Mozilla/5.0 (Macintosh; Intel Mac OS X 10_15_7) AppleWebKit/605.1.15 (KHTML, like Gecko) Version/14.1.2 Safari/605.1.15"
128.176.254.96 - - [05/Jan/2022:15:59:22 +0100] "GET /cds/astazi_k.jpg HTTP/1.1" 200 6049 "http://www.morusverlag.de/" "Mozilla/5.0 (Macintosh; Intel Mac OS X 10_15_7) AppleWebKit/605.1.15 (KHTML, like Gecko) Version/14.1.2 Safari/605.1.15"
128.176.254.96 - - [05/Jan/2022:15:59:22 +0100] "GET /gotteslob.jpg HTTP/1.1" 200 9390 "http://www.morusverlag.de/" "Mozilla/5.0 (Macintosh; Intel Mac OS X 10_15_7) AppleWebKit/605.1.15 (KHTML, like Gecko) Version/14.1.2 Safari/605.1.15"
128.176.254.96 - - [05/Jan/2022:15:59:22 +0100] "GET /buecher/engel.jpg HTTP/1.1" 200 5414 "http://www.morusverlag.de/" "Mozilla/5.0 (Macintosh; Intel Mac OS X 10_15_7) AppleWebKit/605.1.15 (KHTML, like Gecko) Version/14.1.2 Safari/605.1.15"
128.176.254.96 - - [05/Jan/2022:15:59:22 +0100] "GET /buecher/chateaubriand.jpg HTTP/1.1" 200 2272 "http://www.morusverlag.de/" "Mozilla/5.0 (Macintosh; Intel Mac OS X 10_15_7) AppleWebKit/605.1.15 (KHTML, like Gecko) Version/14.1.2 Safari/605.1.15"
128.176.254.96 - - [05/Jan/2022:15:59:22 +0100] "GET /buch_k.jpg HTTP/1.1" 200 4591 "http://www.morusverlag.de/" "Mozilla/5.0 (Macintosh; Intel Mac OS X 10_15_7) AppleWebKit/605.1.15 (KHTML, like Gecko) Version/14.1.2 Safari/605.1.15"
128.176.254.96 - - [05/Jan/2022:15:59:22 +0100] "GET /strich.gif HTTP/1.1" 200 45 "http://www.morusverlag.de/" "Mozilla/5.0 (Macintosh; Intel Mac OS X 10_15_7) AppleWebKit/605.1.15 (KHTML, like Gecko) Version/14.1.2 Safari/605.1.15"
128.176.254.96 - - [05/Jan/2022:15:59:23 +0100] "GET /favicon.ico HTTP/1.1" 200 4286 "http://www.morusverlag.de/" "Mozilla/5.0 (Macintosh; Intel Mac OS X 10_15_7) AppleWebKit/605.1.15 (KHTML, like Gecko) Version/14.1.2 Safari/605.1.15"
51.91.7.5 - - [05/Jan/2022:17:17:51 +0100] "GET / HTTP/1.1" 200 9360 "-" "Mozilla/5.0 (X11; Ubuntu; Linux i686; rv:28.0) Gecko/20100101 Firefox/28.0"
51.91.7.5 - - [05/Jan/2022:17:17:51 +0100] "GET /wp-config.php HTTP/1.1" 404 2381 "-" "Mozilla/5.0 (X11; Ubuntu; Linux i686; rv:28.0) Gecko/20100101 Firefox/28.0"
51.91.7.5 - - [05/Jan/2022:17:17:52 +0100] "GET /wp-config.txt HTTP/1.1" 404 2381 "-" "Mozilla/5.0 (X11; Ubuntu; Linux i686; rv:28.0) Gecko/20100101 Firefox/28.0"
51.91.7.5 - - [05/Jan/2022:17:17:53 +0100] "GET /wp-admin/admin-ajax.php?action=duplicator_download&file=../wp-config.php HTTP/1.1" 404 2381 "-" "Mozilla/5.0 (X11; Ubuntu; Linux i686; rv:28.0) Gecko/20100101 Firefox/28.0"
51.91.7.5 - - [05/Jan/2022:17:17:54 +0100] "GET /wp-admin/admin-ajax.php?action=revslider_show_image&img=../wp-config.php HTTP/1.1" 404 2381 "-" "Mozilla/5.0 (X11; Ubuntu; Linux i686; rv:28.0) Gecko/20100101 Firefox/28.0"
51.91.7.5 - - [05/Jan/2022:17:17:55 +0100] "GET /wp-admin/admin-ajax.php?action=ave_publishPost&title=random&short=1&term=1&thumb=../wp-config.php HTTP/1.1" 404 2381 "-" "Mozilla/5.0 (X11; Ubuntu; Linux i686; rv:28.0) Gecko/20100101 Firefox/28.0"
51.91.7.5 - - [05/Jan/2022:17:17:55 +0100] "GET /wp-admin/admin-ajax.php?action=kbslider_show_image&img=../wp-config.php HTTP/1.1" 404 2381 "-" "Mozilla/5.0 (X11; Ubuntu; Linux i686; rv:28.0) Gecko/20100101 Firefox/28.0"
51.91.7.5 - - [05/Jan/2022:17:17:56 +0100] "GET /wp-admin/admin-ajax.php?action=cpabc_appointments_calendar_update&cpabc_calendar_update=1&id=../../../../../../wp-config.php HTTP/1.1" 404 2381 "-" "Mozilla/5.0 (X11; Ubuntu; Linux i686; rv:28.0) Gecko/20100101 Firefox/28.0"
51.91.7.5 - - [05/Jan/2022:17:17:57 +0100] "GET /wp-admin/admin.php?page=miwoftp&option=com_miwoftp&action=download&dir=/&item=wp-config.php&order=name&srt=yes HTTP/1.1" 404 2381 "-" "Mozilla/5.0 (X11; Ubuntu; Linux i686; rv:28.0) Gecko/20100101 Firefox/28.0"
51.91.7.5 - - [05/Jan/2022:17:17:58 +0100] "GET /wp-admin/admin.php?page=multi_metabox_listing&action=edit&id=../../../../../../wp-config.php HTTP/1.1" 404 2381 "-" "Mozilla/5.0 (X11; Ubuntu; Linux i686; rv:28.0) Gecko/20100101 Firefox/28.0"
51.91.7.5 - - [05/Jan/2022:17:17:59 +0100] "GET /wp-content/force-download.php?file=../wp-config.php HTTP/1.1" 404 2381 "-" "Mozilla/5.0 (X11; Ubuntu; Linux i686; rv:28.0) Gecko/20100101 Firefox/28.0"
51.91.7.5 - - [05/Jan/2022:17:18:00 +0100] "GET /force-download.php?file=wp-config.php HTTP/1.1" 404 2381 "-" "Mozilla/5.0 (X11; Ubuntu; Linux i686; rv:28.0) Gecko/20100101 Firefox/28.0"
51.91.7.5 - - [05/Jan/2022:17:18:01 +0100] "GET /wp-content/plugins/cherry-plugin/admin/import-export/download-content.php?file=../../../../../wp-config.php HTTP/1.1" 404 2381 "-" "Mozilla/5.0 (X11; Ubuntu; Linux i686; rv:28.0) Gecko/20100101 Firefox/28.0"
51.91.7.5 - - [05/Jan/2022:17:18:02 +0100] "GET /wp-content/plugins/google-document-embedder/libs/pdf.php?fn=lol.pdf&file=../../../../wp-config.php HTTP/1.1" 404 2381 "-" "Mozilla/5.0 (X11; Ubuntu; Linux i686; rv:28.0) Gecko/20100101 Firefox/28.0"
51.91.7.5 - - [05/Jan/2022:17:18:03 +0100] "GET /wp-content/plugins/google-mp3-audio-player/direct_download.php?file=../../../wp-config.php HTTP/1.1" 404 2381 "-" "Mozilla/5.0 (X11; Ubuntu; Linux i686; rv:28.0) Gecko/20100101 Firefox/28.0"
51.91.7.5 - - [05/Jan/2022:17:18:04 +0100] "GET /wp-content/plugins/mini-mail-dashboard-widgetwp-mini-mail.php?abspath=../../wp-config.php HTTP/1.1" 404 2381 "-" "Mozilla/5.0 (X11; Ubuntu; Linux i686; rv:28.0) Gecko/20100101 Firefox/28.0"
51.91.7.5 - - [05/Jan/2022:17:18:04 +0100] "GET /wp-content/plugins/mygallery/myfunctions/mygallerybrowser.php?myPath=../../../../wp-config.php HTTP/1.1" 404 2381 "-" "Mozilla/5.0 (X11; Ubuntu; Linux i686; rv:28.0) Gecko/20100101 Firefox/28.0"
51.91.7.5 - - [05/Jan/2022:17:18:05 +0100] "GET /wp-content/plugins/recent-backups/download-file.php?file_link=../../../wp-config.php HTTP/1.1" 404 2381 "-" "Mozilla/5.0 (X11; Ubuntu; Linux i686; rv:28.0) Gecko/20100101 Firefox/28.0"
51.91.7.5 - - [05/Jan/2022:17:18:06 +0100] "GET /wp-content/plugins/simple-image-manipulator/controller/download.php?filepath=../../../wp-config.php HTTP/1.1" 404 2381 "-" "Mozilla/5.0 (X11; Ubuntu; Linux i686; rv:28.0) Gecko/20100101 Firefox/28.0"
51.91.7.5 - - [05/Jan/2022:17:18:07 +0100] "GET /wp-content/plugins/sniplets/modules/syntax_highlight.php?libpath=../../../../wp-config.php HTTP/1.1" 404 2381 "-" "Mozilla/5.0 (X11; Ubuntu; Linux i686; rv:28.0) Gecko/20100101 Firefox/28.0"
51.91.7.5 - - [05/Jan/2022:17:18:08 +0100] "GET /wp-content/plugins/tera-charts/charts/treemap.php?fn=../../../../wp-config.php HTTP/1.1" 404 2381 "-" "Mozilla/5.0 (X11; Ubuntu; Linux i686; rv:28.0) Gecko/20100101 Firefox/28.0"
51.91.7.5 - - [05/Jan/2022:17:18:09 +0100] "GET /wp-content/themes/churchope/lib/downloadlink.php?file=../../../../wp-config.php HTTP/1.1" 404 2381 "-" "Mozilla/5.0 (X11; Ubuntu; Linux i686; rv:28.0) Gecko/20100101 Firefox/28.0"
51.91.7.5 - - [05/Jan/2022:17:18:10 +0100] "GET /wp-content/themes/NativeChurch/download/download.php?file=../../../../wp-config.php HTTP/1.1" 404 2381 "-" "Mozilla/5.0 (X11; Ubuntu; Linux i686; rv:28.0) Gecko/20100101 Firefox/28.0"
51.91.7.5 - - [05/Jan/2022:17:18:11 +0100] "GET /wp-content/plugins/wp-support-plus-responsive-ticket-system/includes/admin/downloadAttachment.php?path=../../../../../wp-config.php HTTP/1.1" 404 2381 "-" "Mozilla/5.0 (X11; Ubuntu; Linux i686; rv:28.0) Gecko/20100101 Firefox/28.0"
51.91.7.5 - - [05/Jan/2022:17:18:12 +0100] "GET /wp-content/plugins/ungallery/source_vuln.php?pic=../../../../../wp-config.php HTTP/1.1" 404 2381 "-" "Mozilla/5.0 (X11; Ubuntu; Linux i686; rv:28.0) Gecko/20100101 Firefox/28.0"
51.91.7.5 - - [05/Jan/2022:17:18:13 +0100] "GET /wp-content/plugins/aspose-doc-exporter/aspose_doc_exporter_download.php?file=../../../wp-config.php HTTP/1.1" 404 2381 "-" "Mozilla/5.0 (X11; Ubuntu; Linux i686; rv:28.0) Gecko/20100101 Firefox/28.0"
51.91.7.5 - - [05/Jan/2022:17:18:13 +0100] "GET /wp-content/plugins/db-backup/download.php?file=../../../wp-config.php HTTP/1.1" 404 2381 "-" "Mozilla/5.0 (X11; Ubuntu; Linux i686; rv:28.0) Gecko/20100101 Firefox/28.0"
51.91.7.5 - - [05/Jan/2022:17:18:14 +0100] "GET /wp-content/plugins/wp-filemanager/incl/libfile.php?&path=../../&filename=wp-config.php&action=download HTTP/1.1" 404 2381 "-" "Mozilla/5.0 (X11; Ubuntu; Linux i686; rv:28.0) Gecko/20100101 Firefox/28.0"
51.91.7.5 - - [05/Jan/2022:17:18:15 +0100] "GET /wp-content/themes/fiestaresidences/download.php?file=../../../wp-config.php HTTP/1.1" 404 2381 "-" "Mozilla/5.0 (X11; Ubuntu; Linux i686; rv:28.0) Gecko/20100101 Firefox/28.0"
51.91.7.5 - - [05/Jan/2022:17:18:16 +0100] "GET /wp-content/themes/erinvale/download.php?file=../../../wp-config.php HTTP/1.1" 404 2381 "-" "Mozilla/5.0 (X11; Ubuntu; Linux i686; rv:28.0) Gecko/20100101 Firefox/28.0"
51.91.7.5 - - [05/Jan/2022:17:18:17 +0100] "GET /wp-content/themes/hsv/download.php?file=../../../wp-config.php HTTP/1.1" 404 2381 "-" "Mozilla/5.0 (X11; Ubuntu; Linux i686; rv:28.0) Gecko/20100101 Firefox/28.0"
51.91.7.5 - - [05/Jan/2022:17:18:18 +0100] "GET /wp-content/themes/optimus/download.php?file=../../../wp-config.php HTTP/1.1" 404 2381 "-" "Mozilla/5.0 (X11; Ubuntu; Linux i686; rv:28.0) Gecko/20100101 Firefox/28.0"
51.91.7.5 - - [05/Jan/2022:17:18:19 +0100] "GET /wp-admin/edit.php?post_type=wd_ads_ads&export=export_csv&path=../wp-config.php HTTP/1.1" 404 2381 "-" "Mozilla/5.0 (X11; Ubuntu; Linux i686; rv:28.0) Gecko/20100101 Firefox/28.0"
51.91.7.5 - - [05/Jan/2022:17:18:20 +0100] "GET /wp-content/plugins/mac-dock-gallery/macdownload.php?albid=../../../wp-config.php HTTP/1.1" 404 2381 "-" "Mozilla/5.0 (X11; Ubuntu; Linux i686; rv:28.0) Gecko/20100101 Firefox/28.0"
51.91.7.5 - - [05/Jan/2022:17:18:21 +0100] "GET / HTTP/1.1" 200 9360 "-" "python-requests/2.26.0"
40.77.167.75 - - [05/Jan/2022:17:42:57 +0100] "GET /buecher/rezension_gesichter_u_geschichten.pdf HTTP/1.1" 200 223287 "-" "Mozilla/5.0 (iPhone; CPU iPhone OS 7_0 like Mac OS X) AppleWebKit/537.51.1 (KHTML, like Gecko) Version/7.0 Mobile/11A465 Safari/9537.53 (compatible; bingbot/2.0; +http://www.bing.com/bingbot.htm)"
34.140.107.62 - - [05/Jan/2022:17:43:02 +0100] "GET / HTTP/1.1" 200 9360 "-" "Mozilla/5.0 (Windows NT 10.0; Win64; x64) AppleWebKit/537.36 (KHTML, like Gecko) Chrome/84.0.4147.105 Safari/537.36"
114.119.139.191 - - [05/Jan/2022:17:44:23 +0100] "GET / HTTP/1.1" 200 9360 "-" "Mozilla/5.0 (Linux; Android 7.0;) AppleWebKit/537.36 (KHTML, like Gecko) Mobile Safari/537.36 (compatible; PetalBot;+https://webmaster.petalsearch.com/site/petalbot)"
157.55.39.122 - - [05/Jan/2022:17:52:22 +0100] "GET /sonderthemen/oekz2003.pdf HTTP/1.1" 200 4017017 "-" "Mozilla/5.0 (iPhone; CPU iPhone OS 7_0 like Mac OS X) AppleWebKit/537.51.1 (KHTML, like Gecko) Version/7.0 Mobile/11A465 Safari/9537.53 (compatible; bingbot/2.0; +http://www.bing.com/bingbot.htm)"
20.75.128.100 - - [05/Jan/2022:17:55:46 +0100] "GET /buecher/gesichter/31.jpg HTTP/1.1" 200 8424 "-" "Mozilla/5.0 (Windows NT 10.0; Win64; x64) AppleWebKit/537.36 (KHTML, like Gecko) Chrome/76.0.3809.100 Safari/537.36"
207.46.13.15 - - [05/Jan/2022:18:14:21 +0100] "GET / HTTP/1.1" 200 9360 "-" "Mozilla/5.0 (compatible; bingbot/2.0; +http://www.bing.com/bingbot.htm)"
185.191.171.44 - - [05/Jan/2022:18:34:29 +0100] "GET /robots.txt HTTP/1.1" 200 100 "-" "Mozilla/5.0 (compatible; SemrushBot/7~bl; +http://www.semrush.com/bot.html)"
185.191.171.33 - - [05/Jan/2022:18:34:29 +0100] "GET /cds/rosarium.html HTTP/1.1" 200 6680 "-" "Mozilla/5.0 (compatible; SemrushBot/7~bl; +http://www.semrush.com/bot.html)"
66.249.70.132 - - [05/Jan/2022:18:47:52 +0100] "GET /sonderthemen/index.html HTTP/1.1" 304 - "-" "Mozilla/5.0 (Linux; Android 6.0.1; Nexus 5X Build/MMB29P) AppleWebKit/537.36 (KHTML, like Gecko) Chrome/96.0.4664.93 Mobile Safari/537.36 (compatible; Googlebot/2.1; +http://www.google.com/bot.html)"
168.119.69.91 - - [05/Jan/2022:19:03:42 +0100] "GET /sonderthemen/az2003.pdf HTTP/1.1" 200 4864675 "-" "Mozilla/5.0 (Windows NT 10.0; Win64; x64) AppleWebKit/537.36 (KHTML, like Gecko) Chrome/86.0.4240.198 Safari/537.36 Edg/86.0.622.69"
66.249.70.135 - - [05/Jan/2022:20:00:40 +0100] "GET /buecher/ HTTP/1.1" 304 - "-" "Mozilla/5.0 (Linux; Android 6.0.1; Nexus 5X Build/MMB29P) AppleWebKit/537.36 (KHTML, like Gecko) Chrome/96.0.4664.93 Mobile Safari/537.36 (compatible; Googlebot/2.1; +http://www.google.com/bot.html)"
66.249.70.135 - - [05/Jan/2022:20:45:40 +0100] "GET /buecher/ HTTP/1.1" 200 25885 "-" "Mozilla/5.0 (compatible; Googlebot/2.1; +http://www.google.com/bot.html)"
66.249.70.129 - - [05/Jan/2022:20:45:44 +0100] "GET /contentflow/mycontentflow.css HTTP/1.1" 404 2381 "http://www.morusverlag.de/buecher/" "Mozilla/5.0 AppleWebKit/537.36 (KHTML, like Gecko; compatible; Googlebot/2.1; +http://www.google.com/bot.html) Chrome/96.0.4664.93 Safari/537.36"
66.249.70.129 - - [05/Jan/2022:20:45:45 +0100] "GET /contentflow/mycontentflow.css HTTP/1.1" 404 2381 "http://www.morusverlag.de/buecher/" "Mozilla/5.0 AppleWebKit/537.36 (KHTML, like Gecko; compatible; Googlebot/2.1; +http://www.google.com/bot.html) Chrome/96.0.4664.93 Safari/537.36"
66.249.70.132 - - [05/Jan/2022:21:16:22 +0100] "GET /sonderthemen/oeaz2002.pdf HTTP/1.1" 200 3161455 "-" "Mozilla/5.0 (compatible; Googlebot/2.1; +http://www.google.com/bot.html)"
109.40.240.87 - - [05/Jan/2022:21:19:19 +0100] "GET /cds/rosarium.html HTTP/1.1" 200 6680 "-" "Mozilla/5.0 (Linux; Android 10; SAMSUNG SM-A515F) AppleWebKit/537.36 (KHTML, like Gecko) SamsungBrowser/16.0 Chrome/92.0.4515.166 Mobile Safari/537.36"
109.40.240.87 - - [05/Jan/2022:21:19:20 +0100] "GET /main.css HTTP/1.1" 200 1439 "http://www.morusverlag.de/cds/rosarium.html" "Mozilla/5.0 (Linux; Android 10; SAMSUNG SM-A515F) AppleWebKit/537.36 (KHTML, like Gecko) SamsungBrowser/16.0 Chrome/92.0.4515.166 Mobile Safari/537.36"
109.40.240.87 - - [05/Jan/2022:21:19:20 +0100] "GET /logo_g.gif HTTP/1.1" 200 1301 "http://www.morusverlag.de/cds/rosarium.html" "Mozilla/5.0 (Linux; Android 10; SAMSUNG SM-A515F) AppleWebKit/537.36 (KHTML, like Gecko) SamsungBrowser/16.0 Chrome/92.0.4515.166 Mobile Safari/537.36"
109.40.240.87 - - [05/Jan/2022:21:19:20 +0100] "GET /mv_g.gif HTTP/1.1" 200 4070 "http://www.morusverlag.de/cds/rosarium.html" "Mozilla/5.0 (Linux; Android 10; SAMSUNG SM-A515F) AppleWebKit/537.36 (KHTML, like Gecko) SamsungBrowser/16.0 Chrome/92.0.4515.166 Mobile Safari/537.36"
109.40.240.87 - - [05/Jan/2022:21:19:20 +0100] "GET /m.gif HTTP/1.1" 200 95 "http://www.morusverlag.de/cds/rosarium.html" "Mozilla/5.0 (Linux; Android 10; SAMSUNG SM-A515F) AppleWebKit/537.36 (KHTML, like Gecko) SamsungBrowser/16.0 Chrome/92.0.4515.166 Mobile Safari/537.36"
109.40.240.87 - - [05/Jan/2022:21:19:20 +0100] "GET /pf.gif HTTP/1.1" 200 62 "http://www.morusverlag.de/cds/rosarium.html" "Mozilla/5.0 (Linux; Android 10; SAMSUNG SM-A515F) AppleWebKit/537.36 (KHTML, like Gecko) SamsungBrowser/16.0 Chrome/92.0.4515.166 Mobile Safari/537.36"
109.40.240.87 - - [05/Jan/2022:21:19:20 +0100] "GET /cds/rosarium.jpg HTTP/1.1" 200 21032 "http://www.morusverlag.de/cds/rosarium.html" "Mozilla/5.0 (Linux; Android 10; SAMSUNG SM-A515F) AppleWebKit/537.36 (KHTML, like Gecko) SamsungBrowser/16.0 Chrome/92.0.4515.166 Mobile Safari/537.36"
109.40.240.87 - - [05/Jan/2022:21:19:20 +0100] "GET /strich.gif HTTP/1.1" 200 45 "http://www.morusverlag.de/cds/rosarium.html" "Mozilla/5.0 (Linux; Android 10; SAMSUNG SM-A515F) AppleWebKit/537.36 (KHTML, like Gecko) SamsungBrowser/16.0 Chrome/92.0.4515.166 Mobile Safari/537.36"
109.40.240.87 - - [05/Jan/2022:21:19:21 +0100] "GET /favicon.ico HTTP/1.1" 200 4286 "http://www.morusverlag.de/cds/rosarium.html" "Mozilla/5.0 (Linux; Android 10; SAMSUNG SM-A515F) AppleWebKit/537.36 (KHTML, like Gecko) SamsungBrowser/16.0 Chrome/92.0.4515.166 Mobile Safari/537.36"
78.46.90.120 - - [05/Jan/2022:21:20:08 +0100] "GET /buecher/index.html HTTP/1.1" 200 25885 "-" "Mozilla/5.0 (X11; Linux x86_64; rv:78.0) Gecko/20100101 Firefox/78.0"
66.249.70.135 - - [05/Jan/2022:21:30:40 +0100] "GET /buecher/ HTTP/1.1" 304 - "-" "Mozilla/5.0 (compatible; Googlebot/2.1; +http://www.google.com/bot.html)"
20.191.45.212 - - [05/Jan/2022:21:53:25 +0100] "GET / HTTP/1.1" 200 9360 "http://www.morusverlag.de/" "Mozilla/5.0 (compatible; DuckDuckGo-Favicons-Bot/1.0; +http://duckduckgo.com)"
20.191.45.212 - - [05/Jan/2022:21:53:25 +0100] "GET /favicon.ico HTTP/1.1" 200 4286 "http://www.morusverlag.de/favicon.ico" "Mozilla/5.0 (compatible; DuckDuckGo-Favicons-Bot/1.0; +http://duckduckgo.com)"
157.55.39.122 - - [05/Jan/2022:21:59:12 +0100] "GET /buecher/gesichter/15.jpg HTTP/1.1" 200 7253 "-" "Mozilla/5.0 (compatible; bingbot/2.0; +http://www.bing.com/bingbot.htm)"
66.249.70.135 - - [05/Jan/2022:22:49:25 +0100] "GET /sonderthemen/az1999.pdf HTTP/1.1" 304 - "-" "Mozilla/5.0 (Linux; Android 6.0.1; Nexus 5X Build/MMB29P) AppleWebKit/537.36 (KHTML, like Gecko) Chrome/96.0.4664.93 Mobile Safari/537.36 (compatible; Googlebot/2.1; +http://www.google.com/bot.html)"
54.36.148.110 - - [05/Jan/2022:23:05:01 +0100] "GET /cds/hymnos_akathistos.html HTTP/1.1" 200 11061 "-" "Mozilla/5.0 (compatible; AhrefsBot/7.0; +http://ahrefs.com/robot/)"
178.63.51.106 - - [05/Jan/2022:23:07:13 +0100] "GET /sonderthemen/oekt_extra3.pdf HTTP/1.1" 200 2109745 "-" "Mozilla/5.0 (X11; Linux x86_64; rv:83.0) Gecko/20100101 Firefox/83.0"
88.198.41.229 - - [05/Jan/2022:23:07:13 +0100] "GET /sonderthemen/oekt_extra1.pdf HTTP/1.1" 200 1849015 "-" "Mozilla/5.0 (X11; Ubuntu; Linux x86_64; rv:83.0) Gecko/20100101 Firefox/83.0"
88.198.41.229 - - [05/Jan/2022:23:07:13 +0100] "GET /sonderthemen/oekt_extra2.pdf HTTP/1.1" 200 1939949 "-" "Mozilla/5.0 (Windows NT 6.1; Win64; x64) AppleWebKit/537.36 (KHTML, like Gecko) Chrome/86.0.4240.198 Safari/537.36 OPR/72.0.3815.400"
88.198.41.229 - - [05/Jan/2022:23:07:13 +0100] "GET /sonderthemen/az2003.pdf HTTP/1.1" 200 4864675 "-" "Mozilla/5.0 (Macintosh; Intel Mac OS X 10_15_6) AppleWebKit/605.1.15 (KHTML, like Gecko) Version/13.1.2 Safari/605.1.15"
144.76.168.111 - - [05/Jan/2022:23:35:41 +0100] "GET /sonderthemen/oeaz2002.pdf HTTP/1.1" 200 3161455 "-" "Mozilla/5.0 (Windows NT 10.0; Win64; x64) AppleWebKit/537.36 (KHTML, like Gecko) Chrome/87.0.4280.67 Safari/537.36 Edg/87.0.664.52"
20.75.128.100 - - [05/Jan/2022:23:38:29 +0100] "GET /buecher/gesichter/02.jpg HTTP/1.1" 200 9266 "-" "Mozilla/5.0 (Windows NT 10.0; Win64; x64) AppleWebKit/537.36 (KHTML, like Gecko) Chrome/76.0.3809.100 Safari/537.36"
66.249.70.129 - - [05/Jan/2022:23:49:22 +0100] "GET /cds/hymnos_akathistos.html HTTP/1.1" 304 - "-" "Mozilla/5.0 (Linux; Android 6.0.1; Nexus 5X Build/MMB29P) AppleWebKit/537.36 (KHTML, like Gecko) Chrome/96.0.4664.93 Mobile Safari/537.36 (compatible; Googlebot/2.1; +http://www.google.com/bot.html)"
168.119.11.187 - - [05/Jan/2022:23:59:19 +0100] "GET /sonderthemen/sk2002.pdf HTTP/1.1" 200 2628923 "-" "Mozilla/5.0 (Windows NT 10.0; Win64; x64) AppleWebKit/537.36 (KHTML, like Gecko) Chrome/76.0.3809.100 Safari/537.36"
138.201.11.237 - - [05/Jan/2022:23:59:33 +0100] "GET /sonderthemen/sk2002.pdf HTTP/1.1" 200 2628923 "-" "Mozilla/5.0 (Windows NT 10.0; Win64; x64) AppleWebKit/537.36 (KHTML, like Gecko) Chrome/86.0.4240.183 Safari/537.36"
78.46.90.120 - - [05/Jan/2022:23:59:48 +0100] "GET /sonderthemen/sk2002.pdf HTTP/1.1" 200 2628923 "-" "Mozilla/5.0 (Macintosh; Intel Mac OS X 10_15_7) AppleWebKit/537.36 (KHTML, like Gecko) Chrome/86.0.4240.183 Safari/537.36"
168.119.11.187 - - [06/Jan/2022:00:04:02 +0100] "GET /sonderthemen/az1999.pdf HTTP/1.1" 200 1842982 "-" "Mozilla/5.0 (Macintosh; Intel Mac OS X 10.15; rv:83.0) Gecko/20100101 Firefox/83.0"
46.4.83.150 - - [06/Jan/2022:00:04:16 +0100] "GET /sonderthemen/az1999.pdf HTTP/1.1" 200 1842982 "-" "Mozilla/5.0 (X11; Linux x86_64; rv:84.0) Gecko/20100101 Firefox/84.0"
168.119.11.187 - - [06/Jan/2022:01:20:48 +0100] "GET /sonderthemen/sk2000.pdf HTTP/1.1" 200 2925489 "-" "Mozilla/5.0 (Macintosh; Intel Mac OS X 10_15_7) AppleWebKit/605.1.15 (KHTML, like Gecko) Version/14.0.1 Safari/605.1.15"
144.76.102.243 - - [06/Jan/2022:01:21:02 +0100] "GET /sonderthemen/sk2000.pdf HTTP/1.1" 200 2925489 "-" "Mozilla/5.0 (X11; Ubuntu; Linux x86_64; rv:82.0) Gecko/20100101 Firefox/82.0"
168.119.69.91 - - [06/Jan/2022:01:21:17 +0100] "GET /sonderthemen/sk2000.pdf HTTP/1.1" 200 2925489 "-" "Mozilla/5.0 (Macintosh; Intel Mac OS X 10_15_6) AppleWebKit/605.1.15 (KHTML, like Gecko) Version/13.1.2 Safari/605.1.15"
