78.47.92.11 - - [26/Jan/2022:04:05:22 +0100] "GET /sonderthemen/az2003_s01.pdf HTTP/1.1" 200 120642 "-" "auskunftbot/1.0 (+https://www.auskunft.de)"
78.47.92.11 - - [26/Jan/2022:04:05:22 +0100] "GET /sonderthemen/presse.html HTTP/1.1" 200 5772 "-" "auskunftbot/1.0 (+https://www.auskunft.de)"
78.47.92.11 - - [26/Jan/2022:04:05:22 +0100] "GET /sonderthemen/sk2004_s01.pdf HTTP/1.1" 200 162742 "-" "auskunftbot/1.0 (+https://www.auskunft.de)"
78.47.92.11 - - [26/Jan/2022:04:05:22 +0100] "GET /sonderthemen/oekz2003_s01.pdf HTTP/1.1" 200 66807 "-" "auskunftbot/1.0 (+https://www.auskunft.de)"
78.47.92.11 - - [26/Jan/2022:04:05:22 +0100] "GET /jahrbuch/titelseiten/index.html HTTP/1.1" 200 6735 "-" "auskunftbot/1.0 (+https://www.auskunft.de)"
78.47.92.11 - - [26/Jan/2022:04:05:22 +0100] "GET /jahrbuch/bestellung.php HTTP/1.1" 200 10316 "-" "auskunftbot/1.0 (+https://www.auskunft.de)"
78.47.92.11 - - [26/Jan/2022:04:05:22 +0100] "GET /buecher/veroeffentlichungsliste.html HTTP/1.1" 200 129779 "-" "auskunftbot/1.0 (+https://www.auskunft.de)"
78.47.92.11 - - [26/Jan/2022:04:05:22 +0100] "GET /cds/ignatius.html HTTP/1.1" 200 6576 "-" "auskunftbot/1.0 (+https://www.auskunft.de)"
78.47.92.11 - - [26/Jan/2022:04:05:22 +0100] "GET /buecher/rezensionen_ignatius.html HTTP/1.1" 200 8182 "-" "auskunftbot/1.0 (+https://www.auskunft.de)"
78.47.92.11 - - [26/Jan/2022:04:05:22 +0100] "GET /buecher/rezensionen.html HTTP/1.1" 200 6964 "-" "auskunftbot/1.0 (+https://www.auskunft.de)"
78.47.92.11 - - [26/Jan/2022:04:05:22 +0100] "GET /buecher/rezensionen_psalmen.html HTTP/1.1" 200 6787 "-" "auskunftbot/1.0 (+https://www.auskunft.de)"
78.47.92.11 - - [26/Jan/2022:04:05:22 +0100] "GET /buecher/rezensionen_engel.html HTTP/1.1" 200 6598 "-" "auskunftbot/1.0 (+https://www.auskunft.de)"
78.47.92.11 - - [26/Jan/2022:04:05:22 +0100] "GET /buecher/rezensionen_chateaubriand.html HTTP/1.1" 200 47317 "-" "auskunftbot/1.0 (+https://www.auskunft.de)"
78.47.92.11 - - [26/Jan/2022:04:05:23 +0100] "GET /buecher/rezensionen_krise_zum_heil.html HTTP/1.1" 200 9828 "-" "auskunftbot/1.0 (+https://www.auskunft.de)"
78.47.92.11 - - [26/Jan/2022:04:05:23 +0100] "GET /buecher/rezensionen_le_saulchoir.html HTTP/1.1" 200 34009 "-" "auskunftbot/1.0 (+https://www.auskunft.de)"
78.47.92.11 - - [26/Jan/2022:04:05:23 +0100] "GET /buecher/rezensionen_nicht_auf_sand_gebaut.html HTTP/1.1" 200 6594 "-" "auskunftbot/1.0 (+https://www.auskunft.de)"
78.47.92.11 - - [26/Jan/2022:04:05:23 +0100] "GET /buecher/rezensionen_leiblichkeit_und_zeitlichkeit.html HTTP/1.1" 200 8821 "-" "auskunftbot/1.0 (+https://www.auskunft.de)"
78.47.92.11 - - [26/Jan/2022:04:05:23 +0100] "GET /buecher/rezensionen_preysing.html HTTP/1.1" 200 9502 "-" "auskunftbot/1.0 (+https://www.auskunft.de)"
78.47.92.11 - - [26/Jan/2022:04:05:23 +0100] "GET /buecher/rezensionen_ungeteilt.html HTTP/1.1" 200 9764 "-" "auskunftbot/1.0 (+https://www.auskunft.de)"
78.47.92.11 - - [26/Jan/2022:04:05:23 +0100] "GET /cds/rosarium.html HTTP/1.1" 200 6680 "-" "auskunftbot/1.0 (+https://www.auskunft.de)"
78.47.92.11 - - [26/Jan/2022:04:05:23 +0100] "GET /cds/hymnos_akathistos.html HTTP/1.1" 200 11061 "-" "auskunftbot/1.0 (+https://www.auskunft.de)"
78.47.92.11 - - [26/Jan/2022:04:05:23 +0100] "GET /cds/glockenspiel1.html HTTP/1.1" 200 9736 "-" "auskunftbot/1.0 (+https://www.auskunft.de)"
78.47.92.11 - - [26/Jan/2022:04:05:23 +0100] "GET /cds/glockenspiel2.html HTTP/1.1" 200 9831 "-" "auskunftbot/1.0 (+https://www.auskunft.de)"
78.47.92.11 - - [26/Jan/2022:04:05:23 +0100] "GET /cds/lumina.html HTTP/1.1" 200 9000 "-" "auskunftbot/1.0 (+https://www.auskunft.de)"
78.47.92.11 - - [26/Jan/2022:04:05:23 +0100] "GET /cds/astazi.html HTTP/1.1" 200 8453 "-" "auskunftbot/1.0 (+https://www.auskunft.de)"
78.47.92.11 - - [26/Jan/2022:04:05:23 +0100] "GET /buecher/rezension_gesichter_u_geschichten.pdf HTTP/1.1" 200 223287 "-" "auskunftbot/1.0 (+https://www.auskunft.de)"
78.47.92.11 - - [26/Jan/2022:04:05:23 +0100] "GET /buecher/bestellung.php HTTP/1.1" 200 10142 "-" "auskunftbot/1.0 (+https://www.auskunft.de)"
78.47.92.11 - - [26/Jan/2022:04:05:23 +0100] "GET /buecher/diskussion.html HTTP/1.1" 200 9925 "-" "auskunftbot/1.0 (+https://www.auskunft.de)"
159.69.88.49 - - [26/Jan/2022:04:09:44 +0100] "GET / HTTP/1.1" 200 9360 "-" "Mozilla/5.0"
94.130.168.164 - - [26/Jan/2022:04:09:44 +0100] "GET /impressum.html HTTP/1.1" 200 2808 "-" "Mozilla/5.0"
159.69.88.49 - - [26/Jan/2022:04:09:44 +0100] "GET /main.css HTTP/1.1" 200 1439 "http://www.morusverlag.de/" "Mozilla/5.0"
159.69.88.49 - - [26/Jan/2022:04:09:44 +0100] "GET /logo_g.gif HTTP/1.1" 200 1301 "http://www.morusverlag.de/" "Mozilla/5.0"
159.69.88.49 - - [26/Jan/2022:04:09:44 +0100] "GET /mv_g.gif HTTP/1.1" 200 4070 "http://www.morusverlag.de/" "Mozilla/5.0"
159.69.88.49 - - [26/Jan/2022:04:09:44 +0100] "GET /mv_gr_w.gif HTTP/1.1" 200 2005 "http://www.morusverlag.de/" "Mozilla/5.0"
159.69.88.49 - - [26/Jan/2022:04:09:44 +0100] "GET /jahrbuch_k.jpg HTTP/1.1" 200 3719 "http://www.morusverlag.de/" "Mozilla/5.0"
94.130.168.164 - - [26/Jan/2022:04:09:44 +0100] "GET /main.css HTTP/1.1" 200 1439 "http://www.morusverlag.de/impressum.html" "Mozilla/5.0"
159.69.88.49 - - [26/Jan/2022:04:09:44 +0100] "GET /pf.gif HTTP/1.1" 200 62 "http://www.morusverlag.de/" "Mozilla/5.0"
94.130.168.164 - - [26/Jan/2022:04:09:44 +0100] "GET /logo_g.gif HTTP/1.1" 200 1301 "http://www.morusverlag.de/impressum.html" "Mozilla/5.0"
94.130.168.164 - - [26/Jan/2022:04:09:44 +0100] "GET /mv_g.gif HTTP/1.1" 200 4070 "http://www.morusverlag.de/impressum.html" "Mozilla/5.0"
159.69.88.49 - - [26/Jan/2022:04:09:44 +0100] "GET /buecher/gesichter.jpg HTTP/1.1" 200 7271 "http://www.morusverlag.de/" "Mozilla/5.0"
159.69.88.49 - - [26/Jan/2022:04:09:44 +0100] "GET /cds/rosarium_k.jpg HTTP/1.1" 200 3972 "http://www.morusverlag.de/" "Mozilla/5.0"
159.69.88.49 - - [26/Jan/2022:04:09:44 +0100] "GET /cds/ignatius_k.jpg HTTP/1.1" 200 3965 "http://www.morusverlag.de/" "Mozilla/5.0"
159.69.88.49 - - [26/Jan/2022:04:09:44 +0100] "GET /cds/hymnos_k.jpg HTTP/1.1" 200 4986 "http://www.morusverlag.de/" "Mozilla/5.0"
94.130.168.164 - - [26/Jan/2022:04:09:44 +0100] "GET /strich.gif HTTP/1.1" 200 45 "http://www.morusverlag.de/impressum.html" "Mozilla/5.0"
159.69.88.49 - - [26/Jan/2022:04:09:44 +0100] "GET /cds/astazi_k.jpg HTTP/1.1" 200 6049 "http://www.morusverlag.de/" "Mozilla/5.0"
159.69.88.49 - - [26/Jan/2022:04:09:44 +0100] "GET /gotteslob.jpg HTTP/1.1" 200 9390 "http://www.morusverlag.de/" "Mozilla/5.0"
159.69.88.49 - - [26/Jan/2022:04:09:44 +0100] "GET /buecher/engel.jpg HTTP/1.1" 200 5414 "http://www.morusverlag.de/" "Mozilla/5.0"
159.69.88.49 - - [26/Jan/2022:04:09:44 +0100] "GET /strich.gif HTTP/1.1" 200 45 "http://www.morusverlag.de/" "Mozilla/5.0"
159.69.88.49 - - [26/Jan/2022:04:09:44 +0100] "GET /buecher/chateaubriand.jpg HTTP/1.1" 200 2272 "http://www.morusverlag.de/" "Mozilla/5.0"
159.69.88.49 - - [26/Jan/2022:04:09:44 +0100] "GET /buch_k.jpg HTTP/1.1" 200 4591 "http://www.morusverlag.de/" "Mozilla/5.0"
17.121.113.40 - - [26/Jan/2022:04:29:51 +0100] "GET /robots.txt HTTP/1.1" 200 100 "-" "Mozilla/5.0 (Macintosh; Intel Mac OS X 10_15_5) AppleWebKit/605.1.15 (KHTML, like Gecko) Version/13.1.1 Safari/605.1.15 (Applebot/0.1; +http://www.apple.com/go/applebot)"
17.121.113.40 - - [26/Jan/2022:04:29:51 +0100] "GET /buecher/bestellung.php HTTP/1.1" 200 10142 "-" "Mozilla/5.0 (Macintosh; Intel Mac OS X 10_15_5) AppleWebKit/605.1.15 (KHTML, like Gecko) Version/13.1.1 Safari/605.1.15 (Applebot/0.1; +http://www.apple.com/go/applebot)"
66.249.70.132 - - [26/Jan/2022:05:02:32 +0100] "GET /index.html HTTP/1.1" 304 - "-" "Mozilla/5.0 (Linux; Android 6.0.1; Nexus 5X Build/MMB29P) AppleWebKit/537.36 (KHTML, like Gecko) Chrome/97.0.4692.71 Mobile Safari/537.36 (compatible; Googlebot/2.1; +http://www.google.com/bot.html)"
20.75.128.100 - - [26/Jan/2022:05:44:05 +0100] "GET /gotteslob/gotteslob_alle.jpg HTTP/1.1" 200 24560 "-" "Mozilla/5.0 (Windows NT 10.0; Win64; x64) AppleWebKit/537.36 (KHTML, like Gecko) Chrome/76.0.3809.100 Safari/537.36"
40.77.167.97 - - [26/Jan/2022:06:10:13 +0100] "GET /robots.txt HTTP/1.1" 200 100 "-" "Mozilla/5.0 (compatible; bingbot/2.0; +http://www.bing.com/bingbot.htm)"
40.77.167.64 - - [26/Jan/2022:06:10:15 +0100] "GET /buecher/gesichter/03.jpg HTTP/1.1" 200 10026 "-" "Mozilla/5.0 (compatible; bingbot/2.0; +http://www.bing.com/bingbot.htm)"
185.191.171.35 - - [26/Jan/2022:06:29:38 +0100] "GET /robots.txt HTTP/1.1" 200 100 "-" "Mozilla/5.0 (compatible; SemrushBot/7~bl; +http://www.semrush.com/bot.html)"
185.191.171.11 - - [26/Jan/2022:06:29:38 +0100] "GET /jahrbuch/bestellung.php HTTP/1.1" 200 10316 "-" "Mozilla/5.0 (compatible; SemrushBot/7~bl; +http://www.semrush.com/bot.html)"
66.249.70.132 - - [26/Jan/2022:06:32:33 +0100] "GET /buecher/rezensionen_leiblichkeit_und_zeitlichkeit.html HTTP/1.1" 304 - "-" "Mozilla/5.0 (compatible; Googlebot/2.1; +http://www.google.com/bot.html)"
89.105.213.182 - - [26/Jan/2022:06:38:45 +0100] "HEAD / HTTP/1.1" 200 - "https://www.modsgame.ru/" "Mozilla/8.0 (compatible; MSIE5.00; Windows 2008)"
45.132.107.248 - - [26/Jan/2022:06:38:45 +0100] "HEAD / HTTP/1.1" 200 - "https://ivakon.ru/stroitelstvo/bystrovozvodimye-sklady/" "Mozilla/3.0 (compatible; MSIE2.00; Windows 2002)"
185.231.68.36 - - [26/Jan/2022:06:38:45 +0100] "HEAD / HTTP/1.1" 200 - "https://turgunov.ru/" "Mozilla/8.0 (compatible; MSIE6.00; Windows 2004)"
185.154.14.248 - - [26/Jan/2022:06:38:45 +0100] "HEAD / HTTP/1.1" 200 - "https://xn--80akjecndbdgx.xn--80aswg/%d0%bd%d0%b0%d0%bd%d0%be%d0%ba%d1%80%d0%b5%d0%bc%d0%bd%d0%b8%d0%b9/" "Mozilla/8.0 (compatible; MSIE5.00; Windows 2006)"
185.154.14.108 - - [26/Jan/2022:06:38:45 +0100] "HEAD / HTTP/1.1" 200 - "https://studio-mint.com.ua/uslugi-i-ceny/remont-kvartir" "Mozilla/4.0 (compatible; MSIE4.00; Windows 2002)"
89.105.213.237 - - [26/Jan/2022:06:38:45 +0100] "HEAD / HTTP/1.1" 200 - "https://xn--b1adcgjb2abq4al4j.zp.ua" "Mozilla/5.0 (compatible; MSIE3.00; Windows 2006)"
185.154.14.142 - - [26/Jan/2022:06:38:45 +0100] "HEAD / HTTP/1.1" 200 - "https://moskva.studio-mint.ru" "Mozilla/6.0 (compatible; MSIE2.00; Windows 2002)"
185.253.7.227 - - [26/Jan/2022:06:38:46 +0100] "HEAD / HTTP/1.1" 200 - "https://studio-mint.pro/uslugi-i-ceny/individualnoe-proektirovanie-domov-i-kottedzhey" "Mozilla/4.0 (compatible; MSIE2.00; Windows 2006)"
185.253.7.224 - - [26/Jan/2022:06:38:46 +0100] "HEAD / HTTP/1.1" 200 - "https://studio-mint.net.by/uslugi/dizayn-interera/dizayn-proektirovanie-kommercheskoy-nedvizhimosti" "Mozilla/3.0 (compatible; MSIE7.00; Windows 2007)"
185.253.7.223 - - [26/Jan/2022:06:38:46 +0100] "HEAD / HTTP/1.1" 200 - "https://rieltor.club/search.php?operation=2&type_estate=1" "Mozilla/7.0 (compatible; MSIE6.00; Windows 2004)"
185.154.14.148 - - [26/Jan/2022:06:38:46 +0100] "HEAD / HTTP/1.1" 200 - "https://fores.lv/varti" "Mozilla/2.0 (compatible; MSIE5.00; Windows 2003)"
45.88.79.149 - - [26/Jan/2022:06:40:11 +0100] "HEAD / HTTP/1.1" 200 - "https://bodylinespb.ru/" "Mozilla/4.0 (compatible; MSIE5.00; Windows 2009)"
66.249.70.129 - - [26/Jan/2022:06:47:37 +0100] "GET /sonderthemen/sk2001.pdf HTTP/1.1" 304 - "-" "Mozilla/5.0 (Linux; Android 6.0.1; Nexus 5X Build/MMB29P) AppleWebKit/537.36 (KHTML, like Gecko) Chrome/97.0.4692.71 Mobile Safari/537.36 (compatible; Googlebot/2.1; +http://www.google.com/bot.html)"
207.46.13.211 - - [26/Jan/2022:06:52:00 +0100] "GET /buecher/gesichter/13.jpg HTTP/1.1" 200 8373 "-" "Mozilla/5.0 (compatible; bingbot/2.0; +http://www.bing.com/bingbot.htm)"
194.67.207.94 - - [26/Jan/2022:07:13:15 +0100] "HEAD / HTTP/1.1" 200 - "https://clatronic.com.ua/" "Mozilla/5.0 (compatible; MSIE6.00; Windows 2009)"
185.5.249.185 - - [26/Jan/2022:07:13:15 +0100] "HEAD / HTTP/1.1" 200 - "https://volvogrupp-a.se/audi/" "Mozilla/7.0 (compatible; MSIE3.00; Windows 2006)"
66.249.70.129 - - [26/Jan/2022:07:17:37 +0100] "GET /buecher/rezensionen_chateaubriand.html HTTP/1.1" 304 - "-" "Mozilla/5.0 (compatible; Googlebot/2.1; +http://www.google.com/bot.html)"
51.222.253.12 - - [26/Jan/2022:07:22:36 +0100] "GET /robots.txt HTTP/1.1" 200 100 "-" "Mozilla/5.0 (compatible; AhrefsBot/7.0; +http://ahrefs.com/robot/)"
54.36.148.35 - - [26/Jan/2022:07:22:37 +0100] "GET / HTTP/1.1" 200 9360 "-" "Mozilla/5.0 (compatible; AhrefsBot/7.0; +http://ahrefs.com/robot/)"
66.249.70.135 - - [26/Jan/2022:07:47:37 +0100] "GET /buecher/rezensionen_chateaubriand.html HTTP/1.1" 304 - "-" "Mozilla/5.0 (Linux; Android 6.0.1; Nexus 5X Build/MMB29P) AppleWebKit/537.36 (KHTML, like Gecko) Chrome/97.0.4692.71 Mobile Safari/537.36 (compatible; Googlebot/2.1; +http://www.google.com/bot.html)"
194.67.210.77 - - [26/Jan/2022:08:15:12 +0100] "HEAD / HTTP/1.1" 200 - "https://motorsport-live.de/yamaha/" "Mozilla/3.0 (compatible; MSIE5.00; Windows 2008)"
185.125.219.13 - - [26/Jan/2022:08:15:12 +0100] "HEAD / HTTP/1.1" 200 - "https://sf-auto.jp/genesis/" "Mozilla/6.0 (compatible; MSIE6.00; Windows 2002)"
94.142.141.230 - - [26/Jan/2022:08:49:59 +0100] "HEAD / HTTP/1.1" 200 - "https://xn--90agc8abcigou.xn--p1ai/category/oborudovanie/" "Mozilla/7.0 (compatible; MSIE4.00; Windows 2003)"
89.0.47.242 - - [26/Jan/2022:08:56:39 +0100] "GET /buecher/ HTTP/1.1" 200 25885 "https://www.google.de/" "Mozilla/5.0 (Windows NT 10.0; Win64; x64) AppleWebKit/537.36 (KHTML, like Gecko) Chrome/97.0.4692.99 Safari/537.36"
89.0.47.242 - - [26/Jan/2022:08:56:39 +0100] "GET /main.css HTTP/1.1" 200 1439 "http://www.morusverlag.de/buecher/" "Mozilla/5.0 (Windows NT 10.0; Win64; x64) AppleWebKit/537.36 (KHTML, like Gecko) Chrome/97.0.4692.99 Safari/537.36"
89.0.47.242 - - [26/Jan/2022:08:56:39 +0100] "GET /contentflow/contentflow.js HTTP/1.1" 200 42064 "http://www.morusverlag.de/buecher/" "Mozilla/5.0 (Windows NT 10.0; Win64; x64) AppleWebKit/537.36 (KHTML, like Gecko) Chrome/97.0.4692.99 Safari/537.36"
89.0.47.242 - - [26/Jan/2022:08:56:39 +0100] "GET /logo_g.gif HTTP/1.1" 200 1301 "http://www.morusverlag.de/buecher/" "Mozilla/5.0 (Windows NT 10.0; Win64; x64) AppleWebKit/537.36 (KHTML, like Gecko) Chrome/97.0.4692.99 Safari/537.36"
89.0.47.242 - - [26/Jan/2022:08:56:39 +0100] "GET /mv_g.gif HTTP/1.1" 200 4070 "http://www.morusverlag.de/buecher/" "Mozilla/5.0 (Windows NT 10.0; Win64; x64) AppleWebKit/537.36 (KHTML, like Gecko) Chrome/97.0.4692.99 Safari/537.36"
89.0.47.242 - - [26/Jan/2022:08:56:40 +0100] "GET /m.gif HTTP/1.1" 200 95 "http://www.morusverlag.de/buecher/" "Mozilla/5.0 (Windows NT 10.0; Win64; x64) AppleWebKit/537.36 (KHTML, like Gecko) Chrome/97.0.4692.99 Safari/537.36"
89.0.47.242 - - [26/Jan/2022:08:56:40 +0100] "GET /pf.gif HTTP/1.1" 200 62 "http://www.morusverlag.de/buecher/" "Mozilla/5.0 (Windows NT 10.0; Win64; x64) AppleWebKit/537.36 (KHTML, like Gecko) Chrome/97.0.4692.99 Safari/537.36"
89.0.47.242 - - [26/Jan/2022:08:56:40 +0100] "GET /buecher/gesichter.jpg HTTP/1.1" 200 7271 "http://www.morusverlag.de/buecher/" "Mozilla/5.0 (Windows NT 10.0; Win64; x64) AppleWebKit/537.36 (KHTML, like Gecko) Chrome/97.0.4692.99 Safari/537.36"
89.0.47.242 - - [26/Jan/2022:08:56:40 +0100] "GET /buecher/gesichter/01.jpg HTTP/1.1" 200 7981 "http://www.morusverlag.de/buecher/" "Mozilla/5.0 (Windows NT 10.0; Win64; x64) AppleWebKit/537.36 (KHTML, like Gecko) Chrome/97.0.4692.99 Safari/537.36"
89.0.47.242 - - [26/Jan/2022:08:56:40 +0100] "GET /contentflow/contentflow.css HTTP/1.1" 200 3109 "http://www.morusverlag.de/buecher/" "Mozilla/5.0 (Windows NT 10.0; Win64; x64) AppleWebKit/537.36 (KHTML, like Gecko) Chrome/97.0.4692.99 Safari/537.36"
89.0.47.242 - - [26/Jan/2022:08:56:40 +0100] "GET /contentflow/mycontentflow.css HTTP/1.1" 404 2381 "http://www.morusverlag.de/buecher/" "Mozilla/5.0 (Windows NT 10.0; Win64; x64) AppleWebKit/537.36 (KHTML, like Gecko) Chrome/97.0.4692.99 Safari/537.36"
89.0.47.242 - - [26/Jan/2022:08:56:40 +0100] "GET /contentflow/ContentFlowAddOn_white.js HTTP/1.1" 200 471 "http://www.morusverlag.de/buecher/" "Mozilla/5.0 (Windows NT 10.0; Win64; x64) AppleWebKit/537.36 (KHTML, like Gecko) Chrome/97.0.4692.99 Safari/537.36"
89.0.47.242 - - [26/Jan/2022:08:56:40 +0100] "GET /buecher/gesichter/02.jpg HTTP/1.1" 200 9266 "http://www.morusverlag.de/buecher/" "Mozilla/5.0 (Windows NT 10.0; Win64; x64) AppleWebKit/537.36 (KHTML, like Gecko) Chrome/97.0.4692.99 Safari/537.36"
89.0.47.242 - - [26/Jan/2022:08:56:40 +0100] "GET /buecher/gesichter/03.jpg HTTP/1.1" 200 10026 "http://www.morusverlag.de/buecher/" "Mozilla/5.0 (Windows NT 10.0; Win64; x64) AppleWebKit/537.36 (KHTML, like Gecko) Chrome/97.0.4692.99 Safari/537.36"
89.0.47.242 - - [26/Jan/2022:08:56:40 +0100] "GET /contentflow/ContentFlowAddOn_white.css HTTP/1.1" 200 3174 "http://www.morusverlag.de/buecher/" "Mozilla/5.0 (Windows NT 10.0; Win64; x64) AppleWebKit/537.36 (KHTML, like Gecko) Chrome/97.0.4692.99 Safari/537.36"
89.0.47.242 - - [26/Jan/2022:08:56:40 +0100] "GET /buecher/gesichter/04.jpg HTTP/1.1" 200 7078 "http://www.morusverlag.de/buecher/" "Mozilla/5.0 (Windows NT 10.0; Win64; x64) AppleWebKit/537.36 (KHTML, like Gecko) Chrome/97.0.4692.99 Safari/537.36"
89.0.47.242 - - [26/Jan/2022:08:56:40 +0100] "GET /buecher/gesichter/05.jpg HTTP/1.1" 200 8981 "http://www.morusverlag.de/buecher/" "Mozilla/5.0 (Windows NT 10.0; Win64; x64) AppleWebKit/537.36 (KHTML, like Gecko) Chrome/97.0.4692.99 Safari/537.36"
89.0.47.242 - - [26/Jan/2022:08:56:40 +0100] "GET /buecher/gesichter/06.jpg HTTP/1.1" 200 8732 "http://www.morusverlag.de/buecher/" "Mozilla/5.0 (Windows NT 10.0; Win64; x64) AppleWebKit/537.36 (KHTML, like Gecko) Chrome/97.0.4692.99 Safari/537.36"
89.0.47.242 - - [26/Jan/2022:08:56:40 +0100] "GET /buecher/gesichter/07.jpg HTTP/1.1" 200 7301 "http://www.morusverlag.de/buecher/" "Mozilla/5.0 (Windows NT 10.0; Win64; x64) AppleWebKit/537.36 (KHTML, like Gecko) Chrome/97.0.4692.99 Safari/537.36"
89.0.47.242 - - [26/Jan/2022:08:56:40 +0100] "GET /buecher/gesichter/08.jpg HTTP/1.1" 200 10437 "http://www.morusverlag.de/buecher/" "Mozilla/5.0 (Windows NT 10.0; Win64; x64) AppleWebKit/537.36 (KHTML, like Gecko) Chrome/97.0.4692.99 Safari/537.36"
89.0.47.242 - - [26/Jan/2022:08:56:40 +0100] "GET /buecher/gesichter/09.jpg HTTP/1.1" 200 9739 "http://www.morusverlag.de/buecher/" "Mozilla/5.0 (Windows NT 10.0; Win64; x64) AppleWebKit/537.36 (KHTML, like Gecko) Chrome/97.0.4692.99 Safari/537.36"
89.0.47.242 - - [26/Jan/2022:08:56:40 +0100] "GET /buecher/gesichter/10.jpg HTTP/1.1" 200 7686 "http://www.morusverlag.de/buecher/" "Mozilla/5.0 (Windows NT 10.0; Win64; x64) AppleWebKit/537.36 (KHTML, like Gecko) Chrome/97.0.4692.99 Safari/537.36"
89.0.47.242 - - [26/Jan/2022:08:56:40 +0100] "GET /buecher/gesichter/13.jpg HTTP/1.1" 200 8373 "http://www.morusverlag.de/buecher/" "Mozilla/5.0 (Windows NT 10.0; Win64; x64) AppleWebKit/537.36 (KHTML, like Gecko) Chrome/97.0.4692.99 Safari/537.36"
89.0.47.242 - - [26/Jan/2022:08:56:40 +0100] "GET /buecher/gesichter/18.jpg HTTP/1.1" 200 8757 "http://www.morusverlag.de/buecher/" "Mozilla/5.0 (Windows NT 10.0; Win64; x64) AppleWebKit/537.36 (KHTML, like Gecko) Chrome/97.0.4692.99 Safari/537.36"
89.0.47.242 - - [26/Jan/2022:08:56:40 +0100] "GET /buecher/gesichter/20.jpg HTTP/1.1" 200 8785 "http://www.morusverlag.de/buecher/" "Mozilla/5.0 (Windows NT 10.0; Win64; x64) AppleWebKit/537.36 (KHTML, like Gecko) Chrome/97.0.4692.99 Safari/537.36"
89.0.47.242 - - [26/Jan/2022:08:56:40 +0100] "GET /strich.gif HTTP/1.1" 200 45 "http://www.morusverlag.de/buecher/" "Mozilla/5.0 (Windows NT 10.0; Win64; x64) AppleWebKit/537.36 (KHTML, like Gecko) Chrome/97.0.4692.99 Safari/537.36"
89.0.47.242 - - [26/Jan/2022:08:56:40 +0100] "GET /buecher/gesichter/25.jpg HTTP/1.1" 200 7280 "http://www.morusverlag.de/buecher/" "Mozilla/5.0 (Windows NT 10.0; Win64; x64) AppleWebKit/537.36 (KHTML, like Gecko) Chrome/97.0.4692.99 Safari/537.36"
89.0.47.242 - - [26/Jan/2022:08:56:40 +0100] "GET /buecher/gesichter/15.jpg HTTP/1.1" 200 7253 "http://www.morusverlag.de/buecher/" "Mozilla/5.0 (Windows NT 10.0; Win64; x64) AppleWebKit/537.36 (KHTML, like Gecko) Chrome/97.0.4692.99 Safari/537.36"
89.0.47.242 - - [26/Jan/2022:08:56:40 +0100] "GET /buecher/gesichter/19.jpg HTTP/1.1" 200 8281 "http://www.morusverlag.de/buecher/" "Mozilla/5.0 (Windows NT 10.0; Win64; x64) AppleWebKit/537.36 (KHTML, like Gecko) Chrome/97.0.4692.99 Safari/537.36"
89.0.47.242 - - [26/Jan/2022:08:56:40 +0100] "GET /buecher/gesichter/24.jpg HTTP/1.1" 200 8021 "http://www.morusverlag.de/buecher/" "Mozilla/5.0 (Windows NT 10.0; Win64; x64) AppleWebKit/537.36 (KHTML, like Gecko) Chrome/97.0.4692.99 Safari/537.36"
89.0.47.242 - - [26/Jan/2022:08:56:40 +0100] "GET /buecher/gesichter/26.jpg HTTP/1.1" 200 8027 "http://www.morusverlag.de/buecher/" "Mozilla/5.0 (Windows NT 10.0; Win64; x64) AppleWebKit/537.36 (KHTML, like Gecko) Chrome/97.0.4692.99 Safari/537.36"
89.0.47.242 - - [26/Jan/2022:08:56:40 +0100] "GET /buecher/gesichter/21.jpg HTTP/1.1" 200 7433 "http://www.morusverlag.de/buecher/" "Mozilla/5.0 (Windows NT 10.0; Win64; x64) AppleWebKit/537.36 (KHTML, like Gecko) Chrome/97.0.4692.99 Safari/537.36"
89.0.47.242 - - [26/Jan/2022:08:56:40 +0100] "GET /contentflow/img/loader.gif HTTP/1.1" 200 8238 "http://www.morusverlag.de/contentflow/contentflow.css" "Mozilla/5.0 (Windows NT 10.0; Win64; x64) AppleWebKit/537.36 (KHTML, like Gecko) Chrome/97.0.4692.99 Safari/537.36"
89.0.47.242 - - [26/Jan/2022:08:56:40 +0100] "GET /buecher/gesichter/11.jpg HTTP/1.1" 200 6175 "http://www.morusverlag.de/buecher/" "Mozilla/5.0 (Windows NT 10.0; Win64; x64) AppleWebKit/537.36 (KHTML, like Gecko) Chrome/97.0.4692.99 Safari/537.36"
89.0.47.242 - - [26/Jan/2022:08:56:40 +0100] "GET /buecher/gesichter/23.jpg HTTP/1.1" 200 8706 "http://www.morusverlag.de/buecher/" "Mozilla/5.0 (Windows NT 10.0; Win64; x64) AppleWebKit/537.36 (KHTML, like Gecko) Chrome/97.0.4692.99 Safari/537.36"
89.0.47.242 - - [26/Jan/2022:08:56:40 +0100] "GET /buecher/gesichter/22.jpg HTTP/1.1" 200 8837 "http://www.morusverlag.de/buecher/" "Mozilla/5.0 (Windows NT 10.0; Win64; x64) AppleWebKit/537.36 (KHTML, like Gecko) Chrome/97.0.4692.99 Safari/537.36"
89.0.47.242 - - [26/Jan/2022:08:56:40 +0100] "GET /buecher/gesichter/17.jpg HTTP/1.1" 200 7587 "http://www.morusverlag.de/buecher/" "Mozilla/5.0 (Windows NT 10.0; Win64; x64) AppleWebKit/537.36 (KHTML, like Gecko) Chrome/97.0.4692.99 Safari/537.36"
89.0.47.242 - - [26/Jan/2022:08:56:40 +0100] "GET /buecher/gesichter/14.jpg HTTP/1.1" 200 7847 "http://www.morusverlag.de/buecher/" "Mozilla/5.0 (Windows NT 10.0; Win64; x64) AppleWebKit/537.36 (KHTML, like Gecko) Chrome/97.0.4692.99 Safari/537.36"
89.0.47.242 - - [26/Jan/2022:08:56:40 +0100] "GET /buecher/gesichter/16.jpg HTTP/1.1" 200 8367 "http://www.morusverlag.de/buecher/" "Mozilla/5.0 (Windows NT 10.0; Win64; x64) AppleWebKit/537.36 (KHTML, like Gecko) Chrome/97.0.4692.99 Safari/537.36"
89.0.47.242 - - [26/Jan/2022:08:56:40 +0100] "GET /buecher/gesichter/12.jpg HTTP/1.1" 200 6460 "http://www.morusverlag.de/buecher/" "Mozilla/5.0 (Windows NT 10.0; Win64; x64) AppleWebKit/537.36 (KHTML, like Gecko) Chrome/97.0.4692.99 Safari/537.36"
89.0.47.242 - - [26/Jan/2022:08:56:40 +0100] "GET /buecher/gesichter/32.jpg HTTP/1.1" 200 8010 "http://www.morusverlag.de/buecher/" "Mozilla/5.0 (Windows NT 10.0; Win64; x64) AppleWebKit/537.36 (KHTML, like Gecko) Chrome/97.0.4692.99 Safari/537.36"
89.0.47.242 - - [26/Jan/2022:08:56:40 +0100] "GET /contentflow/img/scrollbar_white.png HTTP/1.1" 200 82 "http://www.morusverlag.de/contentflow/contentflow.css" "Mozilla/5.0 (Windows NT 10.0; Win64; x64) AppleWebKit/537.36 (KHTML, like Gecko) Chrome/97.0.4692.99 Safari/537.36"
89.0.47.242 - - [26/Jan/2022:08:56:40 +0100] "GET /contentflow/img/slider_white.png HTTP/1.1" 200 178 "http://www.morusverlag.de/contentflow/contentflow.css" "Mozilla/5.0 (Windows NT 10.0; Win64; x64) AppleWebKit/537.36 (KHTML, like Gecko) Chrome/97.0.4692.99 Safari/537.36"
89.0.47.242 - - [26/Jan/2022:08:56:40 +0100] "GET /buecher/gesichter/29.jpg HTTP/1.1" 200 9282 "http://www.morusverlag.de/buecher/" "Mozilla/5.0 (Windows NT 10.0; Win64; x64) AppleWebKit/537.36 (KHTML, like Gecko) Chrome/97.0.4692.99 Safari/537.36"
89.0.47.242 - - [26/Jan/2022:08:56:40 +0100] "GET /buecher/gesichter/30.jpg HTTP/1.1" 200 8702 "http://www.morusverlag.de/buecher/" "Mozilla/5.0 (Windows NT 10.0; Win64; x64) AppleWebKit/537.36 (KHTML, like Gecko) Chrome/97.0.4692.99 Safari/537.36"
89.0.47.242 - - [26/Jan/2022:08:56:40 +0100] "GET /buecher/gesichter/28.jpg HTTP/1.1" 200 7684 "http://www.morusverlag.de/buecher/" "Mozilla/5.0 (Windows NT 10.0; Win64; x64) AppleWebKit/537.36 (KHTML, like Gecko) Chrome/97.0.4692.99 Safari/537.36"
89.0.47.242 - - [26/Jan/2022:08:56:40 +0100] "GET /buecher/gesichter/31.jpg HTTP/1.1" 200 8424 "http://www.morusverlag.de/buecher/" "Mozilla/5.0 (Windows NT 10.0; Win64; x64) AppleWebKit/537.36 (KHTML, like Gecko) Chrome/97.0.4692.99 Safari/537.36"
89.0.47.242 - - [26/Jan/2022:08:56:40 +0100] "GET /buecher/gesichter/27.jpg HTTP/1.1" 200 8110 "http://www.morusverlag.de/buecher/" "Mozilla/5.0 (Windows NT 10.0; Win64; x64) AppleWebKit/537.36 (KHTML, like Gecko) Chrome/97.0.4692.99 Safari/537.36"
89.0.47.242 - - [26/Jan/2022:08:56:40 +0100] "GET /buecher/mein_atem.jpg HTTP/1.1" 200 4118 "http://www.morusverlag.de/buecher/" "Mozilla/5.0 (Windows NT 10.0; Win64; x64) AppleWebKit/537.36 (KHTML, like Gecko) Chrome/97.0.4692.99 Safari/537.36"
89.0.47.242 - - [26/Jan/2022:08:56:40 +0100] "GET /buecher/chateaubriand.jpg HTTP/1.1" 200 2272 "http://www.morusverlag.de/buecher/" "Mozilla/5.0 (Windows NT 10.0; Win64; x64) AppleWebKit/537.36 (KHTML, like Gecko) Chrome/97.0.4692.99 Safari/537.36"
89.0.47.242 - - [26/Jan/2022:08:56:40 +0100] "GET /buecher/engel.jpg HTTP/1.1" 200 5414 "http://www.morusverlag.de/buecher/" "Mozilla/5.0 (Windows NT 10.0; Win64; x64) AppleWebKit/537.36 (KHTML, like Gecko) Chrome/97.0.4692.99 Safari/537.36"
89.0.47.242 - - [26/Jan/2022:08:56:40 +0100] "GET /buecher/liebe_und_treue.jpg HTTP/1.1" 200 3067 "http://www.morusverlag.de/buecher/" "Mozilla/5.0 (Windows NT 10.0; Win64; x64) AppleWebKit/537.36 (KHTML, like Gecko) Chrome/97.0.4692.99 Safari/537.36"
89.0.47.242 - - [26/Jan/2022:08:56:40 +0100] "GET /buecher/le_saulchoir.jpg HTTP/1.1" 200 2734 "http://www.morusverlag.de/buecher/" "Mozilla/5.0 (Windows NT 10.0; Win64; x64) AppleWebKit/537.36 (KHTML, like Gecko) Chrome/97.0.4692.99 Safari/537.36"
89.0.47.242 - - [26/Jan/2022:08:56:40 +0100] "GET /buecher/staatsaufgaben.jpg HTTP/1.1" 200 2204 "http://www.morusverlag.de/buecher/" "Mozilla/5.0 (Windows NT 10.0; Win64; x64) AppleWebKit/537.36 (KHTML, like Gecko) Chrome/97.0.4692.99 Safari/537.36"
89.0.47.242 - - [26/Jan/2022:08:56:40 +0100] "GET /buecher/krise_zum_heil.jpg HTTP/1.1" 200 1930 "http://www.morusverlag.de/buecher/" "Mozilla/5.0 (Windows NT 10.0; Win64; x64) AppleWebKit/537.36 (KHTML, like Gecko) Chrome/97.0.4692.99 Safari/537.36"
89.0.47.242 - - [26/Jan/2022:08:56:40 +0100] "GET /buecher/nichtaufsand.jpg HTTP/1.1" 200 3733 "http://www.morusverlag.de/buecher/" "Mozilla/5.0 (Windows NT 10.0; Win64; x64) AppleWebKit/537.36 (KHTML, like Gecko) Chrome/97.0.4692.99 Safari/537.36"
89.0.47.242 - - [26/Jan/2022:08:56:40 +0100] "GET /buecher/islam.jpg HTTP/1.1" 200 4080 "http://www.morusverlag.de/buecher/" "Mozilla/5.0 (Windows NT 10.0; Win64; x64) AppleWebKit/537.36 (KHTML, like Gecko) Chrome/97.0.4692.99 Safari/537.36"
89.0.47.242 - - [26/Jan/2022:08:56:40 +0100] "GET /buecher/leiblichkeit.jpg HTTP/1.1" 200 3929 "http://www.morusverlag.de/buecher/" "Mozilla/5.0 (Windows NT 10.0; Win64; x64) AppleWebKit/537.36 (KHTML, like Gecko) Chrome/97.0.4692.99 Safari/537.36"
89.0.47.242 - - [26/Jan/2022:08:56:40 +0100] "GET /buecher/preysing.jpg HTTP/1.1" 200 3799 "http://www.morusverlag.de/buecher/" "Mozilla/5.0 (Windows NT 10.0; Win64; x64) AppleWebKit/537.36 (KHTML, like Gecko) Chrome/97.0.4692.99 Safari/537.36"
89.0.47.242 - - [26/Jan/2022:08:56:40 +0100] "GET /contentflow/img/1x1_0.5_white.png HTTP/1.1" 200 82 "http://www.morusverlag.de/contentflow/ContentFlowAddOn_white.css" "Mozilla/5.0 (Windows NT 10.0; Win64; x64) AppleWebKit/537.36 (KHTML, like Gecko) Chrome/97.0.4692.99 Safari/537.36"
89.0.47.242 - - [26/Jan/2022:08:56:40 +0100] "GET /contentflow/img/loader_white.gif HTTP/1.1" 200 8238 "http://www.morusverlag.de/contentflow/ContentFlowAddOn_white.css" "Mozilla/5.0 (Windows NT 10.0; Win64; x64) AppleWebKit/537.36 (KHTML, like Gecko) Chrome/97.0.4692.99 Safari/537.36"
89.0.47.242 - - [26/Jan/2022:08:56:40 +0100] "GET /contentflow/img/scrollbar_black.png HTTP/1.1" 200 82 "http://www.morusverlag.de/contentflow/ContentFlowAddOn_white.css" "Mozilla/5.0 (Windows NT 10.0; Win64; x64) AppleWebKit/537.36 (KHTML, like Gecko) Chrome/97.0.4692.99 Safari/537.36"
89.0.47.242 - - [26/Jan/2022:08:56:40 +0100] "GET /contentflow/img/slider_black.png HTTP/1.1" 200 175 "http://www.morusverlag.de/contentflow/ContentFlowAddOn_white.css" "Mozilla/5.0 (Windows NT 10.0; Win64; x64) AppleWebKit/537.36 (KHTML, like Gecko) Chrome/97.0.4692.99 Safari/537.36"
89.0.47.242 - - [26/Jan/2022:08:56:40 +0100] "GET /favicon.ico HTTP/1.1" 200 4286 "http://www.morusverlag.de/buecher/" "Mozilla/5.0 (Windows NT 10.0; Win64; x64) AppleWebKit/537.36 (KHTML, like Gecko) Chrome/97.0.4692.99 Safari/537.36"
17.121.113.174 - - [26/Jan/2022:09:06:25 +0100] "GET /buecher/rezensionen_le_saulchoir.html HTTP/1.1" 200 34009 "-" "Mozilla/5.0 (Macintosh; Intel Mac OS X 10_15_5) AppleWebKit/605.1.15 (KHTML, like Gecko) Version/13.1.1 Safari/605.1.15 (Applebot/0.1; +http://www.apple.com/go/applebot)"
157.55.39.194 - - [26/Jan/2022:09:59:17 +0100] "GET /robots.txt HTTP/1.1" 200 100 "-" "Mozilla/5.0 (compatible; bingbot/2.0; +http://www.bing.com/bingbot.htm)"
207.46.13.211 - - [26/Jan/2022:09:59:18 +0100] "GET / HTTP/1.1" 200 9360 "-" "Mozilla/5.0 (compatible; bingbot/2.0; +http://www.bing.com/bingbot.htm)"
20.75.128.100 - - [26/Jan/2022:10:23:53 +0100] "GET /buecher/gesichter/28.jpg HTTP/1.1" 200 7684 "-" "Mozilla/5.0 (Windows NT 10.0; Win64; x64) AppleWebKit/537.36 (KHTML, like Gecko) Chrome/76.0.3809.100 Safari/537.36"
185.191.171.39 - - [26/Jan/2022:10:35:45 +0100] "GET /robots.txt HTTP/1.1" 200 100 "-" "Mozilla/5.0 (compatible; SemrushBot/7~bl; +http://www.semrush.com/bot.html)"
185.191.171.37 - - [26/Jan/2022:10:35:46 +0100] "GET /buecher/diskussion.html HTTP/1.1" 200 9925 "-" "Mozilla/5.0 (compatible; SemrushBot/7~bl; +http://www.semrush.com/bot.html)"
108.59.8.70 - - [26/Jan/2022:10:43:27 +0100] "GET /robots.txt HTTP/1.1" 200 100 "-" "Mozilla/5.0 (compatible; MJ12bot/v1.4.8; http://mj12bot.com/)"
108.59.8.70 - - [26/Jan/2022:10:43:32 +0100] "GET / HTTP/1.1" 200 9360 "-" "Mozilla/5.0 (compatible; MJ12bot/v1.4.8; http://mj12bot.com/)"
193.124.188.83 - - [26/Jan/2022:10:46:44 +0100] "HEAD / HTTP/1.1" 200 - "https://icaramelle.ru/category/zdorove/" "Mozilla/4.0 (compatible; MSIE4.00; Windows 2007)"
195.123.209.118 - - [26/Jan/2022:11:17:45 +0100] "GET / HTTP/1.1" 200 9360 "https://addblueoff.com.ua/" "Mozilla/4.0 (compatible; MSIE 6.0; Windows NT 5.1; .NET CLR 1.1.4322)"
195.123.209.118 - - [26/Jan/2022:11:17:45 +0100] "GET / HTTP/1.1" 200 9360 "https://addblueoff.com.ua/" "Mozilla/4.0 (compatible; MSIE 6.0; Windows NT 5.1; .NET CLR 1.1.4322)"
195.123.209.118 - - [26/Jan/2022:11:17:46 +0100] "GET / HTTP/1.1" 200 9360 "https://addblueoff.com.ua/" "Mozilla/4.0 (compatible; MSIE 6.0; Windows NT 5.1; .NET CLR 1.1.4322)"
114.119.143.145 - - [26/Jan/2022:12:37:29 +0100] "GET /robots.txt HTTP/1.1" 200 100 "-" "Mozilla/5.0 (compatible;PetalBot;+https://webmaster.petalsearch.com/site/petalbot)"
185.191.171.19 - - [26/Jan/2022:13:54:55 +0100] "GET /robots.txt HTTP/1.1" 200 100 "-" "Mozilla/5.0 (compatible; SemrushBot/7~bl; +http://www.semrush.com/bot.html)"
185.191.171.13 - - [26/Jan/2022:13:54:56 +0100] "GET /buecher/rezensionen_preysing.html HTTP/1.1" 200 9502 "-" "Mozilla/5.0 (compatible; SemrushBot/7~bl; +http://www.semrush.com/bot.html)"
66.249.72.68 - - [26/Jan/2022:14:17:52 +0100] "GET /buecher/guardini/ HTTP/1.1" 404 2381 "-" "Mozilla/5.0 (compatible; Googlebot/2.1; +http://www.google.com/bot.html)"
192.241.73.249 - - [26/Jan/2022:14:23:17 +0100] "GET / HTTP/1.1" 200 9360 "-" "Mozilla/5.0 (Windows NT 10.0; Win64; x64) AppleWebKit/537.36 (KHTML, like Gecko) Chrome/71.0.3578.98 Safari/537.36"
185.154.14.248 - - [26/Jan/2022:14:40:00 +0100] "HEAD / HTTP/1.1" 200 - "https://cleaningservices.kiev.ua/" "Mozilla/3.0 (compatible; MSIE2.00; Windows 2005)"
185.154.14.142 - - [26/Jan/2022:14:40:01 +0100] "HEAD / HTTP/1.1" 200 - "https://ritual.nars.su/ogrady-mogilnye.html" "Mozilla/4.0 (compatible; MSIE3.00; Windows 2002)"
185.154.14.148 - - [26/Jan/2022:14:40:03 +0100] "HEAD / HTTP/1.1" 200 - "https://kreditka.ru.com/news/category/bystryj-zajm-onlajn/" "Mozilla/4.0 (compatible; MSIE2.00; Windows 2005)"
194.173.174.10 - - [26/Jan/2022:14:44:10 +0100] "HEAD / HTTP/1.1" 200 - "-" "Mozilla/5.0 (Windows NT 6.3; WOW64) AppleWebKit/537.36 (KHTML, like Gecko) Chrome/43.0.2357.134 Safari/537.36"
114.119.155.115 - - [26/Jan/2022:15:33:54 +0100] "GET / HTTP/1.1" 200 9360 "-" "Mozilla/5.0 (Linux; Android 7.0;) AppleWebKit/537.36 (KHTML, like Gecko) Mobile Safari/537.36 (compatible; PetalBot;+https://webmaster.petalsearch.com/site/petalbot)"
185.253.7.224 - - [26/Jan/2022:15:41:46 +0100] "HEAD / HTTP/1.1" 200 - "https://pes-zone.ru/" "Mozilla/8.0 (compatible; MSIE7.00; Windows 2003)"
185.253.7.227 - - [26/Jan/2022:15:41:46 +0100] "HEAD / HTTP/1.1" 200 - "https://citysmile.com.ua/" "Mozilla/5.0 (compatible; MSIE6.00; Windows 2007)"
185.253.7.223 - - [26/Jan/2022:15:41:47 +0100] "HEAD / HTTP/1.1" 200 - "https://recepti-mami.ru/" "Mozilla/8.0 (compatible; MSIE4.00; Windows 2004)"
89.105.213.237 - - [26/Jan/2022:15:50:53 +0100] "HEAD / HTTP/1.1" 200 - "https://kruso.su/" "Mozilla/4.0 (compatible; MSIE7.00; Windows 2007)"
185.191.171.6 - - [26/Jan/2022:15:59:12 +0100] "GET /robots.txt HTTP/1.1" 200 100 "-" "Mozilla/5.0 (compatible; SemrushBot/7~bl; +http://www.semrush.com/bot.html)"
185.191.171.33 - - [26/Jan/2022:15:59:12 +0100] "GET /buecher/rezensionen_krise_zum_heil.html HTTP/1.1" 200 9828 "-" "Mozilla/5.0 (compatible; SemrushBot/7~bl; +http://www.semrush.com/bot.html)"
185.231.68.36 - - [26/Jan/2022:16:03:32 +0100] "HEAD / HTTP/1.1" 200 - "https://actorz.ru/" "Mozilla/4.0 (compatible; MSIE2.00; Windows 2008)"
89.105.213.182 - - [26/Jan/2022:16:03:32 +0100] "HEAD / HTTP/1.1" 200 - "https://kupi-elektriku.ru/" "Mozilla/3.0 (compatible; MSIE3.00; Windows 2007)"
45.132.107.248 - - [26/Jan/2022:16:03:32 +0100] "HEAD / HTTP/1.1" 200 - "https://uglekislygaz.ru/" "Mozilla/7.0 (compatible; MSIE6.00; Windows 2003)"
66.249.72.68 - - [26/Jan/2022:16:17:52 +0100] "GET /buecher/diskussion.html HTTP/1.1" 304 - "-" "Mozilla/5.0 (Linux; Android 6.0.1; Nexus 5X Build/MMB29P) AppleWebKit/537.36 (KHTML, like Gecko) Chrome/97.0.4692.99 Mobile Safari/537.36 (compatible; Googlebot/2.1; +http://www.google.com/bot.html)"
85.25.177.187 - - [26/Jan/2022:16:21:09 +0100] "GET /robots.txt HTTP/1.1" 200 100 "-" "Mozilla/5.0 (X11; Linux x86_64; rv:81.0) Gecko/20100101 Firefox/81.0"
85.25.177.187 - - [26/Jan/2022:16:21:09 +0100] "GET / HTTP/1.1" 200 9360 "-" "Mozilla/5.0 (X11; Linux x86_64; rv:81.0) Gecko/20100101 Firefox/81.0"
46.114.104.62 - - [26/Jan/2022:16:32:49 +0100] "GET /m.gif HTTP/1.1" 200 95 "-" "Mozilla/5.0 (Windows NT 10.0; Win64; x64; rv:96.0) Gecko/20100101 Firefox/96.0"
46.114.104.62 - - [26/Jan/2022:16:32:49 +0100] "GET /pf.gif HTTP/1.1" 200 62 "-" "Mozilla/5.0 (Windows NT 10.0; Win64; x64; rv:96.0) Gecko/20100101 Firefox/96.0"
46.114.104.62 - - [26/Jan/2022:16:32:49 +0100] "GET /cds/hymnos_heft.jpg HTTP/1.1" 200 8653 "-" "Mozilla/5.0 (Windows NT 10.0; Win64; x64; rv:96.0) Gecko/20100101 Firefox/96.0"
46.114.104.62 - - [26/Jan/2022:16:32:49 +0100] "GET /cds/hymnos.jpg HTTP/1.1" 200 27752 "-" "Mozilla/5.0 (Windows NT 10.0; Win64; x64; rv:96.0) Gecko/20100101 Firefox/96.0"
85.25.177.187 - - [26/Jan/2022:16:35:52 +0100] "GET /buecher/index.html HTTP/1.1" 200 25885 "-" "Mozilla/5.0 (X11; Linux x86_64; rv:81.0) Gecko/20100101 Firefox/81.0"
194.67.207.94 - - [26/Jan/2022:16:41:21 +0100] "HEAD / HTTP/1.1" 200 - "https://rafjalousie.ru/" "Mozilla/6.0 (compatible; MSIE2.00; Windows 2003)"
185.5.249.185 - - [26/Jan/2022:16:41:21 +0100] "HEAD / HTTP/1.1" 200 - "https://wallseo.com" "Mozilla/6.0 (compatible; MSIE7.00; Windows 2005)"
85.25.177.187 - - [26/Jan/2022:16:43:43 +0100] "GET /jahrbuch/index.html HTTP/1.1" 200 3956 "-" "Mozilla/5.0 (X11; Linux x86_64; rv:81.0) Gecko/20100101 Firefox/81.0"
85.25.177.187 - - [26/Jan/2022:16:59:58 +0100] "GET /cds/ignatius.html HTTP/1.1" 200 6576 "-" "Mozilla/5.0 (X11; Linux x86_64; rv:81.0) Gecko/20100101 Firefox/81.0"
45.88.79.149 - - [26/Jan/2022:17:02:29 +0100] "HEAD / HTTP/1.1" 200 - "https://mydiary.su/" "Mozilla/8.0 (compatible; MSIE7.00; Windows 2003)"
85.25.177.187 - - [26/Jan/2022:17:06:23 +0100] "GET /kontakt/index.html HTTP/1.1" 200 2896 "-" "Mozilla/5.0 (X11; Linux x86_64; rv:81.0) Gecko/20100101 Firefox/81.0"
85.25.177.187 - - [26/Jan/2022:17:11:33 +0100] "GET /buecher/rezensionen_ignatius.html HTTP/1.1" 200 8182 "-" "Mozilla/5.0 (X11; Linux x86_64; rv:81.0) Gecko/20100101 Firefox/81.0"
85.25.177.187 - - [26/Jan/2022:17:13:00 +0100] "GET /cds/hymnos_akathistos.html HTTP/1.1" 200 11061 "-" "Mozilla/5.0 (X11; Linux x86_64; rv:81.0) Gecko/20100101 Firefox/81.0"
66.249.72.68 - - [26/Jan/2022:17:17:52 +0100] "GET /gotteslob/ HTTP/1.1" 304 - "-" "Mozilla/5.0 (Linux; Android 6.0.1; Nexus 5X Build/MMB29P) AppleWebKit/537.36 (KHTML, like Gecko) Chrome/97.0.4692.99 Mobile Safari/537.36 (compatible; Googlebot/2.1; +http://www.google.com/bot.html)"
85.25.177.187 - - [26/Jan/2022:17:19:08 +0100] "GET /cds/rosarium.html HTTP/1.1" 200 6680 "-" "Mozilla/5.0 (X11; Linux x86_64; rv:81.0) Gecko/20100101 Firefox/81.0"
194.173.174.10 - - [26/Jan/2022:17:23:07 +0100] "HEAD / HTTP/1.1" 200 - "-" "Mozilla/5.0 (Windows NT 6.3; WOW64) AppleWebKit/537.36 (KHTML, like Gecko) Chrome/43.0.2357.134 Safari/537.36"
194.173.174.10 - - [26/Jan/2022:17:23:08 +0100] "HEAD / HTTP/1.1" 200 - "-" "Mozilla/5.0 (Windows NT 6.3; WOW64) AppleWebKit/537.36 (KHTML, like Gecko) Chrome/43.0.2357.134 Safari/537.36"
85.25.177.187 - - [26/Jan/2022:17:27:59 +0100] "GET /sonderthemen/index.html HTTP/1.1" 200 7102 "-" "Mozilla/5.0 (X11; Linux x86_64; rv:81.0) Gecko/20100101 Firefox/81.0"
157.55.39.194 - - [26/Jan/2022:17:31:11 +0100] "GET /robots.txt HTTP/1.1" 200 100 "-" "Mozilla/5.0 (compatible; bingbot/2.0; +http://www.bing.com/bingbot.htm)"
40.77.167.64 - - [26/Jan/2022:17:31:20 +0100] "GET /buecher/gesichter/28.jpg HTTP/1.1" 200 7684 "-" "Mozilla/5.0 (compatible; bingbot/2.0; +http://www.bing.com/bingbot.htm)"
40.77.167.11 - - [26/Jan/2022:17:32:35 +0100] "GET /buecher/gesichter/24.jpg HTTP/1.1" 200 8021 "-" "Mozilla/5.0 (compatible; bingbot/2.0; +http://www.bing.com/bingbot.htm)"
85.25.177.187 - - [26/Jan/2022:17:33:57 +0100] "GET /impressum.html HTTP/1.1" 200 2808 "-" "Mozilla/5.0 (X11; Linux x86_64; rv:81.0) Gecko/20100101 Firefox/81.0"
85.25.177.187 - - [26/Jan/2022:17:38:36 +0100] "GET /impressum.html HTTP/1.1" 200 2808 "-" "Mozilla/5.0 (X11; Linux x86_64; rv:81.0) Gecko/20100101 Firefox/81.0"
85.25.177.187 - - [26/Jan/2022:17:40:14 +0100] "GET /buecher/rezensionen_preysing.html HTTP/1.1" 200 9502 "-" "Mozilla/5.0 (X11; Linux x86_64; rv:81.0) Gecko/20100101 Firefox/81.0"
85.25.177.187 - - [26/Jan/2022:17:43:44 +0100] "GET /buecher/rezensionen_engel.html HTTP/1.1" 200 6598 "-" "Mozilla/5.0 (X11; Linux x86_64; rv:81.0) Gecko/20100101 Firefox/81.0"
85.25.177.187 - - [26/Jan/2022:17:46:10 +0100] "GET /buecher/rezensionen_nicht_auf_sand_gebaut.html HTTP/1.1" 200 6594 "-" "Mozilla/5.0 (X11; Linux x86_64; rv:81.0) Gecko/20100101 Firefox/81.0"
85.25.177.187 - - [26/Jan/2022:17:57:18 +0100] "GET /buecher/rezensionen_leiblichkeit_und_zeitlichkeit.html HTTP/1.1" 200 8821 "-" "Mozilla/5.0 (X11; Linux x86_64; rv:81.0) Gecko/20100101 Firefox/81.0"
85.25.177.187 - - [26/Jan/2022:18:09:20 +0100] "GET /buecher/diskussion.html HTTP/1.1" 200 9925 "-" "Mozilla/5.0 (X11; Linux x86_64; rv:81.0) Gecko/20100101 Firefox/81.0"
85.25.177.187 - - [26/Jan/2022:18:11:21 +0100] "GET /buecher/bestellung.php HTTP/1.1" 200 10142 "-" "Mozilla/5.0 (X11; Linux x86_64; rv:81.0) Gecko/20100101 Firefox/81.0"
85.25.177.187 - - [26/Jan/2022:18:13:48 +0100] "GET /buecher/rezensionen_krise_zum_heil.html HTTP/1.1" 200 9828 "-" "Mozilla/5.0 (X11; Linux x86_64; rv:81.0) Gecko/20100101 Firefox/81.0"
85.25.177.187 - - [26/Jan/2022:18:20:56 +0100] "GET /buecher/rezensionen.html HTTP/1.1" 200 6964 "-" "Mozilla/5.0 (X11; Linux x86_64; rv:81.0) Gecko/20100101 Firefox/81.0"
66.249.75.31 - - [26/Jan/2022:18:21:26 +0100] "GET /sonderthemen/az2000.pdf HTTP/1.1" 304 - "-" "Mozilla/5.0 (Linux; Android 6.0.1; Nexus 5X Build/MMB29P) AppleWebKit/537.36 (KHTML, like Gecko) Chrome/97.0.4692.99 Mobile Safari/537.36 (compatible; Googlebot/2.1; +http://www.google.com/bot.html)"
85.25.177.187 - - [26/Jan/2022:18:22:37 +0100] "GET /buecher/rezensionen_le_saulchoir.html HTTP/1.1" 200 34009 "-" "Mozilla/5.0 (X11; Linux x86_64; rv:81.0) Gecko/20100101 Firefox/81.0"
20.191.45.212 - - [26/Jan/2022:18:28:13 +0100] "GET / HTTP/1.1" 200 9360 "http://www.morusverlag.de/" "Mozilla/5.0 (compatible; DuckDuckGo-Favicons-Bot/1.0; +http://duckduckgo.com)"
20.191.45.212 - - [26/Jan/2022:18:28:13 +0100] "GET /favicon.ico HTTP/1.1" 200 4286 "http://www.morusverlag.de/favicon.ico" "Mozilla/5.0 (compatible; DuckDuckGo-Favicons-Bot/1.0; +http://duckduckgo.com)"
85.25.177.187 - - [26/Jan/2022:18:28:59 +0100] "GET /sonderthemen/archiv.html HTTP/1.1" 200 6959 "-" "Mozilla/5.0 (X11; Linux x86_64; rv:81.0) Gecko/20100101 Firefox/81.0"
194.67.207.9 - - [26/Jan/2022:18:29:20 +0100] "HEAD / HTTP/1.1" 200 - "https://autobrezik.cz/bmw/" "Mozilla/2.0 (compatible; MSIE2.00; Windows 2009)"
193.124.190.18 - - [26/Jan/2022:18:29:22 +0100] "HEAD / HTTP/1.1" 200 - "https://nieuweautos.com/toyota/" "Mozilla/5.0 (compatible; MSIE7.00; Windows 2006)"
85.25.177.187 - - [26/Jan/2022:18:36:38 +0100] "GET /buecher/rezensionen_psalmen.html HTTP/1.1" 200 6787 "-" "Mozilla/5.0 (X11; Linux x86_64; rv:81.0) Gecko/20100101 Firefox/81.0"
85.25.177.187 - - [26/Jan/2022:18:41:15 +0100] "GET /sonderthemen/oekt_extra2.pdf HTTP/1.1" 200 1939949 "-" "Mozilla/5.0 (X11; Linux x86_64; rv:81.0) Gecko/20100101 Firefox/81.0"
85.25.177.187 - - [26/Jan/2022:18:46:56 +0100] "GET /sonderthemen/az2003.pdf HTTP/1.1" 200 4864675 "-" "Mozilla/5.0 (X11; Linux x86_64; rv:81.0) Gecko/20100101 Firefox/81.0"
66.249.75.29 - - [26/Jan/2022:18:47:52 +0100] "GET /sonderthemen/oeaz2002.pdf HTTP/1.1" 304 - "-" "Mozilla/5.0 (Linux; Android 6.0.1; Nexus 5X Build/MMB29P) AppleWebKit/537.36 (KHTML, like Gecko) Chrome/97.0.4692.99 Mobile Safari/537.36 (compatible; Googlebot/2.1; +http://www.google.com/bot.html)"
85.25.177.187 - - [26/Jan/2022:18:51:39 +0100] "GET /sonderthemen/sk2004.pdf HTTP/1.1" 200 1967215 "-" "Mozilla/5.0 (X11; Linux x86_64; rv:81.0) Gecko/20100101 Firefox/81.0"
85.25.177.187 - - [26/Jan/2022:18:53:04 +0100] "GET /sonderthemen/oekz2003.pdf HTTP/1.1" 200 4017017 "-" "Mozilla/5.0 (X11; Linux x86_64; rv:81.0) Gecko/20100101 Firefox/81.0"
85.25.177.187 - - [26/Jan/2022:18:56:18 +0100] "GET /sonderthemen/sk2004_s01.pdf HTTP/1.1" 200 162742 "-" "Mozilla/5.0 (X11; Linux x86_64; rv:81.0) Gecko/20100101 Firefox/81.0"
85.25.177.187 - - [26/Jan/2022:18:58:16 +0100] "GET /sonderthemen/oekz2003_s01.pdf HTTP/1.1" 200 66807 "-" "Mozilla/5.0 (X11; Linux x86_64; rv:81.0) Gecko/20100101 Firefox/81.0"
85.25.177.187 - - [26/Jan/2022:19:02:57 +0100] "GET /sonderthemen/oekt_extra1.pdf HTTP/1.1" 200 1849015 "-" "Mozilla/5.0 (X11; Linux x86_64; rv:81.0) Gecko/20100101 Firefox/81.0"
54.36.149.5 - - [26/Jan/2022:19:04:34 +0100] "GET / HTTP/1.1" 200 9360 "-" "Mozilla/5.0 (compatible; AhrefsBot/7.0; +http://ahrefs.com/robot/)"
85.25.177.187 - - [26/Jan/2022:19:04:53 +0100] "GET /sonderthemen/az2003_s01.pdf HTTP/1.1" 200 120642 "-" "Mozilla/5.0 (X11; Linux x86_64; rv:81.0) Gecko/20100101 Firefox/81.0"
85.25.177.187 - - [26/Jan/2022:19:06:56 +0100] "GET /sonderthemen/oekt_extra3.pdf HTTP/1.1" 200 2109745 "-" "Mozilla/5.0 (X11; Linux x86_64; rv:81.0) Gecko/20100101 Firefox/81.0"
85.25.177.187 - - [26/Jan/2022:19:10:33 +0100] "GET /sonderthemen/presse.html HTTP/1.1" 200 5772 "-" "Mozilla/5.0 (X11; Linux x86_64; rv:81.0) Gecko/20100101 Firefox/81.0"
40.77.167.10 - - [26/Jan/2022:19:10:31 +0100] "GET /sonderthemen/oekt_extra2.pdf HTTP/1.1" 200 1939949 "-" "Mozilla/5.0 (iPhone; CPU iPhone OS 7_0 like Mac OS X) AppleWebKit/537.51.1 (KHTML, like Gecko) Version/7.0 Mobile/11A465 Safari/9537.53 (compatible; bingbot/2.0; +http://www.bing.com/bingbot.htm)"
85.25.177.187 - - [26/Jan/2022:19:14:18 +0100] "GET /jahrbuch/titelseiten/index.html HTTP/1.1" 200 6735 "-" "Mozilla/5.0 (X11; Linux x86_64; rv:81.0) Gecko/20100101 Firefox/81.0"
66.249.75.29 - - [26/Jan/2022:19:17:52 +0100] "GET /buecher/rezensionen_leiblichkeit_und_zeitlichkeit.html HTTP/1.1" 304 - "-" "Mozilla/5.0 (Linux; Android 6.0.1; Nexus 5X Build/MMB29P) AppleWebKit/537.36 (KHTML, like Gecko) Chrome/97.0.4692.99 Mobile Safari/537.36 (compatible; Googlebot/2.1; +http://www.google.com/bot.html)"
85.25.177.187 - - [26/Jan/2022:19:18:04 +0100] "GET /jahrbuch/bestellung.php HTTP/1.1" 200 10316 "-" "Mozilla/5.0 (X11; Linux x86_64; rv:81.0) Gecko/20100101 Firefox/81.0"
85.25.177.187 - - [26/Jan/2022:19:20:03 +0100] "GET /buecher/rezensionen_chateaubriand.html HTTP/1.1" 200 47317 "-" "Mozilla/5.0 (X11; Linux x86_64; rv:81.0) Gecko/20100101 Firefox/81.0"
85.25.177.187 - - [26/Jan/2022:19:22:40 +0100] "GET /buecher/veroeffentlichungsliste.html HTTP/1.1" 200 129779 "-" "Mozilla/5.0 (X11; Linux x86_64; rv:81.0) Gecko/20100101 Firefox/81.0"
85.25.177.187 - - [26/Jan/2022:19:29:21 +0100] "GET /buecher/veroeffentlichungsliste.html HTTP/1.1" 200 129779 "-" "Mozilla/5.0 (X11; Linux x86_64; rv:81.0) Gecko/20100101 Firefox/81.0"
85.25.177.187 - - [26/Jan/2022:19:37:49 +0100] "GET /gotteslob/index.html HTTP/1.1" 200 2770 "-" "Mozilla/5.0 (X11; Linux x86_64; rv:81.0) Gecko/20100101 Firefox/81.0"
85.25.177.187 - - [26/Jan/2022:19:39:10 +0100] "GET /index.html HTTP/1.1" 200 9360 "-" "Mozilla/5.0 (X11; Linux x86_64; rv:81.0) Gecko/20100101 Firefox/81.0"
85.25.177.187 - - [26/Jan/2022:19:39:29 +0100] "GET /cds/index.html HTTP/1.1" 200 7987 "-" "Mozilla/5.0 (X11; Linux x86_64; rv:81.0) Gecko/20100101 Firefox/81.0"
85.25.177.187 - - [26/Jan/2022:19:40:44 +0100] "GET /buecher/rezension_gesichter_u_geschichten.pdf HTTP/1.1" 200 223287 "-" "Mozilla/5.0 (X11; Linux x86_64; rv:81.0) Gecko/20100101 Firefox/81.0"
85.25.177.187 - - [26/Jan/2022:19:44:29 +0100] "GET / HTTP/1.1" 200 9360 "-" "Mozilla/5.0 (X11; Linux x86_64; rv:81.0) Gecko/20100101 Firefox/81.0"
85.25.177.187 - - [26/Jan/2022:19:46:51 +0100] "GET /buecher/rezensionen_ungeteilt.html HTTP/1.1" 200 9764 "-" "Mozilla/5.0 (X11; Linux x86_64; rv:81.0) Gecko/20100101 Firefox/81.0"
85.25.177.187 - - [26/Jan/2022:19:48:38 +0100] "GET /sonderthemen/az2000.pdf HTTP/1.1" 200 2253581 "-" "Mozilla/5.0 (X11; Linux x86_64; rv:81.0) Gecko/20100101 Firefox/81.0"
85.25.177.187 - - [26/Jan/2022:19:52:32 +0100] "GET /sonderthemen/sk2002.pdf HTTP/1.1" 200 2628923 "-" "Mozilla/5.0 (X11; Linux x86_64; rv:81.0) Gecko/20100101 Firefox/81.0"
85.25.177.187 - - [26/Jan/2022:19:56:28 +0100] "GET /sonderthemen/sk2002.pdf HTTP/1.1" 200 2628923 "-" "Mozilla/5.0 (X11; Linux x86_64; rv:81.0) Gecko/20100101 Firefox/81.0"
185.191.171.37 - - [26/Jan/2022:19:58:58 +0100] "GET /robots.txt HTTP/1.1" 200 100 "-" "Mozilla/5.0 (compatible; SemrushBot/7~bl; +http://www.semrush.com/bot.html)"
185.191.171.2 - - [26/Jan/2022:19:58:58 +0100] "GET /buecher/bestellung.php HTTP/1.1" 200 10142 "-" "Mozilla/5.0 (compatible; SemrushBot/7~bl; +http://www.semrush.com/bot.html)"
85.25.177.187 - - [26/Jan/2022:20:01:15 +0100] "GET /sonderthemen/sk2000.pdf HTTP/1.1" 200 2925489 "-" "Mozilla/5.0 (X11; Linux x86_64; rv:81.0) Gecko/20100101 Firefox/81.0"
85.25.177.187 - - [26/Jan/2022:20:02:38 +0100] "GET /sonderthemen/oeaz2001.pdf HTTP/1.1" 200 4496626 "-" "Mozilla/5.0 (X11; Linux x86_64; rv:81.0) Gecko/20100101 Firefox/81.0"
85.25.177.187 - - [26/Jan/2022:20:04:34 +0100] "GET /sonderthemen/oeaz2002.pdf HTTP/1.1" 200 3161455 "-" "Mozilla/5.0 (X11; Linux x86_64; rv:81.0) Gecko/20100101 Firefox/81.0"
85.25.177.187 - - [26/Jan/2022:20:07:12 +0100] "GET /sonderthemen/oeaz2002.pdf HTTP/1.1" 200 3161455 "-" "Mozilla/5.0 (X11; Linux x86_64; rv:81.0) Gecko/20100101 Firefox/81.0"
85.25.177.187 - - [26/Jan/2022:20:10:07 +0100] "GET /sonderthemen/sk2001.pdf HTTP/1.1" 200 3098589 "-" "Mozilla/5.0 (X11; Linux x86_64; rv:81.0) Gecko/20100101 Firefox/81.0"
85.25.177.187 - - [26/Jan/2022:20:20:00 +0100] "GET /cds/glockenspiel2.html HTTP/1.1" 200 9831 "-" "Mozilla/5.0 (X11; Linux x86_64; rv:81.0) Gecko/20100101 Firefox/81.0"
85.25.177.187 - - [26/Jan/2022:20:20:39 +0100] "GET /sonderthemen/az1999.pdf HTTP/1.1" 200 1842982 "-" "Mozilla/5.0 (X11; Linux x86_64; rv:81.0) Gecko/20100101 Firefox/81.0"
85.25.177.187 - - [26/Jan/2022:20:24:35 +0100] "GET /cds/lumina.html HTTP/1.1" 200 9000 "-" "Mozilla/5.0 (X11; Linux x86_64; rv:81.0) Gecko/20100101 Firefox/81.0"
154.54.249.200 - - [26/Jan/2022:20:27:50 +0100] "GET /robots.txt HTTP/1.1" 200 100 "-" "Mozilla/5.0 (compatible; Barkrowler/0.9; +https://babbar.tech/crawler)"
154.54.249.200 - - [26/Jan/2022:20:28:05 +0100] "GET /buecher/rezensionen_psalmen.html HTTP/1.1" 304 - "-" "Mozilla/5.0 (compatible; Barkrowler/0.9; +https://babbar.tech/crawler)"
154.54.249.200 - - [26/Jan/2022:20:28:20 +0100] "GET /buecher/rezensionen_preysing.html HTTP/1.1" 304 - "-" "Mozilla/5.0 (compatible; Barkrowler/0.9; +https://babbar.tech/crawler)"
154.54.249.200 - - [26/Jan/2022:20:28:35 +0100] "GET /buecher/veroeffentlichungsliste.html HTTP/1.1" 304 - "-" "Mozilla/5.0 (compatible; Barkrowler/0.9; +https://babbar.tech/crawler)"
194.67.210.77 - - [26/Jan/2022:20:28:43 +0100] "HEAD / HTTP/1.1" 200 - "https://oknogid.ru/" "Mozilla/4.0 (compatible; MSIE4.00; Windows 2005)"
