185.253.7.223 - - [11/Jan/2022:05:54:57 +0100] "HEAD / HTTP/1.1" 200 - "https://salonshtor-spb.ru/rimskie_shtory" "Mozilla/5.0 (compatible; MSIE7.00; Windows 2002)"
185.154.14.108 - - [11/Jan/2022:05:54:57 +0100] "HEAD / HTTP/1.1" 200 - "https://kinoindia.tv/films/" "Mozilla/2.0 (compatible; MSIE2.00; Windows 2006)"
185.231.68.36 - - [11/Jan/2022:05:54:57 +0100] "HEAD / HTTP/1.1" 200 - "https://amulety-talismany.ru/oberegi/" "Mozilla/2.0 (compatible; MSIE6.00; Windows 2002)"
45.132.107.248 - - [11/Jan/2022:05:54:57 +0100] "HEAD / HTTP/1.1" 200 - "http://ubuntulinux.ru" "Mozilla/2.0 (compatible; MSIE7.00; Windows 2002)"
207.46.13.15 - - [11/Jan/2022:05:55:59 +0100] "GET / HTTP/1.1" 200 9360 "-" "Mozilla/5.0 (compatible; bingbot/2.0; +http://www.bing.com/bingbot.htm)"
94.142.141.230 - - [11/Jan/2022:06:05:40 +0100] "HEAD / HTTP/1.1" 200 - "https://www.israelcelebs.co.il/%D7%94%D7%99%D7%AA%D7%A8%D7%95%D7%A0%D7%95%D7%AA-%D7%A9%D7%9C-%D7%A4%D7%99%D7%A8%D7%95%D7%AA-%D7%A7%D7%A4%D7%95%D7%90%D7%99%D7%9D/" "Mozilla/4.0 (compatible; MSIE5.00; Windows 2002)"
185.125.219.13 - - [11/Jan/2022:06:05:40 +0100] "HEAD / HTTP/1.1" 200 - "https://www.spokiy.com/vip-pokhorony.html" "Mozilla/4.0 (compatible; MSIE2.00; Windows 2006)"
194.67.210.77 - - [11/Jan/2022:06:05:40 +0100] "HEAD / HTTP/1.1" 200 - "https://ua.velesritual.com.ua" "Mozilla/5.0 (compatible; MSIE6.00; Windows 2008)"
193.124.188.83 - - [11/Jan/2022:06:05:40 +0100] "HEAD / HTTP/1.1" 200 - "https://rohla-shtabeler.ru/shtabelery-dlja-sklada/" "Mozilla/3.0 (compatible; MSIE4.00; Windows 2006)"
194.67.207.9 - - [11/Jan/2022:06:05:40 +0100] "HEAD / HTTP/1.1" 200 - "https://carivka.com.ua/articles/155-otdykh-pod-kievom-s-bassejnom.html" "Mozilla/8.0 (compatible; MSIE5.00; Windows 2004)"
185.5.249.185 - - [11/Jan/2022:06:05:40 +0100] "HEAD / HTTP/1.1" 200 - "https://banket-restoran.ru/shipping-and-payment" "Mozilla/7.0 (compatible; MSIE7.00; Windows 2009)"
193.124.190.18 - - [11/Jan/2022:06:05:40 +0100] "HEAD / HTTP/1.1" 200 - "https://dezses-chl.ru/unichtozhenie-klopov-chelyabinsk/" "Mozilla/2.0 (compatible; MSIE4.00; Windows 2005)"
194.67.207.94 - - [11/Jan/2022:06:05:44 +0100] "HEAD / HTTP/1.1" 200 - "https://pamjatnik.com.ua/proizvodstvo-granitnyh-pamyatnikov-v-ukraine" "Mozilla/8.0 (compatible; MSIE2.00; Windows 2003)"
114.119.143.25 - - [11/Jan/2022:07:29:40 +0100] "GET /robots.txt HTTP/1.1" 200 100 "-" "Mozilla/5.0 (compatible;PetalBot;+https://webmaster.petalsearch.com/site/petalbot)"
77.75.77.62 - - [11/Jan/2022:07:31:56 +0100] "GET /robots.txt HTTP/1.1" 200 100 "-" "Mozilla/5.0 (compatible; SeznamBot/3.2; +http://napoveda.seznam.cz/en/seznambot-intro/)"
77.75.77.62 - - [11/Jan/2022:07:31:57 +0100] "GET /cds/ignatius.html HTTP/1.1" 304 - "-" "Mozilla/5.0 (compatible; SeznamBot/3.2; +http://napoveda.seznam.cz/en/seznambot-intro/)"
77.88.5.62 - - [11/Jan/2022:08:15:54 +0100] "GET /robots.txt HTTP/1.1" 200 100 "-" "Mozilla/5.0 (compatible; YandexBot/3.0; +http://yandex.com/bots)"
77.88.5.62 - - [11/Jan/2022:08:15:58 +0100] "GET /sonderthemen/az2000.pdf HTTP/1.1" 200 2253581 "-" "Mozilla/5.0 (compatible; YandexBot/3.0; +http://yandex.com/bots)"
114.119.139.186 - - [11/Jan/2022:08:57:36 +0100] "GET /sonderthemen/az1999.pdf HTTP/1.1" 200 1842982 "-" "Mozilla/5.0 (Linux; Android 7.0;) AppleWebKit/537.36 (KHTML, like Gecko) Mobile Safari/537.36 (compatible; PetalBot;+https://webmaster.petalsearch.com/site/petalbot)"
114.119.139.205 - - [11/Jan/2022:09:00:35 +0100] "GET /buecher/gesichter/13.jpg HTTP/1.1" 200 8373 "-" "Mozilla/5.0 (Linux; Android 7.0;) AppleWebKit/537.36 (KHTML, like Gecko) Mobile Safari/537.36 (compatible; PetalBot;+https://webmaster.petalsearch.com/site/petalbot)"
217.86.103.31 - - [11/Jan/2022:09:15:23 +0100] "GET /cds/hymnos_akathistos.html HTTP/1.1" 200 11061 "https://www.google.com/" "Mozilla/5.0 (Windows NT 10.0; Win64; x64; rv:95.0) Gecko/20100101 Firefox/95.0"
217.86.103.31 - - [11/Jan/2022:09:15:23 +0100] "GET /main.css HTTP/1.1" 200 1439 "http://www.morusverlag.de/cds/hymnos_akathistos.html" "Mozilla/5.0 (Windows NT 10.0; Win64; x64; rv:95.0) Gecko/20100101 Firefox/95.0"
217.86.103.31 - - [11/Jan/2022:09:15:23 +0100] "GET /m.gif HTTP/1.1" 200 95 "http://www.morusverlag.de/cds/hymnos_akathistos.html" "Mozilla/5.0 (Windows NT 10.0; Win64; x64; rv:95.0) Gecko/20100101 Firefox/95.0"
217.86.103.31 - - [11/Jan/2022:09:15:23 +0100] "GET /cds/hymnos_heft.jpg HTTP/1.1" 200 8653 "http://www.morusverlag.de/cds/hymnos_akathistos.html" "Mozilla/5.0 (Windows NT 10.0; Win64; x64; rv:95.0) Gecko/20100101 Firefox/95.0"
217.86.103.31 - - [11/Jan/2022:09:15:23 +0100] "GET /logo_g.gif HTTP/1.1" 200 1301 "http://www.morusverlag.de/cds/hymnos_akathistos.html" "Mozilla/5.0 (Windows NT 10.0; Win64; x64; rv:95.0) Gecko/20100101 Firefox/95.0"
217.86.103.31 - - [11/Jan/2022:09:15:23 +0100] "GET /pf.gif HTTP/1.1" 200 62 "http://www.morusverlag.de/cds/hymnos_akathistos.html" "Mozilla/5.0 (Windows NT 10.0; Win64; x64; rv:95.0) Gecko/20100101 Firefox/95.0"
217.86.103.31 - - [11/Jan/2022:09:15:23 +0100] "GET /cds/hymnos.jpg HTTP/1.1" 200 27752 "http://www.morusverlag.de/cds/hymnos_akathistos.html" "Mozilla/5.0 (Windows NT 10.0; Win64; x64; rv:95.0) Gecko/20100101 Firefox/95.0"
217.86.103.31 - - [11/Jan/2022:09:15:23 +0100] "GET /mv_g.gif HTTP/1.1" 200 4070 "http://www.morusverlag.de/cds/hymnos_akathistos.html" "Mozilla/5.0 (Windows NT 10.0; Win64; x64; rv:95.0) Gecko/20100101 Firefox/95.0"
217.86.103.31 - - [11/Jan/2022:09:15:23 +0100] "GET /strich.gif HTTP/1.1" 200 45 "http://www.morusverlag.de/cds/hymnos_akathistos.html" "Mozilla/5.0 (Windows NT 10.0; Win64; x64; rv:95.0) Gecko/20100101 Firefox/95.0"
217.86.103.31 - - [11/Jan/2022:09:15:23 +0100] "GET /favicon.ico HTTP/1.1" 200 4286 "http://www.morusverlag.de/cds/hymnos_akathistos.html" "Mozilla/5.0 (Windows NT 10.0; Win64; x64; rv:95.0) Gecko/20100101 Firefox/95.0"
77.75.76.166 - - [11/Jan/2022:09:22:36 +0100] "GET /robots.txt HTTP/1.1" 200 100 "-" "Mozilla/5.0 (compatible; SeznamBot/3.2; +http://napoveda.seznam.cz/en/seznambot-intro/)"
77.75.76.166 - - [11/Jan/2022:09:22:37 +0100] "GET /buecher/diskussion.html HTTP/1.1" 304 - "-" "Mozilla/5.0 (compatible; SeznamBot/3.2; +http://napoveda.seznam.cz/en/seznambot-intro/)"
77.75.77.36 - - [11/Jan/2022:10:04:25 +0100] "GET /robots.txt HTTP/1.1" 200 100 "-" "Mozilla/5.0 (compatible; SeznamBot/3.2; +http://napoveda.seznam.cz/en/seznambot-intro/)"
77.75.77.36 - - [11/Jan/2022:10:04:26 +0100] "GET /jahrbuch/bestellung.php HTTP/1.1" 200 10316 "-" "Mozilla/5.0 (compatible; SeznamBot/3.2; +http://napoveda.seznam.cz/en/seznambot-intro/)"
66.249.79.54 - - [11/Jan/2022:10:33:44 +0100] "GET / HTTP/1.1" 304 - "-" "Mozilla/5.0 (Linux; Android 6.0.1; Nexus 5X Build/MMB29P) AppleWebKit/537.36 (KHTML, like Gecko) Chrome/97.0.4692.71 Mobile Safari/537.36 (compatible; Googlebot/2.1; +http://www.google.com/bot.html)"
66.249.75.30 - - [11/Jan/2022:10:39:21 +0100] "GET /cds/index.html HTTP/1.1" 304 - "-" "Mozilla/5.0 (Linux; Android 6.0.1; Nexus 5X Build/MMB29P) AppleWebKit/537.36 (KHTML, like Gecko) Chrome/97.0.4692.71 Mobile Safari/537.36 (compatible; Googlebot/2.1; +http://www.google.com/bot.html)"
66.249.75.29 - - [11/Jan/2022:10:50:47 +0100] "GET /jahrbuch/index.html HTTP/1.1" 304 - "-" "Mozilla/5.0 (Linux; Android 6.0.1; Nexus 5X Build/MMB29P) AppleWebKit/537.36 (KHTML, like Gecko) Chrome/97.0.4692.71 Mobile Safari/537.36 (compatible; Googlebot/2.1; +http://www.google.com/bot.html)"
77.75.78.162 - - [11/Jan/2022:11:09:44 +0100] "GET /robots.txt HTTP/1.1" 200 100 "-" "Mozilla/5.0 (compatible; SeznamBot/3.2; +http://napoveda.seznam.cz/en/seznambot-intro/)"
77.75.78.162 - - [11/Jan/2022:11:09:44 +0100] "GET /buecher/rezensionen_engel.html HTTP/1.1" 304 - "-" "Mozilla/5.0 (compatible; SeznamBot/3.2; +http://napoveda.seznam.cz/en/seznambot-intro/)"
66.249.75.30 - - [11/Jan/2022:11:13:03 +0100] "GET /robots.txt HTTP/1.1" 200 100 "-" "Mozilla/5.0 (compatible; Googlebot/2.1; +http://www.google.com/bot.html)"
66.249.75.30 - - [11/Jan/2022:11:13:03 +0100] "GET /impressum.html HTTP/1.1" 304 - "-" "Mozilla/5.0 (Linux; Android 6.0.1; Nexus 5X Build/MMB29P) AppleWebKit/537.36 (KHTML, like Gecko) Chrome/97.0.4692.71 Mobile Safari/537.36 (compatible; Googlebot/2.1; +http://www.google.com/bot.html)"
45.227.255.159 - - [11/Jan/2022:11:27:09 +0100] "GET /wp-login.php HTTP/1.1" 404 2381 "-" "Mozilla/5.0 (Windows NT 10.0; Win64; x64) AppleWebKit/537.36 (KHTML, like Gecko) Chrome/64.0.3282.140 Safari/537.36 Edge/18.17763"
66.249.75.29 - - [11/Jan/2022:11:29:55 +0100] "GET /buecher/rezensionen_le_saulchoir.html HTTP/1.1" 304 - "-" "Mozilla/5.0 (Linux; Android 6.0.1; Nexus 5X Build/MMB29P) AppleWebKit/537.36 (KHTML, like Gecko) Chrome/97.0.4692.71 Mobile Safari/537.36 (compatible; Googlebot/2.1; +http://www.google.com/bot.html)"
66.249.75.31 - - [11/Jan/2022:11:35:34 +0100] "GET /cds/astazi.html HTTP/1.1" 200 8453 "-" "Mozilla/5.0 (compatible; Googlebot/2.1; +http://www.google.com/bot.html)"
161.156.29.33 - - [11/Jan/2022:11:47:35 +0100] "GET /robots.txt HTTP/1.1" 200 100 "-" "Mozilla/5.0 (compatible; oBot/2.3.1; http://www.xforce-security.com/crawler/)"
161.156.29.33 - - [11/Jan/2022:11:47:35 +0100] "GET / HTTP/1.1" 200 9360 "-" "Mozilla/5.0 (compatible; oBot/2.3.1; http://www.xforce-security.com/crawler/)"
66.249.75.29 - - [11/Jan/2022:12:14:55 +0100] "GET /sonderthemen/sk2000.pdf HTTP/1.1" 304 - "-" "Mozilla/5.0 (Linux; Android 6.0.1; Nexus 5X Build/MMB29P) AppleWebKit/537.36 (KHTML, like Gecko) Chrome/97.0.4692.71 Mobile Safari/537.36 (compatible; Googlebot/2.1; +http://www.google.com/bot.html)"
185.253.7.227 - - [11/Jan/2022:12:39:37 +0100] "HEAD / HTTP/1.1" 200 - "https://vskrytie-zamka.by/vskrytie-dverej/rossijskie/" "Mozilla/4.0 (compatible; MSIE2.00; Windows 2006)"
185.253.7.224 - - [11/Jan/2022:12:39:37 +0100] "HEAD / HTTP/1.1" 200 - "https://anvilmarket.ru/services/khudozhestvennaya-obrabotka-metalla/dekorativnyy-prokat/" "Mozilla/2.0 (compatible; MSIE3.00; Windows 2002)"
66.249.79.59 - - [11/Jan/2022:13:22:26 +0100] "GET /buecher/rezensionen_engel.html HTTP/1.1" 304 - "-" "Mozilla/5.0 (compatible; Googlebot/2.1; +http://www.google.com/bot.html)"
168.119.69.91 - - [11/Jan/2022:13:54:59 +0100] "GET /sonderthemen/az1999.pdf HTTP/1.1" 200 1842982 "-" "Mozilla/5.0 (Windows NT 10.0; Win64; x64; rv:84.0) Gecko/20100101 Firefox/84.0"
88.198.41.229 - - [11/Jan/2022:14:29:18 +0100] "GET /sonderthemen/az2000.pdf HTTP/1.1" 200 2253581 "-" "Mozilla/5.0 (Macintosh; Intel Mac OS X 10_15_6) AppleWebKit/605.1.15 (KHTML, like Gecko) Version/14.0.2 Safari/605.1.15"
168.119.11.187 - - [11/Jan/2022:14:29:04 +0100] "GET /sonderthemen/az2000.pdf HTTP/1.1" 200 2253581 "-" "Mozilla/5.0 (Macintosh; Intel Mac OS X 10_15_7) AppleWebKit/605.1.15 (KHTML, like Gecko) Version/14.0.1 Safari/605.1.15"
207.46.13.15 - - [11/Jan/2022:15:25:27 +0100] "GET / HTTP/1.1" 200 9360 "-" "Mozilla/5.0 (compatible; bingbot/2.0; +http://www.bing.com/bingbot.htm)"
207.46.13.15 - - [11/Jan/2022:17:01:52 +0100] "GET /buecher/gesichter/16.jpg HTTP/1.1" 200 8367 "-" "Mozilla/5.0 (compatible; bingbot/2.0; +http://www.bing.com/bingbot.htm)"
35.202.2.1 - - [11/Jan/2022:18:27:23 +0100] "GET /robots.txt HTTP/1.1" 200 100 "-" "ltx71 - (http://ltx71.com/)"
35.202.2.1 - - [11/Jan/2022:18:29:03 +0100] "GET /cds/hymnos_akathistos.html HTTP/1.1" 200 11061 "-" "ltx71 - (http://ltx71.com/)"
35.202.2.1 - - [11/Jan/2022:18:30:13 +0100] "GET /kontakt/index.html HTTP/1.1" 200 2896 "-" "ltx71 - (http://ltx71.com/)"
78.46.94.83 - - [11/Jan/2022:18:52:27 +0100] "GET /sonderthemen/oekt_extra1.pdf HTTP/1.1" 200 1849015 "-" "Mozilla/5.0 (X11; Ubuntu; Linux x86_64; rv:77.0) Gecko/20100101 Firefox/77.0"
62.138.3.40 - - [11/Jan/2022:18:57:16 +0100] "GET /buecher/gesichter.jpg HTTP/1.1" 200 7271 "-" "Mozilla/5.0 (compatible; adscanner/)/1.0 (Mozilla/5.0 (compatible; seoscanners.net/1.0; +spider@seoscanners.net); http://seoscanners.net; spider@seoscanners.net)"
85.25.185.103 - - [11/Jan/2022:18:57:17 +0100] "GET /buch_k.jpg HTTP/1.1" 200 4591 "-" "Mozilla/5.0 (compatible; adscanner/)/1.0 (Mozilla/5.0 (compatible; seoscanners.net/1.0; +spider@seoscanners.net); http://seoscanners.net; spider@seoscanners.net)"
66.249.79.49 - - [11/Jan/2022:19:07:25 +0100] "GET /buecher/der_neunte_tag.html HTTP/1.1" 200 5820 "-" "Mozilla/5.0 (compatible; Googlebot/2.1; +http://www.google.com/bot.html)"
85.25.210.23 - - [11/Jan/2022:19:22:26 +0100] "GET /cds/astazi_k.jpg HTTP/1.1" 200 6049 "-" "Mozilla/5.0 (compatible; adscanner/)/1.0 (Mozilla/5.0 (compatible; seoscanners.net/1.0; +spider@seoscanners.net); http://seoscanners.net; spider@seoscanners.net)"
185.236.200.60 - - [11/Jan/2022:20:21:10 +0100] "GET / HTTP/1.0" 200 9360 "https://potolki.kr.ua/%d1%84%d0%be%d1%82%d0%be%d0%bf%d0%b5%d1%87%d0%b0%d1%82%d1%8c-%d0%bd%d0%b0-%d0%bf%d0%be%d1%82%d0%be%d0%bb%d0%ba%d0%b5/" "Mozilla/5.0 (Windows NT 10.0; WOW64) AppleWebKit/537.36 (KHTML, like Gecko) Chrome/90.0.4430.93 Safari/537.36"
62.138.3.40 - - [11/Jan/2022:20:26:21 +0100] "GET /logo_g.gif HTTP/1.1" 200 1301 "-" "Mozilla/5.0 (compatible; adscanner/)/1.0 (Mozilla/5.0 (compatible; seoscanners.net/1.0; +spider@seoscanners.net); http://seoscanners.net; spider@seoscanners.net)"
85.25.177.139 - - [11/Jan/2022:20:26:21 +0100] "GET /pf.gif HTTP/1.1" 200 62 "-" "Mozilla/5.0 (compatible; adscanner/)/1.0 (Mozilla/5.0 (compatible; seoscanners.net/1.0; +spider@seoscanners.net); http://seoscanners.net; spider@seoscanners.net)"
85.25.210.23 - - [11/Jan/2022:20:26:21 +0100] "GET /mv_g.gif HTTP/1.1" 200 4070 "-" "Mozilla/5.0 (compatible; adscanner/)/1.0 (Mozilla/5.0 (compatible; seoscanners.net/1.0; +spider@seoscanners.net); http://seoscanners.net; spider@seoscanners.net)"
85.25.177.139 - - [11/Jan/2022:20:26:21 +0100] "GET /buecher/chateaubriand.jpg HTTP/1.1" 200 2272 "-" "Mozilla/5.0 (compatible; adscanner/)/1.0 (Mozilla/5.0 (compatible; seoscanners.net/1.0; +spider@seoscanners.net); http://seoscanners.net; spider@seoscanners.net)"
62.138.2.214 - - [11/Jan/2022:20:26:21 +0100] "GET /cds/ignatius_k.jpg HTTP/1.1" 200 3965 "-" "Mozilla/5.0 (compatible; adscanner/)/1.0 (Mozilla/5.0 (compatible; seoscanners.net/1.0; +spider@seoscanners.net); http://seoscanners.net; spider@seoscanners.net)"
62.138.2.14 - - [11/Jan/2022:20:26:21 +0100] "GET /jahrbuch_k.jpg HTTP/1.1" 200 3719 "-" "Mozilla/5.0 (compatible; adscanner/)/1.0 (Mozilla/5.0 (compatible; seoscanners.net/1.0; +spider@seoscanners.net); http://seoscanners.net; spider@seoscanners.net)"
62.138.2.160 - - [11/Jan/2022:20:26:21 +0100] "GET /mv_gr_w.gif HTTP/1.1" 200 2005 "-" "Mozilla/5.0 (compatible; adscanner/)/1.0 (Mozilla/5.0 (compatible; seoscanners.net/1.0; +spider@seoscanners.net); http://seoscanners.net; spider@seoscanners.net)"
62.138.3.52 - - [11/Jan/2022:20:26:21 +0100] "GET /buecher/engel.jpg HTTP/1.1" 200 5414 "-" "Mozilla/5.0 (compatible; adscanner/)/1.0 (Mozilla/5.0 (compatible; seoscanners.net/1.0; +spider@seoscanners.net); http://seoscanners.net; spider@seoscanners.net)"
85.25.177.139 - - [11/Jan/2022:20:26:24 +0100] "GET /gotteslob.jpg HTTP/1.1" 200 9390 "-" "Mozilla/5.0 (compatible; adscanner/)/1.0 (Mozilla/5.0 (compatible; seoscanners.net/1.0; +spider@seoscanners.net); http://seoscanners.net; spider@seoscanners.net)"
62.138.3.40 - - [11/Jan/2022:20:51:11 +0100] "GET /cds/rosarium_k.jpg HTTP/1.1" 200 3972 "-" "Mozilla/5.0 (compatible; adscanner/)/1.0 (Mozilla/5.0 (compatible; seoscanners.net/1.0; +spider@seoscanners.net); http://seoscanners.net; spider@seoscanners.net)"
85.25.185.103 - - [11/Jan/2022:20:51:11 +0100] "GET /cds/hymnos_k.jpg HTTP/1.1" 200 4986 "-" "Mozilla/5.0 (compatible; adscanner/)/1.0 (Mozilla/5.0 (compatible; seoscanners.net/1.0; +spider@seoscanners.net); http://seoscanners.net; spider@seoscanners.net)"
66.249.79.49 - - [11/Jan/2022:21:57:59 +0100] "GET /buecher/1gott3wahrheiten.jpg HTTP/1.1" 200 4764 "-" "Googlebot-Image/1.0"
66.249.79.59 - - [11/Jan/2022:22:03:07 +0100] "GET / HTTP/1.1" 200 9360 "-" "Mozilla/5.0 (Linux; Android 6.0.1; Nexus 5X Build/MMB29P) AppleWebKit/537.36 (KHTML, like Gecko) Chrome/97.0.4692.71 Mobile Safari/537.36 (compatible; Googlebot/2.1; +http://www.google.com/bot.html)"
66.249.79.49 - - [11/Jan/2022:22:03:11 +0100] "GET /sonderthemen/sk2001.pdf HTTP/1.1" 200 3098589 "-" "Mozilla/5.0 (Linux; Android 6.0.1; Nexus 5X Build/MMB29P) AppleWebKit/537.36 (KHTML, like Gecko) Chrome/97.0.4692.71 Mobile Safari/537.36 (compatible; Googlebot/2.1; +http://www.google.com/bot.html)"
66.249.79.49 - - [11/Jan/2022:22:28:53 +0100] "GET /sonderthemen/oekt_extra1.pdf HTTP/1.1" 200 1849015 "-" "Mozilla/5.0 (compatible; Googlebot/2.1; +http://www.google.com/bot.html)"
80.145.237.136 - - [11/Jan/2022:22:29:15 +0100] "GET / HTTP/1.1" 200 9360 "-" "Mozilla/5.0 (iPhone; CPU iPhone OS 15_1 like Mac OS X) AppleWebKit/605.1.15 (KHTML, like Gecko) Version/15.1 Mobile/15E148 Safari/604.1"
80.145.237.136 - - [11/Jan/2022:22:29:15 +0100] "GET /logo_g.gif HTTP/1.1" 200 1301 "http://www.morusverlag.de/" "Mozilla/5.0 (iPhone; CPU iPhone OS 15_1 like Mac OS X) AppleWebKit/605.1.15 (KHTML, like Gecko) Version/15.1 Mobile/15E148 Safari/604.1"
80.145.237.136 - - [11/Jan/2022:22:29:15 +0100] "GET /main.css HTTP/1.1" 200 1439 "http://www.morusverlag.de/" "Mozilla/5.0 (iPhone; CPU iPhone OS 15_1 like Mac OS X) AppleWebKit/605.1.15 (KHTML, like Gecko) Version/15.1 Mobile/15E148 Safari/604.1"
80.145.237.136 - - [11/Jan/2022:22:29:15 +0100] "GET /mv_g.gif HTTP/1.1" 200 4070 "http://www.morusverlag.de/" "Mozilla/5.0 (iPhone; CPU iPhone OS 15_1 like Mac OS X) AppleWebKit/605.1.15 (KHTML, like Gecko) Version/15.1 Mobile/15E148 Safari/604.1"
80.145.237.136 - - [11/Jan/2022:22:29:15 +0100] "GET /mv_gr_w.gif HTTP/1.1" 200 2005 "http://www.morusverlag.de/" "Mozilla/5.0 (iPhone; CPU iPhone OS 15_1 like Mac OS X) AppleWebKit/605.1.15 (KHTML, like Gecko) Version/15.1 Mobile/15E148 Safari/604.1"
80.145.237.136 - - [11/Jan/2022:22:29:15 +0100] "GET /jahrbuch_k.jpg HTTP/1.1" 200 3719 "http://www.morusverlag.de/" "Mozilla/5.0 (iPhone; CPU iPhone OS 15_1 like Mac OS X) AppleWebKit/605.1.15 (KHTML, like Gecko) Version/15.1 Mobile/15E148 Safari/604.1"
80.145.237.136 - - [11/Jan/2022:22:29:15 +0100] "GET /cds/hymnos_k.jpg HTTP/1.1" 200 4986 "http://www.morusverlag.de/" "Mozilla/5.0 (iPhone; CPU iPhone OS 15_1 like Mac OS X) AppleWebKit/605.1.15 (KHTML, like Gecko) Version/15.1 Mobile/15E148 Safari/604.1"
80.145.237.136 - - [11/Jan/2022:22:29:15 +0100] "GET /buecher/gesichter.jpg HTTP/1.1" 200 7271 "http://www.morusverlag.de/" "Mozilla/5.0 (iPhone; CPU iPhone OS 15_1 like Mac OS X) AppleWebKit/605.1.15 (KHTML, like Gecko) Version/15.1 Mobile/15E148 Safari/604.1"
80.145.237.136 - - [11/Jan/2022:22:29:15 +0100] "GET /cds/ignatius_k.jpg HTTP/1.1" 200 3965 "http://www.morusverlag.de/" "Mozilla/5.0 (iPhone; CPU iPhone OS 15_1 like Mac OS X) AppleWebKit/605.1.15 (KHTML, like Gecko) Version/15.1 Mobile/15E148 Safari/604.1"
80.145.237.136 - - [11/Jan/2022:22:29:15 +0100] "GET /cds/astazi_k.jpg HTTP/1.1" 200 6049 "http://www.morusverlag.de/" "Mozilla/5.0 (iPhone; CPU iPhone OS 15_1 like Mac OS X) AppleWebKit/605.1.15 (KHTML, like Gecko) Version/15.1 Mobile/15E148 Safari/604.1"
80.145.237.136 - - [11/Jan/2022:22:29:15 +0100] "GET /cds/rosarium_k.jpg HTTP/1.1" 200 3972 "http://www.morusverlag.de/" "Mozilla/5.0 (iPhone; CPU iPhone OS 15_1 like Mac OS X) AppleWebKit/605.1.15 (KHTML, like Gecko) Version/15.1 Mobile/15E148 Safari/604.1"
80.145.237.136 - - [11/Jan/2022:22:29:15 +0100] "GET /gotteslob.jpg HTTP/1.1" 200 9390 "http://www.morusverlag.de/" "Mozilla/5.0 (iPhone; CPU iPhone OS 15_1 like Mac OS X) AppleWebKit/605.1.15 (KHTML, like Gecko) Version/15.1 Mobile/15E148 Safari/604.1"
80.145.237.136 - - [11/Jan/2022:22:29:15 +0100] "GET /strich.gif HTTP/1.1" 200 45 "http://www.morusverlag.de/" "Mozilla/5.0 (iPhone; CPU iPhone OS 15_1 like Mac OS X) AppleWebKit/605.1.15 (KHTML, like Gecko) Version/15.1 Mobile/15E148 Safari/604.1"
80.145.237.136 - - [11/Jan/2022:22:29:15 +0100] "GET /buecher/chateaubriand.jpg HTTP/1.1" 200 2272 "http://www.morusverlag.de/" "Mozilla/5.0 (iPhone; CPU iPhone OS 15_1 like Mac OS X) AppleWebKit/605.1.15 (KHTML, like Gecko) Version/15.1 Mobile/15E148 Safari/604.1"
80.145.237.136 - - [11/Jan/2022:22:29:15 +0100] "GET /buch_k.jpg HTTP/1.1" 200 4591 "http://www.morusverlag.de/" "Mozilla/5.0 (iPhone; CPU iPhone OS 15_1 like Mac OS X) AppleWebKit/605.1.15 (KHTML, like Gecko) Version/15.1 Mobile/15E148 Safari/604.1"
80.145.237.136 - - [11/Jan/2022:22:29:15 +0100] "GET /buecher/engel.jpg HTTP/1.1" 200 5414 "http://www.morusverlag.de/" "Mozilla/5.0 (iPhone; CPU iPhone OS 15_1 like Mac OS X) AppleWebKit/605.1.15 (KHTML, like Gecko) Version/15.1 Mobile/15E148 Safari/604.1"
80.145.237.136 - - [11/Jan/2022:22:29:15 +0100] "GET /favicon.ico HTTP/1.1" 200 4286 "http://www.morusverlag.de/" "Mozilla/5.0 (iPhone; CPU iPhone OS 15_1 like Mac OS X) AppleWebKit/605.1.15 (KHTML, like Gecko) Version/15.1 Mobile/15E148 Safari/604.1"
185.181.61.24 - - [11/Jan/2022:22:30:18 +0100] "GET / HTTP/1.1" 200 9360 "-" "Mozilla/5.0 (Windows NT 10.0; Win64; x64) AppleWebKit/537.36 (KHTML, like Gecko) Chrome/91.0.4472.114 Safari/537.36 Edg/91.0.864.54"
66.249.79.54 - - [11/Jan/2022:22:35:19 +0100] "GET /sonderthemen/oekt_extra1.pdf HTTP/1.1" 304 - "-" "Mozilla/5.0 (Linux; Android 6.0.1; Nexus 5X Build/MMB29P) AppleWebKit/537.36 (KHTML, like Gecko) Chrome/97.0.4692.71 Mobile Safari/537.36 (compatible; Googlebot/2.1; +http://www.google.com/bot.html)"
66.249.79.59 - - [11/Jan/2022:22:54:33 +0100] "GET /buecher/rezensionen_le_saulchoir.html HTTP/1.1" 304 - "-" "Mozilla/5.0 (compatible; Googlebot/2.1; +http://www.google.com/bot.html)"
207.46.13.15 - - [11/Jan/2022:23:21:50 +0100] "GET /buecher/gesichter/26.jpg HTTP/1.1" 200 8027 "-" "Mozilla/5.0 (compatible; bingbot/2.0; +http://www.bing.com/bingbot.htm)"
66.249.79.59 - - [11/Jan/2022:23:33:07 +0100] "GET /sonderthemen/oeaz2001.pdf HTTP/1.1" 304 - "-" "Mozilla/5.0 (compatible; Googlebot/2.1; +http://www.google.com/bot.html)"
66.249.79.59 - - [11/Jan/2022:23:33:10 +0100] "GET /buecher/rezensionen_chateaubriand.html HTTP/1.1" 304 - "-" "Mozilla/5.0 (Linux; Android 6.0.1; Nexus 5X Build/MMB29P) AppleWebKit/537.36 (KHTML, like Gecko) Chrome/97.0.4692.71 Mobile Safari/537.36 (compatible; Googlebot/2.1; +http://www.google.com/bot.html)"
66.249.79.59 - - [11/Jan/2022:23:39:33 +0100] "GET /sonderthemen/az2003.pdf HTTP/1.1" 304 - "-" "Mozilla/5.0 (Linux; Android 6.0.1; Nexus 5X Build/MMB29P) AppleWebKit/537.36 (KHTML, like Gecko) Chrome/97.0.4692.71 Mobile Safari/537.36 (compatible; Googlebot/2.1; +http://www.google.com/bot.html)"
66.249.79.49 - - [11/Jan/2022:23:45:59 +0100] "GET /kontakt/ HTTP/1.1" 304 - "-" "Mozilla/5.0 (Linux; Android 6.0.1; Nexus 5X Build/MMB29P) AppleWebKit/537.36 (KHTML, like Gecko) Chrome/97.0.4692.71 Mobile Safari/537.36 (compatible; Googlebot/2.1; +http://www.google.com/bot.html)"
94.223.80.251 - - [11/Jan/2022:23:56:50 +0100] "GET / HTTP/1.1" 200 9360 "http://www.google.com/" "Mozilla/5.0 (Linux; Android 10; LM-G910) AppleWebKit/537.36 (KHTML, like Gecko) Chrome/96.0.4664.104 Mobile Safari/537.36"
94.223.80.251 - - [11/Jan/2022:23:56:50 +0100] "GET /main.css HTTP/1.1" 200 1439 "-" "Mozilla/5.0 (Linux; Android 10; LM-G910) AppleWebKit/537.36 (KHTML, like Gecko) Chrome/96.0.4664.104 Mobile Safari/537.36"
94.223.80.251 - - [11/Jan/2022:23:56:50 +0100] "GET /logo_g.gif HTTP/1.1" 200 1301 "http://www.morusverlag.de/" "Mozilla/5.0 (Linux; Android 10; LM-G910) AppleWebKit/537.36 (KHTML, like Gecko) Chrome/96.0.4664.104 Mobile Safari/537.36"
94.223.80.251 - - [11/Jan/2022:23:56:50 +0100] "GET /mv_g.gif HTTP/1.1" 200 4070 "http://www.morusverlag.de/" "Mozilla/5.0 (Linux; Android 10; LM-G910) AppleWebKit/537.36 (KHTML, like Gecko) Chrome/96.0.4664.104 Mobile Safari/537.36"
94.223.80.251 - - [11/Jan/2022:23:56:50 +0100] "GET /mv_gr_w.gif HTTP/1.1" 200 2005 "http://www.morusverlag.de/" "Mozilla/5.0 (Linux; Android 10; LM-G910) AppleWebKit/537.36 (KHTML, like Gecko) Chrome/96.0.4664.104 Mobile Safari/537.36"
94.223.80.251 - - [11/Jan/2022:23:56:50 +0100] "GET /buecher/engel.jpg HTTP/1.1" 200 5414 "http://www.morusverlag.de/" "Mozilla/5.0 (Linux; Android 10; LM-G910) AppleWebKit/537.36 (KHTML, like Gecko) Chrome/96.0.4664.104 Mobile Safari/537.36"
94.223.80.251 - - [11/Jan/2022:23:56:50 +0100] "GET /strich.gif HTTP/1.1" 200 45 "http://www.morusverlag.de/" "Mozilla/5.0 (Linux; Android 10; LM-G910) AppleWebKit/537.36 (KHTML, like Gecko) Chrome/96.0.4664.104 Mobile Safari/537.36"
94.223.80.251 - - [11/Jan/2022:23:56:50 +0100] "GET /gotteslob.jpg HTTP/1.1" 200 9390 "http://www.morusverlag.de/" "Mozilla/5.0 (Linux; Android 10; LM-G910) AppleWebKit/537.36 (KHTML, like Gecko) Chrome/96.0.4664.104 Mobile Safari/537.36"
94.223.80.251 - - [11/Jan/2022:23:56:50 +0100] "GET /buecher/chateaubriand.jpg HTTP/1.1" 200 2272 "http://www.morusverlag.de/" "Mozilla/5.0 (Linux; Android 10; LM-G910) AppleWebKit/537.36 (KHTML, like Gecko) Chrome/96.0.4664.104 Mobile Safari/537.36"
94.223.80.251 - - [11/Jan/2022:23:56:50 +0100] "GET /jahrbuch_k.jpg HTTP/1.1" 200 3719 "http://www.morusverlag.de/" "Mozilla/5.0 (Linux; Android 10; LM-G910) AppleWebKit/537.36 (KHTML, like Gecko) Chrome/96.0.4664.104 Mobile Safari/537.36"
94.223.80.251 - - [11/Jan/2022:23:56:50 +0100] "GET /pf.gif HTTP/1.1" 200 62 "http://www.morusverlag.de/" "Mozilla/5.0 (Linux; Android 10; LM-G910) AppleWebKit/537.36 (KHTML, like Gecko) Chrome/96.0.4664.104 Mobile Safari/537.36"
94.223.80.251 - - [11/Jan/2022:23:56:50 +0100] "GET /buecher/gesichter.jpg HTTP/1.1" 200 7271 "http://www.morusverlag.de/" "Mozilla/5.0 (Linux; Android 10; LM-G910) AppleWebKit/537.36 (KHTML, like Gecko) Chrome/96.0.4664.104 Mobile Safari/537.36"
94.223.80.251 - - [11/Jan/2022:23:56:50 +0100] "GET /cds/rosarium_k.jpg HTTP/1.1" 200 3972 "http://www.morusverlag.de/" "Mozilla/5.0 (Linux; Android 10; LM-G910) AppleWebKit/537.36 (KHTML, like Gecko) Chrome/96.0.4664.104 Mobile Safari/537.36"
94.223.80.251 - - [11/Jan/2022:23:56:50 +0100] "GET /cds/ignatius_k.jpg HTTP/1.1" 200 3965 "http://www.morusverlag.de/" "Mozilla/5.0 (Linux; Android 10; LM-G910) AppleWebKit/537.36 (KHTML, like Gecko) Chrome/96.0.4664.104 Mobile Safari/537.36"
94.223.80.251 - - [11/Jan/2022:23:56:50 +0100] "GET /cds/hymnos_k.jpg HTTP/1.1" 200 4986 "http://www.morusverlag.de/" "Mozilla/5.0 (Linux; Android 10; LM-G910) AppleWebKit/537.36 (KHTML, like Gecko) Chrome/96.0.4664.104 Mobile Safari/537.36"
94.223.80.251 - - [11/Jan/2022:23:56:50 +0100] "GET /cds/astazi_k.jpg HTTP/1.1" 200 6049 "http://www.morusverlag.de/" "Mozilla/5.0 (Linux; Android 10; LM-G910) AppleWebKit/537.36 (KHTML, like Gecko) Chrome/96.0.4664.104 Mobile Safari/537.36"
94.223.80.251 - - [11/Jan/2022:23:56:50 +0100] "GET /buch_k.jpg HTTP/1.1" 200 4591 "http://www.morusverlag.de/" "Mozilla/5.0 (Linux; Android 10; LM-G910) AppleWebKit/537.36 (KHTML, like Gecko) Chrome/96.0.4664.104 Mobile Safari/537.36"
94.223.80.251 - - [11/Jan/2022:23:56:50 +0100] "GET /favicon.ico HTTP/1.1" 200 4286 "http://www.morusverlag.de/" "Mozilla/5.0 (Linux; Android 10; LM-G910) AppleWebKit/537.36 (KHTML, like Gecko) Chrome/96.0.4664.104 Mobile Safari/537.36"
94.223.80.251 - - [11/Jan/2022:23:57:24 +0100] "GET /impressum.html HTTP/1.1" 200 2808 "http://www.google.com/" "Mozilla/5.0 (Linux; Android 10; LM-G910) AppleWebKit/537.36 (KHTML, like Gecko) Chrome/96.0.4664.104 Mobile Safari/537.36"
94.223.80.251 - - [11/Jan/2022:23:57:50 +0100] "GET /impressum.html HTTP/1.1" 304 - "http://www.google.com/" "Mozilla/5.0 (Linux; Android 10; LM-G910) AppleWebKit/537.36 (KHTML, like Gecko) Chrome/96.0.4664.104 Mobile Safari/537.36"
94.223.80.251 - - [11/Jan/2022:23:58:13 +0100] "GET / HTTP/1.1" 304 - "http://www.morusverlag.de/impressum.html" "Mozilla/5.0 (Linux; Android 10; LM-G910) AppleWebKit/537.36 (KHTML, like Gecko) Chrome/96.0.4664.104 Mobile Safari/537.36"
23.100.232.233 - - [12/Jan/2022:00:34:07 +0100] "GET /buecher/index.html HTTP/1.1" 200 25885 "-" "Mozilla/5.0 (compatible; MSIE 9.0; Windows NT 6.0; Trident/5.0; Trident/5.0)"
23.100.232.233 - - [12/Jan/2022:00:34:07 +0100] "GET /main.css HTTP/1.1" 200 1439 "http://www.morusverlag.de/buecher/index.html" "Mozilla/5.0 (compatible; MSIE 9.0; Windows NT 6.0; Trident/5.0; Trident/5.0)"
23.100.232.233 - - [12/Jan/2022:00:34:07 +0100] "GET /contentflow/contentflow.js HTTP/1.1" 200 42064 "http://www.morusverlag.de/buecher/index.html" "Mozilla/5.0 (compatible; MSIE 9.0; Windows NT 6.0; Trident/5.0; Trident/5.0)"
23.100.232.233 - - [12/Jan/2022:00:34:11 +0100] "GET /contentflow/contentflow.css HTTP/1.1" 200 3109 "http://www.morusverlag.de/buecher/index.html" "Mozilla/5.0 (compatible; MSIE 9.0; Windows NT 6.0; Trident/5.0; Trident/5.0)"
23.100.232.233 - - [12/Jan/2022:00:34:11 +0100] "GET /contentflow/mycontentflow.css HTTP/1.1" 404 2381 "http://www.morusverlag.de/buecher/index.html" "Mozilla/5.0 (compatible; MSIE 9.0; Windows NT 6.0; Trident/5.0; Trident/5.0)"
23.100.232.233 - - [12/Jan/2022:00:34:12 +0100] "GET /contentflow/ContentFlowAddOn_white.js HTTP/1.1" 200 471 "http://www.morusverlag.de/buecher/index.html" "Mozilla/5.0 (compatible; MSIE 9.0; Windows NT 6.0; Trident/5.0; Trident/5.0)"
23.100.232.233 - - [12/Jan/2022:00:34:12 +0100] "GET /contentflow/ContentFlowAddOn_white.css HTTP/1.1" 200 3174 "http://www.morusverlag.de/buecher/index.html" "Mozilla/5.0 (compatible; MSIE 9.0; Windows NT 6.0; Trident/5.0; Trident/5.0)"
66.249.79.59 - - [12/Jan/2022:01:03:08 +0100] "GET /sonderthemen/oeaz2001.pdf HTTP/1.1" 200 4496626 "-" "Mozilla/5.0 (compatible; Googlebot/2.1; +http://www.google.com/bot.html)"
66.249.79.54 - - [12/Jan/2022:01:03:11 +0100] "GET /sonderthemen/sk2001.pdf HTTP/1.1" 200 3098589 "-" "Mozilla/5.0 (compatible; Googlebot/2.1; +http://www.google.com/bot.html)"
66.249.79.54 - - [12/Jan/2022:01:13:25 +0100] "GET /cds/astazi.html HTTP/1.1" 304 - "-" "Mozilla/5.0 (Linux; Android 6.0.1; Nexus 5X Build/MMB29P) AppleWebKit/537.36 (KHTML, like Gecko) Chrome/97.0.4692.71 Mobile Safari/537.36 (compatible; Googlebot/2.1; +http://www.google.com/bot.html)"
207.46.13.56 - - [12/Jan/2022:01:58:11 +0100] "GET /buecher/gesichter/07.jpg HTTP/1.1" 200 7301 "-" "Mozilla/5.0 (compatible; bingbot/2.0; +http://www.bing.com/bingbot.htm)"
66.249.79.54 - - [12/Jan/2022:02:03:23 +0100] "GET /buecher/der_neunte_tag.html HTTP/1.1" 200 5820 "-" "Mozilla/5.0 (Linux; Android 6.0.1; Nexus 5X Build/MMB29P) AppleWebKit/537.36 (KHTML, like Gecko) Chrome/97.0.4692.71 Mobile Safari/537.36 (compatible; Googlebot/2.1; +http://www.google.com/bot.html)"
66.249.79.59 - - [12/Jan/2022:02:33:11 +0100] "GET /sonderthemen/sk2001.pdf HTTP/1.1" 304 - "-" "Mozilla/5.0 (compatible; Googlebot/2.1; +http://www.google.com/bot.html)"
66.249.79.59 - - [12/Jan/2022:02:40:52 +0100] "GET /buecher/rezensionen.html HTTP/1.1" 200 6964 "-" "Mozilla/5.0 (Linux; Android 6.0.1; Nexus 5X Build/MMB29P) AppleWebKit/537.36 (KHTML, like Gecko) Chrome/97.0.4692.71 Mobile Safari/537.36 (compatible; Googlebot/2.1; +http://www.google.com/bot.html)"
207.46.13.15 - - [12/Jan/2022:03:27:05 +0100] "GET / HTTP/1.1" 200 9360 "-" "Mozilla/5.0 (compatible; bingbot/2.0; +http://www.bing.com/bingbot.htm)"
157.55.39.110 - - [12/Jan/2022:04:50:22 +0100] "GET /buecher/gesichter/28.jpg HTTP/1.1" 200 7684 "-" "Mozilla/5.0 (compatible; bingbot/2.0; +http://www.bing.com/bingbot.htm)"
34.77.162.30 - - [12/Jan/2022:05:02:26 +0100] "GET / HTTP/1.1" 200 9360 "-" "Expanse indexes the network perimeters of our customers. If you have any questions or concerns, please reach out to: scaninfo@expanseinc.com"
35.217.97.157 - - [12/Jan/2022:05:12:53 +0100] "GET / HTTP/1.1" 200 9360 "-" "Mozilla/5.0 (Windows NT 10.0; Win64; x64) AppleWebKit/537.36 (KHTML, like Gecko; compatible; BW/1.1; bit.ly/2W6Px8S) Chrome/84.0.4147.105 Safari/537.36"
35.217.97.157 - - [12/Jan/2022:05:12:53 +0100] "GET /robots.txt HTTP/1.1" 200 100 "-" "Mozilla/5.0 (Windows NT 10.0; Win64; x64) AppleWebKit/537.36 (KHTML, like Gecko; compatible; BW/1.1; bit.ly/2W6Px8S) Chrome/84.0.4147.105 Safari/537.36"
35.187.42.207 - - [12/Jan/2022:05:52:29 +0100] "GET / HTTP/1.1" 200 9360 "-" "Mozilla/5.0 (Windows NT 10.0; Win64; x64) AppleWebKit/537.36 (KHTML, like Gecko) Chrome/84.0.4147.105 Safari/537.36"
95.216.38.186 - - [12/Jan/2022:05:59:08 +0100] "GET /robots.txt HTTP/1.1" 200 100 "-" "Mozilla/5.0 (compatible; MJ12bot/v1.4.8; http://mj12bot.com/)"
95.216.38.186 - - [12/Jan/2022:05:59:10 +0100] "GET / HTTP/1.1" 200 9360 "-" "Mozilla/5.0 (compatible; MJ12bot/v1.4.8; http://mj12bot.com/)"
89.105.213.237 - - [12/Jan/2022:06:48:01 +0100] "HEAD / HTTP/1.1" 200 - "https://vstrokax.net/category/kultura/" "Mozilla/2.0 (compatible; MSIE5.00; Windows 2007)"
185.154.14.248 - - [12/Jan/2022:06:48:01 +0100] "HEAD / HTTP/1.1" 200 - "https://xn--80aahcxmtfhmh.xn--p1ai/category/tsvety/" "Mozilla/2.0 (compatible; MSIE7.00; Windows 2007)"
45.132.107.248 - - [12/Jan/2022:06:48:01 +0100] "HEAD / HTTP/1.1" 200 - "https://banket-restoran.ru/" "Mozilla/2.0 (compatible; MSIE5.00; Windows 2004)"
185.231.68.36 - - [12/Jan/2022:06:48:01 +0100] "HEAD / HTTP/1.1" 200 - "http://ubuntulinux.ru/category/news/" "Mozilla/6.0 (compatible; MSIE5.00; Windows 2006)"
89.105.213.182 - - [12/Jan/2022:06:48:01 +0100] "HEAD / HTTP/1.1" 200 - "https://vorotaminska.by/katalog/gotovyie-izdeliya-sekczionnyie-vorota/otkatnyie-vorota/" "Mozilla/7.0 (compatible; MSIE5.00; Windows 2009)"
185.253.7.227 - - [12/Jan/2022:06:48:02 +0100] "HEAD / HTTP/1.1" 200 - "https://by-law.ru/yuridicheskie_uslugi/f-z-chjesk-m-l-cam/prjedstav-tjelstvo-f-z-chjesk-h-l-c-v-sudje" "Mozilla/2.0 (compatible; MSIE5.00; Windows 2009)"
185.253.7.223 - - [12/Jan/2022:06:48:02 +0100] "HEAD / HTTP/1.1" 200 - "https://anvilmarket.ru/product/elementy-kholodnoy-kovki/" "Mozilla/6.0 (compatible; MSIE6.00; Windows 2005)"
185.253.7.224 - - [12/Jan/2022:06:48:02 +0100] "HEAD / HTTP/1.1" 200 - "https://vskrytie-zamka.by/remont-zamkov/" "Mozilla/4.0 (compatible; MSIE4.00; Windows 2008)"
45.88.79.149 - - [12/Jan/2022:06:48:02 +0100] "HEAD / HTTP/1.1" 200 - "https://dezses-chl.ru/unichtozhenie-klopov-chelyabinsk/" "Mozilla/7.0 (compatible; MSIE4.00; Windows 2009)"
185.154.14.148 - - [12/Jan/2022:06:48:02 +0100] "HEAD / HTTP/1.1" 200 - "https://kinoindia.tv/drama/" "Mozilla/3.0 (compatible; MSIE2.00; Windows 2007)"
114.119.150.45 - - [12/Jan/2022:06:52:34 +0100] "GET /robots.txt HTTP/1.1" 200 100 "-" "Mozilla/5.0 (compatible;PetalBot;+https://webmaster.petalsearch.com/site/petalbot)"
94.142.141.230 - - [12/Jan/2022:07:01:01 +0100] "HEAD / HTTP/1.1" 200 - "https://t4k.info/genres" "Mozilla/4.0 (compatible; MSIE5.00; Windows 2005)"
193.124.188.83 - - [12/Jan/2022:07:01:01 +0100] "HEAD / HTTP/1.1" 200 - "https://h-h-auto.de/citroen/" "Mozilla/3.0 (compatible; MSIE2.00; Windows 2009)"
194.67.207.9 - - [12/Jan/2022:07:01:01 +0100] "HEAD / HTTP/1.1" 200 - "https://pamjatnik.com.ua/proizvodstvo-granitnyh-pamyatnikov-v-ukraine" "Mozilla/5.0 (compatible; MSIE5.00; Windows 2008)"
193.124.190.18 - - [12/Jan/2022:07:01:01 +0100] "HEAD / HTTP/1.1" 200 - "https://nomertaxi.top/slujba-taxi" "Mozilla/4.0 (compatible; MSIE2.00; Windows 2006)"
194.67.210.77 - - [12/Jan/2022:07:01:01 +0100] "HEAD / HTTP/1.1" 200 - "https://www.spokiy.com/venki-iz-zhivykh-tsvetov.html" "Mozilla/3.0 (compatible; MSIE4.00; Windows 2008)"
185.125.219.13 - - [12/Jan/2022:07:01:01 +0100] "HEAD / HTTP/1.1" 200 - "https://carivka.com.ua/hotels.html" "Mozilla/2.0 (compatible; MSIE3.00; Windows 2007)"
194.67.207.94 - - [12/Jan/2022:07:01:02 +0100] "HEAD / HTTP/1.1" 200 - "https://salonshtor-spb.ru/ekonomicnie_shtory" "Mozilla/6.0 (compatible; MSIE7.00; Windows 2007)"
185.5.249.185 - - [12/Jan/2022:07:01:04 +0100] "HEAD / HTTP/1.1" 200 - "https://ua.velesritual.com.ua/coffins.html" "Mozilla/6.0 (compatible; MSIE6.00; Windows 2008)"
193.124.191.92 - - [12/Jan/2022:07:02:54 +0100] "HEAD / HTTP/1.1" 200 - "https://deltacentr.com.ua/tehnicheskoe-obsluzhivanie/zamena-tormoznyh-diskov/" "Mozilla/5.0 (compatible; MSIE2.00; Windows 2002)"
66.249.79.54 - - [12/Jan/2022:07:02:58 +0100] "GET /sonderthemen/sk2001.pdf HTTP/1.1" 304 - "-" "Mozilla/5.0 (Linux; Android 6.0.1; Nexus 5X Build/MMB29P) AppleWebKit/537.36 (KHTML, like Gecko) Chrome/97.0.4692.71 Mobile Safari/537.36 (compatible; Googlebot/2.1; +http://www.google.com/bot.html)"
148.251.8.250 - - [12/Jan/2022:07:45:13 +0100] "GET /robots.txt HTTP/1.1" 200 100 "-" "Mozilla/5.0 (compatible; MJ12bot/v1.4.8; http://mj12bot.com/)"
148.251.8.250 - - [12/Jan/2022:07:45:17 +0100] "GET /jahrbuch/bestellung.php HTTP/1.1" 200 10316 "-" "Mozilla/5.0 (compatible; MJ12bot/v1.4.8; http://mj12bot.com/)"
148.251.8.250 - - [12/Jan/2022:07:45:22 +0100] "GET /jahrbuch/titelseiten/index.html HTTP/1.1" 200 6735 "-" "Mozilla/5.0 (compatible; MJ12bot/v1.4.8; http://mj12bot.com/)"
66.249.79.59 - - [12/Jan/2022:07:47:57 +0100] "GET /sonderthemen/index.html HTTP/1.1" 304 - "-" "Mozilla/5.0 (Linux; Android 6.0.1; Nexus 5X Build/MMB29P) AppleWebKit/537.36 (KHTML, like Gecko) Chrome/97.0.4692.71 Mobile Safari/537.36 (compatible; Googlebot/2.1; +http://www.google.com/bot.html)"
66.249.79.49 - - [12/Jan/2022:08:55:27 +0100] "GET /buecher/rezensionen.html HTTP/1.1" 200 6964 "-" "Mozilla/5.0 (compatible; Googlebot/2.1; +http://www.google.com/bot.html)"
66.249.79.49 - - [12/Jan/2022:08:56:43 +0100] "GET /buecher/freiheit_und_sinnsucht.jpg HTTP/1.1" 200 4237 "-" "Googlebot-Image/1.0"
66.249.79.59 - - [12/Jan/2022:09:10:27 +0100] "GET /sonderthemen/sk2000.pdf HTTP/1.1" 304 - "-" "Mozilla/5.0 (Linux; Android 6.0.1; Nexus 5X Build/MMB29P) AppleWebKit/537.36 (KHTML, like Gecko) Chrome/97.0.4692.71 Mobile Safari/537.36 (compatible; Googlebot/2.1; +http://www.google.com/bot.html)"
185.154.14.108 - - [12/Jan/2022:09:22:01 +0100] "HEAD / HTTP/1.1" 200 - "https://voenmag.com.ua/" "Mozilla/8.0 (compatible; MSIE2.00; Windows 2005)"
17.121.112.222 - - [12/Jan/2022:09:30:31 +0100] "GET /robots.txt HTTP/1.1" 200 100 "-" "Mozilla/5.0 (Macintosh; Intel Mac OS X 10_15_5) AppleWebKit/605.1.15 (KHTML, like Gecko) Version/13.1.1 Safari/605.1.15 (Applebot/0.1; +http://www.apple.com/go/applebot)"
17.121.112.222 - - [12/Jan/2022:09:30:31 +0100] "GET / HTTP/1.1" 200 9360 "-" "Mozilla/5.0 (Macintosh; Intel Mac OS X 10_15_5) AppleWebKit/605.1.15 (KHTML, like Gecko) Version/13.1.1 Safari/605.1.15 (Applebot/0.1; +http://www.apple.com/go/applebot)"
66.249.79.54 - - [12/Jan/2022:09:45:53 +0100] "GET /buecher/rezensionen_chateaubriand.html HTTP/1.1" 200 47317 "-" "Mozilla/5.0 (compatible; Googlebot/2.1; +http://www.google.com/bot.html)"
40.77.167.75 - - [12/Jan/2022:09:47:09 +0100] "GET /buecher/gesichter/09.jpg HTTP/1.1" 200 9739 "-" "Mozilla/5.0 (compatible; bingbot/2.0; +http://www.bing.com/bingbot.htm)"
208.100.26.247 - - [12/Jan/2022:09:53:31 +0100] "GET / HTTP/1.1" 200 9360 "-" "Mozilla/5.0 (Windows NT 10.0; WOW64) AppleWebKit/537.36 (KHTML, like Gecko) Chrome/84.0.4131.4 Safari/537.36"
66.249.79.49 - - [12/Jan/2022:10:02:57 +0100] "GET /gotteslob/ HTTP/1.1" 304 - "-" "Mozilla/5.0 (Linux; Android 6.0.1; Nexus 5X Build/MMB29P) AppleWebKit/537.36 (KHTML, like Gecko) Chrome/97.0.4692.71 Mobile Safari/537.36 (compatible; Googlebot/2.1; +http://www.google.com/bot.html)"
66.249.79.59 - - [12/Jan/2022:10:17:57 +0100] "GET /sonderthemen/sk2004.pdf HTTP/1.1" 304 - "-" "Mozilla/5.0 (compatible; Googlebot/2.1; +http://www.google.com/bot.html)"
66.249.79.54 - - [12/Jan/2022:10:30:53 +0100] "GET /buecher/rezensionen_chateaubriand.html HTTP/1.1" 304 - "-" "Mozilla/5.0 (compatible; Googlebot/2.1; +http://www.google.com/bot.html)"
66.249.79.54 - - [12/Jan/2022:10:32:57 +0100] "GET /sonderthemen/oeaz2002.pdf HTTP/1.1" 304 - "-" "Mozilla/5.0 (Linux; Android 6.0.1; Nexus 5X Build/MMB29P) AppleWebKit/537.36 (KHTML, like Gecko) Chrome/97.0.4692.71 Mobile Safari/537.36 (compatible; Googlebot/2.1; +http://www.google.com/bot.html)"
66.249.79.49 - - [12/Jan/2022:10:47:57 +0100] "GET /buecher/diskussion.html HTTP/1.1" 304 - "-" "Mozilla/5.0 (Linux; Android 6.0.1; Nexus 5X Build/MMB29P) AppleWebKit/537.36 (KHTML, like Gecko) Chrome/97.0.4692.71 Mobile Safari/537.36 (compatible; Googlebot/2.1; +http://www.google.com/bot.html)"
17.121.112.136 - - [12/Jan/2022:11:13:52 +0100] "GET /buecher/diskussion.html HTTP/1.1" 200 9925 "-" "Mozilla/5.0 (Macintosh; Intel Mac OS X 10_15_5) AppleWebKit/605.1.15 (KHTML, like Gecko) Version/13.1.1 Safari/605.1.15 (Applebot/0.1; +http://www.apple.com/go/applebot)"
66.249.79.54 - - [12/Jan/2022:12:21:45 +0100] "GET /robots.txt HTTP/1.1" 200 100 "-" "Mozilla/5.0 (compatible; Googlebot/2.1; +http://www.google.com/bot.html)"
66.249.79.49 - - [12/Jan/2022:12:21:45 +0100] "GET /buecher/leiblichkeit.jpg HTTP/1.1" 304 - "-" "Googlebot-Image/1.0"
85.25.177.187 - - [12/Jan/2022:12:36:35 +0100] "GET / HTTP/1.1" 200 9360 "-" "Mozilla/5.0 (X11; Linux x86_64; rv:81.0) Gecko/20100101 Firefox/81.0"
85.25.177.187 - - [12/Jan/2022:12:57:38 +0100] "GET / HTTP/1.1" 200 9360 "-" "Mozilla/5.0 (X11; Linux x86_64; rv:81.0) Gecko/20100101 Firefox/81.0"
85.25.177.187 - - [12/Jan/2022:13:07:26 +0100] "GET /buecher/index.html HTTP/1.1" 200 25885 "-" "Mozilla/5.0 (X11; Linux x86_64; rv:81.0) Gecko/20100101 Firefox/81.0"
185.154.14.142 - - [12/Jan/2022:13:08:26 +0100] "HEAD / HTTP/1.1" 200 - "https://auto-vykup.kiev.ua/" "Mozilla/5.0 (compatible; MSIE4.00; Windows 2007)"
85.25.177.187 - - [12/Jan/2022:13:20:53 +0100] "GET /jahrbuch/index.html HTTP/1.1" 200 3956 "-" "Mozilla/5.0 (X11; Linux x86_64; rv:81.0) Gecko/20100101 Firefox/81.0"
88.198.207.51 - - [12/Jan/2022:13:28:03 +0100] "GET /sonderthemen/sk2000.pdf HTTP/1.1" 200 2925489 "-" "Mozilla/5.0 (Windows NT 10.0; WOW64) AppleWebKit/537.36 (KHTML, like Gecko) Chrome/86.0.4240.198 Safari/537.36"
82.207.175.52 - - [12/Jan/2022:13:31:44 +0100] "GET / HTTP/1.1" 200 9360 "-" "Mozilla/5.0 (Windows NT 6.1; Win64; x64; rv:25.0) Gecko/20100101 Firefox/25.0"
82.207.175.52 - - [12/Jan/2022:13:31:44 +0100] "GET / HTTP/1.1" 200 9360 "-" "Mozilla/5.0 (Windows NT 6.1; Win64; x64; rv:25.0) Gecko/20100101 Firefox/25.0"
85.25.177.187 - - [12/Jan/2022:13:45:13 +0100] "GET /cds/index.html HTTP/1.1" 200 7987 "-" "Mozilla/5.0 (X11; Linux x86_64; rv:81.0) Gecko/20100101 Firefox/81.0"
84.60.245.151 - - [12/Jan/2022:13:56:35 +0100] "GET /cds/hymnos_akathistos.html HTTP/1.1" 200 11061 "-" "Mozilla/5.0 (Linux; Android 7.0; SM-T815) AppleWebKit/537.36 (KHTML, like Gecko) Chrome/96.0.4664.104 Safari/537.36"
84.60.245.151 - - [12/Jan/2022:13:56:35 +0100] "GET /main.css HTTP/1.1" 200 1439 "-" "Mozilla/5.0 (Linux; Android 7.0; SM-T815) AppleWebKit/537.36 (KHTML, like Gecko) Chrome/96.0.4664.104 Safari/537.36"
84.60.245.151 - - [12/Jan/2022:13:56:35 +0100] "GET /logo_g.gif HTTP/1.1" 200 1301 "http://www.morusverlag.de/cds/hymnos_akathistos.html" "Mozilla/5.0 (Linux; Android 7.0; SM-T815) AppleWebKit/537.36 (KHTML, like Gecko) Chrome/96.0.4664.104 Safari/537.36"
84.60.245.151 - - [12/Jan/2022:13:56:35 +0100] "GET /mv_g.gif HTTP/1.1" 200 4070 "http://www.morusverlag.de/cds/hymnos_akathistos.html" "Mozilla/5.0 (Linux; Android 7.0; SM-T815) AppleWebKit/537.36 (KHTML, like Gecko) Chrome/96.0.4664.104 Safari/537.36"
84.60.245.151 - - [12/Jan/2022:13:56:35 +0100] "GET /m.gif HTTP/1.1" 200 95 "http://www.morusverlag.de/cds/hymnos_akathistos.html" "Mozilla/5.0 (Linux; Android 7.0; SM-T815) AppleWebKit/537.36 (KHTML, like Gecko) Chrome/96.0.4664.104 Safari/537.36"
84.60.245.151 - - [12/Jan/2022:13:56:35 +0100] "GET /pf.gif HTTP/1.1" 200 62 "http://www.morusverlag.de/cds/hymnos_akathistos.html" "Mozilla/5.0 (Linux; Android 7.0; SM-T815) AppleWebKit/537.36 (KHTML, like Gecko) Chrome/96.0.4664.104 Safari/537.36"
84.60.245.151 - - [12/Jan/2022:13:56:35 +0100] "GET /cds/hymnos.jpg HTTP/1.1" 200 27752 "http://www.morusverlag.de/cds/hymnos_akathistos.html" "Mozilla/5.0 (Linux; Android 7.0; SM-T815) AppleWebKit/537.36 (KHTML, like Gecko) Chrome/96.0.4664.104 Safari/537.36"
84.60.245.151 - - [12/Jan/2022:13:56:35 +0100] "GET /cds/hymnos_heft.jpg HTTP/1.1" 200 8653 "http://www.morusverlag.de/cds/hymnos_akathistos.html" "Mozilla/5.0 (Linux; Android 7.0; SM-T815) AppleWebKit/537.36 (KHTML, like Gecko) Chrome/96.0.4664.104 Safari/537.36"
84.60.245.151 - - [12/Jan/2022:13:56:35 +0100] "GET /strich.gif HTTP/1.1" 200 45 "http://www.morusverlag.de/cds/hymnos_akathistos.html" "Mozilla/5.0 (Linux; Android 7.0; SM-T815) AppleWebKit/537.36 (KHTML, like Gecko) Chrome/96.0.4664.104 Safari/537.36"
84.60.245.151 - - [12/Jan/2022:13:56:36 +0100] "GET /favicon.ico HTTP/1.1" 200 4286 "http://www.morusverlag.de/cds/hymnos_akathistos.html" "Mozilla/5.0 (Linux; Android 7.0; SM-T815) AppleWebKit/537.36 (KHTML, like Gecko) Chrome/96.0.4664.104 Safari/537.36"
88.198.41.229 - - [12/Jan/2022:14:00:14 +0100] "GET /sonderthemen/oekt_extra2.pdf HTTP/1.1" 200 1939949 "-" "Mozilla/5.0 (Macintosh; Intel Mac OS X 11_0_1) AppleWebKit/537.36 (KHTML, like Gecko) Chrome/87.0.4280.88 Safari/537.36"
85.25.177.187 - - [12/Jan/2022:14:11:00 +0100] "GET /cds/ignatius.html HTTP/1.1" 200 6576 "-" "Mozilla/5.0 (X11; Linux x86_64; rv:81.0) Gecko/20100101 Firefox/81.0"
195.123.209.118 - - [12/Jan/2022:14:22:22 +0100] "GET / HTTP/1.1" 200 9360 "https://centro-prestamo.es/" "Mozilla/4.61 [en] (X11; U; ) - BrowseX (2.0.0 Windows)"
195.123.209.118 - - [12/Jan/2022:14:22:22 +0100] "GET / HTTP/1.1" 200 9360 "https://centro-prestamo.es/" "Mozilla/4.61 [en] (X11; U; ) - BrowseX (2.0.0 Windows)"
195.123.209.118 - - [12/Jan/2022:14:22:23 +0100] "GET / HTTP/1.1" 200 9360 "https://centro-prestamo.es/" "Mozilla/4.61 [en] (X11; U; ) - BrowseX (2.0.0 Windows)"
85.25.177.187 - - [12/Jan/2022:14:25:51 +0100] "GET /sonderthemen/index.html HTTP/1.1" 200 7102 "-" "Mozilla/5.0 (X11; Linux x86_64; rv:81.0) Gecko/20100101 Firefox/81.0"
85.25.177.187 - - [12/Jan/2022:14:34:17 +0100] "GET /sonderthemen/index.html HTTP/1.1" 200 7102 "-" "Mozilla/5.0 (X11; Linux x86_64; rv:81.0) Gecko/20100101 Firefox/81.0"
85.25.177.187 - - [12/Jan/2022:14:48:07 +0100] "GET /sonderthemen/index.html HTTP/1.1" 200 7102 "-" "Mozilla/5.0 (X11; Linux x86_64; rv:81.0) Gecko/20100101 Firefox/81.0"
207.46.13.237 - - [12/Jan/2022:14:51:29 +0100] "GET /robots.txt HTTP/1.1" 200 100 "-" "Mozilla/5.0 (compatible; bingbot/2.0; +http://www.bing.com/bingbot.htm)"
207.46.13.15 - - [12/Jan/2022:14:51:42 +0100] "GET / HTTP/1.1" 200 9360 "-" "Mozilla/5.0 (compatible; bingbot/2.0; +http://www.bing.com/bingbot.htm)"
85.25.177.187 - - [12/Jan/2022:15:01:18 +0100] "GET /cds/rosarium.html HTTP/1.1" 200 6680 "-" "Mozilla/5.0 (X11; Linux x86_64; rv:81.0) Gecko/20100101 Firefox/81.0"
85.25.177.187 - - [12/Jan/2022:15:06:14 +0100] "GET /cds/rosarium.html HTTP/1.1" 200 6680 "-" "Mozilla/5.0 (X11; Linux x86_64; rv:81.0) Gecko/20100101 Firefox/81.0"
77.88.5.62 - - [12/Jan/2022:15:26:59 +0100] "GET /robots.txt HTTP/1.1" 200 100 "-" "Mozilla/5.0 (compatible; YandexBot/3.0; +http://yandex.com/bots)"
77.88.5.62 - - [12/Jan/2022:15:27:08 +0100] "GET /buecher/ HTTP/1.1" 200 25885 "-" "Mozilla/5.0 (compatible; YandexBot/3.0; +http://yandex.com/bots)"
85.25.177.187 - - [12/Jan/2022:15:28:04 +0100] "GET /cds/hymnos_akathistos.html HTTP/1.1" 200 11061 "-" "Mozilla/5.0 (X11; Linux x86_64; rv:81.0) Gecko/20100101 Firefox/81.0"
85.25.177.187 - - [12/Jan/2022:15:39:50 +0100] "GET /kontakt/index.html HTTP/1.1" 200 2896 "-" "Mozilla/5.0 (X11; Linux x86_64; rv:81.0) Gecko/20100101 Firefox/81.0"
85.25.177.187 - - [12/Jan/2022:16:04:24 +0100] "GET /impressum.html HTTP/1.1" 200 2808 "-" "Mozilla/5.0 (X11; Linux x86_64; rv:81.0) Gecko/20100101 Firefox/81.0"
85.25.177.187 - - [12/Jan/2022:16:15:17 +0100] "GET /buecher/rezensionen_chateaubriand.html HTTP/1.1" 200 47317 "-" "Mozilla/5.0 (X11; Linux x86_64; rv:81.0) Gecko/20100101 Firefox/81.0"
85.25.177.187 - - [12/Jan/2022:16:26:22 +0100] "GET /buecher/rezensionen_chateaubriand.html HTTP/1.1" 200 47317 "-" "Mozilla/5.0 (X11; Linux x86_64; rv:81.0) Gecko/20100101 Firefox/81.0"
114.119.129.163 - - [12/Jan/2022:16:32:41 +0100] "GET /robots.txt HTTP/1.1" 200 100 "-" "Mozilla/5.0 (compatible;PetalBot;+https://webmaster.petalsearch.com/site/petalbot)"
85.25.177.187 - - [12/Jan/2022:16:42:23 +0100] "GET /buecher/veroeffentlichungsliste.html HTTP/1.1" 200 129779 "-" "Mozilla/5.0 (X11; Linux x86_64; rv:81.0) Gecko/20100101 Firefox/81.0"
85.25.177.187 - - [12/Jan/2022:16:51:33 +0100] "GET /buecher/veroeffentlichungsliste.html HTTP/1.1" 200 129779 "-" "Mozilla/5.0 (X11; Linux x86_64; rv:81.0) Gecko/20100101 Firefox/81.0"
144.76.162.206 - - [12/Jan/2022:17:00:52 +0100] "GET /sonderthemen/oekz2003.pdf HTTP/1.1" 200 4017017 "-" "Mozilla/5.0 (Macintosh; Intel Mac OS X 11_1_0) AppleWebKit/537.36 (KHTML, like Gecko) Chrome/87.0.4280.88 Safari/537.36"
85.25.177.187 - - [12/Jan/2022:17:18:00 +0100] "GET /buecher/bestellung.php HTTP/1.1" 200 10142 "-" "Mozilla/5.0 (X11; Linux x86_64; rv:81.0) Gecko/20100101 Firefox/81.0"
62.138.3.40 - - [12/Jan/2022:17:21:58 +0100] "GET /m.gif HTTP/1.1" 200 95 "-" "Mozilla/5.0 (compatible; adscanner/)/1.0 (Mozilla/5.0 (compatible; seoscanners.net/1.0; +spider@seoscanners.net); http://seoscanners.net; spider@seoscanners.net)"
62.138.2.160 - - [12/Jan/2022:17:21:58 +0100] "GET /buecher/schenuit.jpg HTTP/1.1" 200 2024 "-" "Mozilla/5.0 (compatible; adscanner/)/1.0 (Mozilla/5.0 (compatible; seoscanners.net/1.0; +spider@seoscanners.net); http://seoscanners.net; spider@seoscanners.net)"
85.25.177.187 - - [12/Jan/2022:17:24:10 +0100] "GET /buecher/bestellung.php HTTP/1.1" 200 10142 "-" "Mozilla/5.0 (X11; Linux x86_64; rv:81.0) Gecko/20100101 Firefox/81.0"
85.25.177.187 - - [12/Jan/2022:17:36:43 +0100] "GET /buecher/bestellung.php HTTP/1.1" 200 10142 "-" "Mozilla/5.0 (X11; Linux x86_64; rv:81.0) Gecko/20100101 Firefox/81.0"
157.55.39.122 - - [12/Jan/2022:17:39:59 +0100] "GET /buecher/gesichter/29.jpg HTTP/1.1" 200 9282 "-" "Mozilla/5.0 (compatible; bingbot/2.0; +http://www.bing.com/bingbot.htm)"
144.76.162.206 - - [12/Jan/2022:17:42:05 +0100] "GET /sonderthemen/sk2002.pdf HTTP/1.1" 200 2628923 "-" "Mozilla/5.0 (Macintosh; Intel Mac OS X 10.15; rv:82.0) Gecko/20100101 Firefox/82.0"
