188.138.41.207 - - [16/Sep/2017:20:11:40 +0200] "GET /buecher/rezensionen_ungeteilt.html HTTP/1.1" 200 9764 "-" "Mozilla/5.0 (X11; U; Linux Core i7-4980HQ; de; rv:32.0; compatible; JobboerseBot; http://www.jobboerse.com/bot.htm) Gecko/20100101 Firefox/38.0"
188.138.41.207 - - [16/Sep/2017:20:12:04 +0200] "GET /main.css HTTP/1.1" 200 1439 "http://www.morusverlag.de/buecher/rezensionen_ungeteilt.html" "Mozilla/5.0 (X11; U; Linux Core i7-4980HQ; de; rv:32.0; compatible; JobboerseBot; http://www.jobboerse.com/bot.htm) Gecko/20100101 Firefox/38.0"
188.138.41.207 - - [16/Sep/2017:20:14:36 +0200] "GET /buecher/rezensionen_leiblichkeit_und_zeitlichkeit.html HTTP/1.1" 200 8821 "-" "Mozilla/5.0 (X11; U; Linux Core i7-4980HQ; de; rv:32.0; compatible; JobboerseBot; http://www.jobboerse.com/bot.htm) Gecko/20100101 Firefox/38.0"
188.138.41.207 - - [16/Sep/2017:20:14:37 +0200] "GET /main.css HTTP/1.1" 200 1439 "http://www.morusverlag.de/buecher/rezensionen_leiblichkeit_und_zeitlichkeit.html" "Mozilla/5.0 (X11; U; Linux Core i7-4980HQ; de; rv:32.0; compatible; JobboerseBot; http://www.jobboerse.com/bot.htm) Gecko/20100101 Firefox/38.0"
188.138.41.207 - - [16/Sep/2017:20:16:23 +0200] "GET /buecher/rezensionen_nicht_auf_sand_gebaut.html HTTP/1.1" 200 6594 "-" "Mozilla/5.0 (X11; U; Linux Core i7-4980HQ; de; rv:32.0; compatible; JobboerseBot; http://www.jobboerse.com/bot.htm) Gecko/20100101 Firefox/38.0"
188.138.41.207 - - [16/Sep/2017:20:16:52 +0200] "GET /main.css HTTP/1.1" 200 1439 "http://www.morusverlag.de/buecher/rezensionen_nicht_auf_sand_gebaut.html" "Mozilla/5.0 (X11; U; Linux Core i7-4980HQ; de; rv:32.0; compatible; JobboerseBot; http://www.jobboerse.com/bot.htm) Gecko/20100101 Firefox/38.0"
188.138.41.207 - - [16/Sep/2017:20:20:25 +0200] "GET /buecher/rezensionen_le_saulchoir.html HTTP/1.1" 200 34009 "-" "Mozilla/5.0 (X11; U; Linux Core i7-4980HQ; de; rv:32.0; compatible; JobboerseBot; http://www.jobboerse.com/bot.htm) Gecko/20100101 Firefox/38.0"
188.138.41.207 - - [16/Sep/2017:20:20:25 +0200] "GET /main.css HTTP/1.1" 200 1439 "http://www.morusverlag.de/buecher/rezensionen_le_saulchoir.html" "Mozilla/5.0 (X11; U; Linux Core i7-4980HQ; de; rv:32.0; compatible; JobboerseBot; http://www.jobboerse.com/bot.htm) Gecko/20100101 Firefox/38.0"
40.77.167.55 - - [16/Sep/2017:20:33:49 +0200] "GET /strich.gif HTTP/1.1" 200 45 "-" "Mozilla/5.0 (iPhone; CPU iPhone OS 7_0 like Mac OS X) AppleWebKit/537.51.1 (KHTML, like Gecko) Version/7.0 Mobile/11A465 Safari/9537.53 (compatible; bingbot/2.0; +http://www.bing.com/bingbot.htm)"
157.55.39.112 - - [16/Sep/2017:20:33:55 +0200] "GET /cds/simplay_player.swf?audiofile=glockenspiel2.mp3 HTTP/1.1" 200 6377 "-" "Mozilla/5.0 (iPhone; CPU iPhone OS 7_0 like Mac OS X) AppleWebKit/537.51.1 (KHTML, like Gecko) Version/7.0 Mobile/11A465 Safari/9537.53 (compatible; bingbot/2.0; +http://www.bing.com/bingbot.htm)"
157.55.39.243 - - [16/Sep/2017:20:34:00 +0200] "GET /cds/glockenspiel2.jpg HTTP/1.1" 200 28150 "-" "Mozilla/5.0 (iPhone; CPU iPhone OS 7_0 like Mac OS X) AppleWebKit/537.51.1 (KHTML, like Gecko) Version/7.0 Mobile/11A465 Safari/9537.53 (compatible; bingbot/2.0; +http://www.bing.com/bingbot.htm)"
217.149.175.76 - - [16/Sep/2017:20:38:58 +0200] "GET /main.css HTTP/1.1" 200 1439 "http://www.morusverlag.de/buecher/rezensionen_chateaubriand.html" "Mozilla/5.0 (Windows NT 10.0; Win64; x64) AppleWebKit/537.36 (KHTML, like Gecko) Chrome/60.0.3112.113 Safari/537.36"
217.149.175.76 - - [16/Sep/2017:20:38:58 +0200] "GET /logo_g.gif HTTP/1.1" 200 1301 "http://www.morusverlag.de/buecher/rezensionen_chateaubriand.html" "Mozilla/5.0 (Windows NT 10.0; Win64; x64) AppleWebKit/537.36 (KHTML, like Gecko) Chrome/60.0.3112.113 Safari/537.36"
217.149.175.76 - - [16/Sep/2017:20:38:58 +0200] "GET /buecher/rezensionen_chateaubriand.html HTTP/1.1" 200 47317 "http://www.kathpedia.com/index.php?title=Fran%C3%A7ois_Ren%C3%A9_de_Chateaubriand" "Mozilla/5.0 (Windows NT 10.0; Win64; x64) AppleWebKit/537.36 (KHTML, like Gecko) Chrome/60.0.3112.113 Safari/537.36"
217.149.175.76 - - [16/Sep/2017:20:38:58 +0200] "GET /mv_g.gif HTTP/1.1" 200 4070 "http://www.morusverlag.de/buecher/rezensionen_chateaubriand.html" "Mozilla/5.0 (Windows NT 10.0; Win64; x64) AppleWebKit/537.36 (KHTML, like Gecko) Chrome/60.0.3112.113 Safari/537.36"
217.149.175.76 - - [16/Sep/2017:20:38:58 +0200] "GET /pf.gif HTTP/1.1" 200 62 "http://www.morusverlag.de/buecher/rezensionen_chateaubriand.html" "Mozilla/5.0 (Windows NT 10.0; Win64; x64) AppleWebKit/537.36 (KHTML, like Gecko) Chrome/60.0.3112.113 Safari/537.36"
217.149.175.76 - - [16/Sep/2017:20:38:58 +0200] "GET /strich.gif HTTP/1.1" 200 45 "http://www.morusverlag.de/buecher/rezensionen_chateaubriand.html" "Mozilla/5.0 (Windows NT 10.0; Win64; x64) AppleWebKit/537.36 (KHTML, like Gecko) Chrome/60.0.3112.113 Safari/537.36"
217.149.175.76 - - [16/Sep/2017:20:38:58 +0200] "GET /buecher/chateaubriand.jpg HTTP/1.1" 200 2272 "http://www.morusverlag.de/buecher/rezensionen_chateaubriand.html" "Mozilla/5.0 (Windows NT 10.0; Win64; x64) AppleWebKit/537.36 (KHTML, like Gecko) Chrome/60.0.3112.113 Safari/537.36"
217.149.175.76 - - [16/Sep/2017:20:38:59 +0200] "GET /buecher/schenuit.jpg HTTP/1.1" 200 2024 "http://www.morusverlag.de/buecher/rezensionen_chateaubriand.html" "Mozilla/5.0 (Windows NT 10.0; Win64; x64) AppleWebKit/537.36 (KHTML, like Gecko) Chrome/60.0.3112.113 Safari/537.36"
217.149.175.76 - - [16/Sep/2017:20:38:59 +0200] "GET /m.gif HTTP/1.1" 200 95 "http://www.morusverlag.de/buecher/rezensionen_chateaubriand.html" "Mozilla/5.0 (Windows NT 10.0; Win64; x64) AppleWebKit/537.36 (KHTML, like Gecko) Chrome/60.0.3112.113 Safari/537.36"
217.149.175.76 - - [16/Sep/2017:20:38:59 +0200] "GET /favicon.ico HTTP/1.1" 200 4286 "http://www.morusverlag.de/buecher/rezensionen_chateaubriand.html" "Mozilla/5.0 (Windows NT 10.0; Win64; x64) AppleWebKit/537.36 (KHTML, like Gecko) Chrome/60.0.3112.113 Safari/537.36"
40.77.167.55 - - [16/Sep/2017:20:40:10 +0200] "GET /cds/glockenspiel1.jpg HTTP/1.1" 200 28614 "-" "Mozilla/5.0 (iPhone; CPU iPhone OS 7_0 like Mac OS X) AppleWebKit/537.51.1 (KHTML, like Gecko) Version/7.0 Mobile/11A465 Safari/9537.53 (compatible; bingbot/2.0; +http://www.bing.com/bingbot.htm)"
207.46.13.38 - - [16/Sep/2017:20:40:17 +0200] "GET /cds/simplay_player.swf?audiofile=glockenspiel1.mp3 HTTP/1.1" 200 6377 "-" "Mozilla/5.0 (iPhone; CPU iPhone OS 7_0 like Mac OS X) AppleWebKit/537.51.1 (KHTML, like Gecko) Version/7.0 Mobile/11A465 Safari/9537.53 (compatible; bingbot/2.0; +http://www.bing.com/bingbot.htm)"
217.149.175.76 - - [16/Sep/2017:21:09:43 +0200] "GET /buecher/rezensionen.html HTTP/1.1" 200 6964 "http://www.morusverlag.de/buecher/rezensionen_chateaubriand.html" "Mozilla/5.0 (Windows NT 10.0; Win64; x64) AppleWebKit/537.36 (KHTML, like Gecko) Chrome/60.0.3112.113 Safari/537.36"
217.149.175.76 - - [16/Sep/2017:21:09:43 +0200] "GET /buecher/mein_atem.jpg HTTP/1.1" 200 4118 "http://www.morusverlag.de/buecher/rezensionen.html" "Mozilla/5.0 (Windows NT 10.0; Win64; x64) AppleWebKit/537.36 (KHTML, like Gecko) Chrome/60.0.3112.113 Safari/537.36"
217.149.175.76 - - [16/Sep/2017:21:09:43 +0200] "GET /buecher/engel.jpg HTTP/1.1" 200 5414 "http://www.morusverlag.de/buecher/rezensionen.html" "Mozilla/5.0 (Windows NT 10.0; Win64; x64) AppleWebKit/537.36 (KHTML, like Gecko) Chrome/60.0.3112.113 Safari/537.36"
217.149.175.76 - - [16/Sep/2017:21:09:43 +0200] "GET /cds/ignatius_k.jpg HTTP/1.1" 200 3965 "http://www.morusverlag.de/buecher/rezensionen.html" "Mozilla/5.0 (Windows NT 10.0; Win64; x64) AppleWebKit/537.36 (KHTML, like Gecko) Chrome/60.0.3112.113 Safari/537.36"
217.149.175.76 - - [16/Sep/2017:21:09:43 +0200] "GET /buecher/krise_zum_heil.jpg HTTP/1.1" 200 1930 "http://www.morusverlag.de/buecher/rezensionen.html" "Mozilla/5.0 (Windows NT 10.0; Win64; x64) AppleWebKit/537.36 (KHTML, like Gecko) Chrome/60.0.3112.113 Safari/537.36"
217.149.175.76 - - [16/Sep/2017:21:09:43 +0200] "GET /buecher/le_saulchoir.jpg HTTP/1.1" 200 2734 "http://www.morusverlag.de/buecher/rezensionen.html" "Mozilla/5.0 (Windows NT 10.0; Win64; x64) AppleWebKit/537.36 (KHTML, like Gecko) Chrome/60.0.3112.113 Safari/537.36"
217.149.175.76 - - [16/Sep/2017:21:09:43 +0200] "GET /buecher/nichtaufsand.jpg HTTP/1.1" 200 3733 "http://www.morusverlag.de/buecher/rezensionen.html" "Mozilla/5.0 (Windows NT 10.0; Win64; x64) AppleWebKit/537.36 (KHTML, like Gecko) Chrome/60.0.3112.113 Safari/537.36"
217.149.175.76 - - [16/Sep/2017:21:09:43 +0200] "GET /buecher/leiblichkeit.jpg HTTP/1.1" 200 3929 "http://www.morusverlag.de/buecher/rezensionen.html" "Mozilla/5.0 (Windows NT 10.0; Win64; x64) AppleWebKit/537.36 (KHTML, like Gecko) Chrome/60.0.3112.113 Safari/537.36"
217.149.175.76 - - [16/Sep/2017:21:09:43 +0200] "GET /buecher/preysing.jpg HTTP/1.1" 200 3799 "http://www.morusverlag.de/buecher/rezensionen.html" "Mozilla/5.0 (Windows NT 10.0; Win64; x64) AppleWebKit/537.36 (KHTML, like Gecko) Chrome/60.0.3112.113 Safari/537.36"
217.149.175.76 - - [16/Sep/2017:21:09:43 +0200] "GET /buecher/ungeteilt_im_geteilten.jpg HTTP/1.1" 200 4297 "http://www.morusverlag.de/buecher/rezensionen.html" "Mozilla/5.0 (Windows NT 10.0; Win64; x64) AppleWebKit/537.36 (KHTML, like Gecko) Chrome/60.0.3112.113 Safari/537.36"
217.149.175.76 - - [16/Sep/2017:21:10:30 +0200] "GET /buecher/rezensionen_preysing.html HTTP/1.1" 200 9502 "http://www.morusverlag.de/buecher/rezensionen.html" "Mozilla/5.0 (Windows NT 10.0; Win64; x64) AppleWebKit/537.36 (KHTML, like Gecko) Chrome/60.0.3112.113 Safari/537.36"
217.149.175.76 - - [16/Sep/2017:21:10:30 +0200] "GET /buecher/spiegel.jpg HTTP/1.1" 200 1304 "http://www.morusverlag.de/buecher/rezensionen_preysing.html" "Mozilla/5.0 (Windows NT 10.0; Win64; x64) AppleWebKit/537.36 (KHTML, like Gecko) Chrome/60.0.3112.113 Safari/537.36"
157.55.39.243 - - [16/Sep/2017:21:11:57 +0200] "GET / HTTP/1.1" 200 9360 "-" "Mozilla/5.0 (compatible; bingbot/2.0; +http://www.bing.com/bingbot.htm)"
77.220.213.173 - - [16/Sep/2017:21:21:18 +0200] "HEAD / HTTP/1.1" 200 - "https://helpspina.ru/bolezni/gryzha-shejnogo-otdela.html" "Mozilla/7.0 (compatible; MSIE5.00; Windows 2007)"
185.154.13.6 - - [16/Sep/2017:21:21:18 +0200] "HEAD / HTTP/1.1" 200 - "http://booka.info/blog/biznes_i_zarabotok_v_internete/" "Mozilla/3.0 (compatible; MSIE2.00; Windows 2003)"
178.159.39.237 - - [16/Sep/2017:21:21:18 +0200] "HEAD / HTTP/1.1" 200 - "https://muzamaster.ru/collection/prazdniki" "Mozilla/8.0 (compatible; MSIE6.00; Windows 2006)"
178.159.43.212 - - [16/Sep/2017:21:21:19 +0200] "HEAD / HTTP/1.1" 200 - "https://brauni.com.ua/smesiteli/smesitel-dlja-vanny-azimuth-detail" "Mozilla/3.0 (compatible; MSIE3.00; Windows 2004)"
131.253.27.33 - - [16/Sep/2017:21:34:56 +0200] "GET /main.css HTTP/1.1" 200 1439 "-" "Mozilla/5.0 (iPhone; CPU iPhone OS 7_0 like Mac OS X) AppleWebKit/537.51.1 (KHTML, like Gecko) Version/7.0 Mobile/11A465 Safari/9537.53 BingPreview/1.0b"
131.253.27.33 - - [16/Sep/2017:21:34:56 +0200] "GET /logo_g.gif HTTP/1.1" 200 1301 "-" "Mozilla/5.0 (iPhone; CPU iPhone OS 7_0 like Mac OS X) AppleWebKit/537.51.1 (KHTML, like Gecko) Version/7.0 Mobile/11A465 Safari/9537.53 BingPreview/1.0b"
131.253.27.33 - - [16/Sep/2017:21:34:56 +0200] "GET /mv_g.gif HTTP/1.1" 200 4070 "-" "Mozilla/5.0 (iPhone; CPU iPhone OS 7_0 like Mac OS X) AppleWebKit/537.51.1 (KHTML, like Gecko) Version/7.0 Mobile/11A465 Safari/9537.53 BingPreview/1.0b"
131.253.27.33 - - [16/Sep/2017:21:34:57 +0200] "GET /m.gif HTTP/1.1" 200 95 "-" "Mozilla/5.0 (iPhone; CPU iPhone OS 7_0 like Mac OS X) AppleWebKit/537.51.1 (KHTML, like Gecko) Version/7.0 Mobile/11A465 Safari/9537.53 BingPreview/1.0b"
131.253.27.33 - - [16/Sep/2017:21:34:57 +0200] "GET /pf.gif HTTP/1.1" 200 62 "-" "Mozilla/5.0 (iPhone; CPU iPhone OS 7_0 like Mac OS X) AppleWebKit/537.51.1 (KHTML, like Gecko) Version/7.0 Mobile/11A465 Safari/9537.53 BingPreview/1.0b"
131.253.27.33 - - [16/Sep/2017:21:35:07 +0200] "GET /cds/simplay_control.swf HTTP/1.1" 200 1243 "-" "Mozilla/5.0 (iPhone; CPU iPhone OS 7_0 like Mac OS X) AppleWebKit/537.51.1 (KHTML, like Gecko) Version/7.0 Mobile/11A465 Safari/9537.53 BingPreview/1.0b"
131.253.27.33 - - [16/Sep/2017:21:35:12 +0200] "GET /cds/simplaydata/controlconfig.xml?nocache=1505589985872 HTTP/1.1" 200 121 "-" "Mozilla/5.0 (iPhone; CPU iPhone OS 7_0 like Mac OS X) AppleWebKit/537.51.1 (KHTML, like Gecko) Version/7.0 Mobile/11A465 Safari/9537.53 BingPreview/1.0b"
131.253.27.33 - - [16/Sep/2017:21:35:12 +0200] "GET /cds/simplaydata/playerconfig.xml?nocache=1505589987244 HTTP/1.1" 200 149 "-" "Mozilla/5.0 (iPhone; CPU iPhone OS 7_0 like Mac OS X) AppleWebKit/537.51.1 (KHTML, like Gecko) Version/7.0 Mobile/11A465 Safari/9537.53 BingPreview/1.0b"
131.253.27.33 - - [16/Sep/2017:21:35:16 +0200] "GET /cds/simplaydata/controlskins/default/skin.xml HTTP/1.1" 200 349 "-" "Mozilla/5.0 (iPhone; CPU iPhone OS 7_0 like Mac OS X) AppleWebKit/537.51.1 (KHTML, like Gecko) Version/7.0 Mobile/11A465 Safari/9537.53 BingPreview/1.0b"
131.253.27.33 - - [16/Sep/2017:21:35:16 +0200] "GET /cds/simplaydata/playerskins/default/skin.xml?nocache=1505589990660 HTTP/1.1" 200 649 "-" "Mozilla/5.0 (iPhone; CPU iPhone OS 7_0 like Mac OS X) AppleWebKit/537.51.1 (KHTML, like Gecko) Version/7.0 Mobile/11A465 Safari/9537.53 BingPreview/1.0b"
131.253.27.33 - - [16/Sep/2017:21:35:19 +0200] "GET /cds/simplaydata/controlskins/default/background.jpg HTTP/1.1" 200 772 "-" "Mozilla/5.0 (iPhone; CPU iPhone OS 7_0 like Mac OS X) AppleWebKit/537.51.1 (KHTML, like Gecko) Version/7.0 Mobile/11A465 Safari/9537.53 BingPreview/1.0b"
131.253.27.33 - - [16/Sep/2017:21:35:19 +0200] "GET /cds/simplaydata/playerskins/default/background.jpg HTTP/1.1" 200 340 "-" "Mozilla/5.0 (iPhone; CPU iPhone OS 7_0 like Mac OS X) AppleWebKit/537.51.1 (KHTML, like Gecko) Version/7.0 Mobile/11A465 Safari/9537.53 BingPreview/1.0b"
131.253.27.33 - - [16/Sep/2017:21:35:20 +0200] "GET /cds/simplaydata/controlskins/default/handle.jpg HTTP/1.1" 200 387 "-" "Mozilla/5.0 (iPhone; CPU iPhone OS 7_0 like Mac OS X) AppleWebKit/537.51.1 (KHTML, like Gecko) Version/7.0 Mobile/11A465 Safari/9537.53 BingPreview/1.0b"
131.253.27.33 - - [16/Sep/2017:21:35:20 +0200] "GET /cds/simplaydata/playerskins/default/play_up.jpg HTTP/1.1" 200 643 "-" "Mozilla/5.0 (iPhone; CPU iPhone OS 7_0 like Mac OS X) AppleWebKit/537.51.1 (KHTML, like Gecko) Version/7.0 Mobile/11A465 Safari/9537.53 BingPreview/1.0b"
131.253.27.33 - - [16/Sep/2017:21:35:23 +0200] "GET /cds/simplaydata/controlskins/default/on.jpg HTTP/1.1" 200 986 "-" "Mozilla/5.0 (iPhone; CPU iPhone OS 7_0 like Mac OS X) AppleWebKit/537.51.1 (KHTML, like Gecko) Version/7.0 Mobile/11A465 Safari/9537.53 BingPreview/1.0b"
131.253.27.33 - - [16/Sep/2017:21:35:24 +0200] "GET /cds/simplaydata/playerskins/default/play_over.jpg HTTP/1.1" 200 986 "-" "Mozilla/5.0 (iPhone; CPU iPhone OS 7_0 like Mac OS X) AppleWebKit/537.51.1 (KHTML, like Gecko) Version/7.0 Mobile/11A465 Safari/9537.53 BingPreview/1.0b"
131.253.27.33 - - [16/Sep/2017:21:35:28 +0200] "GET /cds/simplaydata/controlskins/default/off.jpg HTTP/1.1" 200 608 "-" "Mozilla/5.0 (iPhone; CPU iPhone OS 7_0 like Mac OS X) AppleWebKit/537.51.1 (KHTML, like Gecko) Version/7.0 Mobile/11A465 Safari/9537.53 BingPreview/1.0b"
131.253.27.33 - - [16/Sep/2017:21:35:28 +0200] "GET /cds/simplaydata/playerskins/default/play_down.jpg HTTP/1.1" 200 972 "-" "Mozilla/5.0 (iPhone; CPU iPhone OS 7_0 like Mac OS X) AppleWebKit/537.51.1 (KHTML, like Gecko) Version/7.0 Mobile/11A465 Safari/9537.53 BingPreview/1.0b"
131.253.27.33 - - [16/Sep/2017:21:35:28 +0200] "GET /cds/simplaydata/playerskins/default/pause_up.jpg HTTP/1.1" 200 649 "-" "Mozilla/5.0 (iPhone; CPU iPhone OS 7_0 like Mac OS X) AppleWebKit/537.51.1 (KHTML, like Gecko) Version/7.0 Mobile/11A465 Safari/9537.53 BingPreview/1.0b"
131.253.27.33 - - [16/Sep/2017:21:35:29 +0200] "GET /cds/simplaydata/playerskins/default/pause_over.jpg HTTP/1.1" 200 988 "-" "Mozilla/5.0 (iPhone; CPU iPhone OS 7_0 like Mac OS X) AppleWebKit/537.51.1 (KHTML, like Gecko) Version/7.0 Mobile/11A465 Safari/9537.53 BingPreview/1.0b"
131.253.27.33 - - [16/Sep/2017:21:35:34 +0200] "GET /cds/simplaydata/playerskins/default/pause_down.jpg HTTP/1.1" 200 939 "-" "Mozilla/5.0 (iPhone; CPU iPhone OS 7_0 like Mac OS X) AppleWebKit/537.51.1 (KHTML, like Gecko) Version/7.0 Mobile/11A465 Safari/9537.53 BingPreview/1.0b"
65.55.210.207 - - [16/Sep/2017:21:41:15 +0200] "GET /m.gif HTTP/1.1" 200 95 "-" "Mozilla/5.0 (iPhone; CPU iPhone OS 7_0 like Mac OS X) AppleWebKit/537.51.1 (KHTML, like Gecko) Version/7.0 Mobile/11A465 Safari/9537.53 BingPreview/1.0b"
68.180.229.233 - - [16/Sep/2017:21:41:18 +0200] "GET /robots.txt HTTP/1.1" 200 100 "-" "Mozilla/5.0 (compatible; Yahoo! Slurp; http://help.yahoo.com/help/us/ysearch/slurp)"
68.180.229.233 - - [16/Sep/2017:21:41:18 +0200] "GET /sonderthemen/oekt_extra3.pdf HTTP/1.1" 304 - "-" "Mozilla/5.0 (compatible; Yahoo! Slurp; http://help.yahoo.com/help/us/ysearch/slurp)"
65.55.210.207 - - [16/Sep/2017:21:41:18 +0200] "GET /strich.gif HTTP/1.1" 200 45 "-" "Mozilla/5.0 (iPhone; CPU iPhone OS 7_0 like Mac OS X) AppleWebKit/537.51.1 (KHTML, like Gecko) Version/7.0 Mobile/11A465 Safari/9537.53 BingPreview/1.0b"
65.55.210.207 - - [16/Sep/2017:21:41:20 +0200] "GET /cds/simplay_control.swf HTTP/1.1" 200 1243 "-" "Mozilla/5.0 (iPhone; CPU iPhone OS 7_0 like Mac OS X) AppleWebKit/537.51.1 (KHTML, like Gecko) Version/7.0 Mobile/11A465 Safari/9537.53 BingPreview/1.0b"
65.55.210.207 - - [16/Sep/2017:21:41:21 +0200] "GET /cds/simplaydata/controlconfig.xml?nocache=1505291281097 HTTP/1.1" 200 121 "-" "Mozilla/5.0 (iPhone; CPU iPhone OS 7_0 like Mac OS X) AppleWebKit/537.51.1 (KHTML, like Gecko) Version/7.0 Mobile/11A465 Safari/9537.53 BingPreview/1.0b"
65.55.210.207 - - [16/Sep/2017:21:41:21 +0200] "GET /cds/simplaydata/playerconfig.xml?nocache=1505291281764 HTTP/1.1" 200 149 "-" "Mozilla/5.0 (iPhone; CPU iPhone OS 7_0 like Mac OS X) AppleWebKit/537.51.1 (KHTML, like Gecko) Version/7.0 Mobile/11A465 Safari/9537.53 BingPreview/1.0b"
65.55.210.207 - - [16/Sep/2017:21:41:23 +0200] "GET /cds/simplaydata/playerskins/default/skin.xml?nocache=1505291282367 HTTP/1.1" 200 649 "-" "Mozilla/5.0 (iPhone; CPU iPhone OS 7_0 like Mac OS X) AppleWebKit/537.51.1 (KHTML, like Gecko) Version/7.0 Mobile/11A465 Safari/9537.53 BingPreview/1.0b"
65.55.210.207 - - [16/Sep/2017:21:41:26 +0200] "GET /cds/simplaydata/controlskins/default/handle.jpg HTTP/1.1" 200 387 "-" "Mozilla/5.0 (iPhone; CPU iPhone OS 7_0 like Mac OS X) AppleWebKit/537.51.1 (KHTML, like Gecko) Version/7.0 Mobile/11A465 Safari/9537.53 BingPreview/1.0b"
65.55.210.207 - - [16/Sep/2017:21:41:27 +0200] "GET /cds/simplaydata/controlskins/default/on.jpg HTTP/1.1" 200 986 "-" "Mozilla/5.0 (iPhone; CPU iPhone OS 7_0 like Mac OS X) AppleWebKit/537.51.1 (KHTML, like Gecko) Version/7.0 Mobile/11A465 Safari/9537.53 BingPreview/1.0b"
65.55.210.207 - - [16/Sep/2017:21:41:28 +0200] "GET /cds/simplaydata/playerskins/default/background.jpg HTTP/1.1" 200 340 "-" "Mozilla/5.0 (iPhone; CPU iPhone OS 7_0 like Mac OS X) AppleWebKit/537.51.1 (KHTML, like Gecko) Version/7.0 Mobile/11A465 Safari/9537.53 BingPreview/1.0b"
65.55.210.207 - - [16/Sep/2017:21:41:28 +0200] "GET /cds/simplaydata/controlskins/default/off.jpg HTTP/1.1" 200 608 "-" "Mozilla/5.0 (iPhone; CPU iPhone OS 7_0 like Mac OS X) AppleWebKit/537.51.1 (KHTML, like Gecko) Version/7.0 Mobile/11A465 Safari/9537.53 BingPreview/1.0b"
65.55.210.207 - - [16/Sep/2017:21:41:29 +0200] "GET /cds/simplaydata/playerskins/default/play_over.jpg HTTP/1.1" 200 986 "-" "Mozilla/5.0 (iPhone; CPU iPhone OS 7_0 like Mac OS X) AppleWebKit/537.51.1 (KHTML, like Gecko) Version/7.0 Mobile/11A465 Safari/9537.53 BingPreview/1.0b"
188.100.67.119 - - [16/Sep/2017:21:41:58 +0200] "GET /cds/hymnos_akathistos.html HTTP/1.1" 200 11061 "-" "Mozilla/5.0 (Macintosh; Intel Mac OS X 10_10_3) AppleWebKit/537.36 (KHTML, like Gecko) Chrome/41.0.2272.89 Safari/537.36"
185.209.20.147 - - [16/Sep/2017:21:46:13 +0200] "HEAD / HTTP/1.1" 200 - "https://78led.ru/torshery-157/" "Mozilla/5.0 (compatible; MSIE6.00; Windows 2008)"
194.87.236.223 - - [16/Sep/2017:22:27:22 +0200] "HEAD / HTTP/1.1" 200 - "https://pochkam.ru/bolezni-pochek/korallovidnye-kamni-v-pochkah.html" "Mozilla/7.0 (compatible; MSIE4.00; Windows 2005)"
194.87.94.251 - - [16/Sep/2017:22:27:22 +0200] "HEAD / HTTP/1.1" 200 - "https://www.elegante-vitrage.ru" "Mozilla/4.0 (compatible; MSIE6.00; Windows 2006)"
193.124.131.168 - - [16/Sep/2017:22:27:22 +0200] "HEAD / HTTP/1.1" 200 - "http://b-healthy.ru/zdorove/65-kushat-li-za-dvoikh" "Mozilla/6.0 (compatible; MSIE5.00; Windows 2009)"
195.133.201.163 - - [16/Sep/2017:22:27:22 +0200] "HEAD / HTTP/1.1" 200 - "https://ravonn.ru/krash-test-ravon-r3/" "Mozilla/7.0 (compatible; MSIE6.00; Windows 2007)"
195.133.145.199 - - [16/Sep/2017:22:27:22 +0200] "HEAD / HTTP/1.1" 200 - "http://resurs-2012.ru" "Mozilla/6.0 (compatible; MSIE2.00; Windows 2004)"
185.5.249.185 - - [16/Sep/2017:22:43:33 +0200] "HEAD / HTTP/1.1" 200 - "https://kabinet-tele2.ru/%d1%82%d0%b0%d1%80%d0%b8%d1%84-%d0%bc%d0%be%d0%b9-%d0%be%d0%bd%d0%bb%d0%b0%d0%b9%d0%bd-%d1%82%d0%b5%d0%bb%d0%b52/" "Mozilla/4.0 (compatible; MSIE6.00; Windows 2002)"
194.67.210.77 - - [16/Sep/2017:22:43:33 +0200] "HEAD / HTTP/1.1" 200 - "http://avto-zapchasti.in.ua/109_fiat" "Mozilla/7.0 (compatible; MSIE7.00; Windows 2005)"
193.124.179.180 - - [16/Sep/2017:22:43:33 +0200] "HEAD / HTTP/1.1" 200 - "https://www.kontaktor.su/ruchnye-koshki--tele.html" "Mozilla/2.0 (compatible; MSIE3.00; Windows 2009)"
185.125.219.134 - - [16/Sep/2017:22:43:33 +0200] "HEAD / HTTP/1.1" 200 - "https://zaimgrad.ru/mfo-mytischi/" "Mozilla/8.0 (compatible; MSIE7.00; Windows 2007)"
193.124.190.64 - - [16/Sep/2017:22:43:34 +0200] "HEAD / HTTP/1.1" 200 - "http://perelomu.net/golova/perelom-zatylochnoj-kosti.html" "Mozilla/4.0 (compatible; MSIE5.00; Windows 2005)"
195.133.147.6 - - [16/Sep/2017:22:43:36 +0200] "HEAD / HTTP/1.1" 200 - "https://everflora.ru/zemlyanika/242-zemlyanika-alpijskaya-mechta.html" "Mozilla/8.0 (compatible; MSIE4.00; Windows 2007)"
157.55.39.112 - - [16/Sep/2017:22:44:12 +0200] "GET /buecher/veroeffentlichungsliste.html HTTP/1.1" 200 129779 "-" "Mozilla/5.0 (iPhone; CPU iPhone OS 7_0 like Mac OS X) AppleWebKit/537.51.1 (KHTML, like Gecko) Version/7.0 Mobile/11A465 Safari/9537.53 (compatible; bingbot/2.0; +http://www.bing.com/bingbot.htm)"
5.9.106.81 - - [16/Sep/2017:22:53:59 +0200] "GET /sonderthemen/oekt_extra3.pdf HTTP/1.1" 200 2109745 "-" "Mozilla/5.0 (X11; Ubuntu; Linux i686; rv:15.0) Gecko/20100101 Firefox/15.0.1"
88.68.58.173 - - [16/Sep/2017:23:20:04 +0200] "GET /main.css HTTP/1.1" 200 1439 "http://www.morusverlag.de/buecher/rezensionen_chateaubriand.html" "Mozilla/5.0 (Linux; Android 6.0.1; SM-G903F Build/MMB29K) AppleWebKit/537.36 (KHTML, like Gecko) Chrome/60.0.3112.116 Mobile Safari/537.36"
88.68.58.173 - - [16/Sep/2017:23:20:05 +0200] "GET /logo_g.gif HTTP/1.1" 200 1301 "http://www.morusverlag.de/buecher/rezensionen_chateaubriand.html" "Mozilla/5.0 (Linux; Android 6.0.1; SM-G903F Build/MMB29K) AppleWebKit/537.36 (KHTML, like Gecko) Chrome/60.0.3112.116 Mobile Safari/537.36"
88.68.58.173 - - [16/Sep/2017:23:20:05 +0200] "GET /mv_g.gif HTTP/1.1" 200 4070 "http://www.morusverlag.de/buecher/rezensionen_chateaubriand.html" "Mozilla/5.0 (Linux; Android 6.0.1; SM-G903F Build/MMB29K) AppleWebKit/537.36 (KHTML, like Gecko) Chrome/60.0.3112.116 Mobile Safari/537.36"
88.68.58.173 - - [16/Sep/2017:23:20:05 +0200] "GET /pf.gif HTTP/1.1" 200 62 "http://www.morusverlag.de/buecher/rezensionen_chateaubriand.html" "Mozilla/5.0 (Linux; Android 6.0.1; SM-G903F Build/MMB29K) AppleWebKit/537.36 (KHTML, like Gecko) Chrome/60.0.3112.116 Mobile Safari/537.36"
88.68.58.173 - - [16/Sep/2017:23:20:04 +0200] "GET /buecher/rezensionen_chateaubriand.html HTTP/1.1" 200 47317 "http://www.google.de/" "Mozilla/5.0 (Linux; Android 6.0.1; SM-G903F Build/MMB29K) AppleWebKit/537.36 (KHTML, like Gecko) Chrome/60.0.3112.116 Mobile Safari/537.36"
88.68.58.173 - - [16/Sep/2017:23:20:05 +0200] "GET /strich.gif HTTP/1.1" 200 45 "http://www.morusverlag.de/buecher/rezensionen_chateaubriand.html" "Mozilla/5.0 (Linux; Android 6.0.1; SM-G903F Build/MMB29K) AppleWebKit/537.36 (KHTML, like Gecko) Chrome/60.0.3112.116 Mobile Safari/537.36"
88.68.58.173 - - [16/Sep/2017:23:20:05 +0200] "GET /buecher/chateaubriand.jpg HTTP/1.1" 200 2272 "http://www.morusverlag.de/buecher/rezensionen_chateaubriand.html" "Mozilla/5.0 (Linux; Android 6.0.1; SM-G903F Build/MMB29K) AppleWebKit/537.36 (KHTML, like Gecko) Chrome/60.0.3112.116 Mobile Safari/537.36"
88.68.58.173 - - [16/Sep/2017:23:20:05 +0200] "GET /buecher/schenuit.jpg HTTP/1.1" 200 2024 "http://www.morusverlag.de/buecher/rezensionen_chateaubriand.html" "Mozilla/5.0 (Linux; Android 6.0.1; SM-G903F Build/MMB29K) AppleWebKit/537.36 (KHTML, like Gecko) Chrome/60.0.3112.116 Mobile Safari/537.36"
88.68.58.173 - - [16/Sep/2017:23:20:05 +0200] "GET /m.gif HTTP/1.1" 200 95 "http://www.morusverlag.de/buecher/rezensionen_chateaubriand.html" "Mozilla/5.0 (Linux; Android 6.0.1; SM-G903F Build/MMB29K) AppleWebKit/537.36 (KHTML, like Gecko) Chrome/60.0.3112.116 Mobile Safari/537.36"
88.68.58.173 - - [16/Sep/2017:23:20:06 +0200] "GET /favicon.ico HTTP/1.1" 200 4286 "http://www.morusverlag.de/buecher/rezensionen_chateaubriand.html" "Mozilla/5.0 (Linux; Android 6.0.1; SM-G903F Build/MMB29K) AppleWebKit/537.36 (KHTML, like Gecko) Chrome/60.0.3112.116 Mobile Safari/537.36"
173.208.211.58 - - [16/Sep/2017:23:59:44 +0200] "GET / HTTP/1.1" 200 9360 "-" "Mozilla/5.0 (Windows NT 6.1; Trident/7.0; rv:11.0) like Gecko"
157.55.39.243 - - [17/Sep/2017:00:20:18 +0200] "GET /buecher/ HTTP/1.1" 200 25885 "-" "Mozilla/5.0 (iPhone; CPU iPhone OS 7_0 like Mac OS X) AppleWebKit/537.51.1 (KHTML, like Gecko) Version/7.0 Mobile/11A465 Safari/9537.53 (compatible; bingbot/2.0; +http://www.bing.com/bingbot.htm)"
194.173.174.106 - - [17/Sep/2017:00:48:06 +0200] "HEAD / HTTP/1.1" 200 - "-" "Mozilla/5.0 (Windows NT 6.3; WOW64) AppleWebKit/537.36 (KHTML, like Gecko) Chrome/43.0.2357.134 Safari/537.36"
207.46.13.38 - - [17/Sep/2017:00:55:24 +0200] "GET /buecher/rezensionen_le_saulchoir.html HTTP/1.1" 200 34009 "-" "Mozilla/5.0 (compatible; bingbot/2.0; +http://www.bing.com/bingbot.htm)"
42.236.99.65 - - [17/Sep/2017:01:14:00 +0200] "GET / HTTP/1.1" 200 9360 "http://www.morusverlag.de/" "Mozilla/5.0 (Windows NT 6.1; WOW64) AppleWebKit/537.36 (KHTML, like Gecko) Chrome/50.0.2661.102 Safari/537.36; 360Spider"
77.220.213.173 - - [17/Sep/2017:01:35:01 +0200] "HEAD / HTTP/1.1" 200 - "https://helpspina.ru/bolezni/osteohondroz-poyasnichnogo-otdela.html" "Mozilla/8.0 (compatible; MSIE2.00; Windows 2008)"
185.154.13.6 - - [17/Sep/2017:01:35:01 +0200] "HEAD / HTTP/1.1" 200 - "http://booka.info/blog/18/" "Mozilla/2.0 (compatible; MSIE3.00; Windows 2003)"
178.159.43.212 - - [17/Sep/2017:01:35:02 +0200] "HEAD / HTTP/1.1" 200 - "https://brauni.com.ua/smesiteli/smesitel-dlya-kukhni-utopiya-detail" "Mozilla/3.0 (compatible; MSIE7.00; Windows 2009)"
178.159.39.237 - - [17/Sep/2017:01:35:03 +0200] "HEAD / HTTP/1.1" 200 - "https://muzamaster.ru/collection/lunnyy-kamen" "Mozilla/3.0 (compatible; MSIE2.00; Windows 2007)"
185.209.20.147 - - [17/Sep/2017:02:07:48 +0200] "HEAD / HTTP/1.1" 200 - "https://78led.ru/svetodiodnaya-lenta-70/" "Mozilla/3.0 (compatible; MSIE6.00; Windows 2003)"
194.173.174.106 - - [17/Sep/2017:02:46:52 +0200] "HEAD / HTTP/1.1" 200 - "-" "Mozilla/5.0 (Windows NT 6.3; WOW64) AppleWebKit/537.36 (KHTML, like Gecko) Chrome/43.0.2357.134 Safari/537.36"
136.243.89.157 - - [17/Sep/2017:02:47:07 +0200] "GET /robots.txt HTTP/1.0" 200 100 "-" "Mozilla/5.0 (compatible; SEOkicks-Robot; +http://www.seokicks.de/robot.html)"
136.243.89.157 - - [17/Sep/2017:02:47:09 +0200] "GET / HTTP/1.0" 200 9360 "-" "Mozilla/5.0 (compatible; SEOkicks-Robot; +http://www.seokicks.de/robot.html)"
136.243.89.157 - - [17/Sep/2017:02:47:10 +0200] "GET /main.css HTTP/1.0" 200 1439 "http://www.morusverlag.de/" "Mozilla/5.0 (compatible; SEOkicks-Robot; +http://www.seokicks.de/robot.html)"
136.243.89.157 - - [17/Sep/2017:02:47:11 +0200] "GET /buecher/index.html HTTP/1.0" 200 25885 "http://www.morusverlag.de/" "Mozilla/5.0 (compatible; SEOkicks-Robot; +http://www.seokicks.de/robot.html)"
136.243.89.157 - - [17/Sep/2017:02:47:13 +0200] "GET /contentflow/contentflow.js HTTP/1.0" 200 42064 "http://www.morusverlag.de/buecher/index.html" "Mozilla/5.0 (compatible; SEOkicks-Robot; +http://www.seokicks.de/robot.html)"
136.243.89.157 - - [17/Sep/2017:02:47:14 +0200] "GET /cds/index.html HTTP/1.0" 200 7987 "http://www.morusverlag.de/" "Mozilla/5.0 (compatible; SEOkicks-Robot; +http://www.seokicks.de/robot.html)"
136.243.89.157 - - [17/Sep/2017:02:47:15 +0200] "GET /gotteslob/index.html HTTP/1.0" 200 2770 "http://www.morusverlag.de/" "Mozilla/5.0 (compatible; SEOkicks-Robot; +http://www.seokicks.de/robot.html)"
136.243.89.157 - - [17/Sep/2017:02:47:16 +0200] "GET /jahrbuch/index.html HTTP/1.0" 200 3956 "http://www.morusverlag.de/" "Mozilla/5.0 (compatible; SEOkicks-Robot; +http://www.seokicks.de/robot.html)"
136.243.89.157 - - [17/Sep/2017:02:47:18 +0200] "GET /sonderthemen/index.html HTTP/1.0" 200 7102 "http://www.morusverlag.de/" "Mozilla/5.0 (compatible; SEOkicks-Robot; +http://www.seokicks.de/robot.html)"
157.55.39.243 - - [17/Sep/2017:02:59:13 +0200] "GET /contentflow/contentflow.js HTTP/1.1" 200 42064 "-" "Mozilla/5.0 (iPhone; CPU iPhone OS 7_0 like Mac OS X) AppleWebKit/537.51.1 (KHTML, like Gecko) Version/7.0 Mobile/11A465 Safari/9537.53 (compatible; bingbot/2.0; +http://www.bing.com/bingbot.htm)"
194.87.94.251 - - [17/Sep/2017:03:23:32 +0200] "HEAD / HTTP/1.1" 200 - "https://www.elegante-vitrage.ru/dushevye-ogragdeniya" "Mozilla/2.0 (compatible; MSIE2.00; Windows 2009)"
194.87.236.223 - - [17/Sep/2017:03:23:32 +0200] "HEAD / HTTP/1.1" 200 - "https://pochkam.ru/bolezni-pochek/bpgn.html" "Mozilla/4.0 (compatible; MSIE7.00; Windows 2003)"
195.133.145.199 - - [17/Sep/2017:03:23:33 +0200] "HEAD / HTTP/1.1" 200 - "http://resurs-2012.ru/diplomnye-raboty-na-zakaz" "Mozilla/5.0 (compatible; MSIE2.00; Windows 2008)"
193.124.131.168 - - [17/Sep/2017:03:23:33 +0200] "HEAD / HTTP/1.1" 200 - "http://b-healthy.ru/zdorove" "Mozilla/7.0 (compatible; MSIE7.00; Windows 2008)"
195.133.201.163 - - [17/Sep/2017:03:23:33 +0200] "HEAD / HTTP/1.1" 200 - "https://ravonn.ru/ravon-matiz-r2/" "Mozilla/7.0 (compatible; MSIE6.00; Windows 2004)"
193.124.179.180 - - [17/Sep/2017:03:43:51 +0200] "HEAD / HTTP/1.1" 200 - "https://www.kontaktor.su/kranovoe-oborudovanie.html" "Mozilla/4.0 (compatible; MSIE5.00; Windows 2005)"
193.124.190.64 - - [17/Sep/2017:03:43:51 +0200] "HEAD / HTTP/1.1" 200 - "http://perelomu.net/ozhogi/elektricheskij-ozhog.html" "Mozilla/5.0 (compatible; MSIE4.00; Windows 2006)"
185.5.249.185 - - [17/Sep/2017:03:43:51 +0200] "HEAD / HTTP/1.1" 200 - "https://kabinet-tele2.ru/%d1%82%d0%b0%d1%80%d0%b8%d1%84-%d0%be%d1%87%d0%b5%d0%bd%d1%8c-%d1%87%d0%b5%d1%80%d0%bd%d1%8b%d0%b9-%d0%bd%d0%b0-%d1%82%d0%b5%d0%bb%d0%b52/" "Mozilla/6.0 (compatible; MSIE2.00; Windows 2009)"
194.67.210.77 - - [17/Sep/2017:03:43:51 +0200] "HEAD / HTTP/1.1" 200 - "http://avto-zapchasti.in.ua/plastik-245" "Mozilla/3.0 (compatible; MSIE6.00; Windows 2003)"
185.125.219.134 - - [17/Sep/2017:03:43:52 +0200] "HEAD / HTTP/1.1" 200 - "https://zaimgrad.ru/mfo-plast/" "Mozilla/4.0 (compatible; MSIE5.00; Windows 2002)"
195.133.147.6 - - [17/Sep/2017:03:43:53 +0200] "HEAD / HTTP/1.1" 200 - "https://everflora.ru/arbuz/385-arbuz-medovyj.html" "Mozilla/8.0 (compatible; MSIE5.00; Windows 2006)"
148.251.75.46 - - [17/Sep/2017:03:56:57 +0200] "GET /sonderthemen/oeaz2002.pdf HTTP/1.1" 200 3161455 "-" "Mozilla/5.0 (X11; Linux x86_64) AppleWebKit/534.24 (KHTML, like Gecko) Chrome/11.0.696.34 Safari/534.24"
65.55.210.27 - - [17/Sep/2017:04:00:14 +0200] "GET /buecher/ HTTP/1.1" 200 25885 "-" "Mozilla/5.0 (iPhone; CPU iPhone OS 7_0 like Mac OS X) AppleWebKit/537.51.1 (KHTML, like Gecko) Version/7.0 Mobile/11A465 Safari/9537.53 BingPreview/1.0b"
199.30.24.16 - - [17/Sep/2017:04:00:18 +0200] "GET /contentflow/contentflow.css HTTP/1.1" 200 3109 "-" "Mozilla/5.0 (iPhone; CPU iPhone OS 7_0 like Mac OS X) AppleWebKit/537.51.1 (KHTML, like Gecko) Version/7.0 Mobile/11A465 Safari/9537.53 BingPreview/1.0b"
199.30.25.32 - - [17/Sep/2017:04:00:19 +0200] "GET /contentflow/mycontentflow.css HTTP/1.1" 404 2381 "-" "Mozilla/5.0 (iPhone; CPU iPhone OS 7_0 like Mac OS X) AppleWebKit/537.51.1 (KHTML, like Gecko) Version/7.0 Mobile/11A465 Safari/9537.53 BingPreview/1.0b"
65.55.210.7 - - [17/Sep/2017:04:00:20 +0200] "GET /contentflow/ContentFlowAddOn_white.js HTTP/1.1" 200 471 "-" "Mozilla/5.0 (iPhone; CPU iPhone OS 7_0 like Mac OS X) AppleWebKit/537.51.1 (KHTML, like Gecko) Version/7.0 Mobile/11A465 Safari/9537.53 BingPreview/1.0b"
199.30.24.253 - - [17/Sep/2017:04:00:21 +0200] "GET /contentflow/ContentFlowAddOn_white.css HTTP/1.1" 200 3174 "-" "Mozilla/5.0 (iPhone; CPU iPhone OS 7_0 like Mac OS X) AppleWebKit/537.51.1 (KHTML, like Gecko) Version/7.0 Mobile/11A465 Safari/9537.53 BingPreview/1.0b"
5.9.112.6 - - [17/Sep/2017:04:38:31 +0200] "GET /sonderthemen/oekt_extra3.pdf HTTP/1.1" 200 2109745 "-" "Mozilla/5.0 (Windows NT 6.1; rv:21.0) Gecko/20100101 Firefox/21.0"
88.207.105.72 - - [17/Sep/2017:04:48:36 +0200] "GET / HTTP/1.1" 200 9360 "http://www.morusverlag.de" "Mozilla/5.0 (Windows NT 6.3; WOW64; rv:50.0) Gecko/20100101 Firefox/50.0"
157.55.39.47 - - [17/Sep/2017:04:59:47 +0200] "GET /robots.txt HTTP/1.1" 200 100 "-" "Mozilla/5.0 (compatible; bingbot/2.0; +http://www.bing.com/bingbot.htm)"
207.46.13.38 - - [17/Sep/2017:05:00:03 +0200] "GET /impressum.html HTTP/1.1" 200 2808 "-" "Mozilla/5.0 (compatible; bingbot/2.0; +http://www.bing.com/bingbot.htm)"
193.1.218.163 - - [17/Sep/2017:05:00:11 +0200] "HEAD / HTTP/1.1" 200 - "-" "Java/1.6.0_23"
78.46.156.169 - - [17/Sep/2017:05:51:49 +0200] "GET /sonderthemen/oekt_extra2.pdf HTTP/1.1" 200 1939949 "-" "Mozilla/5.0 (Windows NT 6.1; WOW64; rv:21.0) Gecko/20100101 Firefox/21.0"
157.55.39.47 - - [17/Sep/2017:06:00:11 +0200] "GET /robots.txt HTTP/1.1" 200 100 "-" "Mozilla/5.0 (compatible; bingbot/2.0; +http://www.bing.com/bingbot.htm)"
157.55.39.243 - - [17/Sep/2017:06:00:22 +0200] "GET /gotteslob/ HTTP/1.1" 200 2770 "-" "Mozilla/5.0 (compatible; bingbot/2.0; +http://www.bing.com/bingbot.htm)"
144.76.100.150 - - [17/Sep/2017:06:38:16 +0200] "GET / HTTP/1.0" 200 9360 "-" "-"
144.76.100.150 - - [17/Sep/2017:06:38:16 +0200] "GET / HTTP/1.0" 200 9360 "-" "-"
144.76.100.150 - - [17/Sep/2017:06:38:16 +0200] "GET /logo_g.gif HTTP/1.1" 200 1301 "http://www.morusverlag.de" "Mozilla/5.0 (Windows; U; Windows NT 5.1; en-US; rv:1.8.1.15) Gecko/20080623 Firefox/2.0.0.15"
144.76.100.150 - - [17/Sep/2017:06:38:16 +0200] "GET /mv_g.gif HTTP/1.1" 200 4070 "http://www.morusverlag.de" "Mozilla/5.0 (Windows; U; Windows NT 5.1; en-US; rv:1.8.1.15) Gecko/20080623 Firefox/2.0.0.15"
144.76.100.150 - - [17/Sep/2017:06:38:16 +0200] "GET /mv_gr_w.gif HTTP/1.1" 200 2005 "http://www.morusverlag.de" "Mozilla/5.0 (Windows; U; Windows NT 5.1; en-US; rv:1.8.1.15) Gecko/20080623 Firefox/2.0.0.15"
144.76.100.150 - - [17/Sep/2017:06:38:16 +0200] "GET /jahrbuch_k.jpg HTTP/1.1" 200 3719 "http://www.morusverlag.de" "Mozilla/5.0 (Windows; U; Windows NT 5.1; en-US; rv:1.8.1.15) Gecko/20080623 Firefox/2.0.0.15"
144.76.100.150 - - [17/Sep/2017:06:38:16 +0200] "GET /pf.gif HTTP/1.1" 200 62 "http://www.morusverlag.de" "Mozilla/5.0 (Windows; U; Windows NT 5.1; en-US; rv:1.8.1.15) Gecko/20080623 Firefox/2.0.0.15"
144.76.100.150 - - [17/Sep/2017:06:38:16 +0200] "GET /buecher/gesichter.jpg HTTP/1.1" 200 7271 "http://www.morusverlag.de" "Mozilla/5.0 (Windows; U; Windows NT 5.1; en-US; rv:1.8.1.15) Gecko/20080623 Firefox/2.0.0.15"
144.76.100.150 - - [17/Sep/2017:06:38:16 +0200] "GET /cds/rosarium_k.jpg HTTP/1.1" 200 3972 "http://www.morusverlag.de" "Mozilla/5.0 (Windows; U; Windows NT 5.1; en-US; rv:1.8.1.15) Gecko/20080623 Firefox/2.0.0.15"
144.76.100.150 - - [17/Sep/2017:06:38:16 +0200] "GET /cds/ignatius_k.jpg HTTP/1.1" 200 3965 "http://www.morusverlag.de" "Mozilla/5.0 (Windows; U; Windows NT 5.1; en-US; rv:1.8.1.15) Gecko/20080623 Firefox/2.0.0.15"
144.76.100.150 - - [17/Sep/2017:06:38:16 +0200] "GET /cds/hymnos_k.jpg HTTP/1.1" 200 4986 "http://www.morusverlag.de" "Mozilla/5.0 (Windows; U; Windows NT 5.1; en-US; rv:1.8.1.15) Gecko/20080623 Firefox/2.0.0.15"
144.76.100.150 - - [17/Sep/2017:06:38:16 +0200] "GET /cds/astazi_k.jpg HTTP/1.1" 200 6049 "http://www.morusverlag.de" "Mozilla/5.0 (Windows; U; Windows NT 5.1; en-US; rv:1.8.1.15) Gecko/20080623 Firefox/2.0.0.15"
144.76.100.150 - - [17/Sep/2017:06:38:17 +0200] "GET /gotteslob.jpg HTTP/1.1" 200 9390 "http://www.morusverlag.de" "Mozilla/5.0 (Windows; U; Windows NT 5.1; en-US; rv:1.8.1.15) Gecko/20080623 Firefox/2.0.0.15"
144.76.100.150 - - [17/Sep/2017:06:38:17 +0200] "GET /buecher/engel.jpg HTTP/1.1" 200 5414 "http://www.morusverlag.de" "Mozilla/5.0 (Windows; U; Windows NT 5.1; en-US; rv:1.8.1.15) Gecko/20080623 Firefox/2.0.0.15"
144.76.100.150 - - [17/Sep/2017:06:38:17 +0200] "GET /buecher/chateaubriand.jpg HTTP/1.1" 200 2272 "http://www.morusverlag.de" "Mozilla/5.0 (Windows; U; Windows NT 5.1; en-US; rv:1.8.1.15) Gecko/20080623 Firefox/2.0.0.15"
144.76.100.150 - - [17/Sep/2017:06:38:17 +0200] "GET /buch_k.jpg HTTP/1.1" 200 4591 "http://www.morusverlag.de" "Mozilla/5.0 (Windows; U; Windows NT 5.1; en-US; rv:1.8.1.15) Gecko/20080623 Firefox/2.0.0.15"
144.76.71.83 - - [17/Sep/2017:06:52:43 +0200] "GET /sonderthemen/az2000.pdf HTTP/1.1" 200 2253581 "-" "Mozilla/5.0 (Macintosh; Intel Mac OS X 10_7_5) AppleWebKit/537.36 (KHTML, like Gecko) Chrome/27.0.1453.93 Safari/537.36"
5.9.94.207 - - [17/Sep/2017:06:52:47 +0200] "GET /sonderthemen/sk2000.pdf HTTP/1.1" 200 2925489 "-" "Mozilla/5.0 (Macintosh; Intel Mac OS X 10_5_8) AppleWebKit/534.50.2 (KHTML, like Gecko) Version/5.0.6 Safari/533.22.3"
46.229.168.66 - - [17/Sep/2017:07:02:08 +0200] "GET /gotteslob/index.html HTTP/1.1" 200 2770 "-" "Mozilla/5.0 (compatible; SemrushBot/1.2~bl; +http://www.semrush.com/bot.html)"
46.229.168.72 - - [17/Sep/2017:07:02:27 +0200] "GET /buecher/bestellung.php HTTP/1.1" 200 10142 "-" "Mozilla/5.0 (compatible; SemrushBot/1.2~bl; +http://www.semrush.com/bot.html)"
46.229.168.73 - - [17/Sep/2017:07:02:48 +0200] "GET /aktuell.html HTTP/1.1" 404 2381 "-" "Mozilla/5.0 (compatible; SemrushBot/1.2~bl; +http://www.semrush.com/bot.html)"
46.229.168.65 - - [17/Sep/2017:07:02:59 +0200] "GET /impressum.html HTTP/1.1" 200 2808 "-" "Mozilla/5.0 (compatible; SemrushBot/1.2~bl; +http://www.semrush.com/bot.html)"
46.229.168.74 - - [17/Sep/2017:07:03:18 +0200] "GET /buecher/rezensionen_nicht_auf_sand_gebaut.html HTTP/1.1" 200 6594 "-" "Mozilla/5.0 (compatible; SemrushBot/1.2~bl; +http://www.semrush.com/bot.html)"
46.229.168.72 - - [17/Sep/2017:07:03:39 +0200] "GET /cds/glockenspiel2.html HTTP/1.1" 200 9831 "-" "Mozilla/5.0 (compatible; SemrushBot/1.2~bl; +http://www.semrush.com/bot.html)"
180.76.15.135 - - [17/Sep/2017:07:03:41 +0200] "GET /buecher/rezension_gesichter_u_geschichten.pdf HTTP/1.1" 200 223287 "-" "Mozilla/5.0 (compatible; Baiduspider/2.0; +http://www.baidu.com/search/spider.html)"
46.229.168.72 - - [17/Sep/2017:07:03:53 +0200] "GET /jahrbuch/bestellung.php HTTP/1.1" 200 10316 "-" "Mozilla/5.0 (compatible; SemrushBot/1.2~bl; +http://www.semrush.com/bot.html)"
46.229.168.75 - - [17/Sep/2017:07:04:12 +0200] "GET /buecher/rezensionen_ignatius.html HTTP/1.1" 200 8182 "-" "Mozilla/5.0 (compatible; SemrushBot/1.2~bl; +http://www.semrush.com/bot.html)"
46.229.168.66 - - [17/Sep/2017:07:04:39 +0200] "GET / HTTP/1.1" 200 9360 "-" "Mozilla/5.0 (compatible; SemrushBot/1.2~bl; +http://www.semrush.com/bot.html)"
46.229.168.70 - - [17/Sep/2017:07:04:47 +0200] "GET /cds/ignatius.html HTTP/1.1" 200 6576 "-" "Mozilla/5.0 (compatible; SemrushBot/1.2~bl; +http://www.semrush.com/bot.html)"
46.229.168.71 - - [17/Sep/2017:07:05:24 +0200] "GET /cds/index.html HTTP/1.1" 200 7987 "-" "Mozilla/5.0 (compatible; SemrushBot/1.2~bl; +http://www.semrush.com/bot.html)"
46.229.168.73 - - [17/Sep/2017:07:05:28 +0200] "GET /cds/lumina.html HTTP/1.1" 200 9000 "-" "Mozilla/5.0 (compatible; SemrushBot/1.2~bl; +http://www.semrush.com/bot.html)"
46.229.168.65 - - [17/Sep/2017:07:05:42 +0200] "GET /buecher/index.html HTTP/1.1" 200 25885 "-" "Mozilla/5.0 (compatible; SemrushBot/1.2~bl; +http://www.semrush.com/bot.html)"
46.229.168.74 - - [17/Sep/2017:07:06:00 +0200] "GET /sonderthemen/index.html HTTP/1.1" 200 7102 "-" "Mozilla/5.0 (compatible; SemrushBot/1.2~bl; +http://www.semrush.com/bot.html)"
46.229.168.71 - - [17/Sep/2017:07:06:03 +0200] "GET /cds/index.html HTTP/1.1" 200 7987 "-" "Mozilla/5.0 (compatible; SemrushBot/1.2~bl; +http://www.semrush.com/bot.html)"
46.229.168.67 - - [17/Sep/2017:07:06:18 +0200] "GET /cds/glockenspiel1.html HTTP/1.1" 200 9736 "-" "Mozilla/5.0 (compatible; SemrushBot/1.2~bl; +http://www.semrush.com/bot.html)"
46.229.168.71 - - [17/Sep/2017:07:06:30 +0200] "GET /cds/index.html HTTP/1.1" 200 7987 "-" "Mozilla/5.0 (compatible; SemrushBot/1.2~bl; +http://www.semrush.com/bot.html)"
46.229.168.70 - - [17/Sep/2017:07:06:36 +0200] "GET /index.html HTTP/1.1" 200 9360 "-" "Mozilla/5.0 (compatible; SemrushBot/1.2~bl; +http://www.semrush.com/bot.html)"
40.77.167.55 - - [17/Sep/2017:07:08:13 +0200] "GET /buecher/gesichter/02.jpg HTTP/1.1" 200 9266 "-" "Mozilla/5.0 (compatible; bingbot/2.0; +http://www.bing.com/bingbot.htm)"
5.9.145.132 - - [17/Sep/2017:07:11:21 +0200] "GET /buecher/ HTTP/1.1" 200 25885 "-" "Mozilla/5.0 (Windows NT 5.1; rv:11.0) Gecko Firefox/11.0"
157.55.39.243 - - [17/Sep/2017:08:31:18 +0200] "GET / HTTP/1.1" 200 9360 "-" "Mozilla/5.0 (compatible; bingbot/2.0; +http://www.bing.com/bingbot.htm)"
77.88.9.129 - - [17/Sep/2017:08:57:16 +0200] "GET /robots.txt HTTP/1.1" 200 100 "-" "Mozilla/5.0 (compatible; YandexBot/3.0; +http://yandex.com/bots)"
77.88.9.129 - - [17/Sep/2017:08:57:20 +0200] "GET /buecher/gesichter/16.jpg HTTP/1.1" 304 - "-" "Mozilla/5.0 (compatible; YandexImages/3.0; +http://yandex.com/bots)"
144.76.71.83 - - [17/Sep/2017:09:29:50 +0200] "GET /sonderthemen/sk2000.pdf HTTP/1.1" 200 2925489 "-" "Mozilla/5.0 (Windows NT 5.1; rv:21.0) Gecko/20130331 Firefox/21.0"
199.58.86.209 - - [17/Sep/2017:09:49:12 +0200] "GET /robots.txt HTTP/1.1" 200 100 "-" "Mozilla/5.0 (compatible; MJ12bot/v1.4.8; http://mj12bot.com/)"
199.58.86.209 - - [17/Sep/2017:09:49:14 +0200] "GET / HTTP/1.1" 200 9360 "-" "Mozilla/5.0 (compatible; MJ12bot/v1.4.8; http://mj12bot.com/)"
80.135.237.19 - - [17/Sep/2017:11:39:15 +0200] "GET /sonderthemen/az2003.pdf HTTP/1.1" 206 65536 "https://www.google.de/" "Mozilla/5.0 (Windows NT 6.3; WOW64; rv:55.0) Gecko/20100101 Firefox/55.0"
80.135.237.19 - - [17/Sep/2017:11:39:17 +0200] "GET /sonderthemen/az2003.pdf HTTP/1.1" 206 65536 "https://www.google.de/" "Mozilla/5.0 (Windows NT 6.3; WOW64; rv:55.0) Gecko/20100101 Firefox/55.0"
80.135.237.19 - - [17/Sep/2017:11:39:17 +0200] "GET /sonderthemen/az2003.pdf HTTP/1.1" 206 15011 "https://www.google.de/" "Mozilla/5.0 (Windows NT 6.3; WOW64; rv:55.0) Gecko/20100101 Firefox/55.0"
80.135.237.19 - - [17/Sep/2017:11:39:13 +0200] "GET /sonderthemen/az2003.pdf HTTP/1.1" 200 4864675 "https://www.google.de/" "Mozilla/5.0 (Windows NT 6.3; WOW64; rv:55.0) Gecko/20100101 Firefox/55.0"
80.135.237.19 - - [17/Sep/2017:11:39:19 +0200] "GET /favicon.ico HTTP/1.1" 200 4286 "-" "Mozilla/5.0 (Windows NT 6.3; WOW64; rv:55.0) Gecko/20100101 Firefox/55.0"
207.46.13.38 - - [17/Sep/2017:13:44:58 +0200] "GET /cds/glockenspiel2_k.jpg HTTP/1.1" 200 5265 "-" "Mozilla/5.0 (compatible; bingbot/2.0; +http://www.bing.com/bingbot.htm)"
157.55.39.243 - - [17/Sep/2017:13:56:08 +0200] "GET /cds/hymnos_akathistos.html HTTP/1.1" 200 11061 "-" "Mozilla/5.0 (compatible; bingbot/2.0; +http://www.bing.com/bingbot.htm)"
69.64.40.177 - - [17/Sep/2017:13:57:22 +0200] "GET /buecher/gesichter/10.jpg HTTP/1.1" 200 7686 "-" "Googlebot-Image/1.0"
40.77.167.55 - - [17/Sep/2017:16:14:01 +0200] "GET /sonderthemen/sk2004.pdf HTTP/1.1" 200 1967215 "-" "Mozilla/5.0 (iPhone; CPU iPhone OS 7_0 like Mac OS X) AppleWebKit/537.51.1 (KHTML, like Gecko) Version/7.0 Mobile/11A465 Safari/9537.53 (compatible; bingbot/2.0; +http://www.bing.com/bingbot.htm)"
5.9.112.6 - - [17/Sep/2017:16:32:10 +0200] "GET /sonderthemen/oekt_extra1.pdf HTTP/1.1" 200 1849015 "-" "Mozilla/5.0 (X11; Ubuntu; Linux x86_64; rv:14.0) Gecko/20100101 Firefox/14.0.1"
68.180.229.233 - - [17/Sep/2017:16:38:26 +0200] "GET /robots.txt HTTP/1.1" 200 100 "-" "Mozilla/5.0 (compatible; Yahoo! Slurp; http://help.yahoo.com/help/us/ysearch/slurp)"
68.180.229.233 - - [17/Sep/2017:16:38:27 +0200] "GET /cds/astazi.html HTTP/1.1" 304 - "-" "Mozilla/5.0 (compatible; Yahoo! Slurp; http://help.yahoo.com/help/us/ysearch/slurp)"
40.77.167.55 - - [17/Sep/2017:16:40:12 +0200] "GET /robots.txt HTTP/1.1" 200 100 "-" "Mozilla/5.0 (compatible; bingbot/2.0; +http://www.bing.com/bingbot.htm)"
207.46.13.38 - - [17/Sep/2017:16:40:22 +0200] "GET /main.css HTTP/1.1" 200 1439 "-" "Mozilla/5.0 (compatible; bingbot/2.0; +http://www.bing.com/bingbot.htm)"
68.180.229.233 - - [17/Sep/2017:18:29:09 +0200] "GET /sonderthemen/oekz2003.pdf HTTP/1.1" 304 - "-" "Mozilla/5.0 (compatible; Yahoo! Slurp; http://help.yahoo.com/help/us/ysearch/slurp)"
40.77.167.55 - - [17/Sep/2017:18:51:33 +0200] "GET /sonderthemen/sk2004.pdf HTTP/1.1" 200 1967215 "-" "Mozilla/5.0 (iPhone; CPU iPhone OS 7_0 like Mac OS X) AppleWebKit/537.51.1 (KHTML, like Gecko) Version/7.0 Mobile/11A465 Safari/9537.53 (compatible; bingbot/2.0; +http://www.bing.com/bingbot.htm)"
40.77.162.31 - - [17/Sep/2017:20:12:35 +0200] "GET /buecher/gesichter/08.jpg HTTP/1.1" 200 10437 "-" "Mozilla/5.0 (Windows NT 6.1; WOW64) AppleWebKit/534+ (KHTML, like Gecko) BingPreview/1.0b"
144.76.80.151 - - [17/Sep/2017:20:30:52 +0200] "GET /robots.txt HTTP/1.0" 200 100 "-" "Mozilla/5.0 (Windows NT 6.2; WOW64; rv:29.0) Gecko/20100101 Firefox/29.0"
213.239.205.118 - - [17/Sep/2017:20:33:01 +0200] "GET /robots.txt HTTP/1.0" 200 100 "-" "Mozilla/5.0 (compatible; MSIE 9.0; Windows NT 6.0; Trident/5.0; SLCC1; .NET CLR 2.0.50727; Media Center PC 5.0; MDDC; .NET CLR 3.5.30729; .NET CLR 3.0.30729; .NET4.0C; .NET4.0E)"
104.227.162.98 - - [17/Sep/2017:22:03:50 +0200] "GET /sonderthemen/oeaz2001.pdf HTTP/1.0" 200 4496626 "http://www.morusverlag.de/" "Mozilla/5.0 (Windows NT 6.3; WOW64) AppleWebKit/537.36 (KHTML, like Gecko) Chrome/39.0.2171.95 Safari/537.36"
42.236.54.2 - - [17/Sep/2017:22:29:37 +0200] "GET / HTTP/1.1" 200 9360 "http://www.morusverlag.de/" "Mozilla/5.0 (Windows NT 6.1; WOW64) AppleWebKit/537.36 (KHTML, like Gecko) Chrome/50.0.2661.102 Safari/537.36; 360Spider"
40.77.167.55 - - [17/Sep/2017:22:44:09 +0200] "GET /sonderthemen/sk2002.pdf HTTP/1.1" 200 2628923 "-" "Mozilla/5.0 (compatible; bingbot/2.0; +http://www.bing.com/bingbot.htm)"
157.55.39.243 - - [17/Sep/2017:23:25:26 +0200] "GET / HTTP/1.1" 200 9360 "-" "Mozilla/5.0 (compatible; bingbot/2.0; +http://www.bing.com/bingbot.htm)"
207.46.13.38 - - [17/Sep/2017:23:47:07 +0200] "GET /cds/lumina_k.jpg HTTP/1.1" 200 6053 "-" "Mozilla/5.0 (compatible; bingbot/2.0; +http://www.bing.com/bingbot.htm)"
151.80.31.154 - - [17/Sep/2017:23:55:39 +0200] "GET /buecher/rezensionen_ungeteilt.html HTTP/1.1" 200 9764 "-" "Mozilla/5.0 (compatible; AhrefsBot/5.2; +http://ahrefs.com/robot/)"
78.46.156.169 - - [18/Sep/2017:00:07:43 +0200] "GET /buecher/ HTTP/1.1" 200 25885 "-" "Mozilla/5.0 (Macintosh; Intel Mac OS X 10_8_3) AppleWebKit/537.36 (KHTML, like Gecko) Chrome/27.0.1453.93 Safari/537.36"
5.9.106.81 - - [18/Sep/2017:00:16:17 +0200] "GET /sonderthemen/oeaz2001.pdf HTTP/1.1" 200 4496626 "-" "Mozilla/5.0 (Windows NT 6.1; WOW64; rv:21.0) Gecko/20130401 Firefox/21.0"
207.46.13.38 - - [18/Sep/2017:00:30:41 +0200] "GET /cds/lumina_k.jpg HTTP/1.1" 200 6053 "-" "Mozilla/5.0 (compatible; bingbot/2.0; +http://www.bing.com/bingbot.htm)"
185.134.29.211 - - [18/Sep/2017:00:58:35 +0200] "GET //admin HTTP/1.1" 404 2381 "-" "Mozilla/5.0 (X11; Linux x86_64) AppleWebKit/537.31 (KHTML, like Gecko) Chrome/26.0.1410.63 Safari/537.31"
185.134.29.211 - - [18/Sep/2017:00:58:35 +0200] "GET / HTTP/1.1" 200 9360 "-" "Mozilla/5.0 (X11; Linux x86_64) AppleWebKit/537.31 (KHTML, like Gecko) Chrome/26.0.1410.63 Safari/537.31"
207.46.13.38 - - [18/Sep/2017:01:03:28 +0200] "GET /cds/glockenspiel2_k.jpg HTTP/1.1" 200 5265 "-" "Mozilla/5.0 (compatible; bingbot/2.0; +http://www.bing.com/bingbot.htm)"
207.46.13.32 - - [18/Sep/2017:01:03:30 +0200] "GET /cds/glockenspiel1_k.jpg HTTP/1.1" 200 5641 "-" "Mozilla/5.0 (compatible; bingbot/2.0; +http://www.bing.com/bingbot.htm)"
68.180.229.233 - - [18/Sep/2017:01:56:11 +0200] "GET /robots.txt HTTP/1.1" 200 100 "-" "Mozilla/5.0 (compatible; Yahoo! Slurp; http://help.yahoo.com/help/us/ysearch/slurp)"
68.180.229.233 - - [18/Sep/2017:01:56:11 +0200] "GET /sonderthemen/oekt_extra2.pdf HTTP/1.1" 304 - "-" "Mozilla/5.0 (compatible; Yahoo! Slurp; http://help.yahoo.com/help/us/ysearch/slurp)"
77.220.213.173 - - [18/Sep/2017:03:28:11 +0200] "HEAD / HTTP/1.1" 200 - "https://helpspina.ru/bolezni/lechenie-gryzhi-pozvonochnika.html" "Mozilla/5.0 (compatible; MSIE5.00; Windows 2009)"
185.209.20.147 - - [18/Sep/2017:03:28:12 +0200] "HEAD / HTTP/1.1" 200 - "http://booka.info/blog/biznes_i_zarabotok_v_internete/" "Mozilla/3.0 (compatible; MSIE5.00; Windows 2004)"
185.154.13.6 - - [18/Sep/2017:03:28:12 +0200] "HEAD / HTTP/1.1" 200 - "http://b-healthy.ru/krasota/82-kak-izbavitsya-ot-meshkov-pod-glazami" "Mozilla/8.0 (compatible; MSIE7.00; Windows 2007)"
178.159.39.237 - - [18/Sep/2017:03:28:12 +0200] "HEAD / HTTP/1.1" 200 - "https://brauni.com.ua/smesiteli/smesitel-0215y-detail" "Mozilla/3.0 (compatible; MSIE2.00; Windows 2009)"
178.159.43.212 - - [18/Sep/2017:03:28:12 +0200] "HEAD / HTTP/1.1" 200 - "https://erastudio.kz/laminaciya/" "Mozilla/6.0 (compatible; MSIE4.00; Windows 2007)"
