185.154.13.6 - - [03/Sep/2017:04:37:38 +0200] "HEAD / HTTP/1.1" 200 - "https://bio-optomarket.ru" "Mozilla/5.0 (compatible; MSIE6.00; Windows 2005)"
185.209.20.147 - - [03/Sep/2017:04:37:38 +0200] "HEAD / HTTP/1.1" 200 - "https://ukrsmeta.ua/raznovidnosti-krovelnyh-materialov/" "Mozilla/6.0 (compatible; MSIE2.00; Windows 2007)"
178.159.43.212 - - [03/Sep/2017:04:43:05 +0200] "HEAD / HTTP/1.1" 200 - "https://ortomed24.ru/gryzhevye/1650-bandazh-gryzhevoj-pupochnyjdlya-detej-do-1-goda-orto-bg-101.html" "Mozilla/6.0 (compatible; MSIE7.00; Windows 2008)"
194.87.94.251 - - [03/Sep/2017:04:47:08 +0200] "HEAD / HTTP/1.1" 200 - "http://selhoztehnik.com/traktor-htz-17221" "Mozilla/5.0 (compatible; MSIE2.00; Windows 2004)"
194.87.236.223 - - [03/Sep/2017:04:47:08 +0200] "HEAD / HTTP/1.1" 200 - "http://ledflux.ru/svetilniki/" "Mozilla/7.0 (compatible; MSIE5.00; Windows 2008)"
195.133.145.199 - - [03/Sep/2017:04:47:08 +0200] "HEAD / HTTP/1.1" 200 - "http://kvadlogistic.ru/napravleniya/novgorodskaya-oblast/borovichi" "Mozilla/6.0 (compatible; MSIE5.00; Windows 2002)"
195.133.201.163 - - [03/Sep/2017:04:48:32 +0200] "HEAD / HTTP/1.1" 200 - "http://komputers-best.ru/metro/191-remont-kompyuterov-chekhovskaya" "Mozilla/4.0 (compatible; MSIE7.00; Windows 2008)"
193.124.131.168 - - [03/Sep/2017:04:50:44 +0200] "HEAD / HTTP/1.1" 200 - "http://komp-pomosch.ru/prajs-list" "Mozilla/5.0 (compatible; MSIE6.00; Windows 2003)"
67.2.254.235 - - [03/Sep/2017:04:56:49 +0200] "GET /cds/hymnos_akathistos.html HTTP/1.1" 200 11061 "-" "Mozilla/5.0 (Windows NT 6.3; WOW64; rv:45.0) Gecko/20100101 Firefox/45.0"
67.2.254.235 - - [03/Sep/2017:04:56:50 +0200] "GET /kontakt/ HTTP/1.1" 200 2896 "-" "Mozilla/5.0 (Windows NT 6.3; WOW64; rv:45.0) Gecko/20100101 Firefox/45.0"
193.1.218.163 - - [03/Sep/2017:05:00:30 +0200] "HEAD / HTTP/1.1" 200 - "-" "Java/1.6.0_23"
212.225.226.27 - - [03/Sep/2017:05:01:02 +0200] "GET / HTTP/1.1" 200 9360 "-" "Java/1.6.0_04"
212.225.226.27 - - [03/Sep/2017:05:01:12 +0200] "GET /impressum.html HTTP/1.1" 200 2808 "-" "Java/1.6.0_04"
212.225.226.27 - - [03/Sep/2017:05:01:13 +0200] "GET /search.php HTTP/1.1" 200 2027 "-" "Java/1.6.0_04"
195.133.147.6 - - [03/Sep/2017:05:01:14 +0200] "HEAD / HTTP/1.1" 200 - "http://pk-services.ru/metro/219-remont-kompyuterov-metro-aviamotornaya" "Mozilla/6.0 (compatible; MSIE5.00; Windows 2002)"
212.225.226.27 - - [03/Sep/2017:05:01:20 +0200] "GET /index.html HTTP/1.1" 200 9360 "-" "Java/1.6.0_04"
212.225.226.27 - - [03/Sep/2017:05:01:26 +0200] "GET /buecher/index.html HTTP/1.1" 200 25885 "-" "Java/1.6.0_04"
212.225.226.27 - - [03/Sep/2017:05:01:31 +0200] "GET /buecher/rezensionen_chateaubriand.html HTTP/1.1" 200 47317 "-" "Java/1.6.0_04"
212.225.226.27 - - [03/Sep/2017:05:01:45 +0200] "GET /buecher/veroeffentlichungsliste.html HTTP/1.1" 200 129779 "-" "Java/1.6.0_04"
212.225.226.27 - - [03/Sep/2017:05:02:06 +0200] "GET /cds/hymnos_akathistos.html HTTP/1.1" 200 11061 "-" "Java/1.6.0_04"
212.225.226.27 - - [03/Sep/2017:05:02:08 +0200] "GET /cds/ignatius.html HTTP/1.1" 200 6576 "-" "Java/1.6.0_04"
212.225.226.27 - - [03/Sep/2017:05:02:08 +0200] "GET /cds/index.html HTTP/1.1" 200 7987 "-" "Java/1.6.0_04"
212.225.226.27 - - [03/Sep/2017:05:02:17 +0200] "GET /cds/rosarium.html HTTP/1.1" 200 6680 "-" "Java/1.6.0_04"
212.225.226.27 - - [03/Sep/2017:05:02:24 +0200] "GET /gotteslob/index.html HTTP/1.1" 200 2770 "-" "Java/1.6.0_04"
212.225.226.27 - - [03/Sep/2017:05:02:26 +0200] "GET /jahrbuch/index.html HTTP/1.1" 200 3956 "-" "Java/1.6.0_04"
212.225.226.27 - - [03/Sep/2017:05:02:35 +0200] "GET /kontakt/index.html HTTP/1.1" 200 2896 "-" "Java/1.6.0_04"
212.225.226.27 - - [03/Sep/2017:05:02:51 +0200] "GET /sonderthemen/index.html HTTP/1.1" 200 7102 "-" "Java/1.6.0_04"
212.225.226.27 - - [03/Sep/2017:05:02:59 +0200] "GET /buecher/bestellung.php HTTP/1.1" 200 10142 "-" "Java/1.6.0_04"
212.225.226.27 - - [03/Sep/2017:05:03:04 +0200] "GET /buecher/diskussion.html HTTP/1.1" 200 9925 "-" "Java/1.6.0_04"
212.225.226.27 - - [03/Sep/2017:05:03:08 +0200] "GET /buecher/rezensionen_engel.html HTTP/1.1" 200 6598 "-" "Java/1.6.0_04"
212.225.226.27 - - [03/Sep/2017:05:03:19 +0200] "GET /buecher/rezensionen_krise_zum_heil.html HTTP/1.1" 200 9828 "-" "Java/1.6.0_04"
212.225.226.27 - - [03/Sep/2017:05:03:27 +0200] "GET /buecher/rezensionen_le_saulchoir.html HTTP/1.1" 200 34009 "-" "Java/1.6.0_04"
212.225.226.27 - - [03/Sep/2017:05:03:30 +0200] "GET /buecher/rezensionen_leiblichkeit_und_zeitlichkeit.html HTTP/1.1" 200 8821 "-" "Java/1.6.0_04"
212.225.226.27 - - [03/Sep/2017:05:03:37 +0200] "GET /buecher/rezensionen_nicht_auf_sand_gebaut.html HTTP/1.1" 200 6594 "-" "Java/1.6.0_04"
212.225.226.27 - - [03/Sep/2017:05:03:40 +0200] "GET /buecher/rezensionen_preysing.html HTTP/1.1" 200 9502 "-" "Java/1.6.0_04"
212.225.226.27 - - [03/Sep/2017:05:03:48 +0200] "GET /buecher/rezensionen_psalmen.html HTTP/1.1" 200 6787 "-" "Java/1.6.0_04"
212.225.226.27 - - [03/Sep/2017:05:03:53 +0200] "GET /contentflow/contentflow.js HTTP/1.1" 200 42064 "-" "Java/1.6.0_04"
212.225.226.27 - - [03/Sep/2017:05:04:15 +0200] "GET /buecher/rezensionen.html HTTP/1.1" 200 6964 "-" "Java/1.6.0_04"
212.225.226.27 - - [03/Sep/2017:05:04:19 +0200] "GET /buecher/rezensionen_ignatius.html HTTP/1.1" 200 8182 "-" "Java/1.6.0_04"
212.225.226.27 - - [03/Sep/2017:05:04:20 +0200] "GET /cds/astazi.html HTTP/1.1" 200 8453 "-" "Java/1.6.0_04"
212.225.226.27 - - [03/Sep/2017:05:04:27 +0200] "GET /cds/glockenspiel1.html HTTP/1.1" 200 9736 "-" "Java/1.6.0_04"
212.225.226.27 - - [03/Sep/2017:05:04:27 +0200] "GET /cds/glockenspiel2.html HTTP/1.1" 200 9831 "-" "Java/1.6.0_04"
212.225.226.27 - - [03/Sep/2017:05:04:30 +0200] "GET /cds/lumina.html HTTP/1.1" 200 9000 "-" "Java/1.6.0_04"
212.225.226.27 - - [03/Sep/2017:05:04:35 +0200] "GET /jahrbuch/bestellung.php HTTP/1.1" 200 10316 "-" "Java/1.6.0_04"
212.225.226.27 - - [03/Sep/2017:05:04:39 +0200] "GET /sonderthemen/archiv.html HTTP/1.1" 200 6959 "-" "Java/1.6.0_04"
212.225.226.27 - - [03/Sep/2017:05:04:42 +0200] "GET /sonderthemen/presse.html HTTP/1.1" 200 5772 "-" "Java/1.6.0_04"
212.225.226.27 - - [03/Sep/2017:05:04:50 +0200] "GET /contentflow/\"+K.src+\" HTTP/1.1" 404 2381 "-" "Java/1.6.0_04"
188.227.18.230 - - [03/Sep/2017:05:13:09 +0200] "HEAD / HTTP/1.1" 200 - "http://artbilliart.com/catalog/9/18/" "Mozilla/4.0 (compatible; MSIE4.00; Windows 2006)"
185.158.153.174 - - [03/Sep/2017:05:13:09 +0200] "HEAD / HTTP/1.1" 200 - "http://skidka.site/shops/ebay-ru" "Mozilla/4.0 (compatible; MSIE2.00; Windows 2003)"
185.5.249.185 - - [03/Sep/2017:05:13:10 +0200] "HEAD / HTTP/1.1" 200 - "http://pro-pir.ru/blag.html" "Mozilla/3.0 (compatible; MSIE4.00; Windows 2007)"
193.124.179.180 - - [03/Sep/2017:05:13:10 +0200] "HEAD / HTTP/1.1" 200 - "http://medicaltranslate.ru/otzyvy/" "Mozilla/5.0 (compatible; MSIE2.00; Windows 2005)"
193.124.190.64 - - [03/Sep/2017:05:13:10 +0200] "HEAD / HTTP/1.1" 200 - "https://www.bufetout.ru/catering/kofe-breik/" "Mozilla/8.0 (compatible; MSIE3.00; Windows 2002)"
194.67.210.77 - - [03/Sep/2017:05:13:11 +0200] "HEAD / HTTP/1.1" 200 - "http://promoshopping.ru/coupon/traektoriya/" "Mozilla/7.0 (compatible; MSIE7.00; Windows 2009)"
199.30.24.160 - - [03/Sep/2017:06:16:27 +0200] "GET /pf.gif HTTP/1.1" 200 62 "http://www.morusverlag.de/buecher/veroeffentlichungsliste.html" "Mozilla/5.0 (iPhone; CPU iPhone OS 7_0 like Mac OS X) AppleWebKit/537.51.1 (KHTML, like Gecko) Version/7.0 Mobile/11A465 Safari/9537.53 BingPreview/1.0b"
162.210.196.98 - - [03/Sep/2017:07:43:38 +0200] "GET /robots.txt HTTP/1.1" 200 100 "-" "Mozilla/5.0 (compatible; MJ12bot/v1.4.8; http://mj12bot.com/)"
162.210.196.98 - - [03/Sep/2017:07:43:40 +0200] "GET / HTTP/1.1" 200 9360 "-" "Mozilla/5.0 (compatible; MJ12bot/v1.4.8; http://mj12bot.com/)"
88.99.27.172 - - [03/Sep/2017:08:44:15 +0200] "GET /buecher/index.html HTTP/1.1" 200 25885 "-" "Mozilla/5.0 (Windows NT 6.1; rv:12.0) Gecko/20120403211507 Firefox/14.0.1"
5.101.78.194 - - [03/Sep/2017:09:08:17 +0200] "HEAD / HTTP/1.1" 200 - "http://asupro.com" "Mozilla/7.0 (compatible; MSIE5.00; Windows 2004)"
178.159.39.237 - - [03/Sep/2017:09:57:41 +0200] "HEAD / HTTP/1.1" 200 - "https://bavariagid.de/bavaria-tours" "Mozilla/4.0 (compatible; MSIE4.00; Windows 2002)"
185.154.13.6 - - [03/Sep/2017:09:57:41 +0200] "HEAD / HTTP/1.1" 200 - "https://bio-optomarket.ru" "Mozilla/5.0 (compatible; MSIE6.00; Windows 2005)"
77.220.213.173 - - [03/Sep/2017:09:57:41 +0200] "HEAD / HTTP/1.1" 200 - "http://artvrn.ru/perenos" "Mozilla/5.0 (compatible; MSIE7.00; Windows 2008)"
185.209.20.147 - - [03/Sep/2017:09:57:41 +0200] "HEAD / HTTP/1.1" 200 - "https://ukrsmeta.ua/vybor-dveri/" "Mozilla/6.0 (compatible; MSIE4.00; Windows 2007)"
178.159.43.212 - - [03/Sep/2017:09:57:59 +0200] "HEAD / HTTP/1.1" 200 - "https://ortomed24.ru/chulki/2061-chulki-mediven-comfort-2-klass-medi-z659-1-1-1000.html" "Mozilla/3.0 (compatible; MSIE3.00; Windows 2002)"
46.161.9.14 - - [03/Sep/2017:10:06:01 +0200] "GET /jahrbuch/index.html HTTP/1.0" 200 3956 "http://www.morusverlag.de/jahrbuch/index.html" "Mozilla/5.0 (Windows NT 6.1; Win64; x64; rv:52.0) Gecko/20100101 Firefox/52.0"
217.182.132.36 - - [03/Sep/2017:10:25:00 +0200] "GET /buecher/rezensionen_krise_zum_heil.html HTTP/1.1" 200 9828 "-" "Mozilla/5.0 (compatible; AhrefsBot/5.2; +http://ahrefs.com/robot/)"
194.87.236.223 - - [03/Sep/2017:10:36:48 +0200] "HEAD / HTTP/1.1" 200 - "http://ledflux.ru/svetilniki/" "Mozilla/2.0 (compatible; MSIE4.00; Windows 2005)"
194.87.94.251 - - [03/Sep/2017:10:36:48 +0200] "HEAD / HTTP/1.1" 200 - "http://selhoztehnik.com/katalog" "Mozilla/4.0 (compatible; MSIE3.00; Windows 2006)"
193.124.131.168 - - [03/Sep/2017:10:36:48 +0200] "HEAD / HTTP/1.1" 200 - "http://komp-pomosch.ru/" "Mozilla/3.0 (compatible; MSIE3.00; Windows 2005)"
195.133.145.199 - - [03/Sep/2017:10:36:48 +0200] "HEAD / HTTP/1.1" 200 - "http://kvadlogistic.ru/napravleniya/murmanskaya-oblast/murmansk" "Mozilla/4.0 (compatible; MSIE4.00; Windows 2002)"
195.133.201.163 - - [03/Sep/2017:10:36:48 +0200] "HEAD / HTTP/1.1" 200 - "http://komputers-best.ru/metro/364-remont-kompyuterov-rajon-aeroport" "Mozilla/5.0 (compatible; MSIE2.00; Windows 2004)"
195.133.147.6 - - [03/Sep/2017:10:53:21 +0200] "HEAD / HTTP/1.1" 200 - "http://pk-services.ru/uslugi/28-obsluzhivanie-i-administrirovanie-pk-tekhniki-v-ofise" "Mozilla/4.0 (compatible; MSIE5.00; Windows 2008)"
68.180.229.233 - - [03/Sep/2017:10:58:44 +0200] "GET /robots.txt HTTP/1.1" 200 100 "-" "Mozilla/5.0 (compatible; Yahoo! Slurp; http://help.yahoo.com/help/us/ysearch/slurp)"
68.180.229.233 - - [03/Sep/2017:10:58:44 +0200] "GET /cds/glockenspiel1.html HTTP/1.1" 200 9736 "-" "Mozilla/5.0 (compatible; Yahoo! Slurp; http://help.yahoo.com/help/us/ysearch/slurp)"
188.227.18.230 - - [03/Sep/2017:11:08:50 +0200] "HEAD / HTTP/1.1" 200 - "http://artbilliart.com/catalog/5/47/" "Mozilla/2.0 (compatible; MSIE2.00; Windows 2002)"
185.158.153.174 - - [03/Sep/2017:11:08:50 +0200] "HEAD / HTTP/1.1" 200 - "http://skidka.site/category/vse-dlya-doma-i-mebel" "Mozilla/7.0 (compatible; MSIE4.00; Windows 2002)"
185.5.249.185 - - [03/Sep/2017:11:08:51 +0200] "HEAD / HTTP/1.1" 200 - "http://pro-pir.ru/blag.html" "Mozilla/5.0 (compatible; MSIE6.00; Windows 2004)"
193.124.190.64 - - [03/Sep/2017:11:08:51 +0200] "HEAD / HTTP/1.1" 200 - "https://www.bufetout.ru/catering/furshet/" "Mozilla/8.0 (compatible; MSIE5.00; Windows 2008)"
194.67.210.77 - - [03/Sep/2017:11:08:51 +0200] "HEAD / HTTP/1.1" 200 - "http://promoshopping.ru/coupon/proballru/" "Mozilla/3.0 (compatible; MSIE3.00; Windows 2008)"
193.124.179.180 - - [03/Sep/2017:11:08:52 +0200] "HEAD / HTTP/1.1" 200 - "http://medicaltranslate.ru/obo-mne/" "Mozilla/2.0 (compatible; MSIE3.00; Windows 2008)"
76.110.160.153 - - [03/Sep/2017:12:09:22 +0200] "GET /wp-login.php HTTP/1.1" 404 2381 "-" "Mozilla/5.0 (Windows NT 6.1; WOW64; rv:40.0) Gecko/20100101 Firefox/40.1"
76.110.160.153 - - [03/Sep/2017:12:09:22 +0200] "GET / HTTP/1.1" 200 9360 "-" "Mozilla/5.0 (Windows NT 6.1; WOW64; rv:40.0) Gecko/20100101 Firefox/40.1"
66.249.79.56 - - [03/Sep/2017:12:34:20 +0200] "GET /robots.txt HTTP/1.1" 200 100 "-" "Mozilla/5.0 (compatible; Googlebot/2.1; +http://www.google.com/bot.html)"
66.249.79.56 - - [03/Sep/2017:12:34:20 +0200] "GET /buecher/rezensionen_ignatius.html HTTP/1.1" 200 8182 "-" "Mozilla/5.0 (compatible; Googlebot/2.1; +http://www.google.com/bot.html)"
66.249.79.62 - - [03/Sep/2017:12:34:23 +0200] "GET /main.css HTTP/1.1" 200 1439 "http://www.morusverlag.de/buecher/rezensionen_ignatius.html" "Mozilla/5.0 (compatible; Googlebot/2.1; +http://www.google.com/bot.html)"
94.23.45.37 - - [03/Sep/2017:13:00:44 +0200] "GET / HTTP/1.1" 200 9360 "http://www.stjosef.at/artikel/neururer.htm" "Mozilla/5.0 (Windows NT 10.0; WOW64) AppleWebKit/537.36 (KHTML, like Gecko) Chrome/50.0.2661.102 Safari/537.36"
78.52.96.224 - - [03/Sep/2017:13:02:10 +0200] "GET /sonderthemen/sk2004.pdf HTTP/1.1" 200 1967215 "https://www.google.de/" "Mozilla/5.0 (Linux; Android 6.0; HUAWEI GRA-L09 Build/HUAWEIGRA-L09) AppleWebKit/537.36 (KHTML, like Gecko) Chrome/60.0.3112.107 Mobile Safari/537.36"
157.55.39.218 - - [03/Sep/2017:13:06:02 +0200] "GET /jahrbuch/index.html HTTP/1.1" 200 3956 "-" "Mozilla/5.0 (compatible; bingbot/2.0; +http://www.bing.com/bingbot.htm)"
40.77.178.210 - - [03/Sep/2017:13:08:17 +0200] "GET /main.css HTTP/1.1" 200 1439 "-" "Mozilla/5.0 (Windows NT 6.1; WOW64) AppleWebKit/534+ (KHTML, like Gecko) BingPreview/1.0b"
77.88.9.129 - - [03/Sep/2017:13:15:26 +0200] "GET /robots.txt HTTP/1.1" 200 100 "-" "Mozilla/5.0 (compatible; YandexBot/3.0; +http://yandex.com/bots)"
77.88.9.129 - - [03/Sep/2017:13:15:30 +0200] "GET /sonderthemen/index.html HTTP/1.1" 200 7102 "-" "Mozilla/5.0 (compatible; YandexBot/3.0; +http://yandex.com/bots)"
209.90.225.210 - - [03/Sep/2017:13:23:31 +0200] "GET /wp-content/themes/headway-162/style.css HTTP/1.1" 404 2381 "http://www.morusverlag.de/wp-content/themes/headway-162/style.css" "Mozilla/5.0 (Windows NT 6.1; WOW64) AppleWebKit/537.36 (KHTML, like Gecko) Chrome/42.0.2311.152 Safari/537.36"
66.249.79.56 - - [03/Sep/2017:13:49:11 +0200] "GET /sonderthemen/oekt_extra1.pdf HTTP/1.1" 200 1849015 "-" "Mozilla/5.0 (compatible; Googlebot/2.1; +http://www.google.com/bot.html)"
207.46.13.14 - - [03/Sep/2017:14:17:57 +0200] "GET / HTTP/1.1" 200 9360 "-" "Mozilla/5.0 (compatible; bingbot/2.0; +http://www.bing.com/bingbot.htm)"
207.46.13.164 - - [03/Sep/2017:14:18:01 +0200] "GET /buecher/rezensionen_ungeteilt.html HTTP/1.1" 304 - "-" "Mozilla/5.0 (compatible; bingbot/2.0; +http://www.bing.com/bingbot.htm)"
216.244.66.226 - - [03/Sep/2017:14:19:50 +0200] "GET /robots.txt HTTP/1.1" 200 100 "-" "Mozilla/5.0 (compatible; DotBot/1.1; http://www.opensiteexplorer.org/dotbot, help@moz.com)"
213.183.201.83 - - [03/Sep/2017:14:28:43 +0200] "GET /robots.txt HTTP/1.1" 200 100 "-" "Netluchs/Nutch-1.0 ( ; http://www.netluchs.de/; _do_not_spam_me___humans_please_use_info_at_netluchs.de_without_the_dash)"
213.183.201.83 - - [03/Sep/2017:14:28:43 +0200] "GET /cds/ignatius.html HTTP/1.1" 200 6576 "-" "Netluchs/Nutch-1.0 ( ; http://www.netluchs.de/; _do_not_spam_me___humans_please_use_info_at_netluchs.de_without_the_dash)"
213.183.201.83 - - [03/Sep/2017:14:29:35 +0200] "GET /buecher/diskussion.html HTTP/1.1" 200 9925 "-" "Netluchs/Nutch-1.0 ( ; http://www.netluchs.de/; _do_not_spam_me___humans_please_use_info_at_netluchs.de_without_the_dash)"
213.183.201.83 - - [03/Sep/2017:14:31:02 +0200] "GET /sonderthemen/oekz2003_s01.pdf HTTP/1.1" 200 66807 "-" "Netluchs/Nutch-1.0 ( ; http://www.netluchs.de/; _do_not_spam_me___humans_please_use_info_at_netluchs.de_without_the_dash)"
213.183.201.83 - - [03/Sep/2017:14:32:32 +0200] "GET /cds/hymnos_akathistos.html HTTP/1.1" 200 11061 "-" "Netluchs/Nutch-1.0 ( ; http://www.netluchs.de/; _do_not_spam_me___humans_please_use_info_at_netluchs.de_without_the_dash)"
213.183.201.83 - - [03/Sep/2017:14:32:35 +0200] "GET /jahrbuch/index.html HTTP/1.1" 200 3956 "-" "Netluchs/Nutch-1.0 ( ; http://www.netluchs.de/; _do_not_spam_me___humans_please_use_info_at_netluchs.de_without_the_dash)"
213.183.201.83 - - [03/Sep/2017:14:36:04 +0200] "GET /sonderthemen/az2003_s01.pdf HTTP/1.1" 200 120642 "-" "Netluchs/Nutch-1.0 ( ; http://www.netluchs.de/; _do_not_spam_me___humans_please_use_info_at_netluchs.de_without_the_dash)"
213.183.201.83 - - [03/Sep/2017:14:36:12 +0200] "GET /cds/rosarium.html HTTP/1.1" 200 6680 "-" "Netluchs/Nutch-1.0 ( ; http://www.netluchs.de/; _do_not_spam_me___humans_please_use_info_at_netluchs.de_without_the_dash)"
213.183.201.83 - - [03/Sep/2017:14:38:19 +0200] "GET /sonderthemen/oekt_extra1.pdf HTTP/1.1" 200 1849015 "-" "Netluchs/Nutch-1.0 ( ; http://www.netluchs.de/; _do_not_spam_me___humans_please_use_info_at_netluchs.de_without_the_dash)"
213.183.201.83 - - [03/Sep/2017:14:38:26 +0200] "GET /sonderthemen/az2003.pdf HTTP/1.1" 200 4864675 "-" "Netluchs/Nutch-1.0 ( ; http://www.netluchs.de/; _do_not_spam_me___humans_please_use_info_at_netluchs.de_without_the_dash)"
213.183.201.83 - - [03/Sep/2017:14:39:59 +0200] "GET /sonderthemen/sk2004_s01.pdf HTTP/1.1" 200 162742 "-" "Netluchs/Nutch-1.0 ( ; http://www.netluchs.de/; _do_not_spam_me___humans_please_use_info_at_netluchs.de_without_the_dash)"
216.244.66.226 - - [03/Sep/2017:14:41:12 +0200] "GET /kontakt/index.html HTTP/1.1" 200 2896 "-" "Mozilla/5.0 (compatible; DotBot/1.1; http://www.opensiteexplorer.org/dotbot, help@moz.com)"
213.183.201.83 - - [03/Sep/2017:14:41:23 +0200] "GET /sonderthemen/oekz2003.pdf HTTP/1.1" 200 4017017 "-" "Netluchs/Nutch-1.0 ( ; http://www.netluchs.de/; _do_not_spam_me___humans_please_use_info_at_netluchs.de_without_the_dash)"
213.183.201.83 - - [03/Sep/2017:14:42:22 +0200] "GET /gotteslob/index.html HTTP/1.1" 200 2770 "-" "Netluchs/Nutch-1.0 ( ; http://www.netluchs.de/; _do_not_spam_me___humans_please_use_info_at_netluchs.de_without_the_dash)"
213.183.201.83 - - [03/Sep/2017:14:42:31 +0200] "GET /sonderthemen/sk2004.pdf HTTP/1.1" 200 1967215 "-" "Netluchs/Nutch-1.0 ( ; http://www.netluchs.de/; _do_not_spam_me___humans_please_use_info_at_netluchs.de_without_the_dash)"
213.183.201.83 - - [03/Sep/2017:14:43:42 +0200] "GET /buecher/rezension_gesichter_u_geschichten.pdf HTTP/1.1" 200 223287 "-" "Netluchs/Nutch-1.0 ( ; http://www.netluchs.de/; _do_not_spam_me___humans_please_use_info_at_netluchs.de_without_the_dash)"
213.183.201.83 - - [03/Sep/2017:14:44:02 +0200] "GET /cds/index.html HTTP/1.1" 200 7987 "-" "Netluchs/Nutch-1.0 ( ; http://www.netluchs.de/; _do_not_spam_me___humans_please_use_info_at_netluchs.de_without_the_dash)"
213.183.201.83 - - [03/Sep/2017:14:44:03 +0200] "GET /jahrbuch/titelseiten/index.html HTTP/1.1" 200 6735 "-" "Netluchs/Nutch-1.0 ( ; http://www.netluchs.de/; _do_not_spam_me___humans_please_use_info_at_netluchs.de_without_the_dash)"
213.183.201.83 - - [03/Sep/2017:14:44:08 +0200] "GET /buecher/index.html HTTP/1.1" 200 25885 "-" "Netluchs/Nutch-1.0 ( ; http://www.netluchs.de/; _do_not_spam_me___humans_please_use_info_at_netluchs.de_without_the_dash)"
213.183.201.83 - - [03/Sep/2017:14:47:59 +0200] "GET /sonderthemen/archiv.html HTTP/1.1" 200 6959 "-" "Netluchs/Nutch-1.0 ( ; http://www.netluchs.de/; _do_not_spam_me___humans_please_use_info_at_netluchs.de_without_the_dash)"
213.183.201.83 - - [03/Sep/2017:14:49:42 +0200] "GET /buecher/rezensionen.html HTTP/1.1" 200 6964 "-" "Netluchs/Nutch-1.0 ( ; http://www.netluchs.de/; _do_not_spam_me___humans_please_use_info_at_netluchs.de_without_the_dash)"
213.183.201.83 - - [03/Sep/2017:14:49:49 +0200] "GET /sonderthemen/oekt_extra3.pdf HTTP/1.1" 200 2109745 "-" "Netluchs/Nutch-1.0 ( ; http://www.netluchs.de/; _do_not_spam_me___humans_please_use_info_at_netluchs.de_without_the_dash)"
40.77.167.18 - - [03/Sep/2017:15:03:57 +0200] "GET /buecher/rezensionen_engel.html HTTP/1.1" 304 - "-" "Mozilla/5.0 (compatible; bingbot/2.0; +http://www.bing.com/bingbot.htm)"
77.88.9.129 - - [03/Sep/2017:15:23:19 +0200] "GET /kontakt/index.html HTTP/1.1" 200 2896 "-" "Mozilla/5.0 (compatible; YandexBot/3.0; +http://yandex.com/bots)"
77.88.9.129 - - [03/Sep/2017:15:27:09 +0200] "GET /cds/rosarium.html HTTP/1.1" 200 6680 "-" "Mozilla/5.0 (compatible; YandexBot/3.0; +http://yandex.com/bots)"
46.229.164.98 - - [03/Sep/2017:15:31:12 +0200] "GET /robots.txt HTTP/1.1" 200 100 "-" "Mozilla/5.0 (compatible; SemrushBot/1.2~bl; +http://www.semrush.com/bot.html)"
89.204.138.62 - - [03/Sep/2017:16:05:25 +0200] "GET /sonderthemen/sk2001.pdf HTTP/1.1" 200 3098589 "https://www.google.de/" "Mozilla/5.0 (iPhone; CPU iPhone OS 10_3_3 like Mac OS X) AppleWebKit/603.3.8 (KHTML, like Gecko) Version/10.0 Mobile/14G60 Safari/602.1"
45.64.139.130 - - [03/Sep/2017:16:07:01 +0200] "GET /wp-login.php HTTP/1.1" 404 2381 "-" "Mozilla/5.0 (Windows NT 6.1; WOW64; rv:40.0) Gecko/20100101 Firefox/40.1"
45.64.139.130 - - [03/Sep/2017:16:07:01 +0200] "GET / HTTP/1.1" 200 9360 "-" "Mozilla/5.0 (Windows NT 6.1; WOW64; rv:40.0) Gecko/20100101 Firefox/40.1"
157.55.39.218 - - [03/Sep/2017:16:22:16 +0200] "GET /sonderthemen/sk2004.pdf HTTP/1.1" 200 1967215 "-" "Mozilla/5.0 (iPhone; CPU iPhone OS 7_0 like Mac OS X) AppleWebKit/537.51.1 (KHTML, like Gecko) Version/7.0 Mobile/11A465 Safari/9537.53 (compatible; bingbot/2.0; +http://www.bing.com/bingbot.htm)"
157.55.39.218 - - [03/Sep/2017:17:00:38 +0200] "GET /robots.txt HTTP/1.1" 200 100 "-" "Mozilla/5.0 (compatible; bingbot/2.0; +http://www.bing.com/bingbot.htm)"
180.76.15.11 - - [03/Sep/2017:17:09:14 +0200] "GET /sonderthemen/az1999.pdf HTTP/1.1" 200 1842982 "-" "Mozilla/5.0 (compatible; Baiduspider/2.0; +http://www.baidu.com/search/spider.html)"
69.64.40.177 - - [03/Sep/2017:18:00:56 +0200] "GET /buecher/gesichter/10.jpg HTTP/1.1" 200 7686 "-" "Googlebot-Image/1.0"
114.115.190.4 - - [03/Sep/2017:18:50:45 +0200] "GET /robots.txt HTTP/1.0" 200 100 "-" "nutch-1.4/Nutch-1.4"
114.115.190.4 - - [03/Sep/2017:18:50:49 +0200] "GET / HTTP/1.0" 200 9360 "-" "nutch-1.4/Nutch-1.4"
77.75.78.161 - - [03/Sep/2017:19:07:01 +0200] "GET /robots.txt HTTP/1.1" 200 100 "-" "Mozilla/5.0 (compatible; SeznamBot/3.2; +http://napoveda.seznam.cz/en/seznambot-intro/)"
77.75.78.161 - - [03/Sep/2017:19:07:01 +0200] "GET /cds/glockenspiel2.jpg HTTP/1.1" 304 - "-" "Mozilla/5.0 (compatible; SeznamBot/3.2; +http://napoveda.seznam.cz/en/seznambot-intro/)"
66.249.79.59 - - [03/Sep/2017:19:38:23 +0200] "GET /gotteslob.jpg HTTP/1.1" 304 - "-" "Googlebot-Image/1.0"
66.249.79.62 - - [03/Sep/2017:19:58:44 +0200] "GET /buecher/rezensionen_krise_zum_heil.html HTTP/1.1" 304 - "-" "Mozilla/5.0 (compatible; Googlebot/2.1; +http://www.google.com/bot.html)"
79.208.104.218 - - [03/Sep/2017:20:08:43 +0200] "GET /sonderthemen/oekt_extra3.pdf HTTP/1.1" 206 65536 "https://www.google.de/" "Mozilla/5.0 (Windows NT 10.0; WOW64; rv:55.0) Gecko/20100101 Firefox/55.0"
79.208.104.218 - - [03/Sep/2017:20:08:43 +0200] "GET /sonderthemen/oekt_extra3.pdf HTTP/1.1" 206 65536 "https://www.google.de/" "Mozilla/5.0 (Windows NT 10.0; WOW64; rv:55.0) Gecko/20100101 Firefox/55.0"
79.208.104.218 - - [03/Sep/2017:20:08:42 +0200] "GET /sonderthemen/oekt_extra3.pdf HTTP/1.1" 200 2109745 "https://www.google.de/" "Mozilla/5.0 (Windows NT 10.0; WOW64; rv:55.0) Gecko/20100101 Firefox/55.0"
79.208.104.218 - - [03/Sep/2017:20:08:43 +0200] "GET /favicon.ico HTTP/1.1" 200 4286 "-" "Mozilla/5.0 (Windows NT 10.0; WOW64; rv:55.0) Gecko/20100101 Firefox/55.0"
79.208.104.218 - - [03/Sep/2017:20:08:43 +0200] "GET /sonderthemen/oekt_extra3.pdf HTTP/1.1" 206 12593 "https://www.google.de/" "Mozilla/5.0 (Windows NT 10.0; WOW64; rv:55.0) Gecko/20100101 Firefox/55.0"
80.187.107.111 - - [03/Sep/2017:20:30:19 +0200] "GET /cds/hymnos_akathistos.html HTTP/1.1" 200 11061 "https://de.m.wikipedia.org/" "Mozilla/5.0 (Linux; Android 7.0; SAMSUNG SM-G930F Build/NRD90M) AppleWebKit/537.36 (KHTML, like Gecko) SamsungBrowser/5.4 Chrome/51.0.2704.106 Mobile Safari/537.36"
80.187.107.111 - - [03/Sep/2017:20:30:19 +0200] "GET /main.css HTTP/1.1" 200 1439 "http://www.morusverlag.de/cds/hymnos_akathistos.html" "Mozilla/5.0 (Linux; Android 7.0; SAMSUNG SM-G930F Build/NRD90M) AppleWebKit/537.36 (KHTML, like Gecko) SamsungBrowser/5.4 Chrome/51.0.2704.106 Mobile Safari/537.36"
80.187.107.111 - - [03/Sep/2017:20:30:19 +0200] "GET /logo_g.gif HTTP/1.1" 200 1301 "http://www.morusverlag.de/cds/hymnos_akathistos.html" "Mozilla/5.0 (Linux; Android 7.0; SAMSUNG SM-G930F Build/NRD90M) AppleWebKit/537.36 (KHTML, like Gecko) SamsungBrowser/5.4 Chrome/51.0.2704.106 Mobile Safari/537.36"
80.187.107.111 - - [03/Sep/2017:20:30:19 +0200] "GET /mv_g.gif HTTP/1.1" 200 4070 "http://www.morusverlag.de/cds/hymnos_akathistos.html" "Mozilla/5.0 (Linux; Android 7.0; SAMSUNG SM-G930F Build/NRD90M) AppleWebKit/537.36 (KHTML, like Gecko) SamsungBrowser/5.4 Chrome/51.0.2704.106 Mobile Safari/537.36"
80.187.107.111 - - [03/Sep/2017:20:30:19 +0200] "GET /m.gif HTTP/1.1" 200 95 "http://www.morusverlag.de/cds/hymnos_akathistos.html" "Mozilla/5.0 (Linux; Android 7.0; SAMSUNG SM-G930F Build/NRD90M) AppleWebKit/537.36 (KHTML, like Gecko) SamsungBrowser/5.4 Chrome/51.0.2704.106 Mobile Safari/537.36"
80.187.107.111 - - [03/Sep/2017:20:30:19 +0200] "GET /pf.gif HTTP/1.1" 200 62 "http://www.morusverlag.de/cds/hymnos_akathistos.html" "Mozilla/5.0 (Linux; Android 7.0; SAMSUNG SM-G930F Build/NRD90M) AppleWebKit/537.36 (KHTML, like Gecko) SamsungBrowser/5.4 Chrome/51.0.2704.106 Mobile Safari/537.36"
80.187.107.111 - - [03/Sep/2017:20:30:19 +0200] "GET /cds/hymnos.jpg HTTP/1.1" 200 27752 "http://www.morusverlag.de/cds/hymnos_akathistos.html" "Mozilla/5.0 (Linux; Android 7.0; SAMSUNG SM-G930F Build/NRD90M) AppleWebKit/537.36 (KHTML, like Gecko) SamsungBrowser/5.4 Chrome/51.0.2704.106 Mobile Safari/537.36"
80.187.107.111 - - [03/Sep/2017:20:30:19 +0200] "GET /strich.gif HTTP/1.1" 200 45 "http://www.morusverlag.de/cds/hymnos_akathistos.html" "Mozilla/5.0 (Linux; Android 7.0; SAMSUNG SM-G930F Build/NRD90M) AppleWebKit/537.36 (KHTML, like Gecko) SamsungBrowser/5.4 Chrome/51.0.2704.106 Mobile Safari/537.36"
80.187.107.111 - - [03/Sep/2017:20:30:19 +0200] "GET /cds/hymnos_heft.jpg HTTP/1.1" 200 8653 "http://www.morusverlag.de/cds/hymnos_akathistos.html" "Mozilla/5.0 (Linux; Android 7.0; SAMSUNG SM-G930F Build/NRD90M) AppleWebKit/537.36 (KHTML, like Gecko) SamsungBrowser/5.4 Chrome/51.0.2704.106 Mobile Safari/537.36"
80.187.107.111 - - [03/Sep/2017:20:30:20 +0200] "GET /favicon.ico HTTP/1.1" 200 4286 "http://www.morusverlag.de/cds/hymnos_akathistos.html" "Mozilla/5.0 (Linux; Android 7.0; SAMSUNG SM-G930F Build/NRD90M) AppleWebKit/537.36 (KHTML, like Gecko) SamsungBrowser/5.4 Chrome/51.0.2704.106 Mobile Safari/537.36"
77.88.9.129 - - [03/Sep/2017:20:50:45 +0200] "GET /robots.txt HTTP/1.1" 200 100 "-" "Mozilla/5.0 (compatible; YandexBot/3.0; +http://yandex.com/bots)"
77.88.9.129 - - [03/Sep/2017:20:50:49 +0200] "GET /cds/hymnos_akathistos.html HTTP/1.1" 200 11061 "-" "Mozilla/5.0 (compatible; YandexBot/3.0; +http://yandex.com/bots)"
66.249.79.59 - - [03/Sep/2017:21:01:51 +0200] "GET /cds/ignatius_k.jpg HTTP/1.1" 304 - "-" "Googlebot-Image/1.0"
77.75.78.161 - - [03/Sep/2017:21:07:48 +0200] "GET /robots.txt HTTP/1.1" 200 100 "-" "Mozilla/5.0 (compatible; SeznamBot/3.2; +http://napoveda.seznam.cz/en/seznambot-intro/)"
77.75.78.161 - - [03/Sep/2017:21:07:49 +0200] "GET /buecher/rezensionen_chateaubriand.html HTTP/1.1" 304 - "-" "Mozilla/5.0 (compatible; SeznamBot/3.2; +http://napoveda.seznam.cz/en/seznambot-intro/)"
66.249.79.56 - - [03/Sep/2017:21:22:06 +0200] "GET /buecher/rezensionen_krise_zum_heil.html HTTP/1.1" 304 - "-" "Mozilla/5.0 (compatible; Googlebot/2.1; +http://www.google.com/bot.html)"
77.88.9.129 - - [03/Sep/2017:21:48:38 +0200] "GET /cds/simplay_player.swf?audiofile=glockenspiel2.mp3 HTTP/1.1" 200 6377 "-" "Mozilla/5.0 (compatible; YandexBot/3.0; +http://yandex.com/bots)"
67.2.254.235 - - [03/Sep/2017:21:54:05 +0200] "GET /impressum.html HTTP/1.1" 200 2808 "-" "Mozilla/5.0 (Windows NT 6.3; WOW64; rv:45.0) Gecko/20100101 Firefox/45.0"
136.243.17.161 - - [03/Sep/2017:22:27:21 +0200] "GET /sonderthemen/oekt_extra2.pdf HTTP/1.1" 200 1939949 "-" "Mozilla/5.0 (X11; U; Linux i686; en-US; rv:1.9.1.16) Gecko/20120421 Firefox/11.0"
86.249.202.75 - - [03/Sep/2017:22:37:06 +0200] "GET /cds/hymnos_akathistos.html HTTP/1.1" 200 11061 "https://www.google.fr/" "Mozilla/5.0 (Windows NT 10.0; Win64; x64) AppleWebKit/537.36 (KHTML, like Gecko) Chrome/51.0.2704.79 Safari/537.36 Edge/14.14393"
86.249.202.75 - - [03/Sep/2017:22:37:06 +0200] "GET /main.css HTTP/1.1" 200 1439 "http://www.morusverlag.de/cds/hymnos_akathistos.html" "Mozilla/5.0 (Windows NT 10.0; Win64; x64) AppleWebKit/537.36 (KHTML, like Gecko) Chrome/51.0.2704.79 Safari/537.36 Edge/14.14393"
86.249.202.75 - - [03/Sep/2017:22:37:06 +0200] "GET /logo_g.gif HTTP/1.1" 200 1301 "http://www.morusverlag.de/cds/hymnos_akathistos.html" "Mozilla/5.0 (Windows NT 10.0; Win64; x64) AppleWebKit/537.36 (KHTML, like Gecko) Chrome/51.0.2704.79 Safari/537.36 Edge/14.14393"
86.249.202.75 - - [03/Sep/2017:22:37:06 +0200] "GET /mv_g.gif HTTP/1.1" 200 4070 "http://www.morusverlag.de/cds/hymnos_akathistos.html" "Mozilla/5.0 (Windows NT 10.0; Win64; x64) AppleWebKit/537.36 (KHTML, like Gecko) Chrome/51.0.2704.79 Safari/537.36 Edge/14.14393"
86.249.202.75 - - [03/Sep/2017:22:37:06 +0200] "GET /strich.gif HTTP/1.1" 200 45 "http://www.morusverlag.de/cds/hymnos_akathistos.html" "Mozilla/5.0 (Windows NT 10.0; Win64; x64) AppleWebKit/537.36 (KHTML, like Gecko) Chrome/51.0.2704.79 Safari/537.36 Edge/14.14393"
86.249.202.75 - - [03/Sep/2017:22:37:06 +0200] "GET /m.gif HTTP/1.1" 200 95 "http://www.morusverlag.de/cds/hymnos_akathistos.html" "Mozilla/5.0 (Windows NT 10.0; Win64; x64) AppleWebKit/537.36 (KHTML, like Gecko) Chrome/51.0.2704.79 Safari/537.36 Edge/14.14393"
86.249.202.75 - - [03/Sep/2017:22:37:06 +0200] "GET /pf.gif HTTP/1.1" 200 62 "http://www.morusverlag.de/cds/hymnos_akathistos.html" "Mozilla/5.0 (Windows NT 10.0; Win64; x64) AppleWebKit/537.36 (KHTML, like Gecko) Chrome/51.0.2704.79 Safari/537.36 Edge/14.14393"
86.249.202.75 - - [03/Sep/2017:22:37:06 +0200] "GET /cds/hymnos.jpg HTTP/1.1" 200 27752 "http://www.morusverlag.de/cds/hymnos_akathistos.html" "Mozilla/5.0 (Windows NT 10.0; Win64; x64) AppleWebKit/537.36 (KHTML, like Gecko) Chrome/51.0.2704.79 Safari/537.36 Edge/14.14393"
86.249.202.75 - - [03/Sep/2017:22:37:06 +0200] "GET /cds/hymnos_heft.jpg HTTP/1.1" 200 8653 "http://www.morusverlag.de/cds/hymnos_akathistos.html" "Mozilla/5.0 (Windows NT 10.0; Win64; x64) AppleWebKit/537.36 (KHTML, like Gecko) Chrome/51.0.2704.79 Safari/537.36 Edge/14.14393"
86.249.202.75 - - [03/Sep/2017:22:37:09 +0200] "GET /cds/simplay_player.swf?audiofile=hymnos1.mp3 HTTP/1.1" 200 6377 "http://www.morusverlag.de/cds/hymnos_akathistos.html" "Mozilla/5.0 (Windows NT 10.0; Win64; x64) AppleWebKit/537.36 (KHTML, like Gecko) Chrome/51.0.2704.79 Safari/537.36 Edge/14.14393"
86.249.202.75 - - [03/Sep/2017:22:37:09 +0200] "GET /cds/simplay_control.swf HTTP/1.1" 200 1243 "http://www.morusverlag.de/cds/hymnos_akathistos.html" "Mozilla/5.0 (Windows NT 10.0; Win64; x64) AppleWebKit/537.36 (KHTML, like Gecko) Chrome/51.0.2704.79 Safari/537.36 Edge/14.14393"
86.249.202.75 - - [03/Sep/2017:22:37:10 +0200] "GET /cds/simplay_player.swf?audiofile=hymnos2.mp3 HTTP/1.1" 200 6377 "http://www.morusverlag.de/cds/hymnos_akathistos.html" "Mozilla/5.0 (Windows NT 10.0; Win64; x64) AppleWebKit/537.36 (KHTML, like Gecko) Chrome/51.0.2704.79 Safari/537.36 Edge/14.14393"
86.249.202.75 - - [03/Sep/2017:22:37:10 +0200] "GET /favicon.ico HTTP/1.1" 200 4286 "-" "Mozilla/5.0 (Windows NT 10.0; Win64; x64) AppleWebKit/537.36 (KHTML, like Gecko) Chrome/51.0.2704.79 Safari/537.36 Edge/14.14393"
86.249.202.75 - - [03/Sep/2017:22:37:11 +0200] "GET /cds/simplaydata/playerconfig.xml?nocache=1504470457304 HTTP/1.1" 200 149 "http://www.morusverlag.de/cds/simplay_player.swf?audiofile=hymnos2.mp3" "Mozilla/5.0 (Windows NT 10.0; Win64; x64) AppleWebKit/537.36 (KHTML, like Gecko) Chrome/51.0.2704.79 Safari/537.36 Edge/14.14393"
86.249.202.75 - - [03/Sep/2017:22:37:11 +0200] "GET /cds/simplaydata/playerconfig.xml?nocache=1504470457647 HTTP/1.1" 200 149 "http://www.morusverlag.de/cds/simplay_player.swf?audiofile=hymnos1.mp3" "Mozilla/5.0 (Windows NT 10.0; Win64; x64) AppleWebKit/537.36 (KHTML, like Gecko) Chrome/51.0.2704.79 Safari/537.36 Edge/14.14393"
86.249.202.75 - - [03/Sep/2017:22:37:11 +0200] "GET /cds/simplaydata/controlconfig.xml?nocache=1504470457048 HTTP/1.1" 200 121 "http://www.morusverlag.de/cds/simplay_control.swf" "Mozilla/5.0 (Windows NT 10.0; Win64; x64) AppleWebKit/537.36 (KHTML, like Gecko) Chrome/51.0.2704.79 Safari/537.36 Edge/14.14393"
86.249.202.75 - - [03/Sep/2017:22:37:11 +0200] "GET /cds/simplaydata/controlskins/default/skin.xml HTTP/1.1" 200 349 "http://www.morusverlag.de/cds/simplay_control.swf" "Mozilla/5.0 (Windows NT 10.0; Win64; x64) AppleWebKit/537.36 (KHTML, like Gecko) Chrome/51.0.2704.79 Safari/537.36 Edge/14.14393"
86.249.202.75 - - [03/Sep/2017:22:37:11 +0200] "GET /cds/simplaydata/playerskins/default/skin.xml?nocache=1504470457810 HTTP/1.1" 200 649 "http://www.morusverlag.de/cds/simplay_player.swf?audiofile=hymnos1.mp3" "Mozilla/5.0 (Windows NT 10.0; Win64; x64) AppleWebKit/537.36 (KHTML, like Gecko) Chrome/51.0.2704.79 Safari/537.36 Edge/14.14393"
86.249.202.75 - - [03/Sep/2017:22:37:11 +0200] "GET /cds/simplaydata/playerskins/default/skin.xml?nocache=1504470457802 HTTP/1.1" 200 649 "http://www.morusverlag.de/cds/simplay_player.swf?audiofile=hymnos2.mp3" "Mozilla/5.0 (Windows NT 10.0; Win64; x64) AppleWebKit/537.36 (KHTML, like Gecko) Chrome/51.0.2704.79 Safari/537.36 Edge/14.14393"
86.249.202.75 - - [03/Sep/2017:22:37:12 +0200] "GET /cds/simplaydata/playerskins/default/background.jpg HTTP/1.1" 200 340 "http://www.morusverlag.de/cds/simplay_player.swf?audiofile=hymnos1.mp3" "Mozilla/5.0 (Windows NT 10.0; Win64; x64) AppleWebKit/537.36 (KHTML, like Gecko) Chrome/51.0.2704.79 Safari/537.36 Edge/14.14393"
86.249.202.75 - - [03/Sep/2017:22:37:12 +0200] "GET /cds/simplaydata/playerskins/default/play_up.jpg HTTP/1.1" 200 643 "http://www.morusverlag.de/cds/simplay_player.swf?audiofile=hymnos1.mp3" "Mozilla/5.0 (Windows NT 10.0; Win64; x64) AppleWebKit/537.36 (KHTML, like Gecko) Chrome/51.0.2704.79 Safari/537.36 Edge/14.14393"
86.249.202.75 - - [03/Sep/2017:22:37:12 +0200] "GET /cds/simplaydata/playerskins/default/play_over.jpg HTTP/1.1" 200 986 "http://www.morusverlag.de/cds/simplay_player.swf?audiofile=hymnos1.mp3" "Mozilla/5.0 (Windows NT 10.0; Win64; x64) AppleWebKit/537.36 (KHTML, like Gecko) Chrome/51.0.2704.79 Safari/537.36 Edge/14.14393"
86.249.202.75 - - [03/Sep/2017:22:37:12 +0200] "GET /cds/simplaydata/playerskins/default/play_down.jpg HTTP/1.1" 200 972 "http://www.morusverlag.de/cds/simplay_player.swf?audiofile=hymnos1.mp3" "Mozilla/5.0 (Windows NT 10.0; Win64; x64) AppleWebKit/537.36 (KHTML, like Gecko) Chrome/51.0.2704.79 Safari/537.36 Edge/14.14393"
86.249.202.75 - - [03/Sep/2017:22:37:12 +0200] "GET /cds/simplaydata/playerskins/default/pause_up.jpg HTTP/1.1" 200 649 "http://www.morusverlag.de/cds/simplay_player.swf?audiofile=hymnos1.mp3" "Mozilla/5.0 (Windows NT 10.0; Win64; x64) AppleWebKit/537.36 (KHTML, like Gecko) Chrome/51.0.2704.79 Safari/537.36 Edge/14.14393"
86.249.202.75 - - [03/Sep/2017:22:37:12 +0200] "GET /cds/simplaydata/playerskins/default/pause_over.jpg HTTP/1.1" 200 988 "http://www.morusverlag.de/cds/simplay_player.swf?audiofile=hymnos1.mp3" "Mozilla/5.0 (Windows NT 10.0; Win64; x64) AppleWebKit/537.36 (KHTML, like Gecko) Chrome/51.0.2704.79 Safari/537.36 Edge/14.14393"
86.249.202.75 - - [03/Sep/2017:22:37:12 +0200] "GET /cds/simplaydata/playerskins/default/pause_down.jpg HTTP/1.1" 200 939 "http://www.morusverlag.de/cds/simplay_player.swf?audiofile=hymnos1.mp3" "Mozilla/5.0 (Windows NT 10.0; Win64; x64) AppleWebKit/537.36 (KHTML, like Gecko) Chrome/51.0.2704.79 Safari/537.36 Edge/14.14393"
86.249.202.75 - - [03/Sep/2017:22:37:12 +0200] "GET /cds/simplaydata/controlskins/default/background.jpg HTTP/1.1" 200 772 "http://www.morusverlag.de/cds/simplay_control.swf" "Mozilla/5.0 (Windows NT 10.0; Win64; x64) AppleWebKit/537.36 (KHTML, like Gecko) Chrome/51.0.2704.79 Safari/537.36 Edge/14.14393"
86.249.202.75 - - [03/Sep/2017:22:37:12 +0200] "GET /cds/simplaydata/controlskins/default/handle.jpg HTTP/1.1" 200 387 "http://www.morusverlag.de/cds/simplay_control.swf" "Mozilla/5.0 (Windows NT 10.0; Win64; x64) AppleWebKit/537.36 (KHTML, like Gecko) Chrome/51.0.2704.79 Safari/537.36 Edge/14.14393"
86.249.202.75 - - [03/Sep/2017:22:37:12 +0200] "GET /cds/simplaydata/controlskins/default/on.jpg HTTP/1.1" 200 986 "http://www.morusverlag.de/cds/simplay_control.swf" "Mozilla/5.0 (Windows NT 10.0; Win64; x64) AppleWebKit/537.36 (KHTML, like Gecko) Chrome/51.0.2704.79 Safari/537.36 Edge/14.14393"
86.249.202.75 - - [03/Sep/2017:22:37:12 +0200] "GET /cds/simplaydata/controlskins/default/off.jpg HTTP/1.1" 200 608 "http://www.morusverlag.de/cds/simplay_control.swf" "Mozilla/5.0 (Windows NT 10.0; Win64; x64) AppleWebKit/537.36 (KHTML, like Gecko) Chrome/51.0.2704.79 Safari/537.36 Edge/14.14393"
86.249.202.75 - - [03/Sep/2017:22:37:12 +0200] "GET /cds/simplaydata/playerskins/default/background.jpg HTTP/1.1" 200 340 "http://www.morusverlag.de/cds/simplay_player.swf?audiofile=hymnos2.mp3" "Mozilla/5.0 (Windows NT 10.0; Win64; x64) AppleWebKit/537.36 (KHTML, like Gecko) Chrome/51.0.2704.79 Safari/537.36 Edge/14.14393"
86.249.202.75 - - [03/Sep/2017:22:37:12 +0200] "GET /cds/simplaydata/playerskins/default/play_over.jpg HTTP/1.1" 200 986 "http://www.morusverlag.de/cds/simplay_player.swf?audiofile=hymnos2.mp3" "Mozilla/5.0 (Windows NT 10.0; Win64; x64) AppleWebKit/537.36 (KHTML, like Gecko) Chrome/51.0.2704.79 Safari/537.36 Edge/14.14393"
86.249.202.75 - - [03/Sep/2017:22:37:12 +0200] "GET /cds/simplaydata/playerskins/default/play_up.jpg HTTP/1.1" 200 643 "http://www.morusverlag.de/cds/simplay_player.swf?audiofile=hymnos2.mp3" "Mozilla/5.0 (Windows NT 10.0; Win64; x64) AppleWebKit/537.36 (KHTML, like Gecko) Chrome/51.0.2704.79 Safari/537.36 Edge/14.14393"
86.249.202.75 - - [03/Sep/2017:22:37:12 +0200] "GET /cds/simplaydata/playerskins/default/play_down.jpg HTTP/1.1" 200 972 "http://www.morusverlag.de/cds/simplay_player.swf?audiofile=hymnos2.mp3" "Mozilla/5.0 (Windows NT 10.0; Win64; x64) AppleWebKit/537.36 (KHTML, like Gecko) Chrome/51.0.2704.79 Safari/537.36 Edge/14.14393"
86.249.202.75 - - [03/Sep/2017:22:37:12 +0200] "GET /cds/simplaydata/playerskins/default/pause_up.jpg HTTP/1.1" 200 649 "http://www.morusverlag.de/cds/simplay_player.swf?audiofile=hymnos2.mp3" "Mozilla/5.0 (Windows NT 10.0; Win64; x64) AppleWebKit/537.36 (KHTML, like Gecko) Chrome/51.0.2704.79 Safari/537.36 Edge/14.14393"
86.249.202.75 - - [03/Sep/2017:22:37:12 +0200] "GET /cds/simplaydata/playerskins/default/pause_over.jpg HTTP/1.1" 200 988 "http://www.morusverlag.de/cds/simplay_player.swf?audiofile=hymnos2.mp3" "Mozilla/5.0 (Windows NT 10.0; Win64; x64) AppleWebKit/537.36 (KHTML, like Gecko) Chrome/51.0.2704.79 Safari/537.36 Edge/14.14393"
86.249.202.75 - - [03/Sep/2017:22:37:12 +0200] "GET /cds/simplaydata/playerskins/default/pause_down.jpg HTTP/1.1" 200 939 "http://www.morusverlag.de/cds/simplay_player.swf?audiofile=hymnos2.mp3" "Mozilla/5.0 (Windows NT 10.0; Win64; x64) AppleWebKit/537.36 (KHTML, like Gecko) Chrome/51.0.2704.79 Safari/537.36 Edge/14.14393"
216.244.66.226 - - [03/Sep/2017:23:50:13 +0200] "GET /robots.txt HTTP/1.1" 200 100 "-" "Mozilla/5.0 (compatible; DotBot/1.1; http://www.opensiteexplorer.org/dotbot, help@moz.com)"
77.75.76.161 - - [04/Sep/2017:00:06:01 +0200] "GET /robots.txt HTTP/1.1" 200 100 "-" "Mozilla/5.0 (compatible; SeznamBot/3.2; +http://napoveda.seznam.cz/en/seznambot-intro/)"
77.75.76.161 - - [04/Sep/2017:00:06:01 +0200] "GET /cds/ignatius.html HTTP/1.1" 304 - "-" "Mozilla/5.0 (compatible; SeznamBot/3.2; +http://napoveda.seznam.cz/en/seznambot-intro/)"
216.244.66.226 - - [04/Sep/2017:00:18:57 +0200] "GET /index.html HTTP/1.1" 200 9360 "-" "Mozilla/5.0 (compatible; DotBot/1.1; http://www.opensiteexplorer.org/dotbot, help@moz.com)"
94.134.140.169 - - [04/Sep/2017:01:32:04 +0200] "GET /buecher/rezensionen_chateaubriand.html HTTP/1.1" 200 47317 "-" "Mozilla/5.0 (Macintosh; Intel Mac OS X 10_10_3) AppleWebKit/537.36 (KHTML, like Gecko) Chrome/41.0.2272.89 Safari/537.36"
46.85.130.232 - - [04/Sep/2017:01:32:14 +0200] "GET /kontakt/index.html HTTP/1.1" 200 2896 "-" "Mozilla/5.0 (Macintosh; Intel Mac OS X 10_10_3) AppleWebKit/537.36 (KHTML, like Gecko) Chrome/41.0.2272.89 Safari/537.36"
188.103.24.27 - - [04/Sep/2017:01:32:14 +0200] "GET /cds/index.html HTTP/1.1" 200 7987 "-" "Mozilla/5.0 (Macintosh; Intel Mac OS X 10_10_3) AppleWebKit/537.36 (KHTML, like Gecko) Chrome/41.0.2272.89 Safari/537.36"
88.75.176.161 - - [04/Sep/2017:01:32:14 +0200] "GET /jahrbuch/index.html HTTP/1.1" 200 3956 "-" "Mozilla/5.0 (Macintosh; Intel Mac OS X 10_10_3) AppleWebKit/537.36 (KHTML, like Gecko) Chrome/41.0.2272.89 Safari/537.36"
88.75.176.161 - - [04/Sep/2017:01:32:14 +0200] "GET /buecher/rezensionen.html HTTP/1.1" 200 6964 "-" "Mozilla/5.0 (Macintosh; Intel Mac OS X 10_10_3) AppleWebKit/537.36 (KHTML, like Gecko) Chrome/41.0.2272.89 Safari/537.36"
94.134.137.149 - - [04/Sep/2017:01:32:14 +0200] "GET /impressum.html HTTP/1.1" 200 2808 "-" "Mozilla/5.0 (Macintosh; Intel Mac OS X 10_10_3) AppleWebKit/537.36 (KHTML, like Gecko) Chrome/41.0.2272.89 Safari/537.36"
78.52.130.189 - - [04/Sep/2017:01:32:15 +0200] "GET /index.html HTTP/1.1" 200 9360 "-" "Mozilla/5.0 (Macintosh; Intel Mac OS X 10_10_3) AppleWebKit/537.36 (KHTML, like Gecko) Chrome/41.0.2272.89 Safari/537.36"
46.85.130.232 - - [04/Sep/2017:01:32:16 +0200] "GET /gotteslob/index.html HTTP/1.1" 200 2770 "-" "Mozilla/5.0 (Macintosh; Intel Mac OS X 10_10_3) AppleWebKit/537.36 (KHTML, like Gecko) Chrome/41.0.2272.89 Safari/537.36"
94.134.137.149 - - [04/Sep/2017:01:32:17 +0200] "GET /sonderthemen/index.html HTTP/1.1" 200 7102 "-" "Mozilla/5.0 (Macintosh; Intel Mac OS X 10_10_3) AppleWebKit/537.36 (KHTML, like Gecko) Chrome/41.0.2272.89 Safari/537.36"
94.134.153.49 - - [04/Sep/2017:01:32:15 +0200] "GET /buecher/index.html HTTP/1.1" 200 25885 "-" "Mozilla/5.0 (Macintosh; Intel Mac OS X 10_10_3) AppleWebKit/537.36 (KHTML, like Gecko) Chrome/41.0.2272.89 Safari/537.36"
78.52.130.189 - - [04/Sep/2017:01:32:15 +0200] "GET /buecher/veroeffentlichungsliste.html HTTP/1.1" 200 129779 "-" "Mozilla/5.0 (Macintosh; Intel Mac OS X 10_10_3) AppleWebKit/537.36 (KHTML, like Gecko) Chrome/41.0.2272.89 Safari/537.36"
207.46.13.14 - - [04/Sep/2017:01:43:52 +0200] "GET / HTTP/1.1" 200 9360 "-" "Mozilla/5.0 (compatible; bingbot/2.0; +http://www.bing.com/bingbot.htm)"
40.77.167.18 - - [04/Sep/2017:01:44:23 +0200] "GET /cds/glockenspiel1_k.jpg HTTP/1.1" 200 5641 "-" "Mozilla/5.0 (compatible; bingbot/2.0; +http://www.bing.com/bingbot.htm)"
207.46.13.14 - - [04/Sep/2017:01:44:57 +0200] "GET /buecher/nichtaufsand.jpg HTTP/1.1" 200 3733 "-" "Mozilla/5.0 (compatible; bingbot/2.0; +http://www.bing.com/bingbot.htm)"
207.46.13.14 - - [04/Sep/2017:01:59:47 +0200] "GET /buecher/gesichter/07.jpg HTTP/1.1" 200 7301 "-" "Mozilla/5.0 (compatible; bingbot/2.0; +http://www.bing.com/bingbot.htm)"
40.77.167.18 - - [04/Sep/2017:02:05:11 +0200] "GET /buecher/gesichter/05.jpg HTTP/1.1" 200 8981 "-" "Mozilla/5.0 (compatible; bingbot/2.0; +http://www.bing.com/bingbot.htm)"
188.100.67.119 - - [04/Sep/2017:02:07:13 +0200] "GET /cds/rosarium.html HTTP/1.1" 200 6680 "-" "Mozilla/5.0 (Macintosh; Intel Mac OS X 10_10_3) AppleWebKit/537.36 (KHTML, like Gecko) Chrome/41.0.2272.89 Safari/537.36"
77.75.79.95 - - [04/Sep/2017:02:14:20 +0200] "GET /robots.txt HTTP/1.1" 200 100 "-" "Mozilla/5.0 (compatible; SeznamBot/3.2; +http://napoveda.seznam.cz/en/seznambot-intro/)"
77.75.79.95 - - [04/Sep/2017:02:14:20 +0200] "GET /buecher/gesichter/11.jpg HTTP/1.1" 304 - "-" "Mozilla/5.0 (compatible; SeznamBot/3.2; +http://napoveda.seznam.cz/en/seznambot-intro/)"
5.9.145.132 - - [04/Sep/2017:02:40:56 +0200] "GET /buecher/index.html HTTP/1.1" 200 25885 "-" "Mozilla/5.0 (Windows NT 6.1; rv:21.0) Gecko/20130328 Firefox/21.0"
88.99.27.172 - - [04/Sep/2017:02:43:53 +0200] "GET /sonderthemen/oekz2003.pdf HTTP/1.1" 200 4017017 "-" "Mozilla/5.0 (X11; U; Linux i686; en-US; rv:1.9.1.16) Gecko/20120421 Gecko Firefox/11.0"
136.243.17.161 - - [04/Sep/2017:02:47:31 +0200] "GET /sonderthemen/oekz2003.pdf HTTP/1.1" 200 4017017 "-" "Mozilla/5.0 (Windows NT 6.1; WOW64; rv:11.0) Gecko Firefox/11.0"
207.46.13.14 - - [04/Sep/2017:02:49:46 +0200] "GET /buecher/le_saulchoir.jpg HTTP/1.1" 200 2734 "-" "Mozilla/5.0 (compatible; bingbot/2.0; +http://www.bing.com/bingbot.htm)"
136.243.17.161 - - [04/Sep/2017:03:37:59 +0200] "GET /sonderthemen/oekt_extra2.pdf HTTP/1.1" 200 1939949 "-" "Mozilla/5.0 (Macintosh; Intel Mac OS X 10_7_5) AppleWebKit/537.36 (KHTML, like Gecko) Chrome/27.0.1453.93 Safari/537.36"
51.255.65.15 - - [04/Sep/2017:03:49:27 +0200] "GET /sonderthemen/presse.html HTTP/1.1" 200 5772 "-" "Mozilla/5.0 (compatible; AhrefsBot/5.2; +http://ahrefs.com/robot/)"
77.220.213.173 - - [04/Sep/2017:03:50:22 +0200] "HEAD / HTTP/1.1" 200 - "https://cinemabox.club/" "Mozilla/8.0 (compatible; MSIE4.00; Windows 2008)"
178.159.39.237 - - [04/Sep/2017:03:50:22 +0200] "HEAD / HTTP/1.1" 200 - "https://bavariagid.de/pivnue_munchen.html" "Mozilla/6.0 (compatible; MSIE7.00; Windows 2008)"
185.154.13.6 - - [04/Sep/2017:03:50:22 +0200] "HEAD / HTTP/1.1" 200 - "http://ledflux.ru/stock/" "Mozilla/4.0 (compatible; MSIE7.00; Windows 2006)"
185.209.20.147 - - [04/Sep/2017:03:50:22 +0200] "HEAD / HTTP/1.1" 200 - "https://www.bufetout.ru/" "Mozilla/4.0 (compatible; MSIE6.00; Windows 2004)"
178.159.43.212 - - [04/Sep/2017:03:50:22 +0200] "HEAD / HTTP/1.1" 200 - "http://artvrn.ru/contact" "Mozilla/7.0 (compatible; MSIE2.00; Windows 2009)"
194.87.236.223 - - [04/Sep/2017:04:04:07 +0200] "HEAD / HTTP/1.1" 200 - "http://films-app.com/clash-of-clans/" "Mozilla/2.0 (compatible; MSIE5.00; Windows 2004)"
194.87.94.251 - - [04/Sep/2017:04:04:08 +0200] "HEAD / HTTP/1.1" 200 - "http://showboxpc.be/description-app-showbox-and-its-advantage/" "Mozilla/2.0 (compatible; MSIE7.00; Windows 2003)"
195.133.145.199 - - [04/Sep/2017:04:04:09 +0200] "HEAD / HTTP/1.1" 200 - "https://filmsapk.com/mcafee-mobile-security/" "Mozilla/2.0 (compatible; MSIE6.00; Windows 2006)"
195.133.201.163 - - [04/Sep/2017:04:04:09 +0200] "HEAD / HTTP/1.1" 200 - "http://showboxdownloadmovies.com/kodi-app-for-android/" "Mozilla/4.0 (compatible; MSIE5.00; Windows 2005)"
193.124.131.168 - - [04/Sep/2017:04:04:09 +0200] "HEAD / HTTP/1.1" 200 - "http://kvadlogistic.ru/napravleniya/moskva" "Mozilla/6.0 (compatible; MSIE5.00; Windows 2008)"
195.133.147.6 - - [04/Sep/2017:04:12:05 +0200] "HEAD / HTTP/1.1" 200 - "http://cleaningservices.kiev.ua/tseni-na-uborku-ofisov" "Mozilla/5.0 (compatible; MSIE6.00; Windows 2007)"
193.124.190.64 - - [04/Sep/2017:04:18:48 +0200] "HEAD / HTTP/1.1" 200 - "http://promoshopping.ru/coupon/onlajn-sportmarket-activizmru/" "Mozilla/8.0 (compatible; MSIE2.00; Windows 2006)"
193.124.179.180 - - [04/Sep/2017:04:18:48 +0200] "HEAD / HTTP/1.1" 200 - "http://www.ru-stol.ru/collection/vse-stulya" "Mozilla/6.0 (compatible; MSIE3.00; Windows 2006)"
185.5.249.185 - - [04/Sep/2017:04:18:48 +0200] "HEAD / HTTP/1.1" 200 - "http://www.niceposuda.ru/shop.php?cid=40" "Mozilla/3.0 (compatible; MSIE2.00; Windows 2007)"
194.67.210.77 - - [04/Sep/2017:04:18:48 +0200] "HEAD / HTTP/1.1" 200 - "http://medicaltranslate.ru/testimonial/spasibo-sotrudnikam-byuro/" "Mozilla/2.0 (compatible; MSIE3.00; Windows 2007)"
77.88.9.129 - - [04/Sep/2017:04:21:33 +0200] "GET /robots.txt HTTP/1.1" 200 100 "-" "Mozilla/5.0 (compatible; YandexBot/3.0; +http://yandex.com/bots)"
77.88.9.129 - - [04/Sep/2017:04:21:37 +0200] "GET /gotteslob/ HTTP/1.1" 200 2770 "-" "Mozilla/5.0 (compatible; YandexBot/3.0; +http://yandex.com/bots)"
5.9.145.132 - - [04/Sep/2017:04:42:30 +0200] "GET /sonderthemen/oekt_extra2.pdf HTTP/1.1" 200 1939949 "-" "Mozilla/5.0 (Windows NT 6.1; WOW64; rv:18.0) Gecko/20100101 Firefox/18.0"
77.88.9.129 - - [04/Sep/2017:04:50:56 +0200] "GET /cds/simplay_control.swf HTTP/1.1" 200 1243 "-" "Mozilla/5.0 (compatible; YandexBot/3.0; +http://yandex.com/bots)"
193.1.218.163 - - [04/Sep/2017:05:00:03 +0200] "HEAD / HTTP/1.1" 200 - "-" "Java/1.6.0_23"
66.249.65.155 - - [04/Sep/2017:05:25:24 +0200] "GET /buecher/rezensionen_krise_zum_heil.html HTTP/1.1" 304 - "-" "Mozilla/5.0 (compatible; Googlebot/2.1; +http://www.google.com/bot.html)"
77.88.9.129 - - [04/Sep/2017:05:52:35 +0200] "GET /impressum.html HTTP/1.1" 200 2808 "-" "Mozilla/5.0 (compatible; YandexBot/3.0; +http://yandex.com/bots)"
91.210.106.202 - - [04/Sep/2017:06:19:35 +0200] "GET / HTTP/1.1" 200 9360 "-" "Mozilla/5.0 (Windows NT 6.1; WOW64; rv:31.0) Gecko/20100101 Firefox/31.0"
137.74.201.108 - - [04/Sep/2017:06:28:51 +0200] "GET /buecher/index.html HTTP/1.1" 200 25885 "-" "Mozilla/5.0 (compatible; AhrefsBot/5.2; +http://ahrefs.com/robot/)"
66.249.65.157 - - [04/Sep/2017:06:39:12 +0200] "GET /sonderthemen/sk2000.pdf HTTP/1.1" 200 2925489 "-" "Mozilla/5.0 (compatible; Googlebot/2.1; +http://www.google.com/bot.html)"
157.55.39.218 - - [04/Sep/2017:06:44:26 +0200] "GET /sonderthemen/oekz2003_s01.pdf HTTP/1.1" 200 66807 "-" "Mozilla/5.0 (compatible; bingbot/2.0; +http://www.bing.com/bingbot.htm)"
192.99.203.35 - - [04/Sep/2017:06:45:06 +0200] "GET /robots.txt HTTP/1.1" 200 100 "-" "Mozilla/5.0 (compatible; SiteExplorer/1.1b; +http://siteexplorer.info/Backlink-Checker-Spider/)"
192.99.203.35 - - [04/Sep/2017:06:45:18 +0200] "GET /jahrbuch/index.html HTTP/1.1" 200 3956 "-" "Mozilla/5.0 (compatible; SiteExplorer/1.1b; +http://siteexplorer.info/Backlink-Checker-Spider/)"
192.99.203.35 - - [04/Sep/2017:06:45:28 +0200] "GET /buecher/veroeffentlichungsliste.html HTTP/1.1" 200 129779 "-" "Mozilla/5.0 (compatible; SiteExplorer/1.1b; +http://siteexplorer.info/Backlink-Checker-Spider/)"
