207.46.13.53 - - [23/Sep/2017:18:42:35 +0200] "GET /cds/glockenspiel2.html HTTP/1.1" 200 9831 "-" "Mozilla/5.0 (iPhone; CPU iPhone OS 7_0 like Mac OS X) AppleWebKit/537.51.1 (KHTML, like Gecko) Version/7.0 Mobile/11A465 Safari/9537.53 (compatible; bingbot/2.0; +http://www.bing.com/bingbot.htm)"
207.46.13.53 - - [23/Sep/2017:18:43:47 +0200] "GET /cds/simplay_player.swf?audiofile=glockenspiel2.mp3 HTTP/1.1" 200 6377 "-" "Mozilla/5.0 (iPhone; CPU iPhone OS 7_0 like Mac OS X) AppleWebKit/537.51.1 (KHTML, like Gecko) Version/7.0 Mobile/11A465 Safari/9537.53 (compatible; bingbot/2.0; +http://www.bing.com/bingbot.htm)"
157.55.39.212 - - [23/Sep/2017:18:44:09 +0200] "GET /cds/glockenspiel2.jpg HTTP/1.1" 200 28150 "-" "Mozilla/5.0 (iPhone; CPU iPhone OS 7_0 like Mac OS X) AppleWebKit/537.51.1 (KHTML, like Gecko) Version/7.0 Mobile/11A465 Safari/9537.53 (compatible; bingbot/2.0; +http://www.bing.com/bingbot.htm)"
65.55.210.75 - - [23/Sep/2017:19:04:48 +0200] "GET /cds/simplaydata/playerconfig.xml?nocache=1506185778895 HTTP/1.1" 200 149 "-" "Mozilla/5.0 (iPhone; CPU iPhone OS 7_0 like Mac OS X) AppleWebKit/537.51.1 (KHTML, like Gecko) Version/7.0 Mobile/11A465 Safari/9537.53 BingPreview/1.0b"
65.55.210.75 - - [23/Sep/2017:19:04:48 +0200] "GET /cds/simplaydata/controlconfig.xml?nocache=1506185778873 HTTP/1.1" 200 121 "-" "Mozilla/5.0 (iPhone; CPU iPhone OS 7_0 like Mac OS X) AppleWebKit/537.51.1 (KHTML, like Gecko) Version/7.0 Mobile/11A465 Safari/9537.53 BingPreview/1.0b"
65.55.210.75 - - [23/Sep/2017:19:04:48 +0200] "GET /cds/simplaydata/playerskins/default/skin.xml?nocache=1506185779519 HTTP/1.1" 200 649 "-" "Mozilla/5.0 (iPhone; CPU iPhone OS 7_0 like Mac OS X) AppleWebKit/537.51.1 (KHTML, like Gecko) Version/7.0 Mobile/11A465 Safari/9537.53 BingPreview/1.0b"
65.55.210.75 - - [23/Sep/2017:19:04:48 +0200] "GET /cds/simplaydata/playerskins/default/background.jpg HTTP/1.1" 200 340 "-" "Mozilla/5.0 (iPhone; CPU iPhone OS 7_0 like Mac OS X) AppleWebKit/537.51.1 (KHTML, like Gecko) Version/7.0 Mobile/11A465 Safari/9537.53 BingPreview/1.0b"
65.55.210.75 - - [23/Sep/2017:19:04:48 +0200] "GET /cds/simplaydata/controlskins/default/skin.xml HTTP/1.1" 200 349 "-" "Mozilla/5.0 (iPhone; CPU iPhone OS 7_0 like Mac OS X) AppleWebKit/537.51.1 (KHTML, like Gecko) Version/7.0 Mobile/11A465 Safari/9537.53 BingPreview/1.0b"
65.55.210.75 - - [23/Sep/2017:19:04:49 +0200] "GET /cds/simplaydata/playerskins/default/play_up.jpg HTTP/1.1" 200 643 "-" "Mozilla/5.0 (iPhone; CPU iPhone OS 7_0 like Mac OS X) AppleWebKit/537.51.1 (KHTML, like Gecko) Version/7.0 Mobile/11A465 Safari/9537.53 BingPreview/1.0b"
65.55.210.75 - - [23/Sep/2017:19:04:49 +0200] "GET /cds/simplaydata/playerskins/default/play_over.jpg HTTP/1.1" 200 986 "-" "Mozilla/5.0 (iPhone; CPU iPhone OS 7_0 like Mac OS X) AppleWebKit/537.51.1 (KHTML, like Gecko) Version/7.0 Mobile/11A465 Safari/9537.53 BingPreview/1.0b"
65.55.210.75 - - [23/Sep/2017:19:04:49 +0200] "GET /cds/simplaydata/playerskins/default/play_down.jpg HTTP/1.1" 200 972 "-" "Mozilla/5.0 (iPhone; CPU iPhone OS 7_0 like Mac OS X) AppleWebKit/537.51.1 (KHTML, like Gecko) Version/7.0 Mobile/11A465 Safari/9537.53 BingPreview/1.0b"
65.55.210.75 - - [23/Sep/2017:19:04:50 +0200] "GET /cds/simplaydata/playerskins/default/pause_up.jpg HTTP/1.1" 200 649 "-" "Mozilla/5.0 (iPhone; CPU iPhone OS 7_0 like Mac OS X) AppleWebKit/537.51.1 (KHTML, like Gecko) Version/7.0 Mobile/11A465 Safari/9537.53 BingPreview/1.0b"
65.55.210.75 - - [23/Sep/2017:19:04:50 +0200] "GET /cds/simplaydata/playerskins/default/pause_over.jpg HTTP/1.1" 200 988 "-" "Mozilla/5.0 (iPhone; CPU iPhone OS 7_0 like Mac OS X) AppleWebKit/537.51.1 (KHTML, like Gecko) Version/7.0 Mobile/11A465 Safari/9537.53 BingPreview/1.0b"
65.55.210.75 - - [23/Sep/2017:19:04:50 +0200] "GET /cds/simplaydata/controlskins/default/background.jpg HTTP/1.1" 200 772 "-" "Mozilla/5.0 (iPhone; CPU iPhone OS 7_0 like Mac OS X) AppleWebKit/537.51.1 (KHTML, like Gecko) Version/7.0 Mobile/11A465 Safari/9537.53 BingPreview/1.0b"
65.55.210.75 - - [23/Sep/2017:19:04:50 +0200] "GET /cds/simplaydata/playerskins/default/pause_down.jpg HTTP/1.1" 200 939 "-" "Mozilla/5.0 (iPhone; CPU iPhone OS 7_0 like Mac OS X) AppleWebKit/537.51.1 (KHTML, like Gecko) Version/7.0 Mobile/11A465 Safari/9537.53 BingPreview/1.0b"
65.55.210.75 - - [23/Sep/2017:19:04:50 +0200] "GET /cds/simplaydata/controlskins/default/handle.jpg HTTP/1.1" 200 387 "-" "Mozilla/5.0 (iPhone; CPU iPhone OS 7_0 like Mac OS X) AppleWebKit/537.51.1 (KHTML, like Gecko) Version/7.0 Mobile/11A465 Safari/9537.53 BingPreview/1.0b"
65.55.210.75 - - [23/Sep/2017:19:04:51 +0200] "GET /cds/simplaydata/controlskins/default/on.jpg HTTP/1.1" 200 986 "-" "Mozilla/5.0 (iPhone; CPU iPhone OS 7_0 like Mac OS X) AppleWebKit/537.51.1 (KHTML, like Gecko) Version/7.0 Mobile/11A465 Safari/9537.53 BingPreview/1.0b"
65.55.210.75 - - [23/Sep/2017:19:04:51 +0200] "GET /cds/simplaydata/controlskins/default/off.jpg HTTP/1.1" 200 608 "-" "Mozilla/5.0 (iPhone; CPU iPhone OS 7_0 like Mac OS X) AppleWebKit/537.51.1 (KHTML, like Gecko) Version/7.0 Mobile/11A465 Safari/9537.53 BingPreview/1.0b"
136.243.83.16 - - [23/Sep/2017:19:44:02 +0200] "GET /robots.txt HTTP/1.1" 200 100 "-" "Mozilla/5.0 (compatible; MetaJobBot; http://www.metajob.de/crawler)"
136.243.83.16 - - [23/Sep/2017:19:44:02 +0200] "GET /buecher/veroeffentlichungsliste.html HTTP/1.1" 200 129779 "-" "Mozilla/5.0 (compatible; MetaJobBot; http://www.metajob.de/crawler)"
136.243.83.16 - - [23/Sep/2017:19:44:08 +0200] "GET /buecher/rezensionen_chateaubriand.html HTTP/1.1" 200 47317 "-" "Mozilla/5.0 (compatible; MetaJobBot; http://www.metajob.de/crawler)"
136.243.83.16 - - [23/Sep/2017:19:44:16 +0200] "GET /buecher/index.html HTTP/1.1" 200 25885 "-" "Mozilla/5.0 (compatible; MetaJobBot; http://www.metajob.de/crawler)"
65.55.210.22 - - [23/Sep/2017:19:44:43 +0200] "GET /cds/simplaydata/controlconfig.xml?nocache=1505307449577 HTTP/1.1" 200 121 "-" "Mozilla/5.0 (iPhone; CPU iPhone OS 7_0 like Mac OS X) AppleWebKit/537.51.1 (KHTML, like Gecko) Version/7.0 Mobile/11A465 Safari/9537.53 BingPreview/1.0b"
199.30.24.154 - - [23/Sep/2017:19:44:44 +0200] "GET /cds/simplaydata/playerconfig.xml?nocache=1505307450522 HTTP/1.1" 200 149 "-" "Mozilla/5.0 (iPhone; CPU iPhone OS 7_0 like Mac OS X) AppleWebKit/537.51.1 (KHTML, like Gecko) Version/7.0 Mobile/11A465 Safari/9537.53 BingPreview/1.0b"
199.30.25.98 - - [23/Sep/2017:19:44:45 +0200] "GET /cds/simplaydata/playerskins/default/skin.xml?nocache=1505307451752 HTTP/1.1" 200 649 "-" "Mozilla/5.0 (iPhone; CPU iPhone OS 7_0 like Mac OS X) AppleWebKit/537.51.1 (KHTML, like Gecko) Version/7.0 Mobile/11A465 Safari/9537.53 BingPreview/1.0b"
207.46.13.53 - - [23/Sep/2017:19:44:46 +0200] "GET /buecher/rezension_gesichter_u_geschichten.pdf HTTP/1.1" 200 223287 "-" "Mozilla/5.0 (iPhone; CPU iPhone OS 7_0 like Mac OS X) AppleWebKit/537.51.1 (KHTML, like Gecko) Version/7.0 Mobile/11A465 Safari/9537.53 (compatible; bingbot/2.0; +http://www.bing.com/bingbot.htm)"
78.46.156.169 - - [23/Sep/2017:20:07:38 +0200] "GET /sonderthemen/sk2000.pdf HTTP/1.1" 200 2925489 "-" "Mozilla/5.0 (Macintosh; Intel Mac OS X 107) AppleWebKit/534.48.3 (KHTML like Gecko) Version/5.1 Safari/534.48.3"
66.249.64.209 - - [23/Sep/2017:20:54:04 +0200] "GET /buecher/index.html HTTP/1.1" 200 25885 "-" "Mozilla/5.0 (compatible; Googlebot/2.1; +http://www.google.com/bot.html)"
157.55.39.147 - - [23/Sep/2017:21:17:46 +0200] "GET /buecher/rezensionen_chateaubriand.html HTTP/1.1" 200 47317 "-" "Mozilla/5.0 (iPhone; CPU iPhone OS 7_0 like Mac OS X) AppleWebKit/537.51.1 (KHTML, like Gecko) Version/7.0 Mobile/11A465 Safari/9537.53 (compatible; bingbot/2.0; +http://www.bing.com/bingbot.htm)"
157.55.39.147 - - [23/Sep/2017:21:38:47 +0200] "GET /main.css HTTP/1.1" 200 1439 "-" "Mozilla/5.0 (iPhone; CPU iPhone OS 7_0 like Mac OS X) AppleWebKit/537.51.1 (KHTML, like Gecko) Version/7.0 Mobile/11A465 Safari/9537.53 (compatible; bingbot/2.0; +http://www.bing.com/bingbot.htm)"
77.220.213.173 - - [23/Sep/2017:21:52:42 +0200] "HEAD / HTTP/1.1" 200 - "http://spravki-fast.com/metro/kupit-bolnichnyj-metro-lermontovskij-prospekt.html" "Mozilla/2.0 (compatible; MSIE7.00; Windows 2006)"
185.154.13.6 - - [23/Sep/2017:21:52:42 +0200] "HEAD / HTTP/1.1" 200 - "http://spravki-tyt.ru/article/kupit-formu-086-v-moskve.html" "Mozilla/5.0 (compatible; MSIE4.00; Windows 2004)"
178.159.43.212 - - [23/Sep/2017:21:52:42 +0200] "HEAD / HTTP/1.1" 200 - "https://resursmsk.ru/gayka-shestigrannaya" "Mozilla/3.0 (compatible; MSIE4.00; Windows 2009)"
178.159.39.237 - - [23/Sep/2017:21:55:32 +0200] "HEAD / HTTP/1.1" 200 - "http://xn--80ajojheicedq.xn--p1ai/paket-dokumentov-neobkhodimyy-dlya-ekspluatatsii-krematora" "Mozilla/5.0 (compatible; MSIE5.00; Windows 2004)"
185.209.20.147 - - [23/Sep/2017:22:04:02 +0200] "HEAD / HTTP/1.1" 200 - "http://xn--d1acnpjccdbkm9i.xn--p1ai/ochistitel-vorokha-ovs-25" "Mozilla/5.0 (compatible; MSIE5.00; Windows 2005)"
193.201.224.72 - - [23/Sep/2017:22:07:22 +0200] "GET /Fckeditorold/editor/ HTTP/1.1" 404 2381 "-" "compatible;Baiduspider/2.0; +http://www.baidu.com/search/spider.html"
51.15.60.62 - - [23/Sep/2017:22:08:04 +0200] "POST /index.php?m=member&c=index&a=register&siteid=1 HTTP/1.1" 404 2381 "-" "Mozilla/5.0 (Windows NT 10.0; Win64; x64) AppleWebKit/537.36 (KHTML, like Gecko) Chrome/56.0.2924.87 Safari/537.36"
195.133.145.199 - - [23/Sep/2017:22:13:45 +0200] "HEAD / HTTP/1.1" 200 - "http://digipulse.ru/catalog/tracker-accessories/" "Mozilla/5.0 (compatible; MSIE7.00; Windows 2008)"
194.87.94.251 - - [23/Sep/2017:22:13:46 +0200] "HEAD / HTTP/1.1" 200 - "http://dom-shirm.ru/o-nas" "Mozilla/7.0 (compatible; MSIE7.00; Windows 2007)"
195.133.201.163 - - [23/Sep/2017:22:13:46 +0200] "HEAD / HTTP/1.1" 200 - "http://ksion-service.ru/news/19-remont-kompyuterov-v-zao.html" "Mozilla/4.0 (compatible; MSIE4.00; Windows 2002)"
194.87.236.223 - - [23/Sep/2017:22:13:46 +0200] "HEAD / HTTP/1.1" 200 - "http://stroidom36.ru/otdelka-gipsokartonom/" "Mozilla/2.0 (compatible; MSIE6.00; Windows 2009)"
193.124.131.168 - - [23/Sep/2017:22:18:01 +0200] "HEAD / HTTP/1.1" 200 - "http://www.shirma.org/shirma-iz-tkani" "Mozilla/3.0 (compatible; MSIE2.00; Windows 2004)"
185.125.219.134 - - [23/Sep/2017:22:21:18 +0200] "HEAD / HTTP/1.1" 200 - "https://brauni.com.ua/smesiteli/smesitel-dlya-kukhni-secret-135-nikel-detail" "Mozilla/5.0 (compatible; MSIE4.00; Windows 2004)"
185.5.249.185 - - [23/Sep/2017:22:21:18 +0200] "HEAD / HTTP/1.1" 200 - "http://xn----8sbfkodbrpl5cg6co9c.xn--p1ai/unior-neo-r" "Mozilla/3.0 (compatible; MSIE4.00; Windows 2008)"
193.124.179.180 - - [23/Sep/2017:22:21:18 +0200] "HEAD / HTTP/1.1" 200 - "http://xn----7sbaabjqdxfeop3ak0b6ae8p.xn--p1ai/9-sozdanie-sajtov/10-dlya-chego-nuzhen-sajt" "Mozilla/4.0 (compatible; MSIE3.00; Windows 2003)"
193.124.190.64 - - [23/Sep/2017:22:21:19 +0200] "HEAD / HTTP/1.1" 200 - "http://vent-fasad16.ru/kontakty.html" "Mozilla/6.0 (compatible; MSIE4.00; Windows 2005)"
194.67.210.77 - - [23/Sep/2017:22:21:19 +0200] "HEAD / HTTP/1.1" 200 - "http://m-interest.ru/biznes" "Mozilla/6.0 (compatible; MSIE3.00; Windows 2006)"
195.133.147.6 - - [23/Sep/2017:22:22:53 +0200] "HEAD / HTTP/1.1" 200 - "http://na-batut.ru/batuty-trampoline-fitness" "Mozilla/8.0 (compatible; MSIE7.00; Windows 2007)"
157.55.39.212 - - [23/Sep/2017:22:28:43 +0200] "GET / HTTP/1.1" 200 9360 "-" "Mozilla/5.0 (compatible; bingbot/2.0; +http://www.bing.com/bingbot.htm)"
5.101.78.194 - - [23/Sep/2017:22:32:58 +0200] "HEAD / HTTP/1.1" 200 - "https://zaimgrad.ru/mfo-mayskiy/" "Mozilla/4.0 (compatible; MSIE4.00; Windows 2003)"
185.158.153.174 - - [23/Sep/2017:22:32:58 +0200] "HEAD / HTTP/1.1" 200 - "https://muzamaster.ru/collection/nefrit" "Mozilla/3.0 (compatible; MSIE7.00; Windows 2005)"
188.227.18.230 - - [23/Sep/2017:22:32:58 +0200] "HEAD / HTTP/1.1" 200 - "http://500smesiteley.ru/catalog/smesiteli-dlya-rakoviny/" "Mozilla/2.0 (compatible; MSIE6.00; Windows 2002)"
40.77.177.191 - - [23/Sep/2017:22:39:24 +0200] "GET /pf.gif HTTP/1.1" 200 62 "-" "Mozilla/5.0 (iPhone; CPU iPhone OS 7_0 like Mac OS X) AppleWebKit/537.51.1 (KHTML, like Gecko) Version/7.0 Mobile/11A465 Safari/9537.53 BingPreview/1.0b"
40.77.177.191 - - [23/Sep/2017:22:39:25 +0200] "GET /strich.gif HTTP/1.1" 200 45 "-" "Mozilla/5.0 (iPhone; CPU iPhone OS 7_0 like Mac OS X) AppleWebKit/537.51.1 (KHTML, like Gecko) Version/7.0 Mobile/11A465 Safari/9537.53 BingPreview/1.0b"
66.249.64.209 - - [23/Sep/2017:23:17:40 +0200] "GET /kontakt/index.html HTTP/1.1" 200 2896 "-" "Mozilla/5.0 (compatible; Googlebot/2.1; +http://www.google.com/bot.html)"
77.88.9.129 - - [23/Sep/2017:23:20:05 +0200] "GET /robots.txt HTTP/1.1" 200 100 "-" "Mozilla/5.0 (compatible; YandexBot/3.0; +http://yandex.com/bots)"
77.88.9.129 - - [23/Sep/2017:23:20:09 +0200] "GET /buecher/gesichter/28.jpg HTTP/1.1" 304 - "-" "Mozilla/5.0 (compatible; YandexImages/3.0; +http://yandex.com/bots)"
193.201.224.72 - - [24/Sep/2017:00:14:48 +0200] "GET /editor1/editor/ HTTP/1.1" 404 2381 "-" "compatible;Baiduspider/2.0; +http://www.baidu.com/search/spider.html"
77.88.9.129 - - [24/Sep/2017:00:25:08 +0200] "GET /buecher/gesichter/08.jpg HTTP/1.1" 304 - "-" "Mozilla/5.0 (compatible; YandexImages/3.0; +http://yandex.com/bots)"
157.55.39.147 - - [24/Sep/2017:01:05:34 +0200] "GET /buecher/rezensionen_krise_zum_heil.html HTTP/1.1" 200 9828 "-" "Mozilla/5.0 (iPhone; CPU iPhone OS 7_0 like Mac OS X) AppleWebKit/537.51.1 (KHTML, like Gecko) Version/7.0 Mobile/11A465 Safari/9537.53 (compatible; bingbot/2.0; +http://www.bing.com/bingbot.htm)"
68.180.229.233 - - [24/Sep/2017:01:30:15 +0200] "GET /robots.txt HTTP/1.1" 200 100 "-" "Mozilla/5.0 (compatible; Yahoo! Slurp; http://help.yahoo.com/help/us/ysearch/slurp)"
68.180.229.233 - - [24/Sep/2017:01:30:16 +0200] "GET / HTTP/1.1" 304 - "-" "Mozilla/5.0 (compatible; Yahoo! Slurp; http://help.yahoo.com/help/us/ysearch/slurp)"
66.249.64.211 - - [24/Sep/2017:01:41:40 +0200] "GET /jahrbuch/index.html HTTP/1.1" 200 3956 "-" "Mozilla/5.0 (compatible; Googlebot/2.1; +http://www.google.com/bot.html)"
157.55.39.204 - - [24/Sep/2017:02:02:51 +0200] "GET /buecher/veroeffentlichungsliste.html HTTP/1.1" 200 129779 "-" "Mozilla/5.0 (iPhone; CPU iPhone OS 7_0 like Mac OS X) AppleWebKit/537.51.1 (KHTML, like Gecko) Version/7.0 Mobile/11A465 Safari/9537.53 (compatible; bingbot/2.0; +http://www.bing.com/bingbot.htm)"
193.201.224.72 - - [24/Sep/2017:02:27:02 +0200] "GET /Fckeditornew/editor/ HTTP/1.1" 404 2381 "-" "compatible;Baiduspider/2.0; +http://www.baidu.com/search/spider.html"
77.220.213.173 - - [24/Sep/2017:03:09:01 +0200] "HEAD / HTTP/1.1" 200 - "http://42doska.ru/catalog/bitovaya_elektronika_72/all_0/" "Mozilla/3.0 (compatible; MSIE7.00; Windows 2005)"
185.154.13.6 - - [24/Sep/2017:03:12:28 +0200] "HEAD / HTTP/1.1" 200 - "http://dom-shirm.ru/o-nas" "Mozilla/4.0 (compatible; MSIE5.00; Windows 2005)"
178.159.43.212 - - [24/Sep/2017:03:12:29 +0200] "HEAD / HTTP/1.1" 200 - "http://ksion-service.ru/services/9-monoblok.html" "Mozilla/4.0 (compatible; MSIE7.00; Windows 2004)"
185.209.20.147 - - [24/Sep/2017:03:14:10 +0200] "HEAD / HTTP/1.1" 200 - "http://www.shirma.org/novosty" "Mozilla/2.0 (compatible; MSIE3.00; Windows 2008)"
178.159.39.237 - - [24/Sep/2017:03:14:13 +0200] "HEAD / HTTP/1.1" 200 - "http://na-batut.ru/aksesuariy-dlia-batutov" "Mozilla/2.0 (compatible; MSIE4.00; Windows 2004)"
148.251.75.46 - - [24/Sep/2017:03:39:29 +0200] "GET /sonderthemen/oekt_extra3.pdf HTTP/1.1" 200 2109745 "-" "Mozilla/5.0 (Macintosh; Intel Mac OS X 10_7_5) AppleWebKit/537.31 (KHTML, like Gecko) Chrome/26.0.1410.65 Safari/537.31"
195.133.201.163 - - [24/Sep/2017:03:39:42 +0200] "HEAD / HTTP/1.1" 200 - "http://rupolitshow.ru/polnyj-kontakt" "Mozilla/8.0 (compatible; MSIE4.00; Windows 2002)"
194.87.236.223 - - [24/Sep/2017:03:39:43 +0200] "HEAD / HTTP/1.1" 200 - "http://receptkrasoti.ru/meal/krabovyi-salat-s-krevetkami-podborka-lychshih-receptov-kak-pravilno-i-vkysno-prigotovit-krabovyi-salat-s-krevetkami.html" "Mozilla/6.0 (compatible; MSIE5.00; Windows 2007)"
195.133.145.199 - - [24/Sep/2017:03:39:43 +0200] "HEAD / HTTP/1.1" 200 - "http://www.es-teplopushka.ru/category_13.html" "Mozilla/7.0 (compatible; MSIE4.00; Windows 2004)"
194.87.94.251 - - [24/Sep/2017:03:39:43 +0200] "HEAD / HTTP/1.1" 200 - "http://www.singlit-m.ru/otlivy" "Mozilla/5.0 (compatible; MSIE5.00; Windows 2008)"
193.124.131.168 - - [24/Sep/2017:03:42:23 +0200] "HEAD / HTTP/1.1" 200 - "http://spravki-fast.com/metro/kupit-bolnichnyj-metro-izmajlovskaya.html" "Mozilla/4.0 (compatible; MSIE3.00; Windows 2006)"
66.249.64.211 - - [24/Sep/2017:03:44:53 +0200] "GET /robots.txt HTTP/1.1" 200 100 "-" "Mozilla/5.0 (compatible; Googlebot/2.1; +http://www.google.com/bot.html)"
66.249.64.213 - - [24/Sep/2017:03:44:53 +0200] "GET /sonderthemen/oekz2003.pdf HTTP/1.1" 304 - "-" "Mozilla/5.0 (compatible; Googlebot/2.1; +http://www.google.com/bot.html)"
193.124.179.180 - - [24/Sep/2017:03:52:53 +0200] "HEAD / HTTP/1.1" 200 - "http://m-interest.ru/biznes/karera/27-kak-pravilno-raspredelit-svoe-vremya" "Mozilla/7.0 (compatible; MSIE2.00; Windows 2005)"
193.124.190.64 - - [24/Sep/2017:03:52:53 +0200] "HEAD / HTTP/1.1" 200 - "http://xn----8sbfkodbrpl5cg6co9c.xn--p1ai/acsessuari" "Mozilla/5.0 (compatible; MSIE7.00; Windows 2003)"
185.5.249.185 - - [24/Sep/2017:03:52:53 +0200] "HEAD / HTTP/1.1" 200 - "https://resursmsk.ru/prays-na-setku-svanuyu" "Mozilla/8.0 (compatible; MSIE3.00; Windows 2003)"
185.125.219.134 - - [24/Sep/2017:03:52:54 +0200] "HEAD / HTTP/1.1" 200 - "http://xn--80ajojheicedq.xn--p1ai/ustroystvo-i-printsip-raboty-tekhnika-bezopasnosti-pri-rabote-krematora" "Mozilla/2.0 (compatible; MSIE3.00; Windows 2003)"
194.67.210.77 - - [24/Sep/2017:03:52:54 +0200] "HEAD / HTTP/1.1" 200 - "http://spravki-tyt.ru/article/kupit-sanatorno-kurortnuyu-kartu-v-moskve.html" "Mozilla/8.0 (compatible; MSIE7.00; Windows 2005)"
195.133.147.6 - - [24/Sep/2017:03:52:55 +0200] "HEAD / HTTP/1.1" 200 - "http://digipulse.ru/catalog/bluetooth-braslet/" "Mozilla/8.0 (compatible; MSIE2.00; Windows 2006)"
66.249.64.209 - - [24/Sep/2017:04:05:40 +0200] "GET /sonderthemen/sk2004.pdf HTTP/1.1" 200 1967215 "-" "Mozilla/5.0 (compatible; Googlebot/2.1; +http://www.google.com/bot.html)"
157.55.39.204 - - [24/Sep/2017:04:16:26 +0200] "GET /cds/glockenspiel1_k.jpg HTTP/1.1" 200 5641 "-" "Mozilla/5.0 (compatible; bingbot/2.0; +http://www.bing.com/bingbot.htm)"
180.76.15.139 - - [24/Sep/2017:04:19:37 +0200] "GET /sonderthemen/sk2001.pdf HTTP/1.1" 200 3098589 "-" "Mozilla/5.0 (compatible; Baiduspider/2.0; +http://www.baidu.com/search/spider.html)"
193.1.218.163 - - [24/Sep/2017:05:05:11 +0200] "HEAD / HTTP/1.1" 200 - "-" "Java/1.6.0_23"
68.180.229.233 - - [24/Sep/2017:05:10:02 +0200] "GET /robots.txt HTTP/1.1" 200 100 "-" "Mozilla/5.0 (compatible; Yahoo! Slurp; http://help.yahoo.com/help/us/ysearch/slurp)"
68.180.229.233 - - [24/Sep/2017:05:10:02 +0200] "GET /sonderthemen/az2003.pdf HTTP/1.1" 304 - "-" "Mozilla/5.0 (compatible; Yahoo! Slurp; http://help.yahoo.com/help/us/ysearch/slurp)"
157.55.39.212 - - [24/Sep/2017:05:22:09 +0200] "GET /cds/rosarium.html HTTP/1.1" 200 6680 "-" "Mozilla/5.0 (compatible; bingbot/2.0; +http://www.bing.com/bingbot.htm)"
157.55.39.204 - - [24/Sep/2017:05:26:43 +0200] "GET /buecher/liebe_und_treue.jpg HTTP/1.1" 200 3067 "-" "Mozilla/5.0 (compatible; bingbot/2.0; +http://www.bing.com/bingbot.htm)"
209.90.225.210 - - [24/Sep/2017:05:51:26 +0200] "GET /wp-content/plugins/wp2android-turn-wp-site-into-android-app/readme.txt HTTP/1.1" 404 2381 "http://www.morusverlag.de/wp-content/plugins/wp2android-turn-wp-site-into-android-app/readme.txt" "Mozilla/5.0 (Windows NT 6.1; WOW64) AppleWebKit/537.36 (KHTML, like Gecko) Chrome/42.0.2311.152 Safari/537.36"
66.249.64.213 - - [24/Sep/2017:06:29:40 +0200] "GET /sonderthemen/az2003.pdf HTTP/1.1" 200 4864675 "-" "Mozilla/5.0 (compatible; Googlebot/2.1; +http://www.google.com/bot.html)"
5.9.112.6 - - [24/Sep/2017:07:02:03 +0200] "GET /sonderthemen/sk2002.pdf HTTP/1.1" 200 2628923 "-" "Mozilla/5.0 (Windows NT 6.2; rv:21.0) Gecko/20130326 Firefox/21.0"
157.55.39.48 - - [24/Sep/2017:07:02:09 +0200] "GET /robots.txt HTTP/1.1" 200 100 "-" "Mozilla/5.0 (compatible; bingbot/2.0; +http://www.bing.com/bingbot.htm)"
157.55.39.204 - - [24/Sep/2017:07:03:36 +0200] "GET /buecher/gesichter/30.jpg HTTP/1.1" 200 8702 "-" "Mozilla/5.0 (compatible; bingbot/2.0; +http://www.bing.com/bingbot.htm)"
188.227.18.230 - - [24/Sep/2017:08:11:24 +0200] "HEAD / HTTP/1.1" 200 - "https://brauni.com.ua/smesiteli/smesitel-dlja-kuhni-cr91510-detail" "Mozilla/3.0 (compatible; MSIE4.00; Windows 2003)"
5.101.78.194 - - [24/Sep/2017:08:11:24 +0200] "HEAD / HTTP/1.1" 200 - "https://muzamaster.ru/collection/lunnyy-kamen" "Mozilla/4.0 (compatible; MSIE5.00; Windows 2009)"
185.158.153.174 - - [24/Sep/2017:08:11:25 +0200] "HEAD / HTTP/1.1" 200 - "http://500smesiteley.ru/catalog/monosmesiteli/" "Mozilla/7.0 (compatible; MSIE3.00; Windows 2004)"
77.220.213.173 - - [24/Sep/2017:08:11:49 +0200] "HEAD / HTTP/1.1" 200 - "http://42doska.ru/catalog/nedvizhimost_71/all_0/" "Mozilla/3.0 (compatible; MSIE5.00; Windows 2009)"
185.154.13.6 - - [24/Sep/2017:08:11:49 +0200] "HEAD / HTTP/1.1" 200 - "http://dom-shirm.ru/shirmi-peregorodki" "Mozilla/8.0 (compatible; MSIE7.00; Windows 2003)"
185.209.20.147 - - [24/Sep/2017:08:11:50 +0200] "HEAD / HTTP/1.1" 200 - "http://www.shirma.org/dekorativnaya" "Mozilla/8.0 (compatible; MSIE4.00; Windows 2006)"
178.159.39.237 - - [24/Sep/2017:08:11:50 +0200] "HEAD / HTTP/1.1" 200 - "http://na-batut.ru/batuty-eclipse" "Mozilla/5.0 (compatible; MSIE3.00; Windows 2004)"
178.159.43.212 - - [24/Sep/2017:08:11:51 +0200] "HEAD / HTTP/1.1" 200 - "http://ksion-service.ru/news/19-remont-kompyuterov-v-zao.html" "Mozilla/6.0 (compatible; MSIE5.00; Windows 2008)"
78.52.168.98 - - [24/Sep/2017:08:54:14 +0200] "GET / HTTP/1.1" 200 9360 "-" "Mozilla/5.0 (Macintosh; Intel Mac OS X 10_10_3) AppleWebKit/537.36 (KHTML, like Gecko) Chrome/41.0.2272.89 Safari/537.36"
157.55.39.4 - - [24/Sep/2017:09:13:09 +0200] "GET /gotteslob/index.html HTTP/1.1" 200 2770 "-" "Mozilla/5.0 (iPhone; CPU iPhone OS 7_0 like Mac OS X) AppleWebKit/537.51.1 (KHTML, like Gecko) Version/7.0 Mobile/11A465 Safari/9537.53 (compatible; bingbot/2.0; +http://www.bing.com/bingbot.htm)"
157.55.39.204 - - [24/Sep/2017:09:22:06 +0200] "GET /buecher/gesichter/27.jpg HTTP/1.1" 200 8110 "-" "Mozilla/5.0 (compatible; bingbot/2.0; +http://www.bing.com/bingbot.htm)"
157.55.39.204 - - [24/Sep/2017:09:22:07 +0200] "GET /gotteslob.jpg HTTP/1.1" 200 9390 "-" "Mozilla/5.0 (compatible; bingbot/2.0; +http://www.bing.com/bingbot.htm)"
194.87.236.223 - - [24/Sep/2017:09:33:55 +0200] "HEAD / HTTP/1.1" 200 - "http://receptkrasoti.ru/meal/zrazy-s-miasom-lychshie-recepty-kak-pravilno-i-vkysno-prigotovit-zrazy-s-miasom.html" "Mozilla/7.0 (compatible; MSIE7.00; Windows 2004)"
195.133.201.163 - - [24/Sep/2017:09:33:55 +0200] "HEAD / HTTP/1.1" 200 - "http://rupolitshow.ru/chestnyj-detektiv" "Mozilla/8.0 (compatible; MSIE5.00; Windows 2005)"
193.124.131.168 - - [24/Sep/2017:09:33:55 +0200] "HEAD / HTTP/1.1" 200 - "http://spravki-fast.com/kupit-spravku-v-troicke.html" "Mozilla/7.0 (compatible; MSIE6.00; Windows 2004)"
195.133.145.199 - - [24/Sep/2017:09:33:55 +0200] "HEAD / HTTP/1.1" 200 - "http://www.es-teplopushka.ru/category_64.html" "Mozilla/8.0 (compatible; MSIE6.00; Windows 2003)"
93.160.60.32 - - [24/Sep/2017:09:42:18 +0200] "GET / HTTP/1.1" 200 9360 "-" "Mozilla/4.0 (compatible; MSIE 7.0; Windows NT 5.0) Match by Siteimprove.com"
185.125.219.134 - - [24/Sep/2017:09:46:26 +0200] "HEAD / HTTP/1.1" 200 - "http://xn--80ajojheicedq.xn--p1ai/kontakty" "Mozilla/2.0 (compatible; MSIE3.00; Windows 2005)"
185.5.249.185 - - [24/Sep/2017:09:46:26 +0200] "HEAD / HTTP/1.1" 200 - "https://resursmsk.ru/magazin/vendor/mariupol" "Mozilla/3.0 (compatible; MSIE2.00; Windows 2003)"
193.124.190.64 - - [24/Sep/2017:09:46:26 +0200] "HEAD / HTTP/1.1" 200 - "http://xn----8sbfkodbrpl5cg6co9c.xn--p1ai/bio-in-probiotiki" "Mozilla/8.0 (compatible; MSIE2.00; Windows 2008)"
193.124.179.180 - - [24/Sep/2017:09:46:26 +0200] "HEAD / HTTP/1.1" 200 - "http://m-interest.ru/tekhnologii/nauka/33-uskorenie-moshchnostej-kompyuterov-novye-vozmozhnosti-budushchego" "Mozilla/6.0 (compatible; MSIE2.00; Windows 2002)"
194.67.210.77 - - [24/Sep/2017:09:46:27 +0200] "HEAD / HTTP/1.1" 200 - "http://spravki-tyt.ru/faq/v-bolnitse-nam-vidali-meditsinskuyu-kartu.html" "Mozilla/8.0 (compatible; MSIE3.00; Windows 2005)"
180.76.15.6 - - [24/Sep/2017:09:48:42 +0200] "GET / HTTP/1.1" 200 9360 "-" "Mozilla/5.0 (compatible; Baiduspider/2.0; +http://www.baidu.com/search/spider.html)"
195.133.147.6 - - [24/Sep/2017:09:50:26 +0200] "HEAD / HTTP/1.1" 200 - "http://digipulse.ru/catalog/gps-logger/" "Mozilla/3.0 (compatible; MSIE4.00; Windows 2008)"
66.249.64.211 - - [24/Sep/2017:09:51:21 +0200] "GET /sonderthemen/az2000.pdf HTTP/1.1" 200 2253581 "-" "Mozilla/5.0 (compatible; Googlebot/2.1; +http://www.google.com/bot.html)"
199.58.86.211 - - [24/Sep/2017:10:10:44 +0200] "GET /robots.txt HTTP/1.1" 200 100 "-" "Mozilla/5.0 (compatible; MJ12bot/v1.4.8; http://mj12bot.com/)"
199.58.86.211 - - [24/Sep/2017:10:10:46 +0200] "GET / HTTP/1.1" 200 9360 "-" "Mozilla/5.0 (compatible; MJ12bot/v1.4.8; http://mj12bot.com/)"
65.55.210.192 - - [24/Sep/2017:10:14:27 +0200] "GET /logo_g.gif HTTP/1.1" 200 1301 "-" "Mozilla/5.0 (iPhone; CPU iPhone OS 7_0 like Mac OS X) AppleWebKit/537.51.1 (KHTML, like Gecko) Version/7.0 Mobile/11A465 Safari/9537.53 BingPreview/1.0b"
65.55.210.144 - - [24/Sep/2017:10:14:28 +0200] "GET /m.gif HTTP/1.1" 200 95 "-" "Mozilla/5.0 (iPhone; CPU iPhone OS 7_0 like Mac OS X) AppleWebKit/537.51.1 (KHTML, like Gecko) Version/7.0 Mobile/11A465 Safari/9537.53 BingPreview/1.0b"
65.55.210.192 - - [24/Sep/2017:10:14:28 +0200] "GET /gotteslob/gotteslob_alle.jpg HTTP/1.1" 200 24560 "-" "Mozilla/5.0 (iPhone; CPU iPhone OS 7_0 like Mac OS X) AppleWebKit/537.51.1 (KHTML, like Gecko) Version/7.0 Mobile/11A465 Safari/9537.53 BingPreview/1.0b"
65.55.210.51 - - [24/Sep/2017:10:14:30 +0200] "GET /strich.gif HTTP/1.1" 200 45 "-" "Mozilla/5.0 (iPhone; CPU iPhone OS 7_0 like Mac OS X) AppleWebKit/537.51.1 (KHTML, like Gecko) Version/7.0 Mobile/11A465 Safari/9537.53 BingPreview/1.0b"
66.249.64.211 - - [24/Sep/2017:10:22:02 +0200] "GET /sonderthemen/oekz2003.pdf HTTP/1.1" 304 - "-" "Mozilla/5.0 (compatible; Googlebot/2.1; +http://www.google.com/bot.html)"
66.249.64.213 - - [24/Sep/2017:11:17:39 +0200] "GET /sonderthemen/presse.html HTTP/1.1" 200 5772 "-" "Mozilla/5.0 (compatible; Googlebot/2.1; +http://www.google.com/bot.html)"
77.22.119.215 - - [24/Sep/2017:11:40:45 +0200] "GET / HTTP/1.1" 200 9360 "https://www.google.de/" "Mozilla/5.0 (Windows NT 6.3; WOW64; rv:55.0) Gecko/20100101 Firefox/55.0"
77.22.119.215 - - [24/Sep/2017:11:40:45 +0200] "GET /main.css HTTP/1.1" 200 1439 "http://www.morusverlag.de/" "Mozilla/5.0 (Windows NT 6.3; WOW64; rv:55.0) Gecko/20100101 Firefox/55.0"
77.22.119.215 - - [24/Sep/2017:11:40:45 +0200] "GET /logo_g.gif HTTP/1.1" 200 1301 "http://www.morusverlag.de/" "Mozilla/5.0 (Windows NT 6.3; WOW64; rv:55.0) Gecko/20100101 Firefox/55.0"
77.22.119.215 - - [24/Sep/2017:11:40:45 +0200] "GET /mv_g.gif HTTP/1.1" 200 4070 "http://www.morusverlag.de/" "Mozilla/5.0 (Windows NT 6.3; WOW64; rv:55.0) Gecko/20100101 Firefox/55.0"
77.22.119.215 - - [24/Sep/2017:11:40:45 +0200] "GET /mv_gr_w.gif HTTP/1.1" 200 2005 "http://www.morusverlag.de/" "Mozilla/5.0 (Windows NT 6.3; WOW64; rv:55.0) Gecko/20100101 Firefox/55.0"
77.22.119.215 - - [24/Sep/2017:11:40:45 +0200] "GET /pf.gif HTTP/1.1" 200 62 "http://www.morusverlag.de/" "Mozilla/5.0 (Windows NT 6.3; WOW64; rv:55.0) Gecko/20100101 Firefox/55.0"
77.22.119.215 - - [24/Sep/2017:11:40:45 +0200] "GET /jahrbuch_k.jpg HTTP/1.1" 200 3719 "http://www.morusverlag.de/" "Mozilla/5.0 (Windows NT 6.3; WOW64; rv:55.0) Gecko/20100101 Firefox/55.0"
77.22.119.215 - - [24/Sep/2017:11:40:45 +0200] "GET /buecher/gesichter.jpg HTTP/1.1" 200 7271 "http://www.morusverlag.de/" "Mozilla/5.0 (Windows NT 6.3; WOW64; rv:55.0) Gecko/20100101 Firefox/55.0"
77.22.119.215 - - [24/Sep/2017:11:40:45 +0200] "GET /cds/rosarium_k.jpg HTTP/1.1" 200 3972 "http://www.morusverlag.de/" "Mozilla/5.0 (Windows NT 6.3; WOW64; rv:55.0) Gecko/20100101 Firefox/55.0"
77.22.119.215 - - [24/Sep/2017:11:40:45 +0200] "GET /cds/ignatius_k.jpg HTTP/1.1" 200 3965 "http://www.morusverlag.de/" "Mozilla/5.0 (Windows NT 6.3; WOW64; rv:55.0) Gecko/20100101 Firefox/55.0"
77.22.119.215 - - [24/Sep/2017:11:40:45 +0200] "GET /cds/hymnos_k.jpg HTTP/1.1" 200 4986 "http://www.morusverlag.de/" "Mozilla/5.0 (Windows NT 6.3; WOW64; rv:55.0) Gecko/20100101 Firefox/55.0"
77.22.119.215 - - [24/Sep/2017:11:40:45 +0200] "GET /cds/astazi_k.jpg HTTP/1.1" 200 6049 "http://www.morusverlag.de/" "Mozilla/5.0 (Windows NT 6.3; WOW64; rv:55.0) Gecko/20100101 Firefox/55.0"
77.22.119.215 - - [24/Sep/2017:11:40:45 +0200] "GET /gotteslob.jpg HTTP/1.1" 200 9390 "http://www.morusverlag.de/" "Mozilla/5.0 (Windows NT 6.3; WOW64; rv:55.0) Gecko/20100101 Firefox/55.0"
77.22.119.215 - - [24/Sep/2017:11:40:45 +0200] "GET /buecher/engel.jpg HTTP/1.1" 200 5414 "http://www.morusverlag.de/" "Mozilla/5.0 (Windows NT 6.3; WOW64; rv:55.0) Gecko/20100101 Firefox/55.0"
77.22.119.215 - - [24/Sep/2017:11:40:45 +0200] "GET /buecher/chateaubriand.jpg HTTP/1.1" 200 2272 "http://www.morusverlag.de/" "Mozilla/5.0 (Windows NT 6.3; WOW64; rv:55.0) Gecko/20100101 Firefox/55.0"
77.22.119.215 - - [24/Sep/2017:11:40:45 +0200] "GET /strich.gif HTTP/1.1" 200 45 "http://www.morusverlag.de/" "Mozilla/5.0 (Windows NT 6.3; WOW64; rv:55.0) Gecko/20100101 Firefox/55.0"
77.22.119.215 - - [24/Sep/2017:11:40:45 +0200] "GET /buch_k.jpg HTTP/1.1" 200 4591 "http://www.morusverlag.de/" "Mozilla/5.0 (Windows NT 6.3; WOW64; rv:55.0) Gecko/20100101 Firefox/55.0"
77.22.119.215 - - [24/Sep/2017:11:40:46 +0200] "GET /favicon.ico HTTP/1.1" 200 4286 "-" "Mozilla/5.0 (Windows NT 6.3; WOW64; rv:55.0) Gecko/20100101 Firefox/55.0"
77.22.119.215 - - [24/Sep/2017:11:40:51 +0200] "GET /sonderthemen/index.html HTTP/1.1" 200 7102 "http://www.morusverlag.de/" "Mozilla/5.0 (Windows NT 6.3; WOW64; rv:55.0) Gecko/20100101 Firefox/55.0"
77.22.119.215 - - [24/Sep/2017:11:40:51 +0200] "GET /sonderthemen/az2003.jpg HTTP/1.1" 200 12396 "http://www.morusverlag.de/sonderthemen/index.html" "Mozilla/5.0 (Windows NT 6.3; WOW64; rv:55.0) Gecko/20100101 Firefox/55.0"
77.22.119.215 - - [24/Sep/2017:11:40:51 +0200] "GET /sonderthemen/sk2004_sz.jpg HTTP/1.1" 200 17884 "http://www.morusverlag.de/sonderthemen/index.html" "Mozilla/5.0 (Windows NT 6.3; WOW64; rv:55.0) Gecko/20100101 Firefox/55.0"
77.22.119.215 - - [24/Sep/2017:11:40:51 +0200] "GET /sonderthemen/oekt_extra.jpg HTTP/1.1" 200 12801 "http://www.morusverlag.de/sonderthemen/index.html" "Mozilla/5.0 (Windows NT 6.3; WOW64; rv:55.0) Gecko/20100101 Firefox/55.0"
77.22.119.215 - - [24/Sep/2017:11:40:51 +0200] "GET /sonderthemen/radioparadiso.gif HTTP/1.1" 200 934 "http://www.morusverlag.de/sonderthemen/index.html" "Mozilla/5.0 (Windows NT 6.3; WOW64; rv:55.0) Gecko/20100101 Firefox/55.0"
77.22.119.215 - - [24/Sep/2017:11:40:51 +0200] "GET /sonderthemen/mv.gif HTTP/1.1" 200 700 "http://www.morusverlag.de/sonderthemen/index.html" "Mozilla/5.0 (Windows NT 6.3; WOW64; rv:55.0) Gecko/20100101 Firefox/55.0"
77.22.119.215 - - [24/Sep/2017:11:40:51 +0200] "GET /sonderthemen/wichern.jpg HTTP/1.1" 200 1994 "http://www.morusverlag.de/sonderthemen/index.html" "Mozilla/5.0 (Windows NT 6.3; WOW64; rv:55.0) Gecko/20100101 Firefox/55.0"
77.22.119.215 - - [24/Sep/2017:11:40:51 +0200] "GET /sonderthemen/oekz2003.jpg HTTP/1.1" 200 14100 "http://www.morusverlag.de/sonderthemen/index.html" "Mozilla/5.0 (Windows NT 6.3; WOW64; rv:55.0) Gecko/20100101 Firefox/55.0"
77.22.119.215 - - [24/Sep/2017:11:40:51 +0200] "GET /sonderthemen/pro_zei.jpg HTTP/1.1" 200 16791 "http://www.morusverlag.de/sonderthemen/index.html" "Mozilla/5.0 (Windows NT 6.3; WOW64; rv:55.0) Gecko/20100101 Firefox/55.0"
77.22.119.215 - - [24/Sep/2017:11:40:55 +0200] "GET /buecher/index.html HTTP/1.1" 200 25885 "http://www.morusverlag.de/sonderthemen/index.html" "Mozilla/5.0 (Windows NT 6.3; WOW64; rv:55.0) Gecko/20100101 Firefox/55.0"
77.22.119.215 - - [24/Sep/2017:11:40:55 +0200] "GET /contentflow/contentflow.js HTTP/1.1" 200 42064 "http://www.morusverlag.de/buecher/index.html" "Mozilla/5.0 (Windows NT 6.3; WOW64; rv:55.0) Gecko/20100101 Firefox/55.0"
77.22.119.215 - - [24/Sep/2017:11:40:55 +0200] "GET /buecher/gesichter/08.jpg HTTP/1.1" 200 10437 "http://www.morusverlag.de/buecher/index.html" "Mozilla/5.0 (Windows NT 6.3; WOW64; rv:55.0) Gecko/20100101 Firefox/55.0"
77.22.119.215 - - [24/Sep/2017:11:40:55 +0200] "GET /buecher/gesichter/12.jpg HTTP/1.1" 200 6460 "http://www.morusverlag.de/buecher/index.html" "Mozilla/5.0 (Windows NT 6.3; WOW64; rv:55.0) Gecko/20100101 Firefox/55.0"
77.22.119.215 - - [24/Sep/2017:11:40:55 +0200] "GET /buecher/gesichter/09.jpg HTTP/1.1" 200 9739 "http://www.morusverlag.de/buecher/index.html" "Mozilla/5.0 (Windows NT 6.3; WOW64; rv:55.0) Gecko/20100101 Firefox/55.0"
77.22.119.215 - - [24/Sep/2017:11:40:55 +0200] "GET /buecher/gesichter/11.jpg HTTP/1.1" 200 6175 "http://www.morusverlag.de/buecher/index.html" "Mozilla/5.0 (Windows NT 6.3; WOW64; rv:55.0) Gecko/20100101 Firefox/55.0"
77.22.119.215 - - [24/Sep/2017:11:40:55 +0200] "GET /buecher/gesichter/13.jpg HTTP/1.1" 200 8373 "http://www.morusverlag.de/buecher/index.html" "Mozilla/5.0 (Windows NT 6.3; WOW64; rv:55.0) Gecko/20100101 Firefox/55.0"
77.22.119.215 - - [24/Sep/2017:11:40:55 +0200] "GET /buecher/gesichter/10.jpg HTTP/1.1" 200 7686 "http://www.morusverlag.de/buecher/index.html" "Mozilla/5.0 (Windows NT 6.3; WOW64; rv:55.0) Gecko/20100101 Firefox/55.0"
77.22.119.215 - - [24/Sep/2017:11:40:55 +0200] "GET /buecher/gesichter/14.jpg HTTP/1.1" 200 7847 "http://www.morusverlag.de/buecher/index.html" "Mozilla/5.0 (Windows NT 6.3; WOW64; rv:55.0) Gecko/20100101 Firefox/55.0"
77.22.119.215 - - [24/Sep/2017:11:40:55 +0200] "GET /buecher/gesichter/15.jpg HTTP/1.1" 200 7253 "http://www.morusverlag.de/buecher/index.html" "Mozilla/5.0 (Windows NT 6.3; WOW64; rv:55.0) Gecko/20100101 Firefox/55.0"
77.22.119.215 - - [24/Sep/2017:11:40:55 +0200] "GET /buecher/gesichter/16.jpg HTTP/1.1" 200 8367 "http://www.morusverlag.de/buecher/index.html" "Mozilla/5.0 (Windows NT 6.3; WOW64; rv:55.0) Gecko/20100101 Firefox/55.0"
77.22.119.215 - - [24/Sep/2017:11:40:55 +0200] "GET /buecher/gesichter/02.jpg HTTP/1.1" 200 9266 "http://www.morusverlag.de/buecher/index.html" "Mozilla/5.0 (Windows NT 6.3; WOW64; rv:55.0) Gecko/20100101 Firefox/55.0"
77.22.119.215 - - [24/Sep/2017:11:40:55 +0200] "GET /buecher/gesichter/01.jpg HTTP/1.1" 200 7981 "http://www.morusverlag.de/buecher/index.html" "Mozilla/5.0 (Windows NT 6.3; WOW64; rv:55.0) Gecko/20100101 Firefox/55.0"
77.22.119.215 - - [24/Sep/2017:11:40:55 +0200] "GET /buecher/gesichter/03.jpg HTTP/1.1" 200 10026 "http://www.morusverlag.de/buecher/index.html" "Mozilla/5.0 (Windows NT 6.3; WOW64; rv:55.0) Gecko/20100101 Firefox/55.0"
77.22.119.215 - - [24/Sep/2017:11:40:55 +0200] "GET /buecher/gesichter/05.jpg HTTP/1.1" 200 8981 "http://www.morusverlag.de/buecher/index.html" "Mozilla/5.0 (Windows NT 6.3; WOW64; rv:55.0) Gecko/20100101 Firefox/55.0"
77.22.119.215 - - [24/Sep/2017:11:40:55 +0200] "GET /buecher/gesichter/04.jpg HTTP/1.1" 200 7078 "http://www.morusverlag.de/buecher/index.html" "Mozilla/5.0 (Windows NT 6.3; WOW64; rv:55.0) Gecko/20100101 Firefox/55.0"
77.22.119.215 - - [24/Sep/2017:11:40:55 +0200] "GET /contentflow/mycontentflow.css HTTP/1.1" 404 2381 "http://www.morusverlag.de/buecher/index.html" "Mozilla/5.0 (Windows NT 6.3; WOW64; rv:55.0) Gecko/20100101 Firefox/55.0"
77.22.119.215 - - [24/Sep/2017:11:40:55 +0200] "GET /contentflow/contentflow.css HTTP/1.1" 200 3109 "http://www.morusverlag.de/buecher/index.html" "Mozilla/5.0 (Windows NT 6.3; WOW64; rv:55.0) Gecko/20100101 Firefox/55.0"
77.22.119.215 - - [24/Sep/2017:11:40:55 +0200] "GET /contentflow/ContentFlowAddOn_white.js HTTP/1.1" 200 471 "http://www.morusverlag.de/buecher/index.html" "Mozilla/5.0 (Windows NT 6.3; WOW64; rv:55.0) Gecko/20100101 Firefox/55.0"
77.22.119.215 - - [24/Sep/2017:11:40:55 +0200] "GET /buecher/gesichter/23.jpg HTTP/1.1" 200 8706 "http://www.morusverlag.de/buecher/index.html" "Mozilla/5.0 (Windows NT 6.3; WOW64; rv:55.0) Gecko/20100101 Firefox/55.0"
77.22.119.215 - - [24/Sep/2017:11:40:55 +0200] "GET /m.gif HTTP/1.1" 200 95 "http://www.morusverlag.de/buecher/index.html" "Mozilla/5.0 (Windows NT 6.3; WOW64; rv:55.0) Gecko/20100101 Firefox/55.0"
77.22.119.215 - - [24/Sep/2017:11:40:55 +0200] "GET /buecher/gesichter/24.jpg HTTP/1.1" 200 8021 "http://www.morusverlag.de/buecher/index.html" "Mozilla/5.0 (Windows NT 6.3; WOW64; rv:55.0) Gecko/20100101 Firefox/55.0"
77.22.119.215 - - [24/Sep/2017:11:40:55 +0200] "GET /buecher/mein_atem.jpg HTTP/1.1" 200 4118 "http://www.morusverlag.de/buecher/index.html" "Mozilla/5.0 (Windows NT 6.3; WOW64; rv:55.0) Gecko/20100101 Firefox/55.0"
77.22.119.215 - - [24/Sep/2017:11:40:55 +0200] "GET /buecher/gesichter/25.jpg HTTP/1.1" 200 7280 "http://www.morusverlag.de/buecher/index.html" "Mozilla/5.0 (Windows NT 6.3; WOW64; rv:55.0) Gecko/20100101 Firefox/55.0"
77.22.119.215 - - [24/Sep/2017:11:40:55 +0200] "GET /buecher/gesichter/26.jpg HTTP/1.1" 200 8027 "http://www.morusverlag.de/buecher/index.html" "Mozilla/5.0 (Windows NT 6.3; WOW64; rv:55.0) Gecko/20100101 Firefox/55.0"
77.22.119.215 - - [24/Sep/2017:11:40:55 +0200] "GET /buecher/gesichter/27.jpg HTTP/1.1" 200 8110 "http://www.morusverlag.de/buecher/index.html" "Mozilla/5.0 (Windows NT 6.3; WOW64; rv:55.0) Gecko/20100101 Firefox/55.0"
77.22.119.215 - - [24/Sep/2017:11:40:55 +0200] "GET /buecher/gesichter/28.jpg HTTP/1.1" 200 7684 "http://www.morusverlag.de/buecher/index.html" "Mozilla/5.0 (Windows NT 6.3; WOW64; rv:55.0) Gecko/20100101 Firefox/55.0"
77.22.119.215 - - [24/Sep/2017:11:40:55 +0200] "GET /buecher/gesichter/30.jpg HTTP/1.1" 200 8702 "http://www.morusverlag.de/buecher/index.html" "Mozilla/5.0 (Windows NT 6.3; WOW64; rv:55.0) Gecko/20100101 Firefox/55.0"
77.22.119.215 - - [24/Sep/2017:11:40:55 +0200] "GET /buecher/gesichter/29.jpg HTTP/1.1" 200 9282 "http://www.morusverlag.de/buecher/index.html" "Mozilla/5.0 (Windows NT 6.3; WOW64; rv:55.0) Gecko/20100101 Firefox/55.0"
77.22.119.215 - - [24/Sep/2017:11:40:55 +0200] "GET /contentflow/ContentFlowAddOn_white.css HTTP/1.1" 200 3174 "http://www.morusverlag.de/buecher/index.html" "Mozilla/5.0 (Windows NT 6.3; WOW64; rv:55.0) Gecko/20100101 Firefox/55.0"
77.22.119.215 - - [24/Sep/2017:11:40:55 +0200] "GET /buecher/gesichter/17.jpg HTTP/1.1" 200 7587 "http://www.morusverlag.de/buecher/index.html" "Mozilla/5.0 (Windows NT 6.3; WOW64; rv:55.0) Gecko/20100101 Firefox/55.0"
77.22.119.215 - - [24/Sep/2017:11:40:55 +0200] "GET /buecher/gesichter/20.jpg HTTP/1.1" 200 8785 "http://www.morusverlag.de/buecher/index.html" "Mozilla/5.0 (Windows NT 6.3; WOW64; rv:55.0) Gecko/20100101 Firefox/55.0"
77.22.119.215 - - [24/Sep/2017:11:40:55 +0200] "GET /buecher/gesichter/21.jpg HTTP/1.1" 200 7433 "http://www.morusverlag.de/buecher/index.html" "Mozilla/5.0 (Windows NT 6.3; WOW64; rv:55.0) Gecko/20100101 Firefox/55.0"
77.22.119.215 - - [24/Sep/2017:11:40:55 +0200] "GET /buecher/gesichter/19.jpg HTTP/1.1" 200 8281 "http://www.morusverlag.de/buecher/index.html" "Mozilla/5.0 (Windows NT 6.3; WOW64; rv:55.0) Gecko/20100101 Firefox/55.0"
77.22.119.215 - - [24/Sep/2017:11:40:55 +0200] "GET /buecher/gesichter/18.jpg HTTP/1.1" 200 8757 "http://www.morusverlag.de/buecher/index.html" "Mozilla/5.0 (Windows NT 6.3; WOW64; rv:55.0) Gecko/20100101 Firefox/55.0"
77.22.119.215 - - [24/Sep/2017:11:40:55 +0200] "GET /buecher/gesichter/22.jpg HTTP/1.1" 200 8837 "http://www.morusverlag.de/buecher/index.html" "Mozilla/5.0 (Windows NT 6.3; WOW64; rv:55.0) Gecko/20100101 Firefox/55.0"
77.22.119.215 - - [24/Sep/2017:11:40:55 +0200] "GET /buecher/gesichter/31.jpg HTTP/1.1" 200 8424 "http://www.morusverlag.de/buecher/index.html" "Mozilla/5.0 (Windows NT 6.3; WOW64; rv:55.0) Gecko/20100101 Firefox/55.0"
77.22.119.215 - - [24/Sep/2017:11:40:55 +0200] "GET /buecher/gesichter/07.jpg HTTP/1.1" 200 7301 "http://www.morusverlag.de/buecher/index.html" "Mozilla/5.0 (Windows NT 6.3; WOW64; rv:55.0) Gecko/20100101 Firefox/55.0"
77.22.119.215 - - [24/Sep/2017:11:40:55 +0200] "GET /buecher/gesichter/32.jpg HTTP/1.1" 200 8010 "http://www.morusverlag.de/buecher/index.html" "Mozilla/5.0 (Windows NT 6.3; WOW64; rv:55.0) Gecko/20100101 Firefox/55.0"
77.22.119.215 - - [24/Sep/2017:11:40:55 +0200] "GET /buecher/gesichter/06.jpg HTTP/1.1" 200 8732 "http://www.morusverlag.de/buecher/index.html" "Mozilla/5.0 (Windows NT 6.3; WOW64; rv:55.0) Gecko/20100101 Firefox/55.0"
77.22.119.215 - - [24/Sep/2017:11:40:55 +0200] "GET /buecher/liebe_und_treue.jpg HTTP/1.1" 200 3067 "http://www.morusverlag.de/buecher/index.html" "Mozilla/5.0 (Windows NT 6.3; WOW64; rv:55.0) Gecko/20100101 Firefox/55.0"
77.22.119.215 - - [24/Sep/2017:11:40:55 +0200] "GET /buecher/le_saulchoir.jpg HTTP/1.1" 200 2734 "http://www.morusverlag.de/buecher/index.html" "Mozilla/5.0 (Windows NT 6.3; WOW64; rv:55.0) Gecko/20100101 Firefox/55.0"
77.22.119.215 - - [24/Sep/2017:11:40:55 +0200] "GET /buecher/staatsaufgaben.jpg HTTP/1.1" 200 2204 "http://www.morusverlag.de/buecher/index.html" "Mozilla/5.0 (Windows NT 6.3; WOW64; rv:55.0) Gecko/20100101 Firefox/55.0"
77.22.119.215 - - [24/Sep/2017:11:40:55 +0200] "GET /buecher/krise_zum_heil.jpg HTTP/1.1" 200 1930 "http://www.morusverlag.de/buecher/index.html" "Mozilla/5.0 (Windows NT 6.3; WOW64; rv:55.0) Gecko/20100101 Firefox/55.0"
77.22.119.215 - - [24/Sep/2017:11:40:55 +0200] "GET /buecher/nichtaufsand.jpg HTTP/1.1" 200 3733 "http://www.morusverlag.de/buecher/index.html" "Mozilla/5.0 (Windows NT 6.3; WOW64; rv:55.0) Gecko/20100101 Firefox/55.0"
77.22.119.215 - - [24/Sep/2017:11:40:55 +0200] "GET /buecher/islam.jpg HTTP/1.1" 200 4080 "http://www.morusverlag.de/buecher/index.html" "Mozilla/5.0 (Windows NT 6.3; WOW64; rv:55.0) Gecko/20100101 Firefox/55.0"
77.22.119.215 - - [24/Sep/2017:11:40:55 +0200] "GET /buecher/leiblichkeit.jpg HTTP/1.1" 200 3929 "http://www.morusverlag.de/buecher/index.html" "Mozilla/5.0 (Windows NT 6.3; WOW64; rv:55.0) Gecko/20100101 Firefox/55.0"
77.22.119.215 - - [24/Sep/2017:11:40:55 +0200] "GET /buecher/preysing.jpg HTTP/1.1" 200 3799 "http://www.morusverlag.de/buecher/index.html" "Mozilla/5.0 (Windows NT 6.3; WOW64; rv:55.0) Gecko/20100101 Firefox/55.0"
77.22.119.215 - - [24/Sep/2017:11:40:55 +0200] "GET /contentflow/img/loader.gif HTTP/1.1" 200 8238 "http://www.morusverlag.de/contentflow/contentflow.css" "Mozilla/5.0 (Windows NT 6.3; WOW64; rv:55.0) Gecko/20100101 Firefox/55.0"
77.22.119.215 - - [24/Sep/2017:11:40:55 +0200] "GET /contentflow/img/scrollbar_white.png HTTP/1.1" 200 82 "http://www.morusverlag.de/contentflow/contentflow.css" "Mozilla/5.0 (Windows NT 6.3; WOW64; rv:55.0) Gecko/20100101 Firefox/55.0"
77.22.119.215 - - [24/Sep/2017:11:40:55 +0200] "GET /contentflow/img/slider_white.png HTTP/1.1" 200 178 "http://www.morusverlag.de/contentflow/contentflow.css" "Mozilla/5.0 (Windows NT 6.3; WOW64; rv:55.0) Gecko/20100101 Firefox/55.0"
77.22.119.215 - - [24/Sep/2017:11:40:55 +0200] "GET /contentflow/img/1x1_0.5_white.png HTTP/1.1" 200 82 "http://www.morusverlag.de/contentflow/ContentFlowAddOn_white.css" "Mozilla/5.0 (Windows NT 6.3; WOW64; rv:55.0) Gecko/20100101 Firefox/55.0"
77.22.119.215 - - [24/Sep/2017:11:40:55 +0200] "GET /contentflow/img/slider_black.png HTTP/1.1" 200 175 "http://www.morusverlag.de/contentflow/ContentFlowAddOn_white.css" "Mozilla/5.0 (Windows NT 6.3; WOW64; rv:55.0) Gecko/20100101 Firefox/55.0"
77.22.119.215 - - [24/Sep/2017:11:40:55 +0200] "GET /contentflow/img/loader_white.gif HTTP/1.1" 200 8238 "http://www.morusverlag.de/contentflow/ContentFlowAddOn_white.css" "Mozilla/5.0 (Windows NT 6.3; WOW64; rv:55.0) Gecko/20100101 Firefox/55.0"
77.22.119.215 - - [24/Sep/2017:11:40:55 +0200] "GET /contentflow/img/scrollbar_black.png HTTP/1.1" 200 82 "http://www.morusverlag.de/contentflow/ContentFlowAddOn_white.css" "Mozilla/5.0 (Windows NT 6.3; WOW64; rv:55.0) Gecko/20100101 Firefox/55.0"
66.249.64.209 - - [24/Sep/2017:12:23:52 +0200] "GET /sonderthemen/oekz2003.pdf HTTP/1.1" 304 - "-" "Mozilla/5.0 (compatible; Googlebot/2.1; +http://www.google.com/bot.html)"
185.9.19.116 - - [24/Sep/2017:12:55:17 +0200] "GET /sonderthemen/az1999.pdf HTTP/1.1" 200 1842982 "-" "Mozilla/5.0 (Windows NT 6.1; rv:12.0) Gecko/20120403211507 Firefox/12.0"
51.15.60.255 - - [24/Sep/2017:13:22:41 +0200] "POST /index.php?m=member&c=index&a=register&siteid=1 HTTP/1.1" 404 2381 "-" "Mozilla/5.0 (Windows NT 10.0; Win64; x64) AppleWebKit/537.36 (KHTML, like Gecko) Chrome/56.0.2924.87 Safari/537.36"
66.249.64.211 - - [24/Sep/2017:13:24:43 +0200] "GET /sonderthemen/oekz2003.pdf HTTP/1.1" 304 - "-" "Mozilla/5.0 (compatible; Googlebot/2.1; +http://www.google.com/bot.html)"
188.40.40.68 - - [24/Sep/2017:13:30:52 +0200] "GET /robots.txt HTTP/1.0" 200 100 "-" "Mozilla/5.0 (compatible; Scopia Crawler 2.0; +http://www.scopia.co)"
188.40.40.68 - - [24/Sep/2017:13:30:52 +0200] "GET / HTTP/1.0" 200 9360 "-" "Mozilla/5.0 (compatible; Scopia Crawler 2.0; +http://www.scopia.co)"
157.55.39.4 - - [24/Sep/2017:14:11:35 +0200] "GET /buecher/gesichter/04.jpg HTTP/1.1" 200 7078 "-" "Mozilla/5.0 (compatible; bingbot/2.0; +http://www.bing.com/bingbot.htm)"
157.55.39.147 - - [24/Sep/2017:14:25:28 +0200] "GET /buecher/diskussion.html HTTP/1.1" 200 9925 "-" "Mozilla/5.0 (iPhone; CPU iPhone OS 7_0 like Mac OS X) AppleWebKit/537.51.1 (KHTML, like Gecko) Version/7.0 Mobile/11A465 Safari/9537.53 (compatible; bingbot/2.0; +http://www.bing.com/bingbot.htm)"
144.76.71.83 - - [24/Sep/2017:14:39:55 +0200] "GET /sonderthemen/oeaz2002.pdf HTTP/1.1" 200 3161455 "-" "Mozilla/5.0 (Windows NT 6.2; Win64; x64;) Gecko/20100101 Firefox/20.0"
157.55.39.147 - - [24/Sep/2017:15:06:14 +0200] "GET /buecher/gesichter/06.jpg HTTP/1.1" 200 8732 "-" "Mozilla/5.0 (compatible; bingbot/2.0; +http://www.bing.com/bingbot.htm)"
157.55.39.147 - - [24/Sep/2017:15:06:15 +0200] "GET /buecher/rezensionen_le_saulchoir.html HTTP/1.1" 200 34009 "-" "Mozilla/5.0 (compatible; bingbot/2.0; +http://www.bing.com/bingbot.htm)"
66.249.64.213 - - [24/Sep/2017:16:05:39 +0200] "GET /buecher/rezensionen.html HTTP/1.1" 200 6964 "-" "Mozilla/5.0 (compatible; Googlebot/2.1; +http://www.google.com/bot.html)"
188.138.41.174 - - [24/Sep/2017:17:17:36 +0200] "GET / HTTP/1.1" 200 9360 "-" "Mozilla/5.0 (X11; U; Linux Core i7-4980HQ; de; rv:32.0; compatible; JobboerseBot; http://www.jobboerse.com/bot.htm) Gecko/20100101 Firefox/38.0"
188.138.41.174 - - [24/Sep/2017:17:17:37 +0200] "GET /robots.txt HTTP/1.1" 200 100 "-" "Mozilla/5.0 (X11; U; Linux Core i7-4980HQ; de; rv:32.0; compatible; JobboerseBot; http://www.jobboerse.com/bot.htm) Gecko/20100101 Firefox/38.0"
188.138.41.174 - - [24/Sep/2017:17:17:38 +0200] "GET / HTTP/1.1" 200 9360 "-" "Mozilla/5.0 (X11; U; Linux Core i7-4980HQ; de; rv:32.0; compatible; JobboerseBot; http://www.jobboerse.com/bot.htm) Gecko/20100101 Firefox/38.0"
188.138.41.174 - - [24/Sep/2017:17:17:39 +0200] "GET / HTTP/1.1" 200 9360 "-" "Mozilla/5.0 (X11; U; Linux Core i7-4980HQ; de; rv:32.0; compatible; JobboerseBot; http://www.jobboerse.com/bot.htm) Gecko/20100101 Firefox/38.0"
188.138.41.174 - - [24/Sep/2017:17:17:40 +0200] "GET /main.css HTTP/1.1" 200 1439 "http://www.morusverlag.de/" "Mozilla/5.0 (X11; U; Linux Core i7-4980HQ; de; rv:32.0; compatible; JobboerseBot; http://www.jobboerse.com/bot.htm) Gecko/20100101 Firefox/38.0"
188.138.41.174 - - [24/Sep/2017:17:17:49 +0200] "GET /kontakt/index.html HTTP/1.1" 200 2896 "-" "Mozilla/5.0 (X11; U; Linux Core i7-4980HQ; de; rv:32.0; compatible; JobboerseBot; http://www.jobboerse.com/bot.htm) Gecko/20100101 Firefox/38.0"
188.138.41.174 - - [24/Sep/2017:17:17:51 +0200] "GET /main.css HTTP/1.1" 200 1439 "http://www.morusverlag.de/kontakt/index.html" "Mozilla/5.0 (X11; U; Linux Core i7-4980HQ; de; rv:32.0; compatible; JobboerseBot; http://www.jobboerse.com/bot.htm) Gecko/20100101 Firefox/38.0"
188.138.41.174 - - [24/Sep/2017:17:17:55 +0200] "GET /index.html HTTP/1.1" 200 9360 "-" "Mozilla/5.0 (X11; U; Linux Core i7-4980HQ; de; rv:32.0; compatible; JobboerseBot; http://www.jobboerse.com/bot.htm) Gecko/20100101 Firefox/38.0"
188.138.41.174 - - [24/Sep/2017:17:17:57 +0200] "GET /buecher/veroeffentlichungsliste.html HTTP/1.1" 200 129779 "-" "Mozilla/5.0 (X11; U; Linux Core i7-4980HQ; de; rv:32.0; compatible; JobboerseBot; http://www.jobboerse.com/bot.htm) Gecko/20100101 Firefox/38.0"
188.138.41.174 - - [24/Sep/2017:17:17:59 +0200] "GET /main.css HTTP/1.1" 200 1439 "http://www.morusverlag.de/buecher/veroeffentlichungsliste.html" "Mozilla/5.0 (X11; U; Linux Core i7-4980HQ; de; rv:32.0; compatible; JobboerseBot; http://www.jobboerse.com/bot.htm) Gecko/20100101 Firefox/38.0"
188.138.41.174 - - [24/Sep/2017:17:20:31 +0200] "GET /buecher/rezensionen_chateaubriand.html HTTP/1.1" 200 47317 "-" "Mozilla/5.0 (X11; U; Linux Core i7-4980HQ; de; rv:32.0; compatible; JobboerseBot; http://www.jobboerse.com/bot.htm) Gecko/20100101 Firefox/38.0"
188.138.41.174 - - [24/Sep/2017:17:20:32 +0200] "GET /main.css HTTP/1.1" 200 1439 "http://www.morusverlag.de/buecher/rezensionen_chateaubriand.html" "Mozilla/5.0 (X11; U; Linux Core i7-4980HQ; de; rv:32.0; compatible; JobboerseBot; http://www.jobboerse.com/bot.htm) Gecko/20100101 Firefox/38.0"
188.138.41.174 - - [24/Sep/2017:17:20:43 +0200] "GET /buecher/rezensionen.html HTTP/1.1" 200 6964 "-" "Mozilla/5.0 (X11; U; Linux Core i7-4980HQ; de; rv:32.0; compatible; JobboerseBot; http://www.jobboerse.com/bot.htm) Gecko/20100101 Firefox/38.0"
188.138.41.174 - - [24/Sep/2017:17:20:43 +0200] "GET /main.css HTTP/1.1" 200 1439 "http://www.morusverlag.de/buecher/rezensionen.html" "Mozilla/5.0 (X11; U; Linux Core i7-4980HQ; de; rv:32.0; compatible; JobboerseBot; http://www.jobboerse.com/bot.htm) Gecko/20100101 Firefox/38.0"
