216.244.66.226 - - [09/Sep/2017:07:02:05 +0200] "GET /robots.txt HTTP/1.1" 200 100 "-" "Mozilla/5.0 (compatible; DotBot/1.1; http://www.opensiteexplorer.org/dotbot, help@moz.com)"
5.9.112.6 - - [09/Sep/2017:08:17:06 +0200] "GET /sonderthemen/oekt_extra3.pdf HTTP/1.1" 200 2109745 "-" "Mozilla/5.0 (compatible; Windows; U; Windows NT 6.2; WOW64; en-US; rv:12.0) Gecko/20120403211507 Firefox/12.0"
162.210.196.100 - - [09/Sep/2017:08:51:30 +0200] "GET /robots.txt HTTP/1.1" 200 100 "-" "Mozilla/5.0 (compatible; MJ12bot/v1.4.8; http://mj12bot.com/)"
162.210.196.100 - - [09/Sep/2017:08:51:32 +0200] "GET / HTTP/1.1" 200 9360 "-" "Mozilla/5.0 (compatible; MJ12bot/v1.4.8; http://mj12bot.com/)"
178.159.39.237 - - [09/Sep/2017:09:29:50 +0200] "HEAD / HTTP/1.1" 200 - "http://refmarket.ru/vendor.php?vid=105" "Mozilla/7.0 (compatible; MSIE5.00; Windows 2006)"
77.220.213.173 - - [09/Sep/2017:09:29:50 +0200] "HEAD / HTTP/1.1" 200 - "http://pro-promat.ru/ob-ekty" "Mozilla/6.0 (compatible; MSIE3.00; Windows 2008)"
185.154.13.6 - - [09/Sep/2017:09:29:50 +0200] "HEAD / HTTP/1.1" 200 - "https://krasivey.com.ua/hair/" "Mozilla/2.0 (compatible; MSIE6.00; Windows 2007)"
185.209.20.147 - - [09/Sep/2017:09:44:58 +0200] "HEAD / HTTP/1.1" 200 - "https://www.zerkala-elegant.ru/zerkalnoe-panno" "Mozilla/7.0 (compatible; MSIE7.00; Windows 2003)"
178.159.43.212 - - [09/Sep/2017:09:46:34 +0200] "HEAD / HTTP/1.1" 200 - "http://grostm.ru/npp-stels/v238/" "Mozilla/5.0 (compatible; MSIE7.00; Windows 2003)"
207.46.13.111 - - [09/Sep/2017:10:01:30 +0200] "GET /buecher/rezensionen.html HTTP/1.1" 200 6964 "-" "Mozilla/5.0 (compatible; bingbot/2.0; +http://www.bing.com/bingbot.htm)"
195.133.201.163 - - [09/Sep/2017:10:10:57 +0200] "HEAD / HTTP/1.1" 200 - "http://dengi-v-kredit.in.ua/kredit-bez-spravki-o-dohodah/" "Mozilla/2.0 (compatible; MSIE6.00; Windows 2009)"
194.87.236.223 - - [09/Sep/2017:10:10:58 +0200] "HEAD / HTTP/1.1" 200 - "https://teman.com.ua/cars/vw" "Mozilla/4.0 (compatible; MSIE4.00; Windows 2007)"
194.87.94.251 - - [09/Sep/2017:10:10:58 +0200] "HEAD / HTTP/1.1" 200 - "http://pipslee.com/bluestacks-free-download-for-windows/" "Mozilla/4.0 (compatible; MSIE2.00; Windows 2008)"
193.124.131.168 - - [09/Sep/2017:10:10:58 +0200] "HEAD / HTTP/1.1" 200 - "https://vk.com/rusmart_express" "Mozilla/7.0 (compatible; MSIE3.00; Windows 2008)"
195.133.145.199 - - [09/Sep/2017:10:10:58 +0200] "HEAD / HTTP/1.1" 200 - "https://termoshop.com.ua/termosy" "Mozilla/4.0 (compatible; MSIE7.00; Windows 2005)"
139.190.217.22 - - [09/Sep/2017:10:16:35 +0200] "GET /wp-login.php HTTP/1.1" 404 2381 "-" "Mozilla/5.0 (Windows NT 6.1; WOW64; rv:40.0) Gecko/20100101 Firefox/40.1"
84.146.230.229 - - [09/Sep/2017:10:16:51 +0200] "GET /cds/hymnos_akathistos.html HTTP/1.1" 200 11061 "-" "Mozilla/5.0 (Macintosh; Intel Mac OS X 10_12_6) AppleWebKit/603.3.8 (KHTML, like Gecko) Version/10.1.2 Safari/603.3.8"
84.146.230.229 - - [09/Sep/2017:10:16:51 +0200] "GET /main.css HTTP/1.1" 200 1439 "http://www.morusverlag.de/cds/hymnos_akathistos.html" "Mozilla/5.0 (Macintosh; Intel Mac OS X 10_12_6) AppleWebKit/603.3.8 (KHTML, like Gecko) Version/10.1.2 Safari/603.3.8"
84.146.230.229 - - [09/Sep/2017:10:16:51 +0200] "GET /m.gif HTTP/1.1" 200 95 "http://www.morusverlag.de/cds/hymnos_akathistos.html" "Mozilla/5.0 (Macintosh; Intel Mac OS X 10_12_6) AppleWebKit/603.3.8 (KHTML, like Gecko) Version/10.1.2 Safari/603.3.8"
84.146.230.229 - - [09/Sep/2017:10:16:51 +0200] "GET /mv_g.gif HTTP/1.1" 200 4070 "http://www.morusverlag.de/cds/hymnos_akathistos.html" "Mozilla/5.0 (Macintosh; Intel Mac OS X 10_12_6) AppleWebKit/603.3.8 (KHTML, like Gecko) Version/10.1.2 Safari/603.3.8"
84.146.230.229 - - [09/Sep/2017:10:16:51 +0200] "GET /logo_g.gif HTTP/1.1" 200 1301 "http://www.morusverlag.de/cds/hymnos_akathistos.html" "Mozilla/5.0 (Macintosh; Intel Mac OS X 10_12_6) AppleWebKit/603.3.8 (KHTML, like Gecko) Version/10.1.2 Safari/603.3.8"
84.146.230.229 - - [09/Sep/2017:10:16:51 +0200] "GET /cds/hymnos.jpg HTTP/1.1" 200 27752 "http://www.morusverlag.de/cds/hymnos_akathistos.html" "Mozilla/5.0 (Macintosh; Intel Mac OS X 10_12_6) AppleWebKit/603.3.8 (KHTML, like Gecko) Version/10.1.2 Safari/603.3.8"
84.146.230.229 - - [09/Sep/2017:10:16:51 +0200] "GET /pf.gif HTTP/1.1" 200 62 "http://www.morusverlag.de/cds/hymnos_akathistos.html" "Mozilla/5.0 (Macintosh; Intel Mac OS X 10_12_6) AppleWebKit/603.3.8 (KHTML, like Gecko) Version/10.1.2 Safari/603.3.8"
84.146.230.229 - - [09/Sep/2017:10:16:51 +0200] "GET /cds/hymnos_heft.jpg HTTP/1.1" 200 8653 "http://www.morusverlag.de/cds/hymnos_akathistos.html" "Mozilla/5.0 (Macintosh; Intel Mac OS X 10_12_6) AppleWebKit/603.3.8 (KHTML, like Gecko) Version/10.1.2 Safari/603.3.8"
84.146.230.229 - - [09/Sep/2017:10:16:51 +0200] "GET /strich.gif HTTP/1.1" 200 45 "http://www.morusverlag.de/cds/hymnos_akathistos.html" "Mozilla/5.0 (Macintosh; Intel Mac OS X 10_12_6) AppleWebKit/603.3.8 (KHTML, like Gecko) Version/10.1.2 Safari/603.3.8"
84.146.230.229 - - [09/Sep/2017:10:16:51 +0200] "GET /favicon.ico HTTP/1.1" 200 4286 "http://www.morusverlag.de/cds/hymnos_akathistos.html" "Mozilla/5.0 (Macintosh; Intel Mac OS X 10_12_6) AppleWebKit/603.3.8 (KHTML, like Gecko) Version/10.1.2 Safari/603.3.8"
193.124.190.64 - - [09/Sep/2017:10:31:07 +0200] "HEAD / HTTP/1.1" 200 - "http://intan-sec.ru/obslujivanie-sistem-dimoudaleniya/" "Mozilla/7.0 (compatible; MSIE2.00; Windows 2002)"
193.124.179.180 - - [09/Sep/2017:10:31:07 +0200] "HEAD / HTTP/1.1" 200 - "http://films-app.com/netflix/" "Mozilla/2.0 (compatible; MSIE2.00; Windows 2004)"
194.67.210.77 - - [09/Sep/2017:10:31:07 +0200] "HEAD / HTTP/1.1" 200 - "https://filmsapk.com/avast/" "Mozilla/5.0 (compatible; MSIE6.00; Windows 2003)"
185.5.249.185 - - [09/Sep/2017:10:31:08 +0200] "HEAD / HTTP/1.1" 200 - "https://cinemabox.club/terrarium-tv-app/" "Mozilla/4.0 (compatible; MSIE5.00; Windows 2005)"
195.133.147.6 - - [09/Sep/2017:10:31:08 +0200] "HEAD / HTTP/1.1" 200 - "http://4seasons.kz/index.php?route=product/category&path=20_66_77" "Mozilla/2.0 (compatible; MSIE7.00; Windows 2004)"
188.227.18.230 - - [09/Sep/2017:10:47:37 +0200] "HEAD / HTTP/1.1" 200 - "http://autoservice36.ru/remont-glushitelej/" "Mozilla/6.0 (compatible; MSIE5.00; Windows 2006)"
5.101.78.194 - - [09/Sep/2017:10:47:37 +0200] "HEAD / HTTP/1.1" 200 - "https://xn----7sbabm1ahc4b2aqff.su/%D0%BF%D0%B8%D0%BB%D0%BE%D0%BC%D0%B0%D1%82%D0%B5%D1%80%D0%B8%D0%B0%D0%BB%D1%8B/%D0%B2%D0%B0%D0%B3%D0%BE%D0%BD%D0%BA%D0%B0-%D1%88%D1%82%D0%B8%D0%BB%D1%8C/" "Mozilla/8.0 (compatible; MSIE5.00; Windows 2002)"
185.158.153.174 - - [09/Sep/2017:10:47:37 +0200] "HEAD / HTTP/1.1" 200 - "https://sovrtehn.ru/hyspeed-hsd130/" "Mozilla/3.0 (compatible; MSIE4.00; Windows 2008)"
207.46.13.111 - - [09/Sep/2017:10:53:36 +0200] "GET /buecher/der_neunte_tag.html HTTP/1.1" 304 - "-" "Mozilla/5.0 (compatible; bingbot/2.0; +http://www.bing.com/bingbot.htm)"
5.9.17.118 - - [09/Sep/2017:11:50:09 +0200] "GET /cds/astazi.html HTTP/1.1" 200 8453 "-" "Mozilla/5.0 (Windows NT 6.1; WOW64) AppleWebKit/537.36 (KHTML, like Gecko) Chrome/27.0.1453.93 Safari/537.36"
5.9.112.6 - - [09/Sep/2017:11:50:18 +0200] "GET /cds/astazi.html HTTP/1.1" 200 8453 "-" "Mozilla/5.0 (Windows NT 5.1; rv:21.0) Gecko/20100101 Firefox/21.0"
5.9.17.118 - - [09/Sep/2017:11:50:33 +0200] "GET /cds/astazi.html HTTP/1.1" 200 8453 "-" "Mozilla/5.0 (Windows; U; Windows NT 6.1; en-US) AppleWebKit/533.19.4 (KHTML, like Gecko) Version/5.0.2 Safari/533.18.5"
194.173.174.106 - - [09/Sep/2017:12:15:03 +0200] "HEAD / HTTP/1.1" 200 - "-" "Mozilla/5.0 (Windows NT 6.3; WOW64) AppleWebKit/537.36 (KHTML, like Gecko) Chrome/43.0.2357.134 Safari/537.36"
167.114.228.206 - - [09/Sep/2017:12:38:05 +0200] "GET / HTTP/1.0" 200 9360 "-" "Mozilla/5.0 (Windows NT 10.0; Win64; x64; rv:51.0) Gecko/20100101 Firefox/51.0"
5.9.112.6 - - [09/Sep/2017:13:03:25 +0200] "GET /sonderthemen/az2003.pdf HTTP/1.1" 200 4864675 "-" "Mozilla/5.0 (Macintosh; Intel Mac OS X 10_5_8) AppleWebKit/534.50.2 (KHTML, like Gecko) Version/5.0.6 Safari/533.22.3"
216.244.66.226 - - [09/Sep/2017:13:15:42 +0200] "GET /robots.txt HTTP/1.1" 200 100 "-" "Mozilla/5.0 (compatible; DotBot/1.1; http://www.opensiteexplorer.org/dotbot, help@moz.com)"
216.244.66.226 - - [09/Sep/2017:13:29:45 +0200] "GET /sonderthemen/index.html HTTP/1.1" 200 7102 "-" "Mozilla/5.0 (compatible; DotBot/1.1; http://www.opensiteexplorer.org/dotbot, help@moz.com)"
180.76.15.151 - - [09/Sep/2017:13:47:29 +0200] "GET /sonderthemen/az2003.pdf HTTP/1.1" 200 4864675 "-" "Mozilla/5.0 (compatible; Baiduspider/2.0; +http://www.baidu.com/search/spider.html)"
157.55.39.211 - - [09/Sep/2017:14:18:27 +0200] "GET /cds/index.html HTTP/1.1" 200 7987 "-" "Mozilla/5.0 (compatible; bingbot/2.0; +http://www.bing.com/bingbot.htm)"
207.46.13.111 - - [09/Sep/2017:14:19:18 +0200] "GET /buecher/rezensionen_chateaubriand.html HTTP/1.1" 200 47317 "-" "Mozilla/5.0 (compatible; bingbot/2.0; +http://www.bing.com/bingbot.htm)"
207.46.13.111 - - [09/Sep/2017:14:19:28 +0200] "GET /cds/ignatius.html HTTP/1.1" 200 6576 "-" "Mozilla/5.0 (compatible; bingbot/2.0; +http://www.bing.com/bingbot.htm)"
157.55.39.238 - - [09/Sep/2017:14:19:36 +0200] "GET /sonderthemen/index.html HTTP/1.1" 200 7102 "-" "Mozilla/5.0 (compatible; bingbot/2.0; +http://www.bing.com/bingbot.htm)"
207.46.13.111 - - [09/Sep/2017:14:19:43 +0200] "GET /impressum.html HTTP/1.1" 200 2808 "-" "Mozilla/5.0 (compatible; bingbot/2.0; +http://www.bing.com/bingbot.htm)"
157.55.39.211 - - [09/Sep/2017:14:19:48 +0200] "GET /gotteslob/index.html HTTP/1.1" 200 2770 "-" "Mozilla/5.0 (compatible; bingbot/2.0; +http://www.bing.com/bingbot.htm)"
40.77.167.36 - - [09/Sep/2017:14:20:16 +0200] "GET /cds/rosarium.html HTTP/1.1" 200 6680 "-" "Mozilla/5.0 (compatible; bingbot/2.0; +http://www.bing.com/bingbot.htm)"
40.77.167.36 - - [09/Sep/2017:14:20:16 +0200] "GET /cds/hymnos_akathistos.html HTTP/1.1" 200 11061 "-" "Mozilla/5.0 (compatible; bingbot/2.0; +http://www.bing.com/bingbot.htm)"
40.77.167.36 - - [09/Sep/2017:14:20:16 +0200] "GET /buecher/index.html HTTP/1.1" 200 25885 "-" "Mozilla/5.0 (compatible; bingbot/2.0; +http://www.bing.com/bingbot.htm)"
157.55.39.238 - - [09/Sep/2017:14:20:24 +0200] "GET /buecher/veroeffentlichungsliste.html HTTP/1.1" 200 129779 "-" "Mozilla/5.0 (compatible; bingbot/2.0; +http://www.bing.com/bingbot.htm)"
157.55.39.238 - - [09/Sep/2017:14:20:50 +0200] "GET /kontakt/index.html HTTP/1.1" 200 2896 "-" "Mozilla/5.0 (compatible; bingbot/2.0; +http://www.bing.com/bingbot.htm)"
157.55.39.211 - - [09/Sep/2017:14:21:12 +0200] "GET /jahrbuch/index.html HTTP/1.1" 200 3956 "-" "Mozilla/5.0 (compatible; bingbot/2.0; +http://www.bing.com/bingbot.htm)"
207.46.13.111 - - [09/Sep/2017:15:03:57 +0200] "GET /impressum.html HTTP/1.1" 200 2808 "-" "Mozilla/5.0 (compatible; bingbot/2.0; +http://www.bing.com/bingbot.htm)"
131.253.25.67 - - [09/Sep/2017:15:27:34 +0200] "GET /buecher/ HTTP/1.1" 200 25885 "-" "Mozilla/5.0 (compatible; MSIE 9.0; Windows NT 6.0; Trident/5.0; Trident/5.0)"
131.253.25.67 - - [09/Sep/2017:15:27:35 +0200] "GET /main.css HTTP/1.1" 200 1439 "http://www.morusverlag.de/buecher/" "Mozilla/5.0 (compatible; MSIE 9.0; Windows NT 6.0; Trident/5.0; Trident/5.0)"
131.253.25.79 - - [09/Sep/2017:15:27:35 +0200] "GET /contentflow/contentflow.js HTTP/1.1" 200 42064 "http://www.morusverlag.de/buecher/" "Mozilla/5.0 (compatible; MSIE 9.0; Windows NT 6.0; Trident/5.0; Trident/5.0)"
131.253.25.67 - - [09/Sep/2017:15:27:45 +0200] "GET /contentflow/contentflow.css HTTP/1.1" 200 3109 "http://www.morusverlag.de/buecher/" "Mozilla/5.0 (compatible; MSIE 9.0; Windows NT 6.0; Trident/5.0; Trident/5.0)"
131.253.25.79 - - [09/Sep/2017:15:27:45 +0200] "GET /contentflow/mycontentflow.css HTTP/1.1" 404 2381 "http://www.morusverlag.de/buecher/" "Mozilla/5.0 (compatible; MSIE 9.0; Windows NT 6.0; Trident/5.0; Trident/5.0)"
131.253.25.67 - - [09/Sep/2017:15:27:45 +0200] "GET /contentflow/ContentFlowAddOn_white.js HTTP/1.1" 200 471 "http://www.morusverlag.de/buecher/" "Mozilla/5.0 (compatible; MSIE 9.0; Windows NT 6.0; Trident/5.0; Trident/5.0)"
131.253.25.67 - - [09/Sep/2017:15:27:48 +0200] "GET /contentflow/ContentFlowAddOn_white.css HTTP/1.1" 200 3174 "http://www.morusverlag.de/buecher/" "Mozilla/5.0 (compatible; MSIE 9.0; Windows NT 6.0; Trident/5.0; Trident/5.0)"
40.77.167.36 - - [09/Sep/2017:15:38:56 +0200] "GET / HTTP/1.1" 200 9360 "-" "Mozilla/5.0 (compatible; bingbot/2.0; +http://www.bing.com/bingbot.htm)"
5.9.112.6 - - [09/Sep/2017:15:48:27 +0200] "GET /impressum.html HTTP/1.1" 200 2808 "-" "Mozilla/5.0 (X11; Ubuntu; Linux x86_64; rv:21.0) Gecko/20100101 Firefox/21.0"
207.46.13.111 - - [09/Sep/2017:16:00:20 +0200] "GET /sonderthemen/sk2000.pdf HTTP/1.1" 200 2925489 "-" "Mozilla/5.0 (iPhone; CPU iPhone OS 7_0 like Mac OS X) AppleWebKit/537.51.1 (KHTML, like Gecko) Version/7.0 Mobile/11A465 Safari/9537.53 (compatible; bingbot/2.0; +http://www.bing.com/bingbot.htm)"
157.55.39.211 - - [09/Sep/2017:16:00:30 +0200] "GET /sonderthemen/sk2004.pdf HTTP/1.1" 200 1967215 "-" "Mozilla/5.0 (iPhone; CPU iPhone OS 7_0 like Mac OS X) AppleWebKit/537.51.1 (KHTML, like Gecko) Version/7.0 Mobile/11A465 Safari/9537.53 (compatible; bingbot/2.0; +http://www.bing.com/bingbot.htm)"
157.55.39.53 - - [09/Sep/2017:16:01:42 +0200] "GET /robots.txt HTTP/1.1" 200 100 "-" "Mozilla/5.0 (compatible; bingbot/2.0; +http://www.bing.com/bingbot.htm)"
157.55.39.211 - - [09/Sep/2017:16:01:39 +0200] "GET /sonderthemen/sk2002.pdf HTTP/1.1" 200 2628923 "-" "Mozilla/5.0 (iPhone; CPU iPhone OS 7_0 like Mac OS X) AppleWebKit/537.51.1 (KHTML, like Gecko) Version/7.0 Mobile/11A465 Safari/9537.53 (compatible; bingbot/2.0; +http://www.bing.com/bingbot.htm)"
40.77.167.36 - - [09/Sep/2017:16:19:05 +0200] "GET /sonderthemen/sk2001.pdf HTTP/1.1" 200 3098589 "-" "Mozilla/5.0 (iPhone; CPU iPhone OS 7_0 like Mac OS X) AppleWebKit/537.51.1 (KHTML, like Gecko) Version/7.0 Mobile/11A465 Safari/9537.53 (compatible; bingbot/2.0; +http://www.bing.com/bingbot.htm)"
157.55.39.211 - - [09/Sep/2017:16:34:28 +0200] "GET /robots.txt HTTP/1.1" 200 100 "-" "Mozilla/5.0 (compatible; bingbot/2.0; +http://www.bing.com/bingbot.htm)"
40.77.167.36 - - [09/Sep/2017:16:36:53 +0200] "GET /sonderthemen/sk2001.pdf HTTP/1.1" 200 3098589 "-" "Mozilla/5.0 (iPhone; CPU iPhone OS 7_0 like Mac OS X) AppleWebKit/537.51.1 (KHTML, like Gecko) Version/7.0 Mobile/11A465 Safari/9537.53 (compatible; bingbot/2.0; +http://www.bing.com/bingbot.htm)"
157.55.39.211 - - [09/Sep/2017:18:29:52 +0200] "GET /sonderthemen/sk2002.pdf HTTP/1.1" 200 2628923 "-" "Mozilla/5.0 (iPhone; CPU iPhone OS 7_0 like Mac OS X) AppleWebKit/537.51.1 (KHTML, like Gecko) Version/7.0 Mobile/11A465 Safari/9537.53 (compatible; bingbot/2.0; +http://www.bing.com/bingbot.htm)"
5.9.145.132 - - [09/Sep/2017:18:44:21 +0200] "GET /sonderthemen/az1999.pdf HTTP/1.1" 200 1842982 "-" "Mozilla/5.0 (Windows NT 6.1; rv:21.0) Gecko/20130328 Firefox/21.0"
199.30.25.54 - - [09/Sep/2017:19:30:59 +0200] "GET /sonderthemen/sk2002.pdf HTTP/1.1" 200 2628923 "-" "Mozilla/5.0 (iPhone; CPU iPhone OS 7_0 like Mac OS X) AppleWebKit/537.51.1 (KHTML, like Gecko) Version/7.0 Mobile/11A465 Safari/9537.53 BingPreview/1.0b"
123.125.71.50 - - [09/Sep/2017:20:03:37 +0200] "GET /sonderthemen/az1999.pdf HTTP/1.1" 200 1842982 "-" "Mozilla/5.0 (iPhone; CPU iPhone OS 8_0 like Mac OS X) AppleWebKit/600.1.3 (KHTML, like Gecko) Version/8.0 Mobile/12A4345d Safari/600.1.4"
123.125.71.112 - - [09/Sep/2017:20:03:41 +0200] "GET /sonderthemen/az1999.pdf HTTP/1.1" 200 1842982 "-" "Mozilla/5.0 (iPhone; CPU iPhone OS 8_0 like Mac OS X) AppleWebKit/600.1.3 (KHTML, like Gecko) Version/8.0 Mobile/12A4345d Safari/600.1.4"
123.125.71.99 - - [09/Sep/2017:20:03:46 +0200] "GET /sonderthemen/az1999.pdf HTTP/1.1" 200 1842982 "-" "Mozilla/5.0 (iPhone; CPU iPhone OS 8_0 like Mac OS X) AppleWebKit/600.1.3 (KHTML, like Gecko) Version/8.0 Mobile/12A4345d Safari/600.1.4"
77.220.213.173 - - [09/Sep/2017:20:34:50 +0200] "HEAD / HTTP/1.1" 200 - "http://pro-promat.ru/o-kompanii" "Mozilla/7.0 (compatible; MSIE4.00; Windows 2002)"
195.133.145.199 - - [09/Sep/2017:20:38:36 +0200] "HEAD / HTTP/1.1" 200 - "https://termoshop.com.ua/termosy" "Mozilla/5.0 (compatible; MSIE6.00; Windows 2008)"
195.133.201.163 - - [09/Sep/2017:20:38:58 +0200] "HEAD / HTTP/1.1" 200 - "http://dengi-v-kredit.in.ua/uk/de-mozhna-shvidko-otrimati-kredit/" "Mozilla/8.0 (compatible; MSIE2.00; Windows 2002)"
194.87.236.223 - - [09/Sep/2017:20:38:58 +0200] "HEAD / HTTP/1.1" 200 - "https://teman.com.ua/cars/nissan" "Mozilla/7.0 (compatible; MSIE2.00; Windows 2009)"
194.87.94.251 - - [09/Sep/2017:20:38:58 +0200] "HEAD / HTTP/1.1" 200 - "http://pipslee.com/showbox-for-pc/" "Mozilla/5.0 (compatible; MSIE4.00; Windows 2009)"
185.154.13.6 - - [09/Sep/2017:20:40:51 +0200] "HEAD / HTTP/1.1" 200 - "https://vk.com/rusmart_express" "Mozilla/3.0 (compatible; MSIE4.00; Windows 2009)"
202.131.245.138 - - [09/Sep/2017:20:47:25 +0200] "GET /wp-login.php HTTP/1.1" 404 2381 "-" "Mozilla/5.0 (Windows NT 6.1; WOW64; rv:40.0) Gecko/20100101 Firefox/40.1"
202.131.245.138 - - [09/Sep/2017:20:47:26 +0200] "GET / HTTP/1.1" 200 9360 "-" "Mozilla/5.0 (Windows NT 6.1; WOW64; rv:40.0) Gecko/20100101 Firefox/40.1"
178.159.43.212 - - [09/Sep/2017:20:48:31 +0200] "HEAD / HTTP/1.1" 200 - "http://dobranich.com/catalog/11/" "Mozilla/6.0 (compatible; MSIE7.00; Windows 2004)"
193.124.131.168 - - [09/Sep/2017:20:48:33 +0200] "HEAD / HTTP/1.1" 200 - "http://artgrand.com.ua/catalog/11/23/" "Mozilla/6.0 (compatible; MSIE5.00; Windows 2008)"
193.124.179.180 - - [09/Sep/2017:20:55:34 +0200] "HEAD / HTTP/1.1" 200 - "https://imedservice.com/program/intramedullyarnaya-gematoma-spinnogo-mozga/nejroreabilitatsiya-43/" "Mozilla/7.0 (compatible; MSIE7.00; Windows 2003)"
193.124.190.64 - - [09/Sep/2017:20:55:34 +0200] "HEAD / HTTP/1.1" 200 - "https://fixup.ua/zapchasti/zapchasti-dlja-telefonov/knopki-i-nakladki" "Mozilla/7.0 (compatible; MSIE6.00; Windows 2009)"
185.5.249.185 - - [09/Sep/2017:20:55:34 +0200] "HEAD / HTTP/1.1" 200 - "http://eesti.spb.ru/ru/kultura/muzei-tallina.html" "Mozilla/7.0 (compatible; MSIE2.00; Windows 2004)"
194.67.210.77 - - [09/Sep/2017:20:55:36 +0200] "HEAD / HTTP/1.1" 200 - "http://www.v-doroguspb.ru/shop.php?cid=628" "Mozilla/2.0 (compatible; MSIE7.00; Windows 2008)"
195.133.147.6 - - [09/Sep/2017:20:55:48 +0200] "HEAD / HTTP/1.1" 200 - "http://4seasons.kz/index.php?route=product/manufacturer/info&manufacturer_id=11" "Mozilla/2.0 (compatible; MSIE4.00; Windows 2002)"
185.209.20.147 - - [09/Sep/2017:20:55:50 +0200] "HEAD / HTTP/1.1" 200 - "http://refmarket.ru/shop.php?cid=17" "Mozilla/2.0 (compatible; MSIE6.00; Windows 2006)"
188.227.18.230 - - [09/Sep/2017:21:07:09 +0200] "HEAD / HTTP/1.1" 200 - "http://www.nail-artmaster.ru/shop.php?cid=17" "Mozilla/3.0 (compatible; MSIE7.00; Windows 2002)"
5.101.78.194 - - [09/Sep/2017:21:07:09 +0200] "HEAD / HTTP/1.1" 200 - "https://fabrika-schastya.moscow/prozrachnye-vozdushnye-shary" "Mozilla/7.0 (compatible; MSIE6.00; Windows 2004)"
185.158.153.174 - - [09/Sep/2017:21:07:09 +0200] "HEAD / HTTP/1.1" 200 - "http://xn--e1alcivt.xn--p1ai/printsip-raboty-gomogenizatora" "Mozilla/2.0 (compatible; MSIE2.00; Windows 2007)"
5.9.17.118 - - [09/Sep/2017:21:22:41 +0200] "GET /sonderthemen/sk2000.pdf HTTP/1.1" 200 2925489 "-" "Mozilla/5.0 (Windows NT 6.1) AppleWebKit/537.22 (KHTML, like Gecko) Chrome/25.0.1364.169 Safari/537.22"
68.180.229.233 - - [09/Sep/2017:21:56:56 +0200] "GET /robots.txt HTTP/1.1" 200 100 "-" "Mozilla/5.0 (compatible; Yahoo! Slurp; http://help.yahoo.com/help/us/ysearch/slurp)"
68.180.229.233 - - [09/Sep/2017:21:56:57 +0200] "GET /sonderthemen/sk2004_s01.pdf HTTP/1.1" 200 162742 "-" "Mozilla/5.0 (compatible; Yahoo! Slurp; http://help.yahoo.com/help/us/ysearch/slurp)"
157.55.39.211 - - [09/Sep/2017:22:14:06 +0200] "GET /sonderthemen/sk2004.pdf HTTP/1.1" 200 1967215 "-" "Mozilla/5.0 (compatible; bingbot/2.0; +http://www.bing.com/bingbot.htm)"
157.55.39.238 - - [09/Sep/2017:22:21:26 +0200] "GET /buecher/veroeffentlichungsliste.html HTTP/1.1" 200 129779 "-" "Mozilla/5.0 (compatible; bingbot/2.0; +http://www.bing.com/bingbot.htm)"
207.46.13.111 - - [09/Sep/2017:22:21:57 +0200] "GET /impressum.html HTTP/1.1" 200 2808 "-" "Mozilla/5.0 (compatible; bingbot/2.0; +http://www.bing.com/bingbot.htm)"
207.46.13.111 - - [09/Sep/2017:22:22:32 +0200] "GET /cds/ignatius.html HTTP/1.1" 200 6576 "-" "Mozilla/5.0 (compatible; bingbot/2.0; +http://www.bing.com/bingbot.htm)"
157.55.39.238 - - [09/Sep/2017:22:22:43 +0200] "GET /sonderthemen/index.html HTTP/1.1" 200 7102 "-" "Mozilla/5.0 (compatible; bingbot/2.0; +http://www.bing.com/bingbot.htm)"
157.55.39.238 - - [09/Sep/2017:22:22:44 +0200] "GET /kontakt/index.html HTTP/1.1" 200 2896 "-" "Mozilla/5.0 (compatible; bingbot/2.0; +http://www.bing.com/bingbot.htm)"
157.55.39.211 - - [09/Sep/2017:22:23:05 +0200] "GET /gotteslob/index.html HTTP/1.1" 200 2770 "-" "Mozilla/5.0 (compatible; bingbot/2.0; +http://www.bing.com/bingbot.htm)"
157.55.39.211 - - [09/Sep/2017:22:23:09 +0200] "GET /jahrbuch/index.html HTTP/1.1" 200 3956 "-" "Mozilla/5.0 (compatible; bingbot/2.0; +http://www.bing.com/bingbot.htm)"
207.46.13.111 - - [09/Sep/2017:22:23:13 +0200] "GET /buecher/rezensionen_chateaubriand.html HTTP/1.1" 200 47317 "-" "Mozilla/5.0 (compatible; bingbot/2.0; +http://www.bing.com/bingbot.htm)"
131.253.25.76 - - [09/Sep/2017:23:32:09 +0200] "GET /buecher/ HTTP/1.1" 200 25885 "-" "Mozilla/5.0 (compatible; MSIE 9.0; Windows NT 6.1; Trident/5.0; Trident/5.0)"
131.253.25.76 - - [09/Sep/2017:23:32:10 +0200] "GET /main.css HTTP/1.1" 200 1439 "http://www.morusverlag.de/buecher/" "Mozilla/5.0 (compatible; MSIE 9.0; Windows NT 6.1; Trident/5.0; Trident/5.0)"
131.253.25.89 - - [09/Sep/2017:23:32:10 +0200] "GET /contentflow/contentflow.js HTTP/1.1" 200 42064 "http://www.morusverlag.de/buecher/" "Mozilla/5.0 (compatible; MSIE 9.0; Windows NT 6.1; Trident/5.0; Trident/5.0)"
131.253.25.76 - - [09/Sep/2017:23:32:17 +0200] "GET /contentflow/contentflow.css HTTP/1.1" 200 3109 "http://www.morusverlag.de/buecher/" "Mozilla/5.0 (compatible; MSIE 9.0; Windows NT 6.1; Trident/5.0; Trident/5.0)"
131.253.25.89 - - [09/Sep/2017:23:32:17 +0200] "GET /contentflow/mycontentflow.css HTTP/1.1" 404 2381 "http://www.morusverlag.de/buecher/" "Mozilla/5.0 (compatible; MSIE 9.0; Windows NT 6.1; Trident/5.0; Trident/5.0)"
131.253.25.76 - - [09/Sep/2017:23:32:17 +0200] "GET /contentflow/ContentFlowAddOn_white.js HTTP/1.1" 200 471 "http://www.morusverlag.de/buecher/" "Mozilla/5.0 (compatible; MSIE 9.0; Windows NT 6.1; Trident/5.0; Trident/5.0)"
131.253.25.76 - - [09/Sep/2017:23:32:20 +0200] "GET /contentflow/ContentFlowAddOn_white.css HTTP/1.1" 200 3174 "http://www.morusverlag.de/buecher/" "Mozilla/5.0 (compatible; MSIE 9.0; Windows NT 6.1; Trident/5.0; Trident/5.0)"
68.180.229.233 - - [10/Sep/2017:01:20:01 +0200] "GET /sonderthemen/presse.html HTTP/1.1" 200 5772 "-" "Mozilla/5.0 (compatible; Yahoo! Slurp; http://help.yahoo.com/help/us/ysearch/slurp)"
207.46.13.51 - - [10/Sep/2017:02:01:35 +0200] "GET /sonderthemen/oeaz2001.pdf HTTP/1.1" 200 4496626 "-" "Mozilla/5.0 (compatible; bingbot/2.0; +http://www.bing.com/bingbot.htm)"
40.77.167.36 - - [10/Sep/2017:02:26:43 +0200] "GET /sonderthemen/oekz2003.pdf HTTP/1.1" 200 4017017 "-" "Mozilla/5.0 (iPhone; CPU iPhone OS 7_0 like Mac OS X) AppleWebKit/537.51.1 (KHTML, like Gecko) Version/7.0 Mobile/11A465 Safari/9537.53 (compatible; bingbot/2.0; +http://www.bing.com/bingbot.htm)"
40.77.167.36 - - [10/Sep/2017:02:38:44 +0200] "GET /buecher/gesichter/01.jpg HTTP/1.1" 200 7981 "-" "Mozilla/5.0 (compatible; bingbot/2.0; +http://www.bing.com/bingbot.htm)"
40.77.167.36 - - [10/Sep/2017:02:40:53 +0200] "GET /buecher/nichtaufsand.jpg HTTP/1.1" 200 3733 "-" "Mozilla/5.0 (compatible; bingbot/2.0; +http://www.bing.com/bingbot.htm)"
40.77.167.118 - - [10/Sep/2017:02:45:51 +0200] "GET /buecher/veroeffentlichungsliste.html HTTP/1.1" 200 129779 "-" "Mozilla/5.0 (iPhone; CPU iPhone OS 7_0 like Mac OS X) AppleWebKit/537.51.1 (KHTML, like Gecko) Version/7.0 Mobile/11A465 Safari/9537.53 (compatible; bingbot/2.0; +http://www.bing.com/bingbot.htm)"
40.77.167.36 - - [10/Sep/2017:03:37:28 +0200] "GET /cds/hymnos_akathistos.html HTTP/1.1" 200 11061 "-" "Mozilla/5.0 (compatible; bingbot/2.0; +http://www.bing.com/bingbot.htm)"
66.249.64.209 - - [10/Sep/2017:03:45:09 +0200] "GET /robots.txt HTTP/1.1" 200 100 "-" "Mozilla/5.0 (compatible; Googlebot/2.1; +http://www.google.com/bot.html)"
66.249.64.213 - - [10/Sep/2017:03:45:09 +0200] "GET /sonderthemen/oekz2003.pdf HTTP/1.1" 304 - "-" "Mozilla/5.0 (compatible; Googlebot/2.1; +http://www.google.com/bot.html)"
5.196.87.47 - - [10/Sep/2017:03:48:38 +0200] "GET /robots.txt HTTP/1.1" 200 100 "-" "Mozilla/5.0 (compatible; AhrefsBot/5.2; +http://ahrefs.com/robot/)"
217.182.132.83 - - [10/Sep/2017:03:48:39 +0200] "GET /kontakt/index.html HTTP/1.1" 200 2896 "-" "Mozilla/5.0 (compatible; AhrefsBot/5.2; +http://ahrefs.com/robot/)"
88.99.27.172 - - [10/Sep/2017:04:04:55 +0200] "GET /sonderthemen/oekt_extra3.pdf HTTP/1.1" 200 2109745 "-" "Mozilla/5.0 (Windows NT 6.1; rv:21.0) Gecko/20130328 Firefox/21.0"
5.9.17.118 - - [10/Sep/2017:04:04:55 +0200] "GET /sonderthemen/oekt_extra2.pdf HTTP/1.1" 200 1939949 "-" "Mozilla/5.0 (X11; U; Linux i686; en-US; rv:1.9.1.16) Gecko/20120421 Gecko Firefox/11.0"
5.9.94.207 - - [10/Sep/2017:04:05:09 +0200] "GET /sonderthemen/oekt_extra2.pdf HTTP/1.1" 200 1939949 "-" "Mozilla/5.0 (Windows NT 6.1; WOW64) AppleWebKit/537.36 (KHTML, like Gecko) Chrome/43.0.2357.134 Safari/537.36"
66.249.64.209 - - [10/Sep/2017:04:15:00 +0200] "GET /cds/index.html HTTP/1.1" 200 7987 "-" "Mozilla/5.0 (compatible; Googlebot/2.1; +http://www.google.com/bot.html)"
5.188.211.24 - - [10/Sep/2017:04:18:28 +0200] "GET /buecher/bestellung.php HTTP/1.1" 200 10142 "-" "Mozilla/4.0 (compatible; MSIE 6.0; Windows NT 5.1; SV1)"
5.188.211.24 - - [10/Sep/2017:04:18:29 +0200] "POST /buecher/bestellung.php HTTP/1.1" 200 4407 "http://www.morusverlag.de/buecher/bestellung.php" "Mozilla/4.0 (compatible; MSIE 6.0; Windows NT 5.1; SV1)"
5.188.211.24 - - [10/Sep/2017:04:18:29 +0200] "GET /buecher/bestellung.php HTTP/1.1" 200 10142 "-" "Mozilla/4.0 (compatible; MSIE 6.0; Windows NT 5.1; SV1)"
5.188.211.24 - - [10/Sep/2017:04:18:29 +0200] "GET /buecher/ HTTP/1.1" 200 25885 "-" "Mozilla/4.0 (compatible; MSIE 6.0; Windows NT 5.1; SV1)"
5.188.211.24 - - [10/Sep/2017:04:18:29 +0200] "GET /jahrbuch/bestellung.php HTTP/1.1" 200 10316 "-" "Mozilla/4.0 (compatible; MSIE 6.0; Windows NT 5.1; SV1)"
5.188.211.24 - - [10/Sep/2017:04:18:29 +0200] "GET /index.html HTTP/1.1" 200 9360 "-" "Mozilla/4.0 (compatible; MSIE 6.0; Windows NT 5.1; SV1)"
5.188.211.24 - - [10/Sep/2017:04:18:30 +0200] "GET /cds/index.html HTTP/1.1" 200 7987 "-" "Mozilla/4.0 (compatible; MSIE 6.0; Windows NT 5.1; SV1)"
5.188.211.24 - - [10/Sep/2017:04:18:30 +0200] "POST /jahrbuch/bestellung.php HTTP/1.1" 200 4284 "http://www.morusverlag.de/jahrbuch/bestellung.php" "Mozilla/4.0 (compatible; MSIE 6.0; Windows NT 5.1; SV1)"
5.188.211.24 - - [10/Sep/2017:04:18:30 +0200] "GET /gotteslob/index.html HTTP/1.1" 200 2770 "-" "Mozilla/4.0 (compatible; MSIE 6.0; Windows NT 5.1; SV1)"
5.188.211.24 - - [10/Sep/2017:04:18:30 +0200] "GET /jahrbuch/index.html HTTP/1.1" 200 3956 "-" "Mozilla/4.0 (compatible; MSIE 6.0; Windows NT 5.1; SV1)"
5.188.211.24 - - [10/Sep/2017:04:18:30 +0200] "GET /jahrbuch/bestellung.php HTTP/1.1" 200 10316 "-" "Mozilla/4.0 (compatible; MSIE 6.0; Windows NT 5.1; SV1)"
5.188.211.24 - - [10/Sep/2017:04:18:30 +0200] "GET /sonderthemen/index.html HTTP/1.1" 200 7102 "-" "Mozilla/4.0 (compatible; MSIE 6.0; Windows NT 5.1; SV1)"
5.188.211.24 - - [10/Sep/2017:04:18:30 +0200] "GET /kontakt/index.html HTTP/1.1" 200 2896 "-" "Mozilla/4.0 (compatible; MSIE 6.0; Windows NT 5.1; SV1)"
5.188.211.24 - - [10/Sep/2017:04:18:30 +0200] "GET /buecher/index.html HTTP/1.1" 200 25885 "-" "Mozilla/4.0 (compatible; MSIE 6.0; Windows NT 5.1; SV1)"
5.188.211.24 - - [10/Sep/2017:04:18:31 +0200] "GET /impressum.html HTTP/1.1" 200 2808 "-" "Mozilla/4.0 (compatible; MSIE 6.0; Windows NT 5.1; SV1)"
5.188.211.24 - - [10/Sep/2017:04:18:31 +0200] "GET /jahrbuch/ HTTP/1.1" 200 3956 "-" "Mozilla/4.0 (compatible; MSIE 6.0; Windows NT 5.1; SV1)"
5.188.211.24 - - [10/Sep/2017:04:18:31 +0200] "GET /index.html HTTP/1.1" 200 9360 "-" "Mozilla/4.0 (compatible; MSIE 6.0; Windows NT 5.1; SV1)"
5.188.211.24 - - [10/Sep/2017:04:18:32 +0200] "GET /buecher/index.html HTTP/1.1" 200 25885 "-" "Mozilla/4.0 (compatible; MSIE 6.0; Windows NT 5.1; SV1)"
5.188.211.24 - - [10/Sep/2017:04:18:32 +0200] "GET /cds/index.html HTTP/1.1" 200 7987 "-" "Mozilla/4.0 (compatible; MSIE 6.0; Windows NT 5.1; SV1)"
5.188.211.24 - - [10/Sep/2017:04:18:32 +0200] "GET /gotteslob/index.html HTTP/1.1" 200 2770 "-" "Mozilla/4.0 (compatible; MSIE 6.0; Windows NT 5.1; SV1)"
5.188.211.24 - - [10/Sep/2017:04:18:32 +0200] "GET /sonderthemen/index.html HTTP/1.1" 200 7102 "-" "Mozilla/4.0 (compatible; MSIE 6.0; Windows NT 5.1; SV1)"
5.188.211.24 - - [10/Sep/2017:04:18:33 +0200] "GET /kontakt/index.html HTTP/1.1" 200 2896 "-" "Mozilla/4.0 (compatible; MSIE 6.0; Windows NT 5.1; SV1)"
5.188.211.24 - - [10/Sep/2017:04:18:33 +0200] "GET /jahrbuch/index.html HTTP/1.1" 200 3956 "-" "Mozilla/4.0 (compatible; MSIE 6.0; Windows NT 5.1; SV1)"
5.188.211.24 - - [10/Sep/2017:04:18:34 +0200] "GET /impressum.html HTTP/1.1" 200 2808 "-" "Mozilla/4.0 (compatible; MSIE 6.0; Windows NT 5.1; SV1)"
157.55.39.22 - - [10/Sep/2017:04:29:11 +0200] "GET /robots.txt HTTP/1.1" 200 100 "-" "Mozilla/5.0 (compatible; bingbot/2.0; +http://www.bing.com/bingbot.htm)"
216.244.66.226 - - [10/Sep/2017:04:42:14 +0200] "GET /robots.txt HTTP/1.1" 200 100 "-" "Mozilla/5.0 (compatible; DotBot/1.1; http://www.opensiteexplorer.org/dotbot, help@moz.com)"
66.249.64.213 - - [10/Sep/2017:04:56:08 +0200] "GET /sonderthemen/oekz2003.pdf HTTP/1.1" 200 4017017 "-" "Mozilla/5.0 (Linux; Android 6.0.1; Nexus 5X Build/MMB29P) AppleWebKit/537.36 (KHTML, like Gecko) Chrome/41.0.2272.96 Mobile Safari/537.36 (compatible; Googlebot/2.1; +http://www.google.com/bot.html)"
193.1.218.163 - - [10/Sep/2017:04:59:12 +0200] "HEAD / HTTP/1.1" 200 - "-" "Java/1.6.0_23"
216.244.66.226 - - [10/Sep/2017:05:02:05 +0200] "GET /cds/index.html HTTP/1.1" 200 7987 "-" "Mozilla/5.0 (compatible; DotBot/1.1; http://www.opensiteexplorer.org/dotbot, help@moz.com)"
40.77.167.36 - - [10/Sep/2017:05:33:59 +0200] "GET /sonderthemen/oekz2003.pdf HTTP/1.1" 200 4017017 "-" "Mozilla/5.0 (iPhone; CPU iPhone OS 7_0 like Mac OS X) AppleWebKit/537.51.1 (KHTML, like Gecko) Version/7.0 Mobile/11A465 Safari/9537.53 (compatible; bingbot/2.0; +http://www.bing.com/bingbot.htm)"
88.99.27.172 - - [10/Sep/2017:05:56:11 +0200] "GET /sonderthemen/oekt_extra1.pdf HTTP/1.1" 200 1849015 "-" "Mozilla/5.0 (Macintosh; Intel Mac OS X 10_8) AppleWebKit/536.25 (KHTML, like Gecko) Version/6.0 Safari/536.25"
5.9.106.81 - - [10/Sep/2017:05:56:25 +0200] "GET /sonderthemen/oekt_extra1.pdf HTTP/1.1" 200 1849015 "-" "Mozilla/5.0 (X11; Ubuntu; Linux x86_64; rv:14.0) Gecko/20100101 Firefox/14.0.1"
88.99.27.172 - - [10/Sep/2017:05:56:41 +0200] "GET /sonderthemen/oekt_extra1.pdf HTTP/1.1" 200 1849015 "-" "Mozilla/5.0 (compatible; Windows; U; Windows NT 6.2; WOW64; en-US; rv:12.0) Gecko/20120403211507 Firefox/12.0"
66.249.64.209 - - [10/Sep/2017:06:32:25 +0200] "GET /cds/astazi.html HTTP/1.1" 200 8453 "-" "Mozilla/5.0 (compatible; Googlebot/2.1; +http://www.google.com/bot.html)"
131.253.25.230 - - [10/Sep/2017:06:35:10 +0200] "GET /sonderthemen/oekz2003.pdf HTTP/1.1" 200 4017017 "-" "Mozilla/5.0 (iPhone; CPU iPhone OS 7_0 like Mac OS X) AppleWebKit/537.51.1 (KHTML, like Gecko) Version/7.0 Mobile/11A465 Safari/9537.53 BingPreview/1.0b"
78.46.156.169 - - [10/Sep/2017:07:02:50 +0200] "GET /sonderthemen/oekt_extra3.pdf HTTP/1.1" 200 2109745 "-" "Mozilla/5.0 (Windows NT 6.1; WOW64; rv:18.0) Gecko/20100101 Firefox/18.0"
207.46.13.111 - - [10/Sep/2017:07:49:50 +0200] "GET /buecher/rezensionen_chateaubriand.html HTTP/1.1" 200 47317 "-" "Mozilla/5.0 (compatible; bingbot/2.0; +http://www.bing.com/bingbot.htm)"
66.249.64.213 - - [10/Sep/2017:07:53:37 +0200] "GET /buecher/rezensionen_nicht_auf_sand_gebaut.html HTTP/1.1" 200 6594 "-" "Mozilla/5.0 (compatible; Googlebot/2.1; +http://www.google.com/bot.html)"
157.55.39.131 - - [10/Sep/2017:07:57:28 +0200] "GET /jahrbuch/bestellung.php HTTP/1.1" 200 10316 "-" "Mozilla/5.0 (compatible; bingbot/2.0; +http://www.bing.com/bingbot.htm)"
207.46.13.51 - - [10/Sep/2017:09:06:44 +0200] "GET /sonderthemen/oekt_extra3.pdf HTTP/1.1" 200 2109745 "-" "Mozilla/5.0 (iPhone; CPU iPhone OS 7_0 like Mac OS X) AppleWebKit/537.51.1 (KHTML, like Gecko) Version/7.0 Mobile/11A465 Safari/9537.53 (compatible; bingbot/2.0; +http://www.bing.com/bingbot.htm)"
66.249.64.213 - - [10/Sep/2017:09:45:14 +0200] "GET /main.css HTTP/1.1" 200 1439 "http://www.morusverlag.de/buecher/rezensionen_nicht_auf_sand_gebaut.html" "Mozilla/5.0 (compatible; Googlebot/2.1; +http://www.google.com/bot.html)"
40.77.167.0 - - [10/Sep/2017:10:35:12 +0200] "GET /sonderthemen/ HTTP/1.1" 304 - "-" "Mozilla/5.0 (compatible; bingbot/2.0; +http://www.bing.com/bingbot.htm)"
162.210.196.100 - - [10/Sep/2017:10:41:29 +0200] "GET /robots.txt HTTP/1.1" 200 100 "-" "Mozilla/5.0 (compatible; MJ12bot/v1.4.8; http://mj12bot.com/)"
162.210.196.100 - - [10/Sep/2017:10:41:31 +0200] "GET / HTTP/1.1" 200 9360 "-" "Mozilla/5.0 (compatible; MJ12bot/v1.4.8; http://mj12bot.com/)"
93.252.145.46 - - [10/Sep/2017:10:42:53 +0200] "GET /cds/rosarium.html HTTP/1.1" 200 6680 "http://www.skoczowski.de/html/gregorianik.html" "Mozilla/5.0 (Macintosh; Intel Mac OS X 10_9_5) AppleWebKit/601.7.8 (KHTML, like Gecko) Version/9.1.3 Safari/537.86.7"
93.252.145.46 - - [10/Sep/2017:10:42:53 +0200] "GET /m.gif HTTP/1.1" 200 95 "http://www.morusverlag.de/cds/rosarium.html" "Mozilla/5.0 (Macintosh; Intel Mac OS X 10_9_5) AppleWebKit/601.7.8 (KHTML, like Gecko) Version/9.1.3 Safari/537.86.7"
93.252.145.46 - - [10/Sep/2017:10:42:53 +0200] "GET /logo_g.gif HTTP/1.1" 200 1301 "http://www.morusverlag.de/cds/rosarium.html" "Mozilla/5.0 (Macintosh; Intel Mac OS X 10_9_5) AppleWebKit/601.7.8 (KHTML, like Gecko) Version/9.1.3 Safari/537.86.7"
93.252.145.46 - - [10/Sep/2017:10:42:53 +0200] "GET /main.css HTTP/1.1" 200 1439 "http://www.morusverlag.de/cds/rosarium.html" "Mozilla/5.0 (Macintosh; Intel Mac OS X 10_9_5) AppleWebKit/601.7.8 (KHTML, like Gecko) Version/9.1.3 Safari/537.86.7"
93.252.145.46 - - [10/Sep/2017:10:42:53 +0200] "GET /mv_g.gif HTTP/1.1" 200 4070 "http://www.morusverlag.de/cds/rosarium.html" "Mozilla/5.0 (Macintosh; Intel Mac OS X 10_9_5) AppleWebKit/601.7.8 (KHTML, like Gecko) Version/9.1.3 Safari/537.86.7"
93.252.145.46 - - [10/Sep/2017:10:42:53 +0200] "GET /cds/rosarium.jpg HTTP/1.1" 200 21032 "http://www.morusverlag.de/cds/rosarium.html" "Mozilla/5.0 (Macintosh; Intel Mac OS X 10_9_5) AppleWebKit/601.7.8 (KHTML, like Gecko) Version/9.1.3 Safari/537.86.7"
93.252.145.46 - - [10/Sep/2017:10:42:53 +0200] "GET /pf.gif HTTP/1.1" 200 62 "http://www.morusverlag.de/cds/rosarium.html" "Mozilla/5.0 (Macintosh; Intel Mac OS X 10_9_5) AppleWebKit/601.7.8 (KHTML, like Gecko) Version/9.1.3 Safari/537.86.7"
93.252.145.46 - - [10/Sep/2017:10:42:53 +0200] "GET /strich.gif HTTP/1.1" 200 45 "http://www.morusverlag.de/cds/rosarium.html" "Mozilla/5.0 (Macintosh; Intel Mac OS X 10_9_5) AppleWebKit/601.7.8 (KHTML, like Gecko) Version/9.1.3 Safari/537.86.7"
93.252.145.46 - - [10/Sep/2017:10:42:53 +0200] "GET /cds/simplay_player.swf?audiofile=avemaria.mp3 HTTP/1.1" 200 6377 "http://www.morusverlag.de/cds/rosarium.html" "Mozilla/5.0 (Macintosh; Intel Mac OS X 10_9_5) AppleWebKit/601.7.8 (KHTML, like Gecko) Version/9.1.3 Safari/537.86.7"
93.252.145.46 - - [10/Sep/2017:10:42:53 +0200] "GET /cds/simplay_control.swf HTTP/1.1" 200 1243 "http://www.morusverlag.de/cds/rosarium.html" "Mozilla/5.0 (Macintosh; Intel Mac OS X 10_9_5) AppleWebKit/601.7.8 (KHTML, like Gecko) Version/9.1.3 Safari/537.86.7"
93.252.145.46 - - [10/Sep/2017:10:42:53 +0200] "GET /cds/simplaydata/controlconfig.xml?nocache=1505032437436.58 HTTP/1.1" 200 121 "http://www.morusverlag.de/cds/rosarium.html" "Mozilla/5.0 (Macintosh; Intel Mac OS X 10_9_5) AppleWebKit/601.7.8 (KHTML, like Gecko) Version/9.1.3 Safari/537.86.7"
93.252.145.46 - - [10/Sep/2017:10:42:54 +0200] "GET /favicon.ico HTTP/1.1" 200 4286 "http://www.morusverlag.de/cds/rosarium.html" "Mozilla/5.0 (Macintosh; Intel Mac OS X 10_9_5) AppleWebKit/601.7.8 (KHTML, like Gecko) Version/9.1.3 Safari/537.86.7"
93.252.145.46 - - [10/Sep/2017:10:42:54 +0200] "GET /cds/simplaydata/playerconfig.xml?nocache=1505032437527.76 HTTP/1.1" 200 149 "http://www.morusverlag.de/cds/rosarium.html" "Mozilla/5.0 (Macintosh; Intel Mac OS X 10_9_5) AppleWebKit/601.7.8 (KHTML, like Gecko) Version/9.1.3 Safari/537.86.7"
93.252.145.46 - - [10/Sep/2017:10:42:54 +0200] "GET /cds/simplaydata/controlskins/default/skin.xml HTTP/1.1" 200 349 "http://www.morusverlag.de/cds/rosarium.html" "Mozilla/5.0 (Macintosh; Intel Mac OS X 10_9_5) AppleWebKit/601.7.8 (KHTML, like Gecko) Version/9.1.3 Safari/537.86.7"
93.252.145.46 - - [10/Sep/2017:10:42:54 +0200] "GET /cds/simplaydata/playerskins/default/skin.xml?nocache=1505032437603.34 HTTP/1.1" 200 649 "http://www.morusverlag.de/cds/rosarium.html" "Mozilla/5.0 (Macintosh; Intel Mac OS X 10_9_5) AppleWebKit/601.7.8 (KHTML, like Gecko) Version/9.1.3 Safari/537.86.7"
93.252.145.46 - - [10/Sep/2017:10:42:54 +0200] "GET /cds/simplaydata/controlskins/default/off.jpg HTTP/1.1" 200 608 "http://www.morusverlag.de/cds/rosarium.html" "Mozilla/5.0 (Macintosh; Intel Mac OS X 10_9_5) AppleWebKit/601.7.8 (KHTML, like Gecko) Version/9.1.3 Safari/537.86.7"
93.252.145.46 - - [10/Sep/2017:10:42:54 +0200] "GET /cds/simplaydata/controlskins/default/handle.jpg HTTP/1.1" 200 387 "http://www.morusverlag.de/cds/rosarium.html" "Mozilla/5.0 (Macintosh; Intel Mac OS X 10_9_5) AppleWebKit/601.7.8 (KHTML, like Gecko) Version/9.1.3 Safari/537.86.7"
93.252.145.46 - - [10/Sep/2017:10:42:54 +0200] "GET /cds/simplaydata/controlskins/default/background.jpg HTTP/1.1" 200 772 "http://www.morusverlag.de/cds/rosarium.html" "Mozilla/5.0 (Macintosh; Intel Mac OS X 10_9_5) AppleWebKit/601.7.8 (KHTML, like Gecko) Version/9.1.3 Safari/537.86.7"
93.252.145.46 - - [10/Sep/2017:10:42:54 +0200] "GET /cds/simplaydata/controlskins/default/on.jpg HTTP/1.1" 200 986 "http://www.morusverlag.de/cds/rosarium.html" "Mozilla/5.0 (Macintosh; Intel Mac OS X 10_9_5) AppleWebKit/601.7.8 (KHTML, like Gecko) Version/9.1.3 Safari/537.86.7"
93.252.145.46 - - [10/Sep/2017:10:42:54 +0200] "GET /cds/simplaydata/playerskins/default/background.jpg HTTP/1.1" 200 340 "http://www.morusverlag.de/cds/rosarium.html" "Mozilla/5.0 (Macintosh; Intel Mac OS X 10_9_5) AppleWebKit/601.7.8 (KHTML, like Gecko) Version/9.1.3 Safari/537.86.7"
93.252.145.46 - - [10/Sep/2017:10:42:54 +0200] "GET /cds/simplaydata/playerskins/default/play_up.jpg HTTP/1.1" 200 643 "http://www.morusverlag.de/cds/rosarium.html" "Mozilla/5.0 (Macintosh; Intel Mac OS X 10_9_5) AppleWebKit/601.7.8 (KHTML, like Gecko) Version/9.1.3 Safari/537.86.7"
93.252.145.46 - - [10/Sep/2017:10:42:54 +0200] "GET /cds/simplaydata/playerskins/default/play_over.jpg HTTP/1.1" 200 986 "http://www.morusverlag.de/cds/rosarium.html" "Mozilla/5.0 (Macintosh; Intel Mac OS X 10_9_5) AppleWebKit/601.7.8 (KHTML, like Gecko) Version/9.1.3 Safari/537.86.7"
93.252.145.46 - - [10/Sep/2017:10:42:54 +0200] "GET /cds/simplaydata/playerskins/default/play_down.jpg HTTP/1.1" 200 972 "http://www.morusverlag.de/cds/rosarium.html" "Mozilla/5.0 (Macintosh; Intel Mac OS X 10_9_5) AppleWebKit/601.7.8 (KHTML, like Gecko) Version/9.1.3 Safari/537.86.7"
93.252.145.46 - - [10/Sep/2017:10:42:54 +0200] "GET /cds/simplaydata/playerskins/default/pause_up.jpg HTTP/1.1" 200 649 "http://www.morusverlag.de/cds/rosarium.html" "Mozilla/5.0 (Macintosh; Intel Mac OS X 10_9_5) AppleWebKit/601.7.8 (KHTML, like Gecko) Version/9.1.3 Safari/537.86.7"
93.252.145.46 - - [10/Sep/2017:10:42:54 +0200] "GET /cds/simplaydata/playerskins/default/pause_over.jpg HTTP/1.1" 200 988 "http://www.morusverlag.de/cds/rosarium.html" "Mozilla/5.0 (Macintosh; Intel Mac OS X 10_9_5) AppleWebKit/601.7.8 (KHTML, like Gecko) Version/9.1.3 Safari/537.86.7"
93.252.145.46 - - [10/Sep/2017:10:42:54 +0200] "GET /cds/simplaydata/playerskins/default/pause_down.jpg HTTP/1.1" 200 939 "http://www.morusverlag.de/cds/rosarium.html" "Mozilla/5.0 (Macintosh; Intel Mac OS X 10_9_5) AppleWebKit/601.7.8 (KHTML, like Gecko) Version/9.1.3 Safari/537.86.7"
93.252.145.46 - - [10/Sep/2017:10:43:02 +0200] "GET /cds/avemaria.mp3 HTTP/1.1" 200 133123 "http://www.morusverlag.de/cds/rosarium.html" "Mozilla/5.0 (Macintosh; Intel Mac OS X 10_9_5) AppleWebKit/601.7.8 (KHTML, like Gecko) Version/9.1.3 Safari/537.86.7"
89.204.137.13 - - [10/Sep/2017:11:13:39 +0200] "GET /cds/lumina.html HTTP/1.1" 200 9000 "-" "Mozilla/5.0 (Windows Phone 10.0; Android 6.0.1; Microsoft; Lumia 950 Dual SIM) AppleWebKit/537.36 (KHTML, like Gecko) Chrome/52.0.2743.116 Mobile Safari/537.36 Edge/15.15063"
89.204.137.13 - - [10/Sep/2017:11:13:39 +0200] "GET /main.css HTTP/1.1" 200 1439 "http://www.morusverlag.de/cds/lumina.html" "Mozilla/5.0 (Windows Phone 10.0; Android 6.0.1; Microsoft; Lumia 950 Dual SIM) AppleWebKit/537.36 (KHTML, like Gecko) Chrome/52.0.2743.116 Mobile Safari/537.36 Edge/15.15063"
89.204.137.13 - - [10/Sep/2017:11:13:39 +0200] "GET /mv_g.gif HTTP/1.1" 200 4070 "http://www.morusverlag.de/cds/lumina.html" "Mozilla/5.0 (Windows Phone 10.0; Android 6.0.1; Microsoft; Lumia 950 Dual SIM) AppleWebKit/537.36 (KHTML, like Gecko) Chrome/52.0.2743.116 Mobile Safari/537.36 Edge/15.15063"
89.204.137.13 - - [10/Sep/2017:11:13:39 +0200] "GET /logo_g.gif HTTP/1.1" 200 1301 "http://www.morusverlag.de/cds/lumina.html" "Mozilla/5.0 (Windows Phone 10.0; Android 6.0.1; Microsoft; Lumia 950 Dual SIM) AppleWebKit/537.36 (KHTML, like Gecko) Chrome/52.0.2743.116 Mobile Safari/537.36 Edge/15.15063"
89.204.137.13 - - [10/Sep/2017:11:13:39 +0200] "GET /strich.gif HTTP/1.1" 200 45 "http://www.morusverlag.de/cds/lumina.html" "Mozilla/5.0 (Windows Phone 10.0; Android 6.0.1; Microsoft; Lumia 950 Dual SIM) AppleWebKit/537.36 (KHTML, like Gecko) Chrome/52.0.2743.116 Mobile Safari/537.36 Edge/15.15063"
89.204.137.13 - - [10/Sep/2017:11:13:39 +0200] "GET /m.gif HTTP/1.1" 200 95 "http://www.morusverlag.de/cds/lumina.html" "Mozilla/5.0 (Windows Phone 10.0; Android 6.0.1; Microsoft; Lumia 950 Dual SIM) AppleWebKit/537.36 (KHTML, like Gecko) Chrome/52.0.2743.116 Mobile Safari/537.36 Edge/15.15063"
89.204.137.13 - - [10/Sep/2017:11:13:40 +0200] "GET /pf.gif HTTP/1.1" 200 62 "http://www.morusverlag.de/cds/lumina.html" "Mozilla/5.0 (Windows Phone 10.0; Android 6.0.1; Microsoft; Lumia 950 Dual SIM) AppleWebKit/537.36 (KHTML, like Gecko) Chrome/52.0.2743.116 Mobile Safari/537.36 Edge/15.15063"
89.204.137.13 - - [10/Sep/2017:11:13:40 +0200] "GET /cds/lumina.jpg HTTP/1.1" 200 31150 "http://www.morusverlag.de/cds/lumina.html" "Mozilla/5.0 (Windows Phone 10.0; Android 6.0.1; Microsoft; Lumia 950 Dual SIM) AppleWebKit/537.36 (KHTML, like Gecko) Chrome/52.0.2743.116 Mobile Safari/537.36 Edge/15.15063"
89.204.137.13 - - [10/Sep/2017:11:13:40 +0200] "GET /favicon.ico HTTP/1.1" 200 4286 "-" "Mozilla/5.0 (Windows Phone 10.0; Android 6.0.1; Microsoft; Lumia 950 Dual SIM) AppleWebKit/537.36 (KHTML, like Gecko) Chrome/52.0.2743.116 Mobile Safari/537.36 Edge/15.15063"
89.204.137.13 - - [10/Sep/2017:11:13:40 +0200] "GET /strich.gif HTTP/1.1" 200 45 "http://www.morusverlag.de/cds/lumina.html" "Mozilla/5.0 (Windows Phone 10.0; Android 6.0.1; Microsoft; Lumia 950 Dual SIM) AppleWebKit/537.36 (KHTML, like Gecko) Chrome/52.0.2743.116 Mobile Safari/537.36 Edge/15.15063"
207.46.13.56 - - [10/Sep/2017:11:28:09 +0200] "GET /gotteslob/ HTTP/1.1" 200 2770 "-" "Mozilla/5.0 (compatible; bingbot/2.0; +http://www.bing.com/bingbot.htm)"
207.46.13.111 - - [10/Sep/2017:11:28:17 +0200] "GET /main.css HTTP/1.1" 200 1439 "-" "Mozilla/5.0 (compatible; bingbot/2.0; +http://www.bing.com/bingbot.htm)"
94.218.49.165 - - [10/Sep/2017:11:53:00 +0200] "GET /favicon.ico HTTP/1.1" 200 4286 "-" "Mozilla/5.0 (Windows NT 6.1; WOW64; rv:55.0) Gecko/20100101 Firefox/55.0"
88.99.27.172 - - [10/Sep/2017:12:17:42 +0200] "GET /sonderthemen/az2003.pdf HTTP/1.1" 200 4864675 "-" "Mozilla/5.0 (Windows NT 6.1; rv:12.0) Gecko/ 20120405 Firefox/14.0.1"
40.77.167.15 - - [10/Sep/2017:12:41:47 +0200] "GET /sonderthemen/index.html HTTP/1.1" 200 7102 "-" "Mozilla/5.0 (compatible; bingbot/2.0; +http://www.bing.com/bingbot.htm)"
209.90.225.211 - - [10/Sep/2017:13:46:03 +0200] "GET /components/com_sexycontactform/fileupload/index.php HTTP/1.1" 404 2381 "http://www.morusverlag.de/components/com_sexycontactform/fileupload/index.php" "Mozilla/5.0 (Windows NT 6.1; WOW64) AppleWebKit/537.36 (KHTML, like Gecko) Chrome/42.0.2311.152 Safari/537.36"
104.237.242.139 - - [10/Sep/2017:13:59:42 +0200] "GET /sonderthemen/sk2004%2Epdf HTTP/1.1" 200 1967215 "-" "Mozilla/4.0 (Windows; MSIE 7.0; Windows NT 5.1; SV1; .NET CLR 2.0.50727)"
217.182.132.35 - - [10/Sep/2017:14:09:56 +0200] "GET /cds/rosarium.html HTTP/1.1" 200 6680 "-" "Mozilla/5.0 (compatible; AhrefsBot/5.2; +http://ahrefs.com/robot/)"
66.249.64.211 - - [10/Sep/2017:14:52:38 +0200] "GET /sonderthemen/oekz2003.pdf HTTP/1.1" 304 - "-" "Mozilla/5.0 (compatible; Googlebot/2.1; +http://www.google.com/bot.html)"
66.249.64.209 - - [10/Sep/2017:14:52:39 +0200] "GET /sonderthemen/oekz2003.pdf HTTP/1.1" 304 - "-" "Mozilla/5.0 (compatible; Googlebot/2.1; +http://www.google.com/bot.html)"
207.46.13.56 - - [10/Sep/2017:15:15:22 +0200] "GET /buecher/rezensionen_psalmen.html HTTP/1.1" 200 6787 "-" "Mozilla/5.0 (iPhone; CPU iPhone OS 7_0 like Mac OS X) AppleWebKit/537.51.1 (KHTML, like Gecko) Version/7.0 Mobile/11A465 Safari/9537.53 (compatible; bingbot/2.0; +http://www.bing.com/bingbot.htm)"
207.46.13.51 - - [10/Sep/2017:15:23:59 +0200] "GET /mv_g.gif HTTP/1.1" 200 4070 "-" "Mozilla/5.0 (compatible; bingbot/2.0; +http://www.bing.com/bingbot.htm)"
207.46.13.51 - - [10/Sep/2017:15:23:59 +0200] "GET /buecher/gesichter/31.jpg HTTP/1.1" 200 8424 "-" "Mozilla/5.0 (compatible; bingbot/2.0; +http://www.bing.com/bingbot.htm)"
207.46.13.51 - - [10/Sep/2017:15:24:01 +0200] "GET /buecher/der_neunte_tag.jpg HTTP/1.1" 200 6411 "-" "Mozilla/5.0 (compatible; bingbot/2.0; +http://www.bing.com/bingbot.htm)"
5.9.17.118 - - [10/Sep/2017:15:25:12 +0200] "GET /sonderthemen/oekt_extra2.pdf HTTP/1.1" 200 1939949 "-" "Mozilla/5.0 (X11; Ubuntu; Linux i686; rv:15.0) Gecko/20100101 Firefox/15.0.1"
180.76.15.157 - - [10/Sep/2017:15:39:25 +0200] "GET /sonderthemen/sk2001.pdf HTTP/1.1" 200 3098589 "-" "Mozilla/5.0 (compatible; Baiduspider/2.0; +http://www.baidu.com/search/spider.html)"
5.9.145.132 - - [10/Sep/2017:16:55:53 +0200] "GET /sonderthemen/oeaz2001.pdf HTTP/1.1" 200 4496626 "-" "Mozilla/5.0 (Windows NT 6.1; WOW64; rv:11.0) Gecko Firefox/11.0"
83.77.2.185 - - [10/Sep/2017:17:00:58 +0200] "GET /cds/hymnos_akathistos.html HTTP/1.1" 200 11061 "http://www.google.ch/url?sa=t&rct=j&q=&esrc=s&source=web&cd=8&ved=0ahUKEwjXtsWL75rWAhXnD8AKHU-lDVMQFghPMAc&url=http%3A%2F%2Fwww.morusverlag.de%2Fcds%2Fhymnos_akathistos.html&usg=AFQjCNGJrfy9Ow9xe5l9koYs9LpBXEit7g" "Mozilla/5.0 (Macintosh; Intel Mac OS X 10_8_5) AppleWebKit/600.8.9 (KHTML, like Gecko) Version/6.2.8 Safari/537.85.17"
83.77.2.185 - - [10/Sep/2017:17:00:58 +0200] "GET /logo_g.gif HTTP/1.1" 200 1301 "http://www.morusverlag.de/cds/hymnos_akathistos.html" "Mozilla/5.0 (Macintosh; Intel Mac OS X 10_8_5) AppleWebKit/600.8.9 (KHTML, like Gecko) Version/6.2.8 Safari/537.85.17"
83.77.2.185 - - [10/Sep/2017:17:00:58 +0200] "GET /mv_g.gif HTTP/1.1" 200 4070 "http://www.morusverlag.de/cds/hymnos_akathistos.html" "Mozilla/5.0 (Macintosh; Intel Mac OS X 10_8_5) AppleWebKit/600.8.9 (KHTML, like Gecko) Version/6.2.8 Safari/537.85.17"
83.77.2.185 - - [10/Sep/2017:17:00:58 +0200] "GET /m.gif HTTP/1.1" 200 95 "http://www.morusverlag.de/cds/hymnos_akathistos.html" "Mozilla/5.0 (Macintosh; Intel Mac OS X 10_8_5) AppleWebKit/600.8.9 (KHTML, like Gecko) Version/6.2.8 Safari/537.85.17"
83.77.2.185 - - [10/Sep/2017:17:00:58 +0200] "GET /main.css HTTP/1.1" 200 1439 "http://www.morusverlag.de/cds/hymnos_akathistos.html" "Mozilla/5.0 (Macintosh; Intel Mac OS X 10_8_5) AppleWebKit/600.8.9 (KHTML, like Gecko) Version/6.2.8 Safari/537.85.17"
83.77.2.185 - - [10/Sep/2017:17:00:58 +0200] "GET /cds/hymnos.jpg HTTP/1.1" 200 27752 "http://www.morusverlag.de/cds/hymnos_akathistos.html" "Mozilla/5.0 (Macintosh; Intel Mac OS X 10_8_5) AppleWebKit/600.8.9 (KHTML, like Gecko) Version/6.2.8 Safari/537.85.17"
83.77.2.185 - - [10/Sep/2017:17:00:58 +0200] "GET /pf.gif HTTP/1.1" 200 62 "http://www.morusverlag.de/cds/hymnos_akathistos.html" "Mozilla/5.0 (Macintosh; Intel Mac OS X 10_8_5) AppleWebKit/600.8.9 (KHTML, like Gecko) Version/6.2.8 Safari/537.85.17"
83.77.2.185 - - [10/Sep/2017:17:00:58 +0200] "GET /cds/hymnos_heft.jpg HTTP/1.1" 200 8653 "http://www.morusverlag.de/cds/hymnos_akathistos.html" "Mozilla/5.0 (Macintosh; Intel Mac OS X 10_8_5) AppleWebKit/600.8.9 (KHTML, like Gecko) Version/6.2.8 Safari/537.85.17"
83.77.2.185 - - [10/Sep/2017:17:00:58 +0200] "GET /strich.gif HTTP/1.1" 200 45 "http://www.morusverlag.de/cds/hymnos_akathistos.html" "Mozilla/5.0 (Macintosh; Intel Mac OS X 10_8_5) AppleWebKit/600.8.9 (KHTML, like Gecko) Version/6.2.8 Safari/537.85.17"
83.77.2.185 - - [10/Sep/2017:17:00:59 +0200] "GET /favicon.ico HTTP/1.1" 200 4286 "http://www.morusverlag.de/cds/hymnos_akathistos.html" "Mozilla/5.0 (Macintosh; Intel Mac OS X 10_8_5) AppleWebKit/600.8.9 (KHTML, like Gecko) Version/6.2.8 Safari/537.85.17"
83.77.2.185 - - [10/Sep/2017:17:00:59 +0200] "GET /cds/simplay_player.swf?audiofile=hymnos2.mp3 HTTP/1.1" 200 6377 "http://www.morusverlag.de/cds/hymnos_akathistos.html" "Mozilla/5.0 (Macintosh; Intel Mac OS X 10_8_5) AppleWebKit/600.8.9 (KHTML, like Gecko) Version/6.2.8 Safari/537.85.17"
