193.124.190.64 - - [28/Sep/2017:19:31:39 +0200] "HEAD / HTTP/1.1" 200 - "http://stroyka-gid.ru/mixes/osnovnyie-vidyi-i-sostavyi-dekorativnoy-shtukaturki.html" "Mozilla/8.0 (compatible; MSIE2.00; Windows 2009)"
185.5.249.185 - - [28/Sep/2017:19:31:40 +0200] "HEAD / HTTP/1.1" 200 - "http://haapsalu.spb.ru/" "Mozilla/6.0 (compatible; MSIE2.00; Windows 2004)"
193.124.179.180 - - [28/Sep/2017:19:31:40 +0200] "HEAD / HTTP/1.1" 200 - "http://digipulse.ru/catalog/fitness-tracker/" "Mozilla/5.0 (compatible; MSIE2.00; Windows 2009)"
185.125.219.134 - - [28/Sep/2017:19:31:40 +0200] "HEAD / HTTP/1.1" 200 - "http://ooo-starten.ru/%d0%bc%d0%be%d0%bd%d1%82%d0%b0%d0%b6-%d1%8d%d0%bb%d0%b5%d0%ba%d1%82%d1%80%d0%b8%d1%87%d0%b5%d1%81%d0%ba%d0%b8%d1%85-%d1%81%d0%b5%d1%82%d0%b5%d0%b9/" "Mozilla/4.0 (compatible; MSIE5.00; Windows 2003)"
195.133.147.6 - - [28/Sep/2017:19:34:14 +0200] "HEAD / HTTP/1.1" 200 - "https://partnerjapan.ru/" "Mozilla/6.0 (compatible; MSIE7.00; Windows 2002)"
194.67.210.77 - - [28/Sep/2017:19:36:52 +0200] "HEAD / HTTP/1.1" 200 - "http://pattaying.ru/blog/tag/nong-nuch-pattayya/" "Mozilla/4.0 (compatible; MSIE6.00; Windows 2005)"
188.227.18.230 - - [28/Sep/2017:19:45:40 +0200] "HEAD / HTTP/1.1" 200 - "https://muzamaster.ru/collection/osnovy-dlya-sereg-i-klips" "Mozilla/5.0 (compatible; MSIE4.00; Windows 2003)"
5.101.78.194 - - [28/Sep/2017:19:45:40 +0200] "HEAD / HTTP/1.1" 200 - "http://stroidom36.ru/remont-vannojj-komnaty/" "Mozilla/5.0 (compatible; MSIE4.00; Windows 2005)"
185.158.153.174 - - [28/Sep/2017:19:45:40 +0200] "HEAD / HTTP/1.1" 200 - "https://resursmsk.ru/gvozdi" "Mozilla/6.0 (compatible; MSIE5.00; Windows 2008)"
66.249.64.209 - - [28/Sep/2017:19:55:04 +0200] "GET /buecher/gesichter/07.jpg HTTP/1.1" 304 - "-" "Googlebot-Image/1.0"
66.249.64.213 - - [28/Sep/2017:20:36:09 +0200] "GET /cds/astazi.html HTTP/1.1" 200 8453 "-" "Mozilla/5.0 (compatible; Googlebot/2.1; +http://www.google.com/bot.html)"
40.77.167.123 - - [28/Sep/2017:20:43:38 +0200] "GET /buecher/veroeffentlichungsliste.html HTTP/1.1" 200 129779 "-" "Mozilla/5.0 (compatible; bingbot/2.0; +http://www.bing.com/bingbot.htm)"
40.77.167.123 - - [28/Sep/2017:20:43:53 +0200] "GET /logo_g.gif HTTP/1.1" 200 1301 "-" "Mozilla/5.0 (compatible; bingbot/2.0; +http://www.bing.com/bingbot.htm)"
157.55.39.55 - - [28/Sep/2017:20:44:04 +0200] "GET /main.css HTTP/1.1" 200 1439 "-" "Mozilla/5.0 (compatible; bingbot/2.0; +http://www.bing.com/bingbot.htm)"
157.55.39.229 - - [28/Sep/2017:20:44:19 +0200] "GET /mv_g.gif HTTP/1.1" 200 4070 "-" "Mozilla/5.0 (compatible; bingbot/2.0; +http://www.bing.com/bingbot.htm)"
157.55.39.229 - - [28/Sep/2017:20:44:19 +0200] "GET /strich.gif HTTP/1.1" 200 45 "-" "Mozilla/5.0 (compatible; bingbot/2.0; +http://www.bing.com/bingbot.htm)"
5.9.112.6 - - [28/Sep/2017:21:00:29 +0200] "GET /sonderthemen/oeaz2001.pdf HTTP/1.1" 200 4496626 "-" "Mozilla/5.0 (X11; Ubuntu; Linux i686; rv:15.0) Gecko/20100101 Firefox/15.0.1"
5.9.17.118 - - [28/Sep/2017:21:15:00 +0200] "GET /sonderthemen/sk2001.pdf HTTP/1.1" 200 3098589 "-" "Mozilla/5.0 (Macintosh; Intel Mac OS X 1084) AppleWebKit/536.28.10 (KHTML like Gecko) Version/6.0.3 Safari/536.28.10"
66.249.64.213 - - [28/Sep/2017:21:40:25 +0200] "GET /robots.txt HTTP/1.1" 200 100 "-" "Mozilla/5.0 (compatible; Googlebot/2.1; +http://www.google.com/bot.html)"
66.249.64.211 - - [28/Sep/2017:21:40:26 +0200] "GET /sonderthemen/oekz2003.pdf HTTP/1.1" 200 4017017 "-" "Mozilla/5.0 (Linux; Android 6.0.1; Nexus 5X Build/MMB29P) AppleWebKit/537.36 (KHTML, like Gecko) Chrome/41.0.2272.96 Mobile Safari/537.36 (compatible; Googlebot/2.1; +http://www.google.com/bot.html)"
144.76.71.83 - - [28/Sep/2017:22:13:34 +0200] "GET /buecher/veroeffentlichungsliste.html HTTP/1.1" 200 129779 "-" "Mozilla/5.0 (Windows NT 6.1; WOW64; rv:18.0) Gecko/20100101 Firefox/18.0"
88.99.27.172 - - [28/Sep/2017:22:13:44 +0200] "GET /buecher/veroeffentlichungsliste.html HTTP/1.1" 200 129779 "-" "Mozilla/5.0 (Windows NT 5.1; rv:21.0) Gecko/20130331 Firefox/21.0"
144.76.71.83 - - [28/Sep/2017:22:13:59 +0200] "GET /buecher/veroeffentlichungsliste.html HTTP/1.1" 200 129779 "-" "Mozilla/5.0 (Windows; U; Windows NT 6.1; WOW64; en-US; rv:2.0.4) Gecko/20120718 AskTbAVR-IDW/3.12.5.17700 Firefox/14.0.1"
148.251.75.46 - - [28/Sep/2017:22:25:59 +0200] "GET /buecher/rezensionen_le_saulchoir.html HTTP/1.1" 200 34009 "-" "Mozilla/5.0 (Windows NT 6.1) AppleWebKit/537.36 (KHTML, like Gecko) Chrome/27.0.1453.90 Safari/537.36"
172.82.186.170 - - [28/Sep/2017:22:29:57 +0200] "GET / HTTP/1.1" 200 9360 "-" "Mozilla/5.0 (Windows NT 6.1; Trident/7.0; rv:11.0) like Gecko"
66.249.64.213 - - [28/Sep/2017:23:00:09 +0200] "GET /cds/ignatius.html HTTP/1.1" 200 6576 "-" "Mozilla/5.0 (compatible; Googlebot/2.1; +http://www.google.com/bot.html)"
157.55.39.229 - - [28/Sep/2017:23:03:37 +0200] "GET /buecher/gesichter/15.jpg HTTP/1.1" 200 7253 "-" "Mozilla/5.0 (compatible; bingbot/2.0; +http://www.bing.com/bingbot.htm)"
5.9.94.207 - - [28/Sep/2017:23:16:06 +0200] "GET /sonderthemen/sk2000.pdf HTTP/1.1" 200 2925489 "-" "Mozilla/5.0 (Macintosh; Intel Mac OS X 10_7_5) AppleWebKit/537.36 (KHTML, like Gecko) Chrome/27.0.1453.93 Safari/537.36"
5.9.94.207 - - [28/Sep/2017:23:16:06 +0200] "GET /sonderthemen/az2000.pdf HTTP/1.1" 200 2253581 "-" "Mozilla/5.0 (Windows NT 5.1) AppleWebKit/537.36 (KHTML, like Gecko) Chrome/27.0.1453.94 Safari/537.36"
148.251.54.44 - - [28/Sep/2017:23:23:20 +0200] "GET /buecher/ HTTP/1.1" 200 25885 "-" "Mozilla/5.0 (Macintosh; Intel Mac OS X 10_6_8) AppleWebKit/534.59.8 (KHTML, like Gecko) Version/5.1.9 Safari/534.59.8"
123.125.71.76 - - [28/Sep/2017:23:23:35 +0200] "GET /sonderthemen/az1999.pdf HTTP/1.1" 200 1842982 "-" "Mozilla/5.0 (iPhone; CPU iPhone OS 8_0 like Mac OS X) AppleWebKit/600.1.3 (KHTML, like Gecko) Version/8.0 Mobile/12A4345d Safari/600.1.4"
123.125.71.98 - - [28/Sep/2017:23:23:39 +0200] "GET /sonderthemen/az1999.pdf HTTP/1.1" 200 1842982 "-" "Mozilla/5.0 (iPhone; CPU iPhone OS 8_0 like Mac OS X) AppleWebKit/600.1.3 (KHTML, like Gecko) Version/8.0 Mobile/12A4345d Safari/600.1.4"
220.181.108.103 - - [28/Sep/2017:23:23:44 +0200] "GET /sonderthemen/az1999.pdf HTTP/1.1" 200 1842982 "-" "Mozilla/5.0 (iPhone; CPU iPhone OS 8_0 like Mac OS X) AppleWebKit/600.1.3 (KHTML, like Gecko) Version/8.0 Mobile/12A4345d Safari/600.1.4"
88.99.27.172 - - [28/Sep/2017:23:47:03 +0200] "GET /sonderthemen/oekt_extra2.pdf HTTP/1.1" 200 1939949 "-" "Mozilla/5.0 (X11; U; Linux i686; en-US; rv:1.9.1.16) Gecko/20120421 Gecko Firefox/11.0"
144.76.71.83 - - [28/Sep/2017:23:47:03 +0200] "GET /sonderthemen/oekt_extra3.pdf HTTP/1.1" 200 2109745 "-" "Mozilla/5.0 (Windows NT 6.1; rv:12.0) Gecko/ 20120405 Firefox/14.0.1"
136.243.17.161 - - [29/Sep/2017:00:20:58 +0200] "GET /sonderthemen/oekt_extra2.pdf HTTP/1.1" 200 1939949 "-" "Mozilla/5.0 (Windows NT 6.1; WOW64; rv:21.0) Gecko/20100101 Firefox/21.0"
62.138.0.25 - - [29/Sep/2017:00:33:44 +0200] "GET /robots.txt HTTP/1.1" 200 100 "-" "Mozilla/5.0 (compatible; seoscanners.net/1; +spider@seoscanners.net)"
62.138.0.25 - - [29/Sep/2017:00:33:44 +0200] "GET / HTTP/1.1" 200 9360 "-" "Mozilla/5.0 (compatible; seoscanners.net/1; +spider@seoscanners.net)"
157.55.39.229 - - [29/Sep/2017:00:42:08 +0200] "GET /buecher/gesichter/19.jpg HTTP/1.1" 200 8281 "-" "Mozilla/5.0 (compatible; bingbot/2.0; +http://www.bing.com/bingbot.htm)"
42.236.101.234 - - [29/Sep/2017:00:49:23 +0200] "GET / HTTP/1.1" 200 9360 "http://www.morusverlag.de/" "Mozilla/5.0 (Windows NT 6.1; WOW64) AppleWebKit/537.36 (KHTML, like Gecko) Chrome/50.0.2661.102 Safari/537.36; 360Spider"
66.249.64.209 - - [29/Sep/2017:00:50:03 +0200] "GET /main.css HTTP/1.1" 200 1439 "http://www.morusverlag.de/cds/glockenspiel2.html" "Mozilla/5.0 (compatible; Googlebot/2.1; +http://www.google.com/bot.html)"
157.55.39.196 - - [29/Sep/2017:00:59:51 +0200] "GET / HTTP/1.1" 200 9360 "-" "Mozilla/5.0 (compatible; bingbot/2.0; +http://www.bing.com/bingbot.htm)"
13.114.207.110 - - [29/Sep/2017:01:01:53 +0200] "GET / HTTP/1.1" 200 9360 "-" "Scrapy/1.3.3 (+http://scrapy.org)"
66.249.64.209 - - [29/Sep/2017:01:24:09 +0200] "GET /cds/rosarium.html HTTP/1.1" 200 6680 "-" "Mozilla/5.0 (compatible; Googlebot/2.1; +http://www.google.com/bot.html)"
66.249.64.213 - - [29/Sep/2017:01:28:46 +0200] "GET /sonderthemen/oekz2003.pdf HTTP/1.1" 200 4017017 "-" "Mozilla/5.0 (Linux; Android 6.0.1; Nexus 5X Build/MMB29P) AppleWebKit/537.36 (KHTML, like Gecko) Chrome/41.0.2272.96 Mobile Safari/537.36 (compatible; Googlebot/2.1; +http://www.google.com/bot.html)"
173.252.88.91 - - [29/Sep/2017:01:59:00 +0200] "GET /cds/hymnos.jpg HTTP/1.1" 200 27752 "-" "facebookexternalhit/1.1 (+http://www.facebook.com/externalhit_uatext.php)"
191.37.246.23 - - [29/Sep/2017:01:59:05 +0200] "GET /cds/hymnos_akathistos.html HTTP/1.1" 200 11061 "https://www.facebook.com/" "Mozilla/5.0 (Windows NT 6.1; Win64; x64) AppleWebKit/537.36 (KHTML, like Gecko) Chrome/61.0.3163.100 Safari/537.36"
191.37.246.23 - - [29/Sep/2017:01:59:06 +0200] "GET /main.css HTTP/1.1" 200 1439 "http://www.morusverlag.de/cds/hymnos_akathistos.html" "Mozilla/5.0 (Windows NT 6.1; Win64; x64) AppleWebKit/537.36 (KHTML, like Gecko) Chrome/61.0.3163.100 Safari/537.36"
191.37.246.23 - - [29/Sep/2017:01:59:06 +0200] "GET /logo_g.gif HTTP/1.1" 200 1301 "http://www.morusverlag.de/cds/hymnos_akathistos.html" "Mozilla/5.0 (Windows NT 6.1; Win64; x64) AppleWebKit/537.36 (KHTML, like Gecko) Chrome/61.0.3163.100 Safari/537.36"
191.37.246.23 - - [29/Sep/2017:01:59:06 +0200] "GET /mv_g.gif HTTP/1.1" 200 4070 "http://www.morusverlag.de/cds/hymnos_akathistos.html" "Mozilla/5.0 (Windows NT 6.1; Win64; x64) AppleWebKit/537.36 (KHTML, like Gecko) Chrome/61.0.3163.100 Safari/537.36"
173.252.85.220 - - [29/Sep/2017:01:59:06 +0200] "GET /cds/hymnos_akathistos.html HTTP/1.1" 206 11061 "-" "facebookexternalhit/1.1 (+http://www.facebook.com/externalhit_uatext.php)"
191.37.246.23 - - [29/Sep/2017:01:59:06 +0200] "GET /m.gif HTTP/1.1" 200 95 "http://www.morusverlag.de/cds/hymnos_akathistos.html" "Mozilla/5.0 (Windows NT 6.1; Win64; x64) AppleWebKit/537.36 (KHTML, like Gecko) Chrome/61.0.3163.100 Safari/537.36"
191.37.246.23 - - [29/Sep/2017:01:59:06 +0200] "GET /cds/hymnos.jpg HTTP/1.1" 200 27752 "http://www.morusverlag.de/cds/hymnos_akathistos.html" "Mozilla/5.0 (Windows NT 6.1; Win64; x64) AppleWebKit/537.36 (KHTML, like Gecko) Chrome/61.0.3163.100 Safari/537.36"
191.37.246.23 - - [29/Sep/2017:01:59:06 +0200] "GET /pf.gif HTTP/1.1" 200 62 "http://www.morusverlag.de/cds/hymnos_akathistos.html" "Mozilla/5.0 (Windows NT 6.1; Win64; x64) AppleWebKit/537.36 (KHTML, like Gecko) Chrome/61.0.3163.100 Safari/537.36"
191.37.246.23 - - [29/Sep/2017:01:59:06 +0200] "GET /strich.gif HTTP/1.1" 200 45 "http://www.morusverlag.de/cds/hymnos_akathistos.html" "Mozilla/5.0 (Windows NT 6.1; Win64; x64) AppleWebKit/537.36 (KHTML, like Gecko) Chrome/61.0.3163.100 Safari/537.36"
191.37.246.23 - - [29/Sep/2017:01:59:06 +0200] "GET /cds/hymnos_heft.jpg HTTP/1.1" 200 8653 "http://www.morusverlag.de/cds/hymnos_akathistos.html" "Mozilla/5.0 (Windows NT 6.1; Win64; x64) AppleWebKit/537.36 (KHTML, like Gecko) Chrome/61.0.3163.100 Safari/537.36"
191.37.246.23 - - [29/Sep/2017:01:59:07 +0200] "GET /favicon.ico HTTP/1.1" 200 4286 "http://www.morusverlag.de/cds/hymnos_akathistos.html" "Mozilla/5.0 (Windows NT 6.1; Win64; x64) AppleWebKit/537.36 (KHTML, like Gecko) Chrome/61.0.3163.100 Safari/537.36"
191.37.246.23 - - [29/Sep/2017:01:59:26 +0200] "GET /cds/hymnos_akathistos.html HTTP/1.1" 304 - "https://www.facebook.com/" "Mozilla/5.0 (Windows NT 6.1; Win64; x64) AppleWebKit/537.36 (KHTML, like Gecko) Chrome/61.0.3163.100 Safari/537.36"
191.37.246.23 - - [29/Sep/2017:01:59:27 +0200] "GET /cds/simplay_player.swf?audiofile=hymnos1.mp3 HTTP/1.1" 200 6377 "http://www.morusverlag.de/cds/hymnos_akathistos.html" "Mozilla/5.0 (Windows NT 6.1; Win64; x64) AppleWebKit/537.36 (KHTML, like Gecko) Chrome/61.0.3163.100 Safari/537.36"
191.37.246.23 - - [29/Sep/2017:01:59:27 +0200] "GET /cds/simplay_control.swf HTTP/1.1" 200 1243 "http://www.morusverlag.de/cds/hymnos_akathistos.html" "Mozilla/5.0 (Windows NT 6.1; Win64; x64) AppleWebKit/537.36 (KHTML, like Gecko) Chrome/61.0.3163.100 Safari/537.36"
191.37.246.23 - - [29/Sep/2017:01:59:27 +0200] "GET /cds/simplay_player.swf?audiofile=hymnos2.mp3 HTTP/1.1" 200 6377 "http://www.morusverlag.de/cds/hymnos_akathistos.html" "Mozilla/5.0 (Windows NT 6.1; Win64; x64) AppleWebKit/537.36 (KHTML, like Gecko) Chrome/61.0.3163.100 Safari/537.36"
191.37.246.23 - - [29/Sep/2017:01:59:27 +0200] "GET /favicon.ico HTTP/1.1" 200 4286 "http://www.morusverlag.de/cds/hymnos_akathistos.html" "Mozilla/5.0 (Windows NT 6.1; Win64; x64) AppleWebKit/537.36 (KHTML, like Gecko) Chrome/61.0.3163.100 Safari/537.36"
191.37.246.23 - - [29/Sep/2017:01:59:27 +0200] "GET /cds/simplay_player.swf?audiofile=hymnos1.mp3 HTTP/1.1" 200 6377 "http://www.morusverlag.de/cds/hymnos_akathistos.html" "Mozilla/5.0 (Windows NT 6.1; Win64; x64) AppleWebKit/537.36 (KHTML, like Gecko) Chrome/61.0.3163.100 Safari/537.36"
191.37.246.23 - - [29/Sep/2017:01:59:27 +0200] "GET /cds/simplay_control.swf HTTP/1.1" 200 1243 "http://www.morusverlag.de/cds/hymnos_akathistos.html" "Mozilla/5.0 (Windows NT 6.1; Win64; x64) AppleWebKit/537.36 (KHTML, like Gecko) Chrome/61.0.3163.100 Safari/537.36"
191.37.246.23 - - [29/Sep/2017:01:59:28 +0200] "GET /cds/simplay_player.swf?audiofile=hymnos2.mp3 HTTP/1.1" 200 6377 "http://www.morusverlag.de/cds/hymnos_akathistos.html" "Mozilla/5.0 (Windows NT 6.1; Win64; x64) AppleWebKit/537.36 (KHTML, like Gecko) Chrome/61.0.3163.100 Safari/537.36"
191.37.246.23 - - [29/Sep/2017:01:59:28 +0200] "GET /cds/simplaydata/controlconfig.xml?nocache=1506642669601.57 HTTP/1.1" 200 121 "http://www.morusverlag.de/cds/hymnos_akathistos.html" "Mozilla/5.0 (Windows NT 6.1; Win64; x64) AppleWebKit/537.36 (KHTML, like Gecko) Chrome/61.0.3163.100 Safari/537.36"
191.37.246.23 - - [29/Sep/2017:01:59:28 +0200] "GET /cds/simplaydata/playerconfig.xml?nocache=1506642669867.94 HTTP/1.1" 200 149 "http://www.morusverlag.de/cds/hymnos_akathistos.html" "Mozilla/5.0 (Windows NT 6.1; Win64; x64) AppleWebKit/537.36 (KHTML, like Gecko) Chrome/61.0.3163.100 Safari/537.36"
191.37.246.23 - - [29/Sep/2017:01:59:28 +0200] "GET /cds/simplaydata/controlskins/default/skin.xml HTTP/1.1" 200 349 "http://www.morusverlag.de/cds/hymnos_akathistos.html" "Mozilla/5.0 (Windows NT 6.1; Win64; x64) AppleWebKit/537.36 (KHTML, like Gecko) Chrome/61.0.3163.100 Safari/537.36"
191.37.246.23 - - [29/Sep/2017:01:59:28 +0200] "GET /cds/simplaydata/playerconfig.xml?nocache=1506642670254.59 HTTP/1.1" 200 149 "http://www.morusverlag.de/cds/hymnos_akathistos.html" "Mozilla/5.0 (Windows NT 6.1; Win64; x64) AppleWebKit/537.36 (KHTML, like Gecko) Chrome/61.0.3163.100 Safari/537.36"
191.37.246.23 - - [29/Sep/2017:01:59:28 +0200] "GET /cds/simplaydata/controlskins/default/background.jpg HTTP/1.1" 200 772 "http://www.morusverlag.de/cds/hymnos_akathistos.html" "Mozilla/5.0 (Windows NT 6.1; Win64; x64) AppleWebKit/537.36 (KHTML, like Gecko) Chrome/61.0.3163.100 Safari/537.36"
191.37.246.23 - - [29/Sep/2017:01:59:28 +0200] "GET /cds/simplaydata/controlskins/default/handle.jpg HTTP/1.1" 200 387 "http://www.morusverlag.de/cds/hymnos_akathistos.html" "Mozilla/5.0 (Windows NT 6.1; Win64; x64) AppleWebKit/537.36 (KHTML, like Gecko) Chrome/61.0.3163.100 Safari/537.36"
191.37.246.23 - - [29/Sep/2017:01:59:28 +0200] "GET /cds/simplaydata/controlskins/default/on.jpg HTTP/1.1" 200 986 "http://www.morusverlag.de/cds/hymnos_akathistos.html" "Mozilla/5.0 (Windows NT 6.1; Win64; x64) AppleWebKit/537.36 (KHTML, like Gecko) Chrome/61.0.3163.100 Safari/537.36"
191.37.246.23 - - [29/Sep/2017:01:59:29 +0200] "GET /cds/simplaydata/controlskins/default/off.jpg HTTP/1.1" 200 608 "http://www.morusverlag.de/cds/hymnos_akathistos.html" "Mozilla/5.0 (Windows NT 6.1; Win64; x64) AppleWebKit/537.36 (KHTML, like Gecko) Chrome/61.0.3163.100 Safari/537.36"
191.37.246.23 - - [29/Sep/2017:01:59:29 +0200] "GET /cds/simplaydata/controlconfig.xml?nocache=1506642670346.7 HTTP/1.1" 200 121 "http://www.morusverlag.de/cds/hymnos_akathistos.html" "Mozilla/5.0 (Windows NT 6.1; Win64; x64) AppleWebKit/537.36 (KHTML, like Gecko) Chrome/61.0.3163.100 Safari/537.36"
191.37.246.23 - - [29/Sep/2017:01:59:29 +0200] "GET /cds/simplaydata/playerskins/default/skin.xml?nocache=1506642670344.82 HTTP/1.1" 200 649 "http://www.morusverlag.de/cds/hymnos_akathistos.html" "Mozilla/5.0 (Windows NT 6.1; Win64; x64) AppleWebKit/537.36 (KHTML, like Gecko) Chrome/61.0.3163.100 Safari/537.36"
191.37.246.23 - - [29/Sep/2017:01:59:29 +0200] "GET /cds/simplaydata/playerskins/default/skin.xml?nocache=1506642670747.36 HTTP/1.1" 200 649 "http://www.morusverlag.de/cds/hymnos_akathistos.html" "Mozilla/5.0 (Windows NT 6.1; Win64; x64) AppleWebKit/537.36 (KHTML, like Gecko) Chrome/61.0.3163.100 Safari/537.36"
191.37.246.23 - - [29/Sep/2017:01:59:29 +0200] "GET /cds/simplaydata/playerskins/default/background.jpg HTTP/1.1" 200 340 "http://www.morusverlag.de/cds/hymnos_akathistos.html" "Mozilla/5.0 (Windows NT 6.1; Win64; x64) AppleWebKit/537.36 (KHTML, like Gecko) Chrome/61.0.3163.100 Safari/537.36"
191.37.246.23 - - [29/Sep/2017:01:59:29 +0200] "GET /cds/simplaydata/playerskins/default/play_up.jpg HTTP/1.1" 200 643 "http://www.morusverlag.de/cds/hymnos_akathistos.html" "Mozilla/5.0 (Windows NT 6.1; Win64; x64) AppleWebKit/537.36 (KHTML, like Gecko) Chrome/61.0.3163.100 Safari/537.36"
191.37.246.23 - - [29/Sep/2017:01:59:29 +0200] "GET /cds/simplaydata/playerskins/default/play_over.jpg HTTP/1.1" 200 986 "http://www.morusverlag.de/cds/hymnos_akathistos.html" "Mozilla/5.0 (Windows NT 6.1; Win64; x64) AppleWebKit/537.36 (KHTML, like Gecko) Chrome/61.0.3163.100 Safari/537.36"
191.37.246.23 - - [29/Sep/2017:01:59:29 +0200] "GET /cds/simplaydata/playerskins/default/play_down.jpg HTTP/1.1" 200 972 "http://www.morusverlag.de/cds/hymnos_akathistos.html" "Mozilla/5.0 (Windows NT 6.1; Win64; x64) AppleWebKit/537.36 (KHTML, like Gecko) Chrome/61.0.3163.100 Safari/537.36"
191.37.246.23 - - [29/Sep/2017:01:59:29 +0200] "GET /cds/simplaydata/playerskins/default/pause_up.jpg HTTP/1.1" 200 649 "http://www.morusverlag.de/cds/hymnos_akathistos.html" "Mozilla/5.0 (Windows NT 6.1; Win64; x64) AppleWebKit/537.36 (KHTML, like Gecko) Chrome/61.0.3163.100 Safari/537.36"
191.37.246.23 - - [29/Sep/2017:01:59:30 +0200] "GET /cds/simplaydata/playerskins/default/pause_over.jpg HTTP/1.1" 200 988 "http://www.morusverlag.de/cds/hymnos_akathistos.html" "Mozilla/5.0 (Windows NT 6.1; Win64; x64) AppleWebKit/537.36 (KHTML, like Gecko) Chrome/61.0.3163.100 Safari/537.36"
191.37.246.23 - - [29/Sep/2017:01:59:30 +0200] "GET /cds/simplaydata/playerskins/default/pause_down.jpg HTTP/1.1" 200 939 "http://www.morusverlag.de/cds/hymnos_akathistos.html" "Mozilla/5.0 (Windows NT 6.1; Win64; x64) AppleWebKit/537.36 (KHTML, like Gecko) Chrome/61.0.3163.100 Safari/537.36"
191.37.246.23 - - [29/Sep/2017:01:59:30 +0200] "GET /cds/simplaydata/controlconfig.xml?nocache=1506642671190.33 HTTP/1.1" 200 121 "http://www.morusverlag.de/cds/hymnos_akathistos.html" "Mozilla/5.0 (Windows NT 6.1; Win64; x64) AppleWebKit/537.36 (KHTML, like Gecko) Chrome/61.0.3163.100 Safari/537.36"
191.37.246.23 - - [29/Sep/2017:01:59:30 +0200] "GET /cds/simplaydata/controlconfig.xml?nocache=1506642672190.28 HTTP/1.1" 200 121 "http://www.morusverlag.de/cds/hymnos_akathistos.html" "Mozilla/5.0 (Windows NT 6.1; Win64; x64) AppleWebKit/537.36 (KHTML, like Gecko) Chrome/61.0.3163.100 Safari/537.36"
191.37.246.23 - - [29/Sep/2017:01:59:31 +0200] "GET /cds/simplaydata/controlconfig.xml?nocache=1506642672590.35 HTTP/1.1" 200 121 "http://www.morusverlag.de/cds/hymnos_akathistos.html" "Mozilla/5.0 (Windows NT 6.1; Win64; x64) AppleWebKit/537.36 (KHTML, like Gecko) Chrome/61.0.3163.100 Safari/537.36"
191.37.246.23 - - [29/Sep/2017:01:59:31 +0200] "GET /cds/simplaydata/controlconfig.xml?nocache=1506642672989.35 HTTP/1.1" 200 121 "http://www.morusverlag.de/cds/hymnos_akathistos.html" "Mozilla/5.0 (Windows NT 6.1; Win64; x64) AppleWebKit/537.36 (KHTML, like Gecko) Chrome/61.0.3163.100 Safari/537.36"
191.37.246.23 - - [29/Sep/2017:02:00:08 +0200] "GET /cds/simplaydata/playerconfig.xml?nocache=1506642709196.07 HTTP/1.1" 200 149 "http://www.morusverlag.de/cds/hymnos_akathistos.html" "Mozilla/5.0 (Windows NT 6.1; Win64; x64) AppleWebKit/537.36 (KHTML, like Gecko) Chrome/61.0.3163.100 Safari/537.36"
191.37.246.23 - - [29/Sep/2017:02:00:08 +0200] "GET /cds/simplaydata/controlconfig.xml?nocache=1506642709153.8 HTTP/1.1" 200 121 "http://www.morusverlag.de/cds/hymnos_akathistos.html" "Mozilla/5.0 (Windows NT 6.1; Win64; x64) AppleWebKit/537.36 (KHTML, like Gecko) Chrome/61.0.3163.100 Safari/537.36"
191.37.246.23 - - [29/Sep/2017:02:00:08 +0200] "GET /cds/simplaydata/playerconfig.xml?nocache=1506642709206.04 HTTP/1.1" 200 149 "http://www.morusverlag.de/cds/hymnos_akathistos.html" "Mozilla/5.0 (Windows NT 6.1; Win64; x64) AppleWebKit/537.36 (KHTML, like Gecko) Chrome/61.0.3163.100 Safari/537.36"
191.37.246.23 - - [29/Sep/2017:02:00:08 +0200] "GET /cds/simplaydata/controlconfig.xml?nocache=1506642709938.94 HTTP/1.1" 200 121 "http://www.morusverlag.de/cds/hymnos_akathistos.html" "Mozilla/5.0 (Windows NT 6.1; Win64; x64) AppleWebKit/537.36 (KHTML, like Gecko) Chrome/61.0.3163.100 Safari/537.36"
191.37.246.23 - - [29/Sep/2017:02:00:08 +0200] "GET /cds/simplaydata/playerskins/default/skin.xml?nocache=1506642709900.59 HTTP/1.1" 200 649 "http://www.morusverlag.de/cds/hymnos_akathistos.html" "Mozilla/5.0 (Windows NT 6.1; Win64; x64) AppleWebKit/537.36 (KHTML, like Gecko) Chrome/61.0.3163.100 Safari/537.36"
191.37.246.23 - - [29/Sep/2017:02:00:08 +0200] "GET /cds/simplaydata/playerskins/default/skin.xml?nocache=1506642709860.45 HTTP/1.1" 200 649 "http://www.morusverlag.de/cds/hymnos_akathistos.html" "Mozilla/5.0 (Windows NT 6.1; Win64; x64) AppleWebKit/537.36 (KHTML, like Gecko) Chrome/61.0.3163.100 Safari/537.36"
191.37.246.23 - - [29/Sep/2017:02:00:12 +0200] "GET /cds/hymnos1.mp3 HTTP/1.1" 200 862694 "http://www.morusverlag.de/cds/hymnos_akathistos.html" "Mozilla/5.0 (Windows NT 6.1; Win64; x64) AppleWebKit/537.36 (KHTML, like Gecko) Chrome/61.0.3163.100 Safari/537.36"
191.37.246.23 - - [29/Sep/2017:02:01:11 +0200] "GET /cds/hymnos2.mp3 HTTP/1.1" 200 776595 "http://www.morusverlag.de/cds/hymnos_akathistos.html" "Mozilla/5.0 (Windows NT 6.1; Win64; x64) AppleWebKit/537.36 (KHTML, like Gecko) Chrome/61.0.3163.100 Safari/537.36"
173.252.124.80 - - [29/Sep/2017:02:02:33 +0200] "GET /cds/hymnos.jpg HTTP/1.1" 200 27752 "-" "facebookexternalhit/1.1 (+http://www.facebook.com/externalhit_uatext.php)"
180.76.15.143 - - [29/Sep/2017:02:17:35 +0200] "GET /sonderthemen/az2003.pdf HTTP/1.1" 200 4864675 "-" "Mozilla/5.0 (compatible; Baiduspider/2.0; +http://www.baidu.com/search/spider.html)"
157.55.39.55 - - [29/Sep/2017:03:09:22 +0200] "GET /buecher/rezensionen_krise_zum_heil.html HTTP/1.1" 200 9828 "-" "Mozilla/5.0 (compatible; bingbot/2.0; +http://www.bing.com/bingbot.htm)"
40.77.167.123 - - [29/Sep/2017:03:26:24 +0200] "GET /buecher/liebe_und_treue.jpg HTTP/1.1" 200 3067 "-" "Mozilla/5.0 (compatible; bingbot/2.0; +http://www.bing.com/bingbot.htm)"
66.249.64.211 - - [29/Sep/2017:03:46:16 +0200] "GET /logo_g.gif HTTP/1.1" 304 - "-" "Googlebot-Image/1.0"
66.249.64.211 - - [29/Sep/2017:03:48:08 +0200] "GET /kontakt/index.html HTTP/1.1" 200 2896 "-" "Mozilla/5.0 (compatible; Googlebot/2.1; +http://www.google.com/bot.html)"
77.220.213.173 - - [29/Sep/2017:04:11:09 +0200] "HEAD / HTTP/1.1" 200 - "http://xn----8sbfkodbrpl5cg6co9c.xn--p1ai/detskie-vitamini" "Mozilla/5.0 (compatible; MSIE3.00; Windows 2003)"
185.154.13.6 - - [29/Sep/2017:04:14:48 +0200] "HEAD / HTTP/1.1" 200 - "https://kupisiding.ru/fasadnye-panel" "Mozilla/6.0 (compatible; MSIE6.00; Windows 2003)"
185.209.20.147 - - [29/Sep/2017:04:14:48 +0200] "HEAD / HTTP/1.1" 200 - "http://donbeton.pro/manipulators" "Mozilla/5.0 (compatible; MSIE5.00; Windows 2003)"
178.159.39.237 - - [29/Sep/2017:04:14:48 +0200] "HEAD / HTTP/1.1" 200 - "http://dsllab.ru/" "Mozilla/6.0 (compatible; MSIE6.00; Windows 2005)"
178.159.43.212 - - [29/Sep/2017:04:14:50 +0200] "HEAD / HTTP/1.1" 200 - "http://xn--e1alcivt.xn--p1ai/molochnoye-taksi" "Mozilla/4.0 (compatible; MSIE2.00; Windows 2009)"
40.77.167.123 - - [29/Sep/2017:04:22:32 +0200] "GET /gotteslob.jpg HTTP/1.1" 200 9390 "-" "Mozilla/5.0 (compatible; bingbot/2.0; +http://www.bing.com/bingbot.htm)"
193.124.131.168 - - [29/Sep/2017:04:39:38 +0200] "HEAD / HTTP/1.1" 200 - "http://dancezavod.ru/style/contempopary" "Mozilla/2.0 (compatible; MSIE4.00; Windows 2005)"
194.87.94.251 - - [29/Sep/2017:04:39:38 +0200] "HEAD / HTTP/1.1" 200 - "http://www.taxru.com/load/18" "Mozilla/5.0 (compatible; MSIE7.00; Windows 2004)"
195.133.201.163 - - [29/Sep/2017:04:39:38 +0200] "HEAD / HTTP/1.1" 200 - "http://vammebel.ru/tahta-sharm/" "Mozilla/8.0 (compatible; MSIE6.00; Windows 2006)"
194.87.236.223 - - [29/Sep/2017:04:39:38 +0200] "HEAD / HTTP/1.1" 200 - "https://kltcredit.com.ua/srochno-nuzhny-dengi-v-dolg-gde-mozhno-bystro-oformit-kredit" "Mozilla/5.0 (compatible; MSIE5.00; Windows 2002)"
195.133.145.199 - - [29/Sep/2017:04:39:38 +0200] "HEAD / HTTP/1.1" 200 - "http://searchengineswebsite.com/category/search-engines" "Mozilla/8.0 (compatible; MSIE2.00; Windows 2008)"
193.124.190.64 - - [29/Sep/2017:04:55:21 +0200] "HEAD / HTTP/1.1" 200 - "http://ooo-starten.ru/%d0%bc%d0%be%d0%bd%d1%82%d0%b0%d0%b6-%d1%81%d0%ba%d1%81/" "Mozilla/6.0 (compatible; MSIE5.00; Windows 2009)"
193.124.179.180 - - [29/Sep/2017:04:55:21 +0200] "HEAD / HTTP/1.1" 200 - "http://stroyka-gid.ru/doors-windows/tsokolnyiy-otliv-zashhita-tsokolya-ot-vozdeystviya-osadkov.html" "Mozilla/6.0 (compatible; MSIE4.00; Windows 2008)"
185.125.219.134 - - [29/Sep/2017:04:55:22 +0200] "HEAD / HTTP/1.1" 200 - "http://pattaying.ru/blog/tag/derevnya-slonov/" "Mozilla/8.0 (compatible; MSIE4.00; Windows 2009)"
194.67.210.77 - - [29/Sep/2017:04:55:22 +0200] "HEAD / HTTP/1.1" 200 - "http://haapsalu.spb.ru/kontakty-kurorta-v-ehstonii-haapsalu-i-spa-otdyh.html" "Mozilla/8.0 (compatible; MSIE4.00; Windows 2009)"
185.5.249.185 - - [29/Sep/2017:04:55:22 +0200] "HEAD / HTTP/1.1" 200 - "http://www.saharufa.ru/bakaleja/" "Mozilla/6.0 (compatible; MSIE4.00; Windows 2009)"
195.133.147.6 - - [29/Sep/2017:04:55:23 +0200] "HEAD / HTTP/1.1" 200 - "https://partnerjapan.ru/" "Mozilla/8.0 (compatible; MSIE3.00; Windows 2005)"
193.1.218.163 - - [29/Sep/2017:04:58:25 +0200] "HEAD / HTTP/1.1" 200 - "-" "Java/1.6.0_23"
82.208.160.180 - - [29/Sep/2017:05:06:46 +0200] "GET / HTTP/1.1" 200 9360 "-" "Mozilla/5.0 (compatible& Googlebot/2.1& +http://www.google.com/bot.html)"
82.208.160.180 - - [29/Sep/2017:05:06:46 +0200] "GET / HTTP/1.1" 200 9360 "-" "Mozilla/5.0 (Linux; U; Android 4.0.3; ko-kr; LG-L160L Build/IML74K) AppleWebkit/534.30 (KHTML, like Gecko) Version/4.0 Mobile Safari/534.30"
185.158.153.174 - - [29/Sep/2017:05:08:49 +0200] "HEAD / HTTP/1.1" 200 - "http://www.beauty-garden.ru/sadovye-arki-shpalery-zabory-bordyurnaya-lenta.html" "Mozilla/2.0 (compatible; MSIE6.00; Windows 2004)"
37.44.205.188 - - [29/Sep/2017:05:42:40 +0200] "GET /sonderthemen/oekt_extra1.pdf HTTP/1.1" 200 1849015 "http://www.morusverlag.de/sonderthemen/oekt_extra1.pdf" "Mozilla/5.0 (compatible; Googlebot/2.1; +http://www.google.com/bot.html)"
77.88.9.129 - - [29/Sep/2017:05:53:02 +0200] "GET /robots.txt HTTP/1.1" 200 100 "-" "Mozilla/5.0 (compatible; YandexBot/3.0; +http://yandex.com/bots)"
77.88.9.129 - - [29/Sep/2017:05:53:06 +0200] "GET /buecher/gesichter/12.jpg HTTP/1.1" 304 - "-" "Mozilla/5.0 (compatible; YandexImages/3.0; +http://yandex.com/bots)"
66.249.64.213 - - [29/Sep/2017:06:12:08 +0200] "GET /cds/glockenspiel1.html HTTP/1.1" 200 9736 "-" "Mozilla/5.0 (compatible; Googlebot/2.1; +http://www.google.com/bot.html)"
207.46.13.52 - - [29/Sep/2017:06:15:49 +0200] "GET /buecher/mein_atem.jpg HTTP/1.1" 200 4118 "-" "Mozilla/5.0 (compatible; bingbot/2.0; +http://www.bing.com/bingbot.htm)"
40.77.167.123 - - [29/Sep/2017:06:28:10 +0200] "GET /jahrbuch/titelseiten/index.html HTTP/1.1" 200 6735 "-" "Mozilla/5.0 (compatible; bingbot/2.0; +http://www.bing.com/bingbot.htm)"
68.180.229.233 - - [29/Sep/2017:07:02:18 +0200] "GET /robots.txt HTTP/1.1" 200 100 "-" "Mozilla/5.0 (compatible; Yahoo! Slurp; http://help.yahoo.com/help/us/ysearch/slurp)"
68.180.229.233 - - [29/Sep/2017:07:02:18 +0200] "GET /sonderthemen/archiv.html HTTP/1.1" 304 - "-" "Mozilla/5.0 (compatible; Yahoo! Slurp; http://help.yahoo.com/help/us/ysearch/slurp)"
188.106.99.109 - - [29/Sep/2017:07:11:52 +0200] "GET /buecher/rezensionen_chateaubriand.html HTTP/1.1" 200 47317 "-" "Mozilla/5.0 (Macintosh; Intel Mac OS X 10_10_3) AppleWebKit/537.36 (KHTML, like Gecko) Chrome/41.0.2272.89 Safari/537.36"
84.191.14.189 - - [29/Sep/2017:07:11:54 +0200] "GET /cds/index.html HTTP/1.1" 200 7987 "-" "Mozilla/5.0 (Macintosh; Intel Mac OS X 10_10_3) AppleWebKit/537.36 (KHTML, like Gecko) Chrome/41.0.2272.89 Safari/537.36"
188.100.67.119 - - [29/Sep/2017:07:11:54 +0200] "GET /buecher/rezensionen.html HTTP/1.1" 200 6964 "-" "Mozilla/5.0 (Macintosh; Intel Mac OS X 10_10_3) AppleWebKit/537.36 (KHTML, like Gecko) Chrome/41.0.2272.89 Safari/537.36"
188.106.99.109 - - [29/Sep/2017:07:11:54 +0200] "GET /sonderthemen/index.html HTTP/1.1" 200 7102 "-" "Mozilla/5.0 (Macintosh; Intel Mac OS X 10_10_3) AppleWebKit/537.36 (KHTML, like Gecko) Chrome/41.0.2272.89 Safari/537.36"
94.134.155.100 - - [29/Sep/2017:07:11:54 +0200] "GET /impressum.html HTTP/1.1" 200 2808 "-" "Mozilla/5.0 (Macintosh; Intel Mac OS X 10_10_3) AppleWebKit/537.36 (KHTML, like Gecko) Chrome/41.0.2272.89 Safari/537.36"
94.134.139.235 - - [29/Sep/2017:07:11:54 +0200] "GET /gotteslob/index.html HTTP/1.1" 200 2770 "-" "Mozilla/5.0 (Macintosh; Intel Mac OS X 10_10_3) AppleWebKit/537.36 (KHTML, like Gecko) Chrome/41.0.2272.89 Safari/537.36"
88.75.17.70 - - [29/Sep/2017:07:11:55 +0200] "GET /jahrbuch/index.html HTTP/1.1" 200 3956 "-" "Mozilla/5.0 (Macintosh; Intel Mac OS X 10_10_3) AppleWebKit/537.36 (KHTML, like Gecko) Chrome/41.0.2272.89 Safari/537.36"
78.52.161.20 - - [29/Sep/2017:07:11:56 +0200] "GET /kontakt/index.html HTTP/1.1" 200 2896 "-" "Mozilla/5.0 (Macintosh; Intel Mac OS X 10_10_3) AppleWebKit/537.36 (KHTML, like Gecko) Chrome/41.0.2272.89 Safari/537.36"
87.169.107.28 - - [29/Sep/2017:07:11:56 +0200] "GET /index.html HTTP/1.1" 200 9360 "-" "Mozilla/5.0 (Macintosh; Intel Mac OS X 10_10_3) AppleWebKit/537.36 (KHTML, like Gecko) Chrome/41.0.2272.89 Safari/537.36"
94.134.155.100 - - [29/Sep/2017:07:11:56 +0200] "GET /buecher/index.html HTTP/1.1" 200 25885 "-" "Mozilla/5.0 (Macintosh; Intel Mac OS X 10_10_3) AppleWebKit/537.36 (KHTML, like Gecko) Chrome/41.0.2272.89 Safari/537.36"
188.100.67.119 - - [29/Sep/2017:07:12:00 +0200] "GET /buecher/veroeffentlichungsliste.html HTTP/1.1" 200 129779 "-" "Mozilla/5.0 (Macintosh; Intel Mac OS X 10_10_3) AppleWebKit/537.36 (KHTML, like Gecko) Chrome/41.0.2272.89 Safari/537.36"
148.251.75.46 - - [29/Sep/2017:07:25:06 +0200] "GET /sonderthemen/az1999.pdf HTTP/1.1" 200 1842982 "-" "Mozilla/5.0 (Windows NT 6.1) AppleWebKit/537.22 (KHTML, like Gecko) Chrome/25.0.1364.169 Safari/537.22"
82.208.160.180 - - [29/Sep/2017:07:35:05 +0200] "GET /impressum.html HTTP/1.1" 200 2808 "-" "Mozilla/5.0 (compatible& Googlebot/2.1& +http://www.google.com/bot.html)"
82.208.160.180 - - [29/Sep/2017:07:35:05 +0200] "GET /impressum.html HTTP/1.1" 200 2808 "-" "Mozilla/5.0 (Linux; U; Android 4.0.3; ko-kr; LG-L160L Build/IML74K) AppleWebkit/534.30 (KHTML, like Gecko) Version/4.0 Mobile Safari/534.30"
68.180.229.233 - - [29/Sep/2017:08:09:01 +0200] "GET /buecher/rezensionen_chateaubriand.html HTTP/1.1" 304 - "-" "Mozilla/5.0 (compatible; Yahoo! Slurp; http://help.yahoo.com/help/us/ysearch/slurp)"
213.61.218.52 - - [29/Sep/2017:08:18:24 +0200] "GET / HTTP/1.1" 200 9360 "-" "-"
144.76.71.83 - - [29/Sep/2017:08:23:56 +0200] "GET /sonderthemen/az2000.pdf HTTP/1.1" 200 2253581 "-" "Mozilla/5.0 (Windows NT 5.1; rv:12.0) Gecko/20120403211507 Firefox/12.0"
144.76.30.241 - - [29/Sep/2017:08:26:32 +0200] "GET /robots.txt HTTP/1.1" 200 100 "-" "Mozilla/5.0 (compatible; MJ12bot/v1.4.7; http://mj12bot.com/)"
144.76.30.241 - - [29/Sep/2017:08:26:34 +0200] "GET /buecher/der_neunte_tag.html HTTP/1.1" 200 5820 "-" "Mozilla/5.0 (compatible; MJ12bot/v1.4.7; http://mj12bot.com/)"
66.249.64.211 - - [29/Sep/2017:08:36:08 +0200] "GET /cds/glockenspiel2.html HTTP/1.1" 200 9831 "-" "Mozilla/5.0 (compatible; Googlebot/2.1; +http://www.google.com/bot.html)"
162.210.196.130 - - [29/Sep/2017:09:34:42 +0200] "GET /robots.txt HTTP/1.1" 200 100 "-" "Mozilla/5.0 (compatible; MJ12bot/v1.4.8; http://mj12bot.com/)"
162.210.196.130 - - [29/Sep/2017:09:34:44 +0200] "GET / HTTP/1.1" 200 9360 "-" "Mozilla/5.0 (compatible; MJ12bot/v1.4.8; http://mj12bot.com/)"
188.227.18.230 - - [29/Sep/2017:09:42:37 +0200] "HEAD / HTTP/1.1" 200 - "http://digipulse.ru/catalog/avtomobilnyj-gps-tracker/" "Mozilla/4.0 (compatible; MSIE5.00; Windows 2006)"
5.101.78.194 - - [29/Sep/2017:09:42:37 +0200] "HEAD / HTTP/1.1" 200 - "http://www.shirma.org/shirma-iz-dereva" "Mozilla/3.0 (compatible; MSIE7.00; Windows 2006)"
77.220.213.173 - - [29/Sep/2017:10:04:22 +0200] "HEAD / HTTP/1.1" 200 - "http://xn----8sbfkodbrpl5cg6co9c.xn--p1ai/" "Mozilla/4.0 (compatible; MSIE4.00; Windows 2003)"
185.209.20.147 - - [29/Sep/2017:10:04:23 +0200] "HEAD / HTTP/1.1" 200 - "http://donbeton.pro/uslugi-izhevsk" "Mozilla/5.0 (compatible; MSIE4.00; Windows 2009)"
178.159.39.237 - - [29/Sep/2017:10:04:23 +0200] "HEAD / HTTP/1.1" 200 - "http://dsllab.ru/" "Mozilla/5.0 (compatible; MSIE5.00; Windows 2007)"
185.154.13.6 - - [29/Sep/2017:10:04:23 +0200] "HEAD / HTTP/1.1" 200 - "https://kupisiding.ru" "Mozilla/6.0 (compatible; MSIE2.00; Windows 2007)"
178.159.43.212 - - [29/Sep/2017:10:04:23 +0200] "HEAD / HTTP/1.1" 200 - "http://xn--e1alcivt.xn--p1ai/printsip-raboty-gomogenizatora2015" "Mozilla/4.0 (compatible; MSIE7.00; Windows 2008)"
66.249.64.211 - - [29/Sep/2017:10:11:46 +0200] "GET /sonderthemen/sk2000.pdf HTTP/1.1" 200 2925489 "-" "Mozilla/5.0 (Linux; Android 6.0.1; Nexus 5X Build/MMB29P) AppleWebKit/537.36 (KHTML, like Gecko) Chrome/41.0.2272.96 Mobile Safari/537.36 (compatible; Googlebot/2.1; +http://www.google.com/bot.html)"
66.249.64.213 - - [29/Sep/2017:11:00:08 +0200] "GET /sonderthemen/sk2000.pdf HTTP/1.1" 200 2925489 "-" "Mozilla/5.0 (compatible; Googlebot/2.1; +http://www.google.com/bot.html)"
5.9.17.118 - - [29/Sep/2017:11:02:43 +0200] "GET /buecher/index.html HTTP/1.1" 200 25885 "-" "Mozilla/5.0 (Windows NT 6.1; WOW64) AppleWebKit/537.11 (KHTML, like Gecko) Chrome/23.0.1271.97 Safari/537.11"
5.9.145.132 - - [29/Sep/2017:11:02:43 +0200] "GET /buecher/ HTTP/1.1" 200 25885 "-" "Mozilla/5.0 (Windows NT 6.1; WOW64; rv:11.0) Gecko Firefox/11.0"
148.251.75.46 - - [29/Sep/2017:11:02:49 +0200] "GET /buecher/index.html HTTP/1.1" 200 25885 "-" "Mozilla/5.0 (X11; U; Linux i686; en-US; rv:1.9.1.16) Gecko/20120421 Firefox/11.0"
5.9.94.207 - - [29/Sep/2017:11:03:04 +0200] "GET /buecher/index.html HTTP/1.1" 200 25885 "-" "Mozilla/5.0 (X11; Ubuntu; Linux i686; rv:14.0) Gecko/20100101 Firefox/14.0.1"
194.87.236.223 - - [29/Sep/2017:11:21:27 +0200] "HEAD / HTTP/1.1" 200 - "https://kltcredit.com.ua/ua/oformlennya-terminovogo-kreditu-onlajn-yak-zrobiti-spivrobitnictvo-iz-mfo" "Mozilla/8.0 (compatible; MSIE4.00; Windows 2007)"
195.133.201.163 - - [29/Sep/2017:11:21:27 +0200] "HEAD / HTTP/1.1" 200 - "http://vammebel.ru/oregon/" "Mozilla/4.0 (compatible; MSIE3.00; Windows 2003)"
193.124.131.168 - - [29/Sep/2017:11:21:27 +0200] "HEAD / HTTP/1.1" 200 - "http://dancezavod.ru/style/contempopary" "Mozilla/8.0 (compatible; MSIE7.00; Windows 2009)"
195.133.145.199 - - [29/Sep/2017:11:21:27 +0200] "HEAD / HTTP/1.1" 200 - "http://searchengineswebsite.com/category/search-engines" "Mozilla/8.0 (compatible; MSIE3.00; Windows 2003)"
194.87.94.251 - - [29/Sep/2017:11:21:27 +0200] "HEAD / HTTP/1.1" 200 - "http://www.taxru.com/photo" "Mozilla/4.0 (compatible; MSIE2.00; Windows 2003)"
195.133.147.6 - - [29/Sep/2017:11:40:01 +0200] "HEAD / HTTP/1.1" 200 - "https://partnerjapan.ru/" "Mozilla/2.0 (compatible; MSIE4.00; Windows 2004)"
185.125.219.134 - - [29/Sep/2017:11:40:30 +0200] "HEAD / HTTP/1.1" 200 - "http://pattaying.ru/blog/tag/arenda-kvartiryi-dzhomten/" "Mozilla/2.0 (compatible; MSIE7.00; Windows 2006)"
193.124.190.64 - - [29/Sep/2017:11:40:30 +0200] "HEAD / HTTP/1.1" 200 - "http://ooo-starten.ru/%d0%ba%d0%b0%d0%bf%d0%b8%d1%82%d0%b0%d0%bb%d1%8c%d0%bd%d1%8b%d0%b9-%d0%b8-%d1%82%d0%b5%d0%ba%d1%83%d1%89%d0%b8%d0%b9-%d1%80%d0%b5%d0%bc%d0%be%d0%bd%d1%82-%d0%bf%d0%be%d0%bc%d0%b5%d1%89%d0%b5%d0%bd/" "Mozilla/4.0 (compatible; MSIE3.00; Windows 2005)"
185.5.249.185 - - [29/Sep/2017:11:40:30 +0200] "HEAD / HTTP/1.1" 200 - "http://www.saharufa.ru/muka-/" "Mozilla/6.0 (compatible; MSIE4.00; Windows 2008)"
194.67.210.77 - - [29/Sep/2017:11:40:31 +0200] "HEAD / HTTP/1.1" 200 - "http://haapsalu.spb.ru/istoria-curorta-haapsalu.html" "Mozilla/3.0 (compatible; MSIE6.00; Windows 2007)"
193.124.179.180 - - [29/Sep/2017:11:40:31 +0200] "HEAD / HTTP/1.1" 200 - "http://stroyka-gid.ru/remont-sten/obshivka-fasada-doma-vinilovyim-saydingom.html" "Mozilla/3.0 (compatible; MSIE5.00; Windows 2004)"
82.208.160.180 - - [29/Sep/2017:11:43:08 +0200] "GET /sonderthemen/archiv.html HTTP/1.1" 200 6959 "-" "Mozilla/5.0 (compatible& Googlebot/2.1& +http://www.google.com/bot.html)"
82.208.160.180 - - [29/Sep/2017:11:43:08 +0200] "GET /sonderthemen/archiv.html HTTP/1.1" 200 6959 "-" "Mozilla/5.0 (Linux; U; Android 4.0.3; ko-kr; LG-L160L Build/IML74K) AppleWebkit/534.30 (KHTML, like Gecko) Version/4.0 Mobile Safari/534.30"
116.199.2.209 - - [29/Sep/2017:11:55:11 +0200] "GET http://www.morusverlag.de HTTP/1.1" 200 9360 "-" "Mozilla/5.0 (Windows NT 6.1; WOW64; rv:7.0a1) Gecko/20110623 Firefox/7.0a1 Fennec/7.0a1"
185.158.153.174 - - [29/Sep/2017:12:04:30 +0200] "HEAD / HTTP/1.1" 200 - "http://www.beauty-garden.ru/zabornaya-setka-reshetka-1-9-m-55-58-1-p-m-haki.html" "Mozilla/5.0 (compatible; MSIE6.00; Windows 2009)"
46.229.170.197 - - [29/Sep/2017:12:31:11 +0200] "GET / HTTP/1.1" 200 9360 "-" "Mozilla/5.0 (Macintosh; Intel Mac OS X 10_12_2) AppleWebKit/537.36 (KHTML, like Gecko) Chrome/56.0.2924.87 Safari/537.36"
51.255.65.97 - - [29/Sep/2017:12:54:13 +0200] "GET /buecher/rezensionen_nicht_auf_sand_gebaut.html HTTP/1.1" 200 6594 "-" "Mozilla/5.0 (compatible; AhrefsBot/5.2; +http://ahrefs.com/robot/)"
88.99.27.172 - - [29/Sep/2017:13:04:19 +0200] "GET /buecher/index.html HTTP/1.1" 200 25885 "-" "Mozilla/5.0 (Macintosh; Intel Mac OS X 10_6_8) AppleWebKit/537.13+ (KHTML, like Gecko) Version/5.1.7 Safari/534.57.2"
148.251.75.46 - - [29/Sep/2017:13:04:19 +0200] "GET /buecher/ HTTP/1.1" 200 25885 "-" "Mozilla/5.0 (Windows NT 6.1; de;rv:12.0) Gecko/20120403211507 Firefox/12.0"
66.249.64.213 - - [29/Sep/2017:13:24:08 +0200] "GET /buecher/bestellung.php HTTP/1.1" 200 10142 "-" "Mozilla/5.0 (compatible; Googlebot/2.1; +http://www.google.com/bot.html)"
193.164.133.240 - - [29/Sep/2017:13:46:52 +0200] "GET /robots.txt HTTP/1.1" 200 100 "-" "Mozilla/5.0 (compatible; MJ12bot/v1.4.7; http://mj12bot.com/)"
193.164.133.240 - - [29/Sep/2017:13:47:08 +0200] "GET /buecher/rezensionen.html HTTP/1.1" 200 6964 "-" "Mozilla/5.0 (compatible; MJ12bot/v1.4.7; http://mj12bot.com/)"
40.77.167.123 - - [29/Sep/2017:13:48:10 +0200] "GET /buecher/gesichter/27.jpg HTTP/1.1" 200 8110 "-" "Mozilla/5.0 (compatible; bingbot/2.0; +http://www.bing.com/bingbot.htm)"
157.55.39.229 - - [29/Sep/2017:13:59:41 +0200] "GET /cds/index.html HTTP/1.1" 200 7987 "-" "Mozilla/5.0 (compatible; bingbot/2.0; +http://www.bing.com/bingbot.htm)"
68.180.229.233 - - [29/Sep/2017:14:25:24 +0200] "GET /robots.txt HTTP/1.1" 200 100 "-" "Mozilla/5.0 (compatible; Yahoo! Slurp; http://help.yahoo.com/help/us/ysearch/slurp)"
68.180.229.233 - - [29/Sep/2017:14:25:25 +0200] "GET /buecher/rezensionen_le_saulchoir.html HTTP/1.1" 304 - "-" "Mozilla/5.0 (compatible; Yahoo! Slurp; http://help.yahoo.com/help/us/ysearch/slurp)"
178.9.62.161 - - [29/Sep/2017:15:23:36 +0200] "GET /cds/rosarium.html HTTP/1.1" 200 6680 "-" "Mozilla/5.0 (Windows NT 10.0; WOW64; rv:55.0) Gecko/20100101 Firefox/55.0"
178.9.62.161 - - [29/Sep/2017:15:23:36 +0200] "GET /main.css HTTP/1.1" 200 1439 "http://www.morusverlag.de/cds/rosarium.html" "Mozilla/5.0 (Windows NT 10.0; WOW64; rv:55.0) Gecko/20100101 Firefox/55.0"
178.9.62.161 - - [29/Sep/2017:15:23:36 +0200] "GET /logo_g.gif HTTP/1.1" 200 1301 "http://www.morusverlag.de/cds/rosarium.html" "Mozilla/5.0 (Windows NT 10.0; WOW64; rv:55.0) Gecko/20100101 Firefox/55.0"
178.9.62.161 - - [29/Sep/2017:15:23:36 +0200] "GET /mv_g.gif HTTP/1.1" 200 4070 "http://www.morusverlag.de/cds/rosarium.html" "Mozilla/5.0 (Windows NT 10.0; WOW64; rv:55.0) Gecko/20100101 Firefox/55.0"
178.9.62.161 - - [29/Sep/2017:15:23:36 +0200] "GET /m.gif HTTP/1.1" 200 95 "http://www.morusverlag.de/cds/rosarium.html" "Mozilla/5.0 (Windows NT 10.0; WOW64; rv:55.0) Gecko/20100101 Firefox/55.0"
178.9.62.161 - - [29/Sep/2017:15:23:36 +0200] "GET /pf.gif HTTP/1.1" 200 62 "http://www.morusverlag.de/cds/rosarium.html" "Mozilla/5.0 (Windows NT 10.0; WOW64; rv:55.0) Gecko/20100101 Firefox/55.0"
178.9.62.161 - - [29/Sep/2017:15:23:38 +0200] "GET /cds/rosarium.jpg HTTP/1.1" 200 21032 "http://www.morusverlag.de/cds/rosarium.html" "Mozilla/5.0 (Windows NT 10.0; WOW64; rv:55.0) Gecko/20100101 Firefox/55.0"
178.9.62.161 - - [29/Sep/2017:15:23:40 +0200] "GET /strich.gif HTTP/1.1" 200 45 "http://www.morusverlag.de/cds/rosarium.html" "Mozilla/5.0 (Windows NT 10.0; WOW64; rv:55.0) Gecko/20100101 Firefox/55.0"
178.9.62.161 - - [29/Sep/2017:15:23:41 +0200] "GET /cds/simplay_player.swf?audiofile=avemaria.mp3 HTTP/1.1" 200 6377 "http://www.morusverlag.de/cds/rosarium.html" "Mozilla/5.0 (Windows NT 10.0; WOW64; rv:55.0) Gecko/20100101 Firefox/55.0"
178.9.62.161 - - [29/Sep/2017:15:23:41 +0200] "GET /cds/simplay_control.swf HTTP/1.1" 200 1243 "http://www.morusverlag.de/cds/rosarium.html" "Mozilla/5.0 (Windows NT 10.0; WOW64; rv:55.0) Gecko/20100101 Firefox/55.0"
178.9.62.161 - - [29/Sep/2017:15:23:41 +0200] "GET /favicon.ico HTTP/1.1" 200 4286 "-" "Mozilla/5.0 (Windows NT 10.0; WOW64; rv:55.0) Gecko/20100101 Firefox/55.0"
178.9.62.161 - - [29/Sep/2017:15:23:42 +0200] "GET /cds/simplaydata/controlconfig.xml?nocache=1506690928317 HTTP/1.1" 200 121 "http://www.morusverlag.de/cds/simplay_control.swf" "Mozilla/5.0 (Windows NT 10.0; WOW64; rv:55.0) Gecko/20100101 Firefox/55.0"
178.9.62.161 - - [29/Sep/2017:15:23:42 +0200] "GET /cds/simplaydata/playerconfig.xml?nocache=1506690928958 HTTP/1.1" 200 149 "http://www.morusverlag.de/cds/simplay_player.swf?audiofile=avemaria.mp3" "Mozilla/5.0 (Windows NT 10.0; WOW64; rv:55.0) Gecko/20100101 Firefox/55.0"
178.9.62.161 - - [29/Sep/2017:15:23:42 +0200] "GET /cds/simplaydata/controlskins/default/skin.xml HTTP/1.1" 200 349 "http://www.morusverlag.de/cds/simplay_control.swf" "Mozilla/5.0 (Windows NT 10.0; WOW64; rv:55.0) Gecko/20100101 Firefox/55.0"
178.9.62.161 - - [29/Sep/2017:15:23:42 +0200] "GET /cds/simplaydata/playerskins/default/skin.xml?nocache=1506690929036 HTTP/1.1" 200 649 "http://www.morusverlag.de/cds/simplay_player.swf?audiofile=avemaria.mp3" "Mozilla/5.0 (Windows NT 10.0; WOW64; rv:55.0) Gecko/20100101 Firefox/55.0"
178.9.62.161 - - [29/Sep/2017:15:23:42 +0200] "GET /cds/simplaydata/controlskins/default/background.jpg HTTP/1.1" 200 772 "http://www.morusverlag.de/cds/simplay_control.swf" "Mozilla/5.0 (Windows NT 10.0; WOW64; rv:55.0) Gecko/20100101 Firefox/55.0"
178.9.62.161 - - [29/Sep/2017:15:23:42 +0200] "GET /cds/simplaydata/controlskins/default/handle.jpg HTTP/1.1" 200 387 "http://www.morusverlag.de/cds/simplay_control.swf" "Mozilla/5.0 (Windows NT 10.0; WOW64; rv:55.0) Gecko/20100101 Firefox/55.0"
178.9.62.161 - - [29/Sep/2017:15:23:42 +0200] "GET /cds/simplaydata/controlskins/default/on.jpg HTTP/1.1" 200 986 "http://www.morusverlag.de/cds/simplay_control.swf" "Mozilla/5.0 (Windows NT 10.0; WOW64; rv:55.0) Gecko/20100101 Firefox/55.0"
178.9.62.161 - - [29/Sep/2017:15:23:42 +0200] "GET /cds/simplaydata/controlskins/default/off.jpg HTTP/1.1" 200 608 "http://www.morusverlag.de/cds/simplay_control.swf" "Mozilla/5.0 (Windows NT 10.0; WOW64; rv:55.0) Gecko/20100101 Firefox/55.0"
178.9.62.161 - - [29/Sep/2017:15:23:42 +0200] "GET /cds/simplaydata/playerskins/default/background.jpg HTTP/1.1" 200 340 "http://www.morusverlag.de/cds/simplay_player.swf?audiofile=avemaria.mp3" "Mozilla/5.0 (Windows NT 10.0; WOW64; rv:55.0) Gecko/20100101 Firefox/55.0"
178.9.62.161 - - [29/Sep/2017:15:23:42 +0200] "GET /cds/simplaydata/playerskins/default/play_up.jpg HTTP/1.1" 200 643 "http://www.morusverlag.de/cds/simplay_player.swf?audiofile=avemaria.mp3" "Mozilla/5.0 (Windows NT 10.0; WOW64; rv:55.0) Gecko/20100101 Firefox/55.0"
178.9.62.161 - - [29/Sep/2017:15:23:42 +0200] "GET /cds/simplaydata/playerskins/default/play_over.jpg HTTP/1.1" 200 986 "http://www.morusverlag.de/cds/simplay_player.swf?audiofile=avemaria.mp3" "Mozilla/5.0 (Windows NT 10.0; WOW64; rv:55.0) Gecko/20100101 Firefox/55.0"
178.9.62.161 - - [29/Sep/2017:15:23:42 +0200] "GET /cds/simplaydata/playerskins/default/play_down.jpg HTTP/1.1" 200 972 "http://www.morusverlag.de/cds/simplay_player.swf?audiofile=avemaria.mp3" "Mozilla/5.0 (Windows NT 10.0; WOW64; rv:55.0) Gecko/20100101 Firefox/55.0"
178.9.62.161 - - [29/Sep/2017:15:23:42 +0200] "GET /cds/simplaydata/playerskins/default/pause_up.jpg HTTP/1.1" 200 649 "http://www.morusverlag.de/cds/simplay_player.swf?audiofile=avemaria.mp3" "Mozilla/5.0 (Windows NT 10.0; WOW64; rv:55.0) Gecko/20100101 Firefox/55.0"
178.9.62.161 - - [29/Sep/2017:15:23:42 +0200] "GET /cds/simplaydata/playerskins/default/pause_over.jpg HTTP/1.1" 200 988 "http://www.morusverlag.de/cds/simplay_player.swf?audiofile=avemaria.mp3" "Mozilla/5.0 (Windows NT 10.0; WOW64; rv:55.0) Gecko/20100101 Firefox/55.0"
178.9.62.161 - - [29/Sep/2017:15:23:42 +0200] "GET /cds/simplaydata/playerskins/default/pause_down.jpg HTTP/1.1" 200 939 "http://www.morusverlag.de/cds/simplay_player.swf?audiofile=avemaria.mp3" "Mozilla/5.0 (Windows NT 10.0; WOW64; rv:55.0) Gecko/20100101 Firefox/55.0"
93.113.95.134 - - [29/Sep/2017:15:32:16 +0200] "GET /wp-login.php HTTP/1.1" 404 2381 "-" "Mozilla/5.0 (Windows NT 6.1; WOW64; rv:40.0) Gecko/20100101 Firefox/40.1"
93.113.95.134 - - [29/Sep/2017:15:32:16 +0200] "GET / HTTP/1.1" 200 9360 "-" "Mozilla/5.0 (Windows NT 6.1; WOW64; rv:40.0) Gecko/20100101 Firefox/40.1"
157.55.39.229 - - [29/Sep/2017:15:38:22 +0200] "GET /sonderthemen/sk2002.pdf HTTP/1.1" 200 2628923 "-" "Mozilla/5.0 (iPhone; CPU iPhone OS 7_0 like Mac OS X) AppleWebKit/537.51.1 (KHTML, like Gecko) Version/7.0 Mobile/11A465 Safari/9537.53 (compatible; bingbot/2.0; +http://www.bing.com/bingbot.htm)"
66.249.64.211 - - [29/Sep/2017:15:48:07 +0200] "GET /jahrbuch/bestellung.php HTTP/1.1" 200 10316 "-" "Mozilla/5.0 (compatible; Googlebot/2.1; +http://www.google.com/bot.html)"
40.77.167.123 - - [29/Sep/2017:15:54:58 +0200] "GET /buecher/rezension_gesichter_u_geschichten.pdf HTTP/1.1" 200 223287 "-" "Mozilla/5.0 (compatible; bingbot/2.0; +http://www.bing.com/bingbot.htm)"
207.46.13.34 - - [29/Sep/2017:16:01:03 +0200] "GET /sonderthemen/sk2000.pdf HTTP/1.1" 200 2925489 "-" "Mozilla/5.0 (iPhone; CPU iPhone OS 7_0 like Mac OS X) AppleWebKit/537.51.1 (KHTML, like Gecko) Version/7.0 Mobile/11A465 Safari/9537.53 (compatible; bingbot/2.0; +http://www.bing.com/bingbot.htm)"
157.55.39.229 - - [29/Sep/2017:16:01:16 +0200] "GET /robots.txt HTTP/1.1" 200 100 "-" "Mozilla/5.0 (compatible; bingbot/2.0; +http://www.bing.com/bingbot.htm)"
37.120.162.139 - - [29/Sep/2017:16:06:11 +0200] "GET / HTTP/1.1" 200 9360 "-" "PHPCrawl"
37.120.162.139 - - [29/Sep/2017:16:06:11 +0200] "GET /buecher/index.html HTTP/1.1" 200 25885 "http://www.morusverlag.de" "PHPCrawl"
37.120.162.139 - - [29/Sep/2017:16:06:11 +0200] "GET /cds/index.html HTTP/1.1" 200 7987 "http://www.morusverlag.de" "PHPCrawl"
37.120.162.139 - - [29/Sep/2017:16:06:11 +0200] "GET /gotteslob/index.html HTTP/1.1" 200 2770 "http://www.morusverlag.de" "PHPCrawl"
37.120.162.139 - - [29/Sep/2017:16:06:11 +0200] "GET /jahrbuch/index.html HTTP/1.1" 200 3956 "http://www.morusverlag.de" "PHPCrawl"
37.120.162.139 - - [29/Sep/2017:16:06:11 +0200] "GET /sonderthemen/index.html HTTP/1.1" 200 7102 "http://www.morusverlag.de" "PHPCrawl"
37.120.162.139 - - [29/Sep/2017:16:06:11 +0200] "GET /kontakt/index.html HTTP/1.1" 200 2896 "http://www.morusverlag.de" "PHPCrawl"
37.120.162.139 - - [29/Sep/2017:16:06:11 +0200] "GET /impressum.html HTTP/1.1" 200 2808 "http://www.morusverlag.de" "PHPCrawl"
37.120.162.139 - - [29/Sep/2017:16:06:11 +0200] "GET /cds/rosarium.html HTTP/1.1" 200 6680 "http://www.morusverlag.de" "PHPCrawl"
37.120.162.139 - - [29/Sep/2017:16:06:11 +0200] "GET /cds/ignatius.html HTTP/1.1" 200 6576 "http://www.morusverlag.de" "PHPCrawl"
37.120.162.139 - - [29/Sep/2017:16:06:11 +0200] "GET /cds/hymnos_akathistos.html HTTP/1.1" 200 11061 "http://www.morusverlag.de" "PHPCrawl"
37.120.162.139 - - [29/Sep/2017:16:06:12 +0200] "GET /buecher/rezensionen_chateaubriand.html HTTP/1.1" 200 47317 "http://www.morusverlag.de" "PHPCrawl"
37.120.162.139 - - [29/Sep/2017:16:06:12 +0200] "GET /buecher/veroeffentlichungsliste.html HTTP/1.1" 200 129779 "http://www.morusverlag.de" "PHPCrawl"
37.120.162.139 - - [29/Sep/2017:16:06:12 +0200] "GET /search.php HTTP/1.1" 200 2027 "http://www.morusverlag.de" "PHPCrawl"
37.120.162.139 - - [29/Sep/2017:16:06:12 +0200] "GET /index.html HTTP/1.1" 200 9360 "http://www.morusverlag.de/buecher/index.html" "PHPCrawl"
37.120.162.139 - - [29/Sep/2017:16:06:12 +0200] "GET /buecher/bestellung.php HTTP/1.1" 200 10142 "http://www.morusverlag.de/buecher/index.html" "PHPCrawl"
37.120.162.139 - - [29/Sep/2017:16:06:12 +0200] "GET /buecher/rezensionen_psalmen.html HTTP/1.1" 200 6787 "http://www.morusverlag.de/buecher/index.html" "PHPCrawl"
