40.77.178.15 - - [22/Sep/2017:15:53:36 +0200] "GET /logo_g.gif HTTP/1.1" 200 1301 "-" "Mozilla/5.0 (iPhone; CPU iPhone OS 7_0 like Mac OS X) AppleWebKit/537.51.1 (KHTML, like Gecko) Version/7.0 Mobile/11A465 Safari/9537.53 BingPreview/1.0b"
40.77.178.15 - - [22/Sep/2017:15:53:37 +0200] "GET /m.gif HTTP/1.1" 200 95 "-" "Mozilla/5.0 (iPhone; CPU iPhone OS 7_0 like Mac OS X) AppleWebKit/537.51.1 (KHTML, like Gecko) Version/7.0 Mobile/11A465 Safari/9537.53 BingPreview/1.0b"
40.77.178.15 - - [22/Sep/2017:15:53:37 +0200] "GET /pf.gif HTTP/1.1" 200 62 "-" "Mozilla/5.0 (iPhone; CPU iPhone OS 7_0 like Mac OS X) AppleWebKit/537.51.1 (KHTML, like Gecko) Version/7.0 Mobile/11A465 Safari/9537.53 BingPreview/1.0b"
40.77.178.15 - - [22/Sep/2017:15:53:37 +0200] "GET /strich.gif HTTP/1.1" 200 45 "-" "Mozilla/5.0 (iPhone; CPU iPhone OS 7_0 like Mac OS X) AppleWebKit/537.51.1 (KHTML, like Gecko) Version/7.0 Mobile/11A465 Safari/9537.53 BingPreview/1.0b"
40.77.178.15 - - [22/Sep/2017:15:53:38 +0200] "GET /cds/simplaydata/controlconfig.xml?nocache=1506087907402 HTTP/1.1" 200 121 "-" "Mozilla/5.0 (iPhone; CPU iPhone OS 7_0 like Mac OS X) AppleWebKit/537.51.1 (KHTML, like Gecko) Version/7.0 Mobile/11A465 Safari/9537.53 BingPreview/1.0b"
40.77.178.15 - - [22/Sep/2017:15:53:38 +0200] "GET /cds/simplaydata/playerconfig.xml?nocache=1506087907782 HTTP/1.1" 200 149 "-" "Mozilla/5.0 (iPhone; CPU iPhone OS 7_0 like Mac OS X) AppleWebKit/537.51.1 (KHTML, like Gecko) Version/7.0 Mobile/11A465 Safari/9537.53 BingPreview/1.0b"
40.77.178.15 - - [22/Sep/2017:15:53:39 +0200] "GET /cds/simplaydata/controlskins/default/skin.xml HTTP/1.1" 200 349 "-" "Mozilla/5.0 (iPhone; CPU iPhone OS 7_0 like Mac OS X) AppleWebKit/537.51.1 (KHTML, like Gecko) Version/7.0 Mobile/11A465 Safari/9537.53 BingPreview/1.0b"
40.77.178.15 - - [22/Sep/2017:15:53:39 +0200] "GET /cds/simplaydata/playerskins/default/skin.xml?nocache=1506087908146 HTTP/1.1" 200 649 "-" "Mozilla/5.0 (iPhone; CPU iPhone OS 7_0 like Mac OS X) AppleWebKit/537.51.1 (KHTML, like Gecko) Version/7.0 Mobile/11A465 Safari/9537.53 BingPreview/1.0b"
40.77.178.15 - - [22/Sep/2017:15:53:39 +0200] "GET /cds/simplaydata/controlskins/default/background.jpg HTTP/1.1" 200 772 "-" "Mozilla/5.0 (iPhone; CPU iPhone OS 7_0 like Mac OS X) AppleWebKit/537.51.1 (KHTML, like Gecko) Version/7.0 Mobile/11A465 Safari/9537.53 BingPreview/1.0b"
40.77.178.15 - - [22/Sep/2017:15:53:40 +0200] "GET /cds/simplaydata/controlskins/default/handle.jpg HTTP/1.1" 200 387 "-" "Mozilla/5.0 (iPhone; CPU iPhone OS 7_0 like Mac OS X) AppleWebKit/537.51.1 (KHTML, like Gecko) Version/7.0 Mobile/11A465 Safari/9537.53 BingPreview/1.0b"
40.77.178.15 - - [22/Sep/2017:15:53:40 +0200] "GET /cds/simplaydata/controlskins/default/on.jpg HTTP/1.1" 200 986 "-" "Mozilla/5.0 (iPhone; CPU iPhone OS 7_0 like Mac OS X) AppleWebKit/537.51.1 (KHTML, like Gecko) Version/7.0 Mobile/11A465 Safari/9537.53 BingPreview/1.0b"
40.77.178.15 - - [22/Sep/2017:15:53:40 +0200] "GET /cds/simplaydata/playerskins/default/background.jpg HTTP/1.1" 200 340 "-" "Mozilla/5.0 (iPhone; CPU iPhone OS 7_0 like Mac OS X) AppleWebKit/537.51.1 (KHTML, like Gecko) Version/7.0 Mobile/11A465 Safari/9537.53 BingPreview/1.0b"
40.77.178.15 - - [22/Sep/2017:15:53:40 +0200] "GET /cds/simplaydata/controlskins/default/off.jpg HTTP/1.1" 200 608 "-" "Mozilla/5.0 (iPhone; CPU iPhone OS 7_0 like Mac OS X) AppleWebKit/537.51.1 (KHTML, like Gecko) Version/7.0 Mobile/11A465 Safari/9537.53 BingPreview/1.0b"
40.77.178.15 - - [22/Sep/2017:15:53:41 +0200] "GET /cds/simplaydata/playerskins/default/play_up.jpg HTTP/1.1" 200 643 "-" "Mozilla/5.0 (iPhone; CPU iPhone OS 7_0 like Mac OS X) AppleWebKit/537.51.1 (KHTML, like Gecko) Version/7.0 Mobile/11A465 Safari/9537.53 BingPreview/1.0b"
40.77.178.15 - - [22/Sep/2017:15:53:41 +0200] "GET /cds/simplaydata/controlconfig.xml?nocache=1506087908533 HTTP/1.1" 200 121 "-" "Mozilla/5.0 (iPhone; CPU iPhone OS 7_0 like Mac OS X) AppleWebKit/537.51.1 (KHTML, like Gecko) Version/7.0 Mobile/11A465 Safari/9537.53 BingPreview/1.0b"
40.77.178.15 - - [22/Sep/2017:15:53:41 +0200] "GET /cds/simplaydata/playerskins/default/play_over.jpg HTTP/1.1" 200 986 "-" "Mozilla/5.0 (iPhone; CPU iPhone OS 7_0 like Mac OS X) AppleWebKit/537.51.1 (KHTML, like Gecko) Version/7.0 Mobile/11A465 Safari/9537.53 BingPreview/1.0b"
40.77.178.15 - - [22/Sep/2017:15:53:41 +0200] "GET /cds/simplaydata/playerskins/default/play_down.jpg HTTP/1.1" 200 972 "-" "Mozilla/5.0 (iPhone; CPU iPhone OS 7_0 like Mac OS X) AppleWebKit/537.51.1 (KHTML, like Gecko) Version/7.0 Mobile/11A465 Safari/9537.53 BingPreview/1.0b"
40.77.178.15 - - [22/Sep/2017:15:53:42 +0200] "GET /cds/simplaydata/playerskins/default/pause_up.jpg HTTP/1.1" 200 649 "-" "Mozilla/5.0 (iPhone; CPU iPhone OS 7_0 like Mac OS X) AppleWebKit/537.51.1 (KHTML, like Gecko) Version/7.0 Mobile/11A465 Safari/9537.53 BingPreview/1.0b"
40.77.178.15 - - [22/Sep/2017:15:53:42 +0200] "GET /cds/simplaydata/playerskins/default/pause_over.jpg HTTP/1.1" 200 988 "-" "Mozilla/5.0 (iPhone; CPU iPhone OS 7_0 like Mac OS X) AppleWebKit/537.51.1 (KHTML, like Gecko) Version/7.0 Mobile/11A465 Safari/9537.53 BingPreview/1.0b"
40.77.178.15 - - [22/Sep/2017:15:53:42 +0200] "GET /cds/simplaydata/playerskins/default/pause_down.jpg HTTP/1.1" 200 939 "-" "Mozilla/5.0 (iPhone; CPU iPhone OS 7_0 like Mac OS X) AppleWebKit/537.51.1 (KHTML, like Gecko) Version/7.0 Mobile/11A465 Safari/9537.53 BingPreview/1.0b"
40.77.178.15 - - [22/Sep/2017:15:53:43 +0200] "GET /cds/simplaydata/controlconfig.xml?nocache=1506087912159 HTTP/1.1" 200 121 "-" "Mozilla/5.0 (iPhone; CPU iPhone OS 7_0 like Mac OS X) AppleWebKit/537.51.1 (KHTML, like Gecko) Version/7.0 Mobile/11A465 Safari/9537.53 BingPreview/1.0b"
89.204.138.175 - - [22/Sep/2017:16:02:11 +0200] "GET /impressum.html HTTP/1.1" 200 2808 "http://www.google.de/" "Mozilla/5.0 (iPhone; CPU iPhone OS 10_3_3 like Mac OS X) AppleWebKit/600.1.4 (KHTML, like Gecko) GSA/5.2.43972 Mobile/14G60 Safari/600.1.4"
77.75.78.163 - - [22/Sep/2017:16:54:21 +0200] "GET /robots.txt HTTP/1.1" 200 100 "-" "Mozilla/5.0 (compatible; SeznamBot/3.2; +http://napoveda.seznam.cz/en/seznambot-intro/)"
77.75.78.163 - - [22/Sep/2017:16:54:21 +0200] "GET /buecher/rezensionen_psalmen.html HTTP/1.1" 304 - "-" "Mozilla/5.0 (compatible; SeznamBot/3.2; +http://napoveda.seznam.cz/en/seznambot-intro/)"
193.201.224.72 - - [22/Sep/2017:17:20:08 +0200] "GET /system/fckeditor/editor/ HTTP/1.1" 404 2381 "-" "compatible;Baiduspider/2.0; +http://www.baidu.com/search/spider.html"
157.55.39.155 - - [22/Sep/2017:17:34:54 +0200] "GET /sonderthemen/oeaz2001.pdf HTTP/1.1" 200 4496626 "-" "Mozilla/5.0 (iPhone; CPU iPhone OS 7_0 like Mac OS X) AppleWebKit/537.51.1 (KHTML, like Gecko) Version/7.0 Mobile/11A465 Safari/9537.53 (compatible; bingbot/2.0; +http://www.bing.com/bingbot.htm)"
207.46.13.88 - - [22/Sep/2017:17:35:39 +0200] "GET /sonderthemen/oeaz2002.pdf HTTP/1.1" 200 3161455 "-" "Mozilla/5.0 (iPhone; CPU iPhone OS 7_0 like Mac OS X) AppleWebKit/537.51.1 (KHTML, like Gecko) Version/7.0 Mobile/11A465 Safari/9537.53 (compatible; bingbot/2.0; +http://www.bing.com/bingbot.htm)"
207.46.13.88 - - [22/Sep/2017:18:04:02 +0200] "GET /sonderthemen/oeaz2002.pdf HTTP/1.1" 200 3161455 "-" "Mozilla/5.0 (iPhone; CPU iPhone OS 7_0 like Mac OS X) AppleWebKit/537.51.1 (KHTML, like Gecko) Version/7.0 Mobile/11A465 Safari/9537.53 (compatible; bingbot/2.0; +http://www.bing.com/bingbot.htm)"
185.154.13.6 - - [22/Sep/2017:18:30:40 +0200] "HEAD / HTTP/1.1" 200 - "https://resursmsk.ru/prays-na-nizkoligirovannyy-krug-sta" "Mozilla/7.0 (compatible; MSIE3.00; Windows 2007)"
77.220.213.173 - - [22/Sep/2017:18:30:40 +0200] "HEAD / HTTP/1.1" 200 - "http://remkompov.ru/tseni_autsors.html" "Mozilla/4.0 (compatible; MSIE5.00; Windows 2002)"
178.159.43.212 - - [22/Sep/2017:18:30:40 +0200] "HEAD / HTTP/1.1" 200 - "http://stroidom36.ru/otdelka-ceny-voronezh/" "Mozilla/4.0 (compatible; MSIE6.00; Windows 2009)"
185.209.20.147 - - [22/Sep/2017:18:40:41 +0200] "HEAD / HTTP/1.1" 200 - "http://xn--80ajojheicedq.xn--p1ai/insinerator-dlya-otkhodov" "Mozilla/8.0 (compatible; MSIE6.00; Windows 2004)"
178.159.39.237 - - [22/Sep/2017:18:42:18 +0200] "HEAD / HTTP/1.1" 200 - "http://parklift.ru/metro" "Mozilla/5.0 (compatible; MSIE5.00; Windows 2005)"
194.87.236.223 - - [22/Sep/2017:18:50:54 +0200] "HEAD / HTTP/1.1" 200 - "http://ugears-kazakhstan.kz/products/timer" "Mozilla/7.0 (compatible; MSIE4.00; Windows 2004)"
195.133.145.199 - - [22/Sep/2017:18:51:07 +0200] "HEAD / HTTP/1.1" 200 - "https://t-machinery.ru/" "Mozilla/6.0 (compatible; MSIE3.00; Windows 2008)"
194.87.94.251 - - [22/Sep/2017:18:53:32 +0200] "HEAD / HTTP/1.1" 200 - "http://digipulse.ru/catalog/aksessuari-iphone-ipad/" "Mozilla/5.0 (compatible; MSIE7.00; Windows 2003)"
195.133.201.163 - - [22/Sep/2017:18:53:32 +0200] "HEAD / HTTP/1.1" 200 - "http://xn--80abvfxsj.xn--p1ai/" "Mozilla/7.0 (compatible; MSIE7.00; Windows 2008)"
193.124.190.64 - - [22/Sep/2017:18:56:01 +0200] "HEAD / HTTP/1.1" 200 - "https://sitesadd.com" "Mozilla/7.0 (compatible; MSIE6.00; Windows 2005)"
193.124.179.180 - - [22/Sep/2017:18:56:01 +0200] "HEAD / HTTP/1.1" 200 - "https://fxback.net/tickmill" "Mozilla/7.0 (compatible; MSIE4.00; Windows 2004)"
194.67.210.77 - - [22/Sep/2017:18:56:02 +0200] "HEAD / HTTP/1.1" 200 - "http://xn----8sbfkodbrpl5cg6co9c.xn--p1ai/bio-in-probiotiki" "Mozilla/8.0 (compatible; MSIE6.00; Windows 2007)"
185.125.219.134 - - [22/Sep/2017:18:56:02 +0200] "HEAD / HTTP/1.1" 200 - "http://m-interest.ru/biznes/karera/27-kak-pravilno-raspredelit-svoe-vremya" "Mozilla/6.0 (compatible; MSIE6.00; Windows 2003)"
185.5.249.185 - - [22/Sep/2017:18:56:02 +0200] "HEAD / HTTP/1.1" 200 - "http://xn--d1acnpjccdbkm9i.xn--p1ai/katok-zubchato-kolchatyy-kzk-9-2u" "Mozilla/4.0 (compatible; MSIE3.00; Windows 2005)"
193.124.131.168 - - [22/Sep/2017:18:56:11 +0200] "HEAD / HTTP/1.1" 200 - "http://ksion-service.ru/services/15-vosstanovlenie-dannyh.html" "Mozilla/3.0 (compatible; MSIE4.00; Windows 2006)"
195.133.147.6 - - [22/Sep/2017:19:01:08 +0200] "HEAD / HTTP/1.1" 200 - "http://spravki-fast.com/metro/kupit-spravku-metro-biblioteka-imeni-lenina.html" "Mozilla/3.0 (compatible; MSIE3.00; Windows 2007)"
5.101.78.194 - - [22/Sep/2017:19:10:31 +0200] "HEAD / HTTP/1.1" 200 - "https://muzamaster.ru/collection/podveski" "Mozilla/5.0 (compatible; MSIE6.00; Windows 2006)"
188.227.18.230 - - [22/Sep/2017:19:10:31 +0200] "HEAD / HTTP/1.1" 200 - "https://brauni.com.ua/smesiteli/komplektujyshie/sifon-dlya-umyvalnika-s-donnym-klapanom-m012-1-detail" "Mozilla/8.0 (compatible; MSIE7.00; Windows 2007)"
185.158.153.174 - - [22/Sep/2017:19:10:31 +0200] "HEAD / HTTP/1.1" 200 - "https://zaimgrad.ru/mfo-kungur/" "Mozilla/8.0 (compatible; MSIE5.00; Windows 2004)"
77.75.76.172 - - [22/Sep/2017:19:11:09 +0200] "GET /robots.txt HTTP/1.1" 200 100 "-" "Mozilla/5.0 (compatible; SeznamBot/3.2; +http://napoveda.seznam.cz/en/seznambot-intro/)"
77.75.76.172 - - [22/Sep/2017:19:11:10 +0200] "GET /impressum.html HTTP/1.1" 304 - "-" "Mozilla/5.0 (compatible; SeznamBot/3.2; +http://napoveda.seznam.cz/en/seznambot-intro/)"
199.30.24.64 - - [22/Sep/2017:19:35:32 +0200] "GET /sonderthemen/oeaz2001.pdf HTTP/1.1" 200 4496626 "-" "Mozilla/5.0 (iPhone; CPU iPhone OS 7_0 like Mac OS X) AppleWebKit/537.51.1 (KHTML, like Gecko) Version/7.0 Mobile/11A465 Safari/9537.53 BingPreview/1.0b"
193.201.224.72 - - [22/Sep/2017:19:35:54 +0200] "GET /editor/editor/ HTTP/1.1" 404 2381 "-" "compatible;Baiduspider/2.0; +http://www.baidu.com/search/spider.html"
91.16.19.7 - - [22/Sep/2017:19:53:38 +0200] "GET /cds/rosarium.html HTTP/1.1" 200 6680 "-" "Mozilla/5.0 (Windows NT 6.1; WOW64; rv:55.0) Gecko/20100101 Firefox/55.0"
91.16.19.7 - - [22/Sep/2017:19:53:38 +0200] "GET /main.css HTTP/1.1" 200 1439 "http://www.morusverlag.de/cds/rosarium.html" "Mozilla/5.0 (Windows NT 6.1; WOW64; rv:55.0) Gecko/20100101 Firefox/55.0"
91.16.19.7 - - [22/Sep/2017:19:53:39 +0200] "GET /logo_g.gif HTTP/1.1" 200 1301 "http://www.morusverlag.de/cds/rosarium.html" "Mozilla/5.0 (Windows NT 6.1; WOW64; rv:55.0) Gecko/20100101 Firefox/55.0"
91.16.19.7 - - [22/Sep/2017:19:53:39 +0200] "GET /cds/rosarium.jpg HTTP/1.1" 200 21032 "http://www.morusverlag.de/cds/rosarium.html" "Mozilla/5.0 (Windows NT 6.1; WOW64; rv:55.0) Gecko/20100101 Firefox/55.0"
91.16.19.7 - - [22/Sep/2017:19:53:39 +0200] "GET /pf.gif HTTP/1.1" 200 62 "http://www.morusverlag.de/cds/rosarium.html" "Mozilla/5.0 (Windows NT 6.1; WOW64; rv:55.0) Gecko/20100101 Firefox/55.0"
91.16.19.7 - - [22/Sep/2017:19:53:39 +0200] "GET /m.gif HTTP/1.1" 200 95 "http://www.morusverlag.de/cds/rosarium.html" "Mozilla/5.0 (Windows NT 6.1; WOW64; rv:55.0) Gecko/20100101 Firefox/55.0"
91.16.19.7 - - [22/Sep/2017:19:53:39 +0200] "GET /mv_g.gif HTTP/1.1" 200 4070 "http://www.morusverlag.de/cds/rosarium.html" "Mozilla/5.0 (Windows NT 6.1; WOW64; rv:55.0) Gecko/20100101 Firefox/55.0"
91.16.19.7 - - [22/Sep/2017:19:53:39 +0200] "GET /strich.gif HTTP/1.1" 200 45 "http://www.morusverlag.de/cds/rosarium.html" "Mozilla/5.0 (Windows NT 6.1; WOW64; rv:55.0) Gecko/20100101 Firefox/55.0"
91.16.19.7 - - [22/Sep/2017:19:53:39 +0200] "GET /favicon.ico HTTP/1.1" 200 4286 "-" "Mozilla/5.0 (Windows NT 6.1; WOW64; rv:55.0) Gecko/20100101 Firefox/55.0"
207.46.13.88 - - [22/Sep/2017:19:57:30 +0200] "GET / HTTP/1.1" 200 9360 "-" "Mozilla/5.0 (compatible; bingbot/2.0; +http://www.bing.com/bingbot.htm)"
77.75.79.62 - - [22/Sep/2017:21:15:02 +0200] "GET /robots.txt HTTP/1.1" 200 100 "-" "Mozilla/5.0 (compatible; SeznamBot/3.2; +http://napoveda.seznam.cz/en/seznambot-intro/)"
77.75.79.62 - - [22/Sep/2017:21:15:03 +0200] "GET /buecher/veroeffentlichungsliste.html HTTP/1.1" 304 - "-" "Mozilla/5.0 (compatible; SeznamBot/3.2; +http://napoveda.seznam.cz/en/seznambot-intro/)"
77.75.76.164 - - [22/Sep/2017:21:55:15 +0200] "GET /robots.txt HTTP/1.1" 200 100 "-" "Mozilla/5.0 (compatible; SeznamBot/3.2; +http://napoveda.seznam.cz/en/seznambot-intro/)"
77.75.76.164 - - [22/Sep/2017:21:55:15 +0200] "GET /buecher/diskussion.html HTTP/1.1" 304 - "-" "Mozilla/5.0 (compatible; SeznamBot/3.2; +http://napoveda.seznam.cz/en/seznambot-intro/)"
193.201.224.72 - - [22/Sep/2017:22:02:43 +0200] "GET /common/fckeditor/editor/ HTTP/1.1" 404 2381 "-" "compatible;Baiduspider/2.0; +http://www.baidu.com/search/spider.html"
87.169.100.245 - - [22/Sep/2017:22:14:53 +0200] "GET /cds/hymnos_akathistos.html HTTP/1.1" 200 11061 "-" "Mozilla/5.0 (Macintosh; Intel Mac OS X 10_10_3) AppleWebKit/537.36 (KHTML, like Gecko) Chrome/41.0.2272.89 Safari/537.36"
185.154.13.6 - - [22/Sep/2017:22:23:12 +0200] "HEAD / HTTP/1.1" 200 - "https://resursmsk.ru/bolt-bashmachnyy" "Mozilla/6.0 (compatible; MSIE5.00; Windows 2004)"
178.159.43.212 - - [22/Sep/2017:22:23:12 +0200] "HEAD / HTTP/1.1" 200 - "http://stroidom36.ru/obshivka-sajjdingom/" "Mozilla/6.0 (compatible; MSIE4.00; Windows 2008)"
77.220.213.173 - - [22/Sep/2017:22:23:19 +0200] "HEAD / HTTP/1.1" 200 - "http://remkompov.ru/kompyuternaya-pomosch-odincovo.htm" "Mozilla/4.0 (compatible; MSIE4.00; Windows 2003)"
185.209.20.147 - - [22/Sep/2017:22:39:25 +0200] "HEAD / HTTP/1.1" 200 - "http://xn--80ajojheicedq.xn--p1ai/" "Mozilla/3.0 (compatible; MSIE7.00; Windows 2006)"
178.159.39.237 - - [22/Sep/2017:22:39:27 +0200] "HEAD / HTTP/1.1" 200 - "http://parklift.ru/city" "Mozilla/3.0 (compatible; MSIE7.00; Windows 2004)"
93.232.208.179 - - [22/Sep/2017:22:41:12 +0200] "GET /impressum.html HTTP/1.1" 200 2808 "https://www.google.de/" "Mozilla/5.0 (Linux; Android 7.0; WAS-LX1A Build/HUAWEIWAS-LX1A) AppleWebKit/537.36 (KHTML, like Gecko) Chrome/60.0.3112.116 Mobile Safari/537.36"
93.232.208.179 - - [22/Sep/2017:22:41:12 +0200] "GET /main.css HTTP/1.1" 200 1439 "http://www.morusverlag.de/impressum.html" "Mozilla/5.0 (Linux; Android 7.0; WAS-LX1A Build/HUAWEIWAS-LX1A) AppleWebKit/537.36 (KHTML, like Gecko) Chrome/60.0.3112.116 Mobile Safari/537.36"
93.232.208.179 - - [22/Sep/2017:22:41:12 +0200] "GET /mv_g.gif HTTP/1.1" 200 4070 "http://www.morusverlag.de/impressum.html" "Mozilla/5.0 (Linux; Android 7.0; WAS-LX1A Build/HUAWEIWAS-LX1A) AppleWebKit/537.36 (KHTML, like Gecko) Chrome/60.0.3112.116 Mobile Safari/537.36"
93.232.208.179 - - [22/Sep/2017:22:41:12 +0200] "GET /strich.gif HTTP/1.1" 200 45 "http://www.morusverlag.de/impressum.html" "Mozilla/5.0 (Linux; Android 7.0; WAS-LX1A Build/HUAWEIWAS-LX1A) AppleWebKit/537.36 (KHTML, like Gecko) Chrome/60.0.3112.116 Mobile Safari/537.36"
93.232.208.179 - - [22/Sep/2017:22:41:12 +0200] "GET /logo_g.gif HTTP/1.1" 200 1301 "http://www.morusverlag.de/impressum.html" "Mozilla/5.0 (Linux; Android 7.0; WAS-LX1A Build/HUAWEIWAS-LX1A) AppleWebKit/537.36 (KHTML, like Gecko) Chrome/60.0.3112.116 Mobile Safari/537.36"
93.232.208.179 - - [22/Sep/2017:22:41:12 +0200] "GET /favicon.ico HTTP/1.1" 200 4286 "http://www.morusverlag.de/impressum.html" "Mozilla/5.0 (Linux; Android 7.0; WAS-LX1A Build/HUAWEIWAS-LX1A) AppleWebKit/537.36 (KHTML, like Gecko) Chrome/60.0.3112.116 Mobile Safari/537.36"
185.125.219.134 - - [22/Sep/2017:23:21:07 +0200] "HEAD / HTTP/1.1" 200 - "http://m-interest.ru/biznes/karera/27-kak-pravilno-raspredelit-svoe-vremya" "Mozilla/8.0 (compatible; MSIE5.00; Windows 2007)"
185.5.249.185 - - [22/Sep/2017:23:21:07 +0200] "HEAD / HTTP/1.1" 200 - "http://xn--d1acnpjccdbkm9i.xn--p1ai/podgotovka-zernosushilki-shakhtnogo-tipa-dsp-32-50-m-819-k-ispolzovaniyu" "Mozilla/3.0 (compatible; MSIE4.00; Windows 2008)"
193.124.190.64 - - [22/Sep/2017:23:21:07 +0200] "HEAD / HTTP/1.1" 200 - "https://sitesadd.com" "Mozilla/3.0 (compatible; MSIE5.00; Windows 2004)"
194.67.210.77 - - [22/Sep/2017:23:21:07 +0200] "HEAD / HTTP/1.1" 200 - "http://xn----8sbfkodbrpl5cg6co9c.xn--p1ai/cosmetika" "Mozilla/6.0 (compatible; MSIE7.00; Windows 2004)"
193.124.179.180 - - [22/Sep/2017:23:21:07 +0200] "HEAD / HTTP/1.1" 200 - "https://fxback.net/tester-indikatorov-2" "Mozilla/4.0 (compatible; MSIE3.00; Windows 2007)"
194.87.236.223 - - [22/Sep/2017:23:21:08 +0200] "HEAD / HTTP/1.1" 200 - "http://ugears-kazakhstan.kz/products/tribiki" "Mozilla/2.0 (compatible; MSIE7.00; Windows 2002)"
194.87.94.251 - - [22/Sep/2017:23:21:09 +0200] "HEAD / HTTP/1.1" 200 - "http://digipulse.ru/catalog/gps-tracker-personal/" "Mozilla/6.0 (compatible; MSIE6.00; Windows 2004)"
193.124.131.168 - - [22/Sep/2017:23:21:09 +0200] "HEAD / HTTP/1.1" 200 - "http://ksion-service.ru/services/15-vosstanovlenie-dannyh.html" "Mozilla/3.0 (compatible; MSIE4.00; Windows 2004)"
195.133.201.163 - - [22/Sep/2017:23:21:09 +0200] "HEAD / HTTP/1.1" 200 - "http://xn--80abvfxsj.xn--p1ai/%D1%81%D0%BE%D0%BA%D0%BE%D0%B2%D0%B0%D1%8F-%D0%BF%D1%80%D0%BE%D0%B4%D1%83%D0%BA%D1%86%D0%B8%D1%8F/" "Mozilla/4.0 (compatible; MSIE7.00; Windows 2002)"
195.133.145.199 - - [22/Sep/2017:23:21:09 +0200] "HEAD / HTTP/1.1" 200 - "https://t-machinery.ru/vibroplity/" "Mozilla/3.0 (compatible; MSIE3.00; Windows 2004)"
195.133.147.6 - - [22/Sep/2017:23:37:25 +0200] "HEAD / HTTP/1.1" 200 - "http://spravki-fast.com/metro/kupit-bolnichnyj-metro-mitino.html" "Mozilla/3.0 (compatible; MSIE5.00; Windows 2007)"
185.158.153.174 - - [22/Sep/2017:23:37:35 +0200] "HEAD / HTTP/1.1" 200 - "https://zaimgrad.ru/mfo-ryl-sk/" "Mozilla/2.0 (compatible; MSIE4.00; Windows 2003)"
188.227.18.230 - - [22/Sep/2017:23:37:35 +0200] "HEAD / HTTP/1.1" 200 - "https://brauni.com.ua/smesiteli/sifon-dlya-umyvalnika-s-donnym-klapanom-m012-2-detail" "Mozilla/3.0 (compatible; MSIE6.00; Windows 2004)"
5.101.78.194 - - [22/Sep/2017:23:37:35 +0200] "HEAD / HTTP/1.1" 200 - "https://muzamaster.ru/collection/ptitsy-sovy-i-dr" "Mozilla/2.0 (compatible; MSIE6.00; Windows 2006)"
193.201.224.72 - - [23/Sep/2017:00:17:49 +0200] "GET /scripts/fckeditor/editor/ HTTP/1.1" 404 2381 "-" "compatible;Baiduspider/2.0; +http://www.baidu.com/search/spider.html"
180.76.15.136 - - [23/Sep/2017:00:44:19 +0200] "GET / HTTP/1.1" 200 9360 "-" "Mozilla/5.0 (compatible; Baiduspider/2.0; +http://www.baidu.com/search/spider.html)"
178.255.215.84 - - [23/Sep/2017:01:01:12 +0200] "GET /robots.txt HTTP/1.1" 200 100 "-" "Mozilla/5.0 (compatible; Exabot/3.0; +http://www.exabot.com/go/robot)"
178.255.215.84 - - [23/Sep/2017:01:01:13 +0200] "GET /buecher/veroeffentlichungsliste.html HTTP/1.1" 200 129779 "-" "Mozilla/5.0 (compatible; Exabot/3.0; +http://www.exabot.com/go/robot)"
216.244.66.226 - - [23/Sep/2017:01:50:31 +0200] "GET /robots.txt HTTP/1.1" 200 100 "-" "Mozilla/5.0 (compatible; DotBot/1.1; http://www.opensiteexplorer.org/dotbot, help@moz.com)"
138.201.30.66 - - [23/Sep/2017:01:51:06 +0200] "GET /robots.txt HTTP/1.0" 200 100 "-" "Mozilla/5.0 (compatible; SEOkicks-Robot; +http://www.seokicks.de/robot.html)"
138.201.30.66 - - [23/Sep/2017:01:51:07 +0200] "GET / HTTP/1.0" 200 9360 "-" "Mozilla/5.0 (compatible; SEOkicks-Robot; +http://www.seokicks.de/robot.html)"
138.201.30.66 - - [23/Sep/2017:01:51:08 +0200] "GET /main.css HTTP/1.0" 200 1439 "http://www.morusverlag.de/" "Mozilla/5.0 (compatible; SEOkicks-Robot; +http://www.seokicks.de/robot.html)"
138.201.30.66 - - [23/Sep/2017:01:51:09 +0200] "GET /buecher/index.html HTTP/1.0" 200 25885 "http://www.morusverlag.de/" "Mozilla/5.0 (compatible; SEOkicks-Robot; +http://www.seokicks.de/robot.html)"
138.201.30.66 - - [23/Sep/2017:01:51:11 +0200] "GET /contentflow/contentflow.js HTTP/1.0" 200 42064 "http://www.morusverlag.de/buecher/index.html" "Mozilla/5.0 (compatible; SEOkicks-Robot; +http://www.seokicks.de/robot.html)"
138.201.30.66 - - [23/Sep/2017:01:51:12 +0200] "GET /cds/index.html HTTP/1.0" 200 7987 "http://www.morusverlag.de/" "Mozilla/5.0 (compatible; SEOkicks-Robot; +http://www.seokicks.de/robot.html)"
138.201.30.66 - - [23/Sep/2017:01:51:13 +0200] "GET /gotteslob/index.html HTTP/1.0" 200 2770 "http://www.morusverlag.de/" "Mozilla/5.0 (compatible; SEOkicks-Robot; +http://www.seokicks.de/robot.html)"
138.201.30.66 - - [23/Sep/2017:01:51:14 +0200] "GET /jahrbuch/index.html HTTP/1.0" 200 3956 "http://www.morusverlag.de/" "Mozilla/5.0 (compatible; SEOkicks-Robot; +http://www.seokicks.de/robot.html)"
138.201.30.66 - - [23/Sep/2017:01:51:15 +0200] "GET /sonderthemen/index.html HTTP/1.0" 200 7102 "http://www.morusverlag.de/" "Mozilla/5.0 (compatible; SEOkicks-Robot; +http://www.seokicks.de/robot.html)"
216.244.66.226 - - [23/Sep/2017:01:58:09 +0200] "GET / HTTP/1.1" 200 9360 "-" "Mozilla/5.0 (compatible; DotBot/1.1; http://www.opensiteexplorer.org/dotbot, help@moz.com)"
193.201.224.72 - - [23/Sep/2017:02:33:04 +0200] "GET /includes/fckeditor/editor/ HTTP/1.1" 404 2381 "-" "compatible;Baiduspider/2.0; +http://www.baidu.com/search/spider.html"
66.249.64.211 - - [23/Sep/2017:03:31:27 +0200] "GET /robots.txt HTTP/1.1" 200 100 "-" "Mozilla/5.0 (compatible; Googlebot/2.1; +http://www.google.com/bot.html)"
66.249.64.211 - - [23/Sep/2017:03:31:27 +0200] "GET /impressum.html HTTP/1.1" 200 2808 "-" "Mozilla/5.0 (compatible; Googlebot/2.1; +http://www.google.com/bot.html)"
77.220.213.173 - - [23/Sep/2017:03:33:01 +0200] "HEAD / HTTP/1.1" 200 - "https://t-machinery.ru/avtogrejjdery/" "Mozilla/3.0 (compatible; MSIE6.00; Windows 2009)"
185.209.20.147 - - [23/Sep/2017:03:34:40 +0200] "HEAD / HTTP/1.1" 200 - "http://pro-tec.kz" "Mozilla/8.0 (compatible; MSIE2.00; Windows 2009)"
178.159.39.237 - - [23/Sep/2017:03:34:49 +0200] "HEAD / HTTP/1.1" 200 - "https://inviki.com/masters/kharkov/beautician" "Mozilla/4.0 (compatible; MSIE4.00; Windows 2006)"
185.154.13.6 - - [23/Sep/2017:03:34:50 +0200] "HEAD / HTTP/1.1" 200 - "http://www.sovdom.net/item.php?id=78" "Mozilla/5.0 (compatible; MSIE5.00; Windows 2002)"
178.159.43.212 - - [23/Sep/2017:03:34:55 +0200] "HEAD / HTTP/1.1" 200 - "http://glazki-zakryvai.ru/brand/Barbie/" "Mozilla/3.0 (compatible; MSIE2.00; Windows 2005)"
208.80.155.255 - - [23/Sep/2017:03:36:49 +0200] "HEAD /buecher/rezensionen_christliche_frauen.html HTTP/1.1" 404 - "-" "Mozilla/5.0 (Windows NT 10.0; Win64; x64) AppleWebKit/537.36 (KHTML, like Gecko) Chrome/58.0.3029.110 Safari/537.36"
208.80.155.255 - - [23/Sep/2017:03:37:04 +0200] "GET /buecher/rezensionen_christliche_frauen.html HTTP/1.1" 404 2381 "-" "Mozilla/5.0 (Windows NT 10.0; Win64; x64) AppleWebKit/537.36 (KHTML, like Gecko) Chrome/58.0.3029.110 Safari/537.36"
195.133.145.199 - - [23/Sep/2017:04:02:36 +0200] "HEAD / HTTP/1.1" 200 - "http://42doska.ru/catalog/" "Mozilla/3.0 (compatible; MSIE7.00; Windows 2006)"
194.87.94.251 - - [23/Sep/2017:04:02:36 +0200] "HEAD / HTTP/1.1" 200 - "http://receptkrasoti.ru/meal/salat-he-lychshie-recepty-kak-pravilno-i-vkysno-prigotovit-salat-he.html" "Mozilla/6.0 (compatible; MSIE5.00; Windows 2008)"
195.133.201.163 - - [23/Sep/2017:04:02:36 +0200] "HEAD / HTTP/1.1" 200 - "http://remkompov.ru/remont-noutbukov-novo-peredelkino.htm" "Mozilla/7.0 (compatible; MSIE4.00; Windows 2009)"
194.87.236.223 - - [23/Sep/2017:04:02:36 +0200] "HEAD / HTTP/1.1" 200 - "http://rupolitshow.ru/territoriya-zabluzhdenij" "Mozilla/7.0 (compatible; MSIE7.00; Windows 2006)"
193.124.131.168 - - [23/Sep/2017:04:03:47 +0200] "HEAD / HTTP/1.1" 200 - "https://xn----7sbabm1ahc4b2aqff.su/%D0%BF%D0%B8%D0%BB%D0%BE%D0%BC%D0%B0%D1%82%D0%B5%D1%80%D0%B8%D0%B0%D0%BB%D1%8B/%D0%B1%D0%BB%D0%BE%D0%BA-%D1%85%D0%B0%D1%83%D1%81/" "Mozilla/6.0 (compatible; MSIE5.00; Windows 2005)"
195.133.147.6 - - [23/Sep/2017:04:15:49 +0200] "HEAD / HTTP/1.1" 200 - "http://www.singlit-m.ru/metallocherepica" "Mozilla/4.0 (compatible; MSIE4.00; Windows 2003)"
193.124.190.64 - - [23/Sep/2017:04:15:50 +0200] "HEAD / HTTP/1.1" 200 - "http://ksion-service.ru/services/6-telefony.html" "Mozilla/6.0 (compatible; MSIE5.00; Windows 2006)"
185.125.219.134 - - [23/Sep/2017:04:15:50 +0200] "HEAD / HTTP/1.1" 200 - "http://spravki-fast.com/kupit-spravku-iz-onkologicheskogo-dispansera-v-moskve.html" "Mozilla/2.0 (compatible; MSIE3.00; Windows 2002)"
185.5.249.185 - - [23/Sep/2017:04:15:50 +0200] "HEAD / HTTP/1.1" 200 - "http://resurs-2012.ru/price" "Mozilla/3.0 (compatible; MSIE5.00; Windows 2004)"
193.124.179.180 - - [23/Sep/2017:04:15:51 +0200] "HEAD / HTTP/1.1" 200 - "http://stroidom36.ru/nashi-raboty/" "Mozilla/8.0 (compatible; MSIE4.00; Windows 2008)"
194.67.210.77 - - [23/Sep/2017:04:15:51 +0200] "HEAD / HTTP/1.1" 200 - "http://digipulse.ru/catalog/igrovii-consoli/" "Mozilla/5.0 (compatible; MSIE4.00; Windows 2006)"
207.46.13.63 - - [23/Sep/2017:04:20:30 +0200] "GET /buecher/gesichter.jpg HTTP/1.1" 200 7271 "-" "Mozilla/5.0 (compatible; bingbot/2.0; +http://www.bing.com/bingbot.htm)"
5.101.78.194 - - [23/Sep/2017:04:28:09 +0200] "HEAD / HTTP/1.1" 200 - "http://m-interest.ru/biznes/karera/26-kak-stat-uspeshnym-chelovekom" "Mozilla/5.0 (compatible; MSIE2.00; Windows 2002)"
188.227.18.230 - - [23/Sep/2017:04:28:09 +0200] "HEAD / HTTP/1.1" 200 - "http://spravki-tyt.ru/metro/bolnichniy-m-lubyanka-v-moskve.html" "Mozilla/5.0 (compatible; MSIE7.00; Windows 2005)"
185.158.153.174 - - [23/Sep/2017:04:28:09 +0200] "HEAD / HTTP/1.1" 200 - "http://parklift.ru/garantii" "Mozilla/3.0 (compatible; MSIE5.00; Windows 2009)"
193.201.224.72 - - [23/Sep/2017:04:39:34 +0200] "GET /include/fckeditor/editor/ HTTP/1.1" 404 2381 "-" "compatible;Baiduspider/2.0; +http://www.baidu.com/search/spider.html"
209.209.227.17 - - [23/Sep/2017:05:00:38 +0200] "GET / HTTP/1.1" 200 9360 "http://www.google.de/?source=mog&gl=de" "Mozilla/5.0 (Windows; U; Windows NT 5.0; de-AT; rv:1.8.1.17) Gecko/20080829 DCMK_MK1BBS/1.1.12.1"
185.101.157.142 - - [23/Sep/2017:05:00:38 +0200] "GET / HTTP/1.1" 200 9360 "http://www.google.de/?source=mog&gl=de" "Mozilla/5.0 (Windows; U; Windows NT 5.0; de-AT; rv:1.8.1.17) Gecko/20080829 DCMK_MK1BBS/1.1.12.1"
185.101.157.142 - - [23/Sep/2017:05:00:39 +0200] "GET / HTTP/1.1" 200 9360 "http://www.google.de/?source=mog&gl=de" "Mozilla/5.0 (Windows; U; Windows NT 5.0; de-AT; rv:1.8.1.17) Gecko/20080829 DCMK_MK1BBS/1.1.12.1"
185.101.157.142 - - [23/Sep/2017:05:00:39 +0200] "GET / HTTP/1.1" 200 9360 "http://www.google.de/?source=mog&gl=de" "Mozilla/5.0 (Windows; U; Windows NT 5.0; de-AT; rv:1.8.1.17) Gecko/20080829 DCMK_MK1BBS/1.1.12.1"
185.101.157.142 - - [23/Sep/2017:05:00:39 +0200] "GET /impressum.html HTTP/1.1" 200 2808 "http://www.morusverlag.de/" "Mozilla/5.0 (X11; Linux i686; rv:9.0) Gecko/20100101 Firefox/9.0"
185.101.157.142 - - [23/Sep/2017:05:00:39 +0200] "GET /kontakt/index.html HTTP/1.1" 200 2896 "http://www.morusverlag.de/" "Mozilla/5.0 (X11; U; Linux i686; de; rv:1.8.1.6) Gecko/20070723 Iceweasel/2.0.0.6 (Debian-2.0.0.6-1)"
185.101.157.142 - - [23/Sep/2017:05:00:40 +0200] "GET / HTTP/1.1" 200 9360 "http://www.morusverlag.de/" "Mozilla/4.0 (compatible; MSIE 7.0; Windows NT 5.1; Embedded Web Browser from: http://bsalsa.com/; Mozilla/4.0 (compatible; MSIE 6.0; Windows NT 5.1; SV1; MEGAUPLOAD 1.0); .NET CLR 1.1.4322; .NET CLR 2.0.50727)"
185.101.157.142 - - [23/Sep/2017:05:00:47 +0200] "GET / HTTP/1.1" 200 9360 "http://www.google.de" "Mozilla/5.0 (Windows NT 6.1; WOW64; rv:13.0) Gecko/20100101 Firefox/13.0.1"
193.1.218.163 - - [23/Sep/2017:05:03:20 +0200] "HEAD / HTTP/1.1" 200 - "-" "Java/1.6.0_23"
40.77.167.56 - - [23/Sep/2017:06:11:12 +0200] "GET /sonderthemen/oekt_extra3.pdf HTTP/1.1" 200 2109745 "-" "Mozilla/5.0 (iPhone; CPU iPhone OS 7_0 like Mac OS X) AppleWebKit/537.51.1 (KHTML, like Gecko) Version/7.0 Mobile/11A465 Safari/9537.53 (compatible; bingbot/2.0; +http://www.bing.com/bingbot.htm)"
157.55.39.102 - - [23/Sep/2017:06:15:57 +0200] "GET /sonderthemen/oekt_extra1.pdf HTTP/1.1" 200 1849015 "-" "Mozilla/5.0 (iPhone; CPU iPhone OS 7_0 like Mac OS X) AppleWebKit/537.51.1 (KHTML, like Gecko) Version/7.0 Mobile/11A465 Safari/9537.53 (compatible; bingbot/2.0; +http://www.bing.com/bingbot.htm)"
157.55.39.102 - - [23/Sep/2017:06:26:39 +0200] "GET /buecher/chateaubriand.jpg HTTP/1.1" 200 2272 "-" "Mozilla/5.0 (compatible; bingbot/2.0; +http://www.bing.com/bingbot.htm)"
66.249.64.211 - - [23/Sep/2017:06:30:46 +0200] "GET /cds/hymnos_heft.jpg HTTP/1.1" 304 - "-" "Googlebot-Image/1.0"
193.201.224.72 - - [23/Sep/2017:06:46:04 +0200] "GET /system/fckeditor/editor/ HTTP/1.1" 404 2381 "-" "compatible;Baiduspider/2.0; +http://www.baidu.com/search/spider.html"
5.196.87.47 - - [23/Sep/2017:06:48:34 +0200] "GET /robots.txt HTTP/1.1" 200 100 "-" "Mozilla/5.0 (compatible; AhrefsBot/5.2; +http://ahrefs.com/robot/)"
51.255.65.97 - - [23/Sep/2017:06:48:34 +0200] "GET /buecher/rezensionen_ungeteilt.html HTTP/1.1" 200 9764 "-" "Mozilla/5.0 (compatible; AhrefsBot/5.2; +http://ahrefs.com/robot/)"
157.55.39.212 - - [23/Sep/2017:07:26:58 +0200] "GET / HTTP/1.1" 200 9360 "-" "Mozilla/5.0 (compatible; bingbot/2.0; +http://www.bing.com/bingbot.htm)"
157.55.39.4 - - [23/Sep/2017:07:49:44 +0200] "GET /robots.txt HTTP/1.1" 200 100 "-" "Mozilla/5.0 (compatible; bingbot/2.0; +http://www.bing.com/bingbot.htm)"
66.249.64.213 - - [23/Sep/2017:08:03:43 +0200] "GET /cds/simplaydata/playerconfig.xml?nocache=1282181679377.32 HTTP/1.1" 200 149 "-" "Mozilla/5.0 (compatible; Googlebot/2.1; +http://www.google.com/bot.html)"
157.55.39.212 - - [23/Sep/2017:08:08:37 +0200] "GET /sonderthemen/az2003.pdf HTTP/1.1" 200 4864675 "-" "Mozilla/5.0 (iPhone; CPU iPhone OS 7_0 like Mac OS X) AppleWebKit/537.51.1 (KHTML, like Gecko) Version/7.0 Mobile/11A465 Safari/9537.53 (compatible; bingbot/2.0; +http://www.bing.com/bingbot.htm)"
193.201.224.72 - - [23/Sep/2017:08:54:29 +0200] "GET /inc/fckeditor/editor/ HTTP/1.1" 404 2381 "-" "compatible;Baiduspider/2.0; +http://www.baidu.com/search/spider.html"
77.220.213.173 - - [23/Sep/2017:09:20:01 +0200] "HEAD / HTTP/1.1" 200 - "https://t-machinery.ru/katki/" "Mozilla/7.0 (compatible; MSIE7.00; Windows 2002)"
185.209.20.147 - - [23/Sep/2017:09:20:01 +0200] "HEAD / HTTP/1.1" 200 - "http://pro-tec.kz" "Mozilla/2.0 (compatible; MSIE3.00; Windows 2003)"
178.159.39.237 - - [23/Sep/2017:09:20:01 +0200] "HEAD / HTTP/1.1" 200 - "https://inviki.com/masters/kharkov/makeup" "Mozilla/7.0 (compatible; MSIE5.00; Windows 2004)"
185.154.13.6 - - [23/Sep/2017:09:20:01 +0200] "HEAD / HTTP/1.1" 200 - "http://www.sovdom.net/item.php?id=52" "Mozilla/5.0 (compatible; MSIE3.00; Windows 2003)"
178.159.43.212 - - [23/Sep/2017:09:20:01 +0200] "HEAD / HTTP/1.1" 200 - "http://glazki-zakryvai.ru/category/detskoe-postelnoe-bele/mikrofayber/" "Mozilla/6.0 (compatible; MSIE5.00; Windows 2003)"
131.253.25.224 - - [23/Sep/2017:09:20:29 +0200] "GET /sonderthemen/az2003.pdf HTTP/1.1" 200 4864675 "-" "Mozilla/5.0 (iPhone; CPU iPhone OS 7_0 like Mac OS X) AppleWebKit/537.51.1 (KHTML, like Gecko) Version/7.0 Mobile/11A465 Safari/9537.53 BingPreview/1.0b"
157.55.39.27 - - [23/Sep/2017:09:39:56 +0200] "GET /robots.txt HTTP/1.1" 200 100 "-" "Mozilla/5.0 (compatible; bingbot/2.0; +http://www.bing.com/bingbot.htm)"
207.46.13.53 - - [23/Sep/2017:09:39:55 +0200] "GET /sonderthemen/oekt_extra2.pdf HTTP/1.1" 200 1939949 "-" "Mozilla/5.0 (iPhone; CPU iPhone OS 7_0 like Mac OS X) AppleWebKit/537.51.1 (KHTML, like Gecko) Version/7.0 Mobile/11A465 Safari/9537.53 (compatible; bingbot/2.0; +http://www.bing.com/bingbot.htm)"
194.173.174.106 - - [23/Sep/2017:10:06:49 +0200] "HEAD / HTTP/1.1" 200 - "-" "Mozilla/5.0 (Windows NT 6.3; WOW64) AppleWebKit/537.36 (KHTML, like Gecko) Chrome/43.0.2357.134 Safari/537.36"
162.210.196.97 - - [23/Sep/2017:10:29:38 +0200] "GET /robots.txt HTTP/1.1" 200 100 "-" "Mozilla/5.0 (compatible; MJ12bot/v1.4.8; http://mj12bot.com/)"
162.210.196.97 - - [23/Sep/2017:10:29:40 +0200] "GET / HTTP/1.1" 200 9360 "-" "Mozilla/5.0 (compatible; MJ12bot/v1.4.8; http://mj12bot.com/)"
91.0.30.156 - - [23/Sep/2017:10:36:50 +0200] "GET /cds/hymnos_akathistos.html HTTP/1.1" 200 11061 "https://www.google.de/" "Mozilla/5.0 (Linux; Android 5.1.1; KFGIWI Build/LVY48F) AppleWebKit/537.36 (KHTML, like Gecko) Silk/60.2.12 like Chrome/60.0.3112.107 Safari/537.36"
91.0.30.156 - - [23/Sep/2017:10:36:50 +0200] "GET /main.css HTTP/1.1" 200 1439 "http://www.morusverlag.de/cds/hymnos_akathistos.html" "Mozilla/5.0 (Linux; Android 5.1.1; KFGIWI Build/LVY48F) AppleWebKit/537.36 (KHTML, like Gecko) Silk/60.2.12 like Chrome/60.0.3112.107 Safari/537.36"
91.0.30.156 - - [23/Sep/2017:10:36:50 +0200] "GET /logo_g.gif HTTP/1.1" 200 1301 "http://www.morusverlag.de/cds/hymnos_akathistos.html" "Mozilla/5.0 (Linux; Android 5.1.1; KFGIWI Build/LVY48F) AppleWebKit/537.36 (KHTML, like Gecko) Silk/60.2.12 like Chrome/60.0.3112.107 Safari/537.36"
91.0.30.156 - - [23/Sep/2017:10:36:50 +0200] "GET /mv_g.gif HTTP/1.1" 200 4070 "http://www.morusverlag.de/cds/hymnos_akathistos.html" "Mozilla/5.0 (Linux; Android 5.1.1; KFGIWI Build/LVY48F) AppleWebKit/537.36 (KHTML, like Gecko) Silk/60.2.12 like Chrome/60.0.3112.107 Safari/537.36"
91.0.30.156 - - [23/Sep/2017:10:36:50 +0200] "GET /m.gif HTTP/1.1" 200 95 "http://www.morusverlag.de/cds/hymnos_akathistos.html" "Mozilla/5.0 (Linux; Android 5.1.1; KFGIWI Build/LVY48F) AppleWebKit/537.36 (KHTML, like Gecko) Silk/60.2.12 like Chrome/60.0.3112.107 Safari/537.36"
91.0.30.156 - - [23/Sep/2017:10:36:50 +0200] "GET /pf.gif HTTP/1.1" 200 62 "http://www.morusverlag.de/cds/hymnos_akathistos.html" "Mozilla/5.0 (Linux; Android 5.1.1; KFGIWI Build/LVY48F) AppleWebKit/537.36 (KHTML, like Gecko) Silk/60.2.12 like Chrome/60.0.3112.107 Safari/537.36"
91.0.30.156 - - [23/Sep/2017:10:36:50 +0200] "GET /cds/hymnos.jpg HTTP/1.1" 200 27752 "http://www.morusverlag.de/cds/hymnos_akathistos.html" "Mozilla/5.0 (Linux; Android 5.1.1; KFGIWI Build/LVY48F) AppleWebKit/537.36 (KHTML, like Gecko) Silk/60.2.12 like Chrome/60.0.3112.107 Safari/537.36"
91.0.30.156 - - [23/Sep/2017:10:36:50 +0200] "GET /cds/hymnos_heft.jpg HTTP/1.1" 200 8653 "http://www.morusverlag.de/cds/hymnos_akathistos.html" "Mozilla/5.0 (Linux; Android 5.1.1; KFGIWI Build/LVY48F) AppleWebKit/537.36 (KHTML, like Gecko) Silk/60.2.12 like Chrome/60.0.3112.107 Safari/537.36"
91.0.30.156 - - [23/Sep/2017:10:36:50 +0200] "GET /strich.gif HTTP/1.1" 200 45 "http://www.morusverlag.de/cds/hymnos_akathistos.html" "Mozilla/5.0 (Linux; Android 5.1.1; KFGIWI Build/LVY48F) AppleWebKit/537.36 (KHTML, like Gecko) Silk/60.2.12 like Chrome/60.0.3112.107 Safari/537.36"
91.0.30.156 - - [23/Sep/2017:10:36:51 +0200] "GET /favicon.ico HTTP/1.1" 200 4286 "http://www.morusverlag.de/cds/hymnos_akathistos.html" "Mozilla/5.0 (Linux; Android 5.1.1; KFGIWI Build/LVY48F) AppleWebKit/537.36 (KHTML, like Gecko) Silk/60.2.12 like Chrome/60.0.3112.107 Safari/537.36"
157.55.39.212 - - [23/Sep/2017:10:48:58 +0200] "GET /cds/rosarium.html HTTP/1.1" 200 6680 "-" "Mozilla/5.0 (compatible; bingbot/2.0; +http://www.bing.com/bingbot.htm)"
65.55.210.28 - - [23/Sep/2017:10:53:43 +0200] "GET /main.css HTTP/1.1" 200 1439 "http://www.morusverlag.de/cds/rosarium.html" "Mozilla/5.0 (Windows NT 6.1; WOW64) AppleWebKit/534+ (KHTML, like Gecko) BingPreview/1.0b"
195.133.201.163 - - [23/Sep/2017:10:55:45 +0200] "HEAD / HTTP/1.1" 200 - "http://remkompov.ru/sdat_komp_v_rem_ne_vihodya_iz_doma.html" "Mozilla/8.0 (compatible; MSIE3.00; Windows 2007)"
194.87.236.223 - - [23/Sep/2017:10:55:46 +0200] "HEAD / HTTP/1.1" 200 - "http://rupolitshow.ru/besogon-tv" "Mozilla/3.0 (compatible; MSIE7.00; Windows 2006)"
194.87.94.251 - - [23/Sep/2017:10:55:46 +0200] "HEAD / HTTP/1.1" 200 - "http://receptkrasoti.ru/meal/koreiskie-salaty-lychshie-recepty-kak-pravilno-i-vkysno-gotovit-koreiskie-salaty.html" "Mozilla/5.0 (compatible; MSIE4.00; Windows 2009)"
195.133.145.199 - - [23/Sep/2017:10:55:46 +0200] "HEAD / HTTP/1.1" 200 - "http://42doska.ru/catalog/uslugi_189/all_0/" "Mozilla/3.0 (compatible; MSIE4.00; Windows 2009)"
193.124.131.168 - - [23/Sep/2017:10:55:46 +0200] "HEAD / HTTP/1.1" 200 - "https://xn----7sbabm1ahc4b2aqff.su/" "Mozilla/6.0 (compatible; MSIE4.00; Windows 2009)"
195.133.147.6 - - [23/Sep/2017:11:06:07 +0200] "HEAD / HTTP/1.1" 200 - "http://www.singlit-m.ru/otlivy" "Mozilla/4.0 (compatible; MSIE6.00; Windows 2006)"
193.201.224.72 - - [23/Sep/2017:11:06:18 +0200] "GET /editor/fckeditor/editor/ HTTP/1.1" 404 2381 "-" "compatible;Baiduspider/2.0; +http://www.baidu.com/search/spider.html"
193.124.190.64 - - [23/Sep/2017:11:07:28 +0200] "HEAD / HTTP/1.1" 200 - "http://ksion-service.ru/services/7-planshet.html" "Mozilla/7.0 (compatible; MSIE6.00; Windows 2003)"
193.124.179.180 - - [23/Sep/2017:11:07:28 +0200] "HEAD / HTTP/1.1" 200 - "http://stroidom36.ru/kanalizaciya/" "Mozilla/4.0 (compatible; MSIE4.00; Windows 2009)"
185.5.249.185 - - [23/Sep/2017:11:07:29 +0200] "HEAD / HTTP/1.1" 200 - "http://resurs-2012.ru/otzyvy" "Mozilla/3.0 (compatible; MSIE7.00; Windows 2005)"
185.125.219.134 - - [23/Sep/2017:11:07:29 +0200] "HEAD / HTTP/1.1" 200 - "http://spravki-fast.com/articles.html" "Mozilla/7.0 (compatible; MSIE2.00; Windows 2005)"
194.67.210.77 - - [23/Sep/2017:11:07:29 +0200] "HEAD / HTTP/1.1" 200 - "http://digipulse.ru/catalog/fm-transmitter/" "Mozilla/8.0 (compatible; MSIE7.00; Windows 2003)"
5.101.78.194 - - [23/Sep/2017:11:15:45 +0200] "HEAD / HTTP/1.1" 200 - "http://m-interest.ru/tekhnologii/gadzhety/30-ustrojstvo-sonnet-prevrashchaet-smartfon-v-ratsiyu" "Mozilla/2.0 (compatible; MSIE3.00; Windows 2004)"
188.227.18.230 - - [23/Sep/2017:11:15:45 +0200] "HEAD / HTTP/1.1" 200 - "http://spravki-tyt.ru/podmoskov/ramenskoe.html" "Mozilla/5.0 (compatible; MSIE7.00; Windows 2008)"
185.158.153.174 - - [23/Sep/2017:11:15:45 +0200] "HEAD / HTTP/1.1" 200 - "http://parklift.ru/metro-s" "Mozilla/2.0 (compatible; MSIE5.00; Windows 2005)"
66.249.64.209 - - [23/Sep/2017:11:17:42 +0200] "GET /cds/index.html HTTP/1.1" 200 7987 "-" "Mozilla/5.0 (compatible; Googlebot/2.1; +http://www.google.com/bot.html)"
157.55.39.4 - - [23/Sep/2017:11:27:18 +0200] "GET /buecher/gesichter/13.jpg HTTP/1.1" 200 8373 "-" "Mozilla/5.0 (compatible; bingbot/2.0; +http://www.bing.com/bingbot.htm)"
157.55.39.4 - - [23/Sep/2017:12:21:25 +0200] "GET /cds/index.html HTTP/1.1" 200 7987 "-" "Mozilla/5.0 (iPhone; CPU iPhone OS 7_0 like Mac OS X) AppleWebKit/537.51.1 (KHTML, like Gecko) Version/7.0 Mobile/11A465 Safari/9537.53 (compatible; bingbot/2.0; +http://www.bing.com/bingbot.htm)"
157.55.39.147 - - [23/Sep/2017:12:28:45 +0200] "GET /buecher/gesichter/22.jpg HTTP/1.1" 200 8837 "-" "Mozilla/5.0 (compatible; bingbot/2.0; +http://www.bing.com/bingbot.htm)"
207.46.13.53 - - [23/Sep/2017:12:44:50 +0200] "GET /logo_g.gif HTTP/1.1" 200 1301 "-" "Mozilla/5.0 (iPhone; CPU iPhone OS 7_0 like Mac OS X) AppleWebKit/537.51.1 (KHTML, like Gecko) Version/7.0 Mobile/11A465 Safari/9537.53 (compatible; bingbot/2.0; +http://www.bing.com/bingbot.htm)"
207.46.13.53 - - [23/Sep/2017:12:44:51 +0200] "GET /pf.gif HTTP/1.1" 200 62 "-" "Mozilla/5.0 (iPhone; CPU iPhone OS 7_0 like Mac OS X) AppleWebKit/537.51.1 (KHTML, like Gecko) Version/7.0 Mobile/11A465 Safari/9537.53 (compatible; bingbot/2.0; +http://www.bing.com/bingbot.htm)"
157.55.39.147 - - [23/Sep/2017:12:44:51 +0200] "GET /cds/ignatius_k.jpg HTTP/1.1" 200 3965 "-" "Mozilla/5.0 (iPhone; CPU iPhone OS 7_0 like Mac OS X) AppleWebKit/537.51.1 (KHTML, like Gecko) Version/7.0 Mobile/11A465 Safari/9537.53 (compatible; bingbot/2.0; +http://www.bing.com/bingbot.htm)"
157.55.39.147 - - [23/Sep/2017:12:44:52 +0200] "GET /cds/rosarium_k.jpg HTTP/1.1" 200 3972 "-" "Mozilla/5.0 (iPhone; CPU iPhone OS 7_0 like Mac OS X) AppleWebKit/537.51.1 (KHTML, like Gecko) Version/7.0 Mobile/11A465 Safari/9537.53 (compatible; bingbot/2.0; +http://www.bing.com/bingbot.htm)"
157.55.39.4 - - [23/Sep/2017:12:45:07 +0200] "GET /m.gif HTTP/1.1" 200 95 "-" "Mozilla/5.0 (iPhone; CPU iPhone OS 7_0 like Mac OS X) AppleWebKit/537.51.1 (KHTML, like Gecko) Version/7.0 Mobile/11A465 Safari/9537.53 (compatible; bingbot/2.0; +http://www.bing.com/bingbot.htm)"
157.55.39.4 - - [23/Sep/2017:12:45:07 +0200] "GET /strich.gif HTTP/1.1" 200 45 "-" "Mozilla/5.0 (iPhone; CPU iPhone OS 7_0 like Mac OS X) AppleWebKit/537.51.1 (KHTML, like Gecko) Version/7.0 Mobile/11A465 Safari/9537.53 (compatible; bingbot/2.0; +http://www.bing.com/bingbot.htm)"
194.187.170.141 - - [23/Sep/2017:13:02:09 +0200] "GET /robots.txt HTTP/1.0" 200 100 "-" "Mozilla/5.0 (compatible; Qwantify/2.4w; +https://www.qwant.com/)/2.4w"
194.187.170.141 - - [23/Sep/2017:13:02:09 +0200] "GET / HTTP/1.0" 200 9360 "-" "Mozilla/5.0 (compatible; Qwantify/2.4w; +https://www.qwant.com/)/2.4w"
193.201.224.72 - - [23/Sep/2017:13:15:54 +0200] "GET /ckeditor/editor/ HTTP/1.1" 404 2381 "-" "compatible;Baiduspider/2.0; +http://www.baidu.com/search/spider.html"
66.249.64.209 - - [23/Sep/2017:13:41:41 +0200] "GET / HTTP/1.1" 200 9360 "-" "Mozilla/5.0 (compatible; Googlebot/2.1; +http://www.google.com/bot.html)"
86.87.197.7 - - [23/Sep/2017:13:53:05 +0200] "GET / HTTP/1.1" 200 9360 "-" "Java/1.6.0_04"
86.87.197.7 - - [23/Sep/2017:13:53:05 +0200] "GET /impressum.html HTTP/1.1" 200 2808 "-" "Java/1.6.0_04"
86.87.197.7 - - [23/Sep/2017:13:53:06 +0200] "GET /search.php HTTP/1.1" 200 2027 "-" "Java/1.6.0_04"
86.87.197.7 - - [23/Sep/2017:13:53:06 +0200] "GET /index.html HTTP/1.1" 200 9360 "-" "Java/1.6.0_04"
86.87.197.7 - - [23/Sep/2017:13:53:06 +0200] "GET /buecher/index.html HTTP/1.1" 200 25885 "-" "Java/1.6.0_04"
86.87.197.7 - - [23/Sep/2017:13:53:07 +0200] "GET /buecher/rezensionen_chateaubriand.html HTTP/1.1" 200 47317 "-" "Java/1.6.0_04"
86.87.197.7 - - [23/Sep/2017:13:53:07 +0200] "GET /buecher/veroeffentlichungsliste.html HTTP/1.1" 200 129779 "-" "Java/1.6.0_04"
86.87.197.7 - - [23/Sep/2017:13:53:08 +0200] "GET /cds/hymnos_akathistos.html HTTP/1.1" 200 11061 "-" "Java/1.6.0_04"
86.87.197.7 - - [23/Sep/2017:13:53:08 +0200] "GET /cds/ignatius.html HTTP/1.1" 200 6576 "-" "Java/1.6.0_04"
86.87.197.7 - - [23/Sep/2017:13:53:09 +0200] "GET /cds/index.html HTTP/1.1" 200 7987 "-" "Java/1.6.0_04"
86.87.197.7 - - [23/Sep/2017:13:53:09 +0200] "GET /cds/rosarium.html HTTP/1.1" 200 6680 "-" "Java/1.6.0_04"
86.87.197.7 - - [23/Sep/2017:13:53:09 +0200] "GET /gotteslob/index.html HTTP/1.1" 200 2770 "-" "Java/1.6.0_04"
86.87.197.7 - - [23/Sep/2017:13:53:09 +0200] "GET /jahrbuch/index.html HTTP/1.1" 200 3956 "-" "Java/1.6.0_04"
86.87.197.7 - - [23/Sep/2017:13:53:10 +0200] "GET /kontakt/index.html HTTP/1.1" 200 2896 "-" "Java/1.6.0_04"
86.87.197.7 - - [23/Sep/2017:13:53:10 +0200] "GET /sonderthemen/index.html HTTP/1.1" 200 7102 "-" "Java/1.6.0_04"
86.87.197.7 - - [23/Sep/2017:13:53:10 +0200] "GET /buecher/bestellung.php HTTP/1.1" 200 10142 "-" "Java/1.6.0_04"
86.87.197.7 - - [23/Sep/2017:13:53:11 +0200] "GET /buecher/diskussion.html HTTP/1.1" 200 9925 "-" "Java/1.6.0_04"
86.87.197.7 - - [23/Sep/2017:13:53:11 +0200] "GET /buecher/rezensionen_engel.html HTTP/1.1" 200 6598 "-" "Java/1.6.0_04"
86.87.197.7 - - [23/Sep/2017:13:53:11 +0200] "GET /buecher/rezensionen_krise_zum_heil.html HTTP/1.1" 200 9828 "-" "Java/1.6.0_04"
86.87.197.7 - - [23/Sep/2017:13:53:12 +0200] "GET /buecher/rezensionen_le_saulchoir.html HTTP/1.1" 200 34009 "-" "Java/1.6.0_04"
86.87.197.7 - - [23/Sep/2017:13:53:12 +0200] "GET /buecher/rezensionen_leiblichkeit_und_zeitlichkeit.html HTTP/1.1" 200 8821 "-" "Java/1.6.0_04"
86.87.197.7 - - [23/Sep/2017:13:53:12 +0200] "GET /buecher/rezensionen_nicht_auf_sand_gebaut.html HTTP/1.1" 200 6594 "-" "Java/1.6.0_04"
86.87.197.7 - - [23/Sep/2017:13:53:13 +0200] "GET /buecher/rezensionen_preysing.html HTTP/1.1" 200 9502 "-" "Java/1.6.0_04"
86.87.197.7 - - [23/Sep/2017:13:53:13 +0200] "GET /buecher/rezensionen_psalmen.html HTTP/1.1" 200 6787 "-" "Java/1.6.0_04"
86.87.197.7 - - [23/Sep/2017:13:53:13 +0200] "GET /contentflow/contentflow.js HTTP/1.1" 200 42064 "-" "Java/1.6.0_04"
86.87.197.7 - - [23/Sep/2017:13:53:13 +0200] "GET /buecher/rezensionen.html HTTP/1.1" 200 6964 "-" "Java/1.6.0_04"
86.87.197.7 - - [23/Sep/2017:13:53:14 +0200] "GET /buecher/rezensionen_ignatius.html HTTP/1.1" 200 8182 "-" "Java/1.6.0_04"
86.87.197.7 - - [23/Sep/2017:13:53:14 +0200] "GET /cds/astazi.html HTTP/1.1" 200 8453 "-" "Java/1.6.0_04"
86.87.197.7 - - [23/Sep/2017:13:53:14 +0200] "GET /cds/glockenspiel1.html HTTP/1.1" 200 9736 "-" "Java/1.6.0_04"
86.87.197.7 - - [23/Sep/2017:13:53:15 +0200] "GET /cds/glockenspiel2.html HTTP/1.1" 200 9831 "-" "Java/1.6.0_04"
86.87.197.7 - - [23/Sep/2017:13:53:15 +0200] "GET /cds/lumina.html HTTP/1.1" 200 9000 "-" "Java/1.6.0_04"
86.87.197.7 - - [23/Sep/2017:13:53:15 +0200] "GET /jahrbuch/bestellung.php HTTP/1.1" 200 10316 "-" "Java/1.6.0_04"
86.87.197.7 - - [23/Sep/2017:13:53:15 +0200] "GET /sonderthemen/archiv.html HTTP/1.1" 200 6959 "-" "Java/1.6.0_04"
86.87.197.7 - - [23/Sep/2017:13:53:16 +0200] "GET /sonderthemen/presse.html HTTP/1.1" 200 5772 "-" "Java/1.6.0_04"
86.87.197.7 - - [23/Sep/2017:13:53:16 +0200] "GET /contentflow/\"+K.src+\" HTTP/1.1" 404 2381 "-" "Java/1.6.0_04"
157.55.39.212 - - [23/Sep/2017:14:31:18 +0200] "GET /gotteslob/ HTTP/1.1" 200 2770 "-" "Mozilla/5.0 (compatible; bingbot/2.0; +http://www.bing.com/bingbot.htm)"
157.55.39.212 - - [23/Sep/2017:15:02:53 +0200] "GET /sonderthemen/sk2001.pdf HTTP/1.1" 200 3098589 "-" "Mozilla/5.0 (compatible; bingbot/2.0; +http://www.bing.com/bingbot.htm)"
193.201.224.72 - - [23/Sep/2017:15:32:45 +0200] "GET /editorold/editor/ HTTP/1.1" 404 2381 "-" "compatible;Baiduspider/2.0; +http://www.baidu.com/search/spider.html"
66.249.64.211 - - [23/Sep/2017:16:05:41 +0200] "GET /cds/ignatius.html HTTP/1.1" 200 6576 "-" "Mozilla/5.0 (compatible; Googlebot/2.1; +http://www.google.com/bot.html)"
66.249.64.209 - - [23/Sep/2017:17:20:52 +0200] "GET /cds/simplay_control.swf HTTP/1.1" 200 1243 "-" "Mozilla/5.0 (Linux; Android 6.0.1; Nexus 5X Build/MMB29P) AppleWebKit/537.36 (KHTML, like Gecko) Chrome/41.0.2272.96 Mobile Safari/537.36 (compatible; Googlebot/2.1; +http://www.google.com/bot.html)"
193.201.224.72 - - [23/Sep/2017:17:41:02 +0200] "GET /fck/editor/ HTTP/1.1" 404 2381 "-" "compatible;Baiduspider/2.0; +http://www.baidu.com/search/spider.html"
180.76.15.8 - - [23/Sep/2017:17:47:43 +0200] "GET /sonderthemen/oekt_extra1.pdf HTTP/1.1" 200 1849015 "-" "Mozilla/5.0 (compatible; Baiduspider/2.0; +http://www.baidu.com/search/spider.html)"
157.55.39.147 - - [23/Sep/2017:18:03:32 +0200] "GET /cds/glockenspiel1.html HTTP/1.1" 200 9736 "-" "Mozilla/5.0 (iPhone; CPU iPhone OS 7_0 like Mac OS X) AppleWebKit/537.51.1 (KHTML, like Gecko) Version/7.0 Mobile/11A465 Safari/9537.53 (compatible; bingbot/2.0; +http://www.bing.com/bingbot.htm)"
157.55.39.212 - - [23/Sep/2017:18:03:50 +0200] "GET /cds/simplay_control.swf HTTP/1.1" 200 1243 "-" "Mozilla/5.0 (iPhone; CPU iPhone OS 7_0 like Mac OS X) AppleWebKit/537.51.1 (KHTML, like Gecko) Version/7.0 Mobile/11A465 Safari/9537.53 (compatible; bingbot/2.0; +http://www.bing.com/bingbot.htm)"
207.46.13.53 - - [23/Sep/2017:18:03:52 +0200] "GET /pf.gif HTTP/1.1" 200 62 "-" "Mozilla/5.0 (iPhone; CPU iPhone OS 7_0 like Mac OS X) AppleWebKit/537.51.1 (KHTML, like Gecko) Version/7.0 Mobile/11A465 Safari/9537.53 (compatible; bingbot/2.0; +http://www.bing.com/bingbot.htm)"
157.55.39.147 - - [23/Sep/2017:18:03:58 +0200] "GET /cds/simplay_player.swf?audiofile=glockenspiel1.mp3 HTTP/1.1" 200 6377 "-" "Mozilla/5.0 (iPhone; CPU iPhone OS 7_0 like Mac OS X) AppleWebKit/537.51.1 (KHTML, like Gecko) Version/7.0 Mobile/11A465 Safari/9537.53 (compatible; bingbot/2.0; +http://www.bing.com/bingbot.htm)"
157.55.39.4 - - [23/Sep/2017:18:04:14 +0200] "GET /cds/glockenspiel1.jpg HTTP/1.1" 200 28614 "-" "Mozilla/5.0 (iPhone; CPU iPhone OS 7_0 like Mac OS X) AppleWebKit/537.51.1 (KHTML, like Gecko) Version/7.0 Mobile/11A465 Safari/9537.53 (compatible; bingbot/2.0; +http://www.bing.com/bingbot.htm)"
157.55.39.4 - - [23/Sep/2017:18:04:16 +0200] "GET /mv_g.gif HTTP/1.1" 200 4070 "-" "Mozilla/5.0 (iPhone; CPU iPhone OS 7_0 like Mac OS X) AppleWebKit/537.51.1 (KHTML, like Gecko) Version/7.0 Mobile/11A465 Safari/9537.53 (compatible; bingbot/2.0; +http://www.bing.com/bingbot.htm)"
66.249.64.211 - - [23/Sep/2017:18:29:41 +0200] "GET /cds/rosarium.html HTTP/1.1" 200 6680 "-" "Mozilla/5.0 (compatible; Googlebot/2.1; +http://www.google.com/bot.html)"
157.55.39.212 - - [23/Sep/2017:18:35:33 +0200] "GET /sonderthemen/archiv.html HTTP/1.1" 200 6959 "-" "Mozilla/5.0 (compatible; bingbot/2.0; +http://www.bing.com/bingbot.htm)"
