80.171.20.235 - - [24/Sep/2017:21:52:42 +0200] "GET /buecher/leiblichkeit.jpg HTTP/1.1" 200 3929 "http://www.morusverlag.de/buecher/index.html" "Mozilla/5.0 (Linux; Android 4.4.2; GT-I9195 Build/KOT49H) AppleWebKit/537.36 (KHTML, like Gecko) Chrome/60.0.3112.116 Mobile Safari/537.36"
80.171.20.235 - - [24/Sep/2017:21:52:42 +0200] "GET /buecher/preysing.jpg HTTP/1.1" 200 3799 "http://www.morusverlag.de/buecher/index.html" "Mozilla/5.0 (Linux; Android 4.4.2; GT-I9195 Build/KOT49H) AppleWebKit/537.36 (KHTML, like Gecko) Chrome/60.0.3112.116 Mobile Safari/537.36"
80.171.20.235 - - [24/Sep/2017:21:52:42 +0200] "GET /contentflow/img/scrollbar_black.png HTTP/1.1" 200 82 "http://www.morusverlag.de/contentflow/ContentFlowAddOn_white.css" "Mozilla/5.0 (Linux; Android 4.4.2; GT-I9195 Build/KOT49H) AppleWebKit/537.36 (KHTML, like Gecko) Chrome/60.0.3112.116 Mobile Safari/537.36"
80.171.20.235 - - [24/Sep/2017:21:52:42 +0200] "GET /contentflow/img/slider_black.png HTTP/1.1" 200 175 "http://www.morusverlag.de/contentflow/ContentFlowAddOn_white.css" "Mozilla/5.0 (Linux; Android 4.4.2; GT-I9195 Build/KOT49H) AppleWebKit/537.36 (KHTML, like Gecko) Chrome/60.0.3112.116 Mobile Safari/537.36"
80.171.20.235 - - [24/Sep/2017:21:52:42 +0200] "GET /contentflow/img/1x1_0.5_white.png HTTP/1.1" 200 82 "http://www.morusverlag.de/contentflow/ContentFlowAddOn_white.css" "Mozilla/5.0 (Linux; Android 4.4.2; GT-I9195 Build/KOT49H) AppleWebKit/537.36 (KHTML, like Gecko) Chrome/60.0.3112.116 Mobile Safari/537.36"
80.171.20.235 - - [24/Sep/2017:21:52:42 +0200] "GET /contentflow/img/loader_white.gif HTTP/1.1" 200 8238 "http://www.morusverlag.de/contentflow/ContentFlowAddOn_white.css" "Mozilla/5.0 (Linux; Android 4.4.2; GT-I9195 Build/KOT49H) AppleWebKit/537.36 (KHTML, like Gecko) Chrome/60.0.3112.116 Mobile Safari/537.36"
80.171.20.235 - - [24/Sep/2017:21:53:01 +0200] "POST /search.php HTTP/1.1" 200 2038 "http://www.morusverlag.de/buecher/index.html" "Mozilla/5.0 (Linux; Android 4.4.2; GT-I9195 Build/KOT49H) AppleWebKit/537.36 (KHTML, like Gecko) Chrome/60.0.3112.116 Mobile Safari/537.36"
80.171.20.235 - - [24/Sep/2017:21:53:17 +0200] "POST /search.php HTTP/1.1" 200 2040 "http://www.morusverlag.de/search.php" "Mozilla/5.0 (Linux; Android 4.4.2; GT-I9195 Build/KOT49H) AppleWebKit/537.36 (KHTML, like Gecko) Chrome/60.0.3112.116 Mobile Safari/537.36"
80.171.20.235 - - [24/Sep/2017:21:53:22 +0200] "GET /contentflow/mycontentflow.css HTTP/1.1" 404 2381 "http://www.morusverlag.de/buecher/index.html" "Mozilla/5.0 (Linux; Android 4.4.2; GT-I9195 Build/KOT49H) AppleWebKit/537.36 (KHTML, like Gecko) Chrome/60.0.3112.116 Mobile Safari/537.36"
80.171.20.235 - - [24/Sep/2017:21:53:25 +0200] "GET /buecher/ HTTP/1.1" 200 25885 "https://www.google.de/" "Mozilla/5.0 (Linux; Android 4.4.2; GT-I9195 Build/KOT49H) AppleWebKit/537.36 (KHTML, like Gecko) Chrome/60.0.3112.116 Mobile Safari/537.36"
80.171.20.235 - - [24/Sep/2017:21:53:25 +0200] "GET /contentflow/mycontentflow.css HTTP/1.1" 404 2381 "http://www.morusverlag.de/buecher/" "Mozilla/5.0 (Linux; Android 4.4.2; GT-I9195 Build/KOT49H) AppleWebKit/537.36 (KHTML, like Gecko) Chrome/60.0.3112.116 Mobile Safari/537.36"
68.180.229.233 - - [24/Sep/2017:21:56:15 +0200] "GET /robots.txt HTTP/1.1" 200 100 "-" "Mozilla/5.0 (compatible; Yahoo! Slurp; http://help.yahoo.com/help/us/ysearch/slurp)"
68.180.229.233 - - [24/Sep/2017:21:56:16 +0200] "GET /sonderthemen/sk2002.pdf HTTP/1.1" 200 2628923 "-" "Mozilla/5.0 (compatible; Yahoo! Slurp; http://help.yahoo.com/help/us/ysearch/slurp)"
207.46.13.17 - - [24/Sep/2017:22:17:24 +0200] "GET / HTTP/1.1" 200 9360 "-" "Mozilla/5.0 (compatible; bingbot/2.0; +http://www.bing.com/bingbot.htm)"
180.76.15.34 - - [24/Sep/2017:22:54:12 +0200] "GET /sonderthemen/az2003.pdf HTTP/1.1" 200 4864675 "-" "Mozilla/5.0 (compatible; Baiduspider/2.0; +http://www.baidu.com/search/spider.html)"
40.77.167.28 - - [24/Sep/2017:23:15:25 +0200] "GET /sonderthemen/oeaz2001.pdf HTTP/1.1" 200 4496626 "-" "Mozilla/5.0 (compatible; bingbot/2.0; +http://www.bing.com/bingbot.htm)"
157.55.39.189 - - [25/Sep/2017:00:10:36 +0200] "GET /buecher/rezensionen.html HTTP/1.1" 200 6964 "-" "Mozilla/5.0 (compatible; bingbot/2.0; +http://www.bing.com/bingbot.htm)"
40.77.167.61 - - [25/Sep/2017:00:10:46 +0200] "GET /main.css HTTP/1.1" 200 1439 "-" "Mozilla/5.0 (compatible; bingbot/2.0; +http://www.bing.com/bingbot.htm)"
40.77.179.121 - - [25/Sep/2017:00:16:50 +0200] "GET /sonderthemen/oeaz2001.pdf HTTP/1.1" 200 4496626 "-" "Mozilla/5.0 (Windows NT 6.1; WOW64) AppleWebKit/534+ (KHTML, like Gecko) BingPreview/1.0b"
69.64.40.177 - - [25/Sep/2017:01:34:51 +0200] "GET /buecher/gesichter/10.jpg HTTP/1.1" 200 7686 "-" "Googlebot-Image/1.0"
217.69.143.63 - - [25/Sep/2017:01:36:27 +0200] "GET /robots.txt HTTP/1.0" 200 100 "-" "Mozilla/5.0 (compatible; Linux x86_64; Mail.RU_Bot/Robots/2.0; +http://go.mail.ru/help/robots)"
217.69.143.68 - - [25/Sep/2017:01:36:28 +0200] "GET / HTTP/1.1" 200 9360 "-" "Mozilla/5.0 (compatible; Linux x86_64; Mail.RU_Bot/Robots/2.0; +http://go.mail.ru/help/robots)"
5.9.145.132 - - [25/Sep/2017:04:05:05 +0200] "GET /sonderthemen/oekt_extra3.pdf HTTP/1.1" 200 2109745 "-" "Mozilla/5.0 (Windows NT 5.1; rv:21.0) Gecko/20130401 Firefox/21.0"
77.220.213.173 - - [25/Sep/2017:04:06:08 +0200] "HEAD / HTTP/1.1" 200 - "http://42doska.ru/catalog/dlya_doma_i_dachi_2/all_0/" "Mozilla/2.0 (compatible; MSIE6.00; Windows 2003)"
185.154.13.6 - - [25/Sep/2017:04:13:30 +0200] "HEAD / HTTP/1.1" 200 - "http://glazki-zakryvai.ru/brand/fei-din-din/" "Mozilla/8.0 (compatible; MSIE4.00; Windows 2006)"
178.159.43.212 - - [25/Sep/2017:04:13:33 +0200] "HEAD / HTTP/1.1" 200 - "https://xn----7sbabm1ahc4b2aqff.su/" "Mozilla/3.0 (compatible; MSIE6.00; Windows 2004)"
185.209.20.147 - - [25/Sep/2017:04:19:13 +0200] "HEAD / HTTP/1.1" 200 - "http://stroidom36.ru/remont-otdelka-pomeshcheniy/" "Mozilla/5.0 (compatible; MSIE7.00; Windows 2009)"
178.159.39.237 - - [25/Sep/2017:04:21:32 +0200] "HEAD / HTTP/1.1" 200 - "http://perelomu.net/ozhogi/pervaya-medicinskaya-pomoshh-pri-ozhogax.html" "Mozilla/2.0 (compatible; MSIE2.00; Windows 2009)"
207.46.13.17 - - [25/Sep/2017:04:21:59 +0200] "GET /sonderthemen/oekz2003.pdf HTTP/1.1" 200 4017017 "-" "Mozilla/5.0 (iPhone; CPU iPhone OS 7_0 like Mac OS X) AppleWebKit/537.51.1 (KHTML, like Gecko) Version/7.0 Mobile/11A465 Safari/9537.53 (compatible; bingbot/2.0; +http://www.bing.com/bingbot.htm)"
136.243.89.157 - - [25/Sep/2017:04:25:13 +0200] "GET /robots.txt HTTP/1.0" 200 100 "-" "Mozilla/5.0 (compatible; SEOkicks-Robot; +http://www.seokicks.de/robot.html)"
136.243.89.157 - - [25/Sep/2017:04:25:14 +0200] "GET / HTTP/1.0" 200 9360 "-" "Mozilla/5.0 (compatible; SEOkicks-Robot; +http://www.seokicks.de/robot.html)"
136.243.89.157 - - [25/Sep/2017:04:25:16 +0200] "GET /main.css HTTP/1.0" 200 1439 "http://www.morusverlag.de/" "Mozilla/5.0 (compatible; SEOkicks-Robot; +http://www.seokicks.de/robot.html)"
136.243.89.157 - - [25/Sep/2017:04:25:17 +0200] "GET /buecher/index.html HTTP/1.0" 200 25885 "http://www.morusverlag.de/" "Mozilla/5.0 (compatible; SEOkicks-Robot; +http://www.seokicks.de/robot.html)"
136.243.89.157 - - [25/Sep/2017:04:25:18 +0200] "GET /contentflow/contentflow.js HTTP/1.0" 200 42064 "http://www.morusverlag.de/buecher/index.html" "Mozilla/5.0 (compatible; SEOkicks-Robot; +http://www.seokicks.de/robot.html)"
136.243.89.157 - - [25/Sep/2017:04:25:20 +0200] "GET /cds/index.html HTTP/1.0" 200 7987 "http://www.morusverlag.de/" "Mozilla/5.0 (compatible; SEOkicks-Robot; +http://www.seokicks.de/robot.html)"
136.243.89.157 - - [25/Sep/2017:04:25:21 +0200] "GET /gotteslob/index.html HTTP/1.0" 200 2770 "http://www.morusverlag.de/" "Mozilla/5.0 (compatible; SEOkicks-Robot; +http://www.seokicks.de/robot.html)"
136.243.89.157 - - [25/Sep/2017:04:25:22 +0200] "GET /jahrbuch/index.html HTTP/1.0" 200 3956 "http://www.morusverlag.de/" "Mozilla/5.0 (compatible; SEOkicks-Robot; +http://www.seokicks.de/robot.html)"
136.243.89.157 - - [25/Sep/2017:04:25:23 +0200] "GET /sonderthemen/index.html HTTP/1.0" 200 7102 "http://www.morusverlag.de/" "Mozilla/5.0 (compatible; SEOkicks-Robot; +http://www.seokicks.de/robot.html)"
136.243.17.161 - - [25/Sep/2017:04:31:19 +0200] "GET /sonderthemen/sk2002.pdf HTTP/1.1" 200 2628923 "-" "Mozilla/5.0 (Windows NT 6.1; rv:12.0) Gecko/ 20120405 Firefox/14.0.1"
5.9.94.207 - - [25/Sep/2017:04:31:19 +0200] "GET /sonderthemen/oeaz2002.pdf HTTP/1.1" 200 3161455 "-" "Mozilla/5.0 (Macintosh; Intel Mac OS X 10_8_3) AppleWebKit/537.36 (KHTML, like Gecko) Chrome/27.0.1453.93 Safari/537.36"
194.187.170.110 - - [25/Sep/2017:04:35:37 +0200] "GET /robots.txt HTTP/1.0" 200 100 "-" "Mozilla/5.0 (compatible; Qwantify/2.4w; +https://www.qwant.com/)/2.4w"
194.187.170.110 - - [25/Sep/2017:04:35:37 +0200] "GET / HTTP/1.0" 200 9360 "-" "Mozilla/5.0 (compatible; Qwantify/2.4w; +https://www.qwant.com/)/2.4w"
195.133.145.199 - - [25/Sep/2017:04:36:44 +0200] "HEAD / HTTP/1.1" 200 - "http://www.es-teplopushka.ru/category_22.html" "Mozilla/7.0 (compatible; MSIE7.00; Windows 2002)"
195.133.201.163 - - [25/Sep/2017:04:38:03 +0200] "HEAD / HTTP/1.1" 200 - "https://t-machinery.ru/vibroplity/" "Mozilla/2.0 (compatible; MSIE7.00; Windows 2004)"
194.87.94.251 - - [25/Sep/2017:04:38:04 +0200] "HEAD / HTTP/1.1" 200 - "http://receptkrasoti.ru/meal/salat-olive-s-kolbasoi-piat-lychshih-receptov-kak-pravilno-i-vkysno-prigotovit-salat-olive-s-kolbasoi.html" "Mozilla/7.0 (compatible; MSIE5.00; Windows 2009)"
194.87.236.223 - - [25/Sep/2017:04:38:05 +0200] "HEAD / HTTP/1.1" 200 - "http://rupolitshow.ru/zagadki-veka" "Mozilla/3.0 (compatible; MSIE4.00; Windows 2009)"
193.124.131.168 - - [25/Sep/2017:04:42:22 +0200] "HEAD / HTTP/1.1" 200 - "http://www.singlit-m.ru/metallocherepica" "Mozilla/8.0 (compatible; MSIE3.00; Windows 2004)"
195.133.147.6 - - [25/Sep/2017:04:51:02 +0200] "HEAD / HTTP/1.1" 200 - "http://remkompov.ru/kompyuternaya-pomosch.htm" "Mozilla/5.0 (compatible; MSIE5.00; Windows 2006)"
192.42.116.16 - - [25/Sep/2017:04:53:43 +0200] "POST /index.php?m=member&c=index&a=register&siteid=1 HTTP/1.1" 404 2381 "-" "Mozilla/5.0 (Windows NT 10.0; Win64; x64) AppleWebKit/537.36 (KHTML, like Gecko) Chrome/56.0.2924.87 Safari/537.36"
193.1.218.163 - - [25/Sep/2017:05:02:17 +0200] "HEAD / HTTP/1.1" 200 - "-" "Java/1.6.0_23"
193.124.190.64 - - [25/Sep/2017:05:04:28 +0200] "HEAD / HTTP/1.1" 200 - "http://na-batut.ru/batuty-dfc" "Mozilla/4.0 (compatible; MSIE4.00; Windows 2007)"
185.125.219.134 - - [25/Sep/2017:05:04:28 +0200] "HEAD / HTTP/1.1" 200 - "http://dom-shirm.ru/shirmi-dekorativnie" "Mozilla/3.0 (compatible; MSIE2.00; Windows 2008)"
194.67.210.77 - - [25/Sep/2017:05:04:28 +0200] "HEAD / HTTP/1.1" 200 - "http://parklift.ru/remontno-vosstanovitelnye-raboty" "Mozilla/7.0 (compatible; MSIE4.00; Windows 2007)"
185.5.249.185 - - [25/Sep/2017:05:04:28 +0200] "HEAD / HTTP/1.1" 200 - "http://www.shirma.org/kontakty" "Mozilla/4.0 (compatible; MSIE6.00; Windows 2004)"
66.249.64.209 - - [25/Sep/2017:05:36:22 +0200] "GET /robots.txt HTTP/1.1" 200 100 "-" "Mozilla/5.0 (compatible; Googlebot/2.1; +http://www.google.com/bot.html)"
66.249.64.209 - - [25/Sep/2017:05:36:22 +0200] "GET /cds/rosarium_k.jpg HTTP/1.1" 304 - "-" "Googlebot-Image/1.0"
78.46.156.169 - - [25/Sep/2017:06:09:55 +0200] "GET /sonderthemen/oekt_extra3.pdf HTTP/1.1" 200 2109745 "-" "Mozilla/5.0 (Macintosh; Intel Mac OS X 10_6_8) AppleWebKit/535.19 (KHTML, like Gecko) Chrome/18.0.1025.166 Safari/535.19"
40.77.167.135 - - [25/Sep/2017:06:23:36 +0200] "GET /sonderthemen/oekt_extra3.pdf HTTP/1.1" 200 2109745 "-" "Mozilla/5.0 (iPhone; CPU iPhone OS 7_0 like Mac OS X) AppleWebKit/537.51.1 (KHTML, like Gecko) Version/7.0 Mobile/11A465 Safari/9537.53 (compatible; bingbot/2.0; +http://www.bing.com/bingbot.htm)"
148.251.54.44 - - [25/Sep/2017:06:34:49 +0200] "GET /sonderthemen/oeaz2001.pdf HTTP/1.1" 200 4496626 "-" "Mozilla/5.0 (X11; Ubuntu; Linux x86_64; rv:21.0) Gecko/20100101 Firefox/21.0"
94.134.54.50 - - [25/Sep/2017:06:44:51 +0200] "GET /buecher/rezensionen_chateaubriand.html HTTP/1.1" 200 47317 "-" "Mozilla/5.0 (Macintosh; Intel Mac OS X 10_10_3) AppleWebKit/537.36 (KHTML, like Gecko) Chrome/41.0.2272.89 Safari/537.36"
94.134.54.50 - - [25/Sep/2017:06:44:51 +0200] "GET /jahrbuch/index.html HTTP/1.1" 200 3956 "-" "Mozilla/5.0 (Macintosh; Intel Mac OS X 10_10_3) AppleWebKit/537.36 (KHTML, like Gecko) Chrome/41.0.2272.89 Safari/537.36"
84.132.57.204 - - [25/Sep/2017:06:44:52 +0200] "GET /index.html HTTP/1.1" 200 9360 "-" "Mozilla/5.0 (Macintosh; Intel Mac OS X 10_10_3) AppleWebKit/537.36 (KHTML, like Gecko) Chrome/41.0.2272.89 Safari/537.36"
188.100.67.119 - - [25/Sep/2017:06:44:52 +0200] "GET /kontakt/index.html HTTP/1.1" 200 2896 "-" "Mozilla/5.0 (Macintosh; Intel Mac OS X 10_10_3) AppleWebKit/537.36 (KHTML, like Gecko) Chrome/41.0.2272.89 Safari/537.36"
94.134.134.202 - - [25/Sep/2017:06:44:52 +0200] "GET /buecher/rezensionen.html HTTP/1.1" 200 6964 "-" "Mozilla/5.0 (Macintosh; Intel Mac OS X 10_10_3) AppleWebKit/537.36 (KHTML, like Gecko) Chrome/41.0.2272.89 Safari/537.36"
188.106.105.201 - - [25/Sep/2017:06:44:52 +0200] "GET /impressum.html HTTP/1.1" 200 2808 "-" "Mozilla/5.0 (Macintosh; Intel Mac OS X 10_10_3) AppleWebKit/537.36 (KHTML, like Gecko) Chrome/41.0.2272.89 Safari/537.36"
188.103.24.27 - - [25/Sep/2017:06:44:52 +0200] "GET /buecher/index.html HTTP/1.1" 200 25885 "-" "Mozilla/5.0 (Macintosh; Intel Mac OS X 10_10_3) AppleWebKit/537.36 (KHTML, like Gecko) Chrome/41.0.2272.89 Safari/537.36"
93.196.118.231 - - [25/Sep/2017:06:44:52 +0200] "GET /sonderthemen/index.html HTTP/1.1" 200 7102 "-" "Mozilla/5.0 (Macintosh; Intel Mac OS X 10_10_3) AppleWebKit/537.36 (KHTML, like Gecko) Chrome/41.0.2272.89 Safari/537.36"
188.102.71.200 - - [25/Sep/2017:06:44:53 +0200] "GET /cds/index.html HTTP/1.1" 200 7987 "-" "Mozilla/5.0 (Macintosh; Intel Mac OS X 10_10_3) AppleWebKit/537.36 (KHTML, like Gecko) Chrome/41.0.2272.89 Safari/537.36"
78.52.2.192 - - [25/Sep/2017:06:44:52 +0200] "GET /buecher/veroeffentlichungsliste.html HTTP/1.1" 200 129779 "-" "Mozilla/5.0 (Macintosh; Intel Mac OS X 10_10_3) AppleWebKit/537.36 (KHTML, like Gecko) Chrome/41.0.2272.89 Safari/537.36"
188.102.71.200 - - [25/Sep/2017:06:44:57 +0200] "GET /gotteslob/index.html HTTP/1.1" 200 2770 "-" "Mozilla/5.0 (Macintosh; Intel Mac OS X 10_10_3) AppleWebKit/537.36 (KHTML, like Gecko) Chrome/41.0.2272.89 Safari/537.36"
68.180.229.233 - - [25/Sep/2017:06:58:08 +0200] "GET /robots.txt HTTP/1.1" 200 100 "-" "Mozilla/5.0 (compatible; Yahoo! Slurp; http://help.yahoo.com/help/us/ysearch/slurp)"
68.180.229.233 - - [25/Sep/2017:06:58:09 +0200] "GET /cds/glockenspiel2.html HTTP/1.1" 304 - "-" "Mozilla/5.0 (compatible; Yahoo! Slurp; http://help.yahoo.com/help/us/ysearch/slurp)"
193.124.179.180 - - [25/Sep/2017:08:58:54 +0200] "HEAD / HTTP/1.1" 200 - "https://brauni.com.ua/smesiteli/smesitel-dlya-umyvalnika-ch609-detail" "Mozilla/6.0 (compatible; MSIE3.00; Windows 2005)"
77.220.213.173 - - [25/Sep/2017:09:04:36 +0200] "HEAD / HTTP/1.1" 200 - "http://42doska.ru/catalog/" "Mozilla/3.0 (compatible; MSIE3.00; Windows 2007)"
157.55.39.110 - - [25/Sep/2017:09:05:14 +0200] "GET /sonderthemen/oekt_extra2.pdf HTTP/1.1" 200 1939949 "-" "Mozilla/5.0 (iPhone; CPU iPhone OS 7_0 like Mac OS X) AppleWebKit/537.51.1 (KHTML, like Gecko) Version/7.0 Mobile/11A465 Safari/9537.53 (compatible; bingbot/2.0; +http://www.bing.com/bingbot.htm)"
178.159.43.212 - - [25/Sep/2017:09:05:51 +0200] "HEAD / HTTP/1.1" 200 - "https://xn----7sbabm1ahc4b2aqff.su/%D0%BF%D0%B8%D0%BB%D0%BE%D0%BC%D0%B0%D1%82%D0%B5%D1%80%D0%B8%D0%B0%D0%BB%D1%8B/%D0%B4%D0%BE%D1%81%D0%BA%D0%B0-%D0%BF%D0%BE%D0%BB%D0%B0/" "Mozilla/8.0 (compatible; MSIE6.00; Windows 2003)"
185.209.20.147 - - [25/Sep/2017:09:09:33 +0200] "HEAD / HTTP/1.1" 200 - "http://stroidom36.ru/proekty-domov/" "Mozilla/6.0 (compatible; MSIE7.00; Windows 2009)"
188.227.18.230 - - [25/Sep/2017:09:22:00 +0200] "HEAD / HTTP/1.1" 200 - "http://500smesiteley.ru/catalog/smesiteli-dlya-rakoviny/" "Mozilla/4.0 (compatible; MSIE2.00; Windows 2006)"
5.101.78.194 - - [25/Sep/2017:09:22:00 +0200] "HEAD / HTTP/1.1" 200 - "http://technika-remont.ru/kompyuternye-uslugi/ustanovka-programm" "Mozilla/4.0 (compatible; MSIE3.00; Windows 2006)"
185.158.153.174 - - [25/Sep/2017:09:22:00 +0200] "HEAD / HTTP/1.1" 200 - "https://muzamaster.ru/collection/nadpisi-bukvy" "Mozilla/8.0 (compatible; MSIE2.00; Windows 2006)"
178.159.39.237 - - [25/Sep/2017:09:30:02 +0200] "HEAD / HTTP/1.1" 200 - "http://perelomu.net/sinyaki/stadii-gematomyi-myagkih-tkaney.html" "Mozilla/8.0 (compatible; MSIE5.00; Windows 2004)"
217.198.244.179 - - [25/Sep/2017:09:41:28 +0200] "GET /buecher/rezensionen_leiblichkeit_und_zeitlichkeit.html HTTP/1.1" 200 8821 "http://www.google.de/url?sa=t&rct=j&q=&esrc=s&source=web&cd=2&ved=0ahUKEwiQ0d6J6b_WAhVBExoKHRbNDFYQFggyMAE&url=http%3A%2F%2Fwww.morusverlag.de%2Fbuecher%2Frezensionen_leiblichkeit_und_zeitlichkeit.html&usg=AFQjCNF2_ayXWGqfA_BYeWUC4DZ7G-hUnw" "Mozilla/5.0 (Windows NT 10.0; WOW64; Trident/7.0; Touch; rv:11.0) like Gecko"
217.198.244.179 - - [25/Sep/2017:09:41:28 +0200] "GET /main.css HTTP/1.1" 200 1439 "http://www.morusverlag.de/buecher/rezensionen_leiblichkeit_und_zeitlichkeit.html" "Mozilla/5.0 (Windows NT 10.0; WOW64; Trident/7.0; Touch; rv:11.0) like Gecko"
217.198.244.179 - - [25/Sep/2017:09:41:28 +0200] "GET /logo_g.gif HTTP/1.1" 200 1301 "http://www.morusverlag.de/buecher/rezensionen_leiblichkeit_und_zeitlichkeit.html" "Mozilla/5.0 (Windows NT 10.0; WOW64; Trident/7.0; Touch; rv:11.0) like Gecko"
217.198.244.179 - - [25/Sep/2017:09:41:28 +0200] "GET /m.gif HTTP/1.1" 200 95 "http://www.morusverlag.de/buecher/rezensionen_leiblichkeit_und_zeitlichkeit.html" "Mozilla/5.0 (Windows NT 10.0; WOW64; Trident/7.0; Touch; rv:11.0) like Gecko"
217.198.244.179 - - [25/Sep/2017:09:41:28 +0200] "GET /mv_g.gif HTTP/1.1" 200 4070 "http://www.morusverlag.de/buecher/rezensionen_leiblichkeit_und_zeitlichkeit.html" "Mozilla/5.0 (Windows NT 10.0; WOW64; Trident/7.0; Touch; rv:11.0) like Gecko"
217.198.244.179 - - [25/Sep/2017:09:41:28 +0200] "GET /pf.gif HTTP/1.1" 200 62 "http://www.morusverlag.de/buecher/rezensionen_leiblichkeit_und_zeitlichkeit.html" "Mozilla/5.0 (Windows NT 10.0; WOW64; Trident/7.0; Touch; rv:11.0) like Gecko"
217.198.244.179 - - [25/Sep/2017:09:41:28 +0200] "GET /buecher/leiblichkeit.jpg HTTP/1.1" 200 3929 "http://www.morusverlag.de/buecher/rezensionen_leiblichkeit_und_zeitlichkeit.html" "Mozilla/5.0 (Windows NT 10.0; WOW64; Trident/7.0; Touch; rv:11.0) like Gecko"
217.198.244.179 - - [25/Sep/2017:09:41:28 +0200] "GET /strich.gif HTTP/1.1" 200 45 "http://www.morusverlag.de/buecher/rezensionen_leiblichkeit_und_zeitlichkeit.html" "Mozilla/5.0 (Windows NT 10.0; WOW64; Trident/7.0; Touch; rv:11.0) like Gecko"
217.198.244.179 - - [25/Sep/2017:09:41:28 +0200] "GET /strich.gif HTTP/1.1" 200 45 "http://www.morusverlag.de/buecher/rezensionen_leiblichkeit_und_zeitlichkeit.html" "Mozilla/5.0 (Windows NT 10.0; WOW64; Trident/7.0; Touch; rv:11.0) like Gecko"
217.198.244.179 - - [25/Sep/2017:09:41:28 +0200] "GET /favicon.ico HTTP/1.1" 200 4286 "-" "Mozilla/5.0 (Windows NT 10.0; Win64; x64; Trident/7.0; Touch; rv:11.0) like Gecko"
91.65.52.146 - - [25/Sep/2017:10:02:27 +0200] "GET /cds/hymnos_akathistos.html HTTP/1.1" 200 11061 "https://www.google.com/" "Mozilla/5.0 (Windows NT 10.0; Win64; x64) AppleWebKit/537.36 (KHTML, like Gecko) Chrome/60.0.3112.113 Safari/537.36"
91.65.52.146 - - [25/Sep/2017:10:02:27 +0200] "GET /main.css HTTP/1.1" 200 1439 "http://www.morusverlag.de/cds/hymnos_akathistos.html" "Mozilla/5.0 (Windows NT 10.0; Win64; x64) AppleWebKit/537.36 (KHTML, like Gecko) Chrome/60.0.3112.113 Safari/537.36"
91.65.52.146 - - [25/Sep/2017:10:02:27 +0200] "GET /logo_g.gif HTTP/1.1" 200 1301 "http://www.morusverlag.de/cds/hymnos_akathistos.html" "Mozilla/5.0 (Windows NT 10.0; Win64; x64) AppleWebKit/537.36 (KHTML, like Gecko) Chrome/60.0.3112.113 Safari/537.36"
91.65.52.146 - - [25/Sep/2017:10:02:27 +0200] "GET /mv_g.gif HTTP/1.1" 200 4070 "http://www.morusverlag.de/cds/hymnos_akathistos.html" "Mozilla/5.0 (Windows NT 10.0; Win64; x64) AppleWebKit/537.36 (KHTML, like Gecko) Chrome/60.0.3112.113 Safari/537.36"
91.65.52.146 - - [25/Sep/2017:10:02:27 +0200] "GET /m.gif HTTP/1.1" 200 95 "http://www.morusverlag.de/cds/hymnos_akathistos.html" "Mozilla/5.0 (Windows NT 10.0; Win64; x64) AppleWebKit/537.36 (KHTML, like Gecko) Chrome/60.0.3112.113 Safari/537.36"
91.65.52.146 - - [25/Sep/2017:10:02:27 +0200] "GET /cds/hymnos.jpg HTTP/1.1" 200 27752 "http://www.morusverlag.de/cds/hymnos_akathistos.html" "Mozilla/5.0 (Windows NT 10.0; Win64; x64) AppleWebKit/537.36 (KHTML, like Gecko) Chrome/60.0.3112.113 Safari/537.36"
91.65.52.146 - - [25/Sep/2017:10:02:27 +0200] "GET /cds/hymnos_heft.jpg HTTP/1.1" 200 8653 "http://www.morusverlag.de/cds/hymnos_akathistos.html" "Mozilla/5.0 (Windows NT 10.0; Win64; x64) AppleWebKit/537.36 (KHTML, like Gecko) Chrome/60.0.3112.113 Safari/537.36"
91.65.52.146 - - [25/Sep/2017:10:02:27 +0200] "GET /pf.gif HTTP/1.1" 200 62 "http://www.morusverlag.de/cds/hymnos_akathistos.html" "Mozilla/5.0 (Windows NT 10.0; Win64; x64) AppleWebKit/537.36 (KHTML, like Gecko) Chrome/60.0.3112.113 Safari/537.36"
91.65.52.146 - - [25/Sep/2017:10:02:27 +0200] "GET /strich.gif HTTP/1.1" 200 45 "http://www.morusverlag.de/cds/hymnos_akathistos.html" "Mozilla/5.0 (Windows NT 10.0; Win64; x64) AppleWebKit/537.36 (KHTML, like Gecko) Chrome/60.0.3112.113 Safari/537.36"
91.65.52.146 - - [25/Sep/2017:10:02:27 +0200] "GET /favicon.ico HTTP/1.1" 200 4286 "http://www.morusverlag.de/cds/hymnos_akathistos.html" "Mozilla/5.0 (Windows NT 10.0; Win64; x64) AppleWebKit/537.36 (KHTML, like Gecko) Chrome/60.0.3112.113 Safari/537.36"
162.210.196.97 - - [25/Sep/2017:10:06:05 +0200] "GET /robots.txt HTTP/1.1" 200 100 "-" "Mozilla/5.0 (compatible; MJ12bot/v1.4.8; http://mj12bot.com/)"
162.210.196.97 - - [25/Sep/2017:10:06:07 +0200] "GET / HTTP/1.1" 200 9360 "-" "Mozilla/5.0 (compatible; MJ12bot/v1.4.8; http://mj12bot.com/)"
207.46.13.17 - - [25/Sep/2017:10:22:52 +0200] "GET /gotteslob/gotteslob_alle.jpg HTTP/1.1" 200 24560 "-" "Mozilla/5.0 (compatible; bingbot/2.0; +http://www.bing.com/bingbot.htm)"
194.87.236.223 - - [25/Sep/2017:10:34:02 +0200] "HEAD / HTTP/1.1" 200 - "http://rupolitshow.ru/kievskij-tupik" "Mozilla/7.0 (compatible; MSIE7.00; Windows 2008)"
193.124.131.168 - - [25/Sep/2017:10:34:02 +0200] "HEAD / HTTP/1.1" 200 - "http://www.singlit-m.ru/" "Mozilla/6.0 (compatible; MSIE3.00; Windows 2006)"
195.133.145.199 - - [25/Sep/2017:10:34:02 +0200] "HEAD / HTTP/1.1" 200 - "http://www.es-teplopushka.ru/category_6.html" "Mozilla/7.0 (compatible; MSIE7.00; Windows 2006)"
195.133.201.163 - - [25/Sep/2017:10:34:03 +0200] "HEAD / HTTP/1.1" 200 - "https://t-machinery.ru/avtogrejjdery/" "Mozilla/7.0 (compatible; MSIE4.00; Windows 2006)"
194.87.94.251 - - [25/Sep/2017:10:34:03 +0200] "HEAD / HTTP/1.1" 200 - "http://receptkrasoti.ru/love/kak-pomoch-partnery-v-depressii.html" "Mozilla/4.0 (compatible; MSIE6.00; Windows 2009)"
40.77.167.135 - - [25/Sep/2017:10:41:46 +0200] "GET /sonderthemen/sk2002.pdf HTTP/1.1" 200 2628923 "-" "Mozilla/5.0 (iPhone; CPU iPhone OS 7_0 like Mac OS X) AppleWebKit/537.51.1 (KHTML, like Gecko) Version/7.0 Mobile/11A465 Safari/9537.53 (compatible; bingbot/2.0; +http://www.bing.com/bingbot.htm)"
195.133.147.6 - - [25/Sep/2017:10:49:25 +0200] "HEAD / HTTP/1.1" 200 - "http://remkompov.ru/remont-noutbukov-v-aprelevke.htm" "Mozilla/3.0 (compatible; MSIE5.00; Windows 2002)"
85.180.204.119 - - [25/Sep/2017:10:56:57 +0200] "GET /robots.txt HTTP/1.1" 200 100 "-" "yacybot (/global; amd64 Linux 4.12.12-gentoo; java 1.8.0_144; Europe/de) http://yacy.net/bot.html"
85.180.204.119 - - [25/Sep/2017:10:58:10 +0200] "GET /buecher/schenuit.jpg HTTP/1.1" 200 2024 "-" "yacybot (/global; amd64 Linux 4.12.12-gentoo; java 1.8.0_144; Europe/de) http://yacy.net/bot.html"
193.124.190.64 - - [25/Sep/2017:11:02:11 +0200] "HEAD / HTTP/1.1" 200 - "http://na-batut.ru/batuty-eclipse" "Mozilla/7.0 (compatible; MSIE4.00; Windows 2003)"
185.5.249.185 - - [25/Sep/2017:11:02:11 +0200] "HEAD / HTTP/1.1" 200 - "http://www.shirma.org/shirma-iz-tkani" "Mozilla/2.0 (compatible; MSIE5.00; Windows 2009)"
194.67.210.77 - - [25/Sep/2017:11:02:11 +0200] "HEAD / HTTP/1.1" 200 - "http://parklift.ru/puzzle-2l" "Mozilla/5.0 (compatible; MSIE5.00; Windows 2007)"
185.125.219.134 - - [25/Sep/2017:11:02:12 +0200] "HEAD / HTTP/1.1" 200 - "http://dom-shirm.ru/shirmi-dekorativnie" "Mozilla/8.0 (compatible; MSIE7.00; Windows 2002)"
66.249.64.213 - - [25/Sep/2017:11:17:37 +0200] "GET /sonderthemen/oekz2003.pdf HTTP/1.1" 200 4017017 "-" "Mozilla/5.0 (compatible; Googlebot/2.1; +http://www.google.com/bot.html)"
42.236.99.86 - - [25/Sep/2017:11:49:58 +0200] "GET / HTTP/1.1" 200 9360 "http://www.morusverlag.de/" "Mozilla/5.0 (Windows NT 6.1; WOW64) AppleWebKit/537.36 (KHTML, like Gecko) Chrome/50.0.2661.102 Safari/537.36; 360Spider"
72.211.255.79 - - [25/Sep/2017:12:48:22 +0200] "GET /wp-login.php HTTP/1.1" 404 2381 "-" "Mozilla/5.0 (Windows NT 6.1; WOW64; rv:40.0) Gecko/20100101 Firefox/40.1"
72.211.255.79 - - [25/Sep/2017:12:48:22 +0200] "GET / HTTP/1.1" 200 9360 "-" "Mozilla/5.0 (Windows NT 6.1; WOW64; rv:40.0) Gecko/20100101 Firefox/40.1"
167.114.219.41 - - [25/Sep/2017:13:25:13 +0200] "GET /robots.txt HTTP/1.1" 200 100 "-" "Mozilla/5.0 (compatible; SiteExplorer/1.1b; +http://siteexplorer.info/Backlink-Checker-Spider/)"
167.114.219.41 - - [25/Sep/2017:13:25:22 +0200] "GET / HTTP/1.1" 200 9360 "-" "Mozilla/5.0 (compatible; SiteExplorer/1.1b; +http://siteexplorer.info/Backlink-Checker-Spider/)"
207.46.13.17 - - [25/Sep/2017:13:27:44 +0200] "GET / HTTP/1.1" 200 9360 "-" "Mozilla/5.0 (compatible; bingbot/2.0; +http://www.bing.com/bingbot.htm)"
66.249.64.211 - - [25/Sep/2017:13:41:37 +0200] "GET /sonderthemen/sk2004_s01.pdf HTTP/1.1" 200 162742 "-" "Mozilla/5.0 (compatible; Googlebot/2.1; +http://www.google.com/bot.html)"
66.249.64.211 - - [25/Sep/2017:13:47:11 +0200] "GET /cds/hymnos_k.jpg HTTP/1.1" 304 - "-" "Googlebot-Image/1.0"
40.77.167.32 - - [25/Sep/2017:13:49:37 +0200] "GET /buecher/gesichter/09.jpg HTTP/1.1" 200 9739 "-" "Mozilla/5.0 (compatible; bingbot/2.0; +http://www.bing.com/bingbot.htm)"
131.253.25.79 - - [25/Sep/2017:14:17:10 +0200] "GET /buecher/ HTTP/1.1" 200 25885 "-" "Mozilla/5.0 (compatible; MSIE 9.0; Windows NT 6.0; Trident/5.0; Trident/5.0)"
131.253.25.79 - - [25/Sep/2017:14:17:13 +0200] "GET /main.css HTTP/1.1" 200 1439 "http://www.morusverlag.de/buecher/" "Mozilla/5.0 (compatible; MSIE 9.0; Windows NT 6.0; Trident/5.0; Trident/5.0)"
131.253.25.73 - - [25/Sep/2017:14:17:13 +0200] "GET /contentflow/contentflow.js HTTP/1.1" 200 42064 "http://www.morusverlag.de/buecher/" "Mozilla/5.0 (compatible; MSIE 9.0; Windows NT 6.0; Trident/5.0; Trident/5.0)"
131.253.25.79 - - [25/Sep/2017:14:17:18 +0200] "GET /contentflow/contentflow.css HTTP/1.1" 200 3109 "http://www.morusverlag.de/buecher/" "Mozilla/5.0 (compatible; MSIE 9.0; Windows NT 6.0; Trident/5.0; Trident/5.0)"
131.253.25.73 - - [25/Sep/2017:14:17:18 +0200] "GET /contentflow/mycontentflow.css HTTP/1.1" 404 2381 "http://www.morusverlag.de/buecher/" "Mozilla/5.0 (compatible; MSIE 9.0; Windows NT 6.0; Trident/5.0; Trident/5.0)"
131.253.25.79 - - [25/Sep/2017:14:17:19 +0200] "GET /contentflow/ContentFlowAddOn_white.js HTTP/1.1" 200 471 "http://www.morusverlag.de/buecher/" "Mozilla/5.0 (compatible; MSIE 9.0; Windows NT 6.0; Trident/5.0; Trident/5.0)"
131.253.25.79 - - [25/Sep/2017:14:17:22 +0200] "GET /contentflow/ContentFlowAddOn_white.css HTTP/1.1" 200 3174 "http://www.morusverlag.de/buecher/" "Mozilla/5.0 (compatible; MSIE 9.0; Windows NT 6.0; Trident/5.0; Trident/5.0)"
141.8.141.131 - - [25/Sep/2017:14:29:57 +0200] "GET /robots.txt HTTP/1.1" 200 100 "-" "Mozilla/5.0 (compatible; YandexBot/3.0; +http://yandex.com/bots)"
141.8.141.131 - - [25/Sep/2017:14:30:01 +0200] "GET /favicon.ico HTTP/1.1" 200 4286 "-" "Mozilla/5.0 (compatible; YandexBot/3.0; +http://yandex.com/bots)"
66.249.64.209 - - [25/Sep/2017:16:05:37 +0200] "GET /sonderthemen/az2003_s01.pdf HTTP/1.1" 200 120642 "-" "Mozilla/5.0 (compatible; Googlebot/2.1; +http://www.google.com/bot.html)"
66.249.64.209 - - [25/Sep/2017:16:07:54 +0200] "GET / HTTP/1.1" 200 9360 "-" "Mozilla/5.0 (Linux; Android 6.0.1; Nexus 5X Build/MMB29P) AppleWebKit/537.36 (KHTML, like Gecko) Chrome/41.0.2272.96 Mobile Safari/537.36 (compatible; Googlebot/2.1; +http://www.google.com/bot.html)"
66.249.64.211 - - [25/Sep/2017:16:07:58 +0200] "GET /main.css HTTP/1.1" 200 1439 "http://www.morusverlag.de/" "Mozilla/5.0 (compatible; Googlebot/2.1; +http://www.google.com/bot.html)"
107.181.174.84 - - [25/Sep/2017:16:13:51 +0200] "POST /index.php?m=member&c=index&a=register&siteid=1 HTTP/1.1" 404 2381 "-" "Mozilla/5.0 (Windows NT 10.0; Win64; x64) AppleWebKit/537.36 (KHTML, like Gecko) Chrome/56.0.2924.87 Safari/537.36"
162.210.196.97 - - [25/Sep/2017:16:18:57 +0200] "GET /robots.txt HTTP/1.1" 200 100 "-" "Mozilla/5.0 (compatible; MJ12bot/v1.4.8; http://mj12bot.com/)"
162.210.196.97 - - [25/Sep/2017:16:18:58 +0200] "GET / HTTP/1.1" 200 9360 "-" "Mozilla/5.0 (compatible; MJ12bot/v1.4.8; http://mj12bot.com/)"
195.202.51.197 - - [25/Sep/2017:17:03:47 +0200] "GET /sonderthemen/sk2001.pdf HTTP/1.1" 200 3098589 "http://www.google.de/url?sa=t&rct=j&q=&esrc=s&source=web&cd=24&ved=0ahUKEwiRkfrMy8DWAhWDOhoKHXbZCFU4FBAWCEAwAw&url=http%3A%2F%2Fwww.morusverlag.de%2Fsonderthemen%2Fsk2001.pdf&usg=AFQjCNHeiJKL57VdZHO2Dd4p_7DdJXmx-g" "Mozilla/5.0 (Windows NT 6.1; WOW64; Trident/7.0; rv:11.0) like Gecko"
203.81.200.219 - - [25/Sep/2017:17:36:03 +0200] "GET /wp-login.php HTTP/1.1" 404 2381 "-" "Mozilla/5.0 (Windows NT 6.1; WOW64; rv:40.0) Gecko/20100101 Firefox/40.1"
203.81.200.219 - - [25/Sep/2017:17:36:03 +0200] "GET / HTTP/1.1" 200 9360 "-" "Mozilla/5.0 (Windows NT 6.1; WOW64; rv:40.0) Gecko/20100101 Firefox/40.1"
207.46.13.17 - - [25/Sep/2017:17:43:23 +0200] "GET /sonderthemen/oeaz2002.pdf HTTP/1.1" 200 3161455 "-" "Mozilla/5.0 (iPhone; CPU iPhone OS 7_0 like Mac OS X) AppleWebKit/537.51.1 (KHTML, like Gecko) Version/7.0 Mobile/11A465 Safari/9537.53 (compatible; bingbot/2.0; +http://www.bing.com/bingbot.htm)"
40.77.167.135 - - [25/Sep/2017:17:58:15 +0200] "GET /sonderthemen/oeaz2001.pdf HTTP/1.1" 200 4496626 "-" "Mozilla/5.0 (iPhone; CPU iPhone OS 7_0 like Mac OS X) AppleWebKit/537.51.1 (KHTML, like Gecko) Version/7.0 Mobile/11A465 Safari/9537.53 (compatible; bingbot/2.0; +http://www.bing.com/bingbot.htm)"
157.55.39.44 - - [25/Sep/2017:18:03:17 +0200] "GET /impressum.html HTTP/1.1" 200 2808 "-" "Mozilla/5.0 (iPhone; CPU iPhone OS 7_0 like Mac OS X) AppleWebKit/537.51.1 (KHTML, like Gecko) Version/7.0 Mobile/11A465 Safari/9537.53 (compatible; bingbot/2.0; +http://www.bing.com/bingbot.htm)"
40.77.167.135 - - [25/Sep/2017:18:03:51 +0200] "GET /mv_g.gif HTTP/1.1" 200 4070 "-" "Mozilla/5.0 (iPhone; CPU iPhone OS 7_0 like Mac OS X) AppleWebKit/537.51.1 (KHTML, like Gecko) Version/7.0 Mobile/11A465 Safari/9537.53 (compatible; bingbot/2.0; +http://www.bing.com/bingbot.htm)"
40.77.167.135 - - [25/Sep/2017:18:03:51 +0200] "GET /strich.gif HTTP/1.1" 200 45 "-" "Mozilla/5.0 (iPhone; CPU iPhone OS 7_0 like Mac OS X) AppleWebKit/537.51.1 (KHTML, like Gecko) Version/7.0 Mobile/11A465 Safari/9537.53 (compatible; bingbot/2.0; +http://www.bing.com/bingbot.htm)"
40.77.167.32 - - [25/Sep/2017:18:03:55 +0200] "GET /logo_g.gif HTTP/1.1" 200 1301 "-" "Mozilla/5.0 (iPhone; CPU iPhone OS 7_0 like Mac OS X) AppleWebKit/537.51.1 (KHTML, like Gecko) Version/7.0 Mobile/11A465 Safari/9537.53 (compatible; bingbot/2.0; +http://www.bing.com/bingbot.htm)"
66.249.64.211 - - [25/Sep/2017:18:29:37 +0200] "GET /sonderthemen/oekt_extra1.pdf HTTP/1.1" 200 1849015 "-" "Mozilla/5.0 (compatible; Googlebot/2.1; +http://www.google.com/bot.html)"
65.55.210.170 - - [25/Sep/2017:19:04:38 +0200] "GET /main.css HTTP/1.1" 200 1439 "-" "Mozilla/5.0 (iPhone; CPU iPhone OS 7_0 like Mac OS X) AppleWebKit/537.51.1 (KHTML, like Gecko) Version/7.0 Mobile/11A465 Safari/9537.53 BingPreview/1.0b"
136.243.83.80 - - [25/Sep/2017:19:55:24 +0200] "GET / HTTP/1.1" 200 9360 "-" "Mozilla/5.0 (compatible; vebidoobot/1.0; +https://blog.vebidoo.de/vebidoobot/)"
199.30.25.81 - - [25/Sep/2017:20:02:43 +0200] "GET /sonderthemen/oeaz2001.pdf HTTP/1.1" 200 4496626 "-" "Mozilla/5.0 (iPhone; CPU iPhone OS 7_0 like Mac OS X) AppleWebKit/537.51.1 (KHTML, like Gecko) Version/7.0 Mobile/11A465 Safari/9537.53 BingPreview/1.0b"
40.77.167.135 - - [25/Sep/2017:20:05:43 +0200] "GET /sonderthemen/az2000.pdf HTTP/1.1" 200 2253581 "-" "Mozilla/5.0 (compatible; bingbot/2.0; +http://www.bing.com/bingbot.htm)"
185.154.13.6 - - [25/Sep/2017:20:45:15 +0200] "HEAD / HTTP/1.1" 200 - "http://www.sovdom.net/item.php?id=71" "Mozilla/7.0 (compatible; MSIE3.00; Windows 2008)"
178.159.43.212 - - [25/Sep/2017:20:45:15 +0200] "HEAD / HTTP/1.1" 200 - "https://xn----7sbabm1ahc4b2aqff.su/%D0%BF%D0%B8%D0%BB%D0%BE%D0%BC%D0%B0%D1%82%D0%B5%D1%80%D0%B8%D0%B0%D0%BB%D1%8B/%D0%B1%D0%BB%D0%BE%D0%BA-%D1%85%D0%B0%D1%83%D1%81/" "Mozilla/5.0 (compatible; MSIE4.00; Windows 2004)"
77.220.213.173 - - [25/Sep/2017:20:45:43 +0200] "HEAD / HTTP/1.1" 200 - "http://42doska.ru/catalog/poteri_i_nahodki_172/all_0/" "Mozilla/3.0 (compatible; MSIE2.00; Windows 2004)"
66.249.64.213 - - [25/Sep/2017:20:53:36 +0200] "GET /sonderthemen/oekt_extra3.pdf HTTP/1.1" 200 2109745 "-" "Mozilla/5.0 (compatible; Googlebot/2.1; +http://www.google.com/bot.html)"
185.209.20.147 - - [25/Sep/2017:20:57:38 +0200] "HEAD / HTTP/1.1" 200 - "http://www.beauty-garden.ru/podstavka-dlya-rastenij-i-cvetov-klassicheskaya-vitaya-na-4-gorshka.html" "Mozilla/8.0 (compatible; MSIE4.00; Windows 2007)"
178.159.39.237 - - [25/Sep/2017:20:57:41 +0200] "HEAD / HTTP/1.1" 200 - "http://xn--80abvfxsj.xn--p1ai/%D0%B2-%D1%87%D0%B0%D1%81%D1%82%D0%B8-%D0%BC%D0%B0%D1%80%D0%BA%D0%B8%D1%80%D0%BE%D0%B2%D0%BA%D0%B8/" "Mozilla/2.0 (compatible; MSIE6.00; Windows 2009)"
194.87.236.223 - - [25/Sep/2017:21:03:48 +0200] "HEAD / HTTP/1.1" 200 - "http://rupolitshow.ru/itogi-nedeli" "Mozilla/2.0 (compatible; MSIE4.00; Windows 2004)"
195.133.145.199 - - [25/Sep/2017:21:03:51 +0200] "HEAD / HTTP/1.1" 200 - "http://www.es-teplopushka.ru/category_50.html" "Mozilla/2.0 (compatible; MSIE2.00; Windows 2002)"
195.133.201.163 - - [25/Sep/2017:21:05:47 +0200] "HEAD / HTTP/1.1" 200 - "https://t-machinery.ru/" "Mozilla/2.0 (compatible; MSIE2.00; Windows 2006)"
194.87.94.251 - - [25/Sep/2017:21:05:58 +0200] "HEAD / HTTP/1.1" 200 - "http://receptkrasoti.ru/meal/shashlyk-iz-kyricy-lychshie-recepty-kak-pravilno-prigotovit-kyrinyi-shashlyk.html" "Mozilla/5.0 (compatible; MSIE7.00; Windows 2007)"
193.124.131.168 - - [25/Sep/2017:21:07:56 +0200] "HEAD / HTTP/1.1" 200 - "http://www.singlit-m.ru/" "Mozilla/7.0 (compatible; MSIE4.00; Windows 2005)"
185.5.249.185 - - [25/Sep/2017:21:13:23 +0200] "HEAD / HTTP/1.1" 200 - "http://digipulse.ru/catalog/gps-trekery-telefon-chasy/" "Mozilla/7.0 (compatible; MSIE6.00; Windows 2005)"
193.124.190.64 - - [25/Sep/2017:21:13:23 +0200] "HEAD / HTTP/1.1" 200 - "http://stroidom36.ru/shpaklevka-sten/" "Mozilla/8.0 (compatible; MSIE3.00; Windows 2004)"
193.124.179.180 - - [25/Sep/2017:21:13:24 +0200] "HEAD / HTTP/1.1" 200 - "http://spravki-tyt.ru/metro/meditsinskaya-knizhka-m-krasnogvardeyskaya-v-moskve.html" "Mozilla/4.0 (compatible; MSIE7.00; Windows 2003)"
185.125.219.134 - - [25/Sep/2017:21:13:24 +0200] "HEAD / HTTP/1.1" 200 - "http://ksion-service.ru/news/19-remont-kompyuterov-v-zao.html" "Mozilla/6.0 (compatible; MSIE4.00; Windows 2004)"
194.67.210.77 - - [25/Sep/2017:21:13:24 +0200] "HEAD / HTTP/1.1" 200 - "http://spravki-fast.com/kupit-spravku-iz-onkologicheskogo-dispansera-v-moskve.html" "Mozilla/4.0 (compatible; MSIE7.00; Windows 2006)"
195.133.147.6 - - [25/Sep/2017:21:13:45 +0200] "HEAD / HTTP/1.1" 200 - "http://remkompov.ru/montah_loc_set.html" "Mozilla/6.0 (compatible; MSIE6.00; Windows 2003)"
5.101.78.194 - - [25/Sep/2017:21:33:00 +0200] "HEAD / HTTP/1.1" 200 - "http://www.shirma.org/dekorativnaya" "Mozilla/5.0 (compatible; MSIE3.00; Windows 2005)"
188.227.18.230 - - [25/Sep/2017:21:33:00 +0200] "HEAD / HTTP/1.1" 200 - "http://na-batut.ru/batuty-hasttings" "Mozilla/8.0 (compatible; MSIE6.00; Windows 2005)"
185.158.153.174 - - [25/Sep/2017:21:33:00 +0200] "HEAD / HTTP/1.1" 200 - "http://dom-shirm.ru/shirma-lesnoy-ruchey" "Mozilla/3.0 (compatible; MSIE6.00; Windows 2002)"
194.187.170.101 - - [25/Sep/2017:21:44:04 +0200] "GET /robots.txt HTTP/1.0" 200 100 "-" "Mozilla/5.0 (compatible; Qwantify/2.4w; +https://www.qwant.com/)/2.4w"
194.187.170.101 - - [25/Sep/2017:21:44:04 +0200] "GET /jahrbuch/index.html HTTP/1.0" 200 3956 "-" "Mozilla/5.0 (compatible; Qwantify/2.4w; +https://www.qwant.com/)/2.4w"
40.77.167.135 - - [25/Sep/2017:21:48:38 +0200] "GET /robots.txt HTTP/1.1" 200 100 "-" "Mozilla/5.0 (compatible; bingbot/2.0; +http://www.bing.com/bingbot.htm)"
194.187.170.101 - - [25/Sep/2017:22:04:41 +0200] "GET /kontakt/index.html HTTP/1.0" 200 2896 "-" "Mozilla/5.0 (compatible; Qwantify/2.4w; +https://www.qwant.com/)/2.4w"
66.249.64.213 - - [25/Sep/2017:22:14:23 +0200] "GET /buecher/rezensionen_preysing.html HTTP/1.1" 200 9502 "-" "Mozilla/5.0 (Linux; Android 6.0.1; Nexus 5X Build/MMB29P) AppleWebKit/537.36 (KHTML, like Gecko) Chrome/41.0.2272.96 Mobile Safari/537.36 (compatible; Googlebot/2.1; +http://www.google.com/bot.html)"
95.208.250.32 - - [25/Sep/2017:22:16:49 +0200] "GET / HTTP/1.1" 200 9360 "http://www.christliche-buchhandlungen.de/plz-1.php" "Mozilla/5.0 (Windows NT 10.0; WOW64; rv:55.0) Gecko/20100101 Firefox/55.0"
95.208.250.32 - - [25/Sep/2017:22:16:50 +0200] "GET /main.css HTTP/1.1" 200 1439 "http://www.morusverlag.de/" "Mozilla/5.0 (Windows NT 10.0; WOW64; rv:55.0) Gecko/20100101 Firefox/55.0"
95.208.250.32 - - [25/Sep/2017:22:16:50 +0200] "GET /jahrbuch_k.jpg HTTP/1.1" 200 3719 "http://www.morusverlag.de/" "Mozilla/5.0 (Windows NT 10.0; WOW64; rv:55.0) Gecko/20100101 Firefox/55.0"
95.208.250.32 - - [25/Sep/2017:22:16:50 +0200] "GET /mv_gr_w.gif HTTP/1.1" 200 2005 "http://www.morusverlag.de/" "Mozilla/5.0 (Windows NT 10.0; WOW64; rv:55.0) Gecko/20100101 Firefox/55.0"
95.208.250.32 - - [25/Sep/2017:22:16:50 +0200] "GET /pf.gif HTTP/1.1" 200 62 "http://www.morusverlag.de/" "Mozilla/5.0 (Windows NT 10.0; WOW64; rv:55.0) Gecko/20100101 Firefox/55.0"
95.208.250.32 - - [25/Sep/2017:22:16:50 +0200] "GET /buecher/gesichter.jpg HTTP/1.1" 200 7271 "http://www.morusverlag.de/" "Mozilla/5.0 (Windows NT 10.0; WOW64; rv:55.0) Gecko/20100101 Firefox/55.0"
95.208.250.32 - - [25/Sep/2017:22:16:50 +0200] "GET /cds/ignatius_k.jpg HTTP/1.1" 200 3965 "http://www.morusverlag.de/" "Mozilla/5.0 (Windows NT 10.0; WOW64; rv:55.0) Gecko/20100101 Firefox/55.0"
95.208.250.32 - - [25/Sep/2017:22:16:50 +0200] "GET /cds/rosarium_k.jpg HTTP/1.1" 200 3972 "http://www.morusverlag.de/" "Mozilla/5.0 (Windows NT 10.0; WOW64; rv:55.0) Gecko/20100101 Firefox/55.0"
95.208.250.32 - - [25/Sep/2017:22:16:50 +0200] "GET /mv_g.gif HTTP/1.1" 200 4070 "http://www.morusverlag.de/" "Mozilla/5.0 (Windows NT 10.0; WOW64; rv:55.0) Gecko/20100101 Firefox/55.0"
95.208.250.32 - - [25/Sep/2017:22:16:50 +0200] "GET /logo_g.gif HTTP/1.1" 200 1301 "http://www.morusverlag.de/" "Mozilla/5.0 (Windows NT 10.0; WOW64; rv:55.0) Gecko/20100101 Firefox/55.0"
95.208.250.32 - - [25/Sep/2017:22:16:50 +0200] "GET /cds/hymnos_k.jpg HTTP/1.1" 200 4986 "http://www.morusverlag.de/" "Mozilla/5.0 (Windows NT 10.0; WOW64; rv:55.0) Gecko/20100101 Firefox/55.0"
95.208.250.32 - - [25/Sep/2017:22:16:50 +0200] "GET /cds/astazi_k.jpg HTTP/1.1" 200 6049 "http://www.morusverlag.de/" "Mozilla/5.0 (Windows NT 10.0; WOW64; rv:55.0) Gecko/20100101 Firefox/55.0"
95.208.250.32 - - [25/Sep/2017:22:16:50 +0200] "GET /gotteslob.jpg HTTP/1.1" 200 9390 "http://www.morusverlag.de/" "Mozilla/5.0 (Windows NT 10.0; WOW64; rv:55.0) Gecko/20100101 Firefox/55.0"
95.208.250.32 - - [25/Sep/2017:22:16:50 +0200] "GET /buecher/chateaubriand.jpg HTTP/1.1" 200 2272 "http://www.morusverlag.de/" "Mozilla/5.0 (Windows NT 10.0; WOW64; rv:55.0) Gecko/20100101 Firefox/55.0"
95.208.250.32 - - [25/Sep/2017:22:16:50 +0200] "GET /buecher/engel.jpg HTTP/1.1" 200 5414 "http://www.morusverlag.de/" "Mozilla/5.0 (Windows NT 10.0; WOW64; rv:55.0) Gecko/20100101 Firefox/55.0"
95.208.250.32 - - [25/Sep/2017:22:16:50 +0200] "GET /buch_k.jpg HTTP/1.1" 200 4591 "http://www.morusverlag.de/" "Mozilla/5.0 (Windows NT 10.0; WOW64; rv:55.0) Gecko/20100101 Firefox/55.0"
95.208.250.32 - - [25/Sep/2017:22:16:50 +0200] "GET /strich.gif HTTP/1.1" 200 45 "http://www.morusverlag.de/" "Mozilla/5.0 (Windows NT 10.0; WOW64; rv:55.0) Gecko/20100101 Firefox/55.0"
95.208.250.32 - - [25/Sep/2017:22:16:50 +0200] "GET /favicon.ico HTTP/1.1" 200 4286 "-" "Mozilla/5.0 (Windows NT 10.0; WOW64; rv:55.0) Gecko/20100101 Firefox/55.0"
194.187.170.101 - - [25/Sep/2017:22:53:03 +0200] "GET /impressum.html HTTP/1.0" 200 2808 "-" "Mozilla/5.0 (compatible; Qwantify/2.4w; +https://www.qwant.com/)/2.4w"
194.187.170.101 - - [25/Sep/2017:22:55:53 +0200] "GET /gotteslob/index.html HTTP/1.0" 200 2770 "-" "Mozilla/5.0 (compatible; Qwantify/2.4w; +https://www.qwant.com/)/2.4w"
194.187.170.101 - - [25/Sep/2017:23:02:36 +0200] "GET /sonderthemen/index.html HTTP/1.0" 200 7102 "-" "Mozilla/5.0 (compatible; Qwantify/2.4w; +https://www.qwant.com/)/2.4w"
194.187.170.101 - - [25/Sep/2017:23:09:16 +0200] "GET /cds/index.html HTTP/1.0" 200 7987 "-" "Mozilla/5.0 (compatible; Qwantify/2.4w; +https://www.qwant.com/)/2.4w"
194.187.170.101 - - [25/Sep/2017:23:10:11 +0200] "GET /buecher/index.html HTTP/1.0" 200 25885 "-" "Mozilla/5.0 (compatible; Qwantify/2.4w; +https://www.qwant.com/)/2.4w"
66.249.64.209 - - [25/Sep/2017:23:17:36 +0200] "GET /sonderthemen/oekt_extra2.pdf HTTP/1.1" 200 1939949 "-" "Mozilla/5.0 (compatible; Googlebot/2.1; +http://www.google.com/bot.html)"
194.187.170.101 - - [25/Sep/2017:23:19:48 +0200] "GET / HTTP/1.0" 200 9360 "-" "Mozilla/5.0 (compatible; Qwantify/2.4w; +https://www.qwant.com/)/2.4w"
40.77.167.135 - - [25/Sep/2017:23:45:15 +0200] "GET /sonderthemen/oeaz2001.pdf HTTP/1.1" 200 4496626 "-" "Mozilla/5.0 (iPhone; CPU iPhone OS 7_0 like Mac OS X) AppleWebKit/537.51.1 (KHTML, like Gecko) Version/7.0 Mobile/11A465 Safari/9537.53 (compatible; bingbot/2.0; +http://www.bing.com/bingbot.htm)"
178.137.82.201 - - [26/Sep/2017:00:13:13 +0200] "GET / HTTP/1.1" 200 9360 "-" "Mozilla/5.0 (Windows NT 10.0; Win64; x64; rv:50.0) Gecko/20100101 Firefox/50.0"
178.137.82.201 - - [26/Sep/2017:00:13:13 +0200] "GET /wp-includes/wlwmanifest.xml HTTP/1.1" 404 2381 "-" "Mozilla/5.0 (Windows NT 10.0; Win64; x64; rv:50.0) Gecko/20100101 Firefox/50.0"
178.137.82.201 - - [26/Sep/2017:00:13:13 +0200] "GET /xmlrpc.php?rsd HTTP/1.1" 404 2381 "-" "Mozilla/5.0 (Windows NT 10.0; Win64; x64; rv:50.0) Gecko/20100101 Firefox/50.0"
178.137.82.201 - - [26/Sep/2017:00:13:13 +0200] "GET / HTTP/1.1" 200 9360 "-" "Mozilla/5.0 (Windows NT 10.0; Win64; x64; rv:50.0) Gecko/20100101 Firefox/50.0"
178.137.82.201 - - [26/Sep/2017:00:13:13 +0200] "GET /blog/wp-includes/wlwmanifest.xml HTTP/1.1" 404 2381 "-" "Mozilla/5.0 (Windows NT 10.0; Win64; x64; rv:50.0) Gecko/20100101 Firefox/50.0"
178.137.82.201 - - [26/Sep/2017:00:13:13 +0200] "GET /wordpress/wp-includes/wlwmanifest.xml HTTP/1.1" 404 2381 "-" "Mozilla/5.0 (Windows NT 10.0; Win64; x64; rv:50.0) Gecko/20100101 Firefox/50.0"
178.137.82.201 - - [26/Sep/2017:00:13:13 +0200] "GET /wp/wp-includes/wlwmanifest.xml HTTP/1.1" 404 2381 "-" "Mozilla/5.0 (Windows NT 10.0; Win64; x64; rv:50.0) Gecko/20100101 Firefox/50.0"
178.137.82.201 - - [26/Sep/2017:00:13:13 +0200] "GET /site/wp-includes/wlwmanifest.xml HTTP/1.1" 404 2381 "-" "Mozilla/5.0 (Windows NT 10.0; Win64; x64; rv:50.0) Gecko/20100101 Firefox/50.0"
178.137.82.201 - - [26/Sep/2017:00:13:14 +0200] "GET /cms/wp-includes/wlwmanifest.xml HTTP/1.1" 404 2381 "-" "Mozilla/5.0 (Windows NT 10.0; Win64; x64; rv:50.0) Gecko/20100101 Firefox/50.0"
66.249.64.211 - - [26/Sep/2017:00:37:23 +0200] "GET /buecher/rezensionen_leiblichkeit_und_zeitlichkeit.html HTTP/1.1" 200 8821 "-" "Mozilla/5.0 (Linux; Android 6.0.1; Nexus 5X Build/MMB29P) AppleWebKit/537.36 (KHTML, like Gecko) Chrome/41.0.2272.96 Mobile Safari/537.36 (compatible; Googlebot/2.1; +http://www.google.com/bot.html)"
131.253.27.61 - - [26/Sep/2017:00:46:47 +0200] "GET /sonderthemen/oeaz2001.pdf HTTP/1.1" 200 4496626 "-" "Mozilla/5.0 (iPhone; CPU iPhone OS 7_0 like Mac OS X) AppleWebKit/537.51.1 (KHTML, like Gecko) Version/7.0 Mobile/11A465 Safari/9537.53 BingPreview/1.0b"
66.249.64.209 - - [26/Sep/2017:01:41:36 +0200] "GET /sonderthemen/oekz2003_s01.pdf HTTP/1.1" 200 66807 "-" "Mozilla/5.0 (compatible; Googlebot/2.1; +http://www.google.com/bot.html)"
157.55.39.28 - - [26/Sep/2017:02:09:07 +0200] "GET /robots.txt HTTP/1.1" 200 100 "-" "Mozilla/5.0 (compatible; bingbot/2.0; +http://www.bing.com/bingbot.htm)"
66.249.64.213 - - [26/Sep/2017:02:21:08 +0200] "GET /buecher/rezensionen_engel.html HTTP/1.1" 200 6598 "-" "Mozilla/5.0 (Linux; Android 6.0.1; Nexus 5X Build/MMB29P) AppleWebKit/537.36 (KHTML, like Gecko) Chrome/41.0.2272.96 Mobile Safari/537.36 (compatible; Googlebot/2.1; +http://www.google.com/bot.html)"
66.249.64.211 - - [26/Sep/2017:03:12:07 +0200] "GET / HTTP/1.1" 200 9360 "-" "Mozilla/5.0 (compatible; Googlebot/2.1; +http://www.google.com/bot.html)"
77.220.213.173 - - [26/Sep/2017:03:27:05 +0200] "HEAD / HTTP/1.1" 200 - "http://www.es-teplopushka.ru/category_14.html" "Mozilla/7.0 (compatible; MSIE2.00; Windows 2005)"
185.209.20.147 - - [26/Sep/2017:03:27:06 +0200] "HEAD / HTTP/1.1" 200 - "http://digipulse.ru/catalog/chasy-shpargalki/" "Mozilla/4.0 (compatible; MSIE7.00; Windows 2002)"
185.154.13.6 - - [26/Sep/2017:03:27:06 +0200] "HEAD / HTTP/1.1" 200 - "http://pro-tec.kz" "Mozilla/7.0 (compatible; MSIE6.00; Windows 2008)"
178.159.43.212 - - [26/Sep/2017:03:27:06 +0200] "HEAD / HTTP/1.1" 200 - "https://inviki.com/masters/cherkassy/camerist" "Mozilla/2.0 (compatible; MSIE2.00; Windows 2004)"
178.159.39.237 - - [26/Sep/2017:03:30:23 +0200] "HEAD / HTTP/1.1" 200 - "http://www.beauty-garden.ru/arka-iz-shpaler-bolshaya-kudryavaya.html" "Mozilla/7.0 (compatible; MSIE5.00; Windows 2009)"
157.55.39.28 - - [26/Sep/2017:03:42:37 +0200] "GET /robots.txt HTTP/1.1" 200 100 "-" "Mozilla/5.0 (compatible; bingbot/2.0; +http://www.bing.com/bingbot.htm)"
195.133.201.163 - - [26/Sep/2017:03:55:13 +0200] "HEAD / HTTP/1.1" 200 - "http://42doska.ru/catalog/dlya_doma_i_dachi_2/all_0/" "Mozilla/7.0 (compatible; MSIE2.00; Windows 2006)"
193.124.131.168 - - [26/Sep/2017:03:55:14 +0200] "HEAD / HTTP/1.1" 200 - "http://remkompov.ru/contact.html" "Mozilla/7.0 (compatible; MSIE5.00; Windows 2006)"
195.133.145.199 - - [26/Sep/2017:03:55:14 +0200] "HEAD / HTTP/1.1" 200 - "http://xn--e1alcivt.xn--p1ai/dlya-chego-nuzhny-gomogenizatory-i-pasterizatory" "Mozilla/3.0 (compatible; MSIE3.00; Windows 2008)"
194.87.94.251 - - [26/Sep/2017:03:55:14 +0200] "HEAD / HTTP/1.1" 200 - "http://receptkrasoti.ru/meal/salat-iz-kyricy-s-ananasom-i-syrom-lychshie-recepty-kak-pravilno-i-vkysno-prigotovit-salat-iz-kyricy-s-ananasom-i-syrom.html" "Mozilla/7.0 (compatible; MSIE6.00; Windows 2006)"
194.87.236.223 - - [26/Sep/2017:03:55:14 +0200] "HEAD / HTTP/1.1" 200 - "http://rupolitshow.ru/shuster-live" "Mozilla/8.0 (compatible; MSIE2.00; Windows 2008)"
194.173.174.106 - - [26/Sep/2017:04:01:20 +0200] "HEAD / HTTP/1.1" 200 - "-" "Mozilla/5.0 (Windows NT 6.3; WOW64) AppleWebKit/537.36 (KHTML, like Gecko) Chrome/43.0.2357.134 Safari/537.36"
195.133.147.6 - - [26/Sep/2017:04:03:10 +0200] "HEAD / HTTP/1.1" 200 - "https://t-machinery.ru/katki/" "Mozilla/5.0 (compatible; MSIE4.00; Windows 2008)"
157.55.39.44 - - [26/Sep/2017:04:08:17 +0200] "GET /cds/ignatius.html HTTP/1.1" 200 6576 "-" "Mozilla/5.0 (iPhone; CPU iPhone OS 7_0 like Mac OS X) AppleWebKit/537.51.1 (KHTML, like Gecko) Version/7.0 Mobile/11A465 Safari/9537.53 (compatible; bingbot/2.0; +http://www.bing.com/bingbot.htm)"
185.5.249.185 - - [26/Sep/2017:04:09:11 +0200] "HEAD / HTTP/1.1" 200 - "http://spravki-fast.com/kupit-spravku-o-dopuske-k-gosudarstvennoi-taine-989n-v-moskve.html" "Mozilla/8.0 (compatible; MSIE7.00; Windows 2002)"
185.125.219.134 - - [26/Sep/2017:04:09:11 +0200] "HEAD / HTTP/1.1" 200 - "https://resursmsk.ru/ankernyy-bolt-s-kryukom" "Mozilla/7.0 (compatible; MSIE2.00; Windows 2008)"
193.124.190.64 - - [26/Sep/2017:04:09:11 +0200] "HEAD / HTTP/1.1" 200 - "https://krasota.ru/" "Mozilla/3.0 (compatible; MSIE4.00; Windows 2005)"
193.124.179.180 - - [26/Sep/2017:04:09:11 +0200] "HEAD / HTTP/1.1" 200 - "https://fxback.net/xmotziv" "Mozilla/4.0 (compatible; MSIE2.00; Windows 2007)"
194.67.210.77 - - [26/Sep/2017:04:09:12 +0200] "HEAD / HTTP/1.1" 200 - "http://ksion-service.ru/services/9-monoblok.html" "Mozilla/6.0 (compatible; MSIE4.00; Windows 2009)"
40.77.167.135 - - [26/Sep/2017:04:15:21 +0200] "GET /m.gif HTTP/1.1" 200 95 "-" "Mozilla/5.0 (iPhone; CPU iPhone OS 7_0 like Mac OS X) AppleWebKit/537.51.1 (KHTML, like Gecko) Version/7.0 Mobile/11A465 Safari/9537.53 (compatible; bingbot/2.0; +http://www.bing.com/bingbot.htm)"
193.1.218.163 - - [26/Sep/2017:04:57:15 +0200] "HEAD / HTTP/1.1" 200 - "-" "Java/1.6.0_23"
207.46.13.113 - - [26/Sep/2017:05:01:18 +0200] "GET /cds/ignatius.jpg HTTP/1.1" 200 18712 "-" "Mozilla/5.0 (iPhone; CPU iPhone OS 7_0 like Mac OS X) AppleWebKit/537.51.1 (KHTML, like Gecko) Version/7.0 Mobile/11A465 Safari/9537.53 (compatible; bingbot/2.0; +http://www.bing.com/bingbot.htm)"
207.46.13.113 - - [26/Sep/2017:05:01:19 +0200] "GET /cds/lumina.html HTTP/1.1" 200 9000 "-" "Mozilla/5.0 (iPhone; CPU iPhone OS 7_0 like Mac OS X) AppleWebKit/537.51.1 (KHTML, like Gecko) Version/7.0 Mobile/11A465 Safari/9537.53 (compatible; bingbot/2.0; +http://www.bing.com/bingbot.htm)"
