180.76.15.19 - - [18/Jun/2017:11:29:25 +0200] "GET /sonderthemen/sk2000.pdf HTTP/1.1" 200 2925489 "-" "Mozilla/5.0 (compatible; Baiduspider/2.0; +http://www.baidu.com/search/spider.html)"
62.138.0.25 - - [18/Jun/2017:11:32:13 +0200] "GET /robots.txt HTTP/1.1" 200 100 "-" "Mozilla/5.0 (compatible; seoscanners.net/1; +spider@seoscanners.net)"
62.138.0.25 - - [18/Jun/2017:11:32:13 +0200] "GET /buecher/gesichter/06.jpg HTTP/1.1" 200 8732 "-" "Mozilla/5.0 (compatible; seoscanners.net/1; +spider@seoscanners.net)"
195.133.147.6 - - [18/Jun/2017:11:35:04 +0200] "HEAD / HTTP/1.1" 200 - "https://pamjatnik.com.ua/kladbischa-kieva-i-oblasti/235-uzhnoe-kladbische" "Mozilla/5.0 (compatible; MSIE3.00; Windows 2005)"
5.102.173.71 - - [18/Jun/2017:11:57:18 +0200] "GET /robots.txt HTTP/1.1" 200 100 "-" "Mozilla/5.0 (compatible; MojeekBot/0.6; +https://www.mojeek.com/bot.html)"
5.102.173.71 - - [18/Jun/2017:11:57:18 +0200] "GET /index.html HTTP/1.1" 200 9360 "-" "Mozilla/5.0 (compatible; MojeekBot/0.6; +https://www.mojeek.com/bot.html)"
5.255.251.7 - - [18/Jun/2017:12:07:17 +0200] "GET /cds/astazi.html HTTP/1.1" 200 8453 "-" "Mozilla/5.0 (compatible; YandexBot/3.0; +http://yandex.com/bots)"
136.243.17.161 - - [18/Jun/2017:12:10:58 +0200] "GET /sonderthemen/sk2002.pdf HTTP/1.1" 200 2628923 "-" "Mozilla/5.0 (Windows; U; Windows NT 6.1; WOW64; en-US; rv:2.0.4) Gecko/20120718 AskTbAVR-IDW/3.12.5.17700 Firefox/14.0.1"
5.9.17.118 - - [18/Jun/2017:12:11:10 +0200] "GET /sonderthemen/sk2002.pdf HTTP/1.1" 200 2628923 "-" "Mozilla/5.0 (Windows NT 5.1; rv:21.0) Gecko/20130401 Firefox/21.0"
88.99.27.172 - - [18/Jun/2017:12:11:25 +0200] "GET /sonderthemen/sk2002.pdf HTTP/1.1" 200 2628923 "-" "Mozilla/5.0 (X11; Ubuntu; Linux x86_64; rv:14.0) Gecko/20100101 Firefox/14.0.1"
5.9.17.118 - - [18/Jun/2017:12:41:04 +0200] "GET /sonderthemen/oekt_extra3.pdf HTTP/1.1" 200 2109745 "-" "Mozilla/5.0 (Windows NT 6.1; WOW64) AppleWebKit/537.36 (KHTML, like Gecko) Chrome/43.0.2357.134 Safari/537.36"
5.9.94.207 - - [18/Jun/2017:12:41:19 +0200] "GET /sonderthemen/oekt_extra3.pdf HTTP/1.1" 200 2109745 "-" "Mozilla/5.0 (Windows NT 6.0; rv:14.0) Gecko/20100101 Firefox/14.0.1"
78.46.156.169 - - [18/Jun/2017:12:41:33 +0200] "GET /sonderthemen/oekt_extra3.pdf HTTP/1.1" 200 2109745 "-" "Mozilla/5.0 (X11; Linux i686; rv:21.0) Gecko/20100101 Firefox/21.0"
136.243.17.161 - - [18/Jun/2017:13:00:36 +0200] "GET /sonderthemen/az1999.pdf HTTP/1.1" 200 1842982 "-" "Mozilla/5.0 (Windows NT 6.1) AppleWebKit/537.22 (KHTML, like Gecko) Chrome/25.0.1364.169 Safari/537.22"
5.9.94.207 - - [18/Jun/2017:13:01:10 +0200] "GET /sonderthemen/oekt_extra2.pdf HTTP/1.1" 200 1939949 "-" "Mozilla/5.0 (Macintosh; Intel Mac OS X 1084) AppleWebKit/536.28.10 (KHTML like Gecko) Version/6.0.3 Safari/536.28.10"
5.9.94.207 - - [18/Jun/2017:13:15:38 +0200] "GET /buecher/rezensionen_krise_zum_heil.html HTTP/1.1" 200 9828 "-" "Mozilla/5.0 (Macintosh; Intel Mac OS X 10_8) AppleWebKit/536.25 (KHTML, like Gecko) Version/6.0 Safari/536.25"
5.9.106.81 - - [18/Jun/2017:13:42:54 +0200] "GET /sonderthemen/sk2000.pdf HTTP/1.1" 200 2925489 "-" "Mozilla/5.0 (X11; Ubuntu; Linux i686; rv:14.0) Gecko/20100101 Firefox/14.0.1"
93.160.60.32 - - [18/Jun/2017:13:55:13 +0200] "GET / HTTP/1.1" 200 9360 "-" "Mozilla/4.0 (compatible; MSIE 7.0; Windows NT 5.0) Match by Siteimprove.com"
88.99.27.172 - - [18/Jun/2017:13:57:39 +0200] "GET /sonderthemen/az2000.pdf HTTP/1.1" 200 2253581 "-" "Mozilla/5.0 (Windows NT 5.1) AppleWebKit/537.36 (KHTML, like Gecko) Chrome/27.0.1453.93 Safari/537.36"
213.183.201.83 - - [18/Jun/2017:14:22:59 +0200] "GET /robots.txt HTTP/1.1" 200 100 "-" "Netluchs/Nutch-1.0 ( ; http://www.netluchs.de/; _do_not_spam_me___humans_please_use_info_at_netluchs.de_without_the_dash)"
213.183.201.83 - - [18/Jun/2017:14:22:59 +0200] "GET /cds/ignatius.html HTTP/1.1" 200 6576 "-" "Netluchs/Nutch-1.0 ( ; http://www.netluchs.de/; _do_not_spam_me___humans_please_use_info_at_netluchs.de_without_the_dash)"
213.183.201.83 - - [18/Jun/2017:14:23:48 +0200] "GET /buecher/diskussion.html HTTP/1.1" 200 9925 "-" "Netluchs/Nutch-1.0 ( ; http://www.netluchs.de/; _do_not_spam_me___humans_please_use_info_at_netluchs.de_without_the_dash)"
213.183.201.83 - - [18/Jun/2017:14:25:19 +0200] "GET /sonderthemen/oekz2003_s01.pdf HTTP/1.1" 200 66807 "-" "Netluchs/Nutch-1.0 ( ; http://www.netluchs.de/; _do_not_spam_me___humans_please_use_info_at_netluchs.de_without_the_dash)"
213.183.201.83 - - [18/Jun/2017:14:26:43 +0200] "GET /cds/hymnos_akathistos.html HTTP/1.1" 200 11061 "-" "Netluchs/Nutch-1.0 ( ; http://www.netluchs.de/; _do_not_spam_me___humans_please_use_info_at_netluchs.de_without_the_dash)"
213.183.201.83 - - [18/Jun/2017:14:26:44 +0200] "GET /jahrbuch/index.html HTTP/1.1" 200 3956 "-" "Netluchs/Nutch-1.0 ( ; http://www.netluchs.de/; _do_not_spam_me___humans_please_use_info_at_netluchs.de_without_the_dash)"
213.183.201.83 - - [18/Jun/2017:14:30:02 +0200] "GET /sonderthemen/az2003_s01.pdf HTTP/1.1" 200 120642 "-" "Netluchs/Nutch-1.0 ( ; http://www.netluchs.de/; _do_not_spam_me___humans_please_use_info_at_netluchs.de_without_the_dash)"
213.183.201.83 - - [18/Jun/2017:14:30:10 +0200] "GET /cds/rosarium.html HTTP/1.1" 200 6680 "-" "Netluchs/Nutch-1.0 ( ; http://www.netluchs.de/; _do_not_spam_me___humans_please_use_info_at_netluchs.de_without_the_dash)"
213.183.201.83 - - [18/Jun/2017:14:33:41 +0200] "GET /sonderthemen/sk2004_s01.pdf HTTP/1.1" 200 162742 "-" "Netluchs/Nutch-1.0 ( ; http://www.netluchs.de/; _do_not_spam_me___humans_please_use_info_at_netluchs.de_without_the_dash)"
213.183.201.83 - - [18/Jun/2017:14:36:04 +0200] "GET /gotteslob/index.html HTTP/1.1" 200 2770 "-" "Netluchs/Nutch-1.0 ( ; http://www.netluchs.de/; _do_not_spam_me___humans_please_use_info_at_netluchs.de_without_the_dash)"
213.183.201.83 - - [18/Jun/2017:14:37:35 +0200] "GET /buecher/rezension_gesichter_u_geschichten.pdf HTTP/1.1" 200 223287 "-" "Netluchs/Nutch-1.0 ( ; http://www.netluchs.de/; _do_not_spam_me___humans_please_use_info_at_netluchs.de_without_the_dash)"
213.183.201.83 - - [18/Jun/2017:14:37:54 +0200] "GET /cds/index.html HTTP/1.1" 200 7987 "-" "Netluchs/Nutch-1.0 ( ; http://www.netluchs.de/; _do_not_spam_me___humans_please_use_info_at_netluchs.de_without_the_dash)"
213.183.201.83 - - [18/Jun/2017:14:37:56 +0200] "GET /jahrbuch/titelseiten/index.html HTTP/1.1" 200 6735 "-" "Netluchs/Nutch-1.0 ( ; http://www.netluchs.de/; _do_not_spam_me___humans_please_use_info_at_netluchs.de_without_the_dash)"
213.183.201.83 - - [18/Jun/2017:14:38:01 +0200] "GET /buecher/index.html HTTP/1.1" 200 25885 "-" "Netluchs/Nutch-1.0 ( ; http://www.netluchs.de/; _do_not_spam_me___humans_please_use_info_at_netluchs.de_without_the_dash)"
213.183.201.83 - - [18/Jun/2017:14:42:08 +0200] "GET /sonderthemen/archiv.html HTTP/1.1" 200 6959 "-" "Netluchs/Nutch-1.0 ( ; http://www.netluchs.de/; _do_not_spam_me___humans_please_use_info_at_netluchs.de_without_the_dash)"
213.183.201.83 - - [18/Jun/2017:14:43:39 +0200] "GET /buecher/rezensionen.html HTTP/1.1" 200 6964 "-" "Netluchs/Nutch-1.0 ( ; http://www.netluchs.de/; _do_not_spam_me___humans_please_use_info_at_netluchs.de_without_the_dash)"
5.255.251.7 - - [18/Jun/2017:14:46:56 +0200] "GET /index.html HTTP/1.1" 200 9360 "-" "Mozilla/5.0 (compatible; YandexBot/3.0; +http://yandex.com/bots)"
95.90.241.241 - - [18/Jun/2017:15:02:49 +0200] "GET / HTTP/1.1" 200 9360 "http://www.christliche-buchhandlungen.de/plz-1.php" "Mozilla/5.0 (iPad; CPU OS 10_3_2 like Mac OS X) AppleWebKit/603.2.4 (KHTML, like Gecko) Version/10.0 Mobile/14F91 Safari/602.1"
95.90.241.241 - - [18/Jun/2017:15:02:49 +0200] "GET /mv_gr_w.gif HTTP/1.1" 200 2005 "http://www.morusverlag.de/" "Mozilla/5.0 (iPad; CPU OS 10_3_2 like Mac OS X) AppleWebKit/603.2.4 (KHTML, like Gecko) Version/10.0 Mobile/14F91 Safari/602.1"
95.90.241.241 - - [18/Jun/2017:15:02:50 +0200] "GET /jahrbuch_k.jpg HTTP/1.1" 200 3719 "http://www.morusverlag.de/" "Mozilla/5.0 (iPad; CPU OS 10_3_2 like Mac OS X) AppleWebKit/603.2.4 (KHTML, like Gecko) Version/10.0 Mobile/14F91 Safari/602.1"
95.90.241.241 - - [18/Jun/2017:15:02:50 +0200] "GET /pf.gif HTTP/1.1" 200 62 "http://www.morusverlag.de/" "Mozilla/5.0 (iPad; CPU OS 10_3_2 like Mac OS X) AppleWebKit/603.2.4 (KHTML, like Gecko) Version/10.0 Mobile/14F91 Safari/602.1"
95.90.241.241 - - [18/Jun/2017:15:02:50 +0200] "GET /logo_g.gif HTTP/1.1" 200 1301 "http://www.morusverlag.de/" "Mozilla/5.0 (iPad; CPU OS 10_3_2 like Mac OS X) AppleWebKit/603.2.4 (KHTML, like Gecko) Version/10.0 Mobile/14F91 Safari/602.1"
95.90.241.241 - - [18/Jun/2017:15:02:50 +0200] "GET /buecher/gesichter.jpg HTTP/1.1" 200 7271 "http://www.morusverlag.de/" "Mozilla/5.0 (iPad; CPU OS 10_3_2 like Mac OS X) AppleWebKit/603.2.4 (KHTML, like Gecko) Version/10.0 Mobile/14F91 Safari/602.1"
95.90.241.241 - - [18/Jun/2017:15:02:50 +0200] "GET /cds/rosarium_k.jpg HTTP/1.1" 200 3972 "http://www.morusverlag.de/" "Mozilla/5.0 (iPad; CPU OS 10_3_2 like Mac OS X) AppleWebKit/603.2.4 (KHTML, like Gecko) Version/10.0 Mobile/14F91 Safari/602.1"
95.90.241.241 - - [18/Jun/2017:15:02:50 +0200] "GET /cds/ignatius_k.jpg HTTP/1.1" 200 3965 "http://www.morusverlag.de/" "Mozilla/5.0 (iPad; CPU OS 10_3_2 like Mac OS X) AppleWebKit/603.2.4 (KHTML, like Gecko) Version/10.0 Mobile/14F91 Safari/602.1"
95.90.241.241 - - [18/Jun/2017:15:02:50 +0200] "GET /cds/hymnos_k.jpg HTTP/1.1" 200 4986 "http://www.morusverlag.de/" "Mozilla/5.0 (iPad; CPU OS 10_3_2 like Mac OS X) AppleWebKit/603.2.4 (KHTML, like Gecko) Version/10.0 Mobile/14F91 Safari/602.1"
95.90.241.241 - - [18/Jun/2017:15:02:50 +0200] "GET /cds/astazi_k.jpg HTTP/1.1" 200 6049 "http://www.morusverlag.de/" "Mozilla/5.0 (iPad; CPU OS 10_3_2 like Mac OS X) AppleWebKit/603.2.4 (KHTML, like Gecko) Version/10.0 Mobile/14F91 Safari/602.1"
95.90.241.241 - - [18/Jun/2017:15:02:50 +0200] "GET /main.css HTTP/1.1" 200 1439 "http://www.morusverlag.de/" "Mozilla/5.0 (iPad; CPU OS 10_3_2 like Mac OS X) AppleWebKit/603.2.4 (KHTML, like Gecko) Version/10.0 Mobile/14F91 Safari/602.1"
95.90.241.241 - - [18/Jun/2017:15:02:50 +0200] "GET /gotteslob.jpg HTTP/1.1" 200 9390 "http://www.morusverlag.de/" "Mozilla/5.0 (iPad; CPU OS 10_3_2 like Mac OS X) AppleWebKit/603.2.4 (KHTML, like Gecko) Version/10.0 Mobile/14F91 Safari/602.1"
95.90.241.241 - - [18/Jun/2017:15:02:50 +0200] "GET /buecher/engel.jpg HTTP/1.1" 200 5414 "http://www.morusverlag.de/" "Mozilla/5.0 (iPad; CPU OS 10_3_2 like Mac OS X) AppleWebKit/603.2.4 (KHTML, like Gecko) Version/10.0 Mobile/14F91 Safari/602.1"
95.90.241.241 - - [18/Jun/2017:15:02:50 +0200] "GET /buecher/chateaubriand.jpg HTTP/1.1" 200 2272 "http://www.morusverlag.de/" "Mozilla/5.0 (iPad; CPU OS 10_3_2 like Mac OS X) AppleWebKit/603.2.4 (KHTML, like Gecko) Version/10.0 Mobile/14F91 Safari/602.1"
95.90.241.241 - - [18/Jun/2017:15:02:50 +0200] "GET /buch_k.jpg HTTP/1.1" 200 4591 "http://www.morusverlag.de/" "Mozilla/5.0 (iPad; CPU OS 10_3_2 like Mac OS X) AppleWebKit/603.2.4 (KHTML, like Gecko) Version/10.0 Mobile/14F91 Safari/602.1"
95.90.241.241 - - [18/Jun/2017:15:02:50 +0200] "GET /strich.gif HTTP/1.1" 200 45 "http://www.morusverlag.de/" "Mozilla/5.0 (iPad; CPU OS 10_3_2 like Mac OS X) AppleWebKit/603.2.4 (KHTML, like Gecko) Version/10.0 Mobile/14F91 Safari/602.1"
95.90.241.241 - - [18/Jun/2017:15:02:51 +0200] "GET /mv_g.gif HTTP/1.1" 200 4070 "http://www.morusverlag.de/" "Mozilla/5.0 (iPad; CPU OS 10_3_2 like Mac OS X) AppleWebKit/603.2.4 (KHTML, like Gecko) Version/10.0 Mobile/14F91 Safari/602.1"
95.90.241.241 - - [18/Jun/2017:15:03:28 +0200] "GET /buecher/index.html HTTP/1.1" 200 25885 "http://www.morusverlag.de/" "Mozilla/5.0 (iPad; CPU OS 10_3_2 like Mac OS X) AppleWebKit/603.2.4 (KHTML, like Gecko) Version/10.0 Mobile/14F91 Safari/602.1"
95.90.241.241 - - [18/Jun/2017:15:03:28 +0200] "GET /buecher/gesichter/01.jpg HTTP/1.1" 200 7981 "http://www.morusverlag.de/buecher/index.html" "Mozilla/5.0 (iPad; CPU OS 10_3_2 like Mac OS X) AppleWebKit/603.2.4 (KHTML, like Gecko) Version/10.0 Mobile/14F91 Safari/602.1"
95.90.241.241 - - [18/Jun/2017:15:03:28 +0200] "GET /buecher/gesichter/02.jpg HTTP/1.1" 200 9266 "http://www.morusverlag.de/buecher/index.html" "Mozilla/5.0 (iPad; CPU OS 10_3_2 like Mac OS X) AppleWebKit/603.2.4 (KHTML, like Gecko) Version/10.0 Mobile/14F91 Safari/602.1"
95.90.241.241 - - [18/Jun/2017:15:03:28 +0200] "GET /buecher/gesichter/03.jpg HTTP/1.1" 200 10026 "http://www.morusverlag.de/buecher/index.html" "Mozilla/5.0 (iPad; CPU OS 10_3_2 like Mac OS X) AppleWebKit/603.2.4 (KHTML, like Gecko) Version/10.0 Mobile/14F91 Safari/602.1"
95.90.241.241 - - [18/Jun/2017:15:03:28 +0200] "GET /buecher/gesichter/04.jpg HTTP/1.1" 200 7078 "http://www.morusverlag.de/buecher/index.html" "Mozilla/5.0 (iPad; CPU OS 10_3_2 like Mac OS X) AppleWebKit/603.2.4 (KHTML, like Gecko) Version/10.0 Mobile/14F91 Safari/602.1"
95.90.241.241 - - [18/Jun/2017:15:03:28 +0200] "GET /m.gif HTTP/1.1" 200 95 "http://www.morusverlag.de/buecher/index.html" "Mozilla/5.0 (iPad; CPU OS 10_3_2 like Mac OS X) AppleWebKit/603.2.4 (KHTML, like Gecko) Version/10.0 Mobile/14F91 Safari/602.1"
95.90.241.241 - - [18/Jun/2017:15:03:28 +0200] "GET /contentflow/contentflow.js HTTP/1.1" 200 42064 "http://www.morusverlag.de/buecher/index.html" "Mozilla/5.0 (iPad; CPU OS 10_3_2 like Mac OS X) AppleWebKit/603.2.4 (KHTML, like Gecko) Version/10.0 Mobile/14F91 Safari/602.1"
95.90.241.241 - - [18/Jun/2017:15:03:28 +0200] "GET /buecher/gesichter/05.jpg HTTP/1.1" 200 8981 "http://www.morusverlag.de/buecher/index.html" "Mozilla/5.0 (iPad; CPU OS 10_3_2 like Mac OS X) AppleWebKit/603.2.4 (KHTML, like Gecko) Version/10.0 Mobile/14F91 Safari/602.1"
95.90.241.241 - - [18/Jun/2017:15:03:28 +0200] "GET /buecher/gesichter/06.jpg HTTP/1.1" 200 8732 "http://www.morusverlag.de/buecher/index.html" "Mozilla/5.0 (iPad; CPU OS 10_3_2 like Mac OS X) AppleWebKit/603.2.4 (KHTML, like Gecko) Version/10.0 Mobile/14F91 Safari/602.1"
95.90.241.241 - - [18/Jun/2017:15:03:28 +0200] "GET /buecher/gesichter/07.jpg HTTP/1.1" 200 7301 "http://www.morusverlag.de/buecher/index.html" "Mozilla/5.0 (iPad; CPU OS 10_3_2 like Mac OS X) AppleWebKit/603.2.4 (KHTML, like Gecko) Version/10.0 Mobile/14F91 Safari/602.1"
95.90.241.241 - - [18/Jun/2017:15:03:28 +0200] "GET /buecher/gesichter/08.jpg HTTP/1.1" 200 10437 "http://www.morusverlag.de/buecher/index.html" "Mozilla/5.0 (iPad; CPU OS 10_3_2 like Mac OS X) AppleWebKit/603.2.4 (KHTML, like Gecko) Version/10.0 Mobile/14F91 Safari/602.1"
95.90.241.241 - - [18/Jun/2017:15:03:28 +0200] "GET /buecher/gesichter/09.jpg HTTP/1.1" 200 9739 "http://www.morusverlag.de/buecher/index.html" "Mozilla/5.0 (iPad; CPU OS 10_3_2 like Mac OS X) AppleWebKit/603.2.4 (KHTML, like Gecko) Version/10.0 Mobile/14F91 Safari/602.1"
95.90.241.241 - - [18/Jun/2017:15:03:28 +0200] "GET /buecher/gesichter/10.jpg HTTP/1.1" 200 7686 "http://www.morusverlag.de/buecher/index.html" "Mozilla/5.0 (iPad; CPU OS 10_3_2 like Mac OS X) AppleWebKit/603.2.4 (KHTML, like Gecko) Version/10.0 Mobile/14F91 Safari/602.1"
95.90.241.241 - - [18/Jun/2017:15:03:28 +0200] "GET /buecher/gesichter/11.jpg HTTP/1.1" 200 6175 "http://www.morusverlag.de/buecher/index.html" "Mozilla/5.0 (iPad; CPU OS 10_3_2 like Mac OS X) AppleWebKit/603.2.4 (KHTML, like Gecko) Version/10.0 Mobile/14F91 Safari/602.1"
95.90.241.241 - - [18/Jun/2017:15:03:28 +0200] "GET /buecher/gesichter/12.jpg HTTP/1.1" 200 6460 "http://www.morusverlag.de/buecher/index.html" "Mozilla/5.0 (iPad; CPU OS 10_3_2 like Mac OS X) AppleWebKit/603.2.4 (KHTML, like Gecko) Version/10.0 Mobile/14F91 Safari/602.1"
95.90.241.241 - - [18/Jun/2017:15:03:28 +0200] "GET /buecher/gesichter/13.jpg HTTP/1.1" 200 8373 "http://www.morusverlag.de/buecher/index.html" "Mozilla/5.0 (iPad; CPU OS 10_3_2 like Mac OS X) AppleWebKit/603.2.4 (KHTML, like Gecko) Version/10.0 Mobile/14F91 Safari/602.1"
95.90.241.241 - - [18/Jun/2017:15:03:29 +0200] "GET /buecher/gesichter/14.jpg HTTP/1.1" 200 7847 "http://www.morusverlag.de/buecher/index.html" "Mozilla/5.0 (iPad; CPU OS 10_3_2 like Mac OS X) AppleWebKit/603.2.4 (KHTML, like Gecko) Version/10.0 Mobile/14F91 Safari/602.1"
95.90.241.241 - - [18/Jun/2017:15:03:29 +0200] "GET /buecher/gesichter/15.jpg HTTP/1.1" 200 7253 "http://www.morusverlag.de/buecher/index.html" "Mozilla/5.0 (iPad; CPU OS 10_3_2 like Mac OS X) AppleWebKit/603.2.4 (KHTML, like Gecko) Version/10.0 Mobile/14F91 Safari/602.1"
95.90.241.241 - - [18/Jun/2017:15:03:29 +0200] "GET /buecher/gesichter/16.jpg HTTP/1.1" 200 8367 "http://www.morusverlag.de/buecher/index.html" "Mozilla/5.0 (iPad; CPU OS 10_3_2 like Mac OS X) AppleWebKit/603.2.4 (KHTML, like Gecko) Version/10.0 Mobile/14F91 Safari/602.1"
95.90.241.241 - - [18/Jun/2017:15:03:29 +0200] "GET /buecher/gesichter/17.jpg HTTP/1.1" 200 7587 "http://www.morusverlag.de/buecher/index.html" "Mozilla/5.0 (iPad; CPU OS 10_3_2 like Mac OS X) AppleWebKit/603.2.4 (KHTML, like Gecko) Version/10.0 Mobile/14F91 Safari/602.1"
95.90.241.241 - - [18/Jun/2017:15:03:29 +0200] "GET /buecher/gesichter/18.jpg HTTP/1.1" 200 8757 "http://www.morusverlag.de/buecher/index.html" "Mozilla/5.0 (iPad; CPU OS 10_3_2 like Mac OS X) AppleWebKit/603.2.4 (KHTML, like Gecko) Version/10.0 Mobile/14F91 Safari/602.1"
95.90.241.241 - - [18/Jun/2017:15:03:29 +0200] "GET /buecher/gesichter/19.jpg HTTP/1.1" 200 8281 "http://www.morusverlag.de/buecher/index.html" "Mozilla/5.0 (iPad; CPU OS 10_3_2 like Mac OS X) AppleWebKit/603.2.4 (KHTML, like Gecko) Version/10.0 Mobile/14F91 Safari/602.1"
95.90.241.241 - - [18/Jun/2017:15:03:29 +0200] "GET /contentflow/contentflow.css HTTP/1.1" 200 3109 "http://www.morusverlag.de/buecher/index.html" "Mozilla/5.0 (iPad; CPU OS 10_3_2 like Mac OS X) AppleWebKit/603.2.4 (KHTML, like Gecko) Version/10.0 Mobile/14F91 Safari/602.1"
95.90.241.241 - - [18/Jun/2017:15:03:29 +0200] "GET /contentflow/ContentFlowAddOn_white.js HTTP/1.1" 200 471 "http://www.morusverlag.de/buecher/index.html" "Mozilla/5.0 (iPad; CPU OS 10_3_2 like Mac OS X) AppleWebKit/603.2.4 (KHTML, like Gecko) Version/10.0 Mobile/14F91 Safari/602.1"
95.90.241.241 - - [18/Jun/2017:15:03:29 +0200] "GET /contentflow/mycontentflow.css HTTP/1.1" 404 2381 "http://www.morusverlag.de/buecher/index.html" "Mozilla/5.0 (iPad; CPU OS 10_3_2 like Mac OS X) AppleWebKit/603.2.4 (KHTML, like Gecko) Version/10.0 Mobile/14F91 Safari/602.1"
95.90.241.241 - - [18/Jun/2017:15:03:29 +0200] "GET /buecher/gesichter/20.jpg HTTP/1.1" 200 8785 "http://www.morusverlag.de/buecher/index.html" "Mozilla/5.0 (iPad; CPU OS 10_3_2 like Mac OS X) AppleWebKit/603.2.4 (KHTML, like Gecko) Version/10.0 Mobile/14F91 Safari/602.1"
95.90.241.241 - - [18/Jun/2017:15:03:29 +0200] "GET /buecher/gesichter/21.jpg HTTP/1.1" 200 7433 "http://www.morusverlag.de/buecher/index.html" "Mozilla/5.0 (iPad; CPU OS 10_3_2 like Mac OS X) AppleWebKit/603.2.4 (KHTML, like Gecko) Version/10.0 Mobile/14F91 Safari/602.1"
95.90.241.241 - - [18/Jun/2017:15:03:29 +0200] "GET /buecher/gesichter/23.jpg HTTP/1.1" 200 8706 "http://www.morusverlag.de/buecher/index.html" "Mozilla/5.0 (iPad; CPU OS 10_3_2 like Mac OS X) AppleWebKit/603.2.4 (KHTML, like Gecko) Version/10.0 Mobile/14F91 Safari/602.1"
95.90.241.241 - - [18/Jun/2017:15:03:29 +0200] "GET /buecher/gesichter/22.jpg HTTP/1.1" 200 8837 "http://www.morusverlag.de/buecher/index.html" "Mozilla/5.0 (iPad; CPU OS 10_3_2 like Mac OS X) AppleWebKit/603.2.4 (KHTML, like Gecko) Version/10.0 Mobile/14F91 Safari/602.1"
95.90.241.241 - - [18/Jun/2017:15:03:29 +0200] "GET /contentflow/ContentFlowAddOn_white.css HTTP/1.1" 200 3174 "http://www.morusverlag.de/buecher/index.html" "Mozilla/5.0 (iPad; CPU OS 10_3_2 like Mac OS X) AppleWebKit/603.2.4 (KHTML, like Gecko) Version/10.0 Mobile/14F91 Safari/602.1"
95.90.241.241 - - [18/Jun/2017:15:03:29 +0200] "GET /buecher/gesichter/24.jpg HTTP/1.1" 200 8021 "http://www.morusverlag.de/buecher/index.html" "Mozilla/5.0 (iPad; CPU OS 10_3_2 like Mac OS X) AppleWebKit/603.2.4 (KHTML, like Gecko) Version/10.0 Mobile/14F91 Safari/602.1"
95.90.241.241 - - [18/Jun/2017:15:03:29 +0200] "GET /buecher/gesichter/25.jpg HTTP/1.1" 200 7280 "http://www.morusverlag.de/buecher/index.html" "Mozilla/5.0 (iPad; CPU OS 10_3_2 like Mac OS X) AppleWebKit/603.2.4 (KHTML, like Gecko) Version/10.0 Mobile/14F91 Safari/602.1"
95.90.241.241 - - [18/Jun/2017:15:03:29 +0200] "GET /buecher/gesichter/26.jpg HTTP/1.1" 200 8027 "http://www.morusverlag.de/buecher/index.html" "Mozilla/5.0 (iPad; CPU OS 10_3_2 like Mac OS X) AppleWebKit/603.2.4 (KHTML, like Gecko) Version/10.0 Mobile/14F91 Safari/602.1"
95.90.241.241 - - [18/Jun/2017:15:03:29 +0200] "GET /buecher/gesichter/27.jpg HTTP/1.1" 200 8110 "http://www.morusverlag.de/buecher/index.html" "Mozilla/5.0 (iPad; CPU OS 10_3_2 like Mac OS X) AppleWebKit/603.2.4 (KHTML, like Gecko) Version/10.0 Mobile/14F91 Safari/602.1"
95.90.241.241 - - [18/Jun/2017:15:03:29 +0200] "GET /buecher/gesichter/28.jpg HTTP/1.1" 200 7684 "http://www.morusverlag.de/buecher/index.html" "Mozilla/5.0 (iPad; CPU OS 10_3_2 like Mac OS X) AppleWebKit/603.2.4 (KHTML, like Gecko) Version/10.0 Mobile/14F91 Safari/602.1"
95.90.241.241 - - [18/Jun/2017:15:03:29 +0200] "GET /buecher/gesichter/29.jpg HTTP/1.1" 200 9282 "http://www.morusverlag.de/buecher/index.html" "Mozilla/5.0 (iPad; CPU OS 10_3_2 like Mac OS X) AppleWebKit/603.2.4 (KHTML, like Gecko) Version/10.0 Mobile/14F91 Safari/602.1"
95.90.241.241 - - [18/Jun/2017:15:03:29 +0200] "GET /buecher/gesichter/30.jpg HTTP/1.1" 200 8702 "http://www.morusverlag.de/buecher/index.html" "Mozilla/5.0 (iPad; CPU OS 10_3_2 like Mac OS X) AppleWebKit/603.2.4 (KHTML, like Gecko) Version/10.0 Mobile/14F91 Safari/602.1"
95.90.241.241 - - [18/Jun/2017:15:03:29 +0200] "GET /buecher/gesichter/31.jpg HTTP/1.1" 200 8424 "http://www.morusverlag.de/buecher/index.html" "Mozilla/5.0 (iPad; CPU OS 10_3_2 like Mac OS X) AppleWebKit/603.2.4 (KHTML, like Gecko) Version/10.0 Mobile/14F91 Safari/602.1"
95.90.241.241 - - [18/Jun/2017:15:03:29 +0200] "GET /buecher/gesichter/32.jpg HTTP/1.1" 200 8010 "http://www.morusverlag.de/buecher/index.html" "Mozilla/5.0 (iPad; CPU OS 10_3_2 like Mac OS X) AppleWebKit/603.2.4 (KHTML, like Gecko) Version/10.0 Mobile/14F91 Safari/602.1"
95.90.241.241 - - [18/Jun/2017:15:03:29 +0200] "GET /buecher/mein_atem.jpg HTTP/1.1" 200 4118 "http://www.morusverlag.de/buecher/index.html" "Mozilla/5.0 (iPad; CPU OS 10_3_2 like Mac OS X) AppleWebKit/603.2.4 (KHTML, like Gecko) Version/10.0 Mobile/14F91 Safari/602.1"
95.90.241.241 - - [18/Jun/2017:15:03:29 +0200] "GET /buecher/liebe_und_treue.jpg HTTP/1.1" 200 3067 "http://www.morusverlag.de/buecher/index.html" "Mozilla/5.0 (iPad; CPU OS 10_3_2 like Mac OS X) AppleWebKit/603.2.4 (KHTML, like Gecko) Version/10.0 Mobile/14F91 Safari/602.1"
95.90.241.241 - - [18/Jun/2017:15:03:29 +0200] "GET /buecher/le_saulchoir.jpg HTTP/1.1" 200 2734 "http://www.morusverlag.de/buecher/index.html" "Mozilla/5.0 (iPad; CPU OS 10_3_2 like Mac OS X) AppleWebKit/603.2.4 (KHTML, like Gecko) Version/10.0 Mobile/14F91 Safari/602.1"
95.90.241.241 - - [18/Jun/2017:15:03:29 +0200] "GET /buecher/staatsaufgaben.jpg HTTP/1.1" 200 2204 "http://www.morusverlag.de/buecher/index.html" "Mozilla/5.0 (iPad; CPU OS 10_3_2 like Mac OS X) AppleWebKit/603.2.4 (KHTML, like Gecko) Version/10.0 Mobile/14F91 Safari/602.1"
95.90.241.241 - - [18/Jun/2017:15:03:29 +0200] "GET /buecher/nichtaufsand.jpg HTTP/1.1" 200 3733 "http://www.morusverlag.de/buecher/index.html" "Mozilla/5.0 (iPad; CPU OS 10_3_2 like Mac OS X) AppleWebKit/603.2.4 (KHTML, like Gecko) Version/10.0 Mobile/14F91 Safari/602.1"
95.90.241.241 - - [18/Jun/2017:15:03:29 +0200] "GET /buecher/krise_zum_heil.jpg HTTP/1.1" 200 1930 "http://www.morusverlag.de/buecher/index.html" "Mozilla/5.0 (iPad; CPU OS 10_3_2 like Mac OS X) AppleWebKit/603.2.4 (KHTML, like Gecko) Version/10.0 Mobile/14F91 Safari/602.1"
95.90.241.241 - - [18/Jun/2017:15:03:29 +0200] "GET /buecher/islam.jpg HTTP/1.1" 200 4080 "http://www.morusverlag.de/buecher/index.html" "Mozilla/5.0 (iPad; CPU OS 10_3_2 like Mac OS X) AppleWebKit/603.2.4 (KHTML, like Gecko) Version/10.0 Mobile/14F91 Safari/602.1"
95.90.241.241 - - [18/Jun/2017:15:03:29 +0200] "GET /buecher/leiblichkeit.jpg HTTP/1.1" 200 3929 "http://www.morusverlag.de/buecher/index.html" "Mozilla/5.0 (iPad; CPU OS 10_3_2 like Mac OS X) AppleWebKit/603.2.4 (KHTML, like Gecko) Version/10.0 Mobile/14F91 Safari/602.1"
95.90.241.241 - - [18/Jun/2017:15:03:29 +0200] "GET /contentflow/img/loader.gif HTTP/1.1" 200 8238 "http://www.morusverlag.de/buecher/index.html" "Mozilla/5.0 (iPad; CPU OS 10_3_2 like Mac OS X) AppleWebKit/603.2.4 (KHTML, like Gecko) Version/10.0 Mobile/14F91 Safari/602.1"
95.90.241.241 - - [18/Jun/2017:15:03:29 +0200] "GET /buecher/preysing.jpg HTTP/1.1" 200 3799 "http://www.morusverlag.de/buecher/index.html" "Mozilla/5.0 (iPad; CPU OS 10_3_2 like Mac OS X) AppleWebKit/603.2.4 (KHTML, like Gecko) Version/10.0 Mobile/14F91 Safari/602.1"
95.90.241.241 - - [18/Jun/2017:15:03:29 +0200] "GET /contentflow/img/scrollbar_white.png HTTP/1.1" 200 82 "http://www.morusverlag.de/buecher/index.html" "Mozilla/5.0 (iPad; CPU OS 10_3_2 like Mac OS X) AppleWebKit/603.2.4 (KHTML, like Gecko) Version/10.0 Mobile/14F91 Safari/602.1"
95.90.241.241 - - [18/Jun/2017:15:03:29 +0200] "GET /contentflow/img/slider_white.png HTTP/1.1" 200 178 "http://www.morusverlag.de/buecher/index.html" "Mozilla/5.0 (iPad; CPU OS 10_3_2 like Mac OS X) AppleWebKit/603.2.4 (KHTML, like Gecko) Version/10.0 Mobile/14F91 Safari/602.1"
95.90.241.241 - - [18/Jun/2017:15:03:29 +0200] "GET /contentflow/img/1x1_0.5_white.png HTTP/1.1" 200 82 "http://www.morusverlag.de/buecher/index.html" "Mozilla/5.0 (iPad; CPU OS 10_3_2 like Mac OS X) AppleWebKit/603.2.4 (KHTML, like Gecko) Version/10.0 Mobile/14F91 Safari/602.1"
95.90.241.241 - - [18/Jun/2017:15:03:29 +0200] "GET /contentflow/img/loader_white.gif HTTP/1.1" 200 8238 "http://www.morusverlag.de/buecher/index.html" "Mozilla/5.0 (iPad; CPU OS 10_3_2 like Mac OS X) AppleWebKit/603.2.4 (KHTML, like Gecko) Version/10.0 Mobile/14F91 Safari/602.1"
95.90.241.241 - - [18/Jun/2017:15:03:29 +0200] "GET /contentflow/img/slider_black.png HTTP/1.1" 200 175 "http://www.morusverlag.de/buecher/index.html" "Mozilla/5.0 (iPad; CPU OS 10_3_2 like Mac OS X) AppleWebKit/603.2.4 (KHTML, like Gecko) Version/10.0 Mobile/14F91 Safari/602.1"
95.90.241.241 - - [18/Jun/2017:15:03:29 +0200] "GET /contentflow/img/scrollbar_black.png HTTP/1.1" 200 82 "http://www.morusverlag.de/buecher/index.html" "Mozilla/5.0 (iPad; CPU OS 10_3_2 like Mac OS X) AppleWebKit/603.2.4 (KHTML, like Gecko) Version/10.0 Mobile/14F91 Safari/602.1"
95.90.241.241 - - [18/Jun/2017:15:03:34 +0200] "GET /buecher/rezensionen_engel.html HTTP/1.1" 200 6598 "http://www.morusverlag.de/buecher/index.html" "Mozilla/5.0 (iPad; CPU OS 10_3_2 like Mac OS X) AppleWebKit/603.2.4 (KHTML, like Gecko) Version/10.0 Mobile/14F91 Safari/602.1"
95.90.241.241 - - [18/Jun/2017:15:04:51 +0200] "GET /buecher/veroeffentlichungsliste.html HTTP/1.1" 200 129779 "http://www.morusverlag.de/buecher/index.html" "Mozilla/5.0 (iPad; CPU OS 10_3_2 like Mac OS X) AppleWebKit/603.2.4 (KHTML, like Gecko) Version/10.0 Mobile/14F91 Safari/602.1"
95.90.241.241 - - [18/Jun/2017:15:05:08 +0200] "GET /kontakt/index.html HTTP/1.1" 200 2896 "http://www.morusverlag.de/buecher/veroeffentlichungsliste.html" "Mozilla/5.0 (iPad; CPU OS 10_3_2 like Mac OS X) AppleWebKit/603.2.4 (KHTML, like Gecko) Version/10.0 Mobile/14F91 Safari/602.1"
5.255.251.7 - - [18/Jun/2017:15:05:36 +0200] "GET /key/ASWD56425CSA HTTP/1.1" 404 2381 "-" "Mozilla/5.0 (compatible; YandexBot/3.0; +http://yandex.com/bots)"
66.249.64.81 - - [18/Jun/2017:15:06:46 +0200] "GET /sonderthemen/sk2004.pdf HTTP/1.1" 200 1967215 "-" "Mozilla/5.0 (Linux; Android 6.0.1; Nexus 5X Build/MMB29P) AppleWebKit/537.36 (KHTML, like Gecko) Chrome/41.0.2272.96 Mobile Safari/537.36 (compatible; Googlebot/2.1; +http://www.google.com/bot.html)"
95.90.241.241 - - [18/Jun/2017:15:09:20 +0200] "GET /buecher/index.html HTTP/1.1" 200 25885 "http://www.morusverlag.de/" "Mozilla/5.0 (iPad; CPU OS 10_3_2 like Mac OS X) AppleWebKit/603.2.4 (KHTML, like Gecko) Version/10.0 Mobile/14F91 Safari/602.1"
79.196.90.241 - - [18/Jun/2017:15:26:08 +0200] "GET /sonderthemen/oekt_extra2.pdf HTTP/1.1" 206 39405 "https://www.google.de/" "Mozilla/5.0 (X11; Linux x86_64; rv:52.0) Gecko/20100101 Firefox/52.0"
79.196.90.241 - - [18/Jun/2017:15:26:08 +0200] "GET /sonderthemen/oekt_extra2.pdf HTTP/1.1" 206 65536 "https://www.google.de/" "Mozilla/5.0 (X11; Linux x86_64; rv:52.0) Gecko/20100101 Firefox/52.0"
79.196.90.241 - - [18/Jun/2017:15:26:07 +0200] "GET /sonderthemen/oekt_extra2.pdf HTTP/1.1" 200 1939949 "https://www.google.de/" "Mozilla/5.0 (X11; Linux x86_64; rv:52.0) Gecko/20100101 Firefox/52.0"
79.196.90.241 - - [18/Jun/2017:15:26:09 +0200] "GET /favicon.ico HTTP/1.1" 200 4286 "-" "Mozilla/5.0 (X11; Linux x86_64; rv:52.0) Gecko/20100101 Firefox/52.0"
5.9.112.6 - - [18/Jun/2017:15:28:29 +0200] "GET /sonderthemen/sk2000.pdf HTTP/1.1" 200 2925489 "-" "Mozilla/5.0 (Windows NT 6.1) AppleWebKit/537.22 (KHTML, like Gecko) Chrome/25.0.1364.169 Safari/537.22"
66.249.64.85 - - [18/Jun/2017:15:39:42 +0200] "GET /cds/lumina.html HTTP/1.1" 200 9000 "-" "Mozilla/5.0 (Linux; Android 6.0.1; Nexus 5X Build/MMB29P) AppleWebKit/537.36 (KHTML, like Gecko) Chrome/41.0.2272.96 Mobile Safari/537.36 (compatible; Googlebot/2.1; +http://www.google.com/bot.html)"
5.9.112.6 - - [18/Jun/2017:15:45:27 +0200] "GET /sonderthemen/presse.html HTTP/1.1" 200 5772 "-" "Mozilla/5.0 (compatible; MSIE 10.0; Windows NT 6.1; WOW64; Trident/6.0)"
66.249.64.81 - - [18/Jun/2017:16:26:23 +0200] "GET /cds/astazi.html HTTP/1.1" 200 8453 "-" "Mozilla/5.0 (Linux; Android 6.0.1; Nexus 5X Build/MMB29P) AppleWebKit/537.36 (KHTML, like Gecko) Chrome/41.0.2272.96 Mobile Safari/537.36 (compatible; Googlebot/2.1; +http://www.google.com/bot.html)"
5.9.106.81 - - [18/Jun/2017:16:43:31 +0200] "GET /sonderthemen/oekt_extra2.pdf HTTP/1.1" 200 1939949 "-" "Mozilla/5.0 (X11; Linux i686; rv:21.0) Gecko/20100101 Firefox/21.0"
5.9.94.207 - - [18/Jun/2017:16:43:57 +0200] "GET /sonderthemen/oekz2003.pdf HTTP/1.1" 200 4017017 "-" "Mozilla/5.0 (Windows NT 6.1) AppleWebKit/537.36 (KHTML, like Gecko) Chrome/27.0.1453.93 Safari/537.36"
66.249.64.81 - - [18/Jun/2017:17:07:30 +0200] "GET /cds/glockenspiel1.html HTTP/1.1" 200 9736 "-" "Mozilla/5.0 (Linux; Android 6.0.1; Nexus 5X Build/MMB29P) AppleWebKit/537.36 (KHTML, like Gecko) Chrome/41.0.2272.96 Mobile Safari/537.36 (compatible; Googlebot/2.1; +http://www.google.com/bot.html)"
5.9.17.118 - - [18/Jun/2017:17:20:09 +0200] "GET /buecher/rezensionen_engel.html HTTP/1.1" 200 6598 "-" "Mozilla/5.0 (Windows NT 6.1; rv:21.0) Gecko/20130401 Firefox/21.0"
88.99.27.172 - - [18/Jun/2017:17:20:09 +0200] "GET /buecher/rezensionen.html HTTP/1.1" 200 6964 "-" "Mozilla/5.0 (X11; U; Linux i686; en-US; rv:1.9.1.16) Gecko/20120421 Gecko Firefox/11.0"
88.99.27.172 - - [18/Jun/2017:17:20:10 +0200] "GET /buecher/index.html HTTP/1.1" 200 25885 "-" "Mozilla/5.0 (Windows NT 5.1; rv:21.0) Gecko/20130331 Firefox/21.0"
5.9.145.132 - - [18/Jun/2017:17:20:11 +0200] "GET /buecher/ HTTP/1.1" 200 25885 "-" "Mozilla/5.0 (Windows NT 6.1; WOW64) AppleWebKit/537.31 (KHTML, like Gecko) Chrome/26.0.1410.64 Safari/537.31"
5.9.94.207 - - [18/Jun/2017:17:29:17 +0200] "GET /sonderthemen/az2000.pdf HTTP/1.1" 200 2253581 "-" "Mozilla/5.0 (Windows NT 6.0; WOW64) AppleWebKit/534.24 (KHTML, like Gecko) Chrome/11.0.696.34 Safari/534.24"
5.9.145.132 - - [18/Jun/2017:17:29:17 +0200] "GET /sonderthemen/oeaz2001.pdf HTTP/1.1" 200 4496626 "-" "Mozilla/5.0 (Windows NT 6.1; rv:21.0) Gecko/20130401 Firefox/21.0"
136.243.17.161 - - [18/Jun/2017:17:29:18 +0200] "GET /sonderthemen/sk2001.pdf HTTP/1.1" 200 3098589 "-" "Mozilla/5.0 (Windows NT 6.1; WOW64; rv:21.0) Gecko/20130401 Firefox/21.0"
5.9.94.207 - - [18/Jun/2017:17:29:31 +0200] "GET /sonderthemen/sk2000.pdf HTTP/1.1" 200 2925489 "-" "Mozilla/5.0 (X11; Ubuntu; Linux i686; rv:14.0) Gecko/20100101 Firefox/14.0.1"
5.9.112.6 - - [18/Jun/2017:17:29:19 +0200] "GET /sonderthemen/sk2000.pdf HTTP/1.1" 200 2925489 "-" "Mozilla/5.0 (Windows NT 6.1; rv:21.0) Gecko/20130401 Firefox/21.0"
157.55.39.88 - - [18/Jun/2017:17:48:07 +0200] "GET /impressum.html HTTP/1.1" 200 2808 "-" "Mozilla/5.0 (iPhone; CPU iPhone OS 7_0 like Mac OS X) AppleWebKit/537.51.1 (KHTML, like Gecko) Version/7.0 Mobile/11A465 Safari/9537.53 (compatible; bingbot/2.0; +http://www.bing.com/bingbot.htm)"
66.249.64.83 - - [18/Jun/2017:17:50:34 +0200] "GET /cds/glockenspiel2.html HTTP/1.1" 200 9831 "-" "Mozilla/5.0 (Linux; Android 6.0.1; Nexus 5X Build/MMB29P) AppleWebKit/537.36 (KHTML, like Gecko) Chrome/41.0.2272.96 Mobile Safari/537.36 (compatible; Googlebot/2.1; +http://www.google.com/bot.html)"
40.77.167.33 - - [18/Jun/2017:18:05:45 +0200] "GET /cds/astazi.html HTTP/1.1" 200 8453 "-" "Mozilla/5.0 (iPhone; CPU iPhone OS 7_0 like Mac OS X) AppleWebKit/537.51.1 (KHTML, like Gecko) Version/7.0 Mobile/11A465 Safari/9537.53 (compatible; bingbot/2.0; +http://www.bing.com/bingbot.htm)"
40.77.167.33 - - [18/Jun/2017:18:21:29 +0200] "GET /mv_g.gif HTTP/1.1" 200 4070 "-" "Mozilla/5.0 (iPhone; CPU iPhone OS 7_0 like Mac OS X) AppleWebKit/537.51.1 (KHTML, like Gecko) Version/7.0 Mobile/11A465 Safari/9537.53 (compatible; bingbot/2.0; +http://www.bing.com/bingbot.htm)"
40.77.167.135 - - [18/Jun/2017:18:21:41 +0200] "GET /logo_g.gif HTTP/1.1" 200 1301 "-" "Mozilla/5.0 (iPhone; CPU iPhone OS 7_0 like Mac OS X) AppleWebKit/537.51.1 (KHTML, like Gecko) Version/7.0 Mobile/11A465 Safari/9537.53 (compatible; bingbot/2.0; +http://www.bing.com/bingbot.htm)"
157.55.39.88 - - [18/Jun/2017:18:21:44 +0200] "GET /main.css HTTP/1.1" 200 1439 "-" "Mozilla/5.0 (iPhone; CPU iPhone OS 7_0 like Mac OS X) AppleWebKit/537.51.1 (KHTML, like Gecko) Version/7.0 Mobile/11A465 Safari/9537.53 (compatible; bingbot/2.0; +http://www.bing.com/bingbot.htm)"
78.46.156.169 - - [18/Jun/2017:18:21:52 +0200] "GET /buecher/ HTTP/1.1" 200 25885 "-" "Mozilla/5.0 (Windows NT 5.1; rv:12.0) Gecko/20120403211507 Firefox/12.0"
78.46.156.169 - - [18/Jun/2017:18:22:06 +0200] "GET /buecher/index.html HTTP/1.1" 200 25885 "-" "Mozilla/5.0 (Windows NT 6.1; rv:21.0) Gecko/20100101 Firefox/21.0"
136.243.17.161 - - [18/Jun/2017:18:22:08 +0200] "GET /buecher/index.html HTTP/1.1" 200 25885 "-" "Mozilla/5.0 (Windows NT 6.1; WOW64; rv:21.0) Gecko/20130330 Firefox/21.0"
66.249.64.83 - - [18/Jun/2017:18:31:20 +0200] "GET /robots.txt HTTP/1.1" 200 100 "-" "Mozilla/5.0 (compatible; Googlebot/2.1; +http://www.google.com/bot.html)"
66.249.64.85 - - [18/Jun/2017:18:31:20 +0200] "GET /jahrbuch/bestellung.php HTTP/1.1" 200 10316 "-" "Mozilla/5.0 (Linux; Android 6.0.1; Nexus 5X Build/MMB29P) AppleWebKit/537.36 (KHTML, like Gecko) Chrome/41.0.2272.96 Mobile Safari/537.36 (compatible; Googlebot/2.1; +http://www.google.com/bot.html)"
207.46.13.181 - - [18/Jun/2017:18:38:08 +0200] "GET /cds/simplay_control.swf HTTP/1.1" 200 1243 "-" "Mozilla/5.0 (iPhone; CPU iPhone OS 7_0 like Mac OS X) AppleWebKit/537.51.1 (KHTML, like Gecko) Version/7.0 Mobile/11A465 Safari/9537.53 (compatible; bingbot/2.0; +http://www.bing.com/bingbot.htm)"
207.46.13.181 - - [18/Jun/2017:18:38:08 +0200] "GET /cds/simplay_player.swf?audiofile=astazi.mp3 HTTP/1.1" 200 6377 "-" "Mozilla/5.0 (iPhone; CPU iPhone OS 7_0 like Mac OS X) AppleWebKit/537.51.1 (KHTML, like Gecko) Version/7.0 Mobile/11A465 Safari/9537.53 (compatible; bingbot/2.0; +http://www.bing.com/bingbot.htm)"
77.75.78.162 - - [18/Jun/2017:19:06:50 +0200] "GET /robots.txt HTTP/1.1" 200 100 "-" "Mozilla/5.0 (compatible; SeznamBot/3.2; +http://napoveda.seznam.cz/en/seznambot-intro/)"
77.75.78.162 - - [18/Jun/2017:19:06:50 +0200] "GET /buecher/gesichter/23.jpg HTTP/1.1" 304 - "-" "Mozilla/5.0 (compatible; SeznamBot/3.2; +http://napoveda.seznam.cz/en/seznambot-intro/)"
66.249.64.85 - - [18/Jun/2017:19:16:02 +0200] "GET /sonderthemen/sk2004.pdf HTTP/1.1" 200 1967215 "-" "Mozilla/5.0 (Linux; Android 6.0.1; Nexus 5X Build/MMB29P) AppleWebKit/537.36 (KHTML, like Gecko) Chrome/41.0.2272.96 Mobile Safari/537.36 (compatible; Googlebot/2.1; +http://www.google.com/bot.html)"
5.9.17.118 - - [18/Jun/2017:19:21:15 +0200] "GET /sonderthemen/oekt_extra3.pdf HTTP/1.1" 200 2109745 "-" "Mozilla/5.0 (Windows NT 5.1; rv:21.0) Gecko/20130331 Firefox/21.0"
5.9.17.118 - - [18/Jun/2017:19:21:30 +0200] "GET /sonderthemen/oekt_extra3.pdf HTTP/1.1" 200 2109745 "-" "Mozilla/5.0 (Macintosh; Intel Mac OS X 1084) AppleWebKit/536.29.13 (KHTML like Gecko) Version/6.0.4 Safari/536.29.13"
207.46.13.181 - - [18/Jun/2017:19:23:28 +0200] "GET / HTTP/1.1" 200 9360 "-" "Mozilla/5.0 (compatible; bingbot/2.0; +http://www.bing.com/bingbot.htm)"
88.99.27.172 - - [18/Jun/2017:19:26:22 +0200] "GET /sonderthemen/sk2002.pdf HTTP/1.1" 200 2628923 "-" "Mozilla/5.0 (X11; U; Linux i686; en-US; rv:1.9.1.16) Gecko/20120421 Gecko Firefox/11.0"
78.46.156.169 - - [18/Jun/2017:19:26:22 +0200] "GET /sonderthemen/az1999.pdf HTTP/1.1" 200 1842982 "-" "Mozilla/5.0 (Macintosh; Intel Mac OS X 107) AppleWebKit/534.48.3 (KHTML like Gecko) Version/5.1 Safari/534.48.3"
78.46.156.169 - - [18/Jun/2017:19:26:38 +0200] "GET /sonderthemen/az1999.pdf HTTP/1.1" 200 1842982 "-" "Mozilla/5.0 (X11; Ubuntu; Linux i686; rv:15.0) Gecko/20100101 Firefox/15.0.1"
5.9.17.118 - - [18/Jun/2017:19:26:22 +0200] "GET /sonderthemen/oekz2003.pdf HTTP/1.1" 200 4017017 "-" "Mozilla/5.0 (Windows NT 6.1) AppleWebKit/537.36 (KHTML, like Gecko) Chrome/27.0.1453.90 Safari/537.36"
5.9.106.81 - - [18/Jun/2017:19:26:55 +0200] "GET /sonderthemen/sk2002.pdf HTTP/1.1" 200 2628923 "-" "Mozilla/5.0 (Windows NT 6.1; WOW64) AppleWebKit/537.36 (KHTML, like Gecko) Chrome/43.0.2357.134 Safari/537.36"
88.99.27.172 - - [18/Jun/2017:19:26:54 +0200] "GET /sonderthemen/oekz2003.pdf HTTP/1.1" 200 4017017 "-" "Mozilla/5.0 (Macintosh; U; Intel Mac OS X 10_5_8; zh-cn) AppleWebKit/533.18.1 (KHTML, like Gecko) Version/5.0.2 Safari/533.18.5"
78.46.156.169 - - [18/Jun/2017:19:26:39 +0200] "GET /sonderthemen/oekz2003.pdf HTTP/1.1" 200 4017017 "-" "Mozilla/5.0 (Macintosh; Intel Mac OS X 1084) AppleWebKit/536.29.13 (KHTML like Gecko) Version/6.0.4 Safari/536.29.13"
5.9.112.6 - - [18/Jun/2017:19:26:41 +0200] "GET /sonderthemen/sk2002.pdf HTTP/1.1" 200 2628923 "-" "Mozilla/5.0 (Windows NT 6.0; WOW64) AppleWebKit/534.24 (KHTML, like Gecko) Chrome/11.0.696.34 Safari/534.24"
66.249.64.85 - - [18/Jun/2017:19:27:45 +0200] "GET /sonderthemen/az2000.pdf HTTP/1.1" 304 - "-" "Mozilla/5.0 (compatible; Googlebot/2.1; +http://www.google.com/bot.html)"
136.243.17.161 - - [18/Jun/2017:19:26:53 +0200] "GET /sonderthemen/az1999.pdf HTTP/1.1" 200 1842982 "-" "Mozilla/5.0 (Windows NT 6.1; WOW64) AppleWebKit/537.36 (KHTML, like Gecko) Chrome/43.0.2357.134 Safari/537.36"
195.133.48.150 - - [18/Jun/2017:19:30:55 +0200] "HEAD / HTTP/1.1" 200 - "http://metall-rostov.com/" "Mozilla/4.0 (compatible; MSIE3.00; Windows 2005)"
195.133.145.199 - - [18/Jun/2017:19:30:55 +0200] "HEAD / HTTP/1.1" 200 - "http://dobriylom.ru/ceny-metalloloma/" "Mozilla/2.0 (compatible; MSIE6.00; Windows 2008)"
78.46.156.169 - - [18/Jun/2017:19:36:31 +0200] "GET /sonderthemen/sk2004.pdf HTTP/1.1" 200 1967215 "-" "Mozilla/5.0 (Macintosh; Intel Mac OS X 10_6_8) AppleWebKit/535.19 (KHTML, like Gecko) Chrome/18.0.1025.166 Safari/535.19"
88.99.27.172 - - [18/Jun/2017:19:36:45 +0200] "GET /sonderthemen/sk2004.pdf HTTP/1.1" 200 1967215 "-" "Mozilla/5.0 (X11; Linux x86_64) AppleWebKit/534.24 (KHTML, like Gecko) Chrome/11.0.696.34 Safari/534.24"
5.9.94.207 - - [18/Jun/2017:19:37:00 +0200] "GET /sonderthemen/sk2004.pdf HTTP/1.1" 200 1967215 "-" "Mozilla/5.0 (Windows NT 5.0; rv:21.0) Gecko/20100101 Firefox/21.0"
78.46.156.169 - - [18/Jun/2017:19:38:56 +0200] "GET /sonderthemen/oekt_extra2.pdf HTTP/1.1" 200 1939949 "-" "Mozilla/5.0 (Windows NT 5.0; rv:21.0) Gecko/20100101 Firefox/21.0"
5.9.106.81 - - [18/Jun/2017:19:39:11 +0200] "GET /sonderthemen/oekt_extra2.pdf HTTP/1.1" 200 1939949 "-" "Mozilla/5.0 (Macintosh; Intel Mac OS X 10_6_8) AppleWebKit/537.13+ (KHTML, like Gecko) Version/5.1.7 Safari/534.57.2"
88.99.27.172 - - [18/Jun/2017:19:39:26 +0200] "GET /sonderthemen/oekt_extra2.pdf HTTP/1.1" 200 1939949 "-" "Mozilla/5.0 (Macintosh; Intel Mac OS X 10_6_8) AppleWebKit/537.13+ (KHTML, like Gecko) Version/5.1.7 Safari/534.57.2"
194.87.234.246 - - [18/Jun/2017:19:40:24 +0200] "HEAD / HTTP/1.1" 200 - "http://dobriylommetallolom.ru/sdat-metallolom/" "Mozilla/5.0 (compatible; MSIE4.00; Windows 2009)"
195.133.147.6 - - [18/Jun/2017:19:40:27 +0200] "HEAD / HTTP/1.1" 200 - "http://priem-metalloloma-rostov.ru/" "Mozilla/7.0 (compatible; MSIE2.00; Windows 2003)"
65.55.210.132 - - [18/Jun/2017:19:40:49 +0200] "GET /cds/simplaydata/controlconfig.xml?nocache=1497695752968 HTTP/1.1" 200 121 "-" "Mozilla/5.0 (iPhone; CPU iPhone OS 7_0 like Mac OS X) AppleWebKit/537.51.1 (KHTML, like Gecko) Version/7.0 Mobile/11A465 Safari/9537.53 BingPreview/1.0b"
65.55.210.91 - - [18/Jun/2017:19:40:50 +0200] "GET /cds/simplaydata/controlskins/default/skin.xml HTTP/1.1" 200 349 "-" "Mozilla/5.0 (iPhone; CPU iPhone OS 7_0 like Mac OS X) AppleWebKit/537.51.1 (KHTML, like Gecko) Version/7.0 Mobile/11A465 Safari/9537.53 BingPreview/1.0b"
199.30.24.62 - - [18/Jun/2017:19:40:51 +0200] "GET /cds/simplaydata/playerconfig.xml?nocache=1497695753962 HTTP/1.1" 200 149 "-" "Mozilla/5.0 (iPhone; CPU iPhone OS 7_0 like Mac OS X) AppleWebKit/537.51.1 (KHTML, like Gecko) Version/7.0 Mobile/11A465 Safari/9537.53 BingPreview/1.0b"
199.30.24.62 - - [18/Jun/2017:19:40:51 +0200] "GET /cds/simplaydata/playerskins/default/skin.xml?nocache=1497695755823 HTTP/1.1" 200 649 "-" "Mozilla/5.0 (iPhone; CPU iPhone OS 7_0 like Mac OS X) AppleWebKit/537.51.1 (KHTML, like Gecko) Version/7.0 Mobile/11A465 Safari/9537.53 BingPreview/1.0b"
194.87.238.17 - - [18/Jun/2017:19:40:53 +0200] "HEAD / HTTP/1.1" 200 - "http://ivanova-design.ru/portfolio/gostinnie/" "Mozilla/7.0 (compatible; MSIE2.00; Windows 2004)"
195.133.147.89 - - [18/Jun/2017:19:40:57 +0200] "HEAD / HTTP/1.1" 200 - "http://ursluzba.ru/urist-po-zhilishnim-voprosam.php" "Mozilla/4.0 (compatible; MSIE2.00; Windows 2009)"
157.55.39.88 - - [18/Jun/2017:19:41:00 +0200] "GET /cds/glockenspiel1.html HTTP/1.1" 200 9736 "-" "Mozilla/5.0 (iPhone; CPU iPhone OS 7_0 like Mac OS X) AppleWebKit/537.51.1 (KHTML, like Gecko) Version/7.0 Mobile/11A465 Safari/9537.53 (compatible; bingbot/2.0; +http://www.bing.com/bingbot.htm)"
195.133.147.74 - - [18/Jun/2017:19:41:29 +0200] "HEAD / HTTP/1.1" 200 - "https://boathiremalta.com/services/wedding/" "Mozilla/3.0 (compatible; MSIE4.00; Windows 2002)"
66.249.64.85 - - [18/Jun/2017:19:48:02 +0200] "GET /cds/simplaydata/playerconfig.xml?nocache=1282429740445.18 HTTP/1.1" 200 149 "-" "Mozilla/5.0 (compatible; Googlebot/2.1; +http://www.google.com/bot.html)"
185.5.249.185 - - [18/Jun/2017:19:48:09 +0200] "HEAD / HTTP/1.1" 200 - "https://www.pamyatniki-in-kiev.com.ua/uslugi/oblitsovka-mogil.html" "Mozilla/6.0 (compatible; MSIE7.00; Windows 2005)"
193.124.131.168 - - [18/Jun/2017:19:52:10 +0200] "HEAD / HTTP/1.1" 200 - "http://dengi-v-kredit.in.ua/l-vov/" "Mozilla/2.0 (compatible; MSIE7.00; Windows 2008)"
193.124.190.64 - - [18/Jun/2017:19:53:16 +0200] "HEAD / HTTP/1.1" 200 - "https://carivka.com.ua/articles/12-kak-vybrat-banketnyj-zal.html" "Mozilla/6.0 (compatible; MSIE4.00; Windows 2007)"
66.249.64.83 - - [18/Jun/2017:19:59:20 +0200] "GET /sonderthemen/az2003.pdf HTTP/1.1" 200 4864675 "-" "Mozilla/5.0 (Linux; Android 6.0.1; Nexus 5X Build/MMB29P) AppleWebKit/537.36 (KHTML, like Gecko) Chrome/41.0.2272.96 Mobile Safari/537.36 (compatible; Googlebot/2.1; +http://www.google.com/bot.html)"
185.125.219.134 - - [18/Jun/2017:19:59:46 +0200] "HEAD / HTTP/1.1" 200 - "https://pamjatnik.com.ua/o-granite/94-osnykovskij-labradorit" "Mozilla/2.0 (compatible; MSIE4.00; Windows 2006)"
78.83.100.136 - - [18/Jun/2017:20:27:26 +0200] "GET / HTTP/1.0" 200 9360 "-" "-"
66.249.64.83 - - [18/Jun/2017:20:42:35 +0200] "GET /sonderthemen/presse.html HTTP/1.1" 200 5772 "-" "Mozilla/5.0 (Linux; Android 6.0.1; Nexus 5X Build/MMB29P) AppleWebKit/537.36 (KHTML, like Gecko) Chrome/41.0.2272.96 Mobile Safari/537.36 (compatible; Googlebot/2.1; +http://www.google.com/bot.html)"
77.75.77.95 - - [18/Jun/2017:20:55:54 +0200] "GET /robots.txt HTTP/1.1" 200 100 "-" "Mozilla/5.0 (compatible; SeznamBot/3.2; +http://napoveda.seznam.cz/en/seznambot-intro/)"
77.75.77.95 - - [18/Jun/2017:20:55:54 +0200] "GET /cds/hymnos_akathistos.html HTTP/1.1" 304 - "-" "Mozilla/5.0 (compatible; SeznamBot/3.2; +http://napoveda.seznam.cz/en/seznambot-intro/)"
157.55.39.88 - - [18/Jun/2017:21:07:10 +0200] "GET /cds/simplay_player.swf?audiofile=glockenspiel1.mp3 HTTP/1.1" 200 6377 "-" "Mozilla/5.0 (iPhone; CPU iPhone OS 7_0 like Mac OS X) AppleWebKit/537.51.1 (KHTML, like Gecko) Version/7.0 Mobile/11A465 Safari/9537.53 (compatible; bingbot/2.0; +http://www.bing.com/bingbot.htm)"
5.9.17.118 - - [18/Jun/2017:21:16:57 +0200] "GET /sonderthemen/oekt_extra3.pdf HTTP/1.1" 200 2109745 "-" "Mozilla/5.0 (compatible; MSIE 10.0; Windows NT 6.1; WOW64; Trident/6.0)"
78.46.156.169 - - [18/Jun/2017:21:17:11 +0200] "GET /sonderthemen/oekt_extra3.pdf HTTP/1.1" 200 2109745 "-" "Mozilla/5.0 (X11; Ubuntu; Linux armv7l; rv:17.0) Gecko/20100101 Firefox/17.0"
5.9.112.6 - - [18/Jun/2017:21:17:27 +0200] "GET /sonderthemen/oekt_extra3.pdf HTTP/1.1" 200 2109745 "-" "Mozilla/5.0 (X11; Ubuntu; Linux i686; rv:14.0) Gecko/20100101 Firefox/14.0.1"
66.249.64.85 - - [18/Jun/2017:21:25:50 +0200] "GET /buecher/rezensionen.html HTTP/1.1" 200 6964 "-" "Mozilla/5.0 (Linux; Android 6.0.1; Nexus 5X Build/MMB29P) AppleWebKit/537.36 (KHTML, like Gecko) Chrome/41.0.2272.96 Mobile Safari/537.36 (compatible; Googlebot/2.1; +http://www.google.com/bot.html)"
157.55.39.88 - - [18/Jun/2017:21:40:07 +0200] "GET /buecher/rezensionen_chateaubriand.html HTTP/1.1" 200 47317 "-" "Mozilla/5.0 (iPhone; CPU iPhone OS 7_0 like Mac OS X) AppleWebKit/537.51.1 (KHTML, like Gecko) Version/7.0 Mobile/11A465 Safari/9537.53 (compatible; bingbot/2.0; +http://www.bing.com/bingbot.htm)"
66.249.64.85 - - [18/Jun/2017:22:04:45 +0200] "GET /sonderthemen/archiv.html HTTP/1.1" 200 6959 "-" "Mozilla/5.0 (Linux; Android 6.0.1; Nexus 5X Build/MMB29P) AppleWebKit/537.36 (KHTML, like Gecko) Chrome/41.0.2272.96 Mobile Safari/537.36 (compatible; Googlebot/2.1; +http://www.google.com/bot.html)"
199.30.24.69 - - [18/Jun/2017:22:08:17 +0200] "GET /cds/simplaydata/playerconfig.xml?nocache=1497802174629 HTTP/1.1" 200 149 "-" "Mozilla/5.0 (iPhone; CPU iPhone OS 7_0 like Mac OS X) AppleWebKit/537.51.1 (KHTML, like Gecko) Version/7.0 Mobile/11A465 Safari/9537.53 BingPreview/1.0b"
199.30.24.198 - - [18/Jun/2017:22:08:18 +0200] "GET /cds/simplaydata/controlconfig.xml?nocache=1497802174677 HTTP/1.1" 200 121 "-" "Mozilla/5.0 (iPhone; CPU iPhone OS 7_0 like Mac OS X) AppleWebKit/537.51.1 (KHTML, like Gecko) Version/7.0 Mobile/11A465 Safari/9537.53 BingPreview/1.0b"
199.30.24.198 - - [18/Jun/2017:22:08:18 +0200] "GET /cds/simplaydata/playerskins/default/skin.xml?nocache=1497802175354 HTTP/1.1" 200 649 "-" "Mozilla/5.0 (iPhone; CPU iPhone OS 7_0 like Mac OS X) AppleWebKit/537.51.1 (KHTML, like Gecko) Version/7.0 Mobile/11A465 Safari/9537.53 BingPreview/1.0b"
195.133.48.150 - - [18/Jun/2017:23:02:56 +0200] "HEAD / HTTP/1.1" 200 - "http://metall-rostov.com/" "Mozilla/5.0 (compatible; MSIE5.00; Windows 2004)"
195.133.145.199 - - [18/Jun/2017:23:02:57 +0200] "HEAD / HTTP/1.1" 200 - "http://dobriylom.ru/demontazh-metallicheskix-konstrukcij/" "Mozilla/8.0 (compatible; MSIE4.00; Windows 2009)"
77.75.78.164 - - [18/Jun/2017:23:05:17 +0200] "GET /robots.txt HTTP/1.1" 200 100 "-" "Mozilla/5.0 (compatible; SeznamBot/3.2; +http://napoveda.seznam.cz/en/seznambot-intro/)"
77.75.78.164 - - [18/Jun/2017:23:05:17 +0200] "GET /sonderthemen/oekz2003_s01.pdf HTTP/1.1" 304 - "-" "Mozilla/5.0 (compatible; SeznamBot/3.2; +http://napoveda.seznam.cz/en/seznambot-intro/)"
195.133.147.74 - - [18/Jun/2017:23:16:51 +0200] "HEAD / HTTP/1.1" 200 - "https://boathiremalta.com/pochemu-kazhdomu-stoit-pobyvat-na-malte-i-ustroit-vecherinku-na-yahte/" "Mozilla/4.0 (compatible; MSIE2.00; Windows 2004)"
195.133.147.89 - - [18/Jun/2017:23:16:51 +0200] "HEAD / HTTP/1.1" 200 - "http://ursluzba.ru/predstavitel-vsude.php" "Mozilla/3.0 (compatible; MSIE2.00; Windows 2003)"
194.87.238.17 - - [18/Jun/2017:23:17:30 +0200] "HEAD / HTTP/1.1" 200 - "http://ivanova-design.ru/stati/" "Mozilla/8.0 (compatible; MSIE5.00; Windows 2008)"
185.5.249.185 - - [18/Jun/2017:23:19:16 +0200] "HEAD / HTTP/1.1" 200 - "https://www.pamyatniki-in-kiev.com.ua/produktsiya/odinarnye-pamjatniki.html" "Mozilla/7.0 (compatible; MSIE7.00; Windows 2009)"
195.133.147.6 - - [18/Jun/2017:23:21:16 +0200] "HEAD / HTTP/1.1" 200 - "http://priem-metalloloma-rostov.ru/" "Mozilla/6.0 (compatible; MSIE3.00; Windows 2002)"
194.87.234.246 - - [18/Jun/2017:23:21:21 +0200] "HEAD / HTTP/1.1" 200 - "http://dobriylommetallolom.ru/price/" "Mozilla/4.0 (compatible; MSIE6.00; Windows 2003)"
85.25.210.234 - - [18/Jun/2017:23:23:17 +0200] "GET /robots.txt HTTP/1.1" 200 100 "-" "Mozilla/5.0 (compatible; seoscanners.net/1; +spider@seoscanners.net)"
85.25.210.234 - - [18/Jun/2017:23:23:17 +0200] "GET /jahrbuch/titelseiten/1969.jpg HTTP/1.1" 200 8422 "-" "Mozilla/5.0 (compatible; seoscanners.net/1; +spider@seoscanners.net)"
193.124.131.168 - - [18/Jun/2017:23:33:54 +0200] "HEAD / HTTP/1.1" 200 - "http://dengi-v-kredit.in.ua/nikolaev/" "Mozilla/2.0 (compatible; MSIE5.00; Windows 2005)"
193.124.190.64 - - [18/Jun/2017:23:34:34 +0200] "HEAD / HTTP/1.1" 200 - "https://carivka.com.ua/otdykh-i-razvlecheniya/15-master-klassy/68-master-klass-ice-cream.html" "Mozilla/5.0 (compatible; MSIE5.00; Windows 2008)"
157.55.39.30 - - [18/Jun/2017:23:34:54 +0200] "GET /pf.gif HTTP/1.1" 200 62 "-" "Mozilla/5.0 (iPhone; CPU iPhone OS 7_0 like Mac OS X) AppleWebKit/537.51.1 (KHTML, like Gecko) Version/7.0 Mobile/11A465 Safari/9537.53 (compatible; bingbot/2.0; +http://www.bing.com/bingbot.htm)"
