180.76.15.23 - - [03/Jun/2017:13:28:21 +0200] "GET / HTTP/1.1" 200 9360 "-" "Mozilla/5.0 (compatible; Baiduspider/2.0; +http://www.baidu.com/search/spider.html)"
40.77.167.98 - - [03/Jun/2017:13:32:24 +0200] "GET / HTTP/1.1" 200 9360 "-" "Mozilla/5.0 (compatible; bingbot/2.0; +http://www.bing.com/bingbot.htm)"
77.75.77.119 - - [03/Jun/2017:13:33:00 +0200] "GET /robots.txt HTTP/1.1" 200 100 "-" "Mozilla/5.0 (compatible; SeznamBot/3.2; +http://napoveda.seznam.cz/en/seznambot-intro/)"
77.75.77.119 - - [03/Jun/2017:13:33:01 +0200] "GET /cds/rosarium.jpg HTTP/1.1" 304 - "-" "Mozilla/5.0 (compatible; SeznamBot/3.2; +http://napoveda.seznam.cz/en/seznambot-intro/)"
193.124.131.168 - - [03/Jun/2017:13:38:46 +0200] "HEAD / HTTP/1.1" 200 - "http://les54.ru/doma-do-150-m-kv/proekt-90/" "Mozilla/2.0 (compatible; MSIE4.00; Windows 2004)"
66.249.65.133 - - [03/Jun/2017:13:39:25 +0200] "GET /sonderthemen/oeaz2001.pdf HTTP/1.1" 200 4496626 "-" "Mozilla/5.0 (compatible; Googlebot/2.1; +http://www.google.com/bot.html)"
5.101.78.76 - - [03/Jun/2017:13:45:50 +0200] "HEAD / HTTP/1.1" 200 - "http://po-pugay.ru/catalog/jelektroshokery-paralizatory/elektroshoker-gubnaja-pomada-968/" "Mozilla/4.0 (compatible; MSIE2.00; Windows 2008)"
188.227.18.37 - - [03/Jun/2017:13:45:51 +0200] "HEAD / HTTP/1.1" 200 - "https://www.disprom.ru/" "Mozilla/3.0 (compatible; MSIE4.00; Windows 2005)"
194.87.234.246 - - [03/Jun/2017:13:46:54 +0200] "HEAD / HTTP/1.1" 200 - "http://cleaningservices.kiev.ua/tseni-na-moyku-okon" "Mozilla/6.0 (compatible; MSIE3.00; Windows 2004)"
216.244.66.198 - - [03/Jun/2017:13:57:39 +0200] "GET /cds/ignatius.html HTTP/1.1" 200 6576 "-" "Mozilla/5.0 (compatible; DotBot/1.1; http://www.opensiteexplorer.org/dotbot, help@moz.com)"
66.249.65.131 - - [03/Jun/2017:14:02:05 +0200] "GET /buecher/rezensionen_nicht_auf_sand_gebaut.html HTTP/1.1" 200 6594 "-" "Mozilla/5.0 (Linux; Android 6.0.1; Nexus 5X Build/MMB29P) AppleWebKit/537.36 (KHTML, like Gecko) Chrome/41.0.2272.96 Mobile Safari/537.36 (compatible; Googlebot/2.1; +http://www.google.com/bot.html)"
66.249.65.133 - - [03/Jun/2017:14:03:20 +0200] "GET /sonderthemen/oeaz2002.pdf HTTP/1.1" 200 3161455 "-" "Mozilla/5.0 (compatible; Googlebot/2.1; +http://www.google.com/bot.html)"
216.244.66.250 - - [03/Jun/2017:14:08:40 +0200] "GET /sonderthemen/index.html HTTP/1.1" 200 7102 "-" "Mozilla/5.0 (compatible; DotBot/1.1; http://www.opensiteexplorer.org/dotbot, help@moz.com)"
40.77.167.98 - - [03/Jun/2017:14:11:14 +0200] "GET /sonderthemen/sk2001.pdf HTTP/1.1" 200 3098589 "-" "Mozilla/5.0 (iPhone; CPU iPhone OS 7_0 like Mac OS X) AppleWebKit/537.51.1 (KHTML, like Gecko) Version/7.0 Mobile/11A465 Safari/9537.53 (compatible; bingbot/2.0; +http://www.bing.com/bingbot.htm)"
207.46.13.36 - - [03/Jun/2017:14:11:52 +0200] "GET /robots.txt HTTP/1.1" 200 100 "-" "Mozilla/5.0 (compatible; bingbot/2.0; +http://www.bing.com/bingbot.htm)"
216.244.66.198 - - [03/Jun/2017:14:22:46 +0200] "GET /buecher/rezensionen_krise_zum_heil.html HTTP/1.1" 200 9828 "-" "Mozilla/5.0 (compatible; DotBot/1.1; http://www.opensiteexplorer.org/dotbot, help@moz.com)"
195.133.147.6 - - [03/Jun/2017:14:26:05 +0200] "HEAD / HTTP/1.1" 200 - "https://avkzarabotok.info/forex_urok27.html" "Mozilla/6.0 (compatible; MSIE7.00; Windows 2008)"
88.99.70.242 - - [03/Jun/2017:14:26:38 +0200] "GET /robots.txt HTTP/1.0" 200 100 "-" "studylibde download bot, see http://studylibde.com/public/bot for additional info"
88.99.70.242 - - [03/Jun/2017:14:26:38 +0200] "GET /sonderthemen/sk2001.pdf HTTP/1.0" 200 3098589 "-" "studylibde download bot, see http://studylibde.com/public/bot for additional info"
66.249.65.131 - - [03/Jun/2017:14:27:49 +0200] "GET /buecher/rezensionen_ungeteilt.html HTTP/1.1" 200 9764 "-" "Mozilla/5.0 (compatible; Googlebot/2.1; +http://www.google.com/bot.html)"
66.249.65.131 - - [03/Jun/2017:14:40:51 +0200] "GET /buecher/rezensionen_leiblichkeit_und_zeitlichkeit.html HTTP/1.1" 200 8821 "-" "Mozilla/5.0 (Linux; Android 6.0.1; Nexus 5X Build/MMB29P) AppleWebKit/537.36 (KHTML, like Gecko) Chrome/41.0.2272.96 Mobile Safari/537.36 (compatible; Googlebot/2.1; +http://www.google.com/bot.html)"
77.75.77.11 - - [03/Jun/2017:14:41:35 +0200] "GET /robots.txt HTTP/1.1" 200 100 "-" "Mozilla/5.0 (compatible; SeznamBot/3.2; +http://napoveda.seznam.cz/en/seznambot-intro/)"
77.75.77.11 - - [03/Jun/2017:14:41:36 +0200] "GET /sonderthemen/index.html HTTP/1.1" 304 - "-" "Mozilla/5.0 (compatible; SeznamBot/3.2; +http://napoveda.seznam.cz/en/seznambot-intro/)"
208.80.155.255 - - [03/Jun/2017:15:04:45 +0200] "GET /cds/hymnos_akathistos.html HTTP/1.1" 200 11061 "-" "German Wikipedia Broken Weblinks Bot; contact: gifti@tools.wmflabs.org"
213.183.201.83 - - [03/Jun/2017:15:10:56 +0200] "GET /robots.txt HTTP/1.1" 200 100 "-" "Netluchs/Nutch-1.0 ( ; http://www.netluchs.de/; _do_not_spam_me___humans_please_use_info_at_netluchs.de_without_the_dash)"
213.183.201.83 - - [03/Jun/2017:15:10:56 +0200] "GET /buecher/rezensionen_preysing.html HTTP/1.1" 200 9502 "-" "Netluchs/Nutch-1.0 ( ; http://www.netluchs.de/; _do_not_spam_me___humans_please_use_info_at_netluchs.de_without_the_dash)"
213.183.201.83 - - [03/Jun/2017:15:11:23 +0200] "GET /cds/glockenspiel2.html HTTP/1.1" 200 9831 "-" "Netluchs/Nutch-1.0 ( ; http://www.netluchs.de/; _do_not_spam_me___humans_please_use_info_at_netluchs.de_without_the_dash)"
213.183.201.83 - - [03/Jun/2017:15:11:38 +0200] "GET /buecher/rezensionen_engel.html HTTP/1.1" 200 6598 "-" "Netluchs/Nutch-1.0 ( ; http://www.netluchs.de/; _do_not_spam_me___humans_please_use_info_at_netluchs.de_without_the_dash)"
213.183.201.83 - - [03/Jun/2017:15:12:45 +0200] "GET /buecher/rezensionen_le_saulchoir.html HTTP/1.1" 200 34009 "-" "Netluchs/Nutch-1.0 ( ; http://www.netluchs.de/; _do_not_spam_me___humans_please_use_info_at_netluchs.de_without_the_dash)"
213.183.201.83 - - [03/Jun/2017:15:14:14 +0200] "GET /buecher/veroeffentlichungsliste.html HTTP/1.1" 200 129779 "-" "Netluchs/Nutch-1.0 ( ; http://www.netluchs.de/; _do_not_spam_me___humans_please_use_info_at_netluchs.de_without_the_dash)"
213.183.201.83 - - [03/Jun/2017:15:16:28 +0200] "GET /buecher/rezensionen_psalmen.html HTTP/1.1" 200 6787 "-" "Netluchs/Nutch-1.0 ( ; http://www.netluchs.de/; _do_not_spam_me___humans_please_use_info_at_netluchs.de_without_the_dash)"
213.183.201.83 - - [03/Jun/2017:15:18:11 +0200] "GET /buecher/rezensionen_chateaubriand.html HTTP/1.1" 200 47317 "-" "Netluchs/Nutch-1.0 ( ; http://www.netluchs.de/; _do_not_spam_me___humans_please_use_info_at_netluchs.de_without_the_dash)"
213.183.201.83 - - [03/Jun/2017:15:18:12 +0200] "GET /cds/glockenspiel1.html HTTP/1.1" 200 9736 "-" "Netluchs/Nutch-1.0 ( ; http://www.netluchs.de/; _do_not_spam_me___humans_please_use_info_at_netluchs.de_without_the_dash)"
213.183.201.83 - - [03/Jun/2017:15:18:45 +0200] "GET /cds/lumina.html HTTP/1.1" 200 9000 "-" "Netluchs/Nutch-1.0 ( ; http://www.netluchs.de/; _do_not_spam_me___humans_please_use_info_at_netluchs.de_without_the_dash)"
213.183.201.83 - - [03/Jun/2017:15:18:51 +0200] "GET /kontakt/index.html HTTP/1.1" 200 2896 "-" "Netluchs/Nutch-1.0 ( ; http://www.netluchs.de/; _do_not_spam_me___humans_please_use_info_at_netluchs.de_without_the_dash)"
66.249.65.135 - - [03/Jun/2017:15:19:48 +0200] "GET /impressum.html HTTP/1.1" 200 2808 "-" "Mozilla/5.0 (Linux; Android 6.0.1; Nexus 5X Build/MMB29P) AppleWebKit/537.36 (KHTML, like Gecko) Chrome/41.0.2272.96 Mobile Safari/537.36 (compatible; Googlebot/2.1; +http://www.google.com/bot.html)"
213.183.201.83 - - [03/Jun/2017:15:21:17 +0200] "GET /buecher/rezensionen_leiblichkeit_und_zeitlichkeit.html HTTP/1.1" 200 8821 "-" "Netluchs/Nutch-1.0 ( ; http://www.netluchs.de/; _do_not_spam_me___humans_please_use_info_at_netluchs.de_without_the_dash)"
213.183.201.83 - - [03/Jun/2017:15:24:30 +0200] "GET /jahrbuch/bestellung.php HTTP/1.1" 200 10316 "-" "Netluchs/Nutch-1.0 ( ; http://www.netluchs.de/; _do_not_spam_me___humans_please_use_info_at_netluchs.de_without_the_dash)"
213.183.201.83 - - [03/Jun/2017:15:26:25 +0200] "GET /impressum.html HTTP/1.1" 200 2808 "-" "Netluchs/Nutch-1.0 ( ; http://www.netluchs.de/; _do_not_spam_me___humans_please_use_info_at_netluchs.de_without_the_dash)"
213.183.201.83 - - [03/Jun/2017:15:28:06 +0200] "GET /sonderthemen/index.html HTTP/1.1" 200 7102 "-" "Netluchs/Nutch-1.0 ( ; http://www.netluchs.de/; _do_not_spam_me___humans_please_use_info_at_netluchs.de_without_the_dash)"
213.183.201.83 - - [03/Jun/2017:15:30:04 +0200] "GET /buecher/rezensionen_nicht_auf_sand_gebaut.html HTTP/1.1" 200 6594 "-" "Netluchs/Nutch-1.0 ( ; http://www.netluchs.de/; _do_not_spam_me___humans_please_use_info_at_netluchs.de_without_the_dash)"
213.183.201.83 - - [03/Jun/2017:15:30:34 +0200] "GET / HTTP/1.1" 200 9360 "-" "Netluchs/Nutch-1.0 ( ; http://www.netluchs.de/; _do_not_spam_me___humans_please_use_info_at_netluchs.de_without_the_dash)"
77.220.213.173 - - [03/Jun/2017:15:32:39 +0200] "HEAD / HTTP/1.1" 200 - "https://artestom.ru/profilaktika-i-gigiena-polosti-rta/" "Mozilla/2.0 (compatible; MSIE5.00; Windows 2004)"
178.159.39.237 - - [03/Jun/2017:15:32:41 +0200] "HEAD / HTTP/1.1" 200 - "http://ugtehagro.net/zhatka-dlya-uborki-kukuruzy/" "Mozilla/2.0 (compatible; MSIE4.00; Windows 2009)"
185.154.13.6 - - [03/Jun/2017:15:32:44 +0200] "HEAD / HTTP/1.1" 200 - "https://insalesthemes.ru/blog/anatomiya-pravil-noj-reakcii-na-negativnye-otzyvy" "Mozilla/6.0 (compatible; MSIE2.00; Windows 2008)"
213.183.201.83 - - [03/Jun/2017:15:33:41 +0200] "GET /buecher/bestellung.php HTTP/1.1" 200 10142 "-" "Netluchs/Nutch-1.0 ( ; http://www.netluchs.de/; _do_not_spam_me___humans_please_use_info_at_netluchs.de_without_the_dash)"
213.183.201.83 - - [03/Jun/2017:15:34:09 +0200] "GET /buecher/rezensionen_krise_zum_heil.html HTTP/1.1" 200 9828 "-" "Netluchs/Nutch-1.0 ( ; http://www.netluchs.de/; _do_not_spam_me___humans_please_use_info_at_netluchs.de_without_the_dash)"
213.183.201.83 - - [03/Jun/2017:15:34:28 +0200] "GET /index.html HTTP/1.1" 200 9360 "-" "Netluchs/Nutch-1.0 ( ; http://www.netluchs.de/; _do_not_spam_me___humans_please_use_info_at_netluchs.de_without_the_dash)"
213.183.201.83 - - [03/Jun/2017:15:36:34 +0200] "GET /cds/astazi.html HTTP/1.1" 200 8453 "-" "Netluchs/Nutch-1.0 ( ; http://www.netluchs.de/; _do_not_spam_me___humans_please_use_info_at_netluchs.de_without_the_dash)"
207.46.13.36 - - [03/Jun/2017:15:38:13 +0200] "GET /sonderthemen/oeaz2001.pdf HTTP/1.1" 200 4496626 "-" "Mozilla/5.0 (iPhone; CPU iPhone OS 7_0 like Mac OS X) AppleWebKit/537.51.1 (KHTML, like Gecko) Version/7.0 Mobile/11A465 Safari/9537.53 (compatible; bingbot/2.0; +http://www.bing.com/bingbot.htm)"
85.25.210.234 - - [03/Jun/2017:15:42:39 +0200] "GET /robots.txt HTTP/1.1" 200 100 "-" "Mozilla/5.0 (compatible; seoscanners.net/1; +spider@seoscanners.net)"
85.25.210.234 - - [03/Jun/2017:15:42:39 +0200] "GET /jahrbuch/titelseiten/2003.jpg HTTP/1.1" 200 9473 "-" "Mozilla/5.0 (compatible; seoscanners.net/1; +spider@seoscanners.net)"
62.138.0.25 - - [03/Jun/2017:15:47:02 +0200] "GET /robots.txt HTTP/1.1" 200 100 "-" "Mozilla/5.0 (compatible; seoscanners.net/1; +spider@seoscanners.net)"
62.138.0.25 - - [03/Jun/2017:15:47:02 +0200] "GET /cds/astazi_k.jpg HTTP/1.1" 200 6049 "-" "Mozilla/5.0 (compatible; seoscanners.net/1; +spider@seoscanners.net)"
178.159.43.212 - - [03/Jun/2017:15:56:41 +0200] "HEAD / HTTP/1.1" 200 - "https://ukrsmeta.ua/" "Mozilla/6.0 (compatible; MSIE4.00; Windows 2005)"
180.76.15.160 - - [03/Jun/2017:16:04:17 +0200] "GET /buecher/rezension_gesichter_u_geschichten.pdf HTTP/1.1" 200 223287 "-" "Mozilla/5.0 (compatible; Baiduspider/2.0; +http://www.baidu.com/search/spider.html)"
66.249.65.133 - - [03/Jun/2017:16:07:53 +0200] "GET /cds/index.html HTTP/1.1" 200 7987 "-" "Mozilla/5.0 (Linux; Android 6.0.1; Nexus 5X Build/MMB29P) AppleWebKit/537.36 (KHTML, like Gecko) Chrome/41.0.2272.96 Mobile Safari/537.36 (compatible; Googlebot/2.1; +http://www.google.com/bot.html)"
77.75.79.11 - - [03/Jun/2017:16:11:47 +0200] "GET /robots.txt HTTP/1.1" 200 100 "-" "Mozilla/5.0 (compatible; SeznamBot/3.2; +http://napoveda.seznam.cz/en/seznambot-intro/)"
77.75.79.11 - - [03/Jun/2017:16:11:47 +0200] "GET /cds/rosarium.jpg HTTP/1.1" 304 - "-" "Mozilla/5.0 (compatible; SeznamBot/3.2; +http://napoveda.seznam.cz/en/seznambot-intro/)"
208.80.155.255 - - [03/Jun/2017:16:32:31 +0200] "GET / HTTP/1.1" 200 9360 "-" "German Wikipedia Broken Weblinks Bot; contact: gifti@tools.wmflabs.org"
157.55.2.164 - - [03/Jun/2017:16:39:43 +0200] "GET /sonderthemen/oeaz2001.pdf HTTP/1.1" 200 4496626 "-" "Mozilla/5.0 (iPhone; CPU iPhone OS 7_0 like Mac OS X) AppleWebKit/537.51.1 (KHTML, like Gecko) Version/7.0 Mobile/11A465 Safari/9537.53 BingPreview/1.0b"
66.249.65.131 - - [03/Jun/2017:16:52:51 +0200] "GET /cds/lumina.html HTTP/1.1" 200 9000 "-" "Mozilla/5.0 (Linux; Android 6.0.1; Nexus 5X Build/MMB29P) AppleWebKit/537.36 (KHTML, like Gecko) Chrome/41.0.2272.96 Mobile Safari/537.36 (compatible; Googlebot/2.1; +http://www.google.com/bot.html)"
93.180.64.220 - - [03/Jun/2017:17:11:36 +0200] "GET /robots.txt HTTP/1.1" 200 100 "-" "Mozilla/5.0 (compatible; Plukkie/1.6; http://www.botje.com/plukkie.htm)"
93.180.64.220 - - [03/Jun/2017:17:11:36 +0200] "GET /buecher/rezensionen_chateaubriand.html HTTP/1.1" 200 47317 "-" "Mozilla/5.0 (compatible; Plukkie/1.6; http://www.botje.com/plukkie.htm)"
180.76.15.10 - - [03/Jun/2017:17:28:05 +0200] "GET / HTTP/1.1" 200 9360 "-" "Mozilla/5.0 (compatible; Baiduspider/2.0; +http://www.baidu.com/search/spider.html)"
180.76.15.15 - - [03/Jun/2017:17:28:25 +0200] "GET / HTTP/1.1" 200 9360 "-" "Mozilla/5.0 (compatible; Baiduspider/2.0; +http://www.baidu.com/search/spider.html)"
66.249.65.133 - - [03/Jun/2017:17:32:03 +0200] "GET /cds/astazi.html HTTP/1.1" 200 8453 "-" "Mozilla/5.0 (Linux; Android 6.0.1; Nexus 5X Build/MMB29P) AppleWebKit/537.36 (KHTML, like Gecko) Chrome/41.0.2272.96 Mobile Safari/537.36 (compatible; Googlebot/2.1; +http://www.google.com/bot.html)"
68.180.229.216 - - [03/Jun/2017:17:37:14 +0200] "GET /sonderthemen/az2003.pdf HTTP/1.1" 304 - "-" "Mozilla/5.0 (compatible; Yahoo! Slurp; http://help.yahoo.com/help/us/ysearch/slurp)"
85.25.210.234 - - [03/Jun/2017:17:53:48 +0200] "GET /robots.txt HTTP/1.1" 200 100 "-" "Mozilla/5.0 (compatible; seoscanners.net/1; +spider@seoscanners.net)"
85.25.210.234 - - [03/Jun/2017:17:53:48 +0200] "GET /sonderthemen/oeaz2002.jpg HTTP/1.1" 200 21431 "-" "Mozilla/5.0 (compatible; seoscanners.net/1; +spider@seoscanners.net)"
216.244.66.198 - - [03/Jun/2017:18:08:43 +0200] "GET /robots.txt HTTP/1.1" 200 100 "-" "Mozilla/5.0 (compatible; DotBot/1.1; http://www.opensiteexplorer.org/dotbot, help@moz.com)"
85.25.210.41 - - [03/Jun/2017:18:11:13 +0200] "GET /robots.txt HTTP/1.1" 200 100 "-" "Mozilla/5.0 (compatible; seoscanners.net/1; +spider@seoscanners.net)"
85.25.210.41 - - [03/Jun/2017:18:11:13 +0200] "GET /jahrbuch/titelseiten/2008.jpg HTTP/1.1" 200 9787 "-" "Mozilla/5.0 (compatible; seoscanners.net/1; +spider@seoscanners.net)"
66.249.65.133 - - [03/Jun/2017:18:12:47 +0200] "GET /cds/ignatius.html HTTP/1.1" 200 6576 "-" "Mozilla/5.0 (Linux; Android 6.0.1; Nexus 5X Build/MMB29P) AppleWebKit/537.36 (KHTML, like Gecko) Chrome/41.0.2272.96 Mobile Safari/537.36 (compatible; Googlebot/2.1; +http://www.google.com/bot.html)"
80.140.143.97 - - [03/Jun/2017:18:38:44 +0200] "GET /buecher/gesichter/05.jpg HTTP/1.1" 200 8981 "https://www.bing.com/" "Mozilla/5.0 (iPad; CPU OS 10_3_2 like Mac OS X) AppleWebKit/603.2.4 (KHTML, like Gecko) Version/10.0 Mobile/14F89 Safari/602.1"
80.140.143.97 - - [03/Jun/2017:18:38:45 +0200] "GET /buecher/gesichter/11.jpg HTTP/1.1" 200 6175 "https://www.bing.com/" "Mozilla/5.0 (iPad; CPU OS 10_3_2 like Mac OS X) AppleWebKit/603.2.4 (KHTML, like Gecko) Version/10.0 Mobile/14F89 Safari/602.1"
5.255.251.7 - - [03/Jun/2017:18:44:05 +0200] "GET /robots.txt HTTP/1.1" 200 100 "-" "Mozilla/5.0 (compatible; YandexBot/3.0; +http://yandex.com/bots)"
5.255.251.7 - - [03/Jun/2017:18:44:09 +0200] "GET /buecher/gesichter/25.jpg HTTP/1.1" 200 7280 "-" "Mozilla/5.0 (compatible; YandexImages/3.0; +http://yandex.com/bots)"
194.187.170.118 - - [03/Jun/2017:18:59:47 +0200] "GET /robots.txt HTTP/1.0" 200 100 "-" "Mozilla/5.0 (compatible; Qwantify/2.4w; +https://www.qwant.com/)/2.4w"
194.187.170.118 - - [03/Jun/2017:18:59:47 +0200] "GET /buecher/veroeffentlichungsliste.html HTTP/1.0" 304 - "-" "Mozilla/5.0 (compatible; Qwantify/2.4w; +https://www.qwant.com/)/2.4w"
194.187.170.118 - - [03/Jun/2017:19:06:46 +0200] "GET /jahrbuch/index.html HTTP/1.0" 304 - "-" "Mozilla/5.0 (compatible; Qwantify/2.4w; +https://www.qwant.com/)/2.4w"
5.255.251.7 - - [03/Jun/2017:19:13:56 +0200] "GET /buecher/gesichter/23.jpg HTTP/1.1" 304 - "-" "Mozilla/5.0 (compatible; YandexImages/3.0; +http://yandex.com/bots)"
216.244.66.198 - - [03/Jun/2017:19:24:15 +0200] "GET /buecher/diskussion.html HTTP/1.1" 200 9925 "-" "Mozilla/5.0 (compatible; DotBot/1.1; http://www.opensiteexplorer.org/dotbot, help@moz.com)"
194.187.170.118 - - [03/Jun/2017:19:25:29 +0200] "GET /kontakt/index.html HTTP/1.0" 304 - "-" "Mozilla/5.0 (compatible; Qwantify/2.4w; +https://www.qwant.com/)/2.4w"
66.249.65.133 - - [03/Jun/2017:19:36:42 +0200] "GET /buecher/index.html HTTP/1.1" 200 25885 "-" "Mozilla/5.0 (Linux; Android 6.0.1; Nexus 5X Build/MMB29P) AppleWebKit/537.36 (KHTML, like Gecko) Chrome/41.0.2272.96 Mobile Safari/537.36 (compatible; Googlebot/2.1; +http://www.google.com/bot.html)"
136.243.83.16 - - [03/Jun/2017:19:41:03 +0200] "GET /robots.txt HTTP/1.1" 200 100 "-" "Mozilla/5.0 (compatible; MetaJobBot; http://www.metajob.de/crawler)"
136.243.83.16 - - [03/Jun/2017:19:41:03 +0200] "GET /buecher/veroeffentlichungsliste.html HTTP/1.1" 200 129779 "-" "Mozilla/5.0 (compatible; MetaJobBot; http://www.metajob.de/crawler)"
136.243.83.16 - - [03/Jun/2017:19:41:10 +0200] "GET /buecher/rezensionen_chateaubriand.html HTTP/1.1" 200 47317 "-" "Mozilla/5.0 (compatible; MetaJobBot; http://www.metajob.de/crawler)"
136.243.83.16 - - [03/Jun/2017:19:41:18 +0200] "GET /buecher/index.html HTTP/1.1" 200 25885 "-" "Mozilla/5.0 (compatible; MetaJobBot; http://www.metajob.de/crawler)"
5.255.251.7 - - [03/Jun/2017:19:50:17 +0200] "GET /buecher/gesichter/05.jpg HTTP/1.1" 200 8981 "-" "Mozilla/5.0 (compatible; YandexImages/3.0; +http://yandex.com/bots)"
194.187.170.118 - - [03/Jun/2017:20:08:14 +0200] "GET /impressum.html HTTP/1.0" 304 - "-" "Mozilla/5.0 (compatible; Qwantify/2.4w; +https://www.qwant.com/)/2.4w"
194.187.170.118 - - [03/Jun/2017:20:10:50 +0200] "GET /gotteslob/index.html HTTP/1.0" 304 - "-" "Mozilla/5.0 (compatible; Qwantify/2.4w; +https://www.qwant.com/)/2.4w"
194.187.170.118 - - [03/Jun/2017:20:16:52 +0200] "GET /sonderthemen/index.html HTTP/1.0" 304 - "-" "Mozilla/5.0 (compatible; Qwantify/2.4w; +https://www.qwant.com/)/2.4w"
68.180.229.216 - - [03/Jun/2017:20:18:24 +0200] "GET /sonderthemen/oekz2003_s01.pdf HTTP/1.1" 304 - "-" "Mozilla/5.0 (compatible; Yahoo! Slurp; http://help.yahoo.com/help/us/ysearch/slurp)"
194.187.170.118 - - [03/Jun/2017:20:23:08 +0200] "GET /cds/index.html HTTP/1.0" 304 - "-" "Mozilla/5.0 (compatible; Qwantify/2.4w; +https://www.qwant.com/)/2.4w"
194.187.170.118 - - [03/Jun/2017:20:23:55 +0200] "GET /buecher/index.html HTTP/1.0" 304 - "-" "Mozilla/5.0 (compatible; Qwantify/2.4w; +https://www.qwant.com/)/2.4w"
180.76.15.145 - - [03/Jun/2017:20:27:19 +0200] "GET / HTTP/1.1" 200 9360 "-" "Mozilla/5.0 (compatible; Baiduspider/2.0; +http://www.baidu.com/search/spider.html)"
180.76.15.145 - - [03/Jun/2017:20:27:35 +0200] "GET / HTTP/1.1" 200 9360 "-" "Mozilla/5.0 (compatible; Baiduspider/2.0; +http://www.baidu.com/search/spider.html)"
77.22.40.141 - - [03/Jun/2017:20:30:12 +0200] "GET /jahrbuch/titelseiten/1961.jpg HTTP/1.1" 200 11188 "-" "com.google.GoogleMobile/27.0.0 iPad/10.3.2 hw/iPad5_1"
66.102.9.8 - - [03/Jun/2017:20:30:14 +0200] "GET /jahrbuch/titelseiten/ HTTP/1.1" 200 6735 "http://www.google.com/search" "Mozilla/5.0 (X11; Linux x86_64) AppleWebKit/537.36 (KHTML, like Gecko; Google Web Preview) Chrome/41.0.2272.118 Safari/537.36"
66.102.9.8 - - [03/Jun/2017:20:30:14 +0200] "GET /jahrbuch/titelseiten/2010.jpg HTTP/1.1" 200 9104 "http://www.morusverlag.de/jahrbuch/titelseiten/" "Mozilla/5.0 (X11; Linux x86_64) AppleWebKit/537.36 (KHTML, like Gecko; Google Web Preview) Chrome/41.0.2272.118 Safari/537.36"
66.102.9.11 - - [03/Jun/2017:20:30:14 +0200] "GET /jahrbuch/titelseiten/2008.jpg HTTP/1.1" 200 9787 "http://www.morusverlag.de/jahrbuch/titelseiten/" "Mozilla/5.0 (X11; Linux x86_64) AppleWebKit/537.36 (KHTML, like Gecko; Google Web Preview) Chrome/41.0.2272.118 Safari/537.36"
66.102.9.11 - - [03/Jun/2017:20:30:14 +0200] "GET /jahrbuch/titelseiten/2009.jpg HTTP/1.1" 200 10213 "http://www.morusverlag.de/jahrbuch/titelseiten/" "Mozilla/5.0 (X11; Linux x86_64) AppleWebKit/537.36 (KHTML, like Gecko; Google Web Preview) Chrome/41.0.2272.118 Safari/537.36"
66.102.9.11 - - [03/Jun/2017:20:30:14 +0200] "GET /jahrbuch/titelseiten/2013.jpg HTTP/1.1" 200 9380 "http://www.morusverlag.de/jahrbuch/titelseiten/" "Mozilla/5.0 (X11; Linux x86_64) AppleWebKit/537.36 (KHTML, like Gecko; Google Web Preview) Chrome/41.0.2272.118 Safari/537.36"
66.102.9.5 - - [03/Jun/2017:20:30:14 +0200] "GET /jahrbuch/titelseiten/2001.jpg HTTP/1.1" 200 7909 "http://www.morusverlag.de/jahrbuch/titelseiten/" "Mozilla/5.0 (X11; Linux x86_64) AppleWebKit/537.36 (KHTML, like Gecko; Google Web Preview) Chrome/41.0.2272.118 Safari/537.36"
66.102.9.11 - - [03/Jun/2017:20:30:14 +0200] "GET /logo_g.gif HTTP/1.1" 200 1301 "http://www.morusverlag.de/jahrbuch/titelseiten/" "Mozilla/5.0 (X11; Linux x86_64) AppleWebKit/537.36 (KHTML, like Gecko; Google Web Preview) Chrome/41.0.2272.118 Safari/537.36"
66.102.9.8 - - [03/Jun/2017:20:30:14 +0200] "GET /mv_g.gif HTTP/1.1" 200 4070 "http://www.morusverlag.de/jahrbuch/titelseiten/" "Mozilla/5.0 (X11; Linux x86_64) AppleWebKit/537.36 (KHTML, like Gecko; Google Web Preview) Chrome/41.0.2272.118 Safari/537.36"
66.102.9.5 - - [03/Jun/2017:20:30:14 +0200] "GET /jahrbuch/titelseiten/2005.jpg HTTP/1.1" 200 11448 "http://www.morusverlag.de/jahrbuch/titelseiten/" "Mozilla/5.0 (X11; Linux x86_64) AppleWebKit/537.36 (KHTML, like Gecko; Google Web Preview) Chrome/41.0.2272.118 Safari/537.36"
66.102.9.11 - - [03/Jun/2017:20:30:14 +0200] "GET /jahrbuch/titelseiten/2011.jpg HTTP/1.1" 200 8403 "http://www.morusverlag.de/jahrbuch/titelseiten/" "Mozilla/5.0 (X11; Linux x86_64) AppleWebKit/537.36 (KHTML, like Gecko; Google Web Preview) Chrome/41.0.2272.118 Safari/537.36"
66.102.9.8 - - [03/Jun/2017:20:30:14 +0200] "GET /jahrbuch/titelseiten/1996.jpg HTTP/1.1" 200 11186 "http://www.morusverlag.de/jahrbuch/titelseiten/" "Mozilla/5.0 (X11; Linux x86_64) AppleWebKit/537.36 (KHTML, like Gecko; Google Web Preview) Chrome/41.0.2272.118 Safari/537.36"
66.102.9.11 - - [03/Jun/2017:20:30:14 +0200] "GET /jahrbuch/titelseiten/1997.jpg HTTP/1.1" 200 12043 "http://www.morusverlag.de/jahrbuch/titelseiten/" "Mozilla/5.0 (X11; Linux x86_64) AppleWebKit/537.36 (KHTML, like Gecko; Google Web Preview) Chrome/41.0.2272.118 Safari/537.36"
66.102.9.8 - - [03/Jun/2017:20:30:14 +0200] "GET /jahrbuch/titelseiten/1995.jpg HTTP/1.1" 200 10632 "http://www.morusverlag.de/jahrbuch/titelseiten/" "Mozilla/5.0 (X11; Linux x86_64) AppleWebKit/537.36 (KHTML, like Gecko; Google Web Preview) Chrome/41.0.2272.118 Safari/537.36"
66.102.9.11 - - [03/Jun/2017:20:30:14 +0200] "GET /jahrbuch/titelseiten/1994.jpg HTTP/1.1" 200 12562 "http://www.morusverlag.de/jahrbuch/titelseiten/" "Mozilla/5.0 (X11; Linux x86_64) AppleWebKit/537.36 (KHTML, like Gecko; Google Web Preview) Chrome/41.0.2272.118 Safari/537.36"
66.102.9.11 - - [03/Jun/2017:20:30:14 +0200] "GET /jahrbuch/titelseiten/1993.jpg HTTP/1.1" 200 10788 "http://www.morusverlag.de/jahrbuch/titelseiten/" "Mozilla/5.0 (X11; Linux x86_64) AppleWebKit/537.36 (KHTML, like Gecko; Google Web Preview) Chrome/41.0.2272.118 Safari/537.36"
66.102.9.11 - - [03/Jun/2017:20:30:14 +0200] "GET /jahrbuch/titelseiten/1992.jpg HTTP/1.1" 200 8822 "http://www.morusverlag.de/jahrbuch/titelseiten/" "Mozilla/5.0 (X11; Linux x86_64) AppleWebKit/537.36 (KHTML, like Gecko; Google Web Preview) Chrome/41.0.2272.118 Safari/537.36"
66.102.9.11 - - [03/Jun/2017:20:30:14 +0200] "GET /jahrbuch/titelseiten/1988.jpg HTTP/1.1" 200 11285 "http://www.morusverlag.de/jahrbuch/titelseiten/" "Mozilla/5.0 (X11; Linux x86_64) AppleWebKit/537.36 (KHTML, like Gecko; Google Web Preview) Chrome/41.0.2272.118 Safari/537.36"
66.102.9.5 - - [03/Jun/2017:20:30:14 +0200] "GET /jahrbuch/titelseiten/1987.jpg HTTP/1.1" 200 10876 "http://www.morusverlag.de/jahrbuch/titelseiten/" "Mozilla/5.0 (X11; Linux x86_64) AppleWebKit/537.36 (KHTML, like Gecko; Google Web Preview) Chrome/41.0.2272.118 Safari/537.36"
66.102.9.5 - - [03/Jun/2017:20:30:14 +0200] "GET /jahrbuch/titelseiten/1986.jpg HTTP/1.1" 200 11297 "http://www.morusverlag.de/jahrbuch/titelseiten/" "Mozilla/5.0 (X11; Linux x86_64) AppleWebKit/537.36 (KHTML, like Gecko; Google Web Preview) Chrome/41.0.2272.118 Safari/537.36"
66.102.9.8 - - [03/Jun/2017:20:30:14 +0200] "GET /jahrbuch/titelseiten/1985.jpg HTTP/1.1" 200 10221 "http://www.morusverlag.de/jahrbuch/titelseiten/" "Mozilla/5.0 (X11; Linux x86_64) AppleWebKit/537.36 (KHTML, like Gecko; Google Web Preview) Chrome/41.0.2272.118 Safari/537.36"
66.102.9.11 - - [03/Jun/2017:20:30:14 +0200] "GET /jahrbuch/titelseiten/1983.jpg HTTP/1.1" 200 11695 "http://www.morusverlag.de/jahrbuch/titelseiten/" "Mozilla/5.0 (X11; Linux x86_64) AppleWebKit/537.36 (KHTML, like Gecko; Google Web Preview) Chrome/41.0.2272.118 Safari/537.36"
66.102.9.11 - - [03/Jun/2017:20:30:14 +0200] "GET /jahrbuch/titelseiten/1981.jpg HTTP/1.1" 200 10407 "http://www.morusverlag.de/jahrbuch/titelseiten/" "Mozilla/5.0 (X11; Linux x86_64) AppleWebKit/537.36 (KHTML, like Gecko; Google Web Preview) Chrome/41.0.2272.118 Safari/537.36"
66.102.9.8 - - [03/Jun/2017:20:30:14 +0200] "GET /jahrbuch/titelseiten/1982.jpg HTTP/1.1" 200 9679 "http://www.morusverlag.de/jahrbuch/titelseiten/" "Mozilla/5.0 (X11; Linux x86_64) AppleWebKit/537.36 (KHTML, like Gecko; Google Web Preview) Chrome/41.0.2272.118 Safari/537.36"
66.102.9.11 - - [03/Jun/2017:20:30:14 +0200] "GET /jahrbuch/titelseiten/1980.jpg HTTP/1.1" 200 9114 "http://www.morusverlag.de/jahrbuch/titelseiten/" "Mozilla/5.0 (X11; Linux x86_64) AppleWebKit/537.36 (KHTML, like Gecko; Google Web Preview) Chrome/41.0.2272.118 Safari/537.36"
66.102.9.11 - - [03/Jun/2017:20:30:14 +0200] "GET /jahrbuch/titelseiten/1979.jpg HTTP/1.1" 200 12108 "http://www.morusverlag.de/jahrbuch/titelseiten/" "Mozilla/5.0 (X11; Linux x86_64) AppleWebKit/537.36 (KHTML, like Gecko; Google Web Preview) Chrome/41.0.2272.118 Safari/537.36"
66.102.9.8 - - [03/Jun/2017:20:30:14 +0200] "GET /jahrbuch/titelseiten/1978.jpg HTTP/1.1" 200 12057 "http://www.morusverlag.de/jahrbuch/titelseiten/" "Mozilla/5.0 (X11; Linux x86_64) AppleWebKit/537.36 (KHTML, like Gecko; Google Web Preview) Chrome/41.0.2272.118 Safari/537.36"
66.102.9.11 - - [03/Jun/2017:20:30:14 +0200] "GET /jahrbuch/titelseiten/1976.jpg HTTP/1.1" 200 8435 "http://www.morusverlag.de/jahrbuch/titelseiten/" "Mozilla/5.0 (X11; Linux x86_64) AppleWebKit/537.36 (KHTML, like Gecko; Google Web Preview) Chrome/41.0.2272.118 Safari/537.36"
66.102.9.11 - - [03/Jun/2017:20:30:14 +0200] "GET /jahrbuch/titelseiten/1977.jpg HTTP/1.1" 200 12115 "http://www.morusverlag.de/jahrbuch/titelseiten/" "Mozilla/5.0 (X11; Linux x86_64) AppleWebKit/537.36 (KHTML, like Gecko; Google Web Preview) Chrome/41.0.2272.118 Safari/537.36"
66.102.9.8 - - [03/Jun/2017:20:30:14 +0200] "GET /jahrbuch/titelseiten/1975.jpg HTTP/1.1" 200 9109 "http://www.morusverlag.de/jahrbuch/titelseiten/" "Mozilla/5.0 (X11; Linux x86_64) AppleWebKit/537.36 (KHTML, like Gecko; Google Web Preview) Chrome/41.0.2272.118 Safari/537.36"
66.102.9.8 - - [03/Jun/2017:20:30:14 +0200] "GET /jahrbuch/titelseiten/1974.jpg HTTP/1.1" 200 8566 "http://www.morusverlag.de/jahrbuch/titelseiten/" "Mozilla/5.0 (X11; Linux x86_64) AppleWebKit/537.36 (KHTML, like Gecko; Google Web Preview) Chrome/41.0.2272.118 Safari/537.36"
66.102.9.5 - - [03/Jun/2017:20:30:14 +0200] "GET /jahrbuch/titelseiten/1972.jpg HTTP/1.1" 200 10862 "http://www.morusverlag.de/jahrbuch/titelseiten/" "Mozilla/5.0 (X11; Linux x86_64) AppleWebKit/537.36 (KHTML, like Gecko; Google Web Preview) Chrome/41.0.2272.118 Safari/537.36"
66.102.9.8 - - [03/Jun/2017:20:30:14 +0200] "GET /jahrbuch/titelseiten/1970.jpg HTTP/1.1" 200 8229 "http://www.morusverlag.de/jahrbuch/titelseiten/" "Mozilla/5.0 (X11; Linux x86_64) AppleWebKit/537.36 (KHTML, like Gecko; Google Web Preview) Chrome/41.0.2272.118 Safari/537.36"
66.102.9.8 - - [03/Jun/2017:20:30:14 +0200] "GET /jahrbuch/titelseiten/1969.jpg HTTP/1.1" 200 8422 "http://www.morusverlag.de/jahrbuch/titelseiten/" "Mozilla/5.0 (X11; Linux x86_64) AppleWebKit/537.36 (KHTML, like Gecko; Google Web Preview) Chrome/41.0.2272.118 Safari/537.36"
66.102.9.8 - - [03/Jun/2017:20:30:14 +0200] "GET /jahrbuch/titelseiten/1968.jpg HTTP/1.1" 200 10477 "http://www.morusverlag.de/jahrbuch/titelseiten/" "Mozilla/5.0 (X11; Linux x86_64) AppleWebKit/537.36 (KHTML, like Gecko; Google Web Preview) Chrome/41.0.2272.118 Safari/537.36"
66.102.9.8 - - [03/Jun/2017:20:30:15 +0200] "GET /jahrbuch/titelseiten/1967.jpg HTTP/1.1" 200 10004 "http://www.morusverlag.de/jahrbuch/titelseiten/" "Mozilla/5.0 (X11; Linux x86_64) AppleWebKit/537.36 (KHTML, like Gecko; Google Web Preview) Chrome/41.0.2272.118 Safari/537.36"
66.102.9.11 - - [03/Jun/2017:20:30:15 +0200] "GET /jahrbuch/titelseiten/1966.jpg HTTP/1.1" 200 12635 "http://www.morusverlag.de/jahrbuch/titelseiten/" "Mozilla/5.0 (X11; Linux x86_64) AppleWebKit/537.36 (KHTML, like Gecko; Google Web Preview) Chrome/41.0.2272.118 Safari/537.36"
66.102.9.5 - - [03/Jun/2017:20:30:15 +0200] "GET /jahrbuch/titelseiten/1965.jpg HTTP/1.1" 200 9478 "http://www.morusverlag.de/jahrbuch/titelseiten/" "Mozilla/5.0 (X11; Linux x86_64) AppleWebKit/537.36 (KHTML, like Gecko; Google Web Preview) Chrome/41.0.2272.118 Safari/537.36"
66.102.9.8 - - [03/Jun/2017:20:30:15 +0200] "GET /jahrbuch/titelseiten/1964.jpg HTTP/1.1" 200 8794 "http://www.morusverlag.de/jahrbuch/titelseiten/" "Mozilla/5.0 (X11; Linux x86_64) AppleWebKit/537.36 (KHTML, like Gecko; Google Web Preview) Chrome/41.0.2272.118 Safari/537.36"
66.102.9.5 - - [03/Jun/2017:20:30:15 +0200] "GET /jahrbuch/titelseiten/1963.jpg HTTP/1.1" 200 9118 "http://www.morusverlag.de/jahrbuch/titelseiten/" "Mozilla/5.0 (X11; Linux x86_64) AppleWebKit/537.36 (KHTML, like Gecko; Google Web Preview) Chrome/41.0.2272.118 Safari/537.36"
66.102.9.5 - - [03/Jun/2017:20:30:15 +0200] "GET /jahrbuch/titelseiten/1962.jpg HTTP/1.1" 200 9405 "http://www.morusverlag.de/jahrbuch/titelseiten/" "Mozilla/5.0 (X11; Linux x86_64) AppleWebKit/537.36 (KHTML, like Gecko; Google Web Preview) Chrome/41.0.2272.118 Safari/537.36"
66.102.9.11 - - [03/Jun/2017:20:30:15 +0200] "GET /jahrbuch/titelseiten/1961.jpg HTTP/1.1" 200 11188 "http://www.morusverlag.de/jahrbuch/titelseiten/" "Mozilla/5.0 (X11; Linux x86_64) AppleWebKit/537.36 (KHTML, like Gecko; Google Web Preview) Chrome/41.0.2272.118 Safari/537.36"
66.102.9.11 - - [03/Jun/2017:20:30:15 +0200] "GET /jahrbuch/titelseiten/1960.jpg HTTP/1.1" 200 10363 "http://www.morusverlag.de/jahrbuch/titelseiten/" "Mozilla/5.0 (X11; Linux x86_64) AppleWebKit/537.36 (KHTML, like Gecko; Google Web Preview) Chrome/41.0.2272.118 Safari/537.36"
66.102.9.8 - - [03/Jun/2017:20:30:15 +0200] "GET /jahrbuch/titelseiten/1958.jpg HTTP/1.1" 200 11008 "http://www.morusverlag.de/jahrbuch/titelseiten/" "Mozilla/5.0 (X11; Linux x86_64) AppleWebKit/537.36 (KHTML, like Gecko; Google Web Preview) Chrome/41.0.2272.118 Safari/537.36"
66.102.9.11 - - [03/Jun/2017:20:30:15 +0200] "GET /jahrbuch/titelseiten/1959.jpg HTTP/1.1" 200 11387 "http://www.morusverlag.de/jahrbuch/titelseiten/" "Mozilla/5.0 (X11; Linux x86_64) AppleWebKit/537.36 (KHTML, like Gecko; Google Web Preview) Chrome/41.0.2272.118 Safari/537.36"
66.102.9.8 - - [03/Jun/2017:20:30:15 +0200] "GET /jahrbuch/titelseiten/1957.jpg HTTP/1.1" 200 12765 "http://www.morusverlag.de/jahrbuch/titelseiten/" "Mozilla/5.0 (X11; Linux x86_64) AppleWebKit/537.36 (KHTML, like Gecko; Google Web Preview) Chrome/41.0.2272.118 Safari/537.36"
66.102.9.8 - - [03/Jun/2017:20:30:15 +0200] "GET /jahrbuch/titelseiten/1956.jpg HTTP/1.1" 200 12858 "http://www.morusverlag.de/jahrbuch/titelseiten/" "Mozilla/5.0 (X11; Linux x86_64) AppleWebKit/537.36 (KHTML, like Gecko; Google Web Preview) Chrome/41.0.2272.118 Safari/537.36"
66.102.9.5 - - [03/Jun/2017:20:30:15 +0200] "GET /jahrbuch/titelseiten/1955.jpg HTTP/1.1" 200 13277 "http://www.morusverlag.de/jahrbuch/titelseiten/" "Mozilla/5.0 (X11; Linux x86_64) AppleWebKit/537.36 (KHTML, like Gecko; Google Web Preview) Chrome/41.0.2272.118 Safari/537.36"
66.102.9.11 - - [03/Jun/2017:20:30:15 +0200] "GET /jahrbuch/titelseiten/1939.jpg HTTP/1.1" 200 10519 "http://www.morusverlag.de/jahrbuch/titelseiten/" "Mozilla/5.0 (X11; Linux x86_64) AppleWebKit/537.36 (KHTML, like Gecko; Google Web Preview) Chrome/41.0.2272.118 Safari/537.36"
66.102.9.8 - - [03/Jun/2017:20:30:15 +0200] "GET /jahrbuch/titelseiten/1940.jpg HTTP/1.1" 200 10579 "http://www.morusverlag.de/jahrbuch/titelseiten/" "Mozilla/5.0 (X11; Linux x86_64) AppleWebKit/537.36 (KHTML, like Gecko; Google Web Preview) Chrome/41.0.2272.118 Safari/537.36"
66.102.9.5 - - [03/Jun/2017:20:30:15 +0200] "GET /jahrbuch/titelseiten/1935.jpg HTTP/1.1" 200 9813 "http://www.morusverlag.de/jahrbuch/titelseiten/" "Mozilla/5.0 (X11; Linux x86_64) AppleWebKit/537.36 (KHTML, like Gecko; Google Web Preview) Chrome/41.0.2272.118 Safari/537.36"
66.102.9.11 - - [03/Jun/2017:20:30:15 +0200] "GET /jahrbuch/titelseiten/2004.jpg HTTP/1.1" 200 5386 "http://www.morusverlag.de/jahrbuch/titelseiten/" "Mozilla/5.0 (X11; Linux x86_64) AppleWebKit/537.36 (KHTML, like Gecko; Google Web Preview) Chrome/41.0.2272.118 Safari/537.36"
66.102.9.8 - - [03/Jun/2017:20:30:16 +0200] "GET /jahrbuch/titelseiten/2000.jpg HTTP/1.1" 200 8718 "http://www.morusverlag.de/jahrbuch/titelseiten/" "Mozilla/5.0 (X11; Linux x86_64) AppleWebKit/537.36 (KHTML, like Gecko; Google Web Preview) Chrome/41.0.2272.118 Safari/537.36"
66.102.9.11 - - [03/Jun/2017:20:30:16 +0200] "GET /jahrbuch/titelseiten/2007.jpg HTTP/1.1" 200 6748 "http://www.morusverlag.de/jahrbuch/titelseiten/" "Mozilla/5.0 (X11; Linux x86_64) AppleWebKit/537.36 (KHTML, like Gecko; Google Web Preview) Chrome/41.0.2272.118 Safari/537.36"
66.102.9.8 - - [03/Jun/2017:20:30:17 +0200] "GET /pf.gif HTTP/1.1" 200 62 "http://www.morusverlag.de/jahrbuch/titelseiten/" "Mozilla/5.0 (X11; Linux x86_64) AppleWebKit/537.36 (KHTML, like Gecko; Google Web Preview) Chrome/41.0.2272.118 Safari/537.36"
66.102.9.5 - - [03/Jun/2017:20:30:17 +0200] "GET /jahrbuch/titelseiten/2002.jpg HTTP/1.1" 200 11036 "http://www.morusverlag.de/jahrbuch/titelseiten/" "Mozilla/5.0 (X11; Linux x86_64) AppleWebKit/537.36 (KHTML, like Gecko; Google Web Preview) Chrome/41.0.2272.118 Safari/537.36"
66.102.9.5 - - [03/Jun/2017:20:30:17 +0200] "GET /jahrbuch/titelseiten/2003.jpg HTTP/1.1" 200 9473 "http://www.morusverlag.de/jahrbuch/titelseiten/" "Mozilla/5.0 (X11; Linux x86_64) AppleWebKit/537.36 (KHTML, like Gecko; Google Web Preview) Chrome/41.0.2272.118 Safari/537.36"
66.102.9.8 - - [03/Jun/2017:20:30:17 +0200] "GET /jahrbuch/titelseiten/1998.jpg HTTP/1.1" 200 8504 "http://www.morusverlag.de/jahrbuch/titelseiten/" "Mozilla/5.0 (X11; Linux x86_64) AppleWebKit/537.36 (KHTML, like Gecko; Google Web Preview) Chrome/41.0.2272.118 Safari/537.36"
66.102.9.11 - - [03/Jun/2017:20:30:18 +0200] "GET /jahrbuch/titelseiten/2012.jpg HTTP/1.1" 200 9619 "http://www.morusverlag.de/jahrbuch/titelseiten/" "Mozilla/5.0 (X11; Linux x86_64) AppleWebKit/537.36 (KHTML, like Gecko; Google Web Preview) Chrome/41.0.2272.118 Safari/537.36"
66.102.9.11 - - [03/Jun/2017:20:30:18 +0200] "GET /jahrbuch/titelseiten/1999.jpg HTTP/1.1" 200 10450 "http://www.morusverlag.de/jahrbuch/titelseiten/" "Mozilla/5.0 (X11; Linux x86_64) AppleWebKit/537.36 (KHTML, like Gecko; Google Web Preview) Chrome/41.0.2272.118 Safari/537.36"
66.102.9.11 - - [03/Jun/2017:20:30:18 +0200] "GET /main.css HTTP/1.1" 200 1439 "http://www.morusverlag.de/jahrbuch/titelseiten/" "Mozilla/5.0 (X11; Linux x86_64) AppleWebKit/537.36 (KHTML, like Gecko; Google Web Preview) Chrome/41.0.2272.118 Safari/537.36"
66.102.9.5 - - [03/Jun/2017:20:30:18 +0200] "GET /jahrbuch/titelseiten/2006.jpg HTTP/1.1" 200 9078 "http://www.morusverlag.de/jahrbuch/titelseiten/" "Mozilla/5.0 (X11; Linux x86_64) AppleWebKit/537.36 (KHTML, like Gecko; Google Web Preview) Chrome/41.0.2272.118 Safari/537.36"
66.102.9.11 - - [03/Jun/2017:20:30:18 +0200] "GET /jahrbuch/titelseiten/1991.jpg HTTP/1.1" 200 11857 "http://www.morusverlag.de/jahrbuch/titelseiten/" "Mozilla/5.0 (X11; Linux x86_64) AppleWebKit/537.36 (KHTML, like Gecko; Google Web Preview) Chrome/41.0.2272.118 Safari/537.36"
66.102.9.11 - - [03/Jun/2017:20:30:18 +0200] "GET /jahrbuch/titelseiten/1990.jpg HTTP/1.1" 200 11215 "http://www.morusverlag.de/jahrbuch/titelseiten/" "Mozilla/5.0 (X11; Linux x86_64) AppleWebKit/537.36 (KHTML, like Gecko; Google Web Preview) Chrome/41.0.2272.118 Safari/537.36"
66.102.9.11 - - [03/Jun/2017:20:30:18 +0200] "GET /jahrbuch/titelseiten/1989.jpg HTTP/1.1" 200 9555 "http://www.morusverlag.de/jahrbuch/titelseiten/" "Mozilla/5.0 (X11; Linux x86_64) AppleWebKit/537.36 (KHTML, like Gecko; Google Web Preview) Chrome/41.0.2272.118 Safari/537.36"
66.102.9.5 - - [03/Jun/2017:20:30:18 +0200] "GET /jahrbuch/titelseiten/1984.jpg HTTP/1.1" 200 10434 "http://www.morusverlag.de/jahrbuch/titelseiten/" "Mozilla/5.0 (X11; Linux x86_64) AppleWebKit/537.36 (KHTML, like Gecko; Google Web Preview) Chrome/41.0.2272.118 Safari/537.36"
66.102.9.8 - - [03/Jun/2017:20:30:19 +0200] "GET /jahrbuch/titelseiten/1971.jpg HTTP/1.1" 200 8908 "http://www.morusverlag.de/jahrbuch/titelseiten/" "Mozilla/5.0 (X11; Linux x86_64) AppleWebKit/537.36 (KHTML, like Gecko; Google Web Preview) Chrome/41.0.2272.118 Safari/537.36"
66.102.9.8 - - [03/Jun/2017:20:30:19 +0200] "GET /jahrbuch/titelseiten/1973.jpg HTTP/1.1" 200 7959 "http://www.morusverlag.de/jahrbuch/titelseiten/" "Mozilla/5.0 (X11; Linux x86_64) AppleWebKit/537.36 (KHTML, like Gecko; Google Web Preview) Chrome/41.0.2272.118 Safari/537.36"
66.102.9.11 - - [03/Jun/2017:20:30:19 +0200] "GET /strich.gif HTTP/1.1" 200 45 "http://www.morusverlag.de/jahrbuch/titelseiten/" "Mozilla/5.0 (X11; Linux x86_64) AppleWebKit/537.36 (KHTML, like Gecko; Google Web Preview) Chrome/41.0.2272.118 Safari/537.36"
194.187.170.118 - - [03/Jun/2017:20:57:08 +0200] "GET /index.html HTTP/1.0" 304 - "-" "Mozilla/5.0 (compatible; Qwantify/2.4w; +https://www.qwant.com/)/2.4w"
180.76.15.30 - - [03/Jun/2017:21:24:15 +0200] "GET /buecher/rezension_gesichter_u_geschichten.pdf HTTP/1.1" 200 223287 "-" "Mozilla/5.0 (compatible; Baiduspider/2.0; +http://www.baidu.com/search/spider.html)"
40.77.167.98 - - [03/Jun/2017:21:26:58 +0200] "GET /sonderthemen/oekz2003.pdf HTTP/1.1" 200 4017017 "-" "Mozilla/5.0 (iPhone; CPU iPhone OS 7_0 like Mac OS X) AppleWebKit/537.51.1 (KHTML, like Gecko) Version/7.0 Mobile/11A465 Safari/9537.53 (compatible; bingbot/2.0; +http://www.bing.com/bingbot.htm)"
180.76.15.5 - - [03/Jun/2017:21:27:34 +0200] "GET / HTTP/1.1" 200 9360 "-" "Mozilla/5.0 (compatible; Baiduspider/2.0; +http://www.baidu.com/search/spider.html)"
180.76.15.145 - - [03/Jun/2017:21:27:49 +0200] "GET / HTTP/1.1" 200 9360 "-" "Mozilla/5.0 (compatible; Baiduspider/2.0; +http://www.baidu.com/search/spider.html)"
216.244.66.250 - - [03/Jun/2017:21:58:33 +0200] "GET /robots.txt HTTP/1.1" 200 100 "-" "Mozilla/5.0 (compatible; DotBot/1.1; http://www.opensiteexplorer.org/dotbot, help@moz.com)"
66.249.64.209 - - [03/Jun/2017:22:19:50 +0200] "GET /cds/rosarium.html HTTP/1.1" 200 6680 "-" "Mozilla/5.0 (Linux; Android 6.0.1; Nexus 5X Build/MMB29P) AppleWebKit/537.36 (KHTML, like Gecko) Chrome/41.0.2272.96 Mobile Safari/537.36 (compatible; Googlebot/2.1; +http://www.google.com/bot.html)"
5.255.251.7 - - [03/Jun/2017:22:58:45 +0200] "GET /buecher/gesichter/03.jpg HTTP/1.1" 304 - "-" "Mozilla/5.0 (compatible; YandexImages/3.0; +http://yandex.com/bots)"
66.249.64.81 - - [03/Jun/2017:23:02:54 +0200] "GET /kontakt/index.html HTTP/1.1" 200 2896 "-" "Mozilla/5.0 (Linux; Android 6.0.1; Nexus 5X Build/MMB29P) AppleWebKit/537.36 (KHTML, like Gecko) Chrome/41.0.2272.96 Mobile Safari/537.36 (compatible; Googlebot/2.1; +http://www.google.com/bot.html)"
5.255.251.7 - - [03/Jun/2017:23:12:12 +0200] "GET /buecher/gesichter/22.jpg HTTP/1.1" 304 - "-" "Mozilla/5.0 (compatible; YandexImages/3.0; +http://yandex.com/bots)"
216.244.66.250 - - [03/Jun/2017:23:23:50 +0200] "GET /buecher/rezensionen_psalmen.html HTTP/1.1" 200 6787 "-" "Mozilla/5.0 (compatible; DotBot/1.1; http://www.opensiteexplorer.org/dotbot, help@moz.com)"
85.25.210.41 - - [03/Jun/2017:23:34:03 +0200] "GET /robots.txt HTTP/1.1" 200 100 "-" "Mozilla/5.0 (compatible; seoscanners.net/1; +spider@seoscanners.net)"
85.25.210.41 - - [03/Jun/2017:23:34:03 +0200] "GET /jahrbuch/titelseiten/1985.jpg HTTP/1.1" 200 10221 "-" "Mozilla/5.0 (compatible; seoscanners.net/1; +spider@seoscanners.net)"
66.249.64.83 - - [03/Jun/2017:23:43:49 +0200] "GET /jahrbuch/index.html HTTP/1.1" 200 3956 "-" "Mozilla/5.0 (Linux; Android 6.0.1; Nexus 5X Build/MMB29P) AppleWebKit/537.36 (KHTML, like Gecko) Chrome/41.0.2272.96 Mobile Safari/537.36 (compatible; Googlebot/2.1; +http://www.google.com/bot.html)"
180.76.15.10 - - [04/Jun/2017:00:00:42 +0200] "GET /sonderthemen/sk2000.pdf HTTP/1.1" 200 2925489 "-" "Mozilla/5.0 (compatible; Baiduspider/2.0; +http://www.baidu.com/search/spider.html)"
79.247.219.212 - - [04/Jun/2017:00:11:08 +0200] "GET /sonderthemen/sk2001.pdf HTTP/1.1" 200 3098589 "-" "Dalvik/1.6.0 (Linux; U; Android 4.4.2; GT-P5210 Build/KOT49H)"
40.77.167.98 - - [04/Jun/2017:00:52:44 +0200] "GET / HTTP/1.1" 200 9360 "-" "Mozilla/5.0 (compatible; bingbot/2.0; +http://www.bing.com/bingbot.htm)"
66.249.64.83 - - [04/Jun/2017:01:01:28 +0200] "GET /cds/glockenspiel1.html HTTP/1.1" 200 9736 "-" "Mozilla/5.0 (Linux; Android 6.0.1; Nexus 5X Build/MMB29P) AppleWebKit/537.36 (KHTML, like Gecko) Chrome/41.0.2272.96 Mobile Safari/537.36 (compatible; Googlebot/2.1; +http://www.google.com/bot.html)"
195.133.48.150 - - [04/Jun/2017:01:07:30 +0200] "HEAD / HTTP/1.1" 200 - "http://commerage.ru/humor/10-demotivatorov-cetverga-241116" "Mozilla/4.0 (compatible; MSIE3.00; Windows 2009)"
195.133.145.199 - - [04/Jun/2017:01:07:31 +0200] "HEAD / HTTP/1.1" 200 - "https://kidy.eu/b2b/" "Mozilla/8.0 (compatible; MSIE7.00; Windows 2008)"
194.87.238.17 - - [04/Jun/2017:01:11:15 +0200] "HEAD / HTTP/1.1" 200 - "http://maxi-tex.ru/catalog/muzhskie_futbolki_s_printami_optom.html" "Mozilla/5.0 (compatible; MSIE7.00; Windows 2008)"
195.133.147.89 - - [04/Jun/2017:01:11:16 +0200] "HEAD / HTTP/1.1" 200 - "https://avkzarabotok.info/teoriya_voln_elliotta.html" "Mozilla/8.0 (compatible; MSIE4.00; Windows 2008)"
195.133.147.74 - - [04/Jun/2017:01:11:16 +0200] "HEAD / HTTP/1.1" 200 - "http://attestat-cheljabinsk.ru/kupit-attestat-o-polnom-srednem-v-chelyabinske/" "Mozilla/2.0 (compatible; MSIE4.00; Windows 2007)"
194.87.234.246 - - [04/Jun/2017:01:16:09 +0200] "HEAD / HTTP/1.1" 200 - "http://termoshop.com.ua/steel-function" "Mozilla/8.0 (compatible; MSIE2.00; Windows 2007)"
193.124.131.168 - - [04/Jun/2017:01:19:17 +0200] "HEAD / HTTP/1.1" 200 - "http://taromir.ru/news/ehnergija_pary/2017-04-08-1018" "Mozilla/3.0 (compatible; MSIE7.00; Windows 2009)"
195.133.147.6 - - [04/Jun/2017:01:21:20 +0200] "HEAD / HTTP/1.1" 200 - "http://cleaningservices.kiev.ua/tseni-na-uborku-kvartir" "Mozilla/6.0 (compatible; MSIE7.00; Windows 2003)"
193.124.190.64 - - [04/Jun/2017:01:26:22 +0200] "HEAD / HTTP/1.1" 200 - "http://ugtehagro.net/rapsovyj-stol-prisposoblenie-dlya-uborki-rapsa/rapsovyj-stol-pzr-s-transmissionnym-valom-dlya-vseh-vidov-ko.html" "Mozilla/4.0 (compatible; MSIE5.00; Windows 2007)"
194.67.210.77 - - [04/Jun/2017:01:26:23 +0200] "HEAD / HTTP/1.1" 200 - "https://www.informacionnaja-podderzhka-sajta.ru/zachem-nuzhna-informatsionnaya-podderzhka-sajta.html" "Mozilla/6.0 (compatible; MSIE6.00; Windows 2004)"
185.125.219.134 - - [04/Jun/2017:01:26:23 +0200] "HEAD / HTTP/1.1" 200 - "https://artestom.ru/lechenie-i-udalenie-zubov-pod-obshhim-narkozom/lechenie-zubov-pod-obshchim-narkozom-u-vzroslykh/" "Mozilla/4.0 (compatible; MSIE2.00; Windows 2008)"
185.5.249.185 - - [04/Jun/2017:01:26:48 +0200] "HEAD / HTTP/1.1" 200 - "http://o-travels.com/resorts/" "Mozilla/7.0 (compatible; MSIE7.00; Windows 2004)"
66.249.64.81 - - [04/Jun/2017:01:39:57 +0200] "GET /cds/glockenspiel2.html HTTP/1.1" 200 9831 "-" "Mozilla/5.0 (Linux; Android 6.0.1; Nexus 5X Build/MMB29P) AppleWebKit/537.36 (KHTML, like Gecko) Chrome/41.0.2272.96 Mobile Safari/537.36 (compatible; Googlebot/2.1; +http://www.google.com/bot.html)"
5.101.78.76 - - [04/Jun/2017:01:41:23 +0200] "HEAD / HTTP/1.1" 200 - "https://tornado-tm.ru/cpirali-super-bat-c-dvoinim-ieffektom.html" "Mozilla/4.0 (compatible; MSIE3.00; Windows 2003)"
188.227.18.37 - - [04/Jun/2017:01:41:24 +0200] "HEAD / HTTP/1.1" 200 - "http://po-pugay.ru/catalog/drugije-tovary/sredstvo_dlya_ochistki_vodoemov_mikrozim_pond_trit/" "Mozilla/5.0 (compatible; MSIE6.00; Windows 2004)"
185.154.13.6 - - [04/Jun/2017:01:43:57 +0200] "HEAD / HTTP/1.1" 200 - "http://les54.ru/realizovannye-proekty/zabor-s-kamennymi-stolbami/" "Mozilla/4.0 (compatible; MSIE2.00; Windows 2003)"
77.220.213.173 - - [04/Jun/2017:01:43:58 +0200] "HEAD / HTTP/1.1" 200 - "https://ukrsmeta.ua/koshtoris-na-budivnitstvo-lazni/" "Mozilla/6.0 (compatible; MSIE2.00; Windows 2007)"
178.159.39.237 - - [04/Jun/2017:01:43:58 +0200] "HEAD / HTTP/1.1" 200 - "https://insalesthemes.ru/gotovie-moduli-insales/forma-podpiski-s-pomoshuy-unisender" "Mozilla/4.0 (compatible; MSIE7.00; Windows 2002)"
178.159.43.212 - - [04/Jun/2017:01:47:01 +0200] "HEAD / HTTP/1.1" 200 - "https://stop-zavisimost.com/" "Mozilla/5.0 (compatible; MSIE3.00; Windows 2007)"
88.73.12.160 - - [04/Jun/2017:01:53:20 +0200] "GET /buecher/rezensionen_chateaubriand.html HTTP/1.1" 200 47317 "-" "Mozilla/5.0 (Macintosh; Intel Mac OS X 10_10_3) AppleWebKit/537.36 (KHTML, like Gecko) Chrome/41.0.2272.89 Safari/537.36"
88.73.12.160 - - [04/Jun/2017:01:53:21 +0200] "GET /sonderthemen/index.html HTTP/1.1" 200 7102 "-" "Mozilla/5.0 (Macintosh; Intel Mac OS X 10_10_3) AppleWebKit/537.36 (KHTML, like Gecko) Chrome/41.0.2272.89 Safari/537.36"
94.134.138.207 - - [04/Jun/2017:01:53:21 +0200] "GET /kontakt/index.html HTTP/1.1" 200 2896 "-" "Mozilla/5.0 (Macintosh; Intel Mac OS X 10_10_3) AppleWebKit/537.36 (KHTML, like Gecko) Chrome/41.0.2272.89 Safari/537.36"
84.191.4.169 - - [04/Jun/2017:01:53:21 +0200] "GET /impressum.html HTTP/1.1" 200 2808 "-" "Mozilla/5.0 (Macintosh; Intel Mac OS X 10_10_3) AppleWebKit/537.36 (KHTML, like Gecko) Chrome/41.0.2272.89 Safari/537.36"
92.225.3.81 - - [04/Jun/2017:01:53:21 +0200] "GET /buecher/rezensionen.html HTTP/1.1" 200 6964 "-" "Mozilla/5.0 (Macintosh; Intel Mac OS X 10_10_3) AppleWebKit/537.36 (KHTML, like Gecko) Chrome/41.0.2272.89 Safari/537.36"
87.169.109.17 - - [04/Jun/2017:01:53:21 +0200] "GET /cds/index.html HTTP/1.1" 200 7987 "-" "Mozilla/5.0 (Macintosh; Intel Mac OS X 10_10_3) AppleWebKit/537.36 (KHTML, like Gecko) Chrome/41.0.2272.89 Safari/537.36"
94.134.141.235 - - [04/Jun/2017:01:53:21 +0200] "GET /buecher/index.html HTTP/1.1" 200 25885 "-" "Mozilla/5.0 (Macintosh; Intel Mac OS X 10_10_3) AppleWebKit/537.36 (KHTML, like Gecko) Chrome/41.0.2272.89 Safari/537.36"
92.78.140.53 - - [04/Jun/2017:01:53:21 +0200] "GET /jahrbuch/index.html HTTP/1.1" 200 3956 "-" "Mozilla/5.0 (Macintosh; Intel Mac OS X 10_10_3) AppleWebKit/537.36 (KHTML, like Gecko) Chrome/41.0.2272.89 Safari/537.36"
188.103.26.123 - - [04/Jun/2017:01:53:21 +0200] "GET /gotteslob/index.html HTTP/1.1" 200 2770 "-" "Mozilla/5.0 (Macintosh; Intel Mac OS X 10_10_3) AppleWebKit/537.36 (KHTML, like Gecko) Chrome/41.0.2272.89 Safari/537.36"
94.134.150.211 - - [04/Jun/2017:01:53:21 +0200] "GET /index.html HTTP/1.1" 200 9360 "-" "Mozilla/5.0 (Macintosh; Intel Mac OS X 10_10_3) AppleWebKit/537.36 (KHTML, like Gecko) Chrome/41.0.2272.89 Safari/537.36"
77.12.107.156 - - [04/Jun/2017:01:53:21 +0200] "GET /buecher/veroeffentlichungsliste.html HTTP/1.1" 200 129779 "-" "Mozilla/5.0 (Macintosh; Intel Mac OS X 10_10_3) AppleWebKit/537.36 (KHTML, like Gecko) Chrome/41.0.2272.89 Safari/537.36"
207.46.13.36 - - [04/Jun/2017:02:17:02 +0200] "GET /sonderthemen/oekt_extra3.pdf HTTP/1.1" 200 2109745 "-" "Mozilla/5.0 (iPhone; CPU iPhone OS 7_0 like Mac OS X) AppleWebKit/537.51.1 (KHTML, like Gecko) Version/7.0 Mobile/11A465 Safari/9537.53 (compatible; bingbot/2.0; +http://www.bing.com/bingbot.htm)"
66.249.64.85 - - [04/Jun/2017:02:21:46 +0200] "GET /sonderthemen/oekt_extra3.pdf HTTP/1.1" 200 2109745 "-" "Mozilla/5.0 (Linux; Android 6.0.1; Nexus 5X Build/MMB29P) AppleWebKit/537.36 (KHTML, like Gecko) Chrome/41.0.2272.96 Mobile Safari/537.36 (compatible; Googlebot/2.1; +http://www.google.com/bot.html)"
40.77.167.98 - - [04/Jun/2017:02:41:10 +0200] "GET /buecher/gesichter/01.jpg HTTP/1.1" 200 7981 "-" "Mozilla/5.0 (compatible; bingbot/2.0; +http://www.bing.com/bingbot.htm)"
207.46.13.22 - - [04/Jun/2017:02:42:18 +0200] "GET /buecher/gesichter/17.jpg HTTP/1.1" 200 7587 "-" "Mozilla/5.0 (compatible; bingbot/2.0; +http://www.bing.com/bingbot.htm)"
40.77.167.98 - - [04/Jun/2017:02:45:12 +0200] "GET /buecher/gesichter/10.jpg HTTP/1.1" 200 7686 "-" "Mozilla/5.0 (compatible; bingbot/2.0; +http://www.bing.com/bingbot.htm)"
207.46.13.22 - - [04/Jun/2017:02:49:54 +0200] "GET /buecher/gesichter/28.jpg HTTP/1.1" 200 7684 "-" "Mozilla/5.0 (compatible; bingbot/2.0; +http://www.bing.com/bingbot.htm)"
207.46.13.36 - - [04/Jun/2017:02:50:04 +0200] "GET /buecher/gesichter/20.jpg HTTP/1.1" 200 8785 "-" "Mozilla/5.0 (compatible; bingbot/2.0; +http://www.bing.com/bingbot.htm)"
