131.253.27.133 - - [01/Jun/2017:00:07:28 +0200] "GET /contentflow/contentflow.js HTTP/1.1" 200 42064 "http://www.morusverlag.de/buecher/" "Mozilla/5.0 (iPhone; CPU iPhone OS 7_0 like Mac OS X) AppleWebKit/537.51.1 (KHTML, like Gecko) Version/7.0 Mobile/11A465 Safari/9537.53 BingPreview/1.0b"
131.253.27.133 - - [01/Jun/2017:00:07:29 +0200] "GET /contentflow/contentflow.css HTTP/1.1" 200 3109 "http://www.morusverlag.de/buecher/" "Mozilla/5.0 (iPhone; CPU iPhone OS 7_0 like Mac OS X) AppleWebKit/537.51.1 (KHTML, like Gecko) Version/7.0 Mobile/11A465 Safari/9537.53 BingPreview/1.0b"
131.253.27.133 - - [01/Jun/2017:00:07:29 +0200] "GET /contentflow/mycontentflow.css HTTP/1.1" 404 2381 "http://www.morusverlag.de/buecher/" "Mozilla/5.0 (iPhone; CPU iPhone OS 7_0 like Mac OS X) AppleWebKit/537.51.1 (KHTML, like Gecko) Version/7.0 Mobile/11A465 Safari/9537.53 BingPreview/1.0b"
131.253.27.133 - - [01/Jun/2017:00:07:29 +0200] "GET /contentflow/ContentFlowAddOn_white.js HTTP/1.1" 200 471 "http://www.morusverlag.de/buecher/" "Mozilla/5.0 (iPhone; CPU iPhone OS 7_0 like Mac OS X) AppleWebKit/537.51.1 (KHTML, like Gecko) Version/7.0 Mobile/11A465 Safari/9537.53 BingPreview/1.0b"
131.253.27.133 - - [01/Jun/2017:00:07:29 +0200] "GET /contentflow/ContentFlowAddOn_white.css HTTP/1.1" 200 3174 "http://www.morusverlag.de/buecher/" "Mozilla/5.0 (iPhone; CPU iPhone OS 7_0 like Mac OS X) AppleWebKit/537.51.1 (KHTML, like Gecko) Version/7.0 Mobile/11A465 Safari/9537.53 BingPreview/1.0b"
131.253.27.133 - - [01/Jun/2017:00:07:30 +0200] "GET /pf.gif HTTP/1.1" 200 62 "http://www.morusverlag.de/buecher/" "Mozilla/5.0 (iPhone; CPU iPhone OS 7_0 like Mac OS X) AppleWebKit/537.51.1 (KHTML, like Gecko) Version/7.0 Mobile/11A465 Safari/9537.53 BingPreview/1.0b"
131.253.27.133 - - [01/Jun/2017:00:07:30 +0200] "GET /contentflow/img/loader.gif HTTP/1.1" 200 8238 "http://www.morusverlag.de/buecher/" "Mozilla/5.0 (iPhone; CPU iPhone OS 7_0 like Mac OS X) AppleWebKit/537.51.1 (KHTML, like Gecko) Version/7.0 Mobile/11A465 Safari/9537.53 BingPreview/1.0b"
131.253.27.133 - - [01/Jun/2017:00:07:30 +0200] "GET /contentflow/img/scrollbar_white.png HTTP/1.1" 200 82 "http://www.morusverlag.de/buecher/" "Mozilla/5.0 (iPhone; CPU iPhone OS 7_0 like Mac OS X) AppleWebKit/537.51.1 (KHTML, like Gecko) Version/7.0 Mobile/11A465 Safari/9537.53 BingPreview/1.0b"
131.253.27.133 - - [01/Jun/2017:00:07:30 +0200] "GET /contentflow/img/slider_white.png HTTP/1.1" 200 178 "http://www.morusverlag.de/buecher/" "Mozilla/5.0 (iPhone; CPU iPhone OS 7_0 like Mac OS X) AppleWebKit/537.51.1 (KHTML, like Gecko) Version/7.0 Mobile/11A465 Safari/9537.53 BingPreview/1.0b"
131.253.27.133 - - [01/Jun/2017:00:07:30 +0200] "GET /contentflow/img/1x1_0.5_white.png HTTP/1.1" 200 82 "http://www.morusverlag.de/buecher/" "Mozilla/5.0 (iPhone; CPU iPhone OS 7_0 like Mac OS X) AppleWebKit/537.51.1 (KHTML, like Gecko) Version/7.0 Mobile/11A465 Safari/9537.53 BingPreview/1.0b"
131.253.27.133 - - [01/Jun/2017:00:07:30 +0200] "GET /contentflow/img/scrollbar_black.png HTTP/1.1" 200 82 "http://www.morusverlag.de/buecher/" "Mozilla/5.0 (iPhone; CPU iPhone OS 7_0 like Mac OS X) AppleWebKit/537.51.1 (KHTML, like Gecko) Version/7.0 Mobile/11A465 Safari/9537.53 BingPreview/1.0b"
131.253.27.133 - - [01/Jun/2017:00:07:30 +0200] "GET /contentflow/img/loader_white.gif HTTP/1.1" 200 8238 "http://www.morusverlag.de/buecher/" "Mozilla/5.0 (iPhone; CPU iPhone OS 7_0 like Mac OS X) AppleWebKit/537.51.1 (KHTML, like Gecko) Version/7.0 Mobile/11A465 Safari/9537.53 BingPreview/1.0b"
131.253.27.133 - - [01/Jun/2017:00:07:30 +0200] "GET /contentflow/img/slider_black.png HTTP/1.1" 200 175 "http://www.morusverlag.de/buecher/" "Mozilla/5.0 (iPhone; CPU iPhone OS 7_0 like Mac OS X) AppleWebKit/537.51.1 (KHTML, like Gecko) Version/7.0 Mobile/11A465 Safari/9537.53 BingPreview/1.0b"
216.244.66.250 - - [01/Jun/2017:00:15:15 +0200] "GET /robots.txt HTTP/1.1" 200 100 "-" "Mozilla/5.0 (compatible; DotBot/1.1; http://www.opensiteexplorer.org/dotbot, help@moz.com)"
207.46.13.22 - - [01/Jun/2017:00:30:46 +0200] "GET /buecher/rezensionen_krise_zum_heil.html HTTP/1.1" 200 9828 "-" "Mozilla/5.0 (iPhone; CPU iPhone OS 7_0 like Mac OS X) AppleWebKit/537.51.1 (KHTML, like Gecko) Version/7.0 Mobile/11A465 Safari/9537.53 (compatible; bingbot/2.0; +http://www.bing.com/bingbot.htm)"
157.55.39.187 - - [01/Jun/2017:01:01:02 +0200] "GET /cds/index.html HTTP/1.1" 200 7987 "-" "Mozilla/5.0 (compatible; bingbot/2.0; +http://www.bing.com/bingbot.htm)"
216.244.66.250 - - [01/Jun/2017:01:21:57 +0200] "GET /buecher/rezensionen_preysing.html HTTP/1.1" 200 9502 "-" "Mozilla/5.0 (compatible; DotBot/1.1; http://www.opensiteexplorer.org/dotbot, help@moz.com)"
5.9.145.132 - - [01/Jun/2017:01:34:54 +0200] "GET /sonderthemen/oekt_extra3.pdf HTTP/1.1" 200 2109745 "-" "Mozilla/5.0 (Windows NT 6.1) AppleWebKit/537.22 (KHTML, like Gecko) Chrome/25.0.1364.169 Safari/537.22"
85.25.210.234 - - [01/Jun/2017:01:47:34 +0200] "GET /robots.txt HTTP/1.1" 200 100 "-" "Mozilla/5.0 (compatible; seoscanners.net/1; +spider@seoscanners.net)"
85.25.210.234 - - [01/Jun/2017:01:47:34 +0200] "GET /jahrbuch/titelseiten/1958.jpg HTTP/1.1" 200 11008 "-" "Mozilla/5.0 (compatible; seoscanners.net/1; +spider@seoscanners.net)"
188.227.18.37 - - [01/Jun/2017:02:02:53 +0200] "HEAD / HTTP/1.1" 200 - "http://www.kal-kalan.net" "Mozilla/4.0 (compatible; MSIE7.00; Windows 2008)"
62.235.8.208 - - [01/Jun/2017:02:11:44 +0200] "GET / HTTP/1.1" 200 9360 "-" "Java/1.8.0_111"
62.235.8.208 - - [01/Jun/2017:02:11:44 +0200] "GET /impressum.html HTTP/1.1" 200 2808 "-" "Java/1.8.0_111"
62.235.8.208 - - [01/Jun/2017:02:11:44 +0200] "GET /index.html HTTP/1.1" 200 9360 "-" "Java/1.8.0_111"
62.235.8.208 - - [01/Jun/2017:02:11:44 +0200] "GET /buecher/index.html HTTP/1.1" 200 25885 "-" "Java/1.8.0_111"
62.235.8.208 - - [01/Jun/2017:02:11:44 +0200] "GET /buecher/rezensionen_chateaubriand.html HTTP/1.1" 200 47317 "-" "Java/1.8.0_111"
62.235.8.208 - - [01/Jun/2017:02:11:45 +0200] "GET /buecher/veroeffentlichungsliste.html HTTP/1.1" 200 129779 "-" "Java/1.8.0_111"
62.235.8.208 - - [01/Jun/2017:02:11:46 +0200] "GET /cds/hymnos_akathistos.html HTTP/1.1" 200 11061 "-" "Java/1.8.0_111"
62.235.8.208 - - [01/Jun/2017:02:11:46 +0200] "GET /cds/ignatius.html HTTP/1.1" 200 6576 "-" "Java/1.8.0_111"
62.235.8.208 - - [01/Jun/2017:02:11:46 +0200] "GET /cds/index.html HTTP/1.1" 200 7987 "-" "Java/1.8.0_111"
62.235.8.208 - - [01/Jun/2017:02:11:46 +0200] "GET /cds/rosarium.html HTTP/1.1" 200 6680 "-" "Java/1.8.0_111"
62.235.8.208 - - [01/Jun/2017:02:11:46 +0200] "GET /gotteslob/index.html HTTP/1.1" 200 2770 "-" "Java/1.8.0_111"
62.235.8.208 - - [01/Jun/2017:02:11:46 +0200] "GET /jahrbuch/index.html HTTP/1.1" 200 3956 "-" "Java/1.8.0_111"
62.235.8.208 - - [01/Jun/2017:02:11:46 +0200] "GET /kontakt/index.html HTTP/1.1" 200 2896 "-" "Java/1.8.0_111"
62.235.8.208 - - [01/Jun/2017:02:11:46 +0200] "GET /sonderthemen/index.html HTTP/1.1" 200 7102 "-" "Java/1.8.0_111"
62.235.8.208 - - [01/Jun/2017:02:11:46 +0200] "GET /buecher/bestellung.php HTTP/1.1" 200 10142 "-" "Java/1.8.0_111"
62.235.8.208 - - [01/Jun/2017:02:11:46 +0200] "GET /buecher/diskussion.html HTTP/1.1" 200 9925 "-" "Java/1.8.0_111"
62.235.8.208 - - [01/Jun/2017:02:11:46 +0200] "GET /buecher/rezensionen_engel.html HTTP/1.1" 200 6598 "-" "Java/1.8.0_111"
62.235.8.208 - - [01/Jun/2017:02:11:46 +0200] "GET /buecher/rezensionen_krise_zum_heil.html HTTP/1.1" 200 9828 "-" "Java/1.8.0_111"
62.235.8.208 - - [01/Jun/2017:02:11:47 +0200] "GET /buecher/rezensionen_le_saulchoir.html HTTP/1.1" 200 34009 "-" "Java/1.8.0_111"
62.235.8.208 - - [01/Jun/2017:02:11:47 +0200] "GET /buecher/rezensionen_leiblichkeit_und_zeitlichkeit.html HTTP/1.1" 200 8821 "-" "Java/1.8.0_111"
62.235.8.208 - - [01/Jun/2017:02:11:47 +0200] "GET /buecher/rezensionen_nicht_auf_sand_gebaut.html HTTP/1.1" 200 6594 "-" "Java/1.8.0_111"
62.235.8.208 - - [01/Jun/2017:02:11:47 +0200] "GET /buecher/rezensionen_preysing.html HTTP/1.1" 200 9502 "-" "Java/1.8.0_111"
62.235.8.208 - - [01/Jun/2017:02:11:47 +0200] "GET /buecher/rezensionen_psalmen.html HTTP/1.1" 200 6787 "-" "Java/1.8.0_111"
62.235.8.208 - - [01/Jun/2017:02:11:47 +0200] "GET /contentflow/contentflow.js HTTP/1.1" 200 42064 "-" "Java/1.8.0_111"
62.235.8.208 - - [01/Jun/2017:02:11:48 +0200] "GET /buecher/rezensionen.html HTTP/1.1" 200 6964 "-" "Java/1.8.0_111"
62.235.8.208 - - [01/Jun/2017:02:11:48 +0200] "GET /buecher/rezensionen_ignatius.html HTTP/1.1" 200 8182 "-" "Java/1.8.0_111"
62.235.8.208 - - [01/Jun/2017:02:11:48 +0200] "GET /cds/astazi.html HTTP/1.1" 200 8453 "-" "Java/1.8.0_111"
62.235.8.208 - - [01/Jun/2017:02:11:48 +0200] "GET /cds/glockenspiel1.html HTTP/1.1" 200 9736 "-" "Java/1.8.0_111"
62.235.8.208 - - [01/Jun/2017:02:11:48 +0200] "GET /cds/glockenspiel2.html HTTP/1.1" 200 9831 "-" "Java/1.8.0_111"
62.235.8.208 - - [01/Jun/2017:02:11:48 +0200] "GET /cds/lumina.html HTTP/1.1" 200 9000 "-" "Java/1.8.0_111"
62.235.8.208 - - [01/Jun/2017:02:11:48 +0200] "GET /jahrbuch/bestellung.php HTTP/1.1" 200 10316 "-" "Java/1.8.0_111"
62.235.8.208 - - [01/Jun/2017:02:11:48 +0200] "GET /sonderthemen/archiv.html HTTP/1.1" 200 6959 "-" "Java/1.8.0_111"
62.235.8.208 - - [01/Jun/2017:02:11:48 +0200] "GET /sonderthemen/presse.html HTTP/1.1" 200 5772 "-" "Java/1.8.0_111"
62.235.8.208 - - [01/Jun/2017:02:11:48 +0200] "GET /contentflow/\"+K.src+\" HTTP/1.1" 404 2381 "-" "Java/1.8.0_111"
207.46.13.22 - - [01/Jun/2017:02:14:52 +0200] "GET /impressum.html HTTP/1.1" 200 2808 "-" "Mozilla/5.0 (compatible; bingbot/2.0; +http://www.bing.com/bingbot.htm)"
131.253.27.81 - - [01/Jun/2017:02:14:53 +0200] "GET /main.css HTTP/1.1" 200 1439 "http://www.morusverlag.de/impressum.html" "Mozilla/5.0 (Windows NT 6.1; WOW64) AppleWebKit/534+ (KHTML, like Gecko) BingPreview/1.0b"
216.244.66.198 - - [01/Jun/2017:02:29:22 +0200] "GET /robots.txt HTTP/1.1" 200 100 "-" "Mozilla/5.0 (compatible; DotBot/1.1; http://www.opensiteexplorer.org/dotbot, help@moz.com)"
85.10.203.84 - - [01/Jun/2017:02:37:45 +0200] "HEAD / HTTP/1.1" 200 - "-" "GT::WWW/1.025"
5.9.17.118 - - [01/Jun/2017:02:39:15 +0200] "GET /sonderthemen/az1999.pdf HTTP/1.1" 200 1842982 "-" "Mozilla/5.0 (compatible; MSIE 10.0; Windows NT 6.1; Trident/6.0)"
195.133.48.150 - - [01/Jun/2017:02:51:55 +0200] "HEAD / HTTP/1.1" 200 - "https://stop-zavisimost.com/kodirovanie-ot-alkogolizma/" "Mozilla/4.0 (compatible; MSIE5.00; Windows 2004)"
195.133.145.199 - - [01/Jun/2017:02:51:55 +0200] "HEAD / HTTP/1.1" 200 - "http://taromir.ru/news/angel_khranitel_moum_jakh_16_marta_20_marta/2014-11-09-276" "Mozilla/3.0 (compatible; MSIE2.00; Windows 2005)"
195.133.147.89 - - [01/Jun/2017:03:00:37 +0200] "HEAD / HTTP/1.1" 200 - "http://ecogr.ru/contacts/" "Mozilla/3.0 (compatible; MSIE3.00; Windows 2007)"
194.87.238.17 - - [01/Jun/2017:03:00:37 +0200] "HEAD / HTTP/1.1" 200 - "https://www.websolution.com.ua/blog/179-web-dizajn-dlya-chego-on-nuzhen.html" "Mozilla/6.0 (compatible; MSIE4.00; Windows 2008)"
208.43.225.85 - - [01/Jun/2017:03:04:06 +0200] "GET /robots.txt HTTP/1.1" 200 100 "-" "Mozilla/5.0 (compatible; SiteExplorer/1.1b; +http://siteexplorer.info/Backlink-Checker-Spider/)"
194.67.210.77 - - [01/Jun/2017:03:04:10 +0200] "HEAD / HTTP/1.1" 200 - "http://gomario.ru/igri/shrehk_igry/narjady_dlja_princessy_fiony/114-1-0-1067" "Mozilla/8.0 (compatible; MSIE3.00; Windows 2008)"
208.43.225.85 - - [01/Jun/2017:03:04:10 +0200] "GET /cds/rosarium.html HTTP/1.1" 200 6680 "-" "Mozilla/5.0 (compatible; SiteExplorer/1.1b; +http://siteexplorer.info/Backlink-Checker-Spider/)"
185.5.249.185 - - [01/Jun/2017:03:04:11 +0200] "HEAD / HTTP/1.1" 200 - "https://tigsochi.ru/vse-dlya-sada/sadovaya-mebel/stulya-i-kresla-sadovye" "Mozilla/7.0 (compatible; MSIE7.00; Windows 2007)"
208.43.225.85 - - [01/Jun/2017:03:04:15 +0200] "GET /cds/ignatius.html HTTP/1.1" 200 6576 "-" "Mozilla/5.0 (compatible; SiteExplorer/1.1b; +http://siteexplorer.info/Backlink-Checker-Spider/)"
208.43.225.85 - - [01/Jun/2017:03:04:20 +0200] "GET /cds/astazi.html HTTP/1.1" 200 8453 "-" "Mozilla/5.0 (compatible; SiteExplorer/1.1b; +http://siteexplorer.info/Backlink-Checker-Spider/)"
208.43.225.85 - - [01/Jun/2017:03:04:25 +0200] "GET /buecher/rezensionen_ignatius.html HTTP/1.1" 200 8182 "-" "Mozilla/5.0 (compatible; SiteExplorer/1.1b; +http://siteexplorer.info/Backlink-Checker-Spider/)"
208.43.225.85 - - [01/Jun/2017:03:04:30 +0200] "GET /buecher/rezensionen.html HTTP/1.1" 200 6964 "-" "Mozilla/5.0 (compatible; SiteExplorer/1.1b; +http://siteexplorer.info/Backlink-Checker-Spider/)"
208.43.225.85 - - [01/Jun/2017:03:04:34 +0200] "GET /buecher/rezensionen_leiblichkeit_und_zeitlichkeit.html HTTP/1.1" 200 8821 "-" "Mozilla/5.0 (compatible; SiteExplorer/1.1b; +http://siteexplorer.info/Backlink-Checker-Spider/)"
208.43.225.85 - - [01/Jun/2017:03:04:39 +0200] "GET /cds/lumina.html HTTP/1.1" 200 9000 "-" "Mozilla/5.0 (compatible; SiteExplorer/1.1b; +http://siteexplorer.info/Backlink-Checker-Spider/)"
195.133.147.74 - - [01/Jun/2017:03:04:40 +0200] "HEAD / HTTP/1.1" 200 - "http://dengi-v-kredit.in.ua/" "Mozilla/3.0 (compatible; MSIE7.00; Windows 2004)"
208.43.225.85 - - [01/Jun/2017:03:04:44 +0200] "GET /jahrbuch/bestellung.php HTTP/1.1" 200 10316 "-" "Mozilla/5.0 (compatible; SiteExplorer/1.1b; +http://siteexplorer.info/Backlink-Checker-Spider/)"
208.43.225.85 - - [01/Jun/2017:03:04:49 +0200] "GET /buecher/index.html HTTP/1.1" 200 25885 "-" "Mozilla/5.0 (compatible; SiteExplorer/1.1b; +http://siteexplorer.info/Backlink-Checker-Spider/)"
208.43.225.85 - - [01/Jun/2017:03:04:54 +0200] "GET / HTTP/1.1" 200 9360 "-" "Mozilla/5.0 (compatible; SiteExplorer/1.1b; +http://siteexplorer.info/Backlink-Checker-Spider/)"
208.43.225.85 - - [01/Jun/2017:03:04:58 +0200] "GET /cds/hymnos_akathistos.html HTTP/1.1" 200 11061 "-" "Mozilla/5.0 (compatible; SiteExplorer/1.1b; +http://siteexplorer.info/Backlink-Checker-Spider/)"
208.43.225.85 - - [01/Jun/2017:03:05:03 +0200] "GET /sonderthemen/index.html HTTP/1.1" 200 7102 "-" "Mozilla/5.0 (compatible; SiteExplorer/1.1b; +http://siteexplorer.info/Backlink-Checker-Spider/)"
208.43.225.85 - - [01/Jun/2017:03:05:08 +0200] "GET /buecher/rezensionen_chateaubriand.html HTTP/1.1" 200 47317 "-" "Mozilla/5.0 (compatible; SiteExplorer/1.1b; +http://siteexplorer.info/Backlink-Checker-Spider/)"
208.43.225.85 - - [01/Jun/2017:03:05:13 +0200] "GET /buecher/rezensionen_ungeteilt.html HTTP/1.1" 200 9764 "-" "Mozilla/5.0 (compatible; SiteExplorer/1.1b; +http://siteexplorer.info/Backlink-Checker-Spider/)"
208.43.225.85 - - [01/Jun/2017:03:05:18 +0200] "GET /buecher/rezensionen_engel.html HTTP/1.1" 200 6598 "-" "Mozilla/5.0 (compatible; SiteExplorer/1.1b; +http://siteexplorer.info/Backlink-Checker-Spider/)"
193.124.190.64 - - [01/Jun/2017:03:05:18 +0200] "HEAD / HTTP/1.1" 200 - "http://lab-term.ru/bxg-230.htm" "Mozilla/8.0 (compatible; MSIE5.00; Windows 2009)"
185.125.219.134 - - [01/Jun/2017:03:05:19 +0200] "HEAD / HTTP/1.1" 200 - "http://resurs-2012.ru" "Mozilla/6.0 (compatible; MSIE4.00; Windows 2009)"
208.43.225.85 - - [01/Jun/2017:03:05:22 +0200] "GET /jahrbuch/index.html HTTP/1.1" 200 3956 "-" "Mozilla/5.0 (compatible; SiteExplorer/1.1b; +http://siteexplorer.info/Backlink-Checker-Spider/)"
208.43.225.85 - - [01/Jun/2017:03:05:27 +0200] "GET /buecher/rezensionen_preysing.html HTTP/1.1" 200 9502 "-" "Mozilla/5.0 (compatible; SiteExplorer/1.1b; +http://siteexplorer.info/Backlink-Checker-Spider/)"
208.43.225.85 - - [01/Jun/2017:03:05:32 +0200] "GET /impressum.html HTTP/1.1" 200 2808 "-" "Mozilla/5.0 (compatible; SiteExplorer/1.1b; +http://siteexplorer.info/Backlink-Checker-Spider/)"
208.43.225.85 - - [01/Jun/2017:03:05:37 +0200] "GET /buecher/rezensionen_krise_zum_heil.html HTTP/1.1" 200 9828 "-" "Mozilla/5.0 (compatible; SiteExplorer/1.1b; +http://siteexplorer.info/Backlink-Checker-Spider/)"
208.43.225.85 - - [01/Jun/2017:03:05:42 +0200] "GET /buecher/rezensionen_nicht_auf_sand_gebaut.html HTTP/1.1" 200 6594 "-" "Mozilla/5.0 (compatible; SiteExplorer/1.1b; +http://siteexplorer.info/Backlink-Checker-Spider/)"
208.43.225.85 - - [01/Jun/2017:03:05:47 +0200] "GET /kontakt/index.html HTTP/1.1" 200 2896 "-" "Mozilla/5.0 (compatible; SiteExplorer/1.1b; +http://siteexplorer.info/Backlink-Checker-Spider/)"
208.43.225.85 - - [01/Jun/2017:03:05:52 +0200] "GET /buecher/rezensionen_psalmen.html HTTP/1.1" 200 6787 "-" "Mozilla/5.0 (compatible; SiteExplorer/1.1b; +http://siteexplorer.info/Backlink-Checker-Spider/)"
208.43.225.85 - - [01/Jun/2017:03:05:57 +0200] "GET /gotteslob/index.html HTTP/1.1" 200 2770 "-" "Mozilla/5.0 (compatible; SiteExplorer/1.1b; +http://siteexplorer.info/Backlink-Checker-Spider/)"
208.43.225.85 - - [01/Jun/2017:03:06:01 +0200] "GET /buecher/rezensionen_le_saulchoir.html HTTP/1.1" 200 34009 "-" "Mozilla/5.0 (compatible; SiteExplorer/1.1b; +http://siteexplorer.info/Backlink-Checker-Spider/)"
208.43.225.85 - - [01/Jun/2017:03:06:06 +0200] "GET /buecher/veroeffentlichungsliste.html HTTP/1.1" 200 129779 "-" "Mozilla/5.0 (compatible; SiteExplorer/1.1b; +http://siteexplorer.info/Backlink-Checker-Spider/)"
208.43.225.85 - - [01/Jun/2017:03:06:11 +0200] "GET /jahrbuch/titelseiten/index.html HTTP/1.1" 200 6735 "-" "Mozilla/5.0 (compatible; SiteExplorer/1.1b; +http://siteexplorer.info/Backlink-Checker-Spider/)"
208.43.225.85 - - [01/Jun/2017:03:06:16 +0200] "GET /cds/glockenspiel1.html HTTP/1.1" 200 9736 "-" "Mozilla/5.0 (compatible; SiteExplorer/1.1b; +http://siteexplorer.info/Backlink-Checker-Spider/)"
208.43.225.85 - - [01/Jun/2017:03:06:20 +0200] "GET /index.html HTTP/1.1" 200 9360 "-" "Mozilla/5.0 (compatible; SiteExplorer/1.1b; +http://siteexplorer.info/Backlink-Checker-Spider/)"
208.43.225.85 - - [01/Jun/2017:03:06:25 +0200] "GET /cds/glockenspiel2.html HTTP/1.1" 200 9831 "-" "Mozilla/5.0 (compatible; SiteExplorer/1.1b; +http://siteexplorer.info/Backlink-Checker-Spider/)"
208.43.225.85 - - [01/Jun/2017:03:06:30 +0200] "GET /cds/index.html HTTP/1.1" 200 7987 "-" "Mozilla/5.0 (compatible; SiteExplorer/1.1b; +http://siteexplorer.info/Backlink-Checker-Spider/)"
194.87.234.246 - - [01/Jun/2017:03:08:33 +0200] "HEAD / HTTP/1.1" 200 - "https://gorodkotlov.ru/market/goods/kotly/tverdotoplivnye_kotly/kotly_kentatsu/napolnyi_stalnoi_tverdotoplivnyi_kotel_kentatsu_vulkan_max_sr_800/" "Mozilla/7.0 (compatible; MSIE3.00; Windows 2002)"
66.249.64.81 - - [01/Jun/2017:03:09:02 +0200] "GET /sonderthemen/index.html HTTP/1.1" 200 7102 "-" "Mozilla/5.0 (Linux; Android 6.0.1; Nexus 5X Build/MMB29P) AppleWebKit/537.36 (KHTML, like Gecko) Chrome/41.0.2272.96 Mobile Safari/537.36 (compatible; Googlebot/2.1; +http://www.google.com/bot.html)"
193.124.131.168 - - [01/Jun/2017:03:10:45 +0200] "HEAD / HTTP/1.1" 200 - "http://filosoff.org/tvorchestvo/" "Mozilla/8.0 (compatible; MSIE4.00; Windows 2008)"
195.133.147.6 - - [01/Jun/2017:03:19:01 +0200] "HEAD / HTTP/1.1" 200 - "http://smartstore24.ru/" "Mozilla/5.0 (compatible; MSIE7.00; Windows 2005)"
5.9.145.132 - - [01/Jun/2017:03:30:34 +0200] "GET /buecher/index.html HTTP/1.1" 200 25885 "-" "Mozilla/5.0 (Windows NT 6.1; de;rv:12.0) Gecko/20120403211507 Firefox/12.0"
5.9.17.118 - - [01/Jun/2017:03:30:35 +0200] "GET /buecher/ HTTP/1.1" 200 25885 "-" "Mozilla/5.0 (compatible; MSIE 10.0; Windows NT 6.1; Trident/6.0)"
5.101.78.76 - - [01/Jun/2017:03:31:02 +0200] "HEAD / HTTP/1.1" 200 - "https://gorokna.com/" "Mozilla/4.0 (compatible; MSIE4.00; Windows 2002)"
216.244.66.198 - - [01/Jun/2017:03:31:42 +0200] "GET /buecher/rezensionen_engel.html HTTP/1.1" 200 6598 "-" "Mozilla/5.0 (compatible; DotBot/1.1; http://www.opensiteexplorer.org/dotbot, help@moz.com)"
180.76.15.9 - - [01/Jun/2017:03:49:25 +0200] "GET / HTTP/1.1" 200 9360 "-" "Mozilla/5.0 (compatible; Baiduspider/2.0; +http://www.baidu.com/search/spider.html)"
52.58.120.208 - - [01/Jun/2017:04:04:14 +0200] "GET /robots.txt HTTP/1.1" 200 100 "-" "Mozilla/5.0 (compatible; Cliqzbot/1.0; +http://cliqz.com/company/cliqzbot)"
52.58.120.208 - - [01/Jun/2017:04:04:15 +0200] "GET /impressum.html HTTP/1.1" 200 2808 "-" "Mozilla/5.0 (compatible; Cliqzbot/1.0; +http://cliqz.com/company/cliqzbot)"
77.220.213.173 - - [01/Jun/2017:04:09:18 +0200] "HEAD / HTTP/1.1" 200 - "https://sellparts.com.ua/zapchasti-dlya-citroen/citroen-jumpy/" "Mozilla/6.0 (compatible; MSIE5.00; Windows 2002)"
178.159.39.237 - - [01/Jun/2017:04:09:18 +0200] "HEAD / HTTP/1.1" 200 - "https://nonano.ru/arts/s36" "Mozilla/5.0 (compatible; MSIE5.00; Windows 2007)"
185.154.13.6 - - [01/Jun/2017:04:09:21 +0200] "HEAD / HTTP/1.1" 200 - "http://diplomrf.info/diplom_bakalavra.html" "Mozilla/2.0 (compatible; MSIE6.00; Windows 2006)"
178.159.43.212 - - [01/Jun/2017:04:19:08 +0200] "HEAD / HTTP/1.1" 200 - "http://yastreb-tm.ru/ultrazvukovoy-otpugivatel-nasekomyh-model-1360-r.html" "Mozilla/5.0 (compatible; MSIE7.00; Windows 2009)"
66.249.64.85 - - [01/Jun/2017:04:27:37 +0200] "GET /impressum.html HTTP/1.1" 200 2808 "-" "Mozilla/5.0 (compatible; Googlebot/2.1; +http://www.google.com/bot.html)"
66.249.64.81 - - [01/Jun/2017:04:32:03 +0200] "GET /cds/index.html HTTP/1.1" 200 7987 "-" "Mozilla/5.0 (compatible; Googlebot/2.1; +http://www.google.com/bot.html)"
66.249.64.85 - - [01/Jun/2017:04:33:09 +0200] "GET /cds/ignatius.html HTTP/1.1" 200 6576 "-" "Mozilla/5.0 (compatible; Googlebot/2.1; +http://www.google.com/bot.html)"
66.249.64.85 - - [01/Jun/2017:04:34:12 +0200] "GET /cds/rosarium.html HTTP/1.1" 200 6680 "-" "Mozilla/5.0 (compatible; Googlebot/2.1; +http://www.google.com/bot.html)"
66.249.64.81 - - [01/Jun/2017:04:35:17 +0200] "GET /buecher/index.html HTTP/1.1" 200 25885 "-" "Mozilla/5.0 (compatible; Googlebot/2.1; +http://www.google.com/bot.html)"
66.249.64.83 - - [01/Jun/2017:04:36:06 +0200] "GET /kontakt/index.html HTTP/1.1" 200 2896 "-" "Mozilla/5.0 (compatible; Googlebot/2.1; +http://www.google.com/bot.html)"
66.249.64.81 - - [01/Jun/2017:04:36:59 +0200] "GET /jahrbuch/index.html HTTP/1.1" 200 3956 "-" "Mozilla/5.0 (compatible; Googlebot/2.1; +http://www.google.com/bot.html)"
66.249.64.81 - - [01/Jun/2017:04:37:57 +0200] "GET /gotteslob/index.html HTTP/1.1" 200 2770 "-" "Mozilla/5.0 (compatible; Googlebot/2.1; +http://www.google.com/bot.html)"
66.249.64.83 - - [01/Jun/2017:04:38:52 +0200] "GET /sonderthemen/index.html HTTP/1.1" 200 7102 "-" "Mozilla/5.0 (compatible; Googlebot/2.1; +http://www.google.com/bot.html)"
66.249.64.83 - - [01/Jun/2017:04:39:48 +0200] "GET /cds/hymnos_akathistos.html HTTP/1.1" 200 11061 "-" "Mozilla/5.0 (compatible; Googlebot/2.1; +http://www.google.com/bot.html)"
66.249.64.81 - - [01/Jun/2017:04:41:38 +0200] "GET /buecher/veroeffentlichungsliste.html HTTP/1.1" 200 129779 "-" "Mozilla/5.0 (compatible; Googlebot/2.1; +http://www.google.com/bot.html)"
66.249.64.81 - - [01/Jun/2017:04:45:39 +0200] "GET /buecher/rezensionen_chateaubriand.html HTTP/1.1" 200 47317 "-" "Mozilla/5.0 (compatible; Googlebot/2.1; +http://www.google.com/bot.html)"
193.1.218.163 - - [01/Jun/2017:04:59:08 +0200] "HEAD / HTTP/1.1" 200 - "-" "Java/1.6.0_23"
157.55.39.33 - - [01/Jun/2017:05:08:51 +0200] "GET /robots.txt HTTP/1.1" 200 100 "-" "Mozilla/5.0 (compatible; bingbot/2.0; +http://www.bing.com/bingbot.htm)"
157.55.39.187 - - [01/Jun/2017:05:08:51 +0200] "GET /cds/index.html HTTP/1.1" 200 7987 "-" "Mozilla/5.0 (iPhone; CPU iPhone OS 7_0 like Mac OS X) AppleWebKit/537.51.1 (KHTML, like Gecko) Version/7.0 Mobile/11A465 Safari/9537.53 (compatible; bingbot/2.0; +http://www.bing.com/bingbot.htm)"
157.55.39.209 - - [01/Jun/2017:05:08:56 +0200] "GET /cds/rosarium.html HTTP/1.1" 200 6680 "-" "Mozilla/5.0 (iPhone; CPU iPhone OS 7_0 like Mac OS X) AppleWebKit/537.51.1 (KHTML, like Gecko) Version/7.0 Mobile/11A465 Safari/9537.53 (compatible; bingbot/2.0; +http://www.bing.com/bingbot.htm)"
157.55.39.187 - - [01/Jun/2017:05:09:00 +0200] "GET /robots.txt HTTP/1.1" 200 100 "-" "Mozilla/5.0 (compatible; bingbot/2.0; +http://www.bing.com/bingbot.htm)"
157.55.39.187 - - [01/Jun/2017:05:09:01 +0200] "GET /robots.txt HTTP/1.1" 200 100 "-" "Mozilla/5.0 (compatible; bingbot/2.0; +http://www.bing.com/bingbot.htm)"
157.55.39.187 - - [01/Jun/2017:05:09:11 +0200] "GET /cds/simplay_player.swf?audiofile=avemaria.mp3 HTTP/1.1" 200 6377 "-" "Mozilla/5.0 (iPhone; CPU iPhone OS 7_0 like Mac OS X) AppleWebKit/537.51.1 (KHTML, like Gecko) Version/7.0 Mobile/11A465 Safari/9537.53 (compatible; bingbot/2.0; +http://www.bing.com/bingbot.htm)"
157.55.39.209 - - [01/Jun/2017:05:09:15 +0200] "GET /cds/rosarium.jpg HTTP/1.1" 200 21032 "-" "Mozilla/5.0 (iPhone; CPU iPhone OS 7_0 like Mac OS X) AppleWebKit/537.51.1 (KHTML, like Gecko) Version/7.0 Mobile/11A465 Safari/9537.53 (compatible; bingbot/2.0; +http://www.bing.com/bingbot.htm)"
66.249.64.95 - - [01/Jun/2017:05:19:00 +0200] "GET /buecher/chateaubriand.jpg HTTP/1.1" 304 - "-" "Googlebot-Image/1.0"
157.55.39.187 - - [01/Jun/2017:05:31:01 +0200] "GET /jahrbuch/index.html HTTP/1.1" 200 3956 "-" "Mozilla/5.0 (iPhone; CPU iPhone OS 7_0 like Mac OS X) AppleWebKit/537.51.1 (KHTML, like Gecko) Version/7.0 Mobile/11A465 Safari/9537.53 (compatible; bingbot/2.0; +http://www.bing.com/bingbot.htm)"
207.46.13.22 - - [01/Jun/2017:05:31:22 +0200] "GET /jahrbuch/jahrbuch.jpg HTTP/1.1" 200 11282 "-" "Mozilla/5.0 (iPhone; CPU iPhone OS 7_0 like Mac OS X) AppleWebKit/537.51.1 (KHTML, like Gecko) Version/7.0 Mobile/11A465 Safari/9537.53 (compatible; bingbot/2.0; +http://www.bing.com/bingbot.htm)"
188.227.18.37 - - [01/Jun/2017:05:47:45 +0200] "HEAD / HTTP/1.1" 200 - "http://www.kal-kalan.net" "Mozilla/6.0 (compatible; MSIE3.00; Windows 2008)"
157.55.39.209 - - [01/Jun/2017:06:06:28 +0200] "GET /gotteslob/ HTTP/1.1" 200 2770 "-" "Mozilla/5.0 (compatible; bingbot/2.0; +http://www.bing.com/bingbot.htm)"
40.77.179.205 - - [01/Jun/2017:06:10:10 +0200] "GET /cds/simplay_control.swf HTTP/1.1" 200 1243 "-" "Mozilla/5.0 (iPhone; CPU iPhone OS 7_0 like Mac OS X) AppleWebKit/537.51.1 (KHTML, like Gecko) Version/7.0 Mobile/11A465 Safari/9537.53 BingPreview/1.0b"
40.77.179.205 - - [01/Jun/2017:06:10:11 +0200] "GET /cds/simplaydata/controlconfig.xml?nocache=1496289888574 HTTP/1.1" 200 121 "-" "Mozilla/5.0 (iPhone; CPU iPhone OS 7_0 like Mac OS X) AppleWebKit/537.51.1 (KHTML, like Gecko) Version/7.0 Mobile/11A465 Safari/9537.53 BingPreview/1.0b"
40.77.179.205 - - [01/Jun/2017:06:10:12 +0200] "GET /cds/simplaydata/playerconfig.xml?nocache=1496289888910 HTTP/1.1" 200 149 "-" "Mozilla/5.0 (iPhone; CPU iPhone OS 7_0 like Mac OS X) AppleWebKit/537.51.1 (KHTML, like Gecko) Version/7.0 Mobile/11A465 Safari/9537.53 BingPreview/1.0b"
40.77.179.205 - - [01/Jun/2017:06:10:12 +0200] "GET /cds/simplaydata/controlskins/default/skin.xml HTTP/1.1" 200 349 "-" "Mozilla/5.0 (iPhone; CPU iPhone OS 7_0 like Mac OS X) AppleWebKit/537.51.1 (KHTML, like Gecko) Version/7.0 Mobile/11A465 Safari/9537.53 BingPreview/1.0b"
40.77.179.205 - - [01/Jun/2017:06:10:12 +0200] "GET /cds/simplaydata/playerskins/default/skin.xml?nocache=1496289889877 HTTP/1.1" 200 649 "-" "Mozilla/5.0 (iPhone; CPU iPhone OS 7_0 like Mac OS X) AppleWebKit/537.51.1 (KHTML, like Gecko) Version/7.0 Mobile/11A465 Safari/9537.53 BingPreview/1.0b"
40.77.179.205 - - [01/Jun/2017:06:10:13 +0200] "GET /cds/simplaydata/controlskins/default/background.jpg HTTP/1.1" 200 772 "-" "Mozilla/5.0 (iPhone; CPU iPhone OS 7_0 like Mac OS X) AppleWebKit/537.51.1 (KHTML, like Gecko) Version/7.0 Mobile/11A465 Safari/9537.53 BingPreview/1.0b"
40.77.179.205 - - [01/Jun/2017:06:10:13 +0200] "GET /cds/simplaydata/controlskins/default/handle.jpg HTTP/1.1" 200 387 "-" "Mozilla/5.0 (iPhone; CPU iPhone OS 7_0 like Mac OS X) AppleWebKit/537.51.1 (KHTML, like Gecko) Version/7.0 Mobile/11A465 Safari/9537.53 BingPreview/1.0b"
40.77.179.205 - - [01/Jun/2017:06:10:13 +0200] "GET /cds/simplaydata/controlskins/default/on.jpg HTTP/1.1" 200 986 "-" "Mozilla/5.0 (iPhone; CPU iPhone OS 7_0 like Mac OS X) AppleWebKit/537.51.1 (KHTML, like Gecko) Version/7.0 Mobile/11A465 Safari/9537.53 BingPreview/1.0b"
40.77.179.205 - - [01/Jun/2017:06:10:13 +0200] "GET /cds/simplaydata/playerskins/default/background.jpg HTTP/1.1" 200 340 "-" "Mozilla/5.0 (iPhone; CPU iPhone OS 7_0 like Mac OS X) AppleWebKit/537.51.1 (KHTML, like Gecko) Version/7.0 Mobile/11A465 Safari/9537.53 BingPreview/1.0b"
40.77.179.205 - - [01/Jun/2017:06:10:14 +0200] "GET /cds/simplaydata/controlskins/default/off.jpg HTTP/1.1" 200 608 "-" "Mozilla/5.0 (iPhone; CPU iPhone OS 7_0 like Mac OS X) AppleWebKit/537.51.1 (KHTML, like Gecko) Version/7.0 Mobile/11A465 Safari/9537.53 BingPreview/1.0b"
40.77.179.205 - - [01/Jun/2017:06:10:14 +0200] "GET /cds/simplaydata/playerskins/default/play_up.jpg HTTP/1.1" 200 643 "-" "Mozilla/5.0 (iPhone; CPU iPhone OS 7_0 like Mac OS X) AppleWebKit/537.51.1 (KHTML, like Gecko) Version/7.0 Mobile/11A465 Safari/9537.53 BingPreview/1.0b"
40.77.179.205 - - [01/Jun/2017:06:10:14 +0200] "GET /cds/simplaydata/controlconfig.xml?nocache=1496289890152 HTTP/1.1" 200 121 "-" "Mozilla/5.0 (iPhone; CPU iPhone OS 7_0 like Mac OS X) AppleWebKit/537.51.1 (KHTML, like Gecko) Version/7.0 Mobile/11A465 Safari/9537.53 BingPreview/1.0b"
40.77.179.205 - - [01/Jun/2017:06:10:14 +0200] "GET /cds/simplaydata/playerskins/default/play_over.jpg HTTP/1.1" 200 986 "-" "Mozilla/5.0 (iPhone; CPU iPhone OS 7_0 like Mac OS X) AppleWebKit/537.51.1 (KHTML, like Gecko) Version/7.0 Mobile/11A465 Safari/9537.53 BingPreview/1.0b"
40.77.179.205 - - [01/Jun/2017:06:10:15 +0200] "GET /cds/simplaydata/playerskins/default/play_down.jpg HTTP/1.1" 200 972 "-" "Mozilla/5.0 (iPhone; CPU iPhone OS 7_0 like Mac OS X) AppleWebKit/537.51.1 (KHTML, like Gecko) Version/7.0 Mobile/11A465 Safari/9537.53 BingPreview/1.0b"
40.77.179.205 - - [01/Jun/2017:06:10:15 +0200] "GET /cds/simplaydata/playerskins/default/pause_up.jpg HTTP/1.1" 200 649 "-" "Mozilla/5.0 (iPhone; CPU iPhone OS 7_0 like Mac OS X) AppleWebKit/537.51.1 (KHTML, like Gecko) Version/7.0 Mobile/11A465 Safari/9537.53 BingPreview/1.0b"
40.77.179.205 - - [01/Jun/2017:06:10:15 +0200] "GET /cds/simplaydata/playerskins/default/pause_over.jpg HTTP/1.1" 200 988 "-" "Mozilla/5.0 (iPhone; CPU iPhone OS 7_0 like Mac OS X) AppleWebKit/537.51.1 (KHTML, like Gecko) Version/7.0 Mobile/11A465 Safari/9537.53 BingPreview/1.0b"
40.77.179.205 - - [01/Jun/2017:06:10:16 +0200] "GET /cds/simplaydata/playerskins/default/pause_down.jpg HTTP/1.1" 200 939 "-" "Mozilla/5.0 (iPhone; CPU iPhone OS 7_0 like Mac OS X) AppleWebKit/537.51.1 (KHTML, like Gecko) Version/7.0 Mobile/11A465 Safari/9537.53 BingPreview/1.0b"
40.77.179.205 - - [01/Jun/2017:06:10:17 +0200] "GET /cds/simplaydata/controlconfig.xml?nocache=1496289893378 HTTP/1.1" 200 121 "-" "Mozilla/5.0 (iPhone; CPU iPhone OS 7_0 like Mac OS X) AppleWebKit/537.51.1 (KHTML, like Gecko) Version/7.0 Mobile/11A465 Safari/9537.53 BingPreview/1.0b"
195.133.48.150 - - [01/Jun/2017:06:24:53 +0200] "HEAD / HTTP/1.1" 200 - "https://stop-zavisimost.com/lechenie-igromanii/" "Mozilla/6.0 (compatible; MSIE3.00; Windows 2005)"
195.133.145.199 - - [01/Jun/2017:06:24:53 +0200] "HEAD / HTTP/1.1" 200 - "http://taromir.ru/news/kumiry_i_podrazhanie/2017-04-07-1013" "Mozilla/3.0 (compatible; MSIE6.00; Windows 2005)"
162.210.196.98 - - [01/Jun/2017:06:31:09 +0200] "GET /robots.txt HTTP/1.1" 200 100 "-" "Mozilla/5.0 (compatible; MJ12bot/v1.4.8; http://mj12bot.com/)"
162.210.196.98 - - [01/Jun/2017:06:31:11 +0200] "GET / HTTP/1.1" 200 9360 "-" "Mozilla/5.0 (compatible; MJ12bot/v1.4.8; http://mj12bot.com/)"
194.87.238.17 - - [01/Jun/2017:06:31:57 +0200] "HEAD / HTTP/1.1" 200 - "https://www.websolution.com.ua/services.html" "Mozilla/3.0 (compatible; MSIE2.00; Windows 2007)"
194.67.210.77 - - [01/Jun/2017:06:31:58 +0200] "HEAD / HTTP/1.1" 200 - "http://gomario.ru/igri/spanch_bob_igry/patrik_na_velosipede/20-1-0-33" "Mozilla/6.0 (compatible; MSIE2.00; Windows 2008)"
185.125.219.134 - - [01/Jun/2017:06:31:58 +0200] "HEAD / HTTP/1.1" 200 - "http://resurs-2012.ru" "Mozilla/7.0 (compatible; MSIE3.00; Windows 2008)"
193.124.190.64 - - [01/Jun/2017:06:31:59 +0200] "HEAD / HTTP/1.1" 200 - "http://lab-term.ru/67-350.html" "Mozilla/6.0 (compatible; MSIE5.00; Windows 2006)"
195.133.147.89 - - [01/Jun/2017:06:32:00 +0200] "HEAD / HTTP/1.1" 200 - "http://ecogr.ru/production/" "Mozilla/5.0 (compatible; MSIE5.00; Windows 2007)"
185.5.249.185 - - [01/Jun/2017:06:32:00 +0200] "HEAD / HTTP/1.1" 200 - "https://tigsochi.ru/zdorove-i-sport/bilyard" "Mozilla/8.0 (compatible; MSIE6.00; Windows 2006)"
195.133.147.74 - - [01/Jun/2017:06:35:53 +0200] "HEAD / HTTP/1.1" 200 - "http://dengi-v-kredit.in.ua/" "Mozilla/8.0 (compatible; MSIE3.00; Windows 2003)"
193.124.131.168 - - [01/Jun/2017:06:48:59 +0200] "HEAD / HTTP/1.1" 200 - "http://filosoff.org/tvorchestvo/" "Mozilla/8.0 (compatible; MSIE7.00; Windows 2009)"
194.87.234.246 - - [01/Jun/2017:06:50:35 +0200] "HEAD / HTTP/1.1" 200 - "https://gorodkotlov.ru/market/goods/klimat/teplovye_pushki_i_teplogeneratory/teplogeneratory/koleno_dymohoda_90_gr_iz_nerzhaveushhei_stali_diametr_200_mm_dlya_teplogeneratorov_ballu_biemmedue_02ac290/" "Mozilla/3.0 (compatible; MSIE6.00; Windows 2007)"
212.37.27.58 - - [01/Jun/2017:07:08:17 +0200] "GET /robots.txt HTTP/1.0" 200 100 "-" "psbot/0.1 (+http://www.picsearch.com/bot.html)"
212.37.27.58 - - [01/Jun/2017:07:08:17 +0200] "GET /gotteslob/index.html HTTP/1.0" 304 - "-" "psbot/0.1 (+http://www.picsearch.com/bot.html)"
5.101.78.76 - - [01/Jun/2017:07:09:30 +0200] "HEAD / HTTP/1.1" 200 - "https://gorokna.com/" "Mozilla/8.0 (compatible; MSIE4.00; Windows 2004)"
195.133.147.6 - - [01/Jun/2017:07:12:08 +0200] "HEAD / HTTP/1.1" 200 - "http://smartstore24.ru/" "Mozilla/6.0 (compatible; MSIE7.00; Windows 2002)"
40.77.167.46 - - [01/Jun/2017:07:37:55 +0200] "GET /buecher/gesichter/09.jpg HTTP/1.1" 200 9739 "-" "Mozilla/5.0 (compatible; bingbot/2.0; +http://www.bing.com/bingbot.htm)"
46.229.164.98 - - [01/Jun/2017:07:54:34 +0200] "GET /robots.txt HTTP/1.1" 200 100 "-" "Mozilla/5.0 (compatible; SemrushBot/1.2~bl; +http://www.semrush.com/bot.html)"
5.9.106.81 - - [01/Jun/2017:07:59:33 +0200] "GET /buecher/rezensionen_preysing.html HTTP/1.1" 200 9502 "-" "Mozilla/5.0 (Macintosh; Intel Mac OS X 107) AppleWebKit/534.48.3 (KHTML like Gecko) Version/5.1 Safari/534.48.3"
157.55.39.187 - - [01/Jun/2017:08:01:27 +0200] "GET /index.html HTTP/1.1" 200 9360 "-" "Mozilla/5.0 (compatible; bingbot/2.0; +http://www.bing.com/bingbot.htm)"
85.25.210.234 - - [01/Jun/2017:08:11:01 +0200] "GET /robots.txt HTTP/1.1" 200 100 "-" "Mozilla/5.0 (compatible; seoscanners.net/1; +spider@seoscanners.net)"
85.25.210.234 - - [01/Jun/2017:08:11:01 +0200] "GET /jahrbuch/titelseiten/1996.jpg HTTP/1.1" 200 11186 "-" "Mozilla/5.0 (compatible; seoscanners.net/1; +spider@seoscanners.net)"
77.220.213.173 - - [01/Jun/2017:08:19:49 +0200] "HEAD / HTTP/1.1" 200 - "https://sellparts.com.ua/transporterparts/" "Mozilla/4.0 (compatible; MSIE7.00; Windows 2002)"
185.154.13.6 - - [01/Jun/2017:08:19:50 +0200] "HEAD / HTTP/1.1" 200 - "http://diplomrf.info/diplom_bakalavra.html" "Mozilla/4.0 (compatible; MSIE2.00; Windows 2008)"
178.159.39.237 - - [01/Jun/2017:08:19:50 +0200] "HEAD / HTTP/1.1" 200 - "https://nonano.ru/arts/uteplenie-doma/teploizolyatsiya-doma-dom-v-kotorom-teplo" "Mozilla/7.0 (compatible; MSIE4.00; Windows 2004)"
85.25.210.234 - - [01/Jun/2017:08:29:03 +0200] "GET /buecher/gesichter/23.jpg HTTP/1.1" 200 8706 "-" "Mozilla/5.0 (compatible; seoscanners.net/1; +spider@seoscanners.net)"
157.55.39.209 - - [01/Jun/2017:08:36:23 +0200] "GET / HTTP/1.1" 200 9360 "-" "Mozilla/5.0 (compatible; bingbot/2.0; +http://www.bing.com/bingbot.htm)"
178.159.43.212 - - [01/Jun/2017:08:37:47 +0200] "HEAD / HTTP/1.1" 200 - "http://yastreb-tm.ru/otpugivateli-komarov/" "Mozilla/5.0 (compatible; MSIE6.00; Windows 2007)"
157.55.39.187 - - [01/Jun/2017:08:40:27 +0200] "GET /cds/index.html HTTP/1.1" 200 7987 "-" "Mozilla/5.0 (compatible; bingbot/2.0; +http://www.bing.com/bingbot.htm)"
77.75.78.165 - - [01/Jun/2017:08:48:13 +0200] "GET /robots.txt HTTP/1.1" 200 100 "-" "Mozilla/5.0 (compatible; SeznamBot/3.2; +http://napoveda.seznam.cz/en/seznambot-intro/)"
77.75.78.165 - - [01/Jun/2017:08:48:13 +0200] "GET /buecher/gesichter/04.jpg HTTP/1.1" 304 - "-" "Mozilla/5.0 (compatible; SeznamBot/3.2; +http://napoveda.seznam.cz/en/seznambot-intro/)"
88.198.23.179 - - [01/Jun/2017:08:52:57 +0200] "GET /robots.txt HTTP/1.1" 200 100 "-" "Mozilla/5.0 (compatible; MJ12bot/v1.4.7; http://mj12bot.com/)"
88.198.23.179 - - [01/Jun/2017:08:52:59 +0200] "GET /buecher/ HTTP/1.1" 200 25885 "-" "Mozilla/5.0 (compatible; MJ12bot/v1.4.7; http://mj12bot.com/)"
52.57.213.100 - - [01/Jun/2017:09:20:21 +0200] "GET /robots.txt HTTP/1.1" 200 100 "-" "Mozilla/5.0 (compatible; Cliqzbot/1.0; +http://cliqz.com/company/cliqzbot)"
52.57.213.100 - - [01/Jun/2017:09:20:22 +0200] "GET /buecher/diskussion.html HTTP/1.1" 200 9925 "-" "Mozilla/5.0 (compatible; Cliqzbot/1.0; +http://cliqz.com/company/cliqzbot)"
180.76.15.12 - - [01/Jun/2017:09:26:37 +0200] "GET / HTTP/1.1" 200 9360 "-" "Mozilla/5.0 (compatible; Baiduspider/2.0; +http://www.baidu.com/search/spider.html)"
180.76.15.145 - - [01/Jun/2017:09:26:55 +0200] "GET / HTTP/1.1" 200 9360 "-" "Mozilla/5.0 (compatible; Baiduspider/2.0; +http://www.baidu.com/search/spider.html)"
188.227.18.37 - - [01/Jun/2017:09:33:25 +0200] "HEAD / HTTP/1.1" 200 - "http://www.kal-kalan.net" "Mozilla/5.0 (compatible; MSIE5.00; Windows 2006)"
92.214.174.52 - - [01/Jun/2017:09:53:37 +0200] "GET /sonderthemen/sk2000.pdf HTTP/1.1" 200 2925489 "https://www.google.de/" "Mozilla/5.0 (Windows NT 10.0; WOW64; rv:53.0) Gecko/20100101 Firefox/53.0"
92.214.174.52 - - [01/Jun/2017:09:53:38 +0200] "GET /sonderthemen/sk2000.pdf HTTP/1.1" 206 65536 "https://www.google.de/" "Mozilla/5.0 (Windows NT 10.0; WOW64; rv:53.0) Gecko/20100101 Firefox/53.0"
92.214.174.52 - - [01/Jun/2017:09:53:39 +0200] "GET /favicon.ico HTTP/1.1" 200 4286 "-" "Mozilla/5.0 (Windows NT 10.0; WOW64; rv:53.0) Gecko/20100101 Firefox/53.0"
92.214.174.52 - - [01/Jun/2017:09:53:39 +0200] "GET /sonderthemen/sk2000.pdf HTTP/1.1" 206 41905 "https://www.google.de/" "Mozilla/5.0 (Windows NT 10.0; WOW64; rv:53.0) Gecko/20100101 Firefox/53.0"
93.180.64.220 - - [01/Jun/2017:09:56:35 +0200] "GET /robots.txt HTTP/1.1" 200 100 "-" "Mozilla/5.0 (compatible; Plukkie/1.6; http://www.botje.com/plukkie.htm)"
93.180.64.220 - - [01/Jun/2017:09:56:35 +0200] "GET /cds/hymnos_akathistos.html HTTP/1.1" 200 11061 "-" "Mozilla/5.0 (compatible; Plukkie/1.6; http://www.botje.com/plukkie.htm)"
195.133.48.150 - - [01/Jun/2017:09:58:19 +0200] "HEAD / HTTP/1.1" 200 - "https://stop-zavisimost.com/resocializaciya/" "Mozilla/4.0 (compatible; MSIE4.00; Windows 2003)"
194.67.210.77 - - [01/Jun/2017:10:02:57 +0200] "HEAD / HTTP/1.1" 200 - "http://gomario.ru/igri/brodilki_igry/ballada_o_rimuse_3/39-1-0-2028" "Mozilla/6.0 (compatible; MSIE3.00; Windows 2006)"
193.124.190.64 - - [01/Jun/2017:10:02:57 +0200] "HEAD / HTTP/1.1" 200 - "http://lab-term.ru/970-350.html" "Mozilla/3.0 (compatible; MSIE2.00; Windows 2003)"
185.125.219.134 - - [01/Jun/2017:10:02:57 +0200] "HEAD / HTTP/1.1" 200 - "http://resurs-2012.ru/bank-rabot/gotovye-kursovye-raboty" "Mozilla/8.0 (compatible; MSIE3.00; Windows 2002)"
195.133.147.89 - - [01/Jun/2017:10:03:05 +0200] "HEAD / HTTP/1.1" 200 - "http://ecogr.ru/contacts/" "Mozilla/3.0 (compatible; MSIE2.00; Windows 2006)"
194.87.238.17 - - [01/Jun/2017:10:03:38 +0200] "HEAD / HTTP/1.1" 200 - "https://www.websolution.com.ua/blog/201-biznes-cherez-internet.html" "Mozilla/4.0 (compatible; MSIE4.00; Windows 2007)"
77.75.78.164 - - [01/Jun/2017:10:04:36 +0200] "GET /robots.txt HTTP/1.1" 200 100 "-" "Mozilla/5.0 (compatible; SeznamBot/3.2; +http://napoveda.seznam.cz/en/seznambot-intro/)"
77.75.78.164 - - [01/Jun/2017:10:04:37 +0200] "GET /sonderthemen/oekt_extra2.pdf HTTP/1.1" 304 - "-" "Mozilla/5.0 (compatible; SeznamBot/3.2; +http://napoveda.seznam.cz/en/seznambot-intro/)"
185.5.249.185 - - [01/Jun/2017:10:06:03 +0200] "HEAD / HTTP/1.1" 200 - "https://tigsochi.ru/tovary-dlya-doma/posuda/keramika" "Mozilla/6.0 (compatible; MSIE2.00; Windows 2002)"
195.133.145.199 - - [01/Jun/2017:10:09:35 +0200] "HEAD / HTTP/1.1" 200 - "http://taromir.ru/news/treugolnik_zhelanij/2017-02-10-691" "Mozilla/4.0 (compatible; MSIE3.00; Windows 2005)"
195.133.147.74 - - [01/Jun/2017:10:12:08 +0200] "HEAD / HTTP/1.1" 200 - "http://dengi-v-kredit.in.ua/" "Mozilla/8.0 (compatible; MSIE2.00; Windows 2007)"
193.124.131.168 - - [01/Jun/2017:10:32:46 +0200] "HEAD / HTTP/1.1" 200 - "http://filosoff.org/" "Mozilla/5.0 (compatible; MSIE2.00; Windows 2009)"
194.87.234.246 - - [01/Jun/2017:10:34:51 +0200] "HEAD / HTTP/1.1" 200 - "https://gorodkotlov.ru/market/goods/inzhenerka/truby_polietilenovye_pe_pnd_i_fitingi/otvod_pe100_sedlovoi_sdr11_dn250h32_s_frezoi_el_sv_tega/" "Mozilla/8.0 (compatible; MSIE2.00; Windows 2008)"
157.55.39.187 - - [01/Jun/2017:10:39:50 +0200] "GET /gotteslob/index.html HTTP/1.1" 200 2770 "-" "Mozilla/5.0 (iPhone; CPU iPhone OS 7_0 like Mac OS X) AppleWebKit/537.51.1 (KHTML, like Gecko) Version/7.0 Mobile/11A465 Safari/9537.53 (compatible; bingbot/2.0; +http://www.bing.com/bingbot.htm)"
157.55.39.209 - - [01/Jun/2017:10:40:09 +0200] "GET /gotteslob/gotteslob_alle.jpg HTTP/1.1" 200 24560 "-" "Mozilla/5.0 (iPhone; CPU iPhone OS 7_0 like Mac OS X) AppleWebKit/537.51.1 (KHTML, like Gecko) Version/7.0 Mobile/11A465 Safari/9537.53 (compatible; bingbot/2.0; +http://www.bing.com/bingbot.htm)"
157.55.39.209 - - [01/Jun/2017:10:44:52 +0200] "GET / HTTP/1.1" 200 9360 "-" "Mozilla/5.0 (compatible; bingbot/2.0; +http://www.bing.com/bingbot.htm)"
5.101.78.76 - - [01/Jun/2017:10:52:08 +0200] "HEAD / HTTP/1.1" 200 - "https://gorokna.com/" "Mozilla/8.0 (compatible; MSIE7.00; Windows 2006)"
195.133.147.6 - - [01/Jun/2017:11:03:38 +0200] "HEAD / HTTP/1.1" 200 - "http://smartstore24.ru/" "Mozilla/2.0 (compatible; MSIE6.00; Windows 2009)"
66.249.64.81 - - [01/Jun/2017:11:11:36 +0200] "GET /cds/hymnos_akathistos.html; HTTP/1.1" 404 2381 "-" "Mozilla/5.0 (compatible; Googlebot/2.1; +http://www.google.com/bot.html)"
52.59.76.92 - - [01/Jun/2017:11:13:15 +0200] "GET /robots.txt HTTP/1.1" 200 100 "-" "Mozilla/5.0 (compatible; Cliqzbot/1.0; +http://cliqz.com/company/cliqzbot)"
52.59.76.92 - - [01/Jun/2017:11:13:16 +0200] "GET /kontakt HTTP/1.1" 301 354 "-" "Mozilla/5.0 (compatible; Cliqzbot/1.0; +http://cliqz.com/company/cliqzbot)"
52.59.76.92 - - [01/Jun/2017:11:13:17 +0200] "GET /kontakt/ HTTP/1.1" 200 2896 "-" "Mozilla/5.0 (compatible; Cliqzbot/1.0; +http://cliqz.com/company/cliqzbot)"
83.65.99.6 - - [01/Jun/2017:11:18:46 +0200] "GET /cds/hymnos_akathistos.html HTTP/1.1" 200 11061 "http://www.bing.com/search?q=hymnos+akathistos&src=IE-SearchBox&FORM=IESR02" "Mozilla/5.0 (Windows NT 10.0; WOW64; Trident/7.0; rv:11.0) like Gecko"
83.65.99.6 - - [01/Jun/2017:11:18:47 +0200] "GET /logo_g.gif HTTP/1.1" 200 1301 "http://www.morusverlag.de/cds/hymnos_akathistos.html" "Mozilla/5.0 (Windows NT 10.0; WOW64; Trident/7.0; rv:11.0) like Gecko"
83.65.99.6 - - [01/Jun/2017:11:18:47 +0200] "GET /mv_g.gif HTTP/1.1" 200 4070 "http://www.morusverlag.de/cds/hymnos_akathistos.html" "Mozilla/5.0 (Windows NT 10.0; WOW64; Trident/7.0; rv:11.0) like Gecko"
83.65.99.6 - - [01/Jun/2017:11:18:47 +0200] "GET /main.css HTTP/1.1" 200 1439 "http://www.morusverlag.de/cds/hymnos_akathistos.html" "Mozilla/5.0 (Windows NT 10.0; WOW64; Trident/7.0; rv:11.0) like Gecko"
83.65.99.6 - - [01/Jun/2017:11:18:47 +0200] "GET /strich.gif HTTP/1.1" 200 45 "http://www.morusverlag.de/cds/hymnos_akathistos.html" "Mozilla/5.0 (Windows NT 10.0; WOW64; Trident/7.0; rv:11.0) like Gecko"
83.65.99.6 - - [01/Jun/2017:11:18:47 +0200] "GET /m.gif HTTP/1.1" 200 95 "http://www.morusverlag.de/cds/hymnos_akathistos.html" "Mozilla/5.0 (Windows NT 10.0; WOW64; Trident/7.0; rv:11.0) like Gecko"
83.65.99.6 - - [01/Jun/2017:11:18:47 +0200] "GET /pf.gif HTTP/1.1" 200 62 "http://www.morusverlag.de/cds/hymnos_akathistos.html" "Mozilla/5.0 (Windows NT 10.0; WOW64; Trident/7.0; rv:11.0) like Gecko"
83.65.99.6 - - [01/Jun/2017:11:18:47 +0200] "GET /cds/hymnos_heft.jpg HTTP/1.1" 200 8653 "http://www.morusverlag.de/cds/hymnos_akathistos.html" "Mozilla/5.0 (Windows NT 10.0; WOW64; Trident/7.0; rv:11.0) like Gecko"
83.65.99.6 - - [01/Jun/2017:11:18:47 +0200] "GET /cds/hymnos.jpg HTTP/1.1" 200 27752 "http://www.morusverlag.de/cds/hymnos_akathistos.html" "Mozilla/5.0 (Windows NT 10.0; WOW64; Trident/7.0; rv:11.0) like Gecko"
83.65.99.6 - - [01/Jun/2017:11:18:47 +0200] "GET /cds/simplay_player.swf?audiofile=hymnos1.mp3 HTTP/1.1" 200 6377 "http://www.morusverlag.de/cds/hymnos_akathistos.html" "Mozilla/5.0 (Windows NT 10.0; WOW64; Trident/7.0; rv:11.0) like Gecko"
83.65.99.6 - - [01/Jun/2017:11:18:47 +0200] "GET /cds/simplay_control.swf HTTP/1.1" 200 1243 "http://www.morusverlag.de/cds/hymnos_akathistos.html" "Mozilla/5.0 (Windows NT 10.0; WOW64; Trident/7.0; rv:11.0) like Gecko"
83.65.99.6 - - [01/Jun/2017:11:18:47 +0200] "GET /cds/simplay_player.swf?audiofile=hymnos2.mp3 HTTP/1.1" 200 6377 "http://www.morusverlag.de/cds/hymnos_akathistos.html" "Mozilla/5.0 (Windows NT 10.0; WOW64; Trident/7.0; rv:11.0) like Gecko"
83.65.99.6 - - [01/Jun/2017:11:18:47 +0200] "GET /favicon.ico HTTP/1.1" 200 4286 "-" "Mozilla/5.0 (Windows NT 10.0; WOW64; Trident/7.0; rv:11.0) like Gecko"
83.65.99.6 - - [01/Jun/2017:11:18:47 +0200] "GET /cds/simplaydata/playerconfig.xml?nocache=1496308404403 HTTP/1.1" 200 149 "http://www.morusverlag.de/cds/simplay_player.swf?audiofile=hymnos2.mp3" "Mozilla/5.0 (Windows NT 10.0; WOW64; Trident/7.0; rv:11.0) like Gecko"
83.65.99.6 - - [01/Jun/2017:11:18:47 +0200] "GET /cds/simplaydata/controlconfig.xml?nocache=1496308404311 HTTP/1.1" 200 121 "http://www.morusverlag.de/cds/simplay_control.swf" "Mozilla/5.0 (Windows NT 10.0; WOW64; Trident/7.0; rv:11.0) like Gecko"
83.65.99.6 - - [01/Jun/2017:11:18:47 +0200] "GET /cds/simplaydata/playerconfig.xml?nocache=1496308404427 HTTP/1.1" 200 149 "http://www.morusverlag.de/cds/simplay_player.swf?audiofile=hymnos1.mp3" "Mozilla/5.0 (Windows NT 10.0; WOW64; Trident/7.0; rv:11.0) like Gecko"
83.65.99.6 - - [01/Jun/2017:11:18:47 +0200] "GET /cds/simplaydata/controlskins/default/skin.xml HTTP/1.1" 200 349 "http://www.morusverlag.de/cds/simplay_control.swf" "Mozilla/5.0 (Windows NT 10.0; WOW64; Trident/7.0; rv:11.0) like Gecko"
83.65.99.6 - - [01/Jun/2017:11:18:47 +0200] "GET /cds/simplaydata/playerskins/default/skin.xml?nocache=1496308404469 HTTP/1.1" 200 649 "http://www.morusverlag.de/cds/simplay_player.swf?audiofile=hymnos2.mp3" "Mozilla/5.0 (Windows NT 10.0; WOW64; Trident/7.0; rv:11.0) like Gecko"
83.65.99.6 - - [01/Jun/2017:11:18:47 +0200] "GET /cds/simplaydata/playerskins/default/skin.xml?nocache=1496308404475 HTTP/1.1" 200 649 "http://www.morusverlag.de/cds/simplay_player.swf?audiofile=hymnos1.mp3" "Mozilla/5.0 (Windows NT 10.0; WOW64; Trident/7.0; rv:11.0) like Gecko"
83.65.99.6 - - [01/Jun/2017:11:18:47 +0200] "GET /cds/simplaydata/controlskins/default/background.jpg HTTP/1.1" 200 772 "http://www.morusverlag.de/cds/simplay_control.swf" "Mozilla/5.0 (Windows NT 10.0; WOW64; Trident/7.0; rv:11.0) like Gecko"
83.65.99.6 - - [01/Jun/2017:11:18:47 +0200] "GET /cds/simplaydata/controlskins/default/handle.jpg HTTP/1.1" 200 387 "http://www.morusverlag.de/cds/simplay_control.swf" "Mozilla/5.0 (Windows NT 10.0; WOW64; Trident/7.0; rv:11.0) like Gecko"
83.65.99.6 - - [01/Jun/2017:11:18:47 +0200] "GET /cds/simplaydata/controlskins/default/on.jpg HTTP/1.1" 200 986 "http://www.morusverlag.de/cds/simplay_control.swf" "Mozilla/5.0 (Windows NT 10.0; WOW64; Trident/7.0; rv:11.0) like Gecko"
83.65.99.6 - - [01/Jun/2017:11:18:47 +0200] "GET /cds/simplaydata/controlskins/default/off.jpg HTTP/1.1" 200 608 "http://www.morusverlag.de/cds/simplay_control.swf" "Mozilla/5.0 (Windows NT 10.0; WOW64; Trident/7.0; rv:11.0) like Gecko"
83.65.99.6 - - [01/Jun/2017:11:18:47 +0200] "GET /cds/simplaydata/playerskins/default/background.jpg HTTP/1.1" 200 340 "http://www.morusverlag.de/cds/simplay_player.swf?audiofile=hymnos1.mp3" "Mozilla/5.0 (Windows NT 10.0; WOW64; Trident/7.0; rv:11.0) like Gecko"
83.65.99.6 - - [01/Jun/2017:11:18:47 +0200] "GET /cds/simplaydata/playerskins/default/play_up.jpg HTTP/1.1" 200 643 "http://www.morusverlag.de/cds/simplay_player.swf?audiofile=hymnos1.mp3" "Mozilla/5.0 (Windows NT 10.0; WOW64; Trident/7.0; rv:11.0) like Gecko"
83.65.99.6 - - [01/Jun/2017:11:18:47 +0200] "GET /cds/simplaydata/playerskins/default/play_over.jpg HTTP/1.1" 200 986 "http://www.morusverlag.de/cds/simplay_player.swf?audiofile=hymnos1.mp3" "Mozilla/5.0 (Windows NT 10.0; WOW64; Trident/7.0; rv:11.0) like Gecko"
83.65.99.6 - - [01/Jun/2017:11:18:47 +0200] "GET /cds/simplaydata/playerskins/default/play_down.jpg HTTP/1.1" 200 972 "http://www.morusverlag.de/cds/simplay_player.swf?audiofile=hymnos1.mp3" "Mozilla/5.0 (Windows NT 10.0; WOW64; Trident/7.0; rv:11.0) like Gecko"
83.65.99.6 - - [01/Jun/2017:11:18:47 +0200] "GET /cds/simplaydata/playerskins/default/play_over.jpg HTTP/1.1" 200 986 "http://www.morusverlag.de/cds/simplay_player.swf?audiofile=hymnos2.mp3" "Mozilla/5.0 (Windows NT 10.0; WOW64; Trident/7.0; rv:11.0) like Gecko"
83.65.99.6 - - [01/Jun/2017:11:18:47 +0200] "GET /cds/simplaydata/playerskins/default/play_up.jpg HTTP/1.1" 200 643 "http://www.morusverlag.de/cds/simplay_player.swf?audiofile=hymnos2.mp3" "Mozilla/5.0 (Windows NT 10.0; WOW64; Trident/7.0; rv:11.0) like Gecko"
83.65.99.6 - - [01/Jun/2017:11:18:47 +0200] "GET /cds/simplaydata/playerskins/default/play_down.jpg HTTP/1.1" 200 972 "http://www.morusverlag.de/cds/simplay_player.swf?audiofile=hymnos2.mp3" "Mozilla/5.0 (Windows NT 10.0; WOW64; Trident/7.0; rv:11.0) like Gecko"
83.65.99.6 - - [01/Jun/2017:11:18:47 +0200] "GET /cds/simplaydata/playerskins/default/pause_up.jpg HTTP/1.1" 200 649 "http://www.morusverlag.de/cds/simplay_player.swf?audiofile=hymnos2.mp3" "Mozilla/5.0 (Windows NT 10.0; WOW64; Trident/7.0; rv:11.0) like Gecko"
