207.46.13.36 - - [04/Jun/2017:02:50:05 +0200] "GET /buecher/gesichter/13.jpg HTTP/1.1" 200 8373 "-" "Mozilla/5.0 (compatible; bingbot/2.0; +http://www.bing.com/bingbot.htm)"
207.46.13.36 - - [04/Jun/2017:02:51:04 +0200] "GET /buecher/gesichter/19.jpg HTTP/1.1" 200 8281 "-" "Mozilla/5.0 (compatible; bingbot/2.0; +http://www.bing.com/bingbot.htm)"
94.134.138.207 - - [04/Jun/2017:03:06:48 +0200] "GET / HTTP/1.1" 200 9360 "-" "Mozilla/5.0 (Macintosh; Intel Mac OS X 10_10_3) AppleWebKit/537.36 (KHTML, like Gecko) Chrome/41.0.2272.89 Safari/537.36"
5.255.251.7 - - [04/Jun/2017:03:17:47 +0200] "GET /robots.txt HTTP/1.1" 200 100 "-" "Mozilla/5.0 (compatible; YandexBot/3.0; +http://yandex.com/bots)"
5.255.251.7 - - [04/Jun/2017:03:17:50 +0200] "GET /buecher/gesichter/29.jpg HTTP/1.1" 304 - "-" "Mozilla/5.0 (compatible; YandexImages/3.0; +http://yandex.com/bots)"
194.187.170.145 - - [04/Jun/2017:03:18:15 +0200] "GET /robots.txt HTTP/1.0" 200 100 "-" "Mozilla/5.0 (compatible; Qwantify/2.4w; +https://www.qwant.com/)/2.4w"
194.187.170.145 - - [04/Jun/2017:03:18:16 +0200] "GET /buecher/veroeffentlichungsliste.html HTTP/1.0" 304 - "-" "Mozilla/5.0 (compatible; Qwantify/2.4w; +https://www.qwant.com/)/2.4w"
194.187.170.145 - - [04/Jun/2017:03:25:00 +0200] "GET /jahrbuch/index.html HTTP/1.0" 304 - "-" "Mozilla/5.0 (compatible; Qwantify/2.4w; +https://www.qwant.com/)/2.4w"
194.187.170.145 - - [04/Jun/2017:03:43:34 +0200] "GET /kontakt/index.html HTTP/1.0" 304 - "-" "Mozilla/5.0 (compatible; Qwantify/2.4w; +https://www.qwant.com/)/2.4w"
216.244.66.250 - - [04/Jun/2017:03:45:48 +0200] "GET /robots.txt HTTP/1.1" 200 100 "-" "Mozilla/5.0 (compatible; DotBot/1.1; http://www.opensiteexplorer.org/dotbot, help@moz.com)"
93.180.64.220 - - [04/Jun/2017:04:02:37 +0200] "GET /robots.txt HTTP/1.1" 200 100 "-" "Mozilla/5.0 (compatible; Plukkie/1.6; http://www.botje.com/plukkie.htm)"
93.180.64.220 - - [04/Jun/2017:04:02:37 +0200] "GET /cds/index.html HTTP/1.1" 200 7987 "-" "Mozilla/5.0 (compatible; Plukkie/1.6; http://www.botje.com/plukkie.htm)"
194.187.170.145 - - [04/Jun/2017:04:28:56 +0200] "GET /impressum.html HTTP/1.0" 304 - "-" "Mozilla/5.0 (compatible; Qwantify/2.4w; +https://www.qwant.com/)/2.4w"
194.187.170.145 - - [04/Jun/2017:04:31:37 +0200] "GET /gotteslob/index.html HTTP/1.0" 304 - "-" "Mozilla/5.0 (compatible; Qwantify/2.4w; +https://www.qwant.com/)/2.4w"
194.187.170.145 - - [04/Jun/2017:04:37:52 +0200] "GET /sonderthemen/index.html HTTP/1.0" 304 - "-" "Mozilla/5.0 (compatible; Qwantify/2.4w; +https://www.qwant.com/)/2.4w"
195.133.48.150 - - [04/Jun/2017:04:43:19 +0200] "HEAD / HTTP/1.1" 200 - "http://commerage.ru/qa" "Mozilla/5.0 (compatible; MSIE2.00; Windows 2003)"
195.133.145.199 - - [04/Jun/2017:04:43:20 +0200] "HEAD / HTTP/1.1" 200 - "https://kidy.eu/catalog/material/merino-wool/" "Mozilla/7.0 (compatible; MSIE2.00; Windows 2002)"
194.87.238.17 - - [04/Jun/2017:04:43:21 +0200] "HEAD / HTTP/1.1" 200 - "http://maxi-tex.ru/catalog/mayka_zhenskaya.html" "Mozilla/8.0 (compatible; MSIE3.00; Windows 2007)"
195.133.147.89 - - [04/Jun/2017:04:43:21 +0200] "HEAD / HTTP/1.1" 200 - "https://avkzarabotok.info/partner.html" "Mozilla/7.0 (compatible; MSIE7.00; Windows 2008)"
195.133.147.74 - - [04/Jun/2017:04:43:24 +0200] "HEAD / HTTP/1.1" 200 - "http://attestat-cheljabinsk.ru/kupit-attestat-za-9-klass-2016-goda-v-chelyabinske/" "Mozilla/5.0 (compatible; MSIE3.00; Windows 2007)"
194.187.170.145 - - [04/Jun/2017:04:43:57 +0200] "GET /cds/index.html HTTP/1.0" 304 - "-" "Mozilla/5.0 (compatible; Qwantify/2.4w; +https://www.qwant.com/)/2.4w"
194.187.170.145 - - [04/Jun/2017:04:44:40 +0200] "GET /buecher/index.html HTTP/1.0" 304 - "-" "Mozilla/5.0 (compatible; Qwantify/2.4w; +https://www.qwant.com/)/2.4w"
216.244.66.250 - - [04/Jun/2017:04:46:18 +0200] "GET /kontakt/index.html HTTP/1.1" 200 2896 "-" "Mozilla/5.0 (compatible; DotBot/1.1; http://www.opensiteexplorer.org/dotbot, help@moz.com)"
194.67.210.77 - - [04/Jun/2017:04:53:59 +0200] "HEAD / HTTP/1.1" 200 - "https://www.informacionnaja-podderzhka-sajta.ru/sozdanie-podderzhka-i-prodvizhenie-sajta.html" "Mozilla/8.0 (compatible; MSIE7.00; Windows 2009)"
193.124.190.64 - - [04/Jun/2017:04:53:59 +0200] "HEAD / HTTP/1.1" 200 - "http://ugtehagro.net/telezhka-dlya-transportirovki-zhatok/telezhka-universalnaya.html" "Mozilla/6.0 (compatible; MSIE2.00; Windows 2006)"
185.5.249.185 - - [04/Jun/2017:04:53:59 +0200] "HEAD / HTTP/1.1" 200 - "http://o-travels.com/" "Mozilla/8.0 (compatible; MSIE6.00; Windows 2008)"
185.125.219.134 - - [04/Jun/2017:04:53:59 +0200] "HEAD / HTTP/1.1" 200 - "https://artestom.ru/gidrokineticheskij-lazer-waterlase-iplus/" "Mozilla/2.0 (compatible; MSIE4.00; Windows 2008)"
193.124.131.168 - - [04/Jun/2017:04:54:27 +0200] "HEAD / HTTP/1.1" 200 - "http://taromir.ru/news/znaki_zodiaka_i_tvoi_zhelanija/2017-03-18-902" "Mozilla/7.0 (compatible; MSIE2.00; Windows 2007)"
194.87.234.246 - - [04/Jun/2017:05:00:06 +0200] "HEAD / HTTP/1.1" 200 - "http://termoshop.com.ua/mars" "Mozilla/2.0 (compatible; MSIE4.00; Windows 2007)"
193.1.218.163 - - [04/Jun/2017:05:02:44 +0200] "HEAD / HTTP/1.1" 200 - "-" "Java/1.6.0_23"
85.25.210.234 - - [04/Jun/2017:05:08:51 +0200] "GET /robots.txt HTTP/1.1" 200 100 "-" "Mozilla/5.0 (compatible; seoscanners.net/1; +spider@seoscanners.net)"
85.25.210.234 - - [04/Jun/2017:05:08:51 +0200] "GET /buecher/gesichter/12.jpg HTTP/1.1" 200 6460 "-" "Mozilla/5.0 (compatible; seoscanners.net/1; +spider@seoscanners.net)"
195.133.147.6 - - [04/Jun/2017:05:14:15 +0200] "HEAD / HTTP/1.1" 200 - "http://cleaningservices.kiev.ua/tseni-na-uborku-kvartir" "Mozilla/7.0 (compatible; MSIE2.00; Windows 2004)"
194.187.170.145 - - [04/Jun/2017:05:16:02 +0200] "GET /index.html HTTP/1.0" 304 - "-" "Mozilla/5.0 (compatible; Qwantify/2.4w; +https://www.qwant.com/)/2.4w"
5.101.78.76 - - [04/Jun/2017:05:19:33 +0200] "HEAD / HTTP/1.1" 200 - "https://tornado-tm.ru/bioakucticheckii-otpugivatel-ptic-tornado-op-01.html" "Mozilla/7.0 (compatible; MSIE2.00; Windows 2002)"
188.227.18.37 - - [04/Jun/2017:05:19:33 +0200] "HEAD / HTTP/1.1" 200 - "http://po-pugay.ru/catalog/jelektroshokery-paralizatory/jelektroshoker-jesh-1128/" "Mozilla/5.0 (compatible; MSIE3.00; Windows 2007)"
207.46.13.22 - - [04/Jun/2017:05:23:49 +0200] "GET /sonderthemen/oekt_extra1.pdf HTTP/1.1" 200 1849015 "-" "Mozilla/5.0 (iPhone; CPU iPhone OS 7_0 like Mac OS X) AppleWebKit/537.51.1 (KHTML, like Gecko) Version/7.0 Mobile/11A465 Safari/9537.53 (compatible; bingbot/2.0; +http://www.bing.com/bingbot.htm)"
66.249.64.85 - - [04/Jun/2017:05:39:21 +0200] "GET /robots.txt HTTP/1.1" 200 100 "-" "Mozilla/5.0 (compatible; Googlebot/2.1; +http://www.google.com/bot.html)"
66.249.64.83 - - [04/Jun/2017:05:39:21 +0200] "GET / HTTP/1.1" 200 9360 "-" "Mozilla/5.0 (Linux; Android 6.0.1; Nexus 5X Build/MMB29P) AppleWebKit/537.36 (KHTML, like Gecko) Chrome/41.0.2272.96 Mobile Safari/537.36 (compatible; Googlebot/2.1; +http://www.google.com/bot.html)"
66.249.64.95 - - [04/Jun/2017:05:42:23 +0200] "GET /sonderthemen/sk2004.pdf HTTP/1.1" 200 1967215 "-" "Mozilla/5.0 (Linux; Android 6.0.1; Nexus 5X Build/MMB29P) AppleWebKit/537.36 (KHTML, like Gecko) Chrome/41.0.2272.96 Mobile Safari/537.36 (compatible; Googlebot/2.1; +http://www.google.com/bot.html)"
178.159.39.237 - - [04/Jun/2017:05:52:54 +0200] "HEAD / HTTP/1.1" 200 - "https://insalesthemes.ru/dorabotka-magazina" "Mozilla/7.0 (compatible; MSIE4.00; Windows 2008)"
185.154.13.6 - - [04/Jun/2017:05:52:58 +0200] "HEAD / HTTP/1.1" 200 - "http://les54.ru/doma-do-150-m-kv/proekt-105/" "Mozilla/7.0 (compatible; MSIE4.00; Windows 2003)"
77.220.213.173 - - [04/Jun/2017:05:53:00 +0200] "HEAD / HTTP/1.1" 200 - "https://ukrsmeta.ua/ponizhayushhie-koeffitsienty-0-4123-i-0-7821/" "Mozilla/3.0 (compatible; MSIE7.00; Windows 2007)"
178.159.43.212 - - [04/Jun/2017:06:03:24 +0200] "HEAD / HTTP/1.1" 200 - "https://stop-zavisimost.com/dnepropetrovsk/" "Mozilla/4.0 (compatible; MSIE2.00; Windows 2006)"
66.249.64.85 - - [04/Jun/2017:06:20:05 +0200] "GET /cds/simplay_control.swf HTTP/1.1" 200 1243 "-" "Mozilla/5.0 (Linux; Android 6.0.1; Nexus 5X Build/MMB29P) AppleWebKit/537.36 (KHTML, like Gecko) Chrome/41.0.2272.96 Mobile Safari/537.36 (compatible; Googlebot/2.1; +http://www.google.com/bot.html)"
66.249.64.83 - - [04/Jun/2017:06:58:47 +0200] "GET /sonderthemen/az2003.pdf HTTP/1.1" 200 4864675 "-" "Mozilla/5.0 (Linux; Android 6.0.1; Nexus 5X Build/MMB29P) AppleWebKit/537.36 (KHTML, like Gecko) Chrome/41.0.2272.96 Mobile Safari/537.36 (compatible; Googlebot/2.1; +http://www.google.com/bot.html)"
162.210.196.100 - - [04/Jun/2017:07:21:18 +0200] "GET /robots.txt HTTP/1.1" 200 100 "-" "Mozilla/5.0 (compatible; MJ12bot/v1.4.8; http://mj12bot.com/)"
162.210.196.100 - - [04/Jun/2017:07:21:20 +0200] "GET / HTTP/1.1" 200 9360 "-" "Mozilla/5.0 (compatible; MJ12bot/v1.4.8; http://mj12bot.com/)"
66.249.64.83 - - [04/Jun/2017:07:38:42 +0200] "GET /sonderthemen/presse.html HTTP/1.1" 200 5772 "-" "Mozilla/5.0 (Linux; Android 6.0.1; Nexus 5X Build/MMB29P) AppleWebKit/537.36 (KHTML, like Gecko) Chrome/41.0.2272.96 Mobile Safari/537.36 (compatible; Googlebot/2.1; +http://www.google.com/bot.html)"
216.244.66.198 - - [04/Jun/2017:08:13:57 +0200] "GET /robots.txt HTTP/1.1" 200 100 "-" "Mozilla/5.0 (compatible; DotBot/1.1; http://www.opensiteexplorer.org/dotbot, help@moz.com)"
195.133.48.150 - - [04/Jun/2017:08:18:36 +0200] "HEAD / HTTP/1.1" 200 - "http://commerage.ru/znacenie-imeni" "Mozilla/7.0 (compatible; MSIE3.00; Windows 2009)"
195.133.145.199 - - [04/Jun/2017:08:18:36 +0200] "HEAD / HTTP/1.1" 200 - "https://kidy.eu/catalog/baby-clothes/dresses/" "Mozilla/3.0 (compatible; MSIE6.00; Windows 2004)"
194.87.238.17 - - [04/Jun/2017:08:18:37 +0200] "HEAD / HTTP/1.1" 200 - "http://maxi-tex.ru/" "Mozilla/5.0 (compatible; MSIE4.00; Windows 2002)"
195.133.147.89 - - [04/Jun/2017:08:18:37 +0200] "HEAD / HTTP/1.1" 200 - "https://avkzarabotok.info/torgovay_strategiy.html" "Mozilla/8.0 (compatible; MSIE2.00; Windows 2009)"
195.133.147.74 - - [04/Jun/2017:08:18:37 +0200] "HEAD / HTTP/1.1" 200 - "http://attestat-cheljabinsk.ru/attestat-ob-okonchanii-10-klassov-s-prilozheniem-1990-goda/" "Mozilla/8.0 (compatible; MSIE2.00; Windows 2005)"
194.67.210.77 - - [04/Jun/2017:08:23:24 +0200] "HEAD / HTTP/1.1" 200 - "https://www.informacionnaja-podderzhka-sajta.ru/podderzhka-sajta.html" "Mozilla/4.0 (compatible; MSIE2.00; Windows 2005)"
193.124.190.64 - - [04/Jun/2017:08:23:25 +0200] "HEAD / HTTP/1.1" 200 - "http://ugtehagro.net/platforma-podborshik-zernovaya/podborschik-na-kombayn-don.html" "Mozilla/6.0 (compatible; MSIE2.00; Windows 2006)"
185.125.219.134 - - [04/Jun/2017:08:23:25 +0200] "HEAD / HTTP/1.1" 200 - "https://artestom.ru/khirurgicheskaya-stomatologiya-spb/" "Mozilla/4.0 (compatible; MSIE3.00; Windows 2007)"
185.5.249.185 - - [04/Jun/2017:08:23:26 +0200] "HEAD / HTTP/1.1" 200 - "http://o-travels.com/resorts/" "Mozilla/6.0 (compatible; MSIE5.00; Windows 2008)"
66.249.64.83 - - [04/Jun/2017:08:24:29 +0200] "GET /sonderthemen/archiv.html HTTP/1.1" 200 6959 "-" "Mozilla/5.0 (Linux; Android 6.0.1; Nexus 5X Build/MMB29P) AppleWebKit/537.36 (KHTML, like Gecko) Chrome/41.0.2272.96 Mobile Safari/537.36 (compatible; Googlebot/2.1; +http://www.google.com/bot.html)"
193.124.131.168 - - [04/Jun/2017:08:24:59 +0200] "HEAD / HTTP/1.1" 200 - "http://taromir.ru/news/velikij_post/2017-03-12-868" "Mozilla/8.0 (compatible; MSIE5.00; Windows 2005)"
194.87.234.246 - - [04/Jun/2017:08:44:24 +0200] "HEAD / HTTP/1.1" 200 - "http://termoshop.com.ua/poolparty" "Mozilla/2.0 (compatible; MSIE7.00; Windows 2002)"
5.101.78.76 - - [04/Jun/2017:08:57:55 +0200] "HEAD / HTTP/1.1" 200 - "https://tornado-tm.ru/oprickivatel-solo-port-423.html" "Mozilla/6.0 (compatible; MSIE3.00; Windows 2009)"
188.227.18.37 - - [04/Jun/2017:08:57:56 +0200] "HEAD / HTTP/1.1" 200 - "http://po-pugay.ru/catalog/elektroosheyniki/elektrooshejnik-surestim-m-plus-t-b/" "Mozilla/4.0 (compatible; MSIE2.00; Windows 2002)"
66.249.64.81 - - [04/Jun/2017:09:05:05 +0200] "GET /sonderthemen/oekz2003.pdf HTTP/1.1" 200 4017017 "-" "Mozilla/5.0 (Linux; Android 6.0.1; Nexus 5X Build/MMB29P) AppleWebKit/537.36 (KHTML, like Gecko) Chrome/41.0.2272.96 Mobile Safari/537.36 (compatible; Googlebot/2.1; +http://www.google.com/bot.html)"
195.133.147.6 - - [04/Jun/2017:09:05:46 +0200] "HEAD / HTTP/1.1" 200 - "http://cleaningservices.kiev.ua/tseni-na-uborku-kvartir" "Mozilla/2.0 (compatible; MSIE3.00; Windows 2004)"
216.244.66.198 - - [04/Jun/2017:09:10:15 +0200] "GET /cds/lumina.html HTTP/1.1" 200 9000 "-" "Mozilla/5.0 (compatible; DotBot/1.1; http://www.opensiteexplorer.org/dotbot, help@moz.com)"
144.217.211.216 - - [04/Jun/2017:09:22:28 +0200] "GET / HTTP/1.1" 200 9360 "-" "Java/1.6.0_04"
144.217.211.216 - - [04/Jun/2017:09:22:28 +0200] "GET /impressum.html HTTP/1.1" 200 2808 "-" "Java/1.6.0_04"
144.217.211.216 - - [04/Jun/2017:09:22:28 +0200] "GET /search.php HTTP/1.1" 200 2027 "-" "Java/1.6.0_04"
144.217.211.216 - - [04/Jun/2017:09:22:29 +0200] "GET /index.html HTTP/1.1" 200 9360 "-" "Java/1.6.0_04"
144.217.211.216 - - [04/Jun/2017:09:22:29 +0200] "GET /buecher/index.html HTTP/1.1" 200 25885 "-" "Java/1.6.0_04"
144.217.211.216 - - [04/Jun/2017:09:22:30 +0200] "GET /buecher/rezensionen_chateaubriand.html HTTP/1.1" 200 47317 "-" "Java/1.6.0_04"
144.217.211.216 - - [04/Jun/2017:09:22:31 +0200] "GET /buecher/veroeffentlichungsliste.html HTTP/1.1" 200 129779 "-" "Java/1.6.0_04"
144.217.211.216 - - [04/Jun/2017:09:22:32 +0200] "GET /cds/hymnos_akathistos.html HTTP/1.1" 200 11061 "-" "Java/1.6.0_04"
144.217.211.216 - - [04/Jun/2017:09:22:32 +0200] "GET /cds/ignatius.html HTTP/1.1" 200 6576 "-" "Java/1.6.0_04"
144.217.211.216 - - [04/Jun/2017:09:22:32 +0200] "GET /cds/index.html HTTP/1.1" 200 7987 "-" "Java/1.6.0_04"
144.217.211.216 - - [04/Jun/2017:09:22:33 +0200] "GET /cds/rosarium.html HTTP/1.1" 200 6680 "-" "Java/1.6.0_04"
144.217.211.216 - - [04/Jun/2017:09:22:33 +0200] "GET /gotteslob/index.html HTTP/1.1" 200 2770 "-" "Java/1.6.0_04"
144.217.211.216 - - [04/Jun/2017:09:22:33 +0200] "GET /jahrbuch/index.html HTTP/1.1" 200 3956 "-" "Java/1.6.0_04"
144.217.211.216 - - [04/Jun/2017:09:22:33 +0200] "GET /kontakt/index.html HTTP/1.1" 200 2896 "-" "Java/1.6.0_04"
144.217.211.216 - - [04/Jun/2017:09:22:34 +0200] "GET /sonderthemen/index.html HTTP/1.1" 200 7102 "-" "Java/1.6.0_04"
144.217.211.216 - - [04/Jun/2017:09:22:34 +0200] "GET /buecher/bestellung.php HTTP/1.1" 200 10142 "-" "Java/1.6.0_04"
144.217.211.216 - - [04/Jun/2017:09:22:35 +0200] "GET /buecher/diskussion.html HTTP/1.1" 200 9925 "-" "Java/1.6.0_04"
144.217.211.216 - - [04/Jun/2017:09:22:35 +0200] "GET /buecher/rezensionen_engel.html HTTP/1.1" 200 6598 "-" "Java/1.6.0_04"
144.217.211.216 - - [04/Jun/2017:09:22:35 +0200] "GET /buecher/rezensionen_krise_zum_heil.html HTTP/1.1" 200 9828 "-" "Java/1.6.0_04"
144.217.211.216 - - [04/Jun/2017:09:22:36 +0200] "GET /buecher/rezensionen_le_saulchoir.html HTTP/1.1" 200 34009 "-" "Java/1.6.0_04"
144.217.211.216 - - [04/Jun/2017:09:22:36 +0200] "GET /buecher/rezensionen_leiblichkeit_und_zeitlichkeit.html HTTP/1.1" 200 8821 "-" "Java/1.6.0_04"
144.217.211.216 - - [04/Jun/2017:09:22:36 +0200] "GET /buecher/rezensionen_nicht_auf_sand_gebaut.html HTTP/1.1" 200 6594 "-" "Java/1.6.0_04"
144.217.211.216 - - [04/Jun/2017:09:22:37 +0200] "GET /buecher/rezensionen_preysing.html HTTP/1.1" 200 9502 "-" "Java/1.6.0_04"
144.217.211.216 - - [04/Jun/2017:09:22:37 +0200] "GET /buecher/rezensionen_psalmen.html HTTP/1.1" 200 6787 "-" "Java/1.6.0_04"
144.217.211.216 - - [04/Jun/2017:09:22:37 +0200] "GET /contentflow/contentflow.js HTTP/1.1" 200 42064 "-" "Java/1.6.0_04"
144.217.211.216 - - [04/Jun/2017:09:22:38 +0200] "GET /buecher/rezensionen.html HTTP/1.1" 200 6964 "-" "Java/1.6.0_04"
144.217.211.216 - - [04/Jun/2017:09:22:38 +0200] "GET /buecher/rezensionen_ignatius.html HTTP/1.1" 200 8182 "-" "Java/1.6.0_04"
144.217.211.216 - - [04/Jun/2017:09:22:39 +0200] "GET /cds/astazi.html HTTP/1.1" 200 8453 "-" "Java/1.6.0_04"
144.217.211.216 - - [04/Jun/2017:09:22:39 +0200] "GET /cds/glockenspiel1.html HTTP/1.1" 200 9736 "-" "Java/1.6.0_04"
144.217.211.216 - - [04/Jun/2017:09:22:39 +0200] "GET /cds/glockenspiel2.html HTTP/1.1" 200 9831 "-" "Java/1.6.0_04"
144.217.211.216 - - [04/Jun/2017:09:22:39 +0200] "GET /cds/lumina.html HTTP/1.1" 200 9000 "-" "Java/1.6.0_04"
144.217.211.216 - - [04/Jun/2017:09:22:40 +0200] "GET /jahrbuch/bestellung.php HTTP/1.1" 200 10316 "-" "Java/1.6.0_04"
144.217.211.216 - - [04/Jun/2017:09:22:40 +0200] "GET /sonderthemen/archiv.html HTTP/1.1" 200 6959 "-" "Java/1.6.0_04"
144.217.211.216 - - [04/Jun/2017:09:22:41 +0200] "GET /sonderthemen/presse.html HTTP/1.1" 200 5772 "-" "Java/1.6.0_04"
144.217.211.216 - - [04/Jun/2017:09:22:41 +0200] "GET /contentflow/\"+K.src+\" HTTP/1.1" 404 2381 "-" "Java/1.6.0_04"
5.255.251.2 - - [04/Jun/2017:09:30:40 +0200] "GET /buecher/gesichter/14.jpg HTTP/1.1" 200 7847 "-" "Mozilla/5.0 (compatible; YandexImages/3.0; +http://yandex.com/bots)"
66.249.64.81 - - [04/Jun/2017:09:45:10 +0200] "GET /sonderthemen/sk2004_s01.pdf HTTP/1.1" 200 162742 "-" "Mozilla/5.0 (Linux; Android 6.0.1; Nexus 5X Build/MMB29P) AppleWebKit/537.36 (KHTML, like Gecko) Chrome/41.0.2272.96 Mobile Safari/537.36 (compatible; Googlebot/2.1; +http://www.google.com/bot.html)"
77.220.213.173 - - [04/Jun/2017:10:02:51 +0200] "HEAD / HTTP/1.1" 200 - "https://ukrsmeta.ua/smeta-na-stroitelstvo-dorogi/" "Mozilla/7.0 (compatible; MSIE2.00; Windows 2002)"
178.159.39.237 - - [04/Jun/2017:10:02:51 +0200] "HEAD / HTTP/1.1" 200 - "https://insalesthemes.ru/gotovie-moduli-insales/knopki-podelitsja-v-soc-setjah" "Mozilla/5.0 (compatible; MSIE2.00; Windows 2003)"
185.154.13.6 - - [04/Jun/2017:10:02:53 +0200] "HEAD / HTTP/1.1" 200 - "http://les54.ru/bani/proekt-40/" "Mozilla/3.0 (compatible; MSIE4.00; Windows 2004)"
111.91.4.169 - - [04/Jun/2017:10:05:52 +0200] "GET /wp-login.php HTTP/1.1" 404 2381 "-" "Mozilla/5.0 (Windows NT 6.1; WOW64; rv:40.0) Gecko/20100101 Firefox/40.1"
111.91.4.169 - - [04/Jun/2017:10:05:52 +0200] "GET / HTTP/1.1" 200 9360 "-" "Mozilla/5.0 (Windows NT 6.1; WOW64; rv:40.0) Gecko/20100101 Firefox/40.1"
178.11.79.89 - - [04/Jun/2017:10:09:42 +0200] "GET /buecher/gesichter/01.jpg HTTP/1.1" 200 7981 "https://www.bing.com/" "Mozilla/5.0 (Windows NT 10.0; Win64; x64) AppleWebKit/537.36 (KHTML, like Gecko) Chrome/52.0.2743.116 Safari/537.36 Edge/15.15063"
178.11.79.89 - - [04/Jun/2017:10:10:43 +0200] "GET /buecher/gesichter/14.jpg HTTP/1.1" 200 7847 "https://www.bing.com/" "Mozilla/5.0 (Windows NT 10.0; Win64; x64) AppleWebKit/537.36 (KHTML, like Gecko) Chrome/52.0.2743.116 Safari/537.36 Edge/15.15063"
178.159.43.212 - - [04/Jun/2017:10:21:09 +0200] "HEAD / HTTP/1.1" 200 - "https://stop-zavisimost.com/lechenie-narkomanii/" "Mozilla/3.0 (compatible; MSIE7.00; Windows 2006)"
85.25.210.41 - - [04/Jun/2017:10:25:17 +0200] "GET /robots.txt HTTP/1.1" 200 100 "-" "Mozilla/5.0 (compatible; seoscanners.net/1; +spider@seoscanners.net)"
85.25.210.41 - - [04/Jun/2017:10:25:17 +0200] "GET /sonderthemen/sk2001.jpg HTTP/1.1" 200 13633 "-" "Mozilla/5.0 (compatible; seoscanners.net/1; +spider@seoscanners.net)"
85.25.210.41 - - [04/Jun/2017:10:31:52 +0200] "GET /buecher/gesichter/01.jpg HTTP/1.1" 200 7981 "-" "Mozilla/5.0 (compatible; seoscanners.net/1; +spider@seoscanners.net)"
207.46.13.50 - - [04/Jun/2017:10:44:28 +0200] "GET /buecher/rezensionen_chateaubriand.html HTTP/1.1" 200 47317 "-" "Mozilla/5.0 (compatible; bingbot/2.0; +http://www.bing.com/bingbot.htm)"
66.249.64.85 - - [04/Jun/2017:11:02:55 +0200] "GET /sonderthemen/az2003_s01.pdf HTTP/1.1" 200 120642 "-" "Mozilla/5.0 (Linux; Android 6.0.1; Nexus 5X Build/MMB29P) AppleWebKit/537.36 (KHTML, like Gecko) Chrome/41.0.2272.96 Mobile Safari/537.36 (compatible; Googlebot/2.1; +http://www.google.com/bot.html)"
216.244.66.198 - - [04/Jun/2017:11:03:15 +0200] "GET /robots.txt HTTP/1.1" 200 100 "-" "Mozilla/5.0 (compatible; DotBot/1.1; http://www.opensiteexplorer.org/dotbot, help@moz.com)"
194.187.170.127 - - [04/Jun/2017:11:13:29 +0200] "GET /robots.txt HTTP/1.0" 200 100 "-" "Mozilla/5.0 (compatible; Qwantify/2.4w; +https://www.qwant.com/)/2.4w"
194.187.170.127 - - [04/Jun/2017:11:13:29 +0200] "GET /buecher/veroeffentlichungsliste.html HTTP/1.0" 304 - "-" "Mozilla/5.0 (compatible; Qwantify/2.4w; +https://www.qwant.com/)/2.4w"
79.224.126.77 - - [04/Jun/2017:11:18:28 +0200] "GET /cds/astazi.html HTTP/1.1" 200 8453 "https://www.google.de/" "Mozilla/5.0 (Macintosh; Intel Mac OS X 10.6; rv:48.0) Gecko/20100101 Firefox/48.0"
79.224.126.77 - - [04/Jun/2017:11:18:28 +0200] "GET /main.css HTTP/1.1" 200 1439 "http://www.morusverlag.de/cds/astazi.html" "Mozilla/5.0 (Macintosh; Intel Mac OS X 10.6; rv:48.0) Gecko/20100101 Firefox/48.0"
79.224.126.77 - - [04/Jun/2017:11:18:28 +0200] "GET /logo_g.gif HTTP/1.1" 200 1301 "http://www.morusverlag.de/cds/astazi.html" "Mozilla/5.0 (Macintosh; Intel Mac OS X 10.6; rv:48.0) Gecko/20100101 Firefox/48.0"
79.224.126.77 - - [04/Jun/2017:11:18:28 +0200] "GET /mv_g.gif HTTP/1.1" 200 4070 "http://www.morusverlag.de/cds/astazi.html" "Mozilla/5.0 (Macintosh; Intel Mac OS X 10.6; rv:48.0) Gecko/20100101 Firefox/48.0"
79.224.126.77 - - [04/Jun/2017:11:18:28 +0200] "GET /m.gif HTTP/1.1" 200 95 "http://www.morusverlag.de/cds/astazi.html" "Mozilla/5.0 (Macintosh; Intel Mac OS X 10.6; rv:48.0) Gecko/20100101 Firefox/48.0"
79.224.126.77 - - [04/Jun/2017:11:18:28 +0200] "GET /pf.gif HTTP/1.1" 200 62 "http://www.morusverlag.de/cds/astazi.html" "Mozilla/5.0 (Macintosh; Intel Mac OS X 10.6; rv:48.0) Gecko/20100101 Firefox/48.0"
79.224.126.77 - - [04/Jun/2017:11:18:28 +0200] "GET /cds/astazi.jpg HTTP/1.1" 200 31331 "http://www.morusverlag.de/cds/astazi.html" "Mozilla/5.0 (Macintosh; Intel Mac OS X 10.6; rv:48.0) Gecko/20100101 Firefox/48.0"
79.224.126.77 - - [04/Jun/2017:11:18:29 +0200] "GET /cds/simplay_player.swf?audiofile=astazi.mp3 HTTP/1.1" 200 6377 "http://www.morusverlag.de/cds/astazi.html" "Mozilla/5.0 (Macintosh; Intel Mac OS X 10.6; rv:48.0) Gecko/20100101 Firefox/48.0"
79.224.126.77 - - [04/Jun/2017:11:18:29 +0200] "GET /cds/simplay_control.swf HTTP/1.1" 200 1243 "http://www.morusverlag.de/cds/astazi.html" "Mozilla/5.0 (Macintosh; Intel Mac OS X 10.6; rv:48.0) Gecko/20100101 Firefox/48.0"
79.224.126.77 - - [04/Jun/2017:11:18:29 +0200] "GET /strich.gif HTTP/1.1" 200 45 "http://www.morusverlag.de/cds/astazi.html" "Mozilla/5.0 (Macintosh; Intel Mac OS X 10.6; rv:48.0) Gecko/20100101 Firefox/48.0"
79.224.126.77 - - [04/Jun/2017:11:18:30 +0200] "GET /favicon.ico HTTP/1.1" 200 4286 "-" "Mozilla/5.0 (Macintosh; Intel Mac OS X 10.6; rv:48.0) Gecko/20100101 Firefox/48.0"
194.187.170.127 - - [04/Jun/2017:11:20:08 +0200] "GET /jahrbuch/index.html HTTP/1.0" 304 - "-" "Mozilla/5.0 (compatible; Qwantify/2.4w; +https://www.qwant.com/)/2.4w"
194.187.170.127 - - [04/Jun/2017:11:37:35 +0200] "GET /kontakt/index.html HTTP/1.0" 304 - "-" "Mozilla/5.0 (compatible; Qwantify/2.4w; +https://www.qwant.com/)/2.4w"
66.249.64.85 - - [04/Jun/2017:11:44:12 +0200] "GET /sonderthemen/oekt_extra1.pdf HTTP/1.1" 200 1849015 "-" "Mozilla/5.0 (Linux; Android 6.0.1; Nexus 5X Build/MMB29P) AppleWebKit/537.36 (KHTML, like Gecko) Chrome/41.0.2272.96 Mobile Safari/537.36 (compatible; Googlebot/2.1; +http://www.google.com/bot.html)"
195.133.145.199 - - [04/Jun/2017:11:54:31 +0200] "HEAD / HTTP/1.1" 200 - "https://kidy.eu/blog/8-fears-of-a-dad-to-be-and-how-to-get-rid-of-them/" "Mozilla/6.0 (compatible; MSIE5.00; Windows 2007)"
194.67.210.77 - - [04/Jun/2017:11:54:32 +0200] "HEAD / HTTP/1.1" 200 - "https://www.informacionnaja-podderzhka-sajta.ru/seo-podderzhka-sajta.html" "Mozilla/4.0 (compatible; MSIE7.00; Windows 2006)"
185.5.249.185 - - [04/Jun/2017:11:54:33 +0200] "HEAD / HTTP/1.1" 200 - "http://o-travels.com/places-to-go/" "Mozilla/7.0 (compatible; MSIE3.00; Windows 2005)"
185.125.219.134 - - [04/Jun/2017:11:54:33 +0200] "HEAD / HTTP/1.1" 200 - "https://artestom.ru/profilaktika-i-gigiena-polosti-rta/" "Mozilla/6.0 (compatible; MSIE3.00; Windows 2007)"
193.124.190.64 - - [04/Jun/2017:11:54:33 +0200] "HEAD / HTTP/1.1" 200 - "http://ugtehagro.net/kontakty.html" "Mozilla/4.0 (compatible; MSIE4.00; Windows 2008)"
195.133.48.150 - - [04/Jun/2017:11:54:35 +0200] "HEAD / HTTP/1.1" 200 - "http://commerage.ru/qa" "Mozilla/2.0 (compatible; MSIE6.00; Windows 2005)"
195.133.147.74 - - [04/Jun/2017:11:54:35 +0200] "HEAD / HTTP/1.1" 200 - "http://attestat-cheljabinsk.ru/kupit-attestat-za-11-klassov-v-chelyabinske/" "Mozilla/6.0 (compatible; MSIE6.00; Windows 2007)"
194.87.238.17 - - [04/Jun/2017:11:54:36 +0200] "HEAD / HTTP/1.1" 200 - "http://maxi-tex.ru/catalog/rubashki_polo_s_dlinnym_rukavom_optom.html" "Mozilla/4.0 (compatible; MSIE4.00; Windows 2008)"
195.133.147.89 - - [04/Jun/2017:11:54:37 +0200] "HEAD / HTTP/1.1" 200 - "https://avkzarabotok.info/forex_urok12.html" "Mozilla/2.0 (compatible; MSIE7.00; Windows 2003)"
193.124.131.168 - - [04/Jun/2017:11:57:24 +0200] "HEAD / HTTP/1.1" 200 - "http://taromir.ru/news/kattabomantija/2017-01-05-469" "Mozilla/2.0 (compatible; MSIE4.00; Windows 2009)"
216.244.66.198 - - [04/Jun/2017:11:59:11 +0200] "GET /jahrbuch/titelseiten/index.html HTTP/1.1" 200 6735 "-" "Mozilla/5.0 (compatible; DotBot/1.1; http://www.opensiteexplorer.org/dotbot, help@moz.com)"
207.46.13.50 - - [04/Jun/2017:12:02:51 +0200] "GET /buecher/rezensionen_chateaubriand.html HTTP/1.1" 200 47317 "-" "Mozilla/5.0 (compatible; bingbot/2.0; +http://www.bing.com/bingbot.htm)"
194.187.170.127 - - [04/Jun/2017:12:17:14 +0200] "GET /impressum.html HTTP/1.0" 304 - "-" "Mozilla/5.0 (compatible; Qwantify/2.4w; +https://www.qwant.com/)/2.4w"
194.187.170.127 - - [04/Jun/2017:12:19:40 +0200] "GET /gotteslob/index.html HTTP/1.0" 304 - "-" "Mozilla/5.0 (compatible; Qwantify/2.4w; +https://www.qwant.com/)/2.4w"
66.249.64.81 - - [04/Jun/2017:12:23:04 +0200] "GET /sonderthemen/oekt_extra2.pdf HTTP/1.1" 200 1939949 "-" "Mozilla/5.0 (Linux; Android 6.0.1; Nexus 5X Build/MMB29P) AppleWebKit/537.36 (KHTML, like Gecko) Chrome/41.0.2272.96 Mobile Safari/537.36 (compatible; Googlebot/2.1; +http://www.google.com/bot.html)"
194.187.170.127 - - [04/Jun/2017:12:25:01 +0200] "GET /sonderthemen/index.html HTTP/1.0" 304 - "-" "Mozilla/5.0 (compatible; Qwantify/2.4w; +https://www.qwant.com/)/2.4w"
194.87.234.246 - - [04/Jun/2017:12:29:17 +0200] "HEAD / HTTP/1.1" 200 - "http://termoshop.com.ua/dekor-i-interer" "Mozilla/7.0 (compatible; MSIE7.00; Windows 2006)"
194.187.170.127 - - [04/Jun/2017:12:30:52 +0200] "GET /cds/index.html HTTP/1.0" 304 - "-" "Mozilla/5.0 (compatible; Qwantify/2.4w; +https://www.qwant.com/)/2.4w"
194.187.170.127 - - [04/Jun/2017:12:31:35 +0200] "GET /buecher/index.html HTTP/1.0" 304 - "-" "Mozilla/5.0 (compatible; Qwantify/2.4w; +https://www.qwant.com/)/2.4w"
188.227.18.37 - - [04/Jun/2017:12:40:08 +0200] "HEAD / HTTP/1.1" 200 - "http://po-pugay.ru/catalog/setka_ogurechnaya_opory_dlya_rasteniy/" "Mozilla/6.0 (compatible; MSIE3.00; Windows 2004)"
5.101.78.76 - - [04/Jun/2017:12:42:20 +0200] "HEAD / HTTP/1.1" 200 - "https://tornado-tm.ru/domovoi-proshka-antimol-plactini-8sht.html" "Mozilla/5.0 (compatible; MSIE5.00; Windows 2004)"
5.9.48.13 - - [04/Jun/2017:12:55:07 +0200] "GET /robots.txt HTTP/1.1" 200 100 "-" "robots.txt Analyser"
195.133.147.6 - - [04/Jun/2017:12:59:45 +0200] "HEAD / HTTP/1.1" 200 - "http://cleaningservices.kiev.ua/tseni-na-uborku-kvartir" "Mozilla/6.0 (compatible; MSIE3.00; Windows 2009)"
194.187.170.127 - - [04/Jun/2017:13:01:13 +0200] "GET /index.html HTTP/1.0" 304 - "-" "Mozilla/5.0 (compatible; Qwantify/2.4w; +https://www.qwant.com/)/2.4w"
66.249.64.81 - - [04/Jun/2017:13:01:18 +0200] "GET /sonderthemen/oekz2003_s01.pdf HTTP/1.1" 200 66807 "-" "Mozilla/5.0 (Linux; Android 6.0.1; Nexus 5X Build/MMB29P) AppleWebKit/537.36 (KHTML, like Gecko) Chrome/41.0.2272.96 Mobile Safari/537.36 (compatible; Googlebot/2.1; +http://www.google.com/bot.html)"
66.249.64.85 - - [04/Jun/2017:13:39:47 +0200] "GET /buecher/rezensionen_ignatius.html HTTP/1.1" 200 8182 "-" "Mozilla/5.0 (Linux; Android 6.0.1; Nexus 5X Build/MMB29P) AppleWebKit/537.36 (KHTML, like Gecko) Chrome/41.0.2272.96 Mobile Safari/537.36 (compatible; Googlebot/2.1; +http://www.google.com/bot.html)"
85.25.210.234 - - [04/Jun/2017:13:41:45 +0200] "GET /robots.txt HTTP/1.1" 200 100 "-" "Mozilla/5.0 (compatible; seoscanners.net/1; +spider@seoscanners.net)"
85.25.210.234 - - [04/Jun/2017:13:41:45 +0200] "GET /sonderthemen/sk2002.pdf HTTP/1.1" 200 2628923 "-" "Mozilla/5.0 (compatible; seoscanners.net/1; +spider@seoscanners.net)"
51.255.65.13 - - [04/Jun/2017:13:48:45 +0200] "GET /impressum.html HTTP/1.1" 200 2808 "-" "Mozilla/5.0 (compatible; AhrefsBot/5.2; +http://ahrefs.com/robot/)"
5.196.87.47 - - [04/Jun/2017:13:49:05 +0200] "GET /robots.txt HTTP/1.1" 200 100 "-" "Mozilla/5.0 (compatible; AhrefsBot/5.2; +http://ahrefs.com/robot/)"
138.201.30.66 - - [04/Jun/2017:13:50:39 +0200] "GET /robots.txt HTTP/1.0" 200 100 "-" "Mozilla/5.0 (compatible; SEOkicks-Robot; +http://www.seokicks.de/robot.html)"
138.201.30.66 - - [04/Jun/2017:13:50:41 +0200] "GET / HTTP/1.0" 200 9360 "-" "Mozilla/5.0 (compatible; SEOkicks-Robot; +http://www.seokicks.de/robot.html)"
138.201.30.66 - - [04/Jun/2017:13:50:42 +0200] "GET /main.css HTTP/1.0" 200 1439 "http://www.morusverlag.de/" "Mozilla/5.0 (compatible; SEOkicks-Robot; +http://www.seokicks.de/robot.html)"
138.201.30.66 - - [04/Jun/2017:13:50:43 +0200] "GET /buecher/index.html HTTP/1.0" 200 25885 "http://www.morusverlag.de/" "Mozilla/5.0 (compatible; SEOkicks-Robot; +http://www.seokicks.de/robot.html)"
138.201.30.66 - - [04/Jun/2017:13:50:45 +0200] "GET /contentflow/contentflow.js HTTP/1.0" 200 42064 "http://www.morusverlag.de/buecher/index.html" "Mozilla/5.0 (compatible; SEOkicks-Robot; +http://www.seokicks.de/robot.html)"
138.201.30.66 - - [04/Jun/2017:13:50:46 +0200] "GET /cds/index.html HTTP/1.0" 200 7987 "http://www.morusverlag.de/" "Mozilla/5.0 (compatible; SEOkicks-Robot; +http://www.seokicks.de/robot.html)"
138.201.30.66 - - [04/Jun/2017:13:50:48 +0200] "GET /gotteslob/index.html HTTP/1.0" 200 2770 "http://www.morusverlag.de/" "Mozilla/5.0 (compatible; SEOkicks-Robot; +http://www.seokicks.de/robot.html)"
138.201.30.66 - - [04/Jun/2017:13:50:49 +0200] "GET /jahrbuch/index.html HTTP/1.0" 200 3956 "http://www.morusverlag.de/" "Mozilla/5.0 (compatible; SEOkicks-Robot; +http://www.seokicks.de/robot.html)"
138.201.30.66 - - [04/Jun/2017:13:50:51 +0200] "GET /sonderthemen/index.html HTTP/1.0" 200 7102 "http://www.morusverlag.de/" "Mozilla/5.0 (compatible; SEOkicks-Robot; +http://www.seokicks.de/robot.html)"
207.46.13.36 - - [04/Jun/2017:13:51:46 +0200] "GET /sonderthemen/sk2002.pdf HTTP/1.1" 200 2628923 "-" "Mozilla/5.0 (iPhone; CPU iPhone OS 7_0 like Mac OS X) AppleWebKit/537.51.1 (KHTML, like Gecko) Version/7.0 Mobile/11A465 Safari/9537.53 (compatible; bingbot/2.0; +http://www.bing.com/bingbot.htm)"
185.154.13.6 - - [04/Jun/2017:14:13:55 +0200] "HEAD / HTTP/1.1" 200 - "http://les54.ru/" "Mozilla/4.0 (compatible; MSIE2.00; Windows 2006)"
178.159.39.237 - - [04/Jun/2017:14:13:55 +0200] "HEAD / HTTP/1.1" 200 - "https://insalesthemes.ru/blog/5-sposobov-poblagodarit-pokupatelej" "Mozilla/8.0 (compatible; MSIE3.00; Windows 2009)"
77.220.213.173 - - [04/Jun/2017:14:13:55 +0200] "HEAD / HTTP/1.1" 200 - "https://ukrsmeta.ua/sostavlenye-smet-stroytelstva/" "Mozilla/7.0 (compatible; MSIE2.00; Windows 2003)"
178.159.43.212 - - [04/Jun/2017:14:35:48 +0200] "HEAD / HTTP/1.1" 200 - "https://stop-zavisimost.com/vyvod-iz-zapoya-v-statsionare/" "Mozilla/6.0 (compatible; MSIE4.00; Windows 2009)"
207.46.13.50 - - [04/Jun/2017:14:57:33 +0200] "GET /impressum.html HTTP/1.1" 200 2808 "-" "Mozilla/5.0 (iPhone; CPU iPhone OS 7_0 like Mac OS X) AppleWebKit/537.51.1 (KHTML, like Gecko) Version/7.0 Mobile/11A465 Safari/9537.53 (compatible; bingbot/2.0; +http://www.bing.com/bingbot.htm)"
207.46.13.50 - - [04/Jun/2017:14:57:47 +0200] "GET /main.css HTTP/1.1" 200 1439 "-" "Mozilla/5.0 (iPhone; CPU iPhone OS 7_0 like Mac OS X) AppleWebKit/537.51.1 (KHTML, like Gecko) Version/7.0 Mobile/11A465 Safari/9537.53 (compatible; bingbot/2.0; +http://www.bing.com/bingbot.htm)"
207.46.13.36 - - [04/Jun/2017:14:57:51 +0200] "GET /mv_g.gif HTTP/1.1" 200 4070 "-" "Mozilla/5.0 (iPhone; CPU iPhone OS 7_0 like Mac OS X) AppleWebKit/537.51.1 (KHTML, like Gecko) Version/7.0 Mobile/11A465 Safari/9537.53 (compatible; bingbot/2.0; +http://www.bing.com/bingbot.htm)"
207.46.13.36 - - [04/Jun/2017:14:57:52 +0200] "GET /strich.gif HTTP/1.1" 200 45 "-" "Mozilla/5.0 (iPhone; CPU iPhone OS 7_0 like Mac OS X) AppleWebKit/537.51.1 (KHTML, like Gecko) Version/7.0 Mobile/11A465 Safari/9537.53 (compatible; bingbot/2.0; +http://www.bing.com/bingbot.htm)"
66.249.64.85 - - [04/Jun/2017:15:02:06 +0200] "GET /buecher/veroeffentlichungsliste.html HTTP/1.1" 200 129779 "-" "Mozilla/5.0 (Linux; Android 6.0.1; Nexus 5X Build/MMB29P) AppleWebKit/537.36 (KHTML, like Gecko) Chrome/41.0.2272.96 Mobile Safari/537.36 (compatible; Googlebot/2.1; +http://www.google.com/bot.html)"
5.255.251.7 - - [04/Jun/2017:15:32:21 +0200] "GET /robots.txt HTTP/1.1" 200 100 "-" "Mozilla/5.0 (compatible; YandexBot/3.0; +http://yandex.com/bots)"
5.255.251.7 - - [04/Jun/2017:15:32:25 +0200] "GET /buecher/gesichter/05.jpg HTTP/1.1" 200 8981 "-" "Mozilla/5.0 (compatible; YandexImages/3.0; +http://yandex.com/bots)"
5.255.251.7 - - [04/Jun/2017:15:48:18 +0200] "GET /buecher/gesichter/08.jpg HTTP/1.1" 304 - "-" "Mozilla/5.0 (compatible; YandexImages/3.0; +http://yandex.com/bots)"
85.25.210.234 - - [04/Jun/2017:16:27:10 +0200] "GET /jahrbuch/titelseiten/1956.jpg HTTP/1.1" 200 12858 "-" "Mozilla/5.0 (compatible; seoscanners.net/1; +spider@seoscanners.net)"
62.138.0.25 - - [04/Jun/2017:16:52:25 +0200] "GET /robots.txt HTTP/1.1" 200 100 "-" "Mozilla/5.0 (compatible; seoscanners.net/1; +spider@seoscanners.net)"
62.138.0.25 - - [04/Jun/2017:16:52:25 +0200] "GET /buecher/gesichter/04.jpg HTTP/1.1" 200 7078 "-" "Mozilla/5.0 (compatible; seoscanners.net/1; +spider@seoscanners.net)"
185.81.158.26 - - [04/Jun/2017:16:55:04 +0200] "GET /js/tools.js HTTP/1.1" 404 2381 "-" "Mozilla/5.0 (Windows NT 6.1; WOW64; rv:53.0) Gecko/20100101 Firefox/53.0"
93.180.64.220 - - [04/Jun/2017:17:05:58 +0200] "GET /robots.txt HTTP/1.1" 200 100 "-" "Mozilla/5.0 (compatible; Plukkie/1.6; http://www.botje.com/plukkie.htm)"
93.180.64.220 - - [04/Jun/2017:17:05:58 +0200] "GET /jahrbuch/index.html HTTP/1.1" 200 3956 "-" "Mozilla/5.0 (compatible; Plukkie/1.6; http://www.botje.com/plukkie.htm)"
195.133.48.150 - - [04/Jun/2017:17:10:40 +0200] "HEAD / HTTP/1.1" 200 - "http://commerage.ru/fotoiskusstvo" "Mozilla/7.0 (compatible; MSIE6.00; Windows 2008)"
195.133.145.199 - - [04/Jun/2017:17:10:41 +0200] "HEAD / HTTP/1.1" 200 - "https://kidy.eu/catalog/baby-clothing/jackets/" "Mozilla/8.0 (compatible; MSIE5.00; Windows 2004)"
195.133.147.89 - - [04/Jun/2017:17:14:56 +0200] "HEAD / HTTP/1.1" 200 - "https://stop-zavisimost.com/odessa/" "Mozilla/5.0 (compatible; MSIE7.00; Windows 2002)"
195.133.147.74 - - [04/Jun/2017:17:15:33 +0200] "HEAD / HTTP/1.1" 200 - "http://smartstore24.ru/" "Mozilla/4.0 (compatible; MSIE2.00; Windows 2009)"
194.87.238.17 - - [04/Jun/2017:17:15:37 +0200] "HEAD / HTTP/1.1" 200 - "https://gorodkotlov.ru/market/goods/vodosnabzhenie/vodonagrevateli_boylery/kosvennogo_nagreva/shlang_dushevoi_grohe_silverflex_1250_mm_28362000/" "Mozilla/8.0 (compatible; MSIE6.00; Windows 2004)"
194.87.234.246 - - [04/Jun/2017:17:18:21 +0200] "HEAD / HTTP/1.1" 200 - "http://cleaningservices.kiev.ua/tseni-na-uborku-kvartir" "Mozilla/5.0 (compatible; MSIE2.00; Windows 2003)"
193.124.131.168 - - [04/Jun/2017:17:20:31 +0200] "HEAD / HTTP/1.1" 200 - "http://ecogr.ru/production/" "Mozilla/3.0 (compatible; MSIE4.00; Windows 2006)"
195.133.147.6 - - [04/Jun/2017:17:22:53 +0200] "HEAD / HTTP/1.1" 200 - "http://taromir.ru/news/prijti_k_soglasiju/2017-03-12-865" "Mozilla/5.0 (compatible; MSIE5.00; Windows 2002)"
194.67.210.77 - - [04/Jun/2017:17:27:20 +0200] "HEAD / HTTP/1.1" 200 - "http://lab-term.ru/promshkaf-1.htm" "Mozilla/4.0 (compatible; MSIE4.00; Windows 2006)"
185.125.219.134 - - [04/Jun/2017:17:27:20 +0200] "HEAD / HTTP/1.1" 200 - "http://ugtehagro.net/kosilka-odnobrusnaya-rotornaya-palcevaya/kupit-kosilku-traktor-mtz.html" "Mozilla/3.0 (compatible; MSIE3.00; Windows 2009)"
193.124.190.64 - - [04/Jun/2017:17:27:21 +0200] "HEAD / HTTP/1.1" 200 - "https://www.informacionnaja-podderzhka-sajta.ru/tsao.html" "Mozilla/7.0 (compatible; MSIE5.00; Windows 2004)"
185.5.249.185 - - [04/Jun/2017:17:30:32 +0200] "HEAD / HTTP/1.1" 200 - "http://dsk-baby-hit.ru/products/chekhol-dlia-dsk-baby-hit-s-kryshei" "Mozilla/6.0 (compatible; MSIE4.00; Windows 2003)"
216.244.66.250 - - [04/Jun/2017:17:31:58 +0200] "GET /robots.txt HTTP/1.1" 200 100 "-" "Mozilla/5.0 (compatible; DotBot/1.1; http://www.opensiteexplorer.org/dotbot, help@moz.com)"
5.101.78.76 - - [04/Jun/2017:17:38:28 +0200] "HEAD / HTTP/1.1" 200 - "https://tigsochi.ru/vse-dlya-sada/sadovaya-mebel/mebel-iz-iskusstvennogo-rotanga/skami-i-lavki-iz-iskusstvennogo-rotanga" "Mozilla/8.0 (compatible; MSIE3.00; Windows 2009)"
188.227.18.37 - - [04/Jun/2017:17:38:28 +0200] "HEAD / HTTP/1.1" 200 - "http://www.disprom.ru/arhitekturnaya-podsvetka-zdaniy-svetodiodnyimi-svetilnikami.html" "Mozilla/4.0 (compatible; MSIE6.00; Windows 2002)"
178.159.39.237 - - [04/Jun/2017:17:44:19 +0200] "HEAD / HTTP/1.1" 200 - "https://artestom.ru/esteticheskaya-stomatologiya-spb/" "Mozilla/7.0 (compatible; MSIE7.00; Windows 2008)"
77.220.213.173 - - [04/Jun/2017:17:44:20 +0200] "HEAD / HTTP/1.1" 200 - "https://insalesthemes.ru/blog/5-metodov-bor-by-s-pokinutymi-korzinami" "Mozilla/2.0 (compatible; MSIE5.00; Windows 2005)"
185.154.13.6 - - [04/Jun/2017:17:44:20 +0200] "HEAD / HTTP/1.1" 200 - "https://ukrsmeta.ua/tablitsa-perevoda-diametrov-trub-iz-dyujmov-v-mm/" "Mozilla/5.0 (compatible; MSIE2.00; Windows 2005)"
178.159.43.212 - - [04/Jun/2017:17:48:22 +0200] "HEAD / HTTP/1.1" 200 - "http://les54.ru/yetapy-stroitelstva/" "Mozilla/5.0 (compatible; MSIE7.00; Windows 2002)"
217.231.111.224 - - [04/Jun/2017:18:00:39 +0200] "GET /cds/hymnos_akathistos.html HTTP/1.1" 200 11061 "-" "Mozilla/5.0 (iPad; CPU OS 10_3_1 like Mac OS X) AppleWebKit/603.1.30 (KHTML, like Gecko) Version/10.0 Mobile/14E304 Safari/602.1"
217.231.111.224 - - [04/Jun/2017:18:00:39 +0200] "GET /m.gif HTTP/1.1" 200 95 "http://www.morusverlag.de/cds/hymnos_akathistos.html" "Mozilla/5.0 (iPad; CPU OS 10_3_1 like Mac OS X) AppleWebKit/603.1.30 (KHTML, like Gecko) Version/10.0 Mobile/14E304 Safari/602.1"
217.231.111.224 - - [04/Jun/2017:18:00:39 +0200] "GET /main.css HTTP/1.1" 200 1439 "http://www.morusverlag.de/cds/hymnos_akathistos.html" "Mozilla/5.0 (iPad; CPU OS 10_3_1 like Mac OS X) AppleWebKit/603.1.30 (KHTML, like Gecko) Version/10.0 Mobile/14E304 Safari/602.1"
217.231.111.224 - - [04/Jun/2017:18:00:39 +0200] "GET /mv_g.gif HTTP/1.1" 200 4070 "http://www.morusverlag.de/cds/hymnos_akathistos.html" "Mozilla/5.0 (iPad; CPU OS 10_3_1 like Mac OS X) AppleWebKit/603.1.30 (KHTML, like Gecko) Version/10.0 Mobile/14E304 Safari/602.1"
217.231.111.224 - - [04/Jun/2017:18:00:39 +0200] "GET /logo_g.gif HTTP/1.1" 200 1301 "http://www.morusverlag.de/cds/hymnos_akathistos.html" "Mozilla/5.0 (iPad; CPU OS 10_3_1 like Mac OS X) AppleWebKit/603.1.30 (KHTML, like Gecko) Version/10.0 Mobile/14E304 Safari/602.1"
217.231.111.224 - - [04/Jun/2017:18:00:39 +0200] "GET /pf.gif HTTP/1.1" 200 62 "http://www.morusverlag.de/cds/hymnos_akathistos.html" "Mozilla/5.0 (iPad; CPU OS 10_3_1 like Mac OS X) AppleWebKit/603.1.30 (KHTML, like Gecko) Version/10.0 Mobile/14E304 Safari/602.1"
217.231.111.224 - - [04/Jun/2017:18:00:39 +0200] "GET /cds/hymnos.jpg HTTP/1.1" 200 27752 "http://www.morusverlag.de/cds/hymnos_akathistos.html" "Mozilla/5.0 (iPad; CPU OS 10_3_1 like Mac OS X) AppleWebKit/603.1.30 (KHTML, like Gecko) Version/10.0 Mobile/14E304 Safari/602.1"
217.231.111.224 - - [04/Jun/2017:18:00:39 +0200] "GET /cds/hymnos_heft.jpg HTTP/1.1" 200 8653 "http://www.morusverlag.de/cds/hymnos_akathistos.html" "Mozilla/5.0 (iPad; CPU OS 10_3_1 like Mac OS X) AppleWebKit/603.1.30 (KHTML, like Gecko) Version/10.0 Mobile/14E304 Safari/602.1"
217.231.111.224 - - [04/Jun/2017:18:00:39 +0200] "GET /strich.gif HTTP/1.1" 200 45 "http://www.morusverlag.de/cds/hymnos_akathistos.html" "Mozilla/5.0 (iPad; CPU OS 10_3_1 like Mac OS X) AppleWebKit/603.1.30 (KHTML, like Gecko) Version/10.0 Mobile/14E304 Safari/602.1"
217.231.111.224 - - [04/Jun/2017:18:00:50 +0200] "GET /cds/hymnos_akathistos.html HTTP/1.1" 200 11061 "-" "Mozilla/5.0 (iPad; CPU OS 10_3_1 like Mac OS X) AppleWebKit/603.1.30 (KHTML, like Gecko) Version/10.0 Mobile/14E304 Safari/602.1"
217.231.111.224 - - [04/Jun/2017:18:00:50 +0200] "GET /main.css HTTP/1.1" 304 - "http://www.morusverlag.de/cds/hymnos_akathistos.html" "Mozilla/5.0 (iPad; CPU OS 10_3_1 like Mac OS X) AppleWebKit/603.1.30 (KHTML, like Gecko) Version/10.0 Mobile/14E304 Safari/602.1"
217.231.111.224 - - [04/Jun/2017:18:00:50 +0200] "GET /logo_g.gif HTTP/1.1" 304 - "http://www.morusverlag.de/cds/hymnos_akathistos.html" "Mozilla/5.0 (iPad; CPU OS 10_3_1 like Mac OS X) AppleWebKit/603.1.30 (KHTML, like Gecko) Version/10.0 Mobile/14E304 Safari/602.1"
217.231.111.224 - - [04/Jun/2017:18:00:50 +0200] "GET /mv_g.gif HTTP/1.1" 304 - "http://www.morusverlag.de/cds/hymnos_akathistos.html" "Mozilla/5.0 (iPad; CPU OS 10_3_1 like Mac OS X) AppleWebKit/603.1.30 (KHTML, like Gecko) Version/10.0 Mobile/14E304 Safari/602.1"
217.231.111.224 - - [04/Jun/2017:18:00:50 +0200] "GET /m.gif HTTP/1.1" 304 - "http://www.morusverlag.de/cds/hymnos_akathistos.html" "Mozilla/5.0 (iPad; CPU OS 10_3_1 like Mac OS X) AppleWebKit/603.1.30 (KHTML, like Gecko) Version/10.0 Mobile/14E304 Safari/602.1"
217.231.111.224 - - [04/Jun/2017:18:00:50 +0200] "GET /pf.gif HTTP/1.1" 304 - "http://www.morusverlag.de/cds/hymnos_akathistos.html" "Mozilla/5.0 (iPad; CPU OS 10_3_1 like Mac OS X) AppleWebKit/603.1.30 (KHTML, like Gecko) Version/10.0 Mobile/14E304 Safari/602.1"
217.231.111.224 - - [04/Jun/2017:18:00:50 +0200] "GET /cds/hymnos.jpg HTTP/1.1" 304 - "http://www.morusverlag.de/cds/hymnos_akathistos.html" "Mozilla/5.0 (iPad; CPU OS 10_3_1 like Mac OS X) AppleWebKit/603.1.30 (KHTML, like Gecko) Version/10.0 Mobile/14E304 Safari/602.1"
217.231.111.224 - - [04/Jun/2017:18:00:50 +0200] "GET /strich.gif HTTP/1.1" 304 - "http://www.morusverlag.de/cds/hymnos_akathistos.html" "Mozilla/5.0 (iPad; CPU OS 10_3_1 like Mac OS X) AppleWebKit/603.1.30 (KHTML, like Gecko) Version/10.0 Mobile/14E304 Safari/602.1"
217.231.111.224 - - [04/Jun/2017:18:00:50 +0200] "GET /cds/hymnos_heft.jpg HTTP/1.1" 304 - "http://www.morusverlag.de/cds/hymnos_akathistos.html" "Mozilla/5.0 (iPad; CPU OS 10_3_1 like Mac OS X) AppleWebKit/603.1.30 (KHTML, like Gecko) Version/10.0 Mobile/14E304 Safari/602.1"
217.231.111.224 - - [04/Jun/2017:18:01:00 +0200] "GET /gotteslob/index.html HTTP/1.1" 200 2770 "http://www.morusverlag.de/cds/hymnos_akathistos.html" "Mozilla/5.0 (iPad; CPU OS 10_3_1 like Mac OS X) AppleWebKit/603.1.30 (KHTML, like Gecko) Version/10.0 Mobile/14E304 Safari/602.1"
217.231.111.224 - - [04/Jun/2017:18:01:00 +0200] "GET /gotteslob/gotteslob_alle.jpg HTTP/1.1" 200 24560 "http://www.morusverlag.de/gotteslob/index.html" "Mozilla/5.0 (iPad; CPU OS 10_3_1 like Mac OS X) AppleWebKit/603.1.30 (KHTML, like Gecko) Version/10.0 Mobile/14E304 Safari/602.1"
5.9.17.118 - - [04/Jun/2017:18:07:56 +0200] "GET /sonderthemen/sk2004.pdf HTTP/1.1" 200 1967215 "-" "Mozilla/5.0 (Macintosh; Intel Mac OS X 10.8; rv:21.0) Gecko/20100101 Firefox/21.0"
82.81.163.6 - - [04/Jun/2017:18:13:29 +0200] "GET /buecher/gesichter/31.jpg HTTP/1.1" 200 8424 "-" "Mozilla/5.0 (X11; Linux x86_64) AppleWebKit/537.11 (KHTML, like Gecko) Chrome/23.0.1271.64 Safari/537.11"
82.81.163.6 - - [04/Jun/2017:18:13:29 +0200] "GET /buecher/gesichter/23.jpg HTTP/1.1" 200 8706 "-" "Mozilla/5.0 (X11; Linux x86_64) AppleWebKit/537.11 (KHTML, like Gecko) Chrome/23.0.1271.64 Safari/537.11"
5.9.112.6 - - [04/Jun/2017:18:41:01 +0200] "GET /sonderthemen/oekt_extra3.pdf HTTP/1.1" 200 2109745 "-" "Mozilla/5.0 (Windows NT 5.1) AppleWebKit/537.36 (KHTML, like Gecko) Chrome/27.0.1453.94 Safari/537.36"
216.244.66.250 - - [04/Jun/2017:18:42:26 +0200] "GET /cds/glockenspiel2.html HTTP/1.1" 200 9831 "-" "Mozilla/5.0 (compatible; DotBot/1.1; http://www.opensiteexplorer.org/dotbot, help@moz.com)"
216.244.66.250 - - [04/Jun/2017:18:42:32 +0200] "GET /gotteslob/index.html HTTP/1.1" 200 2770 "-" "Mozilla/5.0 (compatible; DotBot/1.1; http://www.opensiteexplorer.org/dotbot, help@moz.com)"
209.90.232.120 - - [04/Jun/2017:18:55:35 +0200] "GET / HTTP/1.1" 200 9360 "-" "Java/1.6.0_04"
209.90.232.120 - - [04/Jun/2017:18:55:35 +0200] "GET /impressum.html HTTP/1.1" 200 2808 "-" "Java/1.6.0_04"
209.90.232.120 - - [04/Jun/2017:18:55:35 +0200] "GET /search.php HTTP/1.1" 200 2027 "-" "Java/1.6.0_04"
209.90.232.120 - - [04/Jun/2017:18:55:36 +0200] "GET /index.html HTTP/1.1" 200 9360 "-" "Java/1.6.0_04"
209.90.232.120 - - [04/Jun/2017:18:55:36 +0200] "GET /buecher/index.html HTTP/1.1" 200 25885 "-" "Java/1.6.0_04"
209.90.232.120 - - [04/Jun/2017:18:55:38 +0200] "GET /buecher/rezensionen_chateaubriand.html HTTP/1.1" 200 47317 "-" "Java/1.6.0_04"
209.90.232.120 - - [04/Jun/2017:18:55:39 +0200] "GET /buecher/veroeffentlichungsliste.html HTTP/1.1" 200 129779 "-" "Java/1.6.0_04"
209.90.232.120 - - [04/Jun/2017:18:55:40 +0200] "GET /cds/hymnos_akathistos.html HTTP/1.1" 200 11061 "-" "Java/1.6.0_04"
209.90.232.120 - - [04/Jun/2017:18:55:44 +0200] "GET /cds/ignatius.html HTTP/1.1" 200 6576 "-" "Java/1.6.0_04"
209.90.232.120 - - [04/Jun/2017:18:55:45 +0200] "GET /cds/index.html HTTP/1.1" 200 7987 "-" "Java/1.6.0_04"
209.90.232.120 - - [04/Jun/2017:18:55:45 +0200] "GET /cds/rosarium.html HTTP/1.1" 200 6680 "-" "Java/1.6.0_04"
209.90.232.120 - - [04/Jun/2017:18:55:45 +0200] "GET /gotteslob/index.html HTTP/1.1" 200 2770 "-" "Java/1.6.0_04"
209.90.232.120 - - [04/Jun/2017:18:55:46 +0200] "GET /jahrbuch/index.html HTTP/1.1" 200 3956 "-" "Java/1.6.0_04"
209.90.232.120 - - [04/Jun/2017:18:55:46 +0200] "GET /kontakt/index.html HTTP/1.1" 200 2896 "-" "Java/1.6.0_04"
209.90.232.120 - - [04/Jun/2017:18:55:46 +0200] "GET /sonderthemen/index.html HTTP/1.1" 200 7102 "-" "Java/1.6.0_04"
209.90.232.120 - - [04/Jun/2017:18:55:46 +0200] "GET /buecher/bestellung.php HTTP/1.1" 200 10142 "-" "Java/1.6.0_04"
209.90.232.120 - - [04/Jun/2017:18:55:47 +0200] "GET /buecher/diskussion.html HTTP/1.1" 200 9925 "-" "Java/1.6.0_04"
209.90.232.120 - - [04/Jun/2017:18:55:47 +0200] "GET /buecher/rezensionen_engel.html HTTP/1.1" 200 6598 "-" "Java/1.6.0_04"
209.90.232.120 - - [04/Jun/2017:18:55:47 +0200] "GET /buecher/rezensionen_krise_zum_heil.html HTTP/1.1" 200 9828 "-" "Java/1.6.0_04"
209.90.232.120 - - [04/Jun/2017:18:55:47 +0200] "GET /buecher/rezensionen_le_saulchoir.html HTTP/1.1" 200 34009 "-" "Java/1.6.0_04"
209.90.232.120 - - [04/Jun/2017:18:55:51 +0200] "GET /buecher/rezensionen_leiblichkeit_und_zeitlichkeit.html HTTP/1.1" 200 8821 "-" "Java/1.6.0_04"
209.90.232.120 - - [04/Jun/2017:18:55:51 +0200] "GET /buecher/rezensionen_nicht_auf_sand_gebaut.html HTTP/1.1" 200 6594 "-" "Java/1.6.0_04"
209.90.232.120 - - [04/Jun/2017:18:55:52 +0200] "GET /buecher/rezensionen_preysing.html HTTP/1.1" 200 9502 "-" "Java/1.6.0_04"
209.90.232.120 - - [04/Jun/2017:18:55:52 +0200] "GET /buecher/rezensionen_psalmen.html HTTP/1.1" 200 6787 "-" "Java/1.6.0_04"
209.90.232.120 - - [04/Jun/2017:18:55:52 +0200] "GET /contentflow/contentflow.js HTTP/1.1" 200 42064 "-" "Java/1.6.0_04"
209.90.232.120 - - [04/Jun/2017:18:55:53 +0200] "GET /buecher/rezensionen.html HTTP/1.1" 200 6964 "-" "Java/1.6.0_04"
85.25.202.18 - - [04/Jun/2017:18:55:54 +0200] "GET / HTTP/1.1" 200 9360 "http://www.sumaja.de/?such_wert=verlag" "T-Online Browser"
209.90.232.120 - - [04/Jun/2017:18:55:55 +0200] "GET /buecher/rezensionen_ignatius.html HTTP/1.1" 200 8182 "-" "Java/1.6.0_04"
209.90.232.120 - - [04/Jun/2017:18:55:55 +0200] "GET /cds/astazi.html HTTP/1.1" 200 8453 "-" "Java/1.6.0_04"
209.90.232.120 - - [04/Jun/2017:18:55:55 +0200] "GET /cds/glockenspiel1.html HTTP/1.1" 200 9736 "-" "Java/1.6.0_04"
209.90.232.120 - - [04/Jun/2017:18:55:56 +0200] "GET /cds/glockenspiel2.html HTTP/1.1" 200 9831 "-" "Java/1.6.0_04"
209.90.232.120 - - [04/Jun/2017:18:55:56 +0200] "GET /cds/lumina.html HTTP/1.1" 200 9000 "-" "Java/1.6.0_04"
209.90.232.120 - - [04/Jun/2017:18:55:56 +0200] "GET /jahrbuch/bestellung.php HTTP/1.1" 200 10316 "-" "Java/1.6.0_04"
209.90.232.120 - - [04/Jun/2017:18:55:57 +0200] "GET /sonderthemen/archiv.html HTTP/1.1" 200 6959 "-" "Java/1.6.0_04"
209.90.232.120 - - [04/Jun/2017:18:55:57 +0200] "GET /sonderthemen/presse.html HTTP/1.1" 200 5772 "-" "Java/1.6.0_04"
209.90.232.120 - - [04/Jun/2017:18:55:57 +0200] "GET /contentflow/\"+K.src+\" HTTP/1.1" 404 2381 "-" "Java/1.6.0_04"
194.187.170.117 - - [04/Jun/2017:19:17:04 +0200] "GET /robots.txt HTTP/1.0" 200 100 "-" "Mozilla/5.0 (compatible; Qwantify/2.4w; +https://www.qwant.com/)/2.4w"
194.187.170.117 - - [04/Jun/2017:19:17:04 +0200] "GET /buecher/veroeffentlichungsliste.html HTTP/1.0" 304 - "-" "Mozilla/5.0 (compatible; Qwantify/2.4w; +https://www.qwant.com/)/2.4w"
5.35.249.36 - - [04/Jun/2017:19:24:07 +0200] "GET / HTTP/1.1" 200 9360 "-" "Apache-HttpClient/4.5.2 (Java/1.8.0_121)"
194.187.170.117 - - [04/Jun/2017:19:24:29 +0200] "GET /jahrbuch/index.html HTTP/1.0" 304 - "-" "Mozilla/5.0 (compatible; Qwantify/2.4w; +https://www.qwant.com/)/2.4w"
180.76.15.151 - - [04/Jun/2017:19:41:07 +0200] "GET /sonderthemen/oekt_extra1.pdf HTTP/1.1" 200 1849015 "-" "Mozilla/5.0 (compatible; Baiduspider/2.0; +http://www.baidu.com/search/spider.html)"
194.187.170.117 - - [04/Jun/2017:19:44:34 +0200] "GET /kontakt/index.html HTTP/1.0" 304 - "-" "Mozilla/5.0 (compatible; Qwantify/2.4w; +https://www.qwant.com/)/2.4w"
