66.249.64.24 - - [04/Jun/2017:20:11:28 +0200] "GET /key/ASWD56425CSA HTTP/1.1" 404 2381 "http://nz.57883.net/alexa/nz/index.asp?domain=morusverlag.de" "Mozilla/5.0 (compatible; Googlebot/2.1; +http://www.google.com/bot.html)"
194.187.170.117 - - [04/Jun/2017:20:30:06 +0200] "GET /impressum.html HTTP/1.0" 304 - "-" "Mozilla/5.0 (compatible; Qwantify/2.4w; +https://www.qwant.com/)/2.4w"
194.187.170.117 - - [04/Jun/2017:20:32:45 +0200] "GET /gotteslob/index.html HTTP/1.0" 304 - "-" "Mozilla/5.0 (compatible; Qwantify/2.4w; +https://www.qwant.com/)/2.4w"
194.187.170.117 - - [04/Jun/2017:20:38:58 +0200] "GET /sonderthemen/index.html HTTP/1.0" 304 - "-" "Mozilla/5.0 (compatible; Qwantify/2.4w; +https://www.qwant.com/)/2.4w"
194.187.170.117 - - [04/Jun/2017:20:45:18 +0200] "GET /cds/index.html HTTP/1.0" 304 - "-" "Mozilla/5.0 (compatible; Qwantify/2.4w; +https://www.qwant.com/)/2.4w"
195.133.48.150 - - [04/Jun/2017:20:45:34 +0200] "HEAD / HTTP/1.1" 200 - "http://commerage.ru/humor" "Mozilla/5.0 (compatible; MSIE2.00; Windows 2004)"
195.133.145.199 - - [04/Jun/2017:20:45:34 +0200] "HEAD / HTTP/1.1" 200 - "https://kidy.eu/catalog/baby-clothes/snowsuits/" "Mozilla/6.0 (compatible; MSIE4.00; Windows 2008)"
194.187.170.117 - - [04/Jun/2017:20:46:08 +0200] "GET /buecher/index.html HTTP/1.0" 304 - "-" "Mozilla/5.0 (compatible; Qwantify/2.4w; +https://www.qwant.com/)/2.4w"
195.133.147.89 - - [04/Jun/2017:20:46:24 +0200] "HEAD / HTTP/1.1" 200 - "https://stop-zavisimost.com/chernigov/" "Mozilla/3.0 (compatible; MSIE4.00; Windows 2002)"
194.87.238.17 - - [04/Jun/2017:20:46:45 +0200] "HEAD / HTTP/1.1" 200 - "https://gorodkotlov.ru/market/goods/kotly/tverdotoplivnye_kotly/kotly_kchm/tverdotoplivnyi_chugunnyi_kotel_kchm_kvr_0_24k_universal_rt_240_kvt/" "Mozilla/5.0 (compatible; MSIE4.00; Windows 2005)"
195.133.147.74 - - [04/Jun/2017:20:46:46 +0200] "HEAD / HTTP/1.1" 200 - "http://smartstore24.ru/" "Mozilla/4.0 (compatible; MSIE5.00; Windows 2003)"
194.67.210.77 - - [04/Jun/2017:20:56:03 +0200] "HEAD / HTTP/1.1" 200 - "http://lab-term.ru/kvarcevye-trubki.html" "Mozilla/2.0 (compatible; MSIE5.00; Windows 2006)"
185.125.219.134 - - [04/Jun/2017:20:56:04 +0200] "HEAD / HTTP/1.1" 200 - "http://ugtehagro.net/telezhka-dlya-transportirovki-zhatok/telezhka-dlya-zhatok-vtzh-odnoosnaya-ot-6-do-8-m.html" "Mozilla/3.0 (compatible; MSIE7.00; Windows 2006)"
193.124.190.64 - - [04/Jun/2017:20:56:04 +0200] "HEAD / HTTP/1.1" 200 - "https://www.informacionnaja-podderzhka-sajta.ru/podderzhka-i-razvitie-sajta.html" "Mozilla/3.0 (compatible; MSIE6.00; Windows 2003)"
193.124.131.168 - - [04/Jun/2017:20:57:37 +0200] "HEAD / HTTP/1.1" 200 - "http://ecogr.ru/" "Mozilla/8.0 (compatible; MSIE5.00; Windows 2006)"
194.87.234.246 - - [04/Jun/2017:21:00:47 +0200] "HEAD / HTTP/1.1" 200 - "http://cleaningservices.kiev.ua/tseni-na-uborku-kvartir" "Mozilla/4.0 (compatible; MSIE7.00; Windows 2007)"
85.25.210.234 - - [04/Jun/2017:21:05:38 +0200] "GET /robots.txt HTTP/1.1" 200 100 "-" "Mozilla/5.0 (compatible; seoscanners.net/1; +spider@seoscanners.net)"
85.25.210.234 - - [04/Jun/2017:21:05:38 +0200] "GET /sonderthemen/oeaz2001.pdf HTTP/1.1" 200 4496626 "-" "Mozilla/5.0 (compatible; seoscanners.net/1; +spider@seoscanners.net)"
185.5.249.185 - - [04/Jun/2017:21:07:30 +0200] "HEAD / HTTP/1.1" 200 - "http://dsk-baby-hit.ru/pages/detskii-sportivnyi-kompleks-v-g-kerch" "Mozilla/6.0 (compatible; MSIE3.00; Windows 2009)"
66.249.64.25 - - [04/Jun/2017:21:08:31 +0200] "GET /cds/hymnos_akathistos.html HTTP/1.1" 200 11061 "-" "Mozilla/5.0 (Linux; Android 6.0.1; Nexus 5X Build/MMB29P) AppleWebKit/537.36 (KHTML, like Gecko) Chrome/41.0.2272.96 Mobile Safari/537.36 (compatible; Googlebot/2.1; +http://www.google.com/bot.html)"
195.133.147.6 - - [04/Jun/2017:21:11:35 +0200] "HEAD / HTTP/1.1" 200 - "http://taromir.ru/news/zagovora_ubyvajushhuju_lunu/2017-02-22-772" "Mozilla/4.0 (compatible; MSIE7.00; Windows 2002)"
5.101.78.76 - - [04/Jun/2017:21:16:12 +0200] "HEAD / HTTP/1.1" 200 - "https://tigsochi.ru/vse-dlya-stroitelstva/instrumenty/montirovka-gvozdoder-i-dobojniki" "Mozilla/4.0 (compatible; MSIE6.00; Windows 2007)"
188.227.18.37 - - [04/Jun/2017:21:16:12 +0200] "HEAD / HTTP/1.1" 200 - "http://www.disprom.ru/svetodiodnaya-panel-ltd-85sol-5w-day-white.html" "Mozilla/7.0 (compatible; MSIE5.00; Windows 2006)"
194.187.170.117 - - [04/Jun/2017:21:19:23 +0200] "GET /index.html HTTP/1.0" 304 - "-" "Mozilla/5.0 (compatible; Qwantify/2.4w; +https://www.qwant.com/)/2.4w"
40.77.167.2 - - [04/Jun/2017:21:46:43 +0200] "GET /index.html HTTP/1.1" 200 9360 "-" "Mozilla/5.0 (iPhone; CPU iPhone OS 7_0 like Mac OS X) AppleWebKit/537.51.1 (KHTML, like Gecko) Version/7.0 Mobile/11A465 Safari/9537.53 (compatible; bingbot/2.0; +http://www.bing.com/bingbot.htm)"
178.159.39.237 - - [04/Jun/2017:21:54:24 +0200] "HEAD / HTTP/1.1" 200 - "https://artestom.ru/diagnostika-zubov/ortodonticheskaya-diagnostika-i-vnchs/" "Mozilla/5.0 (compatible; MSIE7.00; Windows 2004)"
185.154.13.6 - - [04/Jun/2017:21:54:28 +0200] "HEAD / HTTP/1.1" 200 - "https://ukrsmeta.ua/tehnichnij-naglyad-v-budivnitstvi-rekonstruktsiyi-kapitalnomu-remonti-zhitlovih-tsivilnih-i-virobnichih-obyektiv/" "Mozilla/8.0 (compatible; MSIE3.00; Windows 2006)"
77.220.213.173 - - [04/Jun/2017:21:54:31 +0200] "HEAD / HTTP/1.1" 200 - "https://insalesthemes.ru/blog/5-sposobov-povysheniya-loyal-nosti-klientov" "Mozilla/4.0 (compatible; MSIE6.00; Windows 2008)"
62.138.0.25 - - [04/Jun/2017:21:56:16 +0200] "GET /robots.txt HTTP/1.1" 200 100 "-" "Mozilla/5.0 (compatible; seoscanners.net/1; +spider@seoscanners.net)"
62.138.0.25 - - [04/Jun/2017:21:56:17 +0200] "GET /jahrbuch/titelseiten/1957.jpg HTTP/1.1" 200 12765 "-" "Mozilla/5.0 (compatible; seoscanners.net/1; +spider@seoscanners.net)"
164.132.161.94 - - [04/Jun/2017:21:56:42 +0200] "GET /buecher/rezensionen_nicht_auf_sand_gebaut.html HTTP/1.1" 200 6594 "-" "Mozilla/5.0 (compatible; AhrefsBot/5.2; +http://ahrefs.com/robot/)"
178.159.43.212 - - [04/Jun/2017:22:03:11 +0200] "HEAD / HTTP/1.1" 200 - "http://les54.ru/realizovannye-proekty/coy/" "Mozilla/7.0 (compatible; MSIE4.00; Windows 2005)"
62.138.0.25 - - [04/Jun/2017:22:12:05 +0200] "GET /cds/hymnos_k.jpg HTTP/1.1" 200 4986 "-" "Mozilla/5.0 (compatible; seoscanners.net/1; +spider@seoscanners.net)"
68.180.229.216 - - [04/Jun/2017:22:41:07 +0200] "GET /robots.txt HTTP/1.1" 200 100 "-" "Mozilla/5.0 (compatible; Yahoo! Slurp; http://help.yahoo.com/help/us/ysearch/slurp)"
68.180.229.216 - - [04/Jun/2017:22:41:08 +0200] "GET /sonderthemen/sk2004.pdf HTTP/1.1" 304 - "-" "Mozilla/5.0 (compatible; Yahoo! Slurp; http://help.yahoo.com/help/us/ysearch/slurp)"
40.77.178.247 - - [04/Jun/2017:22:47:54 +0200] "GET /main.css HTTP/1.1" 200 1439 "-" "Mozilla/5.0 (iPhone; CPU iPhone OS 7_0 like Mac OS X) AppleWebKit/537.51.1 (KHTML, like Gecko) Version/7.0 Mobile/11A465 Safari/9537.53 BingPreview/1.0b"
88.104.161.228 - - [04/Jun/2017:23:34:48 +0200] "GET /cds/rosarium.html HTTP/1.1" 200 6680 "http://www.skoczowski.de/html/gregorianik.html" "Mozilla/5.0 (Macintosh; Intel Mac OS X 10_12_5) AppleWebKit/537.36 (KHTML, like Gecko) Chrome/58.0.3029.110 Safari/537.36"
88.104.161.228 - - [04/Jun/2017:23:34:49 +0200] "GET /main.css HTTP/1.1" 200 1439 "http://www.morusverlag.de/cds/rosarium.html" "Mozilla/5.0 (Macintosh; Intel Mac OS X 10_12_5) AppleWebKit/537.36 (KHTML, like Gecko) Chrome/58.0.3029.110 Safari/537.36"
88.104.161.228 - - [04/Jun/2017:23:34:49 +0200] "GET /logo_g.gif HTTP/1.1" 200 1301 "http://www.morusverlag.de/cds/rosarium.html" "Mozilla/5.0 (Macintosh; Intel Mac OS X 10_12_5) AppleWebKit/537.36 (KHTML, like Gecko) Chrome/58.0.3029.110 Safari/537.36"
88.104.161.228 - - [04/Jun/2017:23:34:49 +0200] "GET /mv_g.gif HTTP/1.1" 200 4070 "http://www.morusverlag.de/cds/rosarium.html" "Mozilla/5.0 (Macintosh; Intel Mac OS X 10_12_5) AppleWebKit/537.36 (KHTML, like Gecko) Chrome/58.0.3029.110 Safari/537.36"
88.104.161.228 - - [04/Jun/2017:23:34:49 +0200] "GET /m.gif HTTP/1.1" 200 95 "http://www.morusverlag.de/cds/rosarium.html" "Mozilla/5.0 (Macintosh; Intel Mac OS X 10_12_5) AppleWebKit/537.36 (KHTML, like Gecko) Chrome/58.0.3029.110 Safari/537.36"
88.104.161.228 - - [04/Jun/2017:23:34:49 +0200] "GET /pf.gif HTTP/1.1" 200 62 "http://www.morusverlag.de/cds/rosarium.html" "Mozilla/5.0 (Macintosh; Intel Mac OS X 10_12_5) AppleWebKit/537.36 (KHTML, like Gecko) Chrome/58.0.3029.110 Safari/537.36"
88.104.161.228 - - [04/Jun/2017:23:34:49 +0200] "GET /cds/rosarium.jpg HTTP/1.1" 200 21032 "http://www.morusverlag.de/cds/rosarium.html" "Mozilla/5.0 (Macintosh; Intel Mac OS X 10_12_5) AppleWebKit/537.36 (KHTML, like Gecko) Chrome/58.0.3029.110 Safari/537.36"
88.104.161.228 - - [04/Jun/2017:23:34:49 +0200] "GET /strich.gif HTTP/1.1" 200 45 "http://www.morusverlag.de/cds/rosarium.html" "Mozilla/5.0 (Macintosh; Intel Mac OS X 10_12_5) AppleWebKit/537.36 (KHTML, like Gecko) Chrome/58.0.3029.110 Safari/537.36"
88.104.161.228 - - [04/Jun/2017:23:34:49 +0200] "GET /favicon.ico HTTP/1.1" 200 4286 "http://www.morusverlag.de/cds/rosarium.html" "Mozilla/5.0 (Macintosh; Intel Mac OS X 10_12_5) AppleWebKit/537.36 (KHTML, like Gecko) Chrome/58.0.3029.110 Safari/537.36"
66.249.64.24 - - [04/Jun/2017:23:36:59 +0200] "GET /cds/astazi_k.jpg HTTP/1.1" 304 - "-" "Googlebot-Image/1.0"
77.75.76.164 - - [05/Jun/2017:00:04:58 +0200] "GET /robots.txt HTTP/1.1" 200 100 "-" "Mozilla/5.0 (compatible; SeznamBot/3.2; +http://napoveda.seznam.cz/en/seznambot-intro/)"
77.75.76.164 - - [05/Jun/2017:00:04:59 +0200] "GET /cds/astazi.jpg HTTP/1.1" 304 - "-" "Mozilla/5.0 (compatible; SeznamBot/3.2; +http://napoveda.seznam.cz/en/seznambot-intro/)"
217.254.144.106 - - [05/Jun/2017:00:42:49 +0200] "GET /cds/ HTTP/1.1" 200 7987 "https://www.google.de/" "Mozilla/5.0 (iPhone; CPU iPhone OS 10_3_2 like Mac OS X) AppleWebKit/603.2.4 (KHTML, like Gecko) Version/10.0 Mobile/14F89 Safari/602.1"
217.254.144.106 - - [05/Jun/2017:00:42:50 +0200] "GET /m.gif HTTP/1.1" 200 95 "http://www.morusverlag.de/cds/" "Mozilla/5.0 (iPhone; CPU iPhone OS 10_3_2 like Mac OS X) AppleWebKit/603.2.4 (KHTML, like Gecko) Version/10.0 Mobile/14F89 Safari/602.1"
217.254.144.106 - - [05/Jun/2017:00:42:50 +0200] "GET /pf.gif HTTP/1.1" 200 62 "http://www.morusverlag.de/cds/" "Mozilla/5.0 (iPhone; CPU iPhone OS 10_3_2 like Mac OS X) AppleWebKit/603.2.4 (KHTML, like Gecko) Version/10.0 Mobile/14F89 Safari/602.1"
217.254.144.106 - - [05/Jun/2017:00:42:50 +0200] "GET /main.css HTTP/1.1" 200 1439 "http://www.morusverlag.de/cds/" "Mozilla/5.0 (iPhone; CPU iPhone OS 10_3_2 like Mac OS X) AppleWebKit/603.2.4 (KHTML, like Gecko) Version/10.0 Mobile/14F89 Safari/602.1"
217.254.144.106 - - [05/Jun/2017:00:42:50 +0200] "GET /mv_g.gif HTTP/1.1" 200 4070 "http://www.morusverlag.de/cds/" "Mozilla/5.0 (iPhone; CPU iPhone OS 10_3_2 like Mac OS X) AppleWebKit/603.2.4 (KHTML, like Gecko) Version/10.0 Mobile/14F89 Safari/602.1"
217.254.144.106 - - [05/Jun/2017:00:42:50 +0200] "GET /logo_g.gif HTTP/1.1" 200 1301 "http://www.morusverlag.de/cds/" "Mozilla/5.0 (iPhone; CPU iPhone OS 10_3_2 like Mac OS X) AppleWebKit/603.2.4 (KHTML, like Gecko) Version/10.0 Mobile/14F89 Safari/602.1"
217.254.144.106 - - [05/Jun/2017:00:42:50 +0200] "GET /cds/ignatius_k.jpg HTTP/1.1" 200 3965 "http://www.morusverlag.de/cds/" "Mozilla/5.0 (iPhone; CPU iPhone OS 10_3_2 like Mac OS X) AppleWebKit/603.2.4 (KHTML, like Gecko) Version/10.0 Mobile/14F89 Safari/602.1"
217.254.144.106 - - [05/Jun/2017:00:42:50 +0200] "GET /cds/rosarium_k.jpg HTTP/1.1" 200 3972 "http://www.morusverlag.de/cds/" "Mozilla/5.0 (iPhone; CPU iPhone OS 10_3_2 like Mac OS X) AppleWebKit/603.2.4 (KHTML, like Gecko) Version/10.0 Mobile/14F89 Safari/602.1"
217.254.144.106 - - [05/Jun/2017:00:42:50 +0200] "GET /cds/hymnos_k.jpg HTTP/1.1" 200 4986 "http://www.morusverlag.de/cds/" "Mozilla/5.0 (iPhone; CPU iPhone OS 10_3_2 like Mac OS X) AppleWebKit/603.2.4 (KHTML, like Gecko) Version/10.0 Mobile/14F89 Safari/602.1"
217.254.144.106 - - [05/Jun/2017:00:42:50 +0200] "GET /cds/glockenspiel1_k.jpg HTTP/1.1" 200 5641 "http://www.morusverlag.de/cds/" "Mozilla/5.0 (iPhone; CPU iPhone OS 10_3_2 like Mac OS X) AppleWebKit/603.2.4 (KHTML, like Gecko) Version/10.0 Mobile/14F89 Safari/602.1"
217.254.144.106 - - [05/Jun/2017:00:42:50 +0200] "GET /cds/glockenspiel2_k.jpg HTTP/1.1" 200 5265 "http://www.morusverlag.de/cds/" "Mozilla/5.0 (iPhone; CPU iPhone OS 10_3_2 like Mac OS X) AppleWebKit/603.2.4 (KHTML, like Gecko) Version/10.0 Mobile/14F89 Safari/602.1"
217.254.144.106 - - [05/Jun/2017:00:42:50 +0200] "GET /cds/lumina_k.jpg HTTP/1.1" 200 6053 "http://www.morusverlag.de/cds/" "Mozilla/5.0 (iPhone; CPU iPhone OS 10_3_2 like Mac OS X) AppleWebKit/603.2.4 (KHTML, like Gecko) Version/10.0 Mobile/14F89 Safari/602.1"
217.254.144.106 - - [05/Jun/2017:00:42:50 +0200] "GET /cds/astazi_k.jpg HTTP/1.1" 200 6049 "http://www.morusverlag.de/cds/" "Mozilla/5.0 (iPhone; CPU iPhone OS 10_3_2 like Mac OS X) AppleWebKit/603.2.4 (KHTML, like Gecko) Version/10.0 Mobile/14F89 Safari/602.1"
217.254.144.106 - - [05/Jun/2017:00:42:50 +0200] "GET /strich.gif HTTP/1.1" 200 45 "http://www.morusverlag.de/cds/" "Mozilla/5.0 (iPhone; CPU iPhone OS 10_3_2 like Mac OS X) AppleWebKit/603.2.4 (KHTML, like Gecko) Version/10.0 Mobile/14F89 Safari/602.1"
217.254.144.106 - - [05/Jun/2017:00:43:10 +0200] "GET /cds/hymnos_akathistos.html HTTP/1.1" 200 11061 "https://www.google.de/" "Mozilla/5.0 (iPhone; CPU iPhone OS 10_3_2 like Mac OS X) AppleWebKit/603.2.4 (KHTML, like Gecko) Version/10.0 Mobile/14F89 Safari/602.1"
217.254.144.106 - - [05/Jun/2017:00:43:11 +0200] "GET /cds/hymnos_heft.jpg HTTP/1.1" 200 8653 "http://www.morusverlag.de/cds/hymnos_akathistos.html" "Mozilla/5.0 (iPhone; CPU iPhone OS 10_3_2 like Mac OS X) AppleWebKit/603.2.4 (KHTML, like Gecko) Version/10.0 Mobile/14F89 Safari/602.1"
217.254.144.106 - - [05/Jun/2017:00:43:11 +0200] "GET /cds/hymnos.jpg HTTP/1.1" 200 27752 "http://www.morusverlag.de/cds/hymnos_akathistos.html" "Mozilla/5.0 (iPhone; CPU iPhone OS 10_3_2 like Mac OS X) AppleWebKit/603.2.4 (KHTML, like Gecko) Version/10.0 Mobile/14F89 Safari/602.1"
66.249.64.26 - - [05/Jun/2017:01:28:55 +0200] "GET /cds/rosarium_k.jpg HTTP/1.1" 304 - "-" "Googlebot-Image/1.0"
157.55.39.88 - - [05/Jun/2017:01:35:49 +0200] "GET /cds/lumina.html HTTP/1.1" 200 9000 "-" "Mozilla/5.0 (iPhone; CPU iPhone OS 7_0 like Mac OS X) AppleWebKit/537.51.1 (KHTML, like Gecko) Version/7.0 Mobile/11A465 Safari/9537.53 (compatible; bingbot/2.0; +http://www.bing.com/bingbot.htm)"
40.77.167.98 - - [05/Jun/2017:01:43:12 +0200] "GET /cds/hymnos_akathistos.html HTTP/1.1" 200 11061 "-" "Mozilla/5.0 (compatible; bingbot/2.0; +http://www.bing.com/bingbot.htm)"
40.77.167.2 - - [05/Jun/2017:01:43:40 +0200] "GET /robots.txt HTTP/1.1" 200 100 "-" "Mozilla/5.0 (compatible; bingbot/2.0; +http://www.bing.com/bingbot.htm)"
40.77.167.98 - - [05/Jun/2017:01:43:45 +0200] "GET /cds/simplay_player.swf?audiofile=lumina.mp3 HTTP/1.1" 200 6377 "-" "Mozilla/5.0 (iPhone; CPU iPhone OS 7_0 like Mac OS X) AppleWebKit/537.51.1 (KHTML, like Gecko) Version/7.0 Mobile/11A465 Safari/9537.53 (compatible; bingbot/2.0; +http://www.bing.com/bingbot.htm)"
40.77.167.98 - - [05/Jun/2017:01:43:45 +0200] "GET /cds/simplay_control.swf HTTP/1.1" 200 1243 "-" "Mozilla/5.0 (iPhone; CPU iPhone OS 7_0 like Mac OS X) AppleWebKit/537.51.1 (KHTML, like Gecko) Version/7.0 Mobile/11A465 Safari/9537.53 (compatible; bingbot/2.0; +http://www.bing.com/bingbot.htm)"
5.9.145.132 - - [05/Jun/2017:01:52:13 +0200] "GET /buecher/rezensionen_krise_zum_heil.html HTTP/1.1" 200 9828 "-" "Mozilla/5.0 (Windows NT 6.1; U;WOW64; de;rv:11.0) Gecko Firefox/11.0"
136.243.17.161 - - [05/Jun/2017:01:52:13 +0200] "GET /buecher/index.html HTTP/1.1" 200 25885 "-" "Mozilla/5.0 (Windows NT 6.1; WOW64; rv:18.0) Gecko/20100101 Firefox/18.0"
194.87.238.17 - - [05/Jun/2017:02:03:02 +0200] "HEAD / HTTP/1.1" 200 - "https://artestom.ru/restavraciya-zubov-spb/" "Mozilla/4.0 (compatible; MSIE7.00; Windows 2004)"
195.133.145.199 - - [05/Jun/2017:02:03:03 +0200] "HEAD / HTTP/1.1" 200 - "https://kidy.eu/catalog/brand/pinokio/collection/love-summer/" "Mozilla/6.0 (compatible; MSIE5.00; Windows 2004)"
193.124.131.168 - - [05/Jun/2017:02:03:04 +0200] "HEAD / HTTP/1.1" 200 - "https://www.informacionnaja-podderzhka-sajta.ru/yuzao.html" "Mozilla/2.0 (compatible; MSIE7.00; Windows 2003)"
195.133.147.74 - - [05/Jun/2017:02:03:05 +0200] "HEAD / HTTP/1.1" 200 - "http://ugtehagro.net/rapsovyj-stol-prisposoblenie-dlya-uborki-rapsa/rapsovyj-stol-pzr-s-transmissionnym-valom-dlya-vseh-vidov-ko.html" "Mozilla/2.0 (compatible; MSIE2.00; Windows 2008)"
195.133.48.150 - - [05/Jun/2017:02:03:05 +0200] "HEAD / HTTP/1.1" 200 - "http://cleaningservices.kiev.ua/tseni-na-moyku-okon" "Mozilla/2.0 (compatible; MSIE7.00; Windows 2003)"
194.87.234.246 - - [05/Jun/2017:02:03:05 +0200] "HEAD / HTTP/1.1" 200 - "https://stop-zavisimost.com/narkologicheskaya-pomoshh/" "Mozilla/4.0 (compatible; MSIE3.00; Windows 2005)"
195.133.147.89 - - [05/Jun/2017:02:03:07 +0200] "HEAD / HTTP/1.1" 200 - "http://les54.ru/realizovannye-proekty/banya-na-kryshe-v-n-elcovke/" "Mozilla/7.0 (compatible; MSIE7.00; Windows 2009)"
207.241.226.234 - - [05/Jun/2017:02:06:26 +0200] "GET /robots.txt HTTP/1.1" 200 100 "-" "Mozilla/5.0 (compatible; archive.org_bot; Wayback Machine Live Record; +http://archive.org/details/archive.org_bot)"
195.133.147.6 - - [05/Jun/2017:02:06:39 +0200] "HEAD / HTTP/1.1" 200 - "https://ukrsmeta.ua/skilki-koshtuye-pobuduvati-budinok-iz-pinoblokiv/" "Mozilla/7.0 (compatible; MSIE3.00; Windows 2006)"
193.124.190.64 - - [05/Jun/2017:02:12:38 +0200] "HEAD / HTTP/1.1" 200 - "http://lab-term.ru/cnol-vp.html" "Mozilla/7.0 (compatible; MSIE7.00; Windows 2009)"
194.67.210.77 - - [05/Jun/2017:02:12:38 +0200] "HEAD / HTTP/1.1" 200 - "http://metall-rnd.ru/demontazh-rezka-metalloloma/" "Mozilla/4.0 (compatible; MSIE6.00; Windows 2005)"
185.125.219.134 - - [05/Jun/2017:02:12:38 +0200] "HEAD / HTTP/1.1" 200 - "http://www.elpet.ru/blog/briar.html" "Mozilla/2.0 (compatible; MSIE2.00; Windows 2004)"
185.5.249.185 - - [05/Jun/2017:02:12:38 +0200] "HEAD / HTTP/1.1" 200 - "https://tigsochi.ru/vse-dlya-stroitelstva/santekhnika/biotualety-i-khimiya" "Mozilla/2.0 (compatible; MSIE2.00; Windows 2004)"
185.154.13.6 - - [05/Jun/2017:02:16:05 +0200] "HEAD / HTTP/1.1" 200 - "http://filosoff.org/tvorchestvo/" "Mozilla/5.0 (compatible; MSIE7.00; Windows 2002)"
178.159.39.237 - - [05/Jun/2017:02:16:05 +0200] "HEAD / HTTP/1.1" 200 - "http://diplomrf.info/diplom_doktora_nauk.html" "Mozilla/7.0 (compatible; MSIE6.00; Windows 2009)"
77.220.213.173 - - [05/Jun/2017:02:16:05 +0200] "HEAD / HTTP/1.1" 200 - "https://www.e-stroymart.kz/ru/catalog/85283-sifony_dla_vanny/" "Mozilla/8.0 (compatible; MSIE2.00; Windows 2005)"
178.159.43.212 - - [05/Jun/2017:02:21:13 +0200] "HEAD / HTTP/1.1" 200 - "http://dsk-baby-hit.ru/products/mat-sportswill-100-kh-50-kh-10-" "Mozilla/5.0 (compatible; MSIE6.00; Windows 2005)"
5.101.78.76 - - [05/Jun/2017:02:25:31 +0200] "HEAD / HTTP/1.1" 200 - "http://priemlomarostov.ru/price/" "Mozilla/7.0 (compatible; MSIE7.00; Windows 2006)"
188.227.18.37 - - [05/Jun/2017:02:25:32 +0200] "HEAD / HTTP/1.1" 200 - "http://rostovlom.ru/contakts/" "Mozilla/5.0 (compatible; MSIE2.00; Windows 2004)"
40.77.167.98 - - [05/Jun/2017:02:33:42 +0200] "GET / HTTP/1.1" 200 9360 "-" "Mozilla/5.0 (compatible; bingbot/2.0; +http://www.bing.com/bingbot.htm)"
65.55.210.197 - - [05/Jun/2017:02:44:50 +0200] "GET /main.css HTTP/1.1" 200 1439 "-" "Mozilla/5.0 (iPhone; CPU iPhone OS 7_0 like Mac OS X) AppleWebKit/537.51.1 (KHTML, like Gecko) Version/7.0 Mobile/11A465 Safari/9537.53 BingPreview/1.0b"
199.30.24.214 - - [05/Jun/2017:02:44:55 +0200] "GET /cds/simplaydata/controlconfig.xml?nocache=1496608567205 HTTP/1.1" 200 121 "-" "Mozilla/5.0 (iPhone; CPU iPhone OS 7_0 like Mac OS X) AppleWebKit/537.51.1 (KHTML, like Gecko) Version/7.0 Mobile/11A465 Safari/9537.53 BingPreview/1.0b"
40.77.167.98 - - [05/Jun/2017:02:50:31 +0200] "GET /cds/rosarium.html HTTP/1.1" 200 6680 "-" "Mozilla/5.0 (iPhone; CPU iPhone OS 7_0 like Mac OS X) AppleWebKit/537.51.1 (KHTML, like Gecko) Version/7.0 Mobile/11A465 Safari/9537.53 (compatible; bingbot/2.0; +http://www.bing.com/bingbot.htm)"
157.55.39.25 - - [05/Jun/2017:02:57:56 +0200] "GET /robots.txt HTTP/1.1" 200 100 "-" "Mozilla/5.0 (compatible; bingbot/2.0; +http://www.bing.com/bingbot.htm)"
40.77.167.98 - - [05/Jun/2017:02:57:57 +0200] "GET /cds/rosarium.jpg HTTP/1.1" 200 21032 "-" "Mozilla/5.0 (iPhone; CPU iPhone OS 7_0 like Mac OS X) AppleWebKit/537.51.1 (KHTML, like Gecko) Version/7.0 Mobile/11A465 Safari/9537.53 (compatible; bingbot/2.0; +http://www.bing.com/bingbot.htm)"
157.55.39.88 - - [05/Jun/2017:02:58:04 +0200] "GET /logo_g.gif HTTP/1.1" 200 1301 "-" "Mozilla/5.0 (iPhone; CPU iPhone OS 7_0 like Mac OS X) AppleWebKit/537.51.1 (KHTML, like Gecko) Version/7.0 Mobile/11A465 Safari/9537.53 (compatible; bingbot/2.0; +http://www.bing.com/bingbot.htm)"
157.55.39.88 - - [05/Jun/2017:02:58:04 +0200] "GET /pf.gif HTTP/1.1" 200 62 "-" "Mozilla/5.0 (iPhone; CPU iPhone OS 7_0 like Mac OS X) AppleWebKit/537.51.1 (KHTML, like Gecko) Version/7.0 Mobile/11A465 Safari/9537.53 (compatible; bingbot/2.0; +http://www.bing.com/bingbot.htm)"
40.77.167.2 - - [05/Jun/2017:02:58:09 +0200] "GET /cds/simplay_player.swf?audiofile=avemaria.mp3 HTTP/1.1" 200 6377 "-" "Mozilla/5.0 (iPhone; CPU iPhone OS 7_0 like Mac OS X) AppleWebKit/537.51.1 (KHTML, like Gecko) Version/7.0 Mobile/11A465 Safari/9537.53 (compatible; bingbot/2.0; +http://www.bing.com/bingbot.htm)"
40.77.167.2 - - [05/Jun/2017:02:58:10 +0200] "GET /m.gif HTTP/1.1" 200 95 "-" "Mozilla/5.0 (iPhone; CPU iPhone OS 7_0 like Mac OS X) AppleWebKit/537.51.1 (KHTML, like Gecko) Version/7.0 Mobile/11A465 Safari/9537.53 (compatible; bingbot/2.0; +http://www.bing.com/bingbot.htm)"
194.187.170.135 - - [05/Jun/2017:03:19:21 +0200] "GET /robots.txt HTTP/1.0" 200 100 "-" "Mozilla/5.0 (compatible; Qwantify/2.4w; +https://www.qwant.com/)/2.4w"
194.187.170.135 - - [05/Jun/2017:03:19:21 +0200] "GET /buecher/veroeffentlichungsliste.html HTTP/1.0" 304 - "-" "Mozilla/5.0 (compatible; Qwantify/2.4w; +https://www.qwant.com/)/2.4w"
194.187.170.135 - - [05/Jun/2017:03:26:39 +0200] "GET /jahrbuch/index.html HTTP/1.0" 304 - "-" "Mozilla/5.0 (compatible; Qwantify/2.4w; +https://www.qwant.com/)/2.4w"
40.77.167.2 - - [05/Jun/2017:03:32:12 +0200] "GET /gotteslob/index.html HTTP/1.1" 200 2770 "-" "Mozilla/5.0 (iPhone; CPU iPhone OS 7_0 like Mac OS X) AppleWebKit/537.51.1 (KHTML, like Gecko) Version/7.0 Mobile/11A465 Safari/9537.53 (compatible; bingbot/2.0; +http://www.bing.com/bingbot.htm)"
40.77.167.98 - - [05/Jun/2017:03:32:25 +0200] "GET /gotteslob/gotteslob_alle.jpg HTTP/1.1" 200 24560 "-" "Mozilla/5.0 (iPhone; CPU iPhone OS 7_0 like Mac OS X) AppleWebKit/537.51.1 (KHTML, like Gecko) Version/7.0 Mobile/11A465 Safari/9537.53 (compatible; bingbot/2.0; +http://www.bing.com/bingbot.htm)"
40.77.167.2 - - [05/Jun/2017:03:36:55 +0200] "GET /cds/index.html HTTP/1.1" 200 7987 "-" "Mozilla/5.0 (iPhone; CPU iPhone OS 7_0 like Mac OS X) AppleWebKit/537.51.1 (KHTML, like Gecko) Version/7.0 Mobile/11A465 Safari/9537.53 (compatible; bingbot/2.0; +http://www.bing.com/bingbot.htm)"
66.249.64.24 - - [05/Jun/2017:03:38:29 +0200] "GET /contentflow/contentflow.css HTTP/1.1" 200 3109 "http://www.morusverlag.de/buecher/" "Mozilla/5.0 (compatible; Googlebot/2.1; +http://www.google.com/bot.html)"
66.249.64.24 - - [05/Jun/2017:03:38:29 +0200] "GET /contentflow/mycontentflow.css HTTP/1.1" 404 2381 "http://www.morusverlag.de/buecher/" "Mozilla/5.0 (compatible; Googlebot/2.1; +http://www.google.com/bot.html)"
66.249.64.24 - - [05/Jun/2017:03:38:30 +0200] "GET /contentflow/ContentFlowAddOn_white.css HTTP/1.1" 200 3174 "http://www.morusverlag.de/buecher/" "Mozilla/5.0 (compatible; Googlebot/2.1; +http://www.google.com/bot.html)"
194.187.170.135 - - [05/Jun/2017:03:46:00 +0200] "GET /kontakt/index.html HTTP/1.0" 304 - "-" "Mozilla/5.0 (compatible; Qwantify/2.4w; +https://www.qwant.com/)/2.4w"
78.46.156.169 - - [05/Jun/2017:03:49:31 +0200] "GET /sonderthemen/az2000.pdf HTTP/1.1" 200 2253581 "-" "Mozilla/5.0 (Windows NT 5.0; rv:21.0) Gecko/20100101 Firefox/21.0"
78.46.156.169 - - [05/Jun/2017:03:49:31 +0200] "GET /sonderthemen/sk2000.pdf HTTP/1.1" 200 2925489 "-" "Mozilla/5.0 (Macintosh; Intel Mac OS X 10_6_8) AppleWebKit/534.58.2 (KHTML, like Gecko) Version/5.1.8 Safari/534.58.2"
199.30.24.253 - - [05/Jun/2017:03:59:06 +0200] "GET /cds/simplaydata/playerconfig.xml?nocache=1496627611501 HTTP/1.1" 200 149 "-" "Mozilla/5.0 (iPhone; CPU iPhone OS 7_0 like Mac OS X) AppleWebKit/537.51.1 (KHTML, like Gecko) Version/7.0 Mobile/11A465 Safari/9537.53 BingPreview/1.0b"
199.30.24.253 - - [05/Jun/2017:03:59:06 +0200] "GET /cds/simplaydata/controlconfig.xml?nocache=1496627611440 HTTP/1.1" 200 121 "-" "Mozilla/5.0 (iPhone; CPU iPhone OS 7_0 like Mac OS X) AppleWebKit/537.51.1 (KHTML, like Gecko) Version/7.0 Mobile/11A465 Safari/9537.53 BingPreview/1.0b"
199.30.24.253 - - [05/Jun/2017:03:59:07 +0200] "GET /cds/simplaydata/controlskins/default/skin.xml HTTP/1.1" 200 349 "-" "Mozilla/5.0 (iPhone; CPU iPhone OS 7_0 like Mac OS X) AppleWebKit/537.51.1 (KHTML, like Gecko) Version/7.0 Mobile/11A465 Safari/9537.53 BingPreview/1.0b"
199.30.24.253 - - [05/Jun/2017:03:59:07 +0200] "GET /cds/simplaydata/playerskins/default/skin.xml?nocache=1496627612511 HTTP/1.1" 200 649 "-" "Mozilla/5.0 (iPhone; CPU iPhone OS 7_0 like Mac OS X) AppleWebKit/537.51.1 (KHTML, like Gecko) Version/7.0 Mobile/11A465 Safari/9537.53 BingPreview/1.0b"
199.30.24.253 - - [05/Jun/2017:03:59:07 +0200] "GET /cds/simplaydata/controlskins/default/background.jpg HTTP/1.1" 200 772 "-" "Mozilla/5.0 (iPhone; CPU iPhone OS 7_0 like Mac OS X) AppleWebKit/537.51.1 (KHTML, like Gecko) Version/7.0 Mobile/11A465 Safari/9537.53 BingPreview/1.0b"
199.30.24.253 - - [05/Jun/2017:03:59:08 +0200] "GET /cds/simplaydata/controlskins/default/handle.jpg HTTP/1.1" 200 387 "-" "Mozilla/5.0 (iPhone; CPU iPhone OS 7_0 like Mac OS X) AppleWebKit/537.51.1 (KHTML, like Gecko) Version/7.0 Mobile/11A465 Safari/9537.53 BingPreview/1.0b"
199.30.24.253 - - [05/Jun/2017:03:59:08 +0200] "GET /cds/simplaydata/controlskins/default/on.jpg HTTP/1.1" 200 986 "-" "Mozilla/5.0 (iPhone; CPU iPhone OS 7_0 like Mac OS X) AppleWebKit/537.51.1 (KHTML, like Gecko) Version/7.0 Mobile/11A465 Safari/9537.53 BingPreview/1.0b"
199.30.24.253 - - [05/Jun/2017:03:59:08 +0200] "GET /cds/simplaydata/controlskins/default/off.jpg HTTP/1.1" 200 608 "-" "Mozilla/5.0 (iPhone; CPU iPhone OS 7_0 like Mac OS X) AppleWebKit/537.51.1 (KHTML, like Gecko) Version/7.0 Mobile/11A465 Safari/9537.53 BingPreview/1.0b"
199.30.24.253 - - [05/Jun/2017:03:59:08 +0200] "GET /cds/simplaydata/playerskins/default/background.jpg HTTP/1.1" 200 340 "-" "Mozilla/5.0 (iPhone; CPU iPhone OS 7_0 like Mac OS X) AppleWebKit/537.51.1 (KHTML, like Gecko) Version/7.0 Mobile/11A465 Safari/9537.53 BingPreview/1.0b"
199.30.24.253 - - [05/Jun/2017:03:59:09 +0200] "GET /cds/simplaydata/playerskins/default/play_up.jpg HTTP/1.1" 200 643 "-" "Mozilla/5.0 (iPhone; CPU iPhone OS 7_0 like Mac OS X) AppleWebKit/537.51.1 (KHTML, like Gecko) Version/7.0 Mobile/11A465 Safari/9537.53 BingPreview/1.0b"
199.30.24.253 - - [05/Jun/2017:03:59:09 +0200] "GET /cds/simplaydata/playerskins/default/play_over.jpg HTTP/1.1" 200 986 "-" "Mozilla/5.0 (iPhone; CPU iPhone OS 7_0 like Mac OS X) AppleWebKit/537.51.1 (KHTML, like Gecko) Version/7.0 Mobile/11A465 Safari/9537.53 BingPreview/1.0b"
199.30.24.253 - - [05/Jun/2017:03:59:09 +0200] "GET /cds/simplaydata/playerskins/default/play_down.jpg HTTP/1.1" 200 972 "-" "Mozilla/5.0 (iPhone; CPU iPhone OS 7_0 like Mac OS X) AppleWebKit/537.51.1 (KHTML, like Gecko) Version/7.0 Mobile/11A465 Safari/9537.53 BingPreview/1.0b"
199.30.24.253 - - [05/Jun/2017:03:59:09 +0200] "GET /cds/simplaydata/playerskins/default/pause_up.jpg HTTP/1.1" 200 649 "-" "Mozilla/5.0 (iPhone; CPU iPhone OS 7_0 like Mac OS X) AppleWebKit/537.51.1 (KHTML, like Gecko) Version/7.0 Mobile/11A465 Safari/9537.53 BingPreview/1.0b"
199.30.24.253 - - [05/Jun/2017:03:59:10 +0200] "GET /cds/simplaydata/playerskins/default/pause_over.jpg HTTP/1.1" 200 988 "-" "Mozilla/5.0 (iPhone; CPU iPhone OS 7_0 like Mac OS X) AppleWebKit/537.51.1 (KHTML, like Gecko) Version/7.0 Mobile/11A465 Safari/9537.53 BingPreview/1.0b"
199.30.24.253 - - [05/Jun/2017:03:59:10 +0200] "GET /cds/simplaydata/playerskins/default/pause_down.jpg HTTP/1.1" 200 939 "-" "Mozilla/5.0 (iPhone; CPU iPhone OS 7_0 like Mac OS X) AppleWebKit/537.51.1 (KHTML, like Gecko) Version/7.0 Mobile/11A465 Safari/9537.53 BingPreview/1.0b"
136.243.17.161 - - [05/Jun/2017:03:59:51 +0200] "GET /buecher/index.html HTTP/1.1" 200 25885 "-" "Mozilla/5.0 (Windows NT 6.1; WOW64) AppleWebKit/537.36 (KHTML, like Gecko) Chrome/27.0.1453.93 Safari/537.36"
88.99.27.172 - - [05/Jun/2017:03:59:51 +0200] "GET /buecher/ HTTP/1.1" 200 25885 "-" "Mozilla/5.0 (Windows NT 6.1; de;rv:12.0) Gecko/20120403211507 Firefox/12.0"
77.75.78.162 - - [05/Jun/2017:04:18:39 +0200] "GET /robots.txt HTTP/1.1" 200 100 "-" "Mozilla/5.0 (compatible; SeznamBot/3.2; +http://napoveda.seznam.cz/en/seznambot-intro/)"
77.75.78.162 - - [05/Jun/2017:04:18:39 +0200] "GET /sonderthemen/oekt_extra2.pdf HTTP/1.1" 304 - "-" "Mozilla/5.0 (compatible; SeznamBot/3.2; +http://napoveda.seznam.cz/en/seznambot-intro/)"
194.187.170.135 - - [05/Jun/2017:04:31:49 +0200] "GET /impressum.html HTTP/1.0" 304 - "-" "Mozilla/5.0 (compatible; Qwantify/2.4w; +https://www.qwant.com/)/2.4w"
40.77.178.165 - - [05/Jun/2017:04:33:40 +0200] "GET /logo_g.gif HTTP/1.1" 200 1301 "-" "Mozilla/5.0 (iPhone; CPU iPhone OS 7_0 like Mac OS X) AppleWebKit/537.51.1 (KHTML, like Gecko) Version/7.0 Mobile/11A465 Safari/9537.53 BingPreview/1.0b"
40.77.178.165 - - [05/Jun/2017:04:33:40 +0200] "GET /mv_g.gif HTTP/1.1" 200 4070 "-" "Mozilla/5.0 (iPhone; CPU iPhone OS 7_0 like Mac OS X) AppleWebKit/537.51.1 (KHTML, like Gecko) Version/7.0 Mobile/11A465 Safari/9537.53 BingPreview/1.0b"
40.77.178.165 - - [05/Jun/2017:04:34:13 +0200] "GET /strich.gif HTTP/1.1" 200 45 "-" "Mozilla/5.0 (iPhone; CPU iPhone OS 7_0 like Mac OS X) AppleWebKit/537.51.1 (KHTML, like Gecko) Version/7.0 Mobile/11A465 Safari/9537.53 BingPreview/1.0b"
194.187.170.135 - - [05/Jun/2017:04:34:34 +0200] "GET /gotteslob/index.html HTTP/1.0" 304 - "-" "Mozilla/5.0 (compatible; Qwantify/2.4w; +https://www.qwant.com/)/2.4w"
194.187.170.135 - - [05/Jun/2017:04:40:54 +0200] "GET /sonderthemen/index.html HTTP/1.0" 304 - "-" "Mozilla/5.0 (compatible; Qwantify/2.4w; +https://www.qwant.com/)/2.4w"
194.187.170.135 - - [05/Jun/2017:04:47:11 +0200] "GET /cds/index.html HTTP/1.0" 304 - "-" "Mozilla/5.0 (compatible; Qwantify/2.4w; +https://www.qwant.com/)/2.4w"
194.187.170.135 - - [05/Jun/2017:04:47:58 +0200] "GET /buecher/index.html HTTP/1.0" 304 - "-" "Mozilla/5.0 (compatible; Qwantify/2.4w; +https://www.qwant.com/)/2.4w"
193.1.218.163 - - [05/Jun/2017:04:58:34 +0200] "HEAD / HTTP/1.1" 200 - "-" "Java/1.6.0_23"
194.187.170.135 - - [05/Jun/2017:05:20:38 +0200] "GET /index.html HTTP/1.0" 304 - "-" "Mozilla/5.0 (compatible; Qwantify/2.4w; +https://www.qwant.com/)/2.4w"
85.25.210.234 - - [05/Jun/2017:06:17:49 +0200] "GET /robots.txt HTTP/1.1" 200 100 "-" "Mozilla/5.0 (compatible; seoscanners.net/1; +spider@seoscanners.net)"
85.25.210.234 - - [05/Jun/2017:06:17:49 +0200] "GET /jahrbuch/titelseiten/1979.jpg HTTP/1.1" 200 12108 "-" "Mozilla/5.0 (compatible; seoscanners.net/1; +spider@seoscanners.net)"
194.87.238.17 - - [05/Jun/2017:06:38:02 +0200] "HEAD / HTTP/1.1" 200 - "https://artestom.ru/lechenie-zubov-v-spb/lechenie-pulpita-v-spb/" "Mozilla/3.0 (compatible; MSIE6.00; Windows 2004)"
193.124.131.168 - - [05/Jun/2017:06:38:03 +0200] "HEAD / HTTP/1.1" 200 - "https://www.informacionnaja-podderzhka-sajta.ru/tsena-podderzhki-sajta.html" "Mozilla/3.0 (compatible; MSIE7.00; Windows 2009)"
195.133.48.150 - - [05/Jun/2017:06:38:04 +0200] "HEAD / HTTP/1.1" 200 - "http://cleaningservices.kiev.ua/tseni-na-moyku-okon" "Mozilla/7.0 (compatible; MSIE2.00; Windows 2006)"
195.133.145.199 - - [05/Jun/2017:06:38:04 +0200] "HEAD / HTTP/1.1" 200 - "https://kidy.eu/catalog/baby-clothes/bibs/" "Mozilla/2.0 (compatible; MSIE2.00; Windows 2003)"
195.133.147.89 - - [05/Jun/2017:06:38:05 +0200] "HEAD / HTTP/1.1" 200 - "http://les54.ru/bani/proekt-44/" "Mozilla/7.0 (compatible; MSIE7.00; Windows 2006)"
195.133.147.74 - - [05/Jun/2017:06:38:05 +0200] "HEAD / HTTP/1.1" 200 - "http://ugtehagro.net/zhatka-dlya-uborki-kukuruzy/zhatka-dlya-uborki-kukuruzy-kms-6.html" "Mozilla/7.0 (compatible; MSIE5.00; Windows 2003)"
193.124.190.64 - - [05/Jun/2017:06:38:06 +0200] "HEAD / HTTP/1.1" 200 - "http://lab-term.ru/teny.html" "Mozilla/2.0 (compatible; MSIE7.00; Windows 2007)"
185.125.219.134 - - [05/Jun/2017:06:38:06 +0200] "HEAD / HTTP/1.1" 200 - "http://www.elpet.ru/catalog/otpugivateli-sobak.html" "Mozilla/5.0 (compatible; MSIE7.00; Windows 2005)"
194.67.210.77 - - [05/Jun/2017:06:38:06 +0200] "HEAD / HTTP/1.1" 200 - "http://metall-rnd.ru/opt-beznal/" "Mozilla/6.0 (compatible; MSIE7.00; Windows 2007)"
185.5.249.185 - - [05/Jun/2017:06:38:06 +0200] "HEAD / HTTP/1.1" 200 - "https://tigsochi.ru/vse-dlya-sada/sadovaya-mebel" "Mozilla/3.0 (compatible; MSIE4.00; Windows 2007)"
195.133.147.6 - - [05/Jun/2017:06:38:07 +0200] "HEAD / HTTP/1.1" 200 - "https://ukrsmeta.ua/smeta-na-remont-kvartiry-pod-klyuch/" "Mozilla/5.0 (compatible; MSIE7.00; Windows 2006)"
194.87.234.246 - - [05/Jun/2017:06:38:07 +0200] "HEAD / HTTP/1.1" 200 - "https://stop-zavisimost.com/kodirovanie-ot-alkogolizma/" "Mozilla/8.0 (compatible; MSIE4.00; Windows 2008)"
77.220.213.173 - - [05/Jun/2017:06:45:54 +0200] "HEAD / HTTP/1.1" 200 - "https://www.e-stroymart.kz/ru/catalog/84635-gibkije_truby/" "Mozilla/7.0 (compatible; MSIE5.00; Windows 2008)"
178.159.39.237 - - [05/Jun/2017:06:45:54 +0200] "HEAD / HTTP/1.1" 200 - "http://diplomrf.info/proverka_diploma.html" "Mozilla/2.0 (compatible; MSIE5.00; Windows 2006)"
185.154.13.6 - - [05/Jun/2017:06:45:54 +0200] "HEAD / HTTP/1.1" 200 - "http://filosoff.org/tvorchestvo/" "Mozilla/4.0 (compatible; MSIE3.00; Windows 2004)"
88.99.27.172 - - [05/Jun/2017:06:51:55 +0200] "GET /sonderthemen/oekt_extra1.pdf HTTP/1.1" 200 1849015 "-" "Mozilla/5.0 (X11; Ubuntu; Linux x86_64; rv:14.0) Gecko/20100101 Firefox/14.0.1"
88.99.27.172 - - [05/Jun/2017:06:51:55 +0200] "GET /sonderthemen/az2003.pdf HTTP/1.1" 200 4864675 "-" "Mozilla/5.0 (Windows NT 6.1; WOW64) AppleWebKit/537.31 (KHTML, like Gecko) Chrome/26.0.1410.64 Safari/537.31"
5.101.78.76 - - [05/Jun/2017:06:54:14 +0200] "HEAD / HTTP/1.1" 200 - "http://priemlomarostov.ru/" "Mozilla/7.0 (compatible; MSIE7.00; Windows 2005)"
188.227.18.37 - - [05/Jun/2017:06:54:15 +0200] "HEAD / HTTP/1.1" 200 - "http://rostovlom.ru/" "Mozilla/8.0 (compatible; MSIE6.00; Windows 2007)"
68.180.229.216 - - [05/Jun/2017:06:55:57 +0200] "GET / HTTP/1.1" 304 - "-" "Mozilla/5.0 (compatible; Yahoo! Slurp; http://help.yahoo.com/help/us/ysearch/slurp)"
5.9.106.81 - - [05/Jun/2017:06:59:22 +0200] "GET /sonderthemen/oekt_extra3.pdf HTTP/1.1" 200 2109745 "-" "Mozilla/5.0 (X11; Ubuntu; Linux i686; rv:15.0) Gecko/20100101 Firefox/15.0.1"
178.159.43.212 - - [05/Jun/2017:07:00:12 +0200] "HEAD / HTTP/1.1" 200 - "http://dsk-baby-hit.ru/pages/detskii-sportivnyi-kompleks-v-g-dzerzhinsk" "Mozilla/6.0 (compatible; MSIE7.00; Windows 2006)"
5.9.17.118 - - [05/Jun/2017:07:03:27 +0200] "GET /sonderthemen/oeaz2002.pdf HTTP/1.1" 200 3161455 "-" "Mozilla/5.0 (Windows NT 6.1; WOW64; rv:11.0) Gecko Firefox/11.0"
5.9.17.118 - - [05/Jun/2017:07:03:27 +0200] "GET /sonderthemen/sk2002.pdf HTTP/1.1" 200 2628923 "-" "Mozilla/5.0 (Windows NT 5.1; rv:12.0) Gecko/20120403211507 Firefox/12.0"
66.249.64.25 - - [05/Jun/2017:07:23:29 +0200] "GET /robots.txt HTTP/1.1" 200 100 "-" "Mozilla/5.0 (compatible; Googlebot/2.1; +http://www.google.com/bot.html)"
66.249.64.25 - - [05/Jun/2017:07:23:29 +0200] "GET /cds/simplay_control.swf HTTP/1.1" 200 1243 "-" "Mozilla/5.0 (Linux; Android 6.0.1; Nexus 5X Build/MMB29P) AppleWebKit/537.36 (KHTML, like Gecko) Chrome/41.0.2272.96 Mobile Safari/537.36 (compatible; Googlebot/2.1; +http://www.google.com/bot.html)"
66.249.64.24 - - [05/Jun/2017:07:25:31 +0200] "GET /cds/hymnos_k.jpg HTTP/1.1" 304 - "-" "Googlebot-Image/1.0"
40.77.167.2 - - [05/Jun/2017:07:42:26 +0200] "GET /jahrbuch/index.html HTTP/1.1" 200 3956 "-" "Mozilla/5.0 (iPhone; CPU iPhone OS 7_0 like Mac OS X) AppleWebKit/537.51.1 (KHTML, like Gecko) Version/7.0 Mobile/11A465 Safari/9537.53 (compatible; bingbot/2.0; +http://www.bing.com/bingbot.htm)"
216.244.66.250 - - [05/Jun/2017:07:42:35 +0200] "GET /robots.txt HTTP/1.1" 200 100 "-" "Mozilla/5.0 (compatible; DotBot/1.1; http://www.opensiteexplorer.org/dotbot, help@moz.com)"
207.46.13.50 - - [05/Jun/2017:07:42:49 +0200] "GET /jahrbuch/jahrbuch.jpg HTTP/1.1" 200 11282 "-" "Mozilla/5.0 (iPhone; CPU iPhone OS 7_0 like Mac OS X) AppleWebKit/537.51.1 (KHTML, like Gecko) Version/7.0 Mobile/11A465 Safari/9537.53 (compatible; bingbot/2.0; +http://www.bing.com/bingbot.htm)"
216.244.66.198 - - [05/Jun/2017:07:43:10 +0200] "GET /robots.txt HTTP/1.1" 200 100 "-" "Mozilla/5.0 (compatible; DotBot/1.1; http://www.opensiteexplorer.org/dotbot, help@moz.com)"
51.255.65.15 - - [05/Jun/2017:07:54:56 +0200] "GET /sonderthemen/akademieprogramm/ HTTP/1.1" 404 2381 "-" "Mozilla/5.0 (compatible; AhrefsBot/5.2; +http://ahrefs.com/robot/)"
66.249.64.26 - - [05/Jun/2017:08:05:19 +0200] "GET /cds/hymnos.jpg HTTP/1.1" 304 - "-" "Googlebot-Image/1.0"
216.244.66.198 - - [05/Jun/2017:08:42:39 +0200] "GET /jahrbuch/bestellung.php HTTP/1.1" 200 10316 "-" "Mozilla/5.0 (compatible; DotBot/1.1; http://www.opensiteexplorer.org/dotbot, help@moz.com)"
131.253.25.178 - - [05/Jun/2017:08:43:44 +0200] "GET /pf.gif HTTP/1.1" 200 62 "-" "Mozilla/5.0 (iPhone; CPU iPhone OS 7_0 like Mac OS X) AppleWebKit/537.51.1 (KHTML, like Gecko) Version/7.0 Mobile/11A465 Safari/9537.53 BingPreview/1.0b"
78.46.156.169 - - [05/Jun/2017:08:45:28 +0200] "GET /buecher/index.html HTTP/1.1" 200 25885 "-" "Mozilla/5.0 (Macintosh; Intel Mac OS X 107) AppleWebKit/534.48.3 (KHTML like Gecko) Version/5.1 Safari/534.48.3"
88.99.27.172 - - [05/Jun/2017:08:45:28 +0200] "GET /buecher/ HTTP/1.1" 200 25885 "-" "Mozilla/5.0 (Windows NT 6.1; WOW64) AppleWebKit/537.11 (KHTML, like Gecko) Chrome/23.0.1271.97 Safari/537.11"
216.244.66.250 - - [05/Jun/2017:08:55:07 +0200] "GET /buecher/rezensionen.html HTTP/1.1" 200 6964 "-" "Mozilla/5.0 (compatible; DotBot/1.1; http://www.opensiteexplorer.org/dotbot, help@moz.com)"
62.138.0.25 - - [05/Jun/2017:08:58:35 +0200] "GET /robots.txt HTTP/1.1" 200 100 "-" "Mozilla/5.0 (compatible; seoscanners.net/1; +spider@seoscanners.net)"
62.138.0.25 - - [05/Jun/2017:08:58:35 +0200] "GET /sonderthemen/sk2000.pdf HTTP/1.1" 200 2925489 "-" "Mozilla/5.0 (compatible; seoscanners.net/1; +spider@seoscanners.net)"
159.203.160.140 - - [05/Jun/2017:09:19:24 +0200] "GET /robots.txt HTTP/1.1" 200 100 "-" "Mozilla/5.0 (compatible; spbot/5.0.3; +http://OpenLinkProfiler.org/bot )"
159.203.160.140 - - [05/Jun/2017:09:19:29 +0200] "GET / HTTP/1.1" 200 9360 "-" "Mozilla/5.0 (compatible; spbot/5.0.3; +http://OpenLinkProfiler.org/bot )"
159.203.160.140 - - [05/Jun/2017:09:19:31 +0200] "GET /impressum.html HTTP/1.1" 200 2808 "http://www.morusverlag.de/" "Mozilla/5.0 (compatible; spbot/5.0.3; +http://OpenLinkProfiler.org/bot )"
159.203.160.140 - - [05/Jun/2017:09:19:34 +0200] "GET /index.html HTTP/1.1" 200 9360 "http://www.morusverlag.de/impressum.html" "Mozilla/5.0 (compatible; spbot/5.0.3; +http://OpenLinkProfiler.org/bot )"
159.203.160.140 - - [05/Jun/2017:09:19:39 +0200] "GET /cds/index.html HTTP/1.1" 200 7987 "http://www.morusverlag.de/" "Mozilla/5.0 (compatible; spbot/5.0.3; +http://OpenLinkProfiler.org/bot )"
159.203.160.140 - - [05/Jun/2017:09:19:44 +0200] "GET /cds/astazi.html HTTP/1.1" 200 8453 "http://www.morusverlag.de/cds/index.html" "Mozilla/5.0 (compatible; spbot/5.0.3; +http://OpenLinkProfiler.org/bot )"
159.203.160.140 - - [05/Jun/2017:09:19:49 +0200] "GET /cds/lumina.html HTTP/1.1" 200 9000 "http://www.morusverlag.de/cds/index.html" "Mozilla/5.0 (compatible; spbot/5.0.3; +http://OpenLinkProfiler.org/bot )"
159.203.160.140 - - [05/Jun/2017:09:19:54 +0200] "GET /cds/rosarium.html HTTP/1.1" 200 6680 "http://www.morusverlag.de/" "Mozilla/5.0 (compatible; spbot/5.0.3; +http://OpenLinkProfiler.org/bot )"
159.203.160.140 - - [05/Jun/2017:09:19:59 +0200] "GET /cds/ignatius.html HTTP/1.1" 200 6576 "http://www.morusverlag.de/" "Mozilla/5.0 (compatible; spbot/5.0.3; +http://OpenLinkProfiler.org/bot )"
159.203.160.140 - - [05/Jun/2017:09:20:05 +0200] "GET /buecher/index.html HTTP/1.1" 200 25885 "http://www.morusverlag.de/" "Mozilla/5.0 (compatible; spbot/5.0.3; +http://OpenLinkProfiler.org/bot )"
159.203.160.140 - - [05/Jun/2017:09:20:09 +0200] "GET /kontakt/index.html HTTP/1.1" 200 2896 "http://www.morusverlag.de/" "Mozilla/5.0 (compatible; spbot/5.0.3; +http://OpenLinkProfiler.org/bot )"
159.203.160.140 - - [05/Jun/2017:09:20:14 +0200] "GET /jahrbuch/index.html HTTP/1.1" 200 3956 "http://www.morusverlag.de/" "Mozilla/5.0 (compatible; spbot/5.0.3; +http://OpenLinkProfiler.org/bot )"
159.203.160.140 - - [05/Jun/2017:09:20:20 +0200] "GET /gotteslob/index.html HTTP/1.1" 200 2770 "http://www.morusverlag.de/" "Mozilla/5.0 (compatible; spbot/5.0.3; +http://OpenLinkProfiler.org/bot )"
159.203.160.140 - - [05/Jun/2017:09:20:24 +0200] "GET /cds/glockenspiel2.html HTTP/1.1" 200 9831 "http://www.morusverlag.de/cds/index.html" "Mozilla/5.0 (compatible; spbot/5.0.3; +http://OpenLinkProfiler.org/bot )"
159.203.160.140 - - [05/Jun/2017:09:20:29 +0200] "GET /cds/glockenspiel1.html HTTP/1.1" 200 9736 "http://www.morusverlag.de/cds/index.html" "Mozilla/5.0 (compatible; spbot/5.0.3; +http://OpenLinkProfiler.org/bot )"
159.203.160.140 - - [05/Jun/2017:09:20:34 +0200] "GET /buecher/bestellung.php HTTP/1.1" 200 10142 "http://www.morusverlag.de/buecher/index.html" "Mozilla/5.0 (compatible; spbot/5.0.3; +http://OpenLinkProfiler.org/bot )"
159.203.160.140 - - [05/Jun/2017:09:20:39 +0200] "GET /jahrbuch/bestellung.php HTTP/1.1" 200 10316 "http://www.morusverlag.de/jahrbuch/index.html" "Mozilla/5.0 (compatible; spbot/5.0.3; +http://OpenLinkProfiler.org/bot )"
159.203.160.140 - - [05/Jun/2017:09:20:44 +0200] "GET /buecher/diskussion.html HTTP/1.1" 200 9925 "http://www.morusverlag.de/buecher/index.html" "Mozilla/5.0 (compatible; spbot/5.0.3; +http://OpenLinkProfiler.org/bot )"
159.203.160.140 - - [05/Jun/2017:09:20:49 +0200] "GET /sonderthemen/index.html HTTP/1.1" 200 7102 "http://www.morusverlag.de/" "Mozilla/5.0 (compatible; spbot/5.0.3; +http://OpenLinkProfiler.org/bot )"
159.203.160.140 - - [05/Jun/2017:09:20:54 +0200] "GET /sonderthemen/archiv.html HTTP/1.1" 200 6959 "http://www.morusverlag.de/sonderthemen/index.html" "Mozilla/5.0 (compatible; spbot/5.0.3; +http://OpenLinkProfiler.org/bot )"
159.203.160.140 - - [05/Jun/2017:09:20:59 +0200] "GET /sonderthemen/presse.html HTTP/1.1" 200 5772 "http://www.morusverlag.de/sonderthemen/index.html" "Mozilla/5.0 (compatible; spbot/5.0.3; +http://OpenLinkProfiler.org/bot )"
159.203.160.140 - - [05/Jun/2017:09:21:04 +0200] "GET /cds/hymnos_akathistos.html HTTP/1.1" 200 11061 "http://www.morusverlag.de/" "Mozilla/5.0 (compatible; spbot/5.0.3; +http://OpenLinkProfiler.org/bot )"
159.203.160.140 - - [05/Jun/2017:09:21:09 +0200] "GET /buecher/rezensionen_engel.html HTTP/1.1" 200 6598 "http://www.morusverlag.de/buecher/index.html" "Mozilla/5.0 (compatible; spbot/5.0.3; +http://OpenLinkProfiler.org/bot )"
159.203.160.140 - - [05/Jun/2017:09:21:14 +0200] "GET /buecher/rezensionen.html HTTP/1.1" 200 6964 "http://www.morusverlag.de/buecher/rezensionen_engel.html" "Mozilla/5.0 (compatible; spbot/5.0.3; +http://OpenLinkProfiler.org/bot )"
159.203.160.140 - - [05/Jun/2017:09:21:20 +0200] "GET /jahrbuch/titelseiten/index.html HTTP/1.1" 200 6735 "http://www.morusverlag.de/jahrbuch/index.html" "Mozilla/5.0 (compatible; spbot/5.0.3; +http://OpenLinkProfiler.org/bot )"
159.203.160.140 - - [05/Jun/2017:09:21:24 +0200] "GET /buecher/rezensionen_psalmen.html HTTP/1.1" 200 6787 "http://www.morusverlag.de/buecher/index.html" "Mozilla/5.0 (compatible; spbot/5.0.3; +http://OpenLinkProfiler.org/bot )"
159.203.160.140 - - [05/Jun/2017:09:21:29 +0200] "GET /buecher/rezensionen_ignatius.html HTTP/1.1" 200 8182 "http://www.morusverlag.de/cds/ignatius.html" "Mozilla/5.0 (compatible; spbot/5.0.3; +http://OpenLinkProfiler.org/bot )"
159.203.160.140 - - [05/Jun/2017:09:21:34 +0200] "GET /buecher/rezensionen_preysing.html HTTP/1.1" 200 9502 "http://www.morusverlag.de/buecher/index.html" "Mozilla/5.0 (compatible; spbot/5.0.3; +http://OpenLinkProfiler.org/bot )"
159.203.160.140 - - [05/Jun/2017:09:21:39 +0200] "GET /buecher/rezensionen_ungeteilt.html HTTP/1.1" 200 9764 "http://www.morusverlag.de/buecher/rezensionen.html" "Mozilla/5.0 (compatible; spbot/5.0.3; +http://OpenLinkProfiler.org/bot )"
159.203.160.140 - - [05/Jun/2017:09:21:44 +0200] "GET /buecher/veroeffentlichungsliste.html HTTP/1.1" 200 129779 "http://www.morusverlag.de/" "Mozilla/5.0 (compatible; spbot/5.0.3; +http://OpenLinkProfiler.org/bot )"
159.203.160.140 - - [05/Jun/2017:09:21:49 +0200] "GET /buecher/rezensionen_le_saulchoir.html HTTP/1.1" 200 34009 "http://www.morusverlag.de/buecher/index.html" "Mozilla/5.0 (compatible; spbot/5.0.3; +http://OpenLinkProfiler.org/bot )"
159.203.160.140 - - [05/Jun/2017:09:21:55 +0200] "GET /buecher/rezensionen_chateaubriand.html HTTP/1.1" 200 47317 "http://www.morusverlag.de/" "Mozilla/5.0 (compatible; spbot/5.0.3; +http://OpenLinkProfiler.org/bot )"
159.203.160.140 - - [05/Jun/2017:09:21:59 +0200] "GET /buecher/rezensionen_krise_zum_heil.html HTTP/1.1" 200 9828 "http://www.morusverlag.de/buecher/index.html" "Mozilla/5.0 (compatible; spbot/5.0.3; +http://OpenLinkProfiler.org/bot )"
159.203.160.140 - - [05/Jun/2017:09:22:05 +0200] "GET /buecher/rezensionen_nicht_auf_sand_gebaut.html HTTP/1.1" 200 6594 "http://www.morusverlag.de/buecher/index.html" "Mozilla/5.0 (compatible; spbot/5.0.3; +http://OpenLinkProfiler.org/bot )"
159.203.160.140 - - [05/Jun/2017:09:22:09 +0200] "GET /buecher/rezensionen_leiblichkeit_und_zeitlichkeit.html HTTP/1.1" 200 8821 "http://www.morusverlag.de/buecher/index.html" "Mozilla/5.0 (compatible; spbot/5.0.3; +http://OpenLinkProfiler.org/bot )"
85.25.210.41 - - [05/Jun/2017:09:41:03 +0200] "GET /robots.txt HTTP/1.1" 200 100 "-" "Mozilla/5.0 (compatible; seoscanners.net/1; +spider@seoscanners.net)"
85.25.210.41 - - [05/Jun/2017:09:41:04 +0200] "GET /jahrbuch/titelseiten/1991.jpg HTTP/1.1" 200 11857 "-" "Mozilla/5.0 (compatible; seoscanners.net/1; +spider@seoscanners.net)"
180.76.15.10 - - [05/Jun/2017:09:43:15 +0200] "GET / HTTP/1.1" 200 9360 "-" "Mozilla/5.0 (compatible; Baiduspider/2.0; +http://www.baidu.com/search/spider.html)"
5.9.17.118 - - [05/Jun/2017:10:18:20 +0200] "GET /sonderthemen/sk2000.pdf HTTP/1.1" 200 2925489 "-" "Mozilla/5.0 (Macintosh; Intel Mac OS X 1084) AppleWebKit/536.28.10 (KHTML like Gecko) Version/6.0.3 Safari/536.28.10"
84.200.57.134 - - [05/Jun/2017:10:21:35 +0200] "GET / HTTP/1.1" 200 9360 "-" "Mozilla/5.0 (Windows NT 6.1; WOW64) AppleWebKit/535.1 (KHTML, like Gecko) Chrome/14.0.835.187 Safari/535.1"
185.101.157.142 - - [05/Jun/2017:10:21:35 +0200] "GET / HTTP/1.1" 200 9360 "http://www.google.de/?source=mog&gl=de" "Mozilla/5.0 (Windows NT 6.1; WOW64) AppleWebKit/535.1 (KHTML, like Gecko) Chrome/14.0.835.187 Safari/535.1"
185.101.157.142 - - [05/Jun/2017:10:21:36 +0200] "GET / HTTP/1.1" 200 9360 "http://www.google.de/?source=mog&gl=de" "Mozilla/5.0 (Windows NT 6.1; WOW64) AppleWebKit/535.1 (KHTML, like Gecko) Chrome/14.0.835.187 Safari/535.1"
185.101.157.142 - - [05/Jun/2017:10:21:36 +0200] "GET / HTTP/1.1" 200 9360 "http://www.google.de/?source=mog&gl=de" "Mozilla/5.0 (Windows NT 6.1; WOW64) AppleWebKit/535.1 (KHTML, like Gecko) Chrome/14.0.835.187 Safari/535.1"
185.101.157.142 - - [05/Jun/2017:10:21:36 +0200] "GET /impressum.html HTTP/1.1" 200 2808 "http://www.morusverlag.de/" "Mozilla/4.0 (compatible; MSIE 6.0; Windows NT 5.1; SV1; MyIE2; FunWebProducts; MRA 4.7 (build 01670); .NET CLR 1.1.4322)"
185.101.157.142 - - [05/Jun/2017:10:21:37 +0200] "GET /kontakt/index.html HTTP/1.1" 200 2896 "http://www.morusverlag.de/" "Mozilla/5.0 (Windows; U; Windows NT 5.1; rv:1.9.1.8) Gecko/20100202 Firefox/3.5.8 (.NET CLR 3.5.30729)"
185.101.157.142 - - [05/Jun/2017:10:21:37 +0200] "GET / HTTP/1.1" 200 9360 "http://www.morusverlag.de/" "Mozilla/4.0 (compatible; MSIE 7.0; Windows NT 5.1; SBC; .NET CLR 1.1.4322)"
185.101.157.142 - - [05/Jun/2017:10:21:40 +0200] "GET / HTTP/1.1" 200 9360 "http://www.google.de" "Mozilla/5.0 (Windows NT 6.1; WOW64; rv:13.0) Gecko/20100101 Firefox/13.0.1"
194.87.238.17 - - [05/Jun/2017:11:11:31 +0200] "HEAD / HTTP/1.1" 200 - "https://artestom.ru/ortodontiya-v-spb/" "Mozilla/7.0 (compatible; MSIE2.00; Windows 2005)"
193.124.190.64 - - [05/Jun/2017:11:11:33 +0200] "HEAD / HTTP/1.1" 200 - "http://lab-term.ru/klimat-kamera.html" "Mozilla/5.0 (compatible; MSIE3.00; Windows 2008)"
185.5.249.185 - - [05/Jun/2017:11:11:33 +0200] "HEAD / HTTP/1.1" 200 - "https://tigsochi.ru/vse-dlya-sada/sadovaya-mebel/mebel-iz-iskusstvennogo-rotanga/bufety-iz-iskusstvennogo-rotanga" "Mozilla/3.0 (compatible; MSIE5.00; Windows 2009)"
185.125.219.134 - - [05/Jun/2017:11:11:33 +0200] "HEAD / HTTP/1.1" 200 - "http://www.elpet.ru/catalog/oshejniki-s-shipami.html" "Mozilla/5.0 (compatible; MSIE3.00; Windows 2008)"
195.133.145.199 - - [05/Jun/2017:11:11:34 +0200] "HEAD / HTTP/1.1" 200 - "https://kidy.eu/blog/new-minoti-collection-spring-summer-2017/" "Mozilla/5.0 (compatible; MSIE2.00; Windows 2007)"
195.133.48.150 - - [05/Jun/2017:11:11:34 +0200] "HEAD / HTTP/1.1" 200 - "http://cleaningservices.kiev.ua/tseni-na-uborku-kvartir" "Mozilla/6.0 (compatible; MSIE7.00; Windows 2002)"
