193.124.131.168 - - [20/Jun/2017:05:57:44 +0200] "HEAD / HTTP/1.1" 200 - "http://comission.net/planshetyi" "Mozilla/4.0 (compatible; MSIE7.00; Windows 2003)"
5.9.112.6 - - [20/Jun/2017:05:57:30 +0200] "GET /sonderthemen/oekz2003.pdf HTTP/1.1" 200 4017017 "-" "Mozilla/5.0 (Macintosh; Intel Mac OS X 10_6_8) AppleWebKit/534.58.2 (KHTML, like Gecko) Version/5.1.8 Safari/534.58.2"
5.9.112.6 - - [20/Jun/2017:05:57:45 +0200] "GET /sonderthemen/oekz2003.pdf HTTP/1.1" 200 4017017 "-" "Mozilla/5.0 (Macintosh; Intel Mac OS X 10_8) AppleWebKit/536.25 (KHTML, like Gecko) Version/6.0 Safari/536.25"
5.101.78.76 - - [20/Jun/2017:06:09:08 +0200] "HEAD / HTTP/1.1" 200 - "http://dobriylom.ru/" "Mozilla/4.0 (compatible; MSIE3.00; Windows 2003)"
188.227.18.37 - - [20/Jun/2017:06:09:08 +0200] "HEAD / HTTP/1.1" 200 - "http://metall-rostov.com/" "Mozilla/5.0 (compatible; MSIE6.00; Windows 2006)"
195.133.147.6 - - [20/Jun/2017:06:25:25 +0200] "HEAD / HTTP/1.1" 200 - "http://dobriylommetallolom.ru/utilizaciya-bytovoj-texniki/" "Mozilla/6.0 (compatible; MSIE3.00; Windows 2005)"
77.220.213.173 - - [20/Jun/2017:06:28:54 +0200] "HEAD / HTTP/1.1" 200 - "http://yoga4.ru/raspisanie-zanyatij.html" "Mozilla/5.0 (compatible; MSIE5.00; Windows 2007)"
178.159.39.237 - - [20/Jun/2017:06:28:54 +0200] "HEAD / HTTP/1.1" 200 - "http://noviyfilm.me/news/komedii/1-0-2" "Mozilla/2.0 (compatible; MSIE3.00; Windows 2004)"
185.154.13.6 - - [20/Jun/2017:06:28:57 +0200] "HEAD / HTTP/1.1" 200 - "http://mnogometalla.ru/product/provoloka_otsinkovannaya" "Mozilla/3.0 (compatible; MSIE5.00; Windows 2007)"
77.75.78.169 - - [20/Jun/2017:06:37:54 +0200] "GET /robots.txt HTTP/1.1" 200 100 "-" "Mozilla/5.0 (compatible; SeznamBot/3.2; +http://napoveda.seznam.cz/en/seznambot-intro/)"
77.75.78.169 - - [20/Jun/2017:06:37:54 +0200] "GET /cds/hymnos.jpg HTTP/1.1" 304 - "-" "Mozilla/5.0 (compatible; SeznamBot/3.2; +http://napoveda.seznam.cz/en/seznambot-intro/)"
178.159.43.212 - - [20/Jun/2017:06:45:01 +0200] "HEAD / HTTP/1.1" 200 - "http://mcdvo.com.ua/isma-strahovanie.html" "Mozilla/6.0 (compatible; MSIE3.00; Windows 2004)"
5.255.251.7 - - [20/Jun/2017:07:24:17 +0200] "GET /robots.txt HTTP/1.1" 200 100 "-" "Mozilla/5.0 (compatible; YandexBot/3.0; +http://yandex.com/bots)"
5.255.251.7 - - [20/Jun/2017:07:24:21 +0200] "GET /sonderthemen/sk2004_sz.jpg HTTP/1.1" 200 17884 "-" "Mozilla/5.0 (compatible; YandexImages/3.0; +http://yandex.com/bots)"
207.46.13.167 - - [20/Jun/2017:07:39:25 +0200] "GET /cds/rosarium.html HTTP/1.1" 200 6680 "-" "Mozilla/5.0 (iPhone; CPU iPhone OS 7_0 like Mac OS X) AppleWebKit/537.51.1 (KHTML, like Gecko) Version/7.0 Mobile/11A465 Safari/9537.53 (compatible; bingbot/2.0; +http://www.bing.com/bingbot.htm)"
207.46.13.167 - - [20/Jun/2017:07:39:41 +0200] "GET /cds/simplay_control.swf HTTP/1.1" 200 1243 "-" "Mozilla/5.0 (iPhone; CPU iPhone OS 7_0 like Mac OS X) AppleWebKit/537.51.1 (KHTML, like Gecko) Version/7.0 Mobile/11A465 Safari/9537.53 (compatible; bingbot/2.0; +http://www.bing.com/bingbot.htm)"
207.46.13.167 - - [20/Jun/2017:07:39:41 +0200] "GET /cds/rosarium.jpg HTTP/1.1" 200 21032 "-" "Mozilla/5.0 (iPhone; CPU iPhone OS 7_0 like Mac OS X) AppleWebKit/537.51.1 (KHTML, like Gecko) Version/7.0 Mobile/11A465 Safari/9537.53 (compatible; bingbot/2.0; +http://www.bing.com/bingbot.htm)"
40.77.167.33 - - [20/Jun/2017:07:39:44 +0200] "GET /m.gif HTTP/1.1" 200 95 "-" "Mozilla/5.0 (iPhone; CPU iPhone OS 7_0 like Mac OS X) AppleWebKit/537.51.1 (KHTML, like Gecko) Version/7.0 Mobile/11A465 Safari/9537.53 (compatible; bingbot/2.0; +http://www.bing.com/bingbot.htm)"
40.77.167.33 - - [20/Jun/2017:07:39:44 +0200] "GET /cds/simplay_player.swf?audiofile=avemaria.mp3 HTTP/1.1" 200 6377 "-" "Mozilla/5.0 (iPhone; CPU iPhone OS 7_0 like Mac OS X) AppleWebKit/537.51.1 (KHTML, like Gecko) Version/7.0 Mobile/11A465 Safari/9537.53 (compatible; bingbot/2.0; +http://www.bing.com/bingbot.htm)"
40.77.167.33 - - [20/Jun/2017:07:39:44 +0200] "GET /strich.gif HTTP/1.1" 200 45 "-" "Mozilla/5.0 (iPhone; CPU iPhone OS 7_0 like Mac OS X) AppleWebKit/537.51.1 (KHTML, like Gecko) Version/7.0 Mobile/11A465 Safari/9537.53 (compatible; bingbot/2.0; +http://www.bing.com/bingbot.htm)"
157.55.39.30 - - [20/Jun/2017:07:40:14 +0200] "GET /pf.gif HTTP/1.1" 200 62 "-" "Mozilla/5.0 (iPhone; CPU iPhone OS 7_0 like Mac OS X) AppleWebKit/537.51.1 (KHTML, like Gecko) Version/7.0 Mobile/11A465 Safari/9537.53 (compatible; bingbot/2.0; +http://www.bing.com/bingbot.htm)"
162.210.196.130 - - [20/Jun/2017:07:42:13 +0200] "GET /robots.txt HTTP/1.1" 200 100 "-" "Mozilla/5.0 (compatible; MJ12bot/v1.4.8; http://mj12bot.com/)"
162.210.196.130 - - [20/Jun/2017:07:42:17 +0200] "GET / HTTP/1.1" 200 9360 "-" "Mozilla/5.0 (compatible; MJ12bot/v1.4.8; http://mj12bot.com/)"
192.0.100.186 - - [20/Jun/2017:07:52:41 +0200] "GET /buecher/veroeffentlichungsliste.html HTTP/1.1" 200 129779 "-" "Mozilla/5.0 (X11; Linux x86_64) AppleWebKit/537.36 (KHTML, like Gecko) WordPress.com mShots Safari/537.36"
192.0.100.186 - - [20/Jun/2017:07:52:42 +0200] "GET /main.css HTTP/1.1" 200 1439 "http://www.morusverlag.de/buecher/veroeffentlichungsliste.html" "Mozilla/5.0 (X11; Linux x86_64) AppleWebKit/537.36 (KHTML, like Gecko) WordPress.com mShots Safari/537.36"
192.0.100.186 - - [20/Jun/2017:07:52:42 +0200] "GET /logo_g.gif HTTP/1.1" 200 1301 "http://www.morusverlag.de/buecher/veroeffentlichungsliste.html" "Mozilla/5.0 (X11; Linux x86_64) AppleWebKit/537.36 (KHTML, like Gecko) WordPress.com mShots Safari/537.36"
192.0.100.186 - - [20/Jun/2017:07:52:43 +0200] "GET /mv_g.gif HTTP/1.1" 200 4070 "http://www.morusverlag.de/buecher/veroeffentlichungsliste.html" "Mozilla/5.0 (X11; Linux x86_64) AppleWebKit/537.36 (KHTML, like Gecko) WordPress.com mShots Safari/537.36"
192.0.100.186 - - [20/Jun/2017:07:52:43 +0200] "GET /pf.gif HTTP/1.1" 200 62 "http://www.morusverlag.de/buecher/veroeffentlichungsliste.html" "Mozilla/5.0 (X11; Linux x86_64) AppleWebKit/537.36 (KHTML, like Gecko) WordPress.com mShots Safari/537.36"
192.0.100.186 - - [20/Jun/2017:07:52:43 +0200] "GET /strich.gif HTTP/1.1" 200 45 "http://www.morusverlag.de/buecher/veroeffentlichungsliste.html" "Mozilla/5.0 (X11; Linux x86_64) AppleWebKit/537.36 (KHTML, like Gecko) WordPress.com mShots Safari/537.36"
180.76.15.31 - - [20/Jun/2017:07:54:43 +0200] "GET /sonderthemen/oekz2003.pdf HTTP/1.1" 200 4017017 "-" "Mozilla/5.0 (compatible; Baiduspider/2.0; +http://www.baidu.com/search/spider.html)"
85.25.210.234 - - [20/Jun/2017:08:17:28 +0200] "GET /robots.txt HTTP/1.1" 200 100 "-" "Mozilla/5.0 (compatible; seoscanners.net/1; +spider@seoscanners.net)"
85.25.210.234 - - [20/Jun/2017:08:17:28 +0200] "GET /cds/glockenspiel1.jpg HTTP/1.1" 200 28614 "-" "Mozilla/5.0 (compatible; seoscanners.net/1; +spider@seoscanners.net)"
157.55.2.153 - - [20/Jun/2017:08:40:40 +0200] "GET /cds/simplaydata/playerconfig.xml?nocache=1497940459368 HTTP/1.1" 200 149 "http://www.morusverlag.de/cds/simplay_player.swf?audiofile=avemaria.mp3" "Mozilla/5.0 (iPhone; CPU iPhone OS 7_0 like Mac OS X) AppleWebKit/537.51.1 (KHTML, like Gecko) Version/7.0 Mobile/11A465 Safari/9537.53 BingPreview/1.0b"
157.55.2.153 - - [20/Jun/2017:08:40:40 +0200] "GET /cds/simplaydata/controlconfig.xml?nocache=1497940459300 HTTP/1.1" 200 121 "http://www.morusverlag.de/cds/simplay_control.swf" "Mozilla/5.0 (iPhone; CPU iPhone OS 7_0 like Mac OS X) AppleWebKit/537.51.1 (KHTML, like Gecko) Version/7.0 Mobile/11A465 Safari/9537.53 BingPreview/1.0b"
157.55.2.153 - - [20/Jun/2017:08:40:40 +0200] "GET /cds/simplaydata/playerskins/default/skin.xml?nocache=1497940460038 HTTP/1.1" 200 649 "http://www.morusverlag.de/cds/simplay_player.swf?audiofile=avemaria.mp3" "Mozilla/5.0 (iPhone; CPU iPhone OS 7_0 like Mac OS X) AppleWebKit/537.51.1 (KHTML, like Gecko) Version/7.0 Mobile/11A465 Safari/9537.53 BingPreview/1.0b"
157.55.2.153 - - [20/Jun/2017:08:40:40 +0200] "GET /cds/simplaydata/controlskins/default/skin.xml HTTP/1.1" 200 349 "http://www.morusverlag.de/cds/simplay_control.swf" "Mozilla/5.0 (iPhone; CPU iPhone OS 7_0 like Mac OS X) AppleWebKit/537.51.1 (KHTML, like Gecko) Version/7.0 Mobile/11A465 Safari/9537.53 BingPreview/1.0b"
157.55.2.153 - - [20/Jun/2017:08:40:41 +0200] "GET /cds/simplaydata/playerskins/default/background.jpg HTTP/1.1" 200 340 "http://www.morusverlag.de/cds/simplay_player.swf?audiofile=avemaria.mp3" "Mozilla/5.0 (iPhone; CPU iPhone OS 7_0 like Mac OS X) AppleWebKit/537.51.1 (KHTML, like Gecko) Version/7.0 Mobile/11A465 Safari/9537.53 BingPreview/1.0b"
157.55.2.153 - - [20/Jun/2017:08:40:41 +0200] "GET /cds/simplaydata/playerskins/default/play_up.jpg HTTP/1.1" 200 643 "http://www.morusverlag.de/cds/simplay_player.swf?audiofile=avemaria.mp3" "Mozilla/5.0 (iPhone; CPU iPhone OS 7_0 like Mac OS X) AppleWebKit/537.51.1 (KHTML, like Gecko) Version/7.0 Mobile/11A465 Safari/9537.53 BingPreview/1.0b"
157.55.2.153 - - [20/Jun/2017:08:40:41 +0200] "GET /cds/simplaydata/playerskins/default/play_over.jpg HTTP/1.1" 200 986 "http://www.morusverlag.de/cds/simplay_player.swf?audiofile=avemaria.mp3" "Mozilla/5.0 (iPhone; CPU iPhone OS 7_0 like Mac OS X) AppleWebKit/537.51.1 (KHTML, like Gecko) Version/7.0 Mobile/11A465 Safari/9537.53 BingPreview/1.0b"
157.55.2.153 - - [20/Jun/2017:08:40:41 +0200] "GET /cds/simplaydata/playerskins/default/pause_up.jpg HTTP/1.1" 200 649 "http://www.morusverlag.de/cds/simplay_player.swf?audiofile=avemaria.mp3" "Mozilla/5.0 (iPhone; CPU iPhone OS 7_0 like Mac OS X) AppleWebKit/537.51.1 (KHTML, like Gecko) Version/7.0 Mobile/11A465 Safari/9537.53 BingPreview/1.0b"
157.55.2.153 - - [20/Jun/2017:08:40:41 +0200] "GET /cds/simplaydata/playerskins/default/play_down.jpg HTTP/1.1" 200 972 "http://www.morusverlag.de/cds/simplay_player.swf?audiofile=avemaria.mp3" "Mozilla/5.0 (iPhone; CPU iPhone OS 7_0 like Mac OS X) AppleWebKit/537.51.1 (KHTML, like Gecko) Version/7.0 Mobile/11A465 Safari/9537.53 BingPreview/1.0b"
157.55.2.153 - - [20/Jun/2017:08:40:41 +0200] "GET /cds/simplaydata/playerskins/default/pause_over.jpg HTTP/1.1" 200 988 "http://www.morusverlag.de/cds/simplay_player.swf?audiofile=avemaria.mp3" "Mozilla/5.0 (iPhone; CPU iPhone OS 7_0 like Mac OS X) AppleWebKit/537.51.1 (KHTML, like Gecko) Version/7.0 Mobile/11A465 Safari/9537.53 BingPreview/1.0b"
157.55.2.153 - - [20/Jun/2017:08:40:41 +0200] "GET /cds/simplaydata/playerskins/default/pause_down.jpg HTTP/1.1" 200 939 "http://www.morusverlag.de/cds/simplay_player.swf?audiofile=avemaria.mp3" "Mozilla/5.0 (iPhone; CPU iPhone OS 7_0 like Mac OS X) AppleWebKit/537.51.1 (KHTML, like Gecko) Version/7.0 Mobile/11A465 Safari/9537.53 BingPreview/1.0b"
157.55.2.153 - - [20/Jun/2017:08:40:41 +0200] "GET /cds/simplaydata/controlskins/default/background.jpg HTTP/1.1" 200 772 "http://www.morusverlag.de/cds/simplay_control.swf" "Mozilla/5.0 (iPhone; CPU iPhone OS 7_0 like Mac OS X) AppleWebKit/537.51.1 (KHTML, like Gecko) Version/7.0 Mobile/11A465 Safari/9537.53 BingPreview/1.0b"
157.55.2.153 - - [20/Jun/2017:08:40:41 +0200] "GET /cds/simplaydata/controlskins/default/handle.jpg HTTP/1.1" 200 387 "http://www.morusverlag.de/cds/simplay_control.swf" "Mozilla/5.0 (iPhone; CPU iPhone OS 7_0 like Mac OS X) AppleWebKit/537.51.1 (KHTML, like Gecko) Version/7.0 Mobile/11A465 Safari/9537.53 BingPreview/1.0b"
157.55.2.153 - - [20/Jun/2017:08:40:41 +0200] "GET /cds/simplaydata/controlskins/default/on.jpg HTTP/1.1" 200 986 "http://www.morusverlag.de/cds/simplay_control.swf" "Mozilla/5.0 (iPhone; CPU iPhone OS 7_0 like Mac OS X) AppleWebKit/537.51.1 (KHTML, like Gecko) Version/7.0 Mobile/11A465 Safari/9537.53 BingPreview/1.0b"
157.55.2.153 - - [20/Jun/2017:08:40:41 +0200] "GET /cds/simplaydata/controlskins/default/off.jpg HTTP/1.1" 200 608 "http://www.morusverlag.de/cds/simplay_control.swf" "Mozilla/5.0 (iPhone; CPU iPhone OS 7_0 like Mac OS X) AppleWebKit/537.51.1 (KHTML, like Gecko) Version/7.0 Mobile/11A465 Safari/9537.53 BingPreview/1.0b"
157.55.2.153 - - [20/Jun/2017:08:40:41 +0200] "GET /cds/simplaydata/controlconfig.xml?nocache=1497940460360 HTTP/1.1" 200 121 "http://www.morusverlag.de/cds/simplay_control.swf" "Mozilla/5.0 (iPhone; CPU iPhone OS 7_0 like Mac OS X) AppleWebKit/537.51.1 (KHTML, like Gecko) Version/7.0 Mobile/11A465 Safari/9537.53 BingPreview/1.0b"
157.55.2.153 - - [20/Jun/2017:08:40:42 +0200] "GET /cds/simplaydata/controlconfig.xml?nocache=1497940461414 HTTP/1.1" 200 121 "http://www.morusverlag.de/cds/simplay_control.swf" "Mozilla/5.0 (iPhone; CPU iPhone OS 7_0 like Mac OS X) AppleWebKit/537.51.1 (KHTML, like Gecko) Version/7.0 Mobile/11A465 Safari/9537.53 BingPreview/1.0b"
157.55.2.153 - - [20/Jun/2017:08:40:42 +0200] "GET /cds/simplaydata/controlconfig.xml?nocache=1497940461818 HTTP/1.1" 200 121 "http://www.morusverlag.de/cds/simplay_control.swf" "Mozilla/5.0 (iPhone; CPU iPhone OS 7_0 like Mac OS X) AppleWebKit/537.51.1 (KHTML, like Gecko) Version/7.0 Mobile/11A465 Safari/9537.53 BingPreview/1.0b"
157.55.2.153 - - [20/Jun/2017:08:40:43 +0200] "GET /cds/simplaydata/controlconfig.xml?nocache=1497940462215 HTTP/1.1" 200 121 "http://www.morusverlag.de/cds/simplay_control.swf" "Mozilla/5.0 (iPhone; CPU iPhone OS 7_0 like Mac OS X) AppleWebKit/537.51.1 (KHTML, like Gecko) Version/7.0 Mobile/11A465 Safari/9537.53 BingPreview/1.0b"
157.55.2.153 - - [20/Jun/2017:08:40:43 +0200] "GET /cds/simplaydata/controlconfig.xml?nocache=1497940462615 HTTP/1.1" 200 121 "http://www.morusverlag.de/cds/simplay_control.swf" "Mozilla/5.0 (iPhone; CPU iPhone OS 7_0 like Mac OS X) AppleWebKit/537.51.1 (KHTML, like Gecko) Version/7.0 Mobile/11A465 Safari/9537.53 BingPreview/1.0b"
51.255.65.50 - - [20/Jun/2017:09:09:49 +0200] "GET /sonderthemen/sk2004_s01.pdf HTTP/1.1" 200 162742 "-" "Mozilla/5.0 (compatible; AhrefsBot/5.2; +http://ahrefs.com/robot/)"
88.99.27.172 - - [20/Jun/2017:09:23:10 +0200] "GET /buecher/rezensionen_le_saulchoir.html HTTP/1.1" 200 34009 "-" "Mozilla/5.0 (X11; Ubuntu; Linux x86_64; rv:21.0) Gecko/20130331 Firefox/21.0"
194.67.210.77 - - [20/Jun/2017:09:35:33 +0200] "HEAD / HTTP/1.1" 200 - "http://priem-metalloloma-rostov.ru/" "Mozilla/8.0 (compatible; MSIE7.00; Windows 2007)"
193.124.190.64 - - [20/Jun/2017:09:35:33 +0200] "HEAD / HTTP/1.1" 200 - "http://wallgallery.org/animals" "Mozilla/2.0 (compatible; MSIE5.00; Windows 2008)"
185.125.219.134 - - [20/Jun/2017:09:35:33 +0200] "HEAD / HTTP/1.1" 200 - "http://xn--23-6kcau0fta.xn--p1ai/montazh-pod-klinker" "Mozilla/8.0 (compatible; MSIE3.00; Windows 2009)"
193.124.131.168 - - [20/Jun/2017:09:44:09 +0200] "HEAD / HTTP/1.1" 200 - "http://comission.net/turpalatki" "Mozilla/3.0 (compatible; MSIE4.00; Windows 2007)"
185.5.249.185 - - [20/Jun/2017:09:44:45 +0200] "HEAD / HTTP/1.1" 200 - "https://www.reskladchik.com/forums/novosti-i-objavlenija.3/" "Mozilla/2.0 (compatible; MSIE4.00; Windows 2008)"
5.101.78.76 - - [20/Jun/2017:09:54:24 +0200] "HEAD / HTTP/1.1" 200 - "http://dobriylom.ru/demontazh-metallicheskix-konstrukcij/" "Mozilla/6.0 (compatible; MSIE6.00; Windows 2002)"
188.227.18.37 - - [20/Jun/2017:09:54:25 +0200] "HEAD / HTTP/1.1" 200 - "http://metall-rostov.com/" "Mozilla/4.0 (compatible; MSIE5.00; Windows 2009)"
207.46.13.167 - - [20/Jun/2017:10:09:49 +0200] "GET /buecher/ HTTP/1.1" 304 - "-" "Mozilla/5.0 (compatible; bingbot/2.0; +http://www.bing.com/bingbot.htm)"
195.133.147.6 - - [20/Jun/2017:10:21:05 +0200] "HEAD / HTTP/1.1" 200 - "http://dobriylommetallolom.ru/skupka-metalloloma/" "Mozilla/3.0 (compatible; MSIE5.00; Windows 2004)"
66.249.76.108 - - [20/Jun/2017:10:24:03 +0200] "GET /robots.txt HTTP/1.1" 200 100 "-" "Mozilla/5.0 (compatible; Googlebot/2.1; +http://www.google.com/bot.html)"
66.249.76.109 - - [20/Jun/2017:10:24:03 +0200] "GET /index.html HTTP/1.1" 200 9360 "-" "Mozilla/5.0 (Linux; Android 6.0.1; Nexus 5X Build/MMB29P) AppleWebKit/537.36 (KHTML, like Gecko) Chrome/41.0.2272.96 Mobile Safari/537.36 (compatible; Googlebot/2.1; +http://www.google.com/bot.html)"
185.154.13.6 - - [20/Jun/2017:10:34:16 +0200] "HEAD / HTTP/1.1" 200 - "http://mnogometalla.ru/product/krug_nerzhaveyuschiy" "Mozilla/2.0 (compatible; MSIE6.00; Windows 2002)"
178.159.39.237 - - [20/Jun/2017:10:34:29 +0200] "HEAD / HTTP/1.1" 200 - "http://noviyfilm.me/news/prikljuchenija/1-0-16" "Mozilla/8.0 (compatible; MSIE3.00; Windows 2007)"
77.220.213.173 - - [20/Jun/2017:10:39:22 +0200] "HEAD / HTTP/1.1" 200 - "http://yoga4.ru/joga-dlya-beremennyix-v-novosibirske.html" "Mozilla/3.0 (compatible; MSIE3.00; Windows 2009)"
178.159.43.212 - - [20/Jun/2017:10:53:01 +0200] "HEAD / HTTP/1.1" 200 - "http://mcdvo.com.ua/edu-latviya.html" "Mozilla/7.0 (compatible; MSIE5.00; Windows 2003)"
66.249.76.108 - - [20/Jun/2017:11:06:51 +0200] "GET / HTTP/1.1" 200 9360 "-" "Mozilla/5.0 (compatible; Googlebot/2.1; +http://www.google.com/bot.html)"
66.249.76.108 - - [20/Jun/2017:11:11:56 +0200] "GET /buecher/index.html HTTP/1.1" 200 25885 "-" "Mozilla/5.0 (Linux; Android 6.0.1; Nexus 5X Build/MMB29P) AppleWebKit/537.36 (KHTML, like Gecko) Chrome/41.0.2272.96 Mobile Safari/537.36 (compatible; Googlebot/2.1; +http://www.google.com/bot.html)"
68.180.229.216 - - [20/Jun/2017:11:42:31 +0200] "GET /robots.txt HTTP/1.1" 200 100 "-" "Mozilla/5.0 (compatible; Yahoo! Slurp; http://help.yahoo.com/help/us/ysearch/slurp)"
68.180.229.216 - - [20/Jun/2017:11:42:32 +0200] "GET /sonderthemen/sk2001.pdf HTTP/1.1" 200 3098589 "-" "Mozilla/5.0 (compatible; Yahoo! Slurp; http://help.yahoo.com/help/us/ysearch/slurp)"
68.180.229.216 - - [20/Jun/2017:11:43:08 +0200] "GET /sonderthemen/az2000.pdf HTTP/1.1" 200 2253581 "-" "Mozilla/5.0 (compatible; Yahoo! Slurp; http://help.yahoo.com/help/us/ysearch/slurp)"
68.180.229.216 - - [20/Jun/2017:11:43:39 +0200] "GET /sonderthemen/az1999.pdf HTTP/1.1" 200 1842982 "-" "Mozilla/5.0 (compatible; Yahoo! Slurp; http://help.yahoo.com/help/us/ysearch/slurp)"
68.180.229.216 - - [20/Jun/2017:11:45:44 +0200] "GET /sonderthemen/sk2000.pdf HTTP/1.1" 200 2925489 "-" "Mozilla/5.0 (compatible; Yahoo! Slurp; http://help.yahoo.com/help/us/ysearch/slurp)"
66.249.76.107 - - [20/Jun/2017:11:52:57 +0200] "GET /kontakt/index.html HTTP/1.1" 200 2896 "-" "Mozilla/5.0 (Linux; Android 6.0.1; Nexus 5X Build/MMB29P) AppleWebKit/537.36 (KHTML, like Gecko) Chrome/41.0.2272.96 Mobile Safari/537.36 (compatible; Googlebot/2.1; +http://www.google.com/bot.html)"
66.249.76.108 - - [20/Jun/2017:12:33:39 +0200] "GET /sonderthemen/oekt_extra1.pdf HTTP/1.1" 200 1849015 "-" "Mozilla/5.0 (Linux; Android 6.0.1; Nexus 5X Build/MMB29P) AppleWebKit/537.36 (KHTML, like Gecko) Chrome/41.0.2272.96 Mobile Safari/537.36 (compatible; Googlebot/2.1; +http://www.google.com/bot.html)"
66.249.66.213 - - [20/Jun/2017:12:35:50 +0200] "GET /sonderthemen/sk2000.pdf HTTP/1.1" 200 2925489 "-" "Mozilla/5.0 (Linux; Android 6.0.1; Nexus 5X Build/MMB29P) AppleWebKit/537.36 (KHTML, like Gecko) Chrome/41.0.2272.96 Mobile Safari/537.36 (compatible; Googlebot/2.1; +http://www.google.com/bot.html)"
207.46.13.167 - - [20/Jun/2017:12:50:44 +0200] "GET /buecher/ HTTP/1.1" 304 - "-" "Mozilla/5.0 (compatible; bingbot/2.0; +http://www.bing.com/bingbot.htm)"
66.249.76.109 - - [20/Jun/2017:13:09:09 +0200] "GET /sonderthemen/oekt_extra1.pdf HTTP/1.1" 304 - "-" "Mozilla/5.0 (compatible; Googlebot/2.1; +http://www.google.com/bot.html)"
66.249.76.107 - - [20/Jun/2017:13:16:10 +0200] "GET /sonderthemen/az1999.pdf HTTP/1.1" 200 1842982 "-" "Mozilla/5.0 (Linux; Android 6.0.1; Nexus 5X Build/MMB29P) AppleWebKit/537.36 (KHTML, like Gecko) Chrome/41.0.2272.96 Mobile Safari/537.36 (compatible; Googlebot/2.1; +http://www.google.com/bot.html)"
68.180.229.216 - - [20/Jun/2017:13:35:24 +0200] "GET /aktuell.html HTTP/1.1" 404 2381 "-" "Mozilla/5.0 (compatible; Yahoo! Slurp; http://help.yahoo.com/help/us/ysearch/slurp)"
66.249.76.108 - - [20/Jun/2017:13:52:46 +0200] "GET /sonderthemen/az2000.pdf HTTP/1.1" 200 2253581 "-" "Mozilla/5.0 (Linux; Android 6.0.1; Nexus 5X Build/MMB29P) AppleWebKit/537.36 (KHTML, like Gecko) Chrome/41.0.2272.96 Mobile Safari/537.36 (compatible; Googlebot/2.1; +http://www.google.com/bot.html)"
66.249.66.209 - - [20/Jun/2017:14:30:31 +0200] "GET /sonderthemen/sk2002.pdf HTTP/1.1" 200 2628923 "-" "Mozilla/5.0 (Linux; Android 6.0.1; Nexus 5X Build/MMB29P) AppleWebKit/537.36 (KHTML, like Gecko) Chrome/41.0.2272.96 Mobile Safari/537.36 (compatible; Googlebot/2.1; +http://www.google.com/bot.html)"
77.75.79.119 - - [20/Jun/2017:14:35:38 +0200] "GET /robots.txt HTTP/1.1" 200 100 "-" "Mozilla/5.0 (compatible; SeznamBot/3.2; +http://napoveda.seznam.cz/en/seznambot-intro/)"
77.75.79.119 - - [20/Jun/2017:14:35:38 +0200] "GET /buecher/rezensionen_preysing.html HTTP/1.1" 304 - "-" "Mozilla/5.0 (compatible; SeznamBot/3.2; +http://napoveda.seznam.cz/en/seznambot-intro/)"
66.249.76.107 - - [20/Jun/2017:15:07:55 +0200] "GET /sonderthemen/sk2001.pdf HTTP/1.1" 200 3098589 "-" "Mozilla/5.0 (Linux; Android 6.0.1; Nexus 5X Build/MMB29P) AppleWebKit/537.36 (KHTML, like Gecko) Chrome/41.0.2272.96 Mobile Safari/537.36 (compatible; Googlebot/2.1; +http://www.google.com/bot.html)"
66.249.76.109 - - [20/Jun/2017:15:16:22 +0200] "GET /jahrbuch/index.html HTTP/1.1" 200 3956 "-" "Mozilla/5.0 (compatible; Googlebot/2.1; +http://www.google.com/bot.html)"
207.46.13.167 - - [20/Jun/2017:15:22:56 +0200] "GET / HTTP/1.1" 200 9360 "-" "Mozilla/5.0 (compatible; bingbot/2.0; +http://www.bing.com/bingbot.htm)"
84.61.81.186 - - [20/Jun/2017:15:24:40 +0200] "GET /main.css HTTP/1.1" 200 1439 "http://www.morusverlag.de/buecher/rezensionen_chateaubriand.html" "Mozilla/5.0 (Windows NT 6.1; WOW64; rv:54.0) Gecko/20100101 Firefox/54.0"
84.61.81.186 - - [20/Jun/2017:15:24:40 +0200] "GET /buecher/rezensionen_chateaubriand.html HTTP/1.1" 200 47317 "https://www.google.de/" "Mozilla/5.0 (Windows NT 6.1; WOW64; rv:54.0) Gecko/20100101 Firefox/54.0"
84.61.81.186 - - [20/Jun/2017:15:24:40 +0200] "GET /logo_g.gif HTTP/1.1" 200 1301 "http://www.morusverlag.de/buecher/rezensionen_chateaubriand.html" "Mozilla/5.0 (Windows NT 6.1; WOW64; rv:54.0) Gecko/20100101 Firefox/54.0"
84.61.81.186 - - [20/Jun/2017:15:24:40 +0200] "GET /mv_g.gif HTTP/1.1" 200 4070 "http://www.morusverlag.de/buecher/rezensionen_chateaubriand.html" "Mozilla/5.0 (Windows NT 6.1; WOW64; rv:54.0) Gecko/20100101 Firefox/54.0"
84.61.81.186 - - [20/Jun/2017:15:24:40 +0200] "GET /pf.gif HTTP/1.1" 200 62 "http://www.morusverlag.de/buecher/rezensionen_chateaubriand.html" "Mozilla/5.0 (Windows NT 6.1; WOW64; rv:54.0) Gecko/20100101 Firefox/54.0"
84.61.81.186 - - [20/Jun/2017:15:24:40 +0200] "GET /strich.gif HTTP/1.1" 200 45 "http://www.morusverlag.de/buecher/rezensionen_chateaubriand.html" "Mozilla/5.0 (Windows NT 6.1; WOW64; rv:54.0) Gecko/20100101 Firefox/54.0"
84.61.81.186 - - [20/Jun/2017:15:24:40 +0200] "GET /buecher/chateaubriand.jpg HTTP/1.1" 200 2272 "http://www.morusverlag.de/buecher/rezensionen_chateaubriand.html" "Mozilla/5.0 (Windows NT 6.1; WOW64; rv:54.0) Gecko/20100101 Firefox/54.0"
84.61.81.186 - - [20/Jun/2017:15:24:40 +0200] "GET /buecher/schenuit.jpg HTTP/1.1" 200 2024 "http://www.morusverlag.de/buecher/rezensionen_chateaubriand.html" "Mozilla/5.0 (Windows NT 6.1; WOW64; rv:54.0) Gecko/20100101 Firefox/54.0"
84.61.81.186 - - [20/Jun/2017:15:24:40 +0200] "GET /m.gif HTTP/1.1" 200 95 "http://www.morusverlag.de/buecher/rezensionen_chateaubriand.html" "Mozilla/5.0 (Windows NT 6.1; WOW64; rv:54.0) Gecko/20100101 Firefox/54.0"
84.61.81.186 - - [20/Jun/2017:15:24:41 +0200] "GET /favicon.ico HTTP/1.1" 200 4286 "-" "Mozilla/5.0 (Windows NT 6.1; WOW64; rv:54.0) Gecko/20100101 Firefox/54.0"
217.253.111.7 - - [20/Jun/2017:16:52:17 +0200] "GET /buecher/rezensionen_chateaubriand.html HTTP/1.1" 200 47317 "-" "Mozilla/5.0 (Macintosh; Intel Mac OS X 10_10_3) AppleWebKit/537.36 (KHTML, like Gecko) Chrome/41.0.2272.89 Safari/537.36"
84.132.33.114 - - [20/Jun/2017:16:52:19 +0200] "GET /index.html HTTP/1.1" 200 9360 "-" "Mozilla/5.0 (Macintosh; Intel Mac OS X 10_10_3) AppleWebKit/537.36 (KHTML, like Gecko) Chrome/41.0.2272.89 Safari/537.36"
178.8.47.232 - - [20/Jun/2017:16:52:19 +0200] "GET /sonderthemen/index.html HTTP/1.1" 200 7102 "-" "Mozilla/5.0 (Macintosh; Intel Mac OS X 10_10_3) AppleWebKit/537.36 (KHTML, like Gecko) Chrome/41.0.2272.89 Safari/537.36"
84.191.5.116 - - [20/Jun/2017:16:52:20 +0200] "GET /kontakt/index.html HTTP/1.1" 200 2896 "-" "Mozilla/5.0 (Macintosh; Intel Mac OS X 10_10_3) AppleWebKit/537.36 (KHTML, like Gecko) Chrome/41.0.2272.89 Safari/537.36"
94.134.138.156 - - [20/Jun/2017:16:52:20 +0200] "GET /gotteslob/index.html HTTP/1.1" 200 2770 "-" "Mozilla/5.0 (Macintosh; Intel Mac OS X 10_10_3) AppleWebKit/537.36 (KHTML, like Gecko) Chrome/41.0.2272.89 Safari/537.36"
94.134.138.156 - - [20/Jun/2017:16:52:20 +0200] "GET /cds/index.html HTTP/1.1" 200 7987 "-" "Mozilla/5.0 (Macintosh; Intel Mac OS X 10_10_3) AppleWebKit/537.36 (KHTML, like Gecko) Chrome/41.0.2272.89 Safari/537.36"
188.102.70.2 - - [20/Jun/2017:16:52:20 +0200] "GET /buecher/rezensionen.html HTTP/1.1" 200 6964 "-" "Mozilla/5.0 (Macintosh; Intel Mac OS X 10_10_3) AppleWebKit/537.36 (KHTML, like Gecko) Chrome/41.0.2272.89 Safari/537.36"
217.253.111.7 - - [20/Jun/2017:16:52:20 +0200] "GET /impressum.html HTTP/1.1" 200 2808 "-" "Mozilla/5.0 (Macintosh; Intel Mac OS X 10_10_3) AppleWebKit/537.36 (KHTML, like Gecko) Chrome/41.0.2272.89 Safari/537.36"
94.134.144.158 - - [20/Jun/2017:16:52:20 +0200] "GET /buecher/veroeffentlichungsliste.html HTTP/1.1" 200 129779 "-" "Mozilla/5.0 (Macintosh; Intel Mac OS X 10_10_3) AppleWebKit/537.36 (KHTML, like Gecko) Chrome/41.0.2272.89 Safari/537.36"
85.179.187.114 - - [20/Jun/2017:16:52:21 +0200] "GET /jahrbuch/index.html HTTP/1.1" 200 3956 "-" "Mozilla/5.0 (Macintosh; Intel Mac OS X 10_10_3) AppleWebKit/537.36 (KHTML, like Gecko) Chrome/41.0.2272.89 Safari/537.36"
94.134.143.176 - - [20/Jun/2017:16:52:20 +0200] "GET /buecher/index.html HTTP/1.1" 200 25885 "-" "Mozilla/5.0 (Macintosh; Intel Mac OS X 10_10_3) AppleWebKit/537.36 (KHTML, like Gecko) Chrome/41.0.2272.89 Safari/537.36"
66.249.66.209 - - [20/Jun/2017:17:16:44 +0200] "GET /key/ASWD56425CSA HTTP/1.1" 404 2381 "http://ie.57883.net/alexa/ie/index.asp?domain=morusverlag.de" "Mozilla/5.0 (compatible; Googlebot/2.1; +http://www.google.com/bot.html)"
66.249.76.149 - - [20/Jun/2017:17:26:01 +0200] "GET /cds/ignatius.html HTTP/1.1" 200 6576 "-" "Mozilla/5.0 (Linux; Android 6.0.1; Nexus 5X Build/MMB29P) AppleWebKit/537.36 (KHTML, like Gecko) Chrome/41.0.2272.96 Mobile Safari/537.36 (compatible; Googlebot/2.1; +http://www.google.com/bot.html)"
77.75.78.164 - - [20/Jun/2017:17:43:19 +0200] "GET /robots.txt HTTP/1.1" 200 100 "-" "Mozilla/5.0 (compatible; SeznamBot/3.2; +http://napoveda.seznam.cz/en/seznambot-intro/)"
77.75.78.164 - - [20/Jun/2017:17:43:19 +0200] "GET /buecher/veroeffentlichungsliste.html HTTP/1.1" 304 - "-" "Mozilla/5.0 (compatible; SeznamBot/3.2; +http://napoveda.seznam.cz/en/seznambot-intro/)"
208.80.155.255 - - [20/Jun/2017:17:51:56 +0200] "GET /cds/hymnos_akathistos.html HTTP/1.1" 200 11061 "-" "German Wikipedia Broken Weblinks Bot; contact: gifti@tools.wmflabs.org"
180.76.15.20 - - [20/Jun/2017:17:53:50 +0200] "GET / HTTP/1.1" 200 9360 "-" "Mozilla/5.0 (compatible; Baiduspider/2.0; +http://www.baidu.com/search/spider.html)"
66.249.76.149 - - [20/Jun/2017:17:53:55 +0200] "GET /buecher/ungeteilt_im_geteilten.jpg HTTP/1.1" 200 4297 "-" "Googlebot-Image/1.0"
66.249.76.145 - - [20/Jun/2017:18:10:28 +0200] "GET /sonderthemen/oeaz2001.pdf HTTP/1.1" 200 4496626 "-" "Mozilla/5.0 (Linux; Android 6.0.1; Nexus 5X Build/MMB29P) AppleWebKit/537.36 (KHTML, like Gecko) Chrome/41.0.2272.96 Mobile Safari/537.36 (compatible; Googlebot/2.1; +http://www.google.com/bot.html)"
5.9.112.6 - - [20/Jun/2017:18:12:25 +0200] "GET /buecher/rezensionen_le_saulchoir.html HTTP/1.1" 200 34009 "-" "Mozilla/5.0 (Windows NT 6.1; rv:12.0) Gecko/ 20120405 Firefox/14.0.1"
157.55.39.47 - - [20/Jun/2017:18:18:13 +0200] "GET /robots.txt HTTP/1.1" 200 100 "-" "Mozilla/5.0 (compatible; bingbot/2.0; +http://www.bing.com/bingbot.htm)"
207.46.13.44 - - [20/Jun/2017:18:18:19 +0200] "GET /impressum.html HTTP/1.1" 200 2808 "-" "Mozilla/5.0 (iPhone; CPU iPhone OS 7_0 like Mac OS X) AppleWebKit/537.51.1 (KHTML, like Gecko) Version/7.0 Mobile/11A465 Safari/9537.53 (compatible; bingbot/2.0; +http://www.bing.com/bingbot.htm)"
5.101.78.76 - - [20/Jun/2017:18:30:11 +0200] "HEAD / HTTP/1.1" 200 - "http://comission.net/catalog-2" "Mozilla/4.0 (compatible; MSIE6.00; Windows 2008)"
188.227.18.37 - - [20/Jun/2017:18:30:12 +0200] "HEAD / HTTP/1.1" 200 - "http://mcdvo.com.ua/vuzy-partnery/" "Mozilla/7.0 (compatible; MSIE5.00; Windows 2006)"
40.77.167.33 - - [20/Jun/2017:18:32:54 +0200] "GET /sonderthemen/oeaz2001.pdf HTTP/1.1" 200 4496626 "-" "Mozilla/5.0 (iPhone; CPU iPhone OS 7_0 like Mac OS X) AppleWebKit/537.51.1 (KHTML, like Gecko) Version/7.0 Mobile/11A465 Safari/9537.53 (compatible; bingbot/2.0; +http://www.bing.com/bingbot.htm)"
193.124.131.168 - - [20/Jun/2017:18:33:36 +0200] "HEAD / HTTP/1.1" 200 - "http://pro-pir.ru/" "Mozilla/4.0 (compatible; MSIE4.00; Windows 2007)"
195.133.147.6 - - [20/Jun/2017:18:36:31 +0200] "HEAD / HTTP/1.1" 200 - "http://noviyfilm.me/news/istoricheskie/1-0-18" "Mozilla/2.0 (compatible; MSIE3.00; Windows 2006)"
207.46.13.167 - - [20/Jun/2017:18:38:03 +0200] "GET /sonderthemen/sk2001.pdf HTTP/1.1" 200 3098589 "-" "Mozilla/5.0 (iPhone; CPU iPhone OS 7_0 like Mac OS X) AppleWebKit/537.51.1 (KHTML, like Gecko) Version/7.0 Mobile/11A465 Safari/9537.53 (compatible; bingbot/2.0; +http://www.bing.com/bingbot.htm)"
194.67.210.77 - - [20/Jun/2017:18:43:50 +0200] "HEAD / HTTP/1.1" 200 - "http://54-remont.ru/elektromontazh/ustanovka-elektroschetchikov" "Mozilla/3.0 (compatible; MSIE6.00; Windows 2002)"
185.125.219.134 - - [20/Jun/2017:18:43:50 +0200] "HEAD / HTTP/1.1" 200 - "http://mnogometalla.ru/stenovaya_opalubka" "Mozilla/4.0 (compatible; MSIE6.00; Windows 2006)"
193.124.190.64 - - [20/Jun/2017:18:43:50 +0200] "HEAD / HTTP/1.1" 200 - "http://yoga4.ru/stupeni-postizheniya-jogi.html" "Mozilla/7.0 (compatible; MSIE3.00; Windows 2005)"
185.5.249.185 - - [20/Jun/2017:18:45:57 +0200] "HEAD / HTTP/1.1" 200 - "https://onfey.ru/" "Mozilla/6.0 (compatible; MSIE6.00; Windows 2003)"
136.243.17.161 - - [20/Jun/2017:18:50:30 +0200] "GET /sonderthemen/oeaz2002.pdf HTTP/1.1" 200 3161455 "-" "Mozilla/5.0 (Windows NT 6.1; rv:12.0) Gecko/ 20120405 Firefox/14.0.1"
66.249.76.149 - - [20/Jun/2017:18:55:26 +0200] "GET /sonderthemen/oeaz2002.pdf HTTP/1.1" 200 3161455 "-" "Mozilla/5.0 (Linux; Android 6.0.1; Nexus 5X Build/MMB29P) AppleWebKit/537.36 (KHTML, like Gecko) Chrome/41.0.2272.96 Mobile Safari/537.36 (compatible; Googlebot/2.1; +http://www.google.com/bot.html)"
77.220.213.173 - - [20/Jun/2017:18:56:17 +0200] "HEAD / HTTP/1.1" 200 - "http://ursluzba.ru/urist-zeml.php" "Mozilla/2.0 (compatible; MSIE6.00; Windows 2002)"
185.154.13.6 - - [20/Jun/2017:18:56:22 +0200] "HEAD / HTTP/1.1" 200 - "https://www.reskladchik.com/" "Mozilla/5.0 (compatible; MSIE3.00; Windows 2008)"
178.159.43.212 - - [20/Jun/2017:18:57:15 +0200] "HEAD / HTTP/1.1" 200 - "http://wallgallery.org/celebrities" "Mozilla/5.0 (compatible; MSIE4.00; Windows 2009)"
5.9.145.132 - - [20/Jun/2017:19:00:12 +0200] "GET /sonderthemen/az2000.pdf HTTP/1.1" 200 2253581 "-" "Mozilla/5.0 (Macintosh; Intel Mac OS X 1084) AppleWebKit/536.28.10 (KHTML like Gecko) Version/6.0.3 Safari/536.28.10"
88.99.27.172 - - [20/Jun/2017:19:00:26 +0200] "GET /sonderthemen/az2000.pdf HTTP/1.1" 200 2253581 "-" "Mozilla/5.0 (Windows NT 6.1; rv:12.0) Gecko/20120403211507 Firefox/12.0"
5.9.17.118 - - [20/Jun/2017:19:00:41 +0200] "GET /sonderthemen/az2000.pdf HTTP/1.1" 200 2253581 "-" "Mozilla/5.0 (Windows NT 6.1; rv:12.0) Gecko/20120403211507 Firefox/14.0.1"
185.209.20.147 - - [20/Jun/2017:19:16:16 +0200] "HEAD / HTTP/1.1" 200 - "https://getclean.guru/" "Mozilla/6.0 (compatible; MSIE6.00; Windows 2009)"
40.77.167.33 - - [20/Jun/2017:19:16:42 +0200] "GET /mv_g.gif HTTP/1.1" 200 4070 "-" "Mozilla/5.0 (iPhone; CPU iPhone OS 7_0 like Mac OS X) AppleWebKit/537.51.1 (KHTML, like Gecko) Version/7.0 Mobile/11A465 Safari/9537.53 (compatible; bingbot/2.0; +http://www.bing.com/bingbot.htm)"
157.55.39.30 - - [20/Jun/2017:19:16:58 +0200] "GET /logo_g.gif HTTP/1.1" 200 1301 "-" "Mozilla/5.0 (iPhone; CPU iPhone OS 7_0 like Mac OS X) AppleWebKit/537.51.1 (KHTML, like Gecko) Version/7.0 Mobile/11A465 Safari/9537.53 (compatible; bingbot/2.0; +http://www.bing.com/bingbot.htm)"
65.55.210.184 - - [20/Jun/2017:19:43:49 +0200] "GET /sonderthemen/sk2001.pdf HTTP/1.1" 200 3098589 "-" "Mozilla/5.0 (iPhone; CPU iPhone OS 7_0 like Mac OS X) AppleWebKit/537.51.1 (KHTML, like Gecko) Version/7.0 Mobile/11A465 Safari/9537.53 BingPreview/1.0b"
77.75.78.165 - - [20/Jun/2017:20:14:08 +0200] "GET /robots.txt HTTP/1.1" 200 100 "-" "Mozilla/5.0 (compatible; SeznamBot/3.2; +http://napoveda.seznam.cz/en/seznambot-intro/)"
77.75.78.165 - - [20/Jun/2017:20:14:09 +0200] "GET /buecher/gesichter/03.jpg HTTP/1.1" 304 - "-" "Mozilla/5.0 (compatible; SeznamBot/3.2; +http://napoveda.seznam.cz/en/seznambot-intro/)"
138.201.59.34 - - [20/Jun/2017:20:16:33 +0200] "GET /robots.txt HTTP/1.0" 200 100 "-" "Mozilla/5.0 (compatible; SEOkicks-Robot; +http://www.seokicks.de/robot.html)"
138.201.59.34 - - [20/Jun/2017:20:16:35 +0200] "GET / HTTP/1.0" 200 9360 "-" "Mozilla/5.0 (compatible; SEOkicks-Robot; +http://www.seokicks.de/robot.html)"
138.201.59.34 - - [20/Jun/2017:20:16:37 +0200] "GET /main.css HTTP/1.0" 200 1439 "http://www.morusverlag.de/" "Mozilla/5.0 (compatible; SEOkicks-Robot; +http://www.seokicks.de/robot.html)"
138.201.59.34 - - [20/Jun/2017:20:16:38 +0200] "GET /buecher/index.html HTTP/1.0" 200 25885 "http://www.morusverlag.de/" "Mozilla/5.0 (compatible; SEOkicks-Robot; +http://www.seokicks.de/robot.html)"
138.201.59.34 - - [20/Jun/2017:20:16:40 +0200] "GET /contentflow/contentflow.js HTTP/1.0" 200 42064 "http://www.morusverlag.de/buecher/index.html" "Mozilla/5.0 (compatible; SEOkicks-Robot; +http://www.seokicks.de/robot.html)"
138.201.59.34 - - [20/Jun/2017:20:16:42 +0200] "GET /cds/index.html HTTP/1.0" 200 7987 "http://www.morusverlag.de/" "Mozilla/5.0 (compatible; SEOkicks-Robot; +http://www.seokicks.de/robot.html)"
138.201.59.34 - - [20/Jun/2017:20:16:43 +0200] "GET /gotteslob/index.html HTTP/1.0" 200 2770 "http://www.morusverlag.de/" "Mozilla/5.0 (compatible; SEOkicks-Robot; +http://www.seokicks.de/robot.html)"
138.201.59.34 - - [20/Jun/2017:20:16:44 +0200] "GET /jahrbuch/index.html HTTP/1.0" 200 3956 "http://www.morusverlag.de/" "Mozilla/5.0 (compatible; SEOkicks-Robot; +http://www.seokicks.de/robot.html)"
138.201.59.34 - - [20/Jun/2017:20:16:47 +0200] "GET /sonderthemen/index.html HTTP/1.0" 200 7102 "http://www.morusverlag.de/" "Mozilla/5.0 (compatible; SEOkicks-Robot; +http://www.seokicks.de/robot.html)"
199.30.25.44 - - [20/Jun/2017:20:19:40 +0200] "GET /main.css HTTP/1.1" 200 1439 "-" "Mozilla/5.0 (iPhone; CPU iPhone OS 7_0 like Mac OS X) AppleWebKit/537.51.1 (KHTML, like Gecko) Version/7.0 Mobile/11A465 Safari/9537.53 BingPreview/1.0b"
193.158.90.196 - - [20/Jun/2017:20:24:26 +0200] "GET /buecher/gesichter/18.jpg HTTP/1.1" 200 8757 "http://www.bing.com/images/search?view=detailV2&ccid=CjGEQ7jy&id=3D5FDEFC5E5953362EA7CBD2C0001CDA52CA8296&thid=OIP.CjGEQ7jy2lq4Rct85aTDFgDIEs&q=Frau+Dr.+Kalinowski&simid=608034205199827521&selectedIndex=10&mode=overlay" "Mozilla/5.0 (Windows NT 6.1; WOW64; Trident/7.0; rv:11.0) like Gecko"
65.55.210.65 - - [20/Jun/2017:20:37:17 +0200] "GET /sonderthemen/oeaz2001.pdf HTTP/1.1" 200 4496626 "-" "Mozilla/5.0 (iPhone; CPU iPhone OS 7_0 like Mac OS X) AppleWebKit/537.51.1 (KHTML, like Gecko) Version/7.0 Mobile/11A465 Safari/9537.53 BingPreview/1.0b"
5.9.145.132 - - [20/Jun/2017:20:54:22 +0200] "GET /sonderthemen/oekt_extra2.pdf HTTP/1.1" 200 1939949 "-" "Mozilla/5.0 (Macintosh; Intel Mac OS X 10_7_5) AppleWebKit/537.31 (KHTML, like Gecko) Chrome/26.0.1410.65 Safari/537.31"
36.67.48.11 - - [20/Jun/2017:21:05:14 +0200] "GET /buecher/diskussion.html HTTP/1.1" 200 9925 "http://www.morusverlag.de/" "Mozilla/4.0 (compatible; MSIE 6.0; Windows NT 5.1; StumbleUpon.com 1.760; .NET CLR 1.1.4322)"
88.99.27.172 - - [20/Jun/2017:21:43:47 +0200] "GET /sonderthemen/oekt_extra1.pdf HTTP/1.1" 200 1849015 "-" "Mozilla/5.0 (X11; Linux i686; rv:21.0) Gecko/20100101 Firefox/21.0"
194.67.210.77 - - [20/Jun/2017:22:08:58 +0200] "HEAD / HTTP/1.1" 200 - "http://54-remont.ru/remont-kvartir/remont-odnokomnatnoj-kvartiry" "Mozilla/8.0 (compatible; MSIE4.00; Windows 2004)"
185.125.219.134 - - [20/Jun/2017:22:08:58 +0200] "HEAD / HTTP/1.1" 200 - "http://mnogometalla.ru/kontakty" "Mozilla/5.0 (compatible; MSIE6.00; Windows 2009)"
5.101.78.76 - - [20/Jun/2017:22:09:01 +0200] "HEAD / HTTP/1.1" 200 - "http://comission.net/vse-dlya-avto" "Mozilla/3.0 (compatible; MSIE6.00; Windows 2006)"
188.227.18.37 - - [20/Jun/2017:22:09:05 +0200] "HEAD / HTTP/1.1" 200 - "http://mcdvo.com.ua/poiskoviki-literatury.html" "Mozilla/3.0 (compatible; MSIE6.00; Windows 2003)"
193.124.190.64 - - [20/Jun/2017:22:09:34 +0200] "HEAD / HTTP/1.1" 200 - "http://yoga4.ru/raspisanie-zanyatij.html" "Mozilla/5.0 (compatible; MSIE2.00; Windows 2005)"
5.255.251.7 - - [20/Jun/2017:22:14:17 +0200] "GET /robots.txt HTTP/1.1" 200 100 "-" "Mozilla/5.0 (compatible; YandexBot/3.0; +http://yandex.com/bots)"
185.5.249.185 - - [20/Jun/2017:22:14:20 +0200] "HEAD / HTTP/1.1" 200 - "https://onfey.ru/" "Mozilla/3.0 (compatible; MSIE3.00; Windows 2005)"
5.255.251.7 - - [20/Jun/2017:22:14:21 +0200] "GET /jahrbuch/jahrbuch.jpg HTTP/1.1" 304 - "-" "Mozilla/5.0 (compatible; YandexImages/3.0; +http://yandex.com/bots)"
193.124.131.168 - - [20/Jun/2017:22:20:26 +0200] "HEAD / HTTP/1.1" 200 - "http://pro-pir.ru/blag.html" "Mozilla/8.0 (compatible; MSIE2.00; Windows 2002)"
5.255.251.7 - - [20/Jun/2017:22:21:26 +0200] "GET /buecher/gesichter/20.jpg HTTP/1.1" 304 - "-" "Mozilla/5.0 (compatible; YandexImages/3.0; +http://yandex.com/bots)"
195.133.147.6 - - [20/Jun/2017:22:23:03 +0200] "HEAD / HTTP/1.1" 200 - "http://noviyfilm.me/news/prikljuchenija/1-0-16" "Mozilla/8.0 (compatible; MSIE5.00; Windows 2004)"
5.255.251.7 - - [20/Jun/2017:22:31:58 +0200] "GET /buecher/gesichter/23.jpg HTTP/1.1" 304 - "-" "Mozilla/5.0 (compatible; YandexImages/3.0; +http://yandex.com/bots)"
5.255.251.7 - - [20/Jun/2017:22:34:20 +0200] "GET /buecher/gesichter/29.jpg HTTP/1.1" 304 - "-" "Mozilla/5.0 (compatible; YandexImages/3.0; +http://yandex.com/bots)"
5.9.106.81 - - [20/Jun/2017:22:44:37 +0200] "GET /sonderthemen/az2000.pdf HTTP/1.1" 200 2253581 "-" "Mozilla/5.0 (Windows NT 6.1; rv:12.0) Gecko/20120403211507 Firefox/12.0"
40.77.167.33 - - [20/Jun/2017:22:52:02 +0200] "GET /index.html HTTP/1.1" 200 9360 "-" "Mozilla/5.0 (compatible; bingbot/2.0; +http://www.bing.com/bingbot.htm)"
217.225.126.50 - - [20/Jun/2017:23:04:53 +0200] "GET /buecher/rezensionen_chateaubriand.html HTTP/1.1" 200 47317 "-" "Mozilla/5.0 (Macintosh; Intel Mac OS X 10_12_5) AppleWebKit/603.2.4 (KHTML, like Gecko) Version/10.1.1 Safari/603.2.4"
217.225.126.50 - - [20/Jun/2017:23:04:53 +0200] "GET /main.css HTTP/1.1" 200 1439 "http://www.morusverlag.de/buecher/rezensionen_chateaubriand.html" "Mozilla/5.0 (Macintosh; Intel Mac OS X 10_12_5) AppleWebKit/603.2.4 (KHTML, like Gecko) Version/10.1.1 Safari/603.2.4"
217.225.126.50 - - [20/Jun/2017:23:04:53 +0200] "GET /logo_g.gif HTTP/1.1" 200 1301 "http://www.morusverlag.de/buecher/rezensionen_chateaubriand.html" "Mozilla/5.0 (Macintosh; Intel Mac OS X 10_12_5) AppleWebKit/603.2.4 (KHTML, like Gecko) Version/10.1.1 Safari/603.2.4"
217.225.126.50 - - [20/Jun/2017:23:04:53 +0200] "GET /mv_g.gif HTTP/1.1" 200 4070 "http://www.morusverlag.de/buecher/rezensionen_chateaubriand.html" "Mozilla/5.0 (Macintosh; Intel Mac OS X 10_12_5) AppleWebKit/603.2.4 (KHTML, like Gecko) Version/10.1.1 Safari/603.2.4"
217.225.126.50 - - [20/Jun/2017:23:04:53 +0200] "GET /pf.gif HTTP/1.1" 200 62 "http://www.morusverlag.de/buecher/rezensionen_chateaubriand.html" "Mozilla/5.0 (Macintosh; Intel Mac OS X 10_12_5) AppleWebKit/603.2.4 (KHTML, like Gecko) Version/10.1.1 Safari/603.2.4"
217.225.126.50 - - [20/Jun/2017:23:04:53 +0200] "GET /strich.gif HTTP/1.1" 200 45 "http://www.morusverlag.de/buecher/rezensionen_chateaubriand.html" "Mozilla/5.0 (Macintosh; Intel Mac OS X 10_12_5) AppleWebKit/603.2.4 (KHTML, like Gecko) Version/10.1.1 Safari/603.2.4"
217.225.126.50 - - [20/Jun/2017:23:04:53 +0200] "GET /buecher/chateaubriand.jpg HTTP/1.1" 200 2272 "http://www.morusverlag.de/buecher/rezensionen_chateaubriand.html" "Mozilla/5.0 (Macintosh; Intel Mac OS X 10_12_5) AppleWebKit/603.2.4 (KHTML, like Gecko) Version/10.1.1 Safari/603.2.4"
217.225.126.50 - - [20/Jun/2017:23:04:53 +0200] "GET /buecher/schenuit.jpg HTTP/1.1" 200 2024 "http://www.morusverlag.de/buecher/rezensionen_chateaubriand.html" "Mozilla/5.0 (Macintosh; Intel Mac OS X 10_12_5) AppleWebKit/603.2.4 (KHTML, like Gecko) Version/10.1.1 Safari/603.2.4"
217.225.126.50 - - [20/Jun/2017:23:04:53 +0200] "GET /m.gif HTTP/1.1" 200 95 "http://www.morusverlag.de/buecher/rezensionen_chateaubriand.html" "Mozilla/5.0 (Macintosh; Intel Mac OS X 10_12_5) AppleWebKit/603.2.4 (KHTML, like Gecko) Version/10.1.1 Safari/603.2.4"
85.25.210.234 - - [20/Jun/2017:23:04:55 +0200] "GET /robots.txt HTTP/1.1" 200 100 "-" "Mozilla/5.0 (compatible; seoscanners.net/1; +spider@seoscanners.net)"
85.25.210.234 - - [20/Jun/2017:23:04:55 +0200] "GET /sonderthemen/akademieprogramm/ HTTP/1.1" 404 2381 "-" "Mozilla/5.0 (compatible; seoscanners.net/1; +spider@seoscanners.net)"
185.154.13.6 - - [20/Jun/2017:23:06:03 +0200] "HEAD / HTTP/1.1" 200 - "https://www.reskladchik.com/forums/kursy-po-seo-i-smm.18/" "Mozilla/6.0 (compatible; MSIE2.00; Windows 2008)"
178.159.43.212 - - [20/Jun/2017:23:06:03 +0200] "HEAD / HTTP/1.1" 200 - "http://wallgallery.org/celebrities" "Mozilla/4.0 (compatible; MSIE2.00; Windows 2006)"
77.220.213.173 - - [20/Jun/2017:23:06:04 +0200] "HEAD / HTTP/1.1" 200 - "http://ursluzba.ru/urist-nasledstvo.php" "Mozilla/4.0 (compatible; MSIE4.00; Windows 2009)"
185.209.20.147 - - [20/Jun/2017:23:39:31 +0200] "HEAD / HTTP/1.1" 200 - "https://getclean.guru/akcii.html" "Mozilla/5.0 (compatible; MSIE5.00; Windows 2003)"
46.83.211.228 - - [21/Jun/2017:00:27:16 +0200] "GET /cds/hymnos_akathistos.html HTTP/1.1" 200 11061 "-" "Mozilla/5.0 (iPad; CPU OS 10_0_2 like Mac OS X) AppleWebKit/602.1.50 (KHTML, like Gecko) Version/10.0 Mobile/14A456 Safari/602.1"
46.83.211.228 - - [21/Jun/2017:00:27:16 +0200] "GET /m.gif HTTP/1.1" 200 95 "http://www.morusverlag.de/cds/hymnos_akathistos.html" "Mozilla/5.0 (iPad; CPU OS 10_0_2 like Mac OS X) AppleWebKit/602.1.50 (KHTML, like Gecko) Version/10.0 Mobile/14A456 Safari/602.1"
46.83.211.228 - - [21/Jun/2017:00:27:16 +0200] "GET /main.css HTTP/1.1" 200 1439 "http://www.morusverlag.de/cds/hymnos_akathistos.html" "Mozilla/5.0 (iPad; CPU OS 10_0_2 like Mac OS X) AppleWebKit/602.1.50 (KHTML, like Gecko) Version/10.0 Mobile/14A456 Safari/602.1"
46.83.211.228 - - [21/Jun/2017:00:27:16 +0200] "GET /logo_g.gif HTTP/1.1" 200 1301 "http://www.morusverlag.de/cds/hymnos_akathistos.html" "Mozilla/5.0 (iPad; CPU OS 10_0_2 like Mac OS X) AppleWebKit/602.1.50 (KHTML, like Gecko) Version/10.0 Mobile/14A456 Safari/602.1"
46.83.211.228 - - [21/Jun/2017:00:27:16 +0200] "GET /mv_g.gif HTTP/1.1" 200 4070 "http://www.morusverlag.de/cds/hymnos_akathistos.html" "Mozilla/5.0 (iPad; CPU OS 10_0_2 like Mac OS X) AppleWebKit/602.1.50 (KHTML, like Gecko) Version/10.0 Mobile/14A456 Safari/602.1"
46.83.211.228 - - [21/Jun/2017:00:27:16 +0200] "GET /pf.gif HTTP/1.1" 200 62 "http://www.morusverlag.de/cds/hymnos_akathistos.html" "Mozilla/5.0 (iPad; CPU OS 10_0_2 like Mac OS X) AppleWebKit/602.1.50 (KHTML, like Gecko) Version/10.0 Mobile/14A456 Safari/602.1"
46.83.211.228 - - [21/Jun/2017:00:27:16 +0200] "GET /cds/hymnos.jpg HTTP/1.1" 200 27752 "http://www.morusverlag.de/cds/hymnos_akathistos.html" "Mozilla/5.0 (iPad; CPU OS 10_0_2 like Mac OS X) AppleWebKit/602.1.50 (KHTML, like Gecko) Version/10.0 Mobile/14A456 Safari/602.1"
46.83.211.228 - - [21/Jun/2017:00:27:16 +0200] "GET /cds/hymnos_heft.jpg HTTP/1.1" 200 8653 "http://www.morusverlag.de/cds/hymnos_akathistos.html" "Mozilla/5.0 (iPad; CPU OS 10_0_2 like Mac OS X) AppleWebKit/602.1.50 (KHTML, like Gecko) Version/10.0 Mobile/14A456 Safari/602.1"
46.83.211.228 - - [21/Jun/2017:00:27:16 +0200] "GET /strich.gif HTTP/1.1" 200 45 "http://www.morusverlag.de/cds/hymnos_akathistos.html" "Mozilla/5.0 (iPad; CPU OS 10_0_2 like Mac OS X) AppleWebKit/602.1.50 (KHTML, like Gecko) Version/10.0 Mobile/14A456 Safari/602.1"
62.138.0.25 - - [21/Jun/2017:00:28:26 +0200] "GET /robots.txt HTTP/1.1" 200 100 "-" "Mozilla/5.0 (compatible; seoscanners.net/1; +spider@seoscanners.net)"
62.138.0.25 - - [21/Jun/2017:00:28:26 +0200] "GET /sonderthemen/akademieprogramm/03/pro_zei_03_s15.pdf HTTP/1.1" 404 2381 "-" "Mozilla/5.0 (compatible; seoscanners.net/1; +spider@seoscanners.net)"
133.130.112.147 - - [21/Jun/2017:00:41:36 +0200] "GET /buecher/rezensionen_christliche_frauen.html HTTP/1.1" 404 2381 "-" "Mozilla/5.0 (Macintosh; Intel Mac OS X 10_10_3) AppleWebKit/537.36 (KHTML, like Gecko) Chrome/42.0.2311.90 Safari/537.36"
46.83.211.228 - - [21/Jun/2017:01:07:24 +0200] "GET /cds/hymnos_akathistos.html HTTP/1.1" 200 11061 "-" "Mozilla/5.0 (iPad; CPU OS 10_0_2 like Mac OS X) AppleWebKit/602.1.50 (KHTML, like Gecko) Version/10.0 Mobile/14A456 Safari/602.1"
46.83.211.228 - - [21/Jun/2017:01:07:25 +0200] "GET /m.gif HTTP/1.1" 200 95 "http://www.morusverlag.de/cds/hymnos_akathistos.html" "Mozilla/5.0 (iPad; CPU OS 10_0_2 like Mac OS X) AppleWebKit/602.1.50 (KHTML, like Gecko) Version/10.0 Mobile/14A456 Safari/602.1"
46.83.211.228 - - [21/Jun/2017:01:07:25 +0200] "GET /main.css HTTP/1.1" 200 1439 "http://www.morusverlag.de/cds/hymnos_akathistos.html" "Mozilla/5.0 (iPad; CPU OS 10_0_2 like Mac OS X) AppleWebKit/602.1.50 (KHTML, like Gecko) Version/10.0 Mobile/14A456 Safari/602.1"
46.83.211.228 - - [21/Jun/2017:01:07:25 +0200] "GET /logo_g.gif HTTP/1.1" 200 1301 "http://www.morusverlag.de/cds/hymnos_akathistos.html" "Mozilla/5.0 (iPad; CPU OS 10_0_2 like Mac OS X) AppleWebKit/602.1.50 (KHTML, like Gecko) Version/10.0 Mobile/14A456 Safari/602.1"
46.83.211.228 - - [21/Jun/2017:01:07:25 +0200] "GET /mv_g.gif HTTP/1.1" 200 4070 "http://www.morusverlag.de/cds/hymnos_akathistos.html" "Mozilla/5.0 (iPad; CPU OS 10_0_2 like Mac OS X) AppleWebKit/602.1.50 (KHTML, like Gecko) Version/10.0 Mobile/14A456 Safari/602.1"
46.83.211.228 - - [21/Jun/2017:01:07:25 +0200] "GET /pf.gif HTTP/1.1" 200 62 "http://www.morusverlag.de/cds/hymnos_akathistos.html" "Mozilla/5.0 (iPad; CPU OS 10_0_2 like Mac OS X) AppleWebKit/602.1.50 (KHTML, like Gecko) Version/10.0 Mobile/14A456 Safari/602.1"
46.83.211.228 - - [21/Jun/2017:01:07:25 +0200] "GET /cds/hymnos.jpg HTTP/1.1" 200 27752 "http://www.morusverlag.de/cds/hymnos_akathistos.html" "Mozilla/5.0 (iPad; CPU OS 10_0_2 like Mac OS X) AppleWebKit/602.1.50 (KHTML, like Gecko) Version/10.0 Mobile/14A456 Safari/602.1"
46.83.211.228 - - [21/Jun/2017:01:07:25 +0200] "GET /cds/hymnos_heft.jpg HTTP/1.1" 200 8653 "http://www.morusverlag.de/cds/hymnos_akathistos.html" "Mozilla/5.0 (iPad; CPU OS 10_0_2 like Mac OS X) AppleWebKit/602.1.50 (KHTML, like Gecko) Version/10.0 Mobile/14A456 Safari/602.1"
46.83.211.228 - - [21/Jun/2017:01:07:25 +0200] "GET /strich.gif HTTP/1.1" 200 45 "http://www.morusverlag.de/cds/hymnos_akathistos.html" "Mozilla/5.0 (iPad; CPU OS 10_0_2 like Mac OS X) AppleWebKit/602.1.50 (KHTML, like Gecko) Version/10.0 Mobile/14A456 Safari/602.1"
88.99.27.172 - - [21/Jun/2017:01:14:51 +0200] "GET /buecher/veroeffentlichungsliste.html HTTP/1.1" 200 129779 "-" "Mozilla/5.0 (Windows NT 5.1) AppleWebKit/537.31 (KHTML, like Gecko) Chrome/26.0.1410.43 Safari/537.31"
5.9.145.132 - - [21/Jun/2017:01:36:41 +0200] "GET /sonderthemen/oekz2003_s01.pdf HTTP/1.1" 200 66807 "-" "Mozilla/5.0 (Windows NT 6.1; rv:21.0) Gecko/20130328 Firefox/21.0"
136.243.17.161 - - [21/Jun/2017:01:36:39 +0200] "GET /sonderthemen/oekz2003.pdf HTTP/1.1" 200 4017017 "-" "Mozilla/5.0 (Windows NT 5.1) AppleWebKit/537.36 (KHTML, like Gecko) Chrome/27.0.1453.94 Safari/537.36"
5.9.94.207 - - [21/Jun/2017:02:01:25 +0200] "GET /sonderthemen/az2000.pdf HTTP/1.1" 200 2253581 "-" "Mozilla/5.0 (Macintosh; Intel Mac OS X 10_6_8) AppleWebKit/537.13+ (KHTML, like Gecko) Version/5.1.7 Safari/534.57.2"
5.9.94.207 - - [21/Jun/2017:02:02:02 +0200] "GET /sonderthemen/az2000.pdf HTTP/1.1" 200 2253581 "-" "Mozilla/5.0 (Windows NT 6.1; rv:21.0) Gecko/20130401 Firefox/21.0"
78.46.156.169 - - [21/Jun/2017:02:01:53 +0200] "GET /sonderthemen/az2000.pdf HTTP/1.1" 200 2253581 "-" "Mozilla/5.0 (Macintosh; Intel Mac OS X 1084) AppleWebKit/536.28.10 (KHTML like Gecko) Version/6.0.3 Safari/536.28.10"
78.46.156.169 - - [21/Jun/2017:02:18:08 +0200] "GET /buecher/index.html HTTP/1.1" 200 25885 "-" "Mozilla/5.0 (Windows NT 6.1; WOW64; rv:21.0) Gecko/20130401 Firefox/21.0"
68.180.229.216 - - [21/Jun/2017:02:42:28 +0200] "GET / HTTP/1.1" 304 - "-" "Mozilla/5.0 (compatible; Yahoo! Slurp; http://help.yahoo.com/help/us/ysearch/slurp)"
157.55.39.74 - - [21/Jun/2017:02:51:16 +0200] "GET / HTTP/1.1" 200 9360 "-" "Mozilla/5.0 (compatible; bingbot/2.0; +http://www.bing.com/bingbot.htm)"
163.172.205.66 - - [21/Jun/2017:02:59:42 +0200] "HEAD / HTTP/1.0" 200 - "-" "looksystems.net"
163.172.205.66 - - [21/Jun/2017:02:59:42 +0200] "GET / HTTP/1.0" 200 9360 "-" "looksystems.net"
207.46.13.136 - - [21/Jun/2017:03:06:51 +0200] "GET /jahrbuch/index.html HTTP/1.1" 200 3956 "-" "Mozilla/5.0 (iPhone; CPU iPhone OS 7_0 like Mac OS X) AppleWebKit/537.51.1 (KHTML, like Gecko) Version/7.0 Mobile/11A465 Safari/9537.53 (compatible; bingbot/2.0; +http://www.bing.com/bingbot.htm)"
207.46.13.136 - - [21/Jun/2017:03:27:00 +0200] "GET /robots.txt HTTP/1.1" 200 100 "-" "Mozilla/5.0 (compatible; bingbot/2.0; +http://www.bing.com/bingbot.htm)"
