81.221.140.87 - - [12/Jun/2017:13:54:32 +0200] "GET /contentflow/img/1x1_0.5_white.png HTTP/1.1" 200 82 "http://www.morusverlag.de/buecher/index.html" "Mozilla/5.0 (Macintosh; Intel Mac OS X 10_11_6) AppleWebKit/603.2.5 (KHTML, like Gecko) Version/10.1.1 Safari/603.2.5"
81.221.140.87 - - [12/Jun/2017:13:54:32 +0200] "GET /contentflow/img/loader_white.gif HTTP/1.1" 200 8238 "http://www.morusverlag.de/buecher/index.html" "Mozilla/5.0 (Macintosh; Intel Mac OS X 10_11_6) AppleWebKit/603.2.5 (KHTML, like Gecko) Version/10.1.1 Safari/603.2.5"
81.221.140.87 - - [12/Jun/2017:13:54:32 +0200] "GET /contentflow/img/scrollbar_black.png HTTP/1.1" 200 82 "http://www.morusverlag.de/buecher/index.html" "Mozilla/5.0 (Macintosh; Intel Mac OS X 10_11_6) AppleWebKit/603.2.5 (KHTML, like Gecko) Version/10.1.1 Safari/603.2.5"
81.221.140.87 - - [12/Jun/2017:13:54:32 +0200] "GET /contentflow/img/slider_black.png HTTP/1.1" 200 175 "http://www.morusverlag.de/buecher/index.html" "Mozilla/5.0 (Macintosh; Intel Mac OS X 10_11_6) AppleWebKit/603.2.5 (KHTML, like Gecko) Version/10.1.1 Safari/603.2.5"
81.221.140.87 - - [12/Jun/2017:13:57:01 +0200] "GET /gotteslob/index.html HTTP/1.1" 200 2770 "http://www.morusverlag.de/buecher/index.html" "Mozilla/5.0 (Macintosh; Intel Mac OS X 10_11_6) AppleWebKit/603.2.5 (KHTML, like Gecko) Version/10.1.1 Safari/603.2.5"
81.221.140.87 - - [12/Jun/2017:13:57:01 +0200] "GET /gotteslob/gotteslob_alle.jpg HTTP/1.1" 200 24560 "http://www.morusverlag.de/gotteslob/index.html" "Mozilla/5.0 (Macintosh; Intel Mac OS X 10_11_6) AppleWebKit/603.2.5 (KHTML, like Gecko) Version/10.1.1 Safari/603.2.5"
81.221.140.87 - - [12/Jun/2017:13:57:04 +0200] "GET /jahrbuch/index.html HTTP/1.1" 200 3956 "http://www.morusverlag.de/gotteslob/index.html" "Mozilla/5.0 (Macintosh; Intel Mac OS X 10_11_6) AppleWebKit/603.2.5 (KHTML, like Gecko) Version/10.1.1 Safari/603.2.5"
81.221.140.87 - - [12/Jun/2017:13:57:04 +0200] "GET /jahrbuch/jahrbuch.jpg HTTP/1.1" 200 11282 "http://www.morusverlag.de/jahrbuch/index.html" "Mozilla/5.0 (Macintosh; Intel Mac OS X 10_11_6) AppleWebKit/603.2.5 (KHTML, like Gecko) Version/10.1.1 Safari/603.2.5"
81.221.140.87 - - [12/Jun/2017:13:57:13 +0200] "GET /sonderthemen/index.html HTTP/1.1" 200 7102 "http://www.morusverlag.de/jahrbuch/index.html" "Mozilla/5.0 (Macintosh; Intel Mac OS X 10_11_6) AppleWebKit/603.2.5 (KHTML, like Gecko) Version/10.1.1 Safari/603.2.5"
81.221.140.87 - - [12/Jun/2017:13:57:13 +0200] "GET /sonderthemen/oekt_extra.jpg HTTP/1.1" 200 12801 "http://www.morusverlag.de/sonderthemen/index.html" "Mozilla/5.0 (Macintosh; Intel Mac OS X 10_11_6) AppleWebKit/603.2.5 (KHTML, like Gecko) Version/10.1.1 Safari/603.2.5"
81.221.140.87 - - [12/Jun/2017:13:57:13 +0200] "GET /sonderthemen/az2003.jpg HTTP/1.1" 200 12396 "http://www.morusverlag.de/sonderthemen/index.html" "Mozilla/5.0 (Macintosh; Intel Mac OS X 10_11_6) AppleWebKit/603.2.5 (KHTML, like Gecko) Version/10.1.1 Safari/603.2.5"
81.221.140.87 - - [12/Jun/2017:13:57:13 +0200] "GET /sonderthemen/sk2004_sz.jpg HTTP/1.1" 200 17884 "http://www.morusverlag.de/sonderthemen/index.html" "Mozilla/5.0 (Macintosh; Intel Mac OS X 10_11_6) AppleWebKit/603.2.5 (KHTML, like Gecko) Version/10.1.1 Safari/603.2.5"
81.221.140.87 - - [12/Jun/2017:13:57:13 +0200] "GET /sonderthemen/radioparadiso.gif HTTP/1.1" 200 934 "http://www.morusverlag.de/sonderthemen/index.html" "Mozilla/5.0 (Macintosh; Intel Mac OS X 10_11_6) AppleWebKit/603.2.5 (KHTML, like Gecko) Version/10.1.1 Safari/603.2.5"
81.221.140.87 - - [12/Jun/2017:13:57:13 +0200] "GET /sonderthemen/wichern.jpg HTTP/1.1" 200 1994 "http://www.morusverlag.de/sonderthemen/index.html" "Mozilla/5.0 (Macintosh; Intel Mac OS X 10_11_6) AppleWebKit/603.2.5 (KHTML, like Gecko) Version/10.1.1 Safari/603.2.5"
81.221.140.87 - - [12/Jun/2017:13:57:13 +0200] "GET /sonderthemen/mv.gif HTTP/1.1" 200 700 "http://www.morusverlag.de/sonderthemen/index.html" "Mozilla/5.0 (Macintosh; Intel Mac OS X 10_11_6) AppleWebKit/603.2.5 (KHTML, like Gecko) Version/10.1.1 Safari/603.2.5"
81.221.140.87 - - [12/Jun/2017:13:57:13 +0200] "GET /sonderthemen/oekz2003.jpg HTTP/1.1" 200 14100 "http://www.morusverlag.de/sonderthemen/index.html" "Mozilla/5.0 (Macintosh; Intel Mac OS X 10_11_6) AppleWebKit/603.2.5 (KHTML, like Gecko) Version/10.1.1 Safari/603.2.5"
81.221.140.87 - - [12/Jun/2017:13:57:13 +0200] "GET /sonderthemen/pro_zei.jpg HTTP/1.1" 200 16791 "http://www.morusverlag.de/sonderthemen/index.html" "Mozilla/5.0 (Macintosh; Intel Mac OS X 10_11_6) AppleWebKit/603.2.5 (KHTML, like Gecko) Version/10.1.1 Safari/603.2.5"
5.9.145.132 - - [12/Jun/2017:14:17:50 +0200] "GET /buecher/ HTTP/1.1" 200 25885 "-" "Mozilla/5.0 (Windows NT 6.1; rv:21.0) Gecko/20100101 Firefox/21.0"
5.9.94.207 - - [12/Jun/2017:14:17:51 +0200] "GET /buecher/index.html HTTP/1.1" 200 25885 "-" "Mozilla/5.0 (Windows NT 6.1; rv:12.0) Gecko/20120403211507 Firefox/14.0.1"
87.139.17.98 - - [12/Jun/2017:14:18:48 +0200] "GET /cds/hymnos_akathistos.html HTTP/1.1" 200 11061 "https://www.google.de/" "Mozilla/5.0 (Windows NT 6.1; WOW64; rv:53.0) Gecko/20100101 Firefox/53.0"
87.139.17.98 - - [12/Jun/2017:14:18:49 +0200] "GET /main.css HTTP/1.1" 200 1439 "http://www.morusverlag.de/cds/hymnos_akathistos.html" "Mozilla/5.0 (Windows NT 6.1; WOW64; rv:53.0) Gecko/20100101 Firefox/53.0"
87.139.17.98 - - [12/Jun/2017:14:18:50 +0200] "GET /cds/hymnos.jpg HTTP/1.1" 200 27752 "http://www.morusverlag.de/cds/hymnos_akathistos.html" "Mozilla/5.0 (Windows NT 6.1; WOW64; rv:53.0) Gecko/20100101 Firefox/53.0"
87.139.17.98 - - [12/Jun/2017:14:18:50 +0200] "GET /m.gif HTTP/1.1" 200 95 "http://www.morusverlag.de/cds/hymnos_akathistos.html" "Mozilla/5.0 (Windows NT 6.1; WOW64; rv:53.0) Gecko/20100101 Firefox/53.0"
87.139.17.98 - - [12/Jun/2017:14:18:50 +0200] "GET /pf.gif HTTP/1.1" 200 62 "http://www.morusverlag.de/cds/hymnos_akathistos.html" "Mozilla/5.0 (Windows NT 6.1; WOW64; rv:53.0) Gecko/20100101 Firefox/53.0"
87.139.17.98 - - [12/Jun/2017:14:18:50 +0200] "GET /mv_g.gif HTTP/1.1" 200 4070 "http://www.morusverlag.de/cds/hymnos_akathistos.html" "Mozilla/5.0 (Windows NT 6.1; WOW64; rv:53.0) Gecko/20100101 Firefox/53.0"
87.139.17.98 - - [12/Jun/2017:14:18:50 +0200] "GET /logo_g.gif HTTP/1.1" 200 1301 "http://www.morusverlag.de/cds/hymnos_akathistos.html" "Mozilla/5.0 (Windows NT 6.1; WOW64; rv:53.0) Gecko/20100101 Firefox/53.0"
87.139.17.98 - - [12/Jun/2017:14:18:50 +0200] "GET /cds/hymnos_heft.jpg HTTP/1.1" 200 8653 "http://www.morusverlag.de/cds/hymnos_akathistos.html" "Mozilla/5.0 (Windows NT 6.1; WOW64; rv:53.0) Gecko/20100101 Firefox/53.0"
87.139.17.98 - - [12/Jun/2017:14:18:50 +0200] "GET /strich.gif HTTP/1.1" 200 45 "http://www.morusverlag.de/cds/hymnos_akathistos.html" "Mozilla/5.0 (Windows NT 6.1; WOW64; rv:53.0) Gecko/20100101 Firefox/53.0"
87.139.17.98 - - [12/Jun/2017:14:18:50 +0200] "GET /cds/simplay_player.swf?audiofile=hymnos1.mp3 HTTP/1.1" 200 6377 "http://www.morusverlag.de/cds/hymnos_akathistos.html" "Mozilla/5.0 (Windows NT 6.1; WOW64; rv:53.0) Gecko/20100101 Firefox/53.0"
87.139.17.98 - - [12/Jun/2017:14:18:50 +0200] "GET /cds/simplay_control.swf HTTP/1.1" 200 1243 "http://www.morusverlag.de/cds/hymnos_akathistos.html" "Mozilla/5.0 (Windows NT 6.1; WOW64; rv:53.0) Gecko/20100101 Firefox/53.0"
87.139.17.98 - - [12/Jun/2017:14:18:51 +0200] "GET /cds/simplay_player.swf?audiofile=hymnos2.mp3 HTTP/1.1" 200 6377 "http://www.morusverlag.de/cds/hymnos_akathistos.html" "Mozilla/5.0 (Windows NT 6.1; WOW64; rv:53.0) Gecko/20100101 Firefox/53.0"
87.139.17.98 - - [12/Jun/2017:14:18:51 +0200] "GET /favicon.ico HTTP/1.1" 200 4286 "-" "Mozilla/5.0 (Windows NT 6.1; WOW64; rv:53.0) Gecko/20100101 Firefox/53.0"
5.196.87.172 - - [12/Jun/2017:14:38:36 +0200] "GET /buecher/veroeffentlichungsliste.html HTTP/1.1" 200 129779 "-" "Mozilla/5.0 (compatible; AhrefsBot/5.2; +http://ahrefs.com/robot/)"
5.9.145.132 - - [12/Jun/2017:14:57:49 +0200] "GET /sonderthemen/oeaz2001.pdf HTTP/1.1" 200 4496626 "-" "Mozilla/5.0 (compatible; MSIE 10.0; Windows NT 6.1; WOW64; Trident/6.0)"
5.255.251.7 - - [12/Jun/2017:15:03:28 +0200] "GET /robots.txt HTTP/1.1" 200 100 "-" "Mozilla/5.0 (compatible; YandexBot/3.0; +http://yandex.com/bots)"
5.255.251.7 - - [12/Jun/2017:15:03:32 +0200] "GET /gotteslob/gotteslob_alle.jpg HTTP/1.1" 304 - "-" "Mozilla/5.0 (compatible; YandexImages/3.0; +http://yandex.com/bots)"
109.103.56.222 - - [12/Jun/2017:15:18:37 +0200] "GET /robots.txt HTTP/1.0" 200 100 "-" "Nutch/Nutch-2.3.1"
109.103.56.222 - - [12/Jun/2017:15:18:37 +0200] "GET / HTTP/1.0" 200 9360 "-" "Nutch/Nutch-2.3.1"
5.9.112.6 - - [12/Jun/2017:16:03:57 +0200] "GET /sonderthemen/oekt_extra3.pdf HTTP/1.1" 200 2109745 "-" "Mozilla/5.0 (Windows NT 6.1; WOW64) AppleWebKit/537.36 (KHTML, like Gecko) Chrome/43.0.2357.134 Safari/537.36"
5.9.94.207 - - [12/Jun/2017:16:15:04 +0200] "GET /sonderthemen/az2000.pdf HTTP/1.1" 200 2253581 "-" "Mozilla/5.0 (Windows NT 6.2; WOW64) AppleWebKit/537.31 (KHTML, like Gecko) Chrome/26.0.1410.58 Safari/537.31"
79.7.39.175 - - [12/Jun/2017:16:15:32 +0200] "GET /cds/hymnos_akathistos.html HTTP/1.1" 200 11061 "http://www.google.de/url?sa=t&rct=j&q=&esrc=s&source=web&cd=1&ved=0ahUKEwigit3vvbjUAhWDPBQKHcuwAKAQFggiMAA&url=http%3A%2F%2Fwww.morusverlag.de%2Fcds%2Fhymnos_akathistos.html&usg=AFQjCNGJrfy9Ow9xe5l9koYs9LpBXEit7g" "Mozilla/5.0 (Windows NT 6.1; WOW64; Trident/7.0; rv:11.0) like Gecko"
79.7.39.175 - - [12/Jun/2017:16:15:32 +0200] "GET /main.css HTTP/1.1" 200 1439 "http://www.morusverlag.de/cds/hymnos_akathistos.html" "Mozilla/5.0 (Windows NT 6.1; WOW64; Trident/7.0; rv:11.0) like Gecko"
79.7.39.175 - - [12/Jun/2017:16:15:32 +0200] "GET /strich.gif HTTP/1.1" 200 45 "http://www.morusverlag.de/cds/hymnos_akathistos.html" "Mozilla/5.0 (Windows NT 6.1; WOW64; Trident/7.0; rv:11.0) like Gecko"
79.7.39.175 - - [12/Jun/2017:16:15:32 +0200] "GET /cds/hymnos.jpg HTTP/1.1" 200 27752 "http://www.morusverlag.de/cds/hymnos_akathistos.html" "Mozilla/5.0 (Windows NT 6.1; WOW64; Trident/7.0; rv:11.0) like Gecko"
79.7.39.175 - - [12/Jun/2017:16:15:32 +0200] "GET /logo_g.gif HTTP/1.1" 200 1301 "http://www.morusverlag.de/cds/hymnos_akathistos.html" "Mozilla/5.0 (Windows NT 6.1; WOW64; Trident/7.0; rv:11.0) like Gecko"
79.7.39.175 - - [12/Jun/2017:16:15:32 +0200] "GET /mv_g.gif HTTP/1.1" 200 4070 "http://www.morusverlag.de/cds/hymnos_akathistos.html" "Mozilla/5.0 (Windows NT 6.1; WOW64; Trident/7.0; rv:11.0) like Gecko"
79.7.39.175 - - [12/Jun/2017:16:15:32 +0200] "GET /m.gif HTTP/1.1" 200 95 "http://www.morusverlag.de/cds/hymnos_akathistos.html" "Mozilla/5.0 (Windows NT 6.1; WOW64; Trident/7.0; rv:11.0) like Gecko"
79.7.39.175 - - [12/Jun/2017:16:15:32 +0200] "GET /pf.gif HTTP/1.1" 200 62 "http://www.morusverlag.de/cds/hymnos_akathistos.html" "Mozilla/5.0 (Windows NT 6.1; WOW64; Trident/7.0; rv:11.0) like Gecko"
79.7.39.175 - - [12/Jun/2017:16:15:32 +0200] "GET /cds/hymnos_heft.jpg HTTP/1.1" 200 8653 "http://www.morusverlag.de/cds/hymnos_akathistos.html" "Mozilla/5.0 (Windows NT 6.1; WOW64; Trident/7.0; rv:11.0) like Gecko"
79.7.39.175 - - [12/Jun/2017:16:15:33 +0200] "GET /cds/simplay_player.swf?audiofile=hymnos1.mp3 HTTP/1.1" 200 6377 "http://www.morusverlag.de/cds/hymnos_akathistos.html" "Mozilla/5.0 (Windows NT 6.1; WOW64; Trident/7.0; rv:11.0) like Gecko"
79.7.39.175 - - [12/Jun/2017:16:15:33 +0200] "GET /cds/simplay_control.swf HTTP/1.1" 200 1243 "http://www.morusverlag.de/cds/hymnos_akathistos.html" "Mozilla/5.0 (Windows NT 6.1; WOW64; Trident/7.0; rv:11.0) like Gecko"
79.7.39.175 - - [12/Jun/2017:16:15:33 +0200] "GET /cds/simplay_player.swf?audiofile=hymnos2.mp3 HTTP/1.1" 200 6377 "http://www.morusverlag.de/cds/hymnos_akathistos.html" "Mozilla/5.0 (Windows NT 6.1; WOW64; Trident/7.0; rv:11.0) like Gecko"
79.7.39.175 - - [12/Jun/2017:16:15:33 +0200] "GET /strich.gif HTTP/1.1" 200 45 "http://www.morusverlag.de/cds/hymnos_akathistos.html" "Mozilla/5.0 (Windows NT 6.1; WOW64; Trident/7.0; rv:11.0) like Gecko"
79.7.39.175 - - [12/Jun/2017:16:15:33 +0200] "GET /cds/simplaydata/controlconfig.xml?nocache=1497276576174 HTTP/1.1" 200 121 "http://www.morusverlag.de/cds/simplay_control.swf" "Mozilla/5.0 (Windows NT 6.1; WOW64; Trident/7.0; rv:11.0) like Gecko"
79.7.39.175 - - [12/Jun/2017:16:15:33 +0200] "GET /cds/simplaydata/playerconfig.xml?nocache=1497276576379 HTTP/1.1" 200 149 "http://www.morusverlag.de/cds/simplay_player.swf?audiofile=hymnos1.mp3" "Mozilla/5.0 (Windows NT 6.1; WOW64; Trident/7.0; rv:11.0) like Gecko"
79.7.39.175 - - [12/Jun/2017:16:15:33 +0200] "GET /cds/simplaydata/playerconfig.xml?nocache=1497276576394 HTTP/1.1" 200 149 "http://www.morusverlag.de/cds/simplay_player.swf?audiofile=hymnos2.mp3" "Mozilla/5.0 (Windows NT 6.1; WOW64; Trident/7.0; rv:11.0) like Gecko"
79.7.39.175 - - [12/Jun/2017:16:15:33 +0200] "GET /cds/simplaydata/controlskins/default/skin.xml HTTP/1.1" 200 349 "http://www.morusverlag.de/cds/simplay_control.swf" "Mozilla/5.0 (Windows NT 6.1; WOW64; Trident/7.0; rv:11.0) like Gecko"
79.7.39.175 - - [12/Jun/2017:16:15:33 +0200] "GET /favicon.ico HTTP/1.1" 200 4286 "-" "Mozilla/5.0 (Windows NT 6.1; Win64; x64; Trident/7.0; rv:11.0) like Gecko"
79.7.39.175 - - [12/Jun/2017:16:15:33 +0200] "GET /cds/simplaydata/playerskins/default/skin.xml?nocache=1497276576472 HTTP/1.1" 200 649 "http://www.morusverlag.de/cds/simplay_player.swf?audiofile=hymnos2.mp3" "Mozilla/5.0 (Windows NT 6.1; WOW64; Trident/7.0; rv:11.0) like Gecko"
79.7.39.175 - - [12/Jun/2017:16:15:33 +0200] "GET /cds/simplaydata/playerskins/default/skin.xml?nocache=1497276576457 HTTP/1.1" 200 649 "http://www.morusverlag.de/cds/simplay_player.swf?audiofile=hymnos1.mp3" "Mozilla/5.0 (Windows NT 6.1; WOW64; Trident/7.0; rv:11.0) like Gecko"
79.7.39.175 - - [12/Jun/2017:16:15:33 +0200] "GET /cds/simplaydata/controlskins/default/background.jpg HTTP/1.1" 200 772 "http://www.morusverlag.de/cds/simplay_control.swf" "Mozilla/5.0 (Windows NT 6.1; WOW64; Trident/7.0; rv:11.0) like Gecko"
79.7.39.175 - - [12/Jun/2017:16:15:33 +0200] "GET /cds/simplaydata/controlskins/default/handle.jpg HTTP/1.1" 200 387 "http://www.morusverlag.de/cds/simplay_control.swf" "Mozilla/5.0 (Windows NT 6.1; WOW64; Trident/7.0; rv:11.0) like Gecko"
79.7.39.175 - - [12/Jun/2017:16:15:33 +0200] "GET /cds/simplaydata/controlskins/default/on.jpg HTTP/1.1" 200 986 "http://www.morusverlag.de/cds/simplay_control.swf" "Mozilla/5.0 (Windows NT 6.1; WOW64; Trident/7.0; rv:11.0) like Gecko"
79.7.39.175 - - [12/Jun/2017:16:15:33 +0200] "GET /cds/simplaydata/controlskins/default/off.jpg HTTP/1.1" 200 608 "http://www.morusverlag.de/cds/simplay_control.swf" "Mozilla/5.0 (Windows NT 6.1; WOW64; Trident/7.0; rv:11.0) like Gecko"
79.7.39.175 - - [12/Jun/2017:16:15:33 +0200] "GET /cds/simplaydata/playerskins/default/play_up.jpg HTTP/1.1" 200 643 "http://www.morusverlag.de/cds/simplay_player.swf?audiofile=hymnos2.mp3" "Mozilla/5.0 (Windows NT 6.1; WOW64; Trident/7.0; rv:11.0) like Gecko"
79.7.39.175 - - [12/Jun/2017:16:15:33 +0200] "GET /cds/simplaydata/playerskins/default/background.jpg HTTP/1.1" 200 340 "http://www.morusverlag.de/cds/simplay_player.swf?audiofile=hymnos2.mp3" "Mozilla/5.0 (Windows NT 6.1; WOW64; Trident/7.0; rv:11.0) like Gecko"
79.7.39.175 - - [12/Jun/2017:16:15:33 +0200] "GET /cds/simplaydata/playerskins/default/play_over.jpg HTTP/1.1" 200 986 "http://www.morusverlag.de/cds/simplay_player.swf?audiofile=hymnos2.mp3" "Mozilla/5.0 (Windows NT 6.1; WOW64; Trident/7.0; rv:11.0) like Gecko"
79.7.39.175 - - [12/Jun/2017:16:15:33 +0200] "GET /cds/simplaydata/playerskins/default/play_down.jpg HTTP/1.1" 200 972 "http://www.morusverlag.de/cds/simplay_player.swf?audiofile=hymnos2.mp3" "Mozilla/5.0 (Windows NT 6.1; WOW64; Trident/7.0; rv:11.0) like Gecko"
79.7.39.175 - - [12/Jun/2017:16:15:33 +0200] "GET /cds/simplaydata/playerskins/default/pause_up.jpg HTTP/1.1" 200 649 "http://www.morusverlag.de/cds/simplay_player.swf?audiofile=hymnos2.mp3" "Mozilla/5.0 (Windows NT 6.1; WOW64; Trident/7.0; rv:11.0) like Gecko"
79.7.39.175 - - [12/Jun/2017:16:15:33 +0200] "GET /cds/simplaydata/playerskins/default/pause_over.jpg HTTP/1.1" 200 988 "http://www.morusverlag.de/cds/simplay_player.swf?audiofile=hymnos2.mp3" "Mozilla/5.0 (Windows NT 6.1; WOW64; Trident/7.0; rv:11.0) like Gecko"
79.7.39.175 - - [12/Jun/2017:16:15:33 +0200] "GET /cds/simplaydata/playerskins/default/pause_down.jpg HTTP/1.1" 200 939 "http://www.morusverlag.de/cds/simplay_player.swf?audiofile=hymnos2.mp3" "Mozilla/5.0 (Windows NT 6.1; WOW64; Trident/7.0; rv:11.0) like Gecko"
79.7.39.175 - - [12/Jun/2017:16:15:33 +0200] "GET /cds/simplaydata/playerskins/default/background.jpg HTTP/1.1" 200 340 "http://www.morusverlag.de/cds/simplay_player.swf?audiofile=hymnos1.mp3" "Mozilla/5.0 (Windows NT 6.1; WOW64; Trident/7.0; rv:11.0) like Gecko"
79.7.39.175 - - [12/Jun/2017:16:15:33 +0200] "GET /cds/simplaydata/playerskins/default/play_up.jpg HTTP/1.1" 200 643 "http://www.morusverlag.de/cds/simplay_player.swf?audiofile=hymnos1.mp3" "Mozilla/5.0 (Windows NT 6.1; WOW64; Trident/7.0; rv:11.0) like Gecko"
79.7.39.175 - - [12/Jun/2017:16:15:33 +0200] "GET /cds/simplaydata/playerskins/default/play_over.jpg HTTP/1.1" 200 986 "http://www.morusverlag.de/cds/simplay_player.swf?audiofile=hymnos1.mp3" "Mozilla/5.0 (Windows NT 6.1; WOW64; Trident/7.0; rv:11.0) like Gecko"
79.7.39.175 - - [12/Jun/2017:16:15:33 +0200] "GET /cds/simplaydata/playerskins/default/play_down.jpg HTTP/1.1" 200 972 "http://www.morusverlag.de/cds/simplay_player.swf?audiofile=hymnos1.mp3" "Mozilla/5.0 (Windows NT 6.1; WOW64; Trident/7.0; rv:11.0) like Gecko"
79.7.39.175 - - [12/Jun/2017:16:15:33 +0200] "GET /cds/simplaydata/playerskins/default/pause_up.jpg HTTP/1.1" 200 649 "http://www.morusverlag.de/cds/simplay_player.swf?audiofile=hymnos1.mp3" "Mozilla/5.0 (Windows NT 6.1; WOW64; Trident/7.0; rv:11.0) like Gecko"
79.7.39.175 - - [12/Jun/2017:16:15:33 +0200] "GET /cds/simplaydata/playerskins/default/pause_over.jpg HTTP/1.1" 200 988 "http://www.morusverlag.de/cds/simplay_player.swf?audiofile=hymnos1.mp3" "Mozilla/5.0 (Windows NT 6.1; WOW64; Trident/7.0; rv:11.0) like Gecko"
79.7.39.175 - - [12/Jun/2017:16:15:33 +0200] "GET /cds/simplaydata/playerskins/default/pause_down.jpg HTTP/1.1" 200 939 "http://www.morusverlag.de/cds/simplay_player.swf?audiofile=hymnos1.mp3" "Mozilla/5.0 (Windows NT 6.1; WOW64; Trident/7.0; rv:11.0) like Gecko"
62.138.0.25 - - [12/Jun/2017:16:19:31 +0200] "GET /robots.txt HTTP/1.1" 200 100 "-" "Mozilla/5.0 (compatible; seoscanners.net/1; +spider@seoscanners.net)"
62.138.0.25 - - [12/Jun/2017:16:19:31 +0200] "GET /cds/glockenspiel2_k.jpg HTTP/1.1" 200 5265 "-" "Mozilla/5.0 (compatible; seoscanners.net/1; +spider@seoscanners.net)"
5.9.17.118 - - [12/Jun/2017:16:49:03 +0200] "GET /sonderthemen/oekt_extra1.pdf HTTP/1.1" 200 1849015 "-" "Mozilla/5.0 (compatible; MSIE 10.0; Windows NT 6.1; Trident/6.0)"
85.25.210.234 - - [12/Jun/2017:17:29:53 +0200] "GET /robots.txt HTTP/1.1" 200 100 "-" "Mozilla/5.0 (compatible; seoscanners.net/1; +spider@seoscanners.net)"
85.25.210.234 - - [12/Jun/2017:17:29:53 +0200] "GET /sonderthemen/akademieprogramm/04/pro_zei_04_s15.pdf HTTP/1.1" 404 2381 "-" "Mozilla/5.0 (compatible; seoscanners.net/1; +spider@seoscanners.net)"
84.158.84.251 - - [12/Jun/2017:17:36:08 +0200] "GET /buecher/rezensionen_leiblichkeit_und_zeitlichkeit.html HTTP/1.1" 200 8821 "https://www.google.de/" "Mozilla/5.0 (Windows NT 6.1; WOW64; rv:53.0) Gecko/20100101 Firefox/53.0"
84.158.84.251 - - [12/Jun/2017:17:36:08 +0200] "GET /main.css HTTP/1.1" 200 1439 "http://www.morusverlag.de/buecher/rezensionen_leiblichkeit_und_zeitlichkeit.html" "Mozilla/5.0 (Windows NT 6.1; WOW64; rv:53.0) Gecko/20100101 Firefox/53.0"
84.158.84.251 - - [12/Jun/2017:17:36:08 +0200] "GET /logo_g.gif HTTP/1.1" 200 1301 "http://www.morusverlag.de/buecher/rezensionen_leiblichkeit_und_zeitlichkeit.html" "Mozilla/5.0 (Windows NT 6.1; WOW64; rv:53.0) Gecko/20100101 Firefox/53.0"
84.158.84.251 - - [12/Jun/2017:17:36:08 +0200] "GET /m.gif HTTP/1.1" 200 95 "http://www.morusverlag.de/buecher/rezensionen_leiblichkeit_und_zeitlichkeit.html" "Mozilla/5.0 (Windows NT 6.1; WOW64; rv:53.0) Gecko/20100101 Firefox/53.0"
84.158.84.251 - - [12/Jun/2017:17:36:08 +0200] "GET /pf.gif HTTP/1.1" 200 62 "http://www.morusverlag.de/buecher/rezensionen_leiblichkeit_und_zeitlichkeit.html" "Mozilla/5.0 (Windows NT 6.1; WOW64; rv:53.0) Gecko/20100101 Firefox/53.0"
84.158.84.251 - - [12/Jun/2017:17:36:08 +0200] "GET /mv_g.gif HTTP/1.1" 200 4070 "http://www.morusverlag.de/buecher/rezensionen_leiblichkeit_und_zeitlichkeit.html" "Mozilla/5.0 (Windows NT 6.1; WOW64; rv:53.0) Gecko/20100101 Firefox/53.0"
84.158.84.251 - - [12/Jun/2017:17:36:08 +0200] "GET /buecher/leiblichkeit.jpg HTTP/1.1" 200 3929 "http://www.morusverlag.de/buecher/rezensionen_leiblichkeit_und_zeitlichkeit.html" "Mozilla/5.0 (Windows NT 6.1; WOW64; rv:53.0) Gecko/20100101 Firefox/53.0"
84.158.84.251 - - [12/Jun/2017:17:36:09 +0200] "GET /strich.gif HTTP/1.1" 200 45 "http://www.morusverlag.de/buecher/rezensionen_leiblichkeit_und_zeitlichkeit.html" "Mozilla/5.0 (Windows NT 6.1; WOW64; rv:53.0) Gecko/20100101 Firefox/53.0"
84.158.84.251 - - [12/Jun/2017:17:36:09 +0200] "GET /favicon.ico HTTP/1.1" 200 4286 "-" "Mozilla/5.0 (Windows NT 6.1; WOW64; rv:53.0) Gecko/20100101 Firefox/53.0"
93.218.45.212 - - [12/Jun/2017:19:04:33 +0200] "GET /impressum.html HTTP/1.1" 200 2808 "https://www.google.de/" "Mozilla/5.0 (Windows NT 5.2; rv:50.0) Gecko/20100101 Firefox/50.0"
93.218.45.212 - - [12/Jun/2017:19:04:33 +0200] "GET /main.css HTTP/1.1" 200 1439 "http://www.morusverlag.de/impressum.html" "Mozilla/5.0 (Windows NT 5.2; rv:50.0) Gecko/20100101 Firefox/50.0"
93.218.45.212 - - [12/Jun/2017:19:04:33 +0200] "GET /logo_g.gif HTTP/1.1" 200 1301 "http://www.morusverlag.de/impressum.html" "Mozilla/5.0 (Windows NT 5.2; rv:50.0) Gecko/20100101 Firefox/50.0"
93.218.45.212 - - [12/Jun/2017:19:04:33 +0200] "GET /mv_g.gif HTTP/1.1" 200 4070 "http://www.morusverlag.de/impressum.html" "Mozilla/5.0 (Windows NT 5.2; rv:50.0) Gecko/20100101 Firefox/50.0"
93.218.45.212 - - [12/Jun/2017:19:04:33 +0200] "GET /strich.gif HTTP/1.1" 200 45 "http://www.morusverlag.de/impressum.html" "Mozilla/5.0 (Windows NT 5.2; rv:50.0) Gecko/20100101 Firefox/50.0"
93.218.45.212 - - [12/Jun/2017:19:04:33 +0200] "GET /favicon.ico HTTP/1.1" 200 4286 "-" "Mozilla/5.0 (Windows NT 5.2; rv:50.0) Gecko/20100101 Firefox/50.0"
5.196.87.173 - - [12/Jun/2017:19:07:24 +0200] "GET /buecher/index.html HTTP/1.1" 200 25885 "-" "Mozilla/5.0 (compatible; AhrefsBot/5.2; +http://ahrefs.com/robot/)"
5.9.112.6 - - [12/Jun/2017:19:18:02 +0200] "GET /buecher/index.html HTTP/1.1" 200 25885 "-" "Mozilla/5.0 (X11; U; Linux i686; en-US; rv:1.9.1.16) Gecko/20120421 Firefox/11.0"
192.99.79.240 - - [12/Jun/2017:19:34:45 +0200] "GET / HTTP/1.1" 200 9360 "-" "Java/1.6.0_04"
192.99.79.240 - - [12/Jun/2017:19:34:46 +0200] "GET /impressum.html HTTP/1.1" 200 2808 "-" "Java/1.6.0_04"
192.99.79.240 - - [12/Jun/2017:19:34:46 +0200] "GET /search.php HTTP/1.1" 200 2027 "-" "Java/1.6.0_04"
192.99.79.240 - - [12/Jun/2017:19:34:46 +0200] "GET /index.html HTTP/1.1" 200 9360 "-" "Java/1.6.0_04"
192.99.79.240 - - [12/Jun/2017:19:34:47 +0200] "GET /buecher/index.html HTTP/1.1" 200 25885 "-" "Java/1.6.0_04"
192.99.79.240 - - [12/Jun/2017:19:34:48 +0200] "GET /buecher/rezensionen_chateaubriand.html HTTP/1.1" 200 47317 "-" "Java/1.6.0_04"
192.99.79.240 - - [12/Jun/2017:19:34:49 +0200] "GET /buecher/veroeffentlichungsliste.html HTTP/1.1" 200 129779 "-" "Java/1.6.0_04"
192.99.79.240 - - [12/Jun/2017:19:34:51 +0200] "GET /cds/hymnos_akathistos.html HTTP/1.1" 200 11061 "-" "Java/1.6.0_04"
192.99.79.240 - - [12/Jun/2017:19:34:51 +0200] "GET /cds/ignatius.html HTTP/1.1" 200 6576 "-" "Java/1.6.0_04"
192.99.79.240 - - [12/Jun/2017:19:34:52 +0200] "GET /cds/index.html HTTP/1.1" 200 7987 "-" "Java/1.6.0_04"
192.99.79.240 - - [12/Jun/2017:19:34:52 +0200] "GET /cds/rosarium.html HTTP/1.1" 200 6680 "-" "Java/1.6.0_04"
192.99.79.240 - - [12/Jun/2017:19:34:52 +0200] "GET /gotteslob/index.html HTTP/1.1" 200 2770 "-" "Java/1.6.0_04"
192.99.79.240 - - [12/Jun/2017:19:34:53 +0200] "GET /jahrbuch/index.html HTTP/1.1" 200 3956 "-" "Java/1.6.0_04"
192.99.79.240 - - [12/Jun/2017:19:34:53 +0200] "GET /kontakt/index.html HTTP/1.1" 200 2896 "-" "Java/1.6.0_04"
192.99.79.240 - - [12/Jun/2017:19:34:53 +0200] "GET /sonderthemen/index.html HTTP/1.1" 200 7102 "-" "Java/1.6.0_04"
192.99.79.240 - - [12/Jun/2017:19:34:54 +0200] "GET /buecher/bestellung.php HTTP/1.1" 200 10142 "-" "Java/1.6.0_04"
192.99.79.240 - - [12/Jun/2017:19:34:55 +0200] "GET /buecher/diskussion.html HTTP/1.1" 200 9925 "-" "Java/1.6.0_04"
192.99.79.240 - - [12/Jun/2017:19:34:55 +0200] "GET /buecher/rezensionen_engel.html HTTP/1.1" 200 6598 "-" "Java/1.6.0_04"
192.99.79.240 - - [12/Jun/2017:19:34:55 +0200] "GET /buecher/rezensionen_krise_zum_heil.html HTTP/1.1" 200 9828 "-" "Java/1.6.0_04"
192.99.79.240 - - [12/Jun/2017:19:34:56 +0200] "GET /buecher/rezensionen_le_saulchoir.html HTTP/1.1" 200 34009 "-" "Java/1.6.0_04"
192.99.79.240 - - [12/Jun/2017:19:34:57 +0200] "GET /buecher/rezensionen_leiblichkeit_und_zeitlichkeit.html HTTP/1.1" 200 8821 "-" "Java/1.6.0_04"
192.99.79.240 - - [12/Jun/2017:19:34:57 +0200] "GET /buecher/rezensionen_nicht_auf_sand_gebaut.html HTTP/1.1" 200 6594 "-" "Java/1.6.0_04"
192.99.79.240 - - [12/Jun/2017:19:34:58 +0200] "GET /buecher/rezensionen_preysing.html HTTP/1.1" 200 9502 "-" "Java/1.6.0_04"
192.99.79.240 - - [12/Jun/2017:19:34:58 +0200] "GET /buecher/rezensionen_psalmen.html HTTP/1.1" 200 6787 "-" "Java/1.6.0_04"
192.99.79.240 - - [12/Jun/2017:19:34:59 +0200] "GET /contentflow/contentflow.js HTTP/1.1" 200 42064 "-" "Java/1.6.0_04"
192.99.79.240 - - [12/Jun/2017:19:35:00 +0200] "GET /buecher/rezensionen.html HTTP/1.1" 200 6964 "-" "Java/1.6.0_04"
192.99.79.240 - - [12/Jun/2017:19:35:00 +0200] "GET /buecher/rezensionen_ignatius.html HTTP/1.1" 200 8182 "-" "Java/1.6.0_04"
192.99.79.240 - - [12/Jun/2017:19:35:01 +0200] "GET /cds/astazi.html HTTP/1.1" 200 8453 "-" "Java/1.6.0_04"
192.99.79.240 - - [12/Jun/2017:19:35:01 +0200] "GET /cds/glockenspiel1.html HTTP/1.1" 200 9736 "-" "Java/1.6.0_04"
192.99.79.240 - - [12/Jun/2017:19:35:02 +0200] "GET /cds/glockenspiel2.html HTTP/1.1" 200 9831 "-" "Java/1.6.0_04"
192.99.79.240 - - [12/Jun/2017:19:35:02 +0200] "GET /cds/lumina.html HTTP/1.1" 200 9000 "-" "Java/1.6.0_04"
192.99.79.240 - - [12/Jun/2017:19:35:03 +0200] "GET /jahrbuch/bestellung.php HTTP/1.1" 200 10316 "-" "Java/1.6.0_04"
192.99.79.240 - - [12/Jun/2017:19:35:03 +0200] "GET /sonderthemen/archiv.html HTTP/1.1" 200 6959 "-" "Java/1.6.0_04"
192.99.79.240 - - [12/Jun/2017:19:35:04 +0200] "GET /sonderthemen/presse.html HTTP/1.1" 200 5772 "-" "Java/1.6.0_04"
192.99.79.240 - - [12/Jun/2017:19:35:04 +0200] "GET /contentflow/\"+K.src+\" HTTP/1.1" 404 2381 "-" "Java/1.6.0_04"
5.255.251.7 - - [12/Jun/2017:20:05:42 +0200] "GET /cds/hymnos_akathistos.html HTTP/1.1" 200 11061 "-" "Mozilla/5.0 (compatible; YandexBot/3.0; +http://yandex.com/bots)"
5.9.145.132 - - [12/Jun/2017:20:29:53 +0200] "GET /sonderthemen/oeaz2001.pdf HTTP/1.1" 200 4496626 "-" "Mozilla/5.0 (X11; Ubuntu; Linux x86_64; rv:21.0) Gecko/20130331 Firefox/21.0"
195.133.48.150 - - [12/Jun/2017:20:30:40 +0200] "HEAD / HTTP/1.1" 200 - "http://novaya-vysota.kz/news/" "Mozilla/5.0 (compatible; MSIE3.00; Windows 2008)"
195.133.145.199 - - [12/Jun/2017:20:30:40 +0200] "HEAD / HTTP/1.1" 200 - "https://onfey.ru/" "Mozilla/5.0 (compatible; MSIE7.00; Windows 2009)"
85.25.210.234 - - [12/Jun/2017:20:32:39 +0200] "GET /robots.txt HTTP/1.1" 200 100 "-" "Mozilla/5.0 (compatible; seoscanners.net/1; +spider@seoscanners.net)"
85.25.210.234 - - [12/Jun/2017:20:32:39 +0200] "GET /buecher/le_saulchoir.jpg HTTP/1.1" 200 2734 "-" "Mozilla/5.0 (compatible; seoscanners.net/1; +spider@seoscanners.net)"
195.133.147.74 - - [12/Jun/2017:20:35:13 +0200] "HEAD / HTTP/1.1" 200 - "http://obivka.moscow/nashi-raboty" "Mozilla/4.0 (compatible; MSIE2.00; Windows 2003)"
195.133.147.89 - - [12/Jun/2017:20:35:13 +0200] "HEAD / HTTP/1.1" 200 - "https://affiliate.forex/ru/" "Mozilla/2.0 (compatible; MSIE5.00; Windows 2004)"
194.87.234.246 - - [12/Jun/2017:20:35:39 +0200] "HEAD / HTTP/1.1" 200 - "http://54-remont.ru/remont-kvartir/remont-malenkoj-kvartiry" "Mozilla/2.0 (compatible; MSIE6.00; Windows 2003)"
193.124.131.168 - - [12/Jun/2017:20:37:55 +0200] "HEAD / HTTP/1.1" 200 - "https://stolshop.com/zhurnalno-obedennyie-stolyi-transformeryi" "Mozilla/7.0 (compatible; MSIE3.00; Windows 2004)"
195.133.147.6 - - [12/Jun/2017:20:37:56 +0200] "HEAD / HTTP/1.1" 200 - "http://buckshee.petimer.ru/novosti-economici/" "Mozilla/3.0 (compatible; MSIE3.00; Windows 2008)"
194.87.238.17 - - [12/Jun/2017:20:38:52 +0200] "HEAD / HTTP/1.1" 200 - "http://yandextaxispb.ru/category/articles/" "Mozilla/2.0 (compatible; MSIE5.00; Windows 2002)"
85.25.210.234 - - [12/Jun/2017:20:44:35 +0200] "GET /jahrbuch/titelseiten/1977.jpg HTTP/1.1" 200 12115 "-" "Mozilla/5.0 (compatible; seoscanners.net/1; +spider@seoscanners.net)"
194.67.210.77 - - [12/Jun/2017:20:48:54 +0200] "HEAD / HTTP/1.1" 200 - "https://americanbubblewall.com/" "Mozilla/4.0 (compatible; MSIE6.00; Windows 2003)"
193.124.190.64 - - [12/Jun/2017:20:48:54 +0200] "HEAD / HTTP/1.1" 200 - "http://www.westcomp.ru/catalog/servernye_komplektuyushchie_raid_kontrollery_batarei/" "Mozilla/8.0 (compatible; MSIE2.00; Windows 2002)"
185.125.219.134 - - [12/Jun/2017:20:48:55 +0200] "HEAD / HTTP/1.1" 200 - "http://doctut.ru/mikolog" "Mozilla/5.0 (compatible; MSIE7.00; Windows 2002)"
185.5.249.185 - - [12/Jun/2017:20:51:29 +0200] "HEAD / HTTP/1.1" 200 - "https://bridesplaza.com/payment-and-refund-policy" "Mozilla/2.0 (compatible; MSIE6.00; Windows 2005)"
5.9.106.81 - - [12/Jun/2017:20:57:35 +0200] "GET /buecher/ HTTP/1.1" 200 25885 "-" "Mozilla/5.0 (Macintosh; Intel Mac OS X 10_6_8) AppleWebKit/535.19 (KHTML, like Gecko) Chrome/18.0.1025.166 Safari/535.19"
5.101.78.76 - - [12/Jun/2017:20:58:35 +0200] "HEAD / HTTP/1.1" 200 - "http://dsk-baby-hit.ru/products/mat-sportswill-100-kh-100-kh-10-skladnoi" "Mozilla/3.0 (compatible; MSIE4.00; Windows 2002)"
188.227.18.37 - - [12/Jun/2017:20:58:35 +0200] "HEAD / HTTP/1.1" 200 - "https://boathiremalta.com/fishing-malta-mediterranean-sea/" "Mozilla/2.0 (compatible; MSIE4.00; Windows 2002)"
185.154.13.6 - - [12/Jun/2017:21:03:04 +0200] "HEAD / HTTP/1.1" 200 - "https://mebelbig.ru/mebel/kuhni/" "Mozilla/8.0 (compatible; MSIE5.00; Windows 2005)"
178.159.39.237 - - [12/Jun/2017:21:03:05 +0200] "HEAD / HTTP/1.1" 200 - "http://isservice.com.ua/remont-stiralnykh-mashin.html" "Mozilla/3.0 (compatible; MSIE4.00; Windows 2006)"
77.220.213.173 - - [12/Jun/2017:21:03:05 +0200] "HEAD / HTTP/1.1" 200 - "http://protein.kiev.ua/zhiroszhigateli-i-l-karnitin/" "Mozilla/7.0 (compatible; MSIE7.00; Windows 2005)"
178.159.43.212 - - [12/Jun/2017:21:03:36 +0200] "HEAD / HTTP/1.1" 200 - "http://cinema-world.vip/movies/comedy/" "Mozilla/5.0 (compatible; MSIE5.00; Windows 2003)"
5.9.17.118 - - [12/Jun/2017:21:11:04 +0200] "GET /sonderthemen/az1999.pdf HTTP/1.1" 200 1842982 "-" "Mozilla/5.0 (X11; Ubuntu; Linux i686; rv:15.0) Gecko/20100101 Firefox/15.0.1"
66.249.64.24 - - [12/Jun/2017:21:20:19 +0200] "GET /impressum.html HTTP/1.1" 200 2808 "-" "Mozilla/5.0 (compatible; Googlebot/2.1; +http://www.google.com/bot.html)"
40.77.167.40 - - [12/Jun/2017:21:26:12 +0200] "GET /cds/hymnos_akathistos.html HTTP/1.1" 200 11061 "-" "Mozilla/5.0 (compatible; bingbot/2.0; +http://www.bing.com/bingbot.htm)"
157.55.39.130 - - [12/Jun/2017:21:26:48 +0200] "GET /cds/simplay_player.swf?audiofile=hymnos1.mp3 HTTP/1.1" 200 6377 "-" "Mozilla/5.0 (compatible; bingbot/2.0; +http://www.bing.com/bingbot.htm)"
157.55.39.130 - - [12/Jun/2017:21:26:48 +0200] "GET /mv_g.gif HTTP/1.1" 200 4070 "-" "Mozilla/5.0 (compatible; bingbot/2.0; +http://www.bing.com/bingbot.htm)"
157.55.39.130 - - [12/Jun/2017:21:26:48 +0200] "GET /strich.gif HTTP/1.1" 200 45 "-" "Mozilla/5.0 (compatible; bingbot/2.0; +http://www.bing.com/bingbot.htm)"
40.77.167.40 - - [12/Jun/2017:21:26:52 +0200] "GET /cds/simplay_control.swf HTTP/1.1" 200 1243 "-" "Mozilla/5.0 (compatible; bingbot/2.0; +http://www.bing.com/bingbot.htm)"
40.77.167.40 - - [12/Jun/2017:21:26:52 +0200] "GET /cds/simplay_player.swf?audiofile=hymnos2.mp3 HTTP/1.1" 200 6377 "-" "Mozilla/5.0 (compatible; bingbot/2.0; +http://www.bing.com/bingbot.htm)"
157.55.39.200 - - [12/Jun/2017:21:26:58 +0200] "GET /logo_g.gif HTTP/1.1" 200 1301 "-" "Mozilla/5.0 (compatible; bingbot/2.0; +http://www.bing.com/bingbot.htm)"
157.55.39.69 - - [12/Jun/2017:21:27:04 +0200] "GET /cds/hymnos.jpg HTTP/1.1" 200 27752 "-" "Mozilla/5.0 (compatible; bingbot/2.0; +http://www.bing.com/bingbot.htm)"
157.55.39.69 - - [12/Jun/2017:21:27:05 +0200] "GET /main.css HTTP/1.1" 200 1439 "-" "Mozilla/5.0 (compatible; bingbot/2.0; +http://www.bing.com/bingbot.htm)"
5.255.251.7 - - [12/Jun/2017:22:03:11 +0200] "GET /sonderthemen/archiv.html HTTP/1.1" 200 6959 "-" "Mozilla/5.0 (compatible; YandexBot/3.0; +http://yandex.com/bots)"
66.249.64.26 - - [12/Jun/2017:22:58:58 +0200] "GET / HTTP/1.1" 200 9360 "-" "Mozilla/5.0 (Linux; Android 6.0.1; Nexus 5X Build/MMB29P) AppleWebKit/537.36 (KHTML, like Gecko) Chrome/41.0.2272.96 Mobile Safari/537.36 (compatible; Googlebot/2.1; +http://www.google.com/bot.html)"
66.249.64.26 - - [12/Jun/2017:22:58:59 +0200] "GET / HTTP/1.1" 200 9360 "-" "Mozilla/5.0 (Linux; Android 6.0.1; Nexus 5X Build/MMB29P) AppleWebKit/537.36 (KHTML, like Gecko) Chrome/41.0.2272.96 Mobile Safari/537.36 (compatible; Googlebot/2.1; +http://www.google.com/bot.html)"
66.249.64.25 - - [12/Jun/2017:22:59:02 +0200] "GET /main.css HTTP/1.1" 200 1439 "http://www.morusverlag.de/" "Mozilla/5.0 (compatible; Googlebot/2.1; +http://www.google.com/bot.html)"
5.255.251.7 - - [12/Jun/2017:23:28:33 +0200] "GET /robots.txt HTTP/1.1" 200 100 "-" "Mozilla/5.0 (compatible; YandexBot/3.0; +http://yandex.com/bots)"
5.255.251.7 - - [12/Jun/2017:23:28:37 +0200] "GET / HTTP/1.1" 200 9360 "-" "Mozilla/5.0 (compatible; YandexBot/3.0; +http://yandex.com/bots)"
79.238.243.248 - - [12/Jun/2017:23:30:09 +0200] "GET /buecher/gesichter/32.jpg HTTP/1.1" 200 8010 "https://www.bing.com/" "Mozilla/5.0 (Windows NT 10.0; Win64; x64) AppleWebKit/537.36 (KHTML, like Gecko) Chrome/51.0.2704.79 Safari/537.36 Edge/14.14393"
5.9.106.81 - - [12/Jun/2017:23:30:29 +0200] "GET /buecher/veroeffentlichungsliste.html HTTP/1.1" 200 129779 "-" "Mozilla/5.0 (Macintosh; Intel Mac OS X 10_6_8) AppleWebKit/535.19 (KHTML, like Gecko) Chrome/18.0.1025.166 Safari/535.19"
5.196.87.175 - - [12/Jun/2017:23:42:56 +0200] "GET /sonderthemen/index.html HTTP/1.1" 200 7102 "-" "Mozilla/5.0 (compatible; AhrefsBot/5.2; +http://ahrefs.com/robot/)"
66.249.64.25 - - [13/Jun/2017:00:02:56 +0200] "GET /contentflow/mycontentflow.css HTTP/1.1" 404 2381 "http://www.morusverlag.de/buecher/index.html" "Mozilla/5.0 (compatible; Googlebot/2.1; +http://www.google.com/bot.html)"
66.249.64.25 - - [13/Jun/2017:00:02:57 +0200] "GET /contentflow/contentflow.css HTTP/1.1" 200 3109 "http://www.morusverlag.de/buecher/index.html" "Mozilla/5.0 (compatible; Googlebot/2.1; +http://www.google.com/bot.html)"
66.249.64.26 - - [13/Jun/2017:00:02:58 +0200] "GET /contentflow/ContentFlowAddOn_white.css HTTP/1.1" 200 3174 "http://www.morusverlag.de/buecher/index.html" "Mozilla/5.0 (compatible; Googlebot/2.1; +http://www.google.com/bot.html)"
5.255.251.7 - - [13/Jun/2017:00:05:58 +0200] "GET /cds/simplay_control.swf HTTP/1.1" 200 1243 "-" "Mozilla/5.0 (compatible; YandexBot/3.0; +http://yandex.com/bots)"
194.67.210.77 - - [13/Jun/2017:00:18:05 +0200] "HEAD / HTTP/1.1" 200 - "https://americanbubblewall.com/aqua-design-bubble-wall/" "Mozilla/8.0 (compatible; MSIE7.00; Windows 2002)"
193.124.190.64 - - [13/Jun/2017:00:18:05 +0200] "HEAD / HTTP/1.1" 200 - "http://www.westcomp.ru/catalog/sistemy_khraneniya_hp_nas/" "Mozilla/6.0 (compatible; MSIE6.00; Windows 2003)"
185.5.249.185 - - [13/Jun/2017:00:18:05 +0200] "HEAD / HTTP/1.1" 200 - "https://bridesplaza.com/profile-activation-ladies" "Mozilla/8.0 (compatible; MSIE4.00; Windows 2009)"
185.125.219.134 - - [13/Jun/2017:00:18:05 +0200] "HEAD / HTTP/1.1" 200 - "http://doctut.ru/genetik" "Mozilla/2.0 (compatible; MSIE7.00; Windows 2008)"
78.46.156.169 - - [13/Jun/2017:00:32:37 +0200] "GET /sonderthemen/az2003.pdf HTTP/1.1" 200 4864675 "-" "Mozilla/5.0 (Windows NT 5.1; rv:21.0) Gecko/20100101 Firefox/21.0"
5.9.112.6 - - [13/Jun/2017:00:32:25 +0200] "GET /sonderthemen/oekz2003.pdf HTTP/1.1" 200 4017017 "-" "Mozilla/5.0 (Macintosh; Intel Mac OS X 10.8; rv:21.0) Gecko/20100101 Firefox/21.0"
5.101.78.76 - - [13/Jun/2017:00:37:32 +0200] "HEAD / HTTP/1.1" 200 - "http://dsk-baby-hit.ru/pages/detskii-sportivnyi-kompleks-v-g-surgut" "Mozilla/7.0 (compatible; MSIE4.00; Windows 2003)"
188.227.18.37 - - [13/Jun/2017:00:37:32 +0200] "HEAD / HTTP/1.1" 200 - "https://boathiremalta.com/services/birthday/" "Mozilla/6.0 (compatible; MSIE2.00; Windows 2003)"
69.64.40.177 - - [13/Jun/2017:01:40:36 +0200] "GET /buecher/gesichter/10.jpg HTTP/1.1" 200 7686 "-" "Googlebot-Image/1.0"
85.25.210.41 - - [13/Jun/2017:01:52:45 +0200] "GET /robots.txt HTTP/1.1" 200 100 "-" "Mozilla/5.0 (compatible; seoscanners.net/1; +spider@seoscanners.net)"
85.25.210.41 - - [13/Jun/2017:01:52:45 +0200] "GET /jahrbuch/titelseiten/1992.jpg HTTP/1.1" 200 8822 "-" "Mozilla/5.0 (compatible; seoscanners.net/1; +spider@seoscanners.net)"
212.37.27.58 - - [13/Jun/2017:02:00:55 +0200] "GET /robots.txt HTTP/1.0" 200 100 "-" "psbot/0.1 (+http://www.picsearch.com/bot.html)"
212.37.27.58 - - [13/Jun/2017:02:00:55 +0200] "GET /cds/lumina.html HTTP/1.0" 304 - "-" "psbot/0.1 (+http://www.picsearch.com/bot.html)"
212.37.27.58 - - [13/Jun/2017:02:02:45 +0200] "GET /cds/glockenspiel2.html HTTP/1.0" 304 - "-" "psbot/0.1 (+http://www.picsearch.com/bot.html)"
212.37.27.58 - - [13/Jun/2017:02:04:36 +0200] "GET /cds/hymnos_akathistos.html HTTP/1.0" 304 - "-" "psbot/0.1 (+http://www.picsearch.com/bot.html)"
5.255.251.7 - - [13/Jun/2017:02:08:51 +0200] "GET /buecher/gesichter/10.jpg HTTP/1.1" 304 - "-" "Mozilla/5.0 (compatible; YandexImages/3.0; +http://yandex.com/bots)"
66.249.64.26 - - [13/Jun/2017:02:11:10 +0200] "GET /robots.txt HTTP/1.1" 200 100 "-" "Mozilla/5.0 (compatible; Googlebot/2.1; +http://www.google.com/bot.html)"
66.249.64.25 - - [13/Jun/2017:02:11:10 +0200] "GET /sonderthemen/akademieprogramm/03/pro_zei_03_s15.pdf HTTP/1.1" 404 2381 "-" "Mozilla/5.0 (compatible; Googlebot/2.1; +http://www.google.com/bot.html)"
195.133.48.150 - - [13/Jun/2017:02:22:22 +0200] "HEAD / HTTP/1.1" 200 - "https://onfey.ru/" "Mozilla/2.0 (compatible; MSIE6.00; Windows 2006)"
195.133.145.199 - - [13/Jun/2017:02:22:22 +0200] "HEAD / HTTP/1.1" 200 - "http://dengi-v-kredit.in.ua/brovari/" "Mozilla/7.0 (compatible; MSIE3.00; Windows 2009)"
195.133.147.89 - - [13/Jun/2017:02:24:39 +0200] "HEAD / HTTP/1.1" 200 - "https://pamjatnik.com.ua/catalog/category/12-pamjatniki-derevja" "Mozilla/6.0 (compatible; MSIE4.00; Windows 2009)"
195.133.147.74 - - [13/Jun/2017:02:24:40 +0200] "HEAD / HTTP/1.1" 200 - "https://www.pamyatniki-in-kiev.com.ua/uslugi/proektirovanie-pamyatnikov.html" "Mozilla/6.0 (compatible; MSIE4.00; Windows 2003)"
194.87.238.17 - - [13/Jun/2017:02:25:42 +0200] "HEAD / HTTP/1.1" 200 - "https://carivka.com.ua/news/86-8-marta-v-restorane-tsarivka-2017.html" "Mozilla/4.0 (compatible; MSIE6.00; Windows 2006)"
194.87.234.246 - - [13/Jun/2017:02:29:47 +0200] "HEAD / HTTP/1.1" 200 - "http://novaya-vysota.kz/news/" "Mozilla/6.0 (compatible; MSIE4.00; Windows 2008)"
193.124.131.168 - - [13/Jun/2017:02:30:43 +0200] "HEAD / HTTP/1.1" 200 - "http://buckshee.petimer.ru/novosti-dnya/" "Mozilla/4.0 (compatible; MSIE6.00; Windows 2005)"
195.133.147.6 - - [13/Jun/2017:02:32:23 +0200] "HEAD / HTTP/1.1" 200 - "http://54-remont.ru/elektromontazh/" "Mozilla/6.0 (compatible; MSIE6.00; Windows 2008)"
157.55.39.12 - - [13/Jun/2017:02:41:28 +0200] "GET /robots.txt HTTP/1.1" 200 100 "-" "Mozilla/5.0 (compatible; bingbot/2.0; +http://www.bing.com/bingbot.htm)"
157.55.39.69 - - [13/Jun/2017:02:42:30 +0200] "GET /buecher/gesichter/22.jpg HTTP/1.1" 200 8837 "-" "Mozilla/5.0 (compatible; bingbot/2.0; +http://www.bing.com/bingbot.htm)"
157.55.39.200 - - [13/Jun/2017:02:54:30 +0200] "GET /buecher/gesichter/05.jpg HTTP/1.1" 200 8981 "-" "Mozilla/5.0 (compatible; bingbot/2.0; +http://www.bing.com/bingbot.htm)"
157.55.39.200 - - [13/Jun/2017:02:56:15 +0200] "GET /buecher/gesichter/27.jpg HTTP/1.1" 200 8110 "-" "Mozilla/5.0 (compatible; bingbot/2.0; +http://www.bing.com/bingbot.htm)"
136.243.59.237 - - [13/Jun/2017:03:08:40 +0200] "GET /robots.txt HTTP/1.1" 200 100 "-" "DomainStatsBot/1.0 (http://domainstats.io/our-bot)"
136.243.59.237 - - [13/Jun/2017:03:08:40 +0200] "HEAD / HTTP/1.1" 200 - "http://www.morusverlag.de/" "DomainStatsBot/1.0 (http://domainstats.io/our-bot)"
136.243.59.237 - - [13/Jun/2017:03:08:40 +0200] "GET / HTTP/1.1" 200 9360 "-" "DomainStatsBot/1.0 (http://domainstats.io/our-bot)"
185.125.219.134 - - [13/Jun/2017:03:11:28 +0200] "HEAD / HTTP/1.1" 200 - "http://doctut.ru/samozapis" "Mozilla/4.0 (compatible; MSIE5.00; Windows 2008)"
180.76.15.23 - - [13/Jun/2017:03:15:41 +0200] "GET /sonderthemen/oekt_extra1.pdf HTTP/1.1" 200 1849015 "-" "Mozilla/5.0 (compatible; Baiduspider/2.0; +http://www.baidu.com/search/spider.html)"
136.243.59.237 - - [13/Jun/2017:03:17:10 +0200] "GET /cds/rosarium.html HTTP/1.1" 200 6680 "-" "DomainStatsBot/1.0 (http://domainstats.io/our-bot)"
178.159.39.237 - - [13/Jun/2017:03:30:14 +0200] "HEAD / HTTP/1.1" 200 - "http://xn--80abzce0b4f.xn--80adxhks/aksessuary-dlya-nogtey" "Mozilla/8.0 (compatible; MSIE7.00; Windows 2009)"
185.154.13.6 - - [13/Jun/2017:03:30:31 +0200] "HEAD / HTTP/1.1" 200 - "https://stolshop.com/contact" "Mozilla/4.0 (compatible; MSIE3.00; Windows 2003)"
178.159.43.212 - - [13/Jun/2017:03:34:22 +0200] "HEAD / HTTP/1.1" 200 - "http://smt4.ru/list-latunnyj.html" "Mozilla/4.0 (compatible; MSIE6.00; Windows 2002)"
5.255.251.7 - - [13/Jun/2017:03:39:37 +0200] "GET /sonderthemen/index.html HTTP/1.1" 200 7102 "-" "Mozilla/5.0 (compatible; YandexBot/3.0; +http://yandex.com/bots)"
185.5.249.185 - - [13/Jun/2017:03:40:55 +0200] "HEAD / HTTP/1.1" 200 - "http://www.westcomp.ru/catalog/noutbuki_hp/" "Mozilla/2.0 (compatible; MSIE6.00; Windows 2009)"
194.67.210.77 - - [13/Jun/2017:03:41:23 +0200] "HEAD / HTTP/1.1" 200 - "http://www.bitrd.ru/zhurnaly/" "Mozilla/2.0 (compatible; MSIE7.00; Windows 2007)"
5.101.78.76 - - [13/Jun/2017:03:54:28 +0200] "HEAD / HTTP/1.1" 200 - "https://americanbubblewall.com/a-bubble-panel/" "Mozilla/8.0 (compatible; MSIE4.00; Windows 2007)"
188.227.18.37 - - [13/Jun/2017:03:54:28 +0200] "HEAD / HTTP/1.1" 200 - "http://dsk-baby-hit.ru/pages/detskii-sportivnyi-kompleks-v-g-vladimir" "Mozilla/3.0 (compatible; MSIE2.00; Windows 2006)"
136.243.59.237 - - [13/Jun/2017:03:54:46 +0200] "GET /cds/ignatius.html HTTP/1.1" 200 6576 "-" "DomainStatsBot/1.0 (http://domainstats.io/our-bot)"
136.243.59.237 - - [13/Jun/2017:04:07:30 +0200] "GET /impressum.html HTTP/1.1" 200 2808 "-" "DomainStatsBot/1.0 (http://domainstats.io/our-bot)"
136.243.59.237 - - [13/Jun/2017:04:25:53 +0200] "GET /robots.txt HTTP/1.1" 200 100 "-" "DomainStatsBot/1.0 (http://domainstats.io/our-bot)"
136.243.59.237 - - [13/Jun/2017:04:25:53 +0200] "GET /buecher/veroeffentlichungsliste.html HTTP/1.1" 200 129779 "-" "DomainStatsBot/1.0 (http://domainstats.io/our-bot)"
66.249.64.25 - - [13/Jun/2017:04:27:44 +0200] "GET /kontakt/index.html HTTP/1.1" 200 2896 "-" "Mozilla/5.0 (compatible; Googlebot/2.1; +http://www.google.com/bot.html)"
136.243.59.237 - - [13/Jun/2017:04:30:54 +0200] "GET /buecher/rezensionen_chateaubriand.html HTTP/1.1" 200 47317 "-" "DomainStatsBot/1.0 (http://domainstats.io/our-bot)"
136.243.59.237 - - [13/Jun/2017:04:58:45 +0200] "GET /cds/hymnos_akathistos.html HTTP/1.1" 200 11061 "-" "DomainStatsBot/1.0 (http://domainstats.io/our-bot)"
193.1.218.163 - - [13/Jun/2017:04:59:23 +0200] "HEAD / HTTP/1.1" 200 - "-" "Java/1.6.0_23"
5.255.251.7 - - [13/Jun/2017:05:00:07 +0200] "GET /kontakt/index.html HTTP/1.1" 200 2896 "-" "Mozilla/5.0 (compatible; YandexBot/3.0; +http://yandex.com/bots)"
193.124.190.64 - - [13/Jun/2017:05:00:19 +0200] "HEAD / HTTP/1.1" 200 - "http://twitchmaster.ru/rating" "Mozilla/5.0 (compatible; MSIE7.00; Windows 2008)"
66.249.64.26 - - [13/Jun/2017:05:21:04 +0200] "GET /jahrbuch/index.html HTTP/1.1" 200 3956 "-" "Mozilla/5.0 (compatible; Googlebot/2.1; +http://www.google.com/bot.html)"
195.133.145.199 - - [13/Jun/2017:05:58:23 +0200] "HEAD / HTTP/1.1" 200 - "http://dengi-v-kredit.in.ua/uk/" "Mozilla/4.0 (compatible; MSIE5.00; Windows 2005)"
195.133.48.150 - - [13/Jun/2017:05:58:24 +0200] "HEAD / HTTP/1.1" 200 - "https://onfey.ru/" "Mozilla/5.0 (compatible; MSIE5.00; Windows 2009)"
195.133.147.74 - - [13/Jun/2017:05:58:24 +0200] "HEAD / HTTP/1.1" 200 - "https://www.pamyatniki-in-kiev.com.ua/uslugi/dostavka-pamyatnikov.html" "Mozilla/6.0 (compatible; MSIE4.00; Windows 2004)"
195.133.147.89 - - [13/Jun/2017:05:58:25 +0200] "HEAD / HTTP/1.1" 200 - "https://pamjatnik.com.ua/istoria-i-traditzii/64-pravoslavnye-pohorony" "Mozilla/3.0 (compatible; MSIE7.00; Windows 2006)"
194.87.238.17 - - [13/Jun/2017:05:58:32 +0200] "HEAD / HTTP/1.1" 200 - "https://carivka.com.ua/corporative/vypusknoj.html" "Mozilla/7.0 (compatible; MSIE6.00; Windows 2004)"
5.196.87.173 - - [13/Jun/2017:06:02:01 +0200] "GET /kontakt/index.html HTTP/1.1" 200 2896 "-" "Mozilla/5.0 (compatible; AhrefsBot/5.2; +http://ahrefs.com/robot/)"
193.124.131.168 - - [13/Jun/2017:06:09:57 +0200] "HEAD / HTTP/1.1" 200 - "http://buckshee.petimer.ru/novosti-sporta/" "Mozilla/8.0 (compatible; MSIE6.00; Windows 2007)"
194.87.234.246 - - [13/Jun/2017:06:11:16 +0200] "HEAD / HTTP/1.1" 200 - "http://novaya-vysota.kz/kontakty/" "Mozilla/7.0 (compatible; MSIE6.00; Windows 2004)"
195.133.147.6 - - [13/Jun/2017:06:21:51 +0200] "HEAD / HTTP/1.1" 200 - "http://54-remont.ru/kapitalnyij-remont-kvartiryi" "Mozilla/3.0 (compatible; MSIE5.00; Windows 2005)"
185.125.219.134 - - [13/Jun/2017:06:44:58 +0200] "HEAD / HTTP/1.1" 200 - "http://doctut.ru/" "Mozilla/5.0 (compatible; MSIE2.00; Windows 2004)"
66.249.64.26 - - [13/Jun/2017:07:26:21 +0200] "GET /gotteslob/index.html HTTP/1.1" 200 2770 "-" "Mozilla/5.0 (compatible; Googlebot/2.1; +http://www.google.com/bot.html)"
85.25.210.234 - - [13/Jun/2017:07:33:25 +0200] "GET /robots.txt HTTP/1.1" 200 100 "-" "Mozilla/5.0 (compatible; seoscanners.net/1; +spider@seoscanners.net)"
85.25.210.234 - - [13/Jun/2017:07:33:25 +0200] "GET /sonderthemen/az2000.jpg HTTP/1.1" 200 13932 "-" "Mozilla/5.0 (compatible; seoscanners.net/1; +spider@seoscanners.net)"
5.255.251.7 - - [13/Jun/2017:07:34:19 +0200] "GET /robots.txt HTTP/1.1" 200 100 "-" "Mozilla/5.0 (compatible; YandexBot/3.0; +http://yandex.com/bots)"
5.255.251.7 - - [13/Jun/2017:07:34:23 +0200] "GET /buecher/gesichter/17.jpg HTTP/1.1" 200 7587 "-" "Mozilla/5.0 (compatible; YandexImages/3.0; +http://yandex.com/bots)"
178.159.39.237 - - [13/Jun/2017:07:42:27 +0200] "HEAD / HTTP/1.1" 200 - "http://xn--80abzce0b4f.xn--80adxhks/baf-shlifovalnyy-v-assortimente" "Mozilla/2.0 (compatible; MSIE7.00; Windows 2009)"
77.220.213.173 - - [13/Jun/2017:07:42:47 +0200] "HEAD / HTTP/1.1" 200 - "http://protein.kiev.ua/aminokisloty-i-bcaa-1/" "Mozilla/2.0 (compatible; MSIE6.00; Windows 2006)"
185.154.13.6 - - [13/Jun/2017:07:42:47 +0200] "HEAD / HTTP/1.1" 200 - "https://stolshop.com/mebel-iz-naturalnogo-dereva" "Mozilla/3.0 (compatible; MSIE5.00; Windows 2004)"
178.159.43.212 - - [13/Jun/2017:07:52:08 +0200] "HEAD / HTTP/1.1" 200 - "http://smt4.ru/list-stalnoj-ocinkovannyj.html" "Mozilla/4.0 (compatible; MSIE7.00; Windows 2003)"
185.5.249.185 - - [13/Jun/2017:07:52:54 +0200] "HEAD / HTTP/1.1" 200 - "http://www.westcomp.ru/catalog/radio_draytek/" "Mozilla/4.0 (compatible; MSIE3.00; Windows 2003)"
194.67.210.77 - - [13/Jun/2017:07:53:01 +0200] "HEAD / HTTP/1.1" 200 - "http://www.bitrd.ru/zhurnal-kontrolya-sostoyaniya-pervichnyh-sredstv-pozharotusheniya/" "Mozilla/6.0 (compatible; MSIE6.00; Windows 2009)"
188.227.18.37 - - [13/Jun/2017:08:31:37 +0200] "HEAD / HTTP/1.1" 200 - "http://dsk-baby-hit.ru/products/ogranichitel-na-dsk-baby-hit" "Mozilla/3.0 (compatible; MSIE4.00; Windows 2009)"
5.101.78.76 - - [13/Jun/2017:08:31:38 +0200] "HEAD / HTTP/1.1" 200 - "https://americanbubblewall.com/" "Mozilla/6.0 (compatible; MSIE5.00; Windows 2009)"
5.255.251.7 - - [13/Jun/2017:08:38:58 +0200] "GET /jahrbuch/bestellung.php HTTP/1.1" 200 10316 "-" "Mozilla/5.0 (compatible; YandexBot/3.0; +http://yandex.com/bots)"
85.179.130.38 - - [13/Jun/2017:09:19:00 +0200] "GET /buecher/rezensionen_chateaubriand.html HTTP/1.1" 200 47317 "-" "Mozilla/5.0 (Macintosh; Intel Mac OS X 10_10_3) AppleWebKit/537.36 (KHTML, like Gecko) Chrome/41.0.2272.89 Safari/537.36"
85.179.130.38 - - [13/Jun/2017:09:19:03 +0200] "GET /kontakt/index.html HTTP/1.1" 200 2896 "-" "Mozilla/5.0 (Macintosh; Intel Mac OS X 10_10_3) AppleWebKit/537.36 (KHTML, like Gecko) Chrome/41.0.2272.89 Safari/537.36"
95.119.63.73 - - [13/Jun/2017:09:19:03 +0200] "GET /sonderthemen/index.html HTTP/1.1" 200 7102 "-" "Mozilla/5.0 (Macintosh; Intel Mac OS X 10_10_3) AppleWebKit/537.36 (KHTML, like Gecko) Chrome/41.0.2272.89 Safari/537.36"
217.253.106.252 - - [13/Jun/2017:09:19:03 +0200] "GET /impressum.html HTTP/1.1" 200 2808 "-" "Mozilla/5.0 (Macintosh; Intel Mac OS X 10_10_3) AppleWebKit/537.36 (KHTML, like Gecko) Chrome/41.0.2272.89 Safari/537.36"
84.132.50.73 - - [13/Jun/2017:09:19:03 +0200] "GET /cds/index.html HTTP/1.1" 200 7987 "-" "Mozilla/5.0 (Macintosh; Intel Mac OS X 10_10_3) AppleWebKit/537.36 (KHTML, like Gecko) Chrome/41.0.2272.89 Safari/537.36"
178.8.43.181 - - [13/Jun/2017:09:19:03 +0200] "GET /buecher/rezensionen.html HTTP/1.1" 200 6964 "-" "Mozilla/5.0 (Macintosh; Intel Mac OS X 10_10_3) AppleWebKit/537.36 (KHTML, like Gecko) Chrome/41.0.2272.89 Safari/537.36"
