85.25.71.197 - - [03/Jun/2017:00:11:08 +0200] "GET /sonderthemen/oekt_extra3.pdf HTTP/1.1" 200 2109745 "-" "Mozilla/5.0 (X11; U; Linux Core i7-4980HQ; de; rv:32.0; compatible; JobboerseBot; http://www.jobboerse.com/bot.htm) Gecko/20100101 Firefox/38.0"
85.25.71.197 - - [03/Jun/2017:00:15:16 +0200] "GET /sonderthemen/oekt_extra3.pdf HTTP/1.1" 200 2109745 "-" "Mozilla/5.0 (X11; U; Linux Core i7-4980HQ; de; rv:32.0; compatible; JobboerseBot; http://www.jobboerse.com/bot.htm) Gecko/20100101 Firefox/38.0"
85.25.71.197 - - [03/Jun/2017:00:16:34 +0200] "GET /sonderthemen/oekt_extra2.pdf HTTP/1.1" 200 1939949 "-" "Mozilla/5.0 (X11; U; Linux Core i7-4980HQ; de; rv:32.0; compatible; JobboerseBot; http://www.jobboerse.com/bot.htm) Gecko/20100101 Firefox/38.0"
85.25.71.197 - - [03/Jun/2017:00:18:15 +0200] "GET /sonderthemen/oekt_extra1.pdf HTTP/1.1" 200 1849015 "-" "Mozilla/5.0 (X11; U; Linux Core i7-4980HQ; de; rv:32.0; compatible; JobboerseBot; http://www.jobboerse.com/bot.htm) Gecko/20100101 Firefox/38.0"
85.25.71.197 - - [03/Jun/2017:00:19:35 +0200] "GET /sonderthemen/sk2004.pdf HTTP/1.1" 200 1967215 "-" "Mozilla/5.0 (X11; U; Linux Core i7-4980HQ; de; rv:32.0; compatible; JobboerseBot; http://www.jobboerse.com/bot.htm) Gecko/20100101 Firefox/38.0"
85.25.71.197 - - [03/Jun/2017:00:20:41 +0200] "GET /sonderthemen/sk2004_s01.pdf HTTP/1.1" 200 162742 "-" "Mozilla/5.0 (X11; U; Linux Core i7-4980HQ; de; rv:32.0; compatible; JobboerseBot; http://www.jobboerse.com/bot.htm) Gecko/20100101 Firefox/38.0"
85.25.71.197 - - [03/Jun/2017:00:21:17 +0200] "GET /sonderthemen/presse.html HTTP/1.1" 200 5772 "-" "Mozilla/5.0 (X11; U; Linux Core i7-4980HQ; de; rv:32.0; compatible; JobboerseBot; http://www.jobboerse.com/bot.htm) Gecko/20100101 Firefox/38.0"
85.25.71.197 - - [03/Jun/2017:00:21:43 +0200] "GET /main.css HTTP/1.1" 200 1439 "http://www.morusverlag.de/sonderthemen/presse.html" "Mozilla/5.0 (X11; U; Linux Core i7-4980HQ; de; rv:32.0; compatible; JobboerseBot; http://www.jobboerse.com/bot.htm) Gecko/20100101 Firefox/38.0"
85.25.71.197 - - [03/Jun/2017:00:22:16 +0200] "GET /sonderthemen/az2003.pdf HTTP/1.1" 200 4864675 "-" "Mozilla/5.0 (X11; U; Linux Core i7-4980HQ; de; rv:32.0; compatible; JobboerseBot; http://www.jobboerse.com/bot.htm) Gecko/20100101 Firefox/38.0"
85.25.71.197 - - [03/Jun/2017:00:23:57 +0200] "GET /sonderthemen/az2003_s01.pdf HTTP/1.1" 200 120642 "-" "Mozilla/5.0 (X11; U; Linux Core i7-4980HQ; de; rv:32.0; compatible; JobboerseBot; http://www.jobboerse.com/bot.htm) Gecko/20100101 Firefox/38.0"
66.249.65.157 - - [03/Jun/2017:00:25:27 +0200] "GET /gotteslob/gotteslob_alle.jpg HTTP/1.1" 304 - "-" "Googlebot-Image/1.0"
85.93.91.84 - - [03/Jun/2017:01:03:27 +0200] "GET /robots.txt HTTP/1.0" 200 100 "-" "Mozilla/5.0 (compatible; DeuSu/5.0.2; +https://deusu.de/robot.html)"
85.93.91.84 - - [03/Jun/2017:01:03:27 +0200] "GET /buecher/index.html HTTP/1.0" 200 25885 "-" "Mozilla/5.0 (compatible; DeuSu/5.0.2; +https://deusu.de/robot.html)"
93.180.64.220 - - [03/Jun/2017:01:05:37 +0200] "GET /robots.txt HTTP/1.1" 200 100 "-" "Mozilla/5.0 (compatible; Plukkie/1.6; http://www.botje.com/plukkie.htm)"
93.180.64.220 - - [03/Jun/2017:01:05:37 +0200] "GET /gotteslob/index.html HTTP/1.1" 200 2770 "-" "Mozilla/5.0 (compatible; Plukkie/1.6; http://www.botje.com/plukkie.htm)"
207.46.13.22 - - [03/Jun/2017:01:15:48 +0200] "GET /buecher/rezensionen_chateaubriand.html HTTP/1.1" 200 47317 "-" "Mozilla/5.0 (iPhone; CPU iPhone OS 7_0 like Mac OS X) AppleWebKit/537.51.1 (KHTML, like Gecko) Version/7.0 Mobile/11A465 Safari/9537.53 (compatible; bingbot/2.0; +http://www.bing.com/bingbot.htm)"
207.46.13.36 - - [03/Jun/2017:01:16:10 +0200] "GET /strich.gif HTTP/1.1" 200 45 "-" "Mozilla/5.0 (iPhone; CPU iPhone OS 7_0 like Mac OS X) AppleWebKit/537.51.1 (KHTML, like Gecko) Version/7.0 Mobile/11A465 Safari/9537.53 (compatible; bingbot/2.0; +http://www.bing.com/bingbot.htm)"
180.76.15.138 - - [03/Jun/2017:01:26:48 +0200] "GET / HTTP/1.1" 200 9360 "-" "Mozilla/5.0 (compatible; Baiduspider/2.0; +http://www.baidu.com/search/spider.html)"
180.76.15.15 - - [03/Jun/2017:01:27:04 +0200] "GET / HTTP/1.1" 200 9360 "-" "Mozilla/5.0 (compatible; Baiduspider/2.0; +http://www.baidu.com/search/spider.html)"
180.76.15.134 - - [03/Jun/2017:01:28:20 +0200] "GET /sonderthemen/oekt_extra3.pdf HTTP/1.1" 200 2109745 "-" "Mozilla/5.0 (compatible; Baiduspider/2.0; +http://www.baidu.com/search/spider.html)"
68.180.229.216 - - [03/Jun/2017:01:29:53 +0200] "GET /buecher/rezensionen_preysing.html HTTP/1.1" 304 - "-" "Mozilla/5.0 (compatible; Yahoo! Slurp; http://help.yahoo.com/help/us/ysearch/slurp)"
216.244.66.250 - - [03/Jun/2017:01:32:22 +0200] "GET /robots.txt HTTP/1.1" 200 100 "-" "Mozilla/5.0 (compatible; DotBot/1.1; http://www.opensiteexplorer.org/dotbot, help@moz.com)"
5.9.106.81 - - [03/Jun/2017:01:36:31 +0200] "GET /sonderthemen/oekz2003_s01.pdf HTTP/1.1" 200 66807 "-" "Mozilla/5.0 (Macintosh; Intel Mac OS X 1084) AppleWebKit/536.28.10 (KHTML like Gecko) Version/6.0.3 Safari/536.28.10"
5.9.145.132 - - [03/Jun/2017:01:36:31 +0200] "GET /sonderthemen/oekz2003.pdf HTTP/1.1" 200 4017017 "-" "Mozilla/5.0 (Windows NT 6.2; rv:16.0) Gecko/20100101 Firefox/16.0"
85.25.210.41 - - [03/Jun/2017:02:08:19 +0200] "GET /robots.txt HTTP/1.1" 200 100 "-" "Mozilla/5.0 (compatible; seoscanners.net/1; +spider@seoscanners.net)"
85.25.210.41 - - [03/Jun/2017:02:08:19 +0200] "GET /sonderthemen/sk2004.jpg HTTP/1.1" 200 8855 "-" "Mozilla/5.0 (compatible; seoscanners.net/1; +spider@seoscanners.net)"
40.77.178.250 - - [03/Jun/2017:02:17:07 +0200] "GET /main.css HTTP/1.1" 200 1439 "-" "Mozilla/5.0 (iPhone; CPU iPhone OS 7_0 like Mac OS X) AppleWebKit/537.51.1 (KHTML, like Gecko) Version/7.0 Mobile/11A465 Safari/9537.53 BingPreview/1.0b"
40.77.178.250 - - [03/Jun/2017:02:17:07 +0200] "GET /logo_g.gif HTTP/1.1" 200 1301 "-" "Mozilla/5.0 (iPhone; CPU iPhone OS 7_0 like Mac OS X) AppleWebKit/537.51.1 (KHTML, like Gecko) Version/7.0 Mobile/11A465 Safari/9537.53 BingPreview/1.0b"
40.77.178.250 - - [03/Jun/2017:02:17:08 +0200] "GET /mv_g.gif HTTP/1.1" 200 4070 "-" "Mozilla/5.0 (iPhone; CPU iPhone OS 7_0 like Mac OS X) AppleWebKit/537.51.1 (KHTML, like Gecko) Version/7.0 Mobile/11A465 Safari/9537.53 BingPreview/1.0b"
40.77.178.250 - - [03/Jun/2017:02:17:08 +0200] "GET /pf.gif HTTP/1.1" 200 62 "-" "Mozilla/5.0 (iPhone; CPU iPhone OS 7_0 like Mac OS X) AppleWebKit/537.51.1 (KHTML, like Gecko) Version/7.0 Mobile/11A465 Safari/9537.53 BingPreview/1.0b"
195.133.145.199 - - [03/Jun/2017:02:24:33 +0200] "HEAD / HTTP/1.1" 200 - "http://commerage.ru/krasota/10-modnyh-idej-okrasivania-balaaz-dla-ryzih" "Mozilla/3.0 (compatible; MSIE7.00; Windows 2007)"
195.133.48.150 - - [03/Jun/2017:02:24:33 +0200] "HEAD / HTTP/1.1" 200 - "http://termoshop.com.ua/cilio" "Mozilla/2.0 (compatible; MSIE7.00; Windows 2009)"
194.87.238.17 - - [03/Jun/2017:02:28:29 +0200] "HEAD / HTTP/1.1" 200 - "http://attestat-cheljabinsk.ru/kupit-attestat-za-9-klass-s-otsenkami-v-chelyabinske/" "Mozilla/6.0 (compatible; MSIE4.00; Windows 2008)"
195.133.147.89 - - [03/Jun/2017:02:28:32 +0200] "HEAD / HTTP/1.1" 200 - "http://maxi-tex.ru/" "Mozilla/6.0 (compatible; MSIE2.00; Windows 2009)"
195.133.147.74 - - [03/Jun/2017:02:32:52 +0200] "HEAD / HTTP/1.1" 200 - "https://kidy.eu/catalog/material/merino-wool/" "Mozilla/8.0 (compatible; MSIE7.00; Windows 2006)"
194.87.234.246 - - [03/Jun/2017:02:34:30 +0200] "HEAD / HTTP/1.1" 200 - "http://cleaningservices.kiev.ua/tseni-na-moyku-okon" "Mozilla/2.0 (compatible; MSIE7.00; Windows 2006)"
216.244.66.250 - - [03/Jun/2017:02:37:37 +0200] "GET /cds/hymnos_akathistos.html HTTP/1.1" 200 11061 "-" "Mozilla/5.0 (compatible; DotBot/1.1; http://www.opensiteexplorer.org/dotbot, help@moz.com)"
193.124.131.168 - - [03/Jun/2017:02:40:45 +0200] "HEAD / HTTP/1.1" 200 - "http://les54.ru/realizovannye-proekty/" "Mozilla/5.0 (compatible; MSIE6.00; Windows 2007)"
195.133.147.6 - - [03/Jun/2017:02:41:03 +0200] "HEAD / HTTP/1.1" 200 - "https://avkzarabotok.info/forex_urok22.html" "Mozilla/6.0 (compatible; MSIE3.00; Windows 2004)"
193.124.190.64 - - [03/Jun/2017:02:45:13 +0200] "HEAD / HTTP/1.1" 200 - "http://dsk-baby-hit.ru/pages/detskii-sportivnyi-kompleks-v-g-kirov" "Mozilla/3.0 (compatible; MSIE5.00; Windows 2003)"
185.125.219.134 - - [03/Jun/2017:02:45:13 +0200] "HEAD / HTTP/1.1" 200 - "https://www.informacionnaja-podderzhka-sajta.ru/zao.html" "Mozilla/8.0 (compatible; MSIE2.00; Windows 2005)"
185.5.249.185 - - [03/Jun/2017:02:45:14 +0200] "HEAD / HTTP/1.1" 200 - "http://yastreb-tm.ru/yastreb-mk-01-otpugivatel-krotov-i-zemlyanyh-vrediteley.html" "Mozilla/6.0 (compatible; MSIE7.00; Windows 2002)"
194.67.210.77 - - [03/Jun/2017:02:47:03 +0200] "HEAD / HTTP/1.1" 200 - "https://tornado-tm.ru/nakidka-c-ielektropodogrevom-dlya-ciden-ya-yactreb-tm-na-12-vol-t.html" "Mozilla/5.0 (compatible; MSIE6.00; Windows 2003)"
5.101.78.76 - - [03/Jun/2017:02:52:43 +0200] "HEAD / HTTP/1.1" 200 - "http://po-pugay.ru/article/kak-izbavitsya-ot-myshej-ispolzuya-ultrzvukovoy-otpugiva/" "Mozilla/4.0 (compatible; MSIE7.00; Windows 2009)"
188.227.18.37 - - [03/Jun/2017:02:54:15 +0200] "HEAD / HTTP/1.1" 200 - "https://www.disprom.ru/" "Mozilla/8.0 (compatible; MSIE2.00; Windows 2003)"
77.220.213.173 - - [03/Jun/2017:03:00:05 +0200] "HEAD / HTTP/1.1" 200 - "https://artestom.ru/profilaktika-i-gigiena-polosti-rta/gigienicheskaya-chistka-zubov/" "Mozilla/2.0 (compatible; MSIE5.00; Windows 2006)"
185.154.13.6 - - [03/Jun/2017:03:00:07 +0200] "HEAD / HTTP/1.1" 200 - "https://insalesthemes.ru/blog/4-soveta-po-triggeram-o-pokinutyh-korzinah" "Mozilla/6.0 (compatible; MSIE6.00; Windows 2005)"
178.159.39.237 - - [03/Jun/2017:03:00:13 +0200] "HEAD / HTTP/1.1" 200 - "http://ugtehagro.net/zhatka-dlya-uborki-podsolnechnika/zhatka-dlya-podsolnechnika-na-dzhon-dir.html" "Mozilla/2.0 (compatible; MSIE5.00; Windows 2002)"
66.249.65.157 - - [03/Jun/2017:03:05:38 +0200] "GET /robots.txt HTTP/1.1" 200 100 "-" "Mozilla/5.0 (compatible; Googlebot/2.1; +http://www.google.com/bot.html)"
66.249.65.157 - - [03/Jun/2017:03:05:38 +0200] "GET /buecher/veroeffentlichungsliste.html HTTP/1.1" 200 129779 "-" "Mozilla/5.0 (Linux; Android 6.0.1; Nexus 5X Build/MMB29P) AppleWebKit/537.36 (KHTML, like Gecko) Chrome/41.0.2272.96 Mobile Safari/537.36 (compatible; Googlebot/2.1; +http://www.google.com/bot.html)"
77.75.79.95 - - [03/Jun/2017:03:06:25 +0200] "GET /robots.txt HTTP/1.1" 200 100 "-" "Mozilla/5.0 (compatible; SeznamBot/3.2; +http://napoveda.seznam.cz/en/seznambot-intro/)"
77.75.79.95 - - [03/Jun/2017:03:06:25 +0200] "GET /buecher/gesichter/22.jpg HTTP/1.1" 304 - "-" "Mozilla/5.0 (compatible; SeznamBot/3.2; +http://napoveda.seznam.cz/en/seznambot-intro/)"
209.90.232.11 - - [03/Jun/2017:03:07:17 +0200] "GET / HTTP/1.1" 200 9360 "-" "Java/1.6.0_04"
209.90.232.11 - - [03/Jun/2017:03:07:17 +0200] "GET /impressum.html HTTP/1.1" 200 2808 "-" "Java/1.6.0_04"
209.90.232.11 - - [03/Jun/2017:03:07:17 +0200] "GET /search.php HTTP/1.1" 200 2027 "-" "Java/1.6.0_04"
209.90.232.11 - - [03/Jun/2017:03:07:18 +0200] "GET /index.html HTTP/1.1" 200 9360 "-" "Java/1.6.0_04"
209.90.232.11 - - [03/Jun/2017:03:07:18 +0200] "GET /buecher/index.html HTTP/1.1" 200 25885 "-" "Java/1.6.0_04"
209.90.232.11 - - [03/Jun/2017:03:07:19 +0200] "GET /buecher/rezensionen_chateaubriand.html HTTP/1.1" 200 47317 "-" "Java/1.6.0_04"
209.90.232.11 - - [03/Jun/2017:03:07:19 +0200] "GET /buecher/veroeffentlichungsliste.html HTTP/1.1" 200 129779 "-" "Java/1.6.0_04"
209.90.232.11 - - [03/Jun/2017:03:07:21 +0200] "GET /cds/hymnos_akathistos.html HTTP/1.1" 200 11061 "-" "Java/1.6.0_04"
209.90.232.11 - - [03/Jun/2017:03:07:23 +0200] "GET /cds/ignatius.html HTTP/1.1" 200 6576 "-" "Java/1.6.0_04"
209.90.232.11 - - [03/Jun/2017:03:07:23 +0200] "GET /cds/index.html HTTP/1.1" 200 7987 "-" "Java/1.6.0_04"
209.90.232.11 - - [03/Jun/2017:03:07:24 +0200] "GET /cds/rosarium.html HTTP/1.1" 200 6680 "-" "Java/1.6.0_04"
209.90.232.11 - - [03/Jun/2017:03:07:24 +0200] "GET /gotteslob/index.html HTTP/1.1" 200 2770 "-" "Java/1.6.0_04"
209.90.232.11 - - [03/Jun/2017:03:07:25 +0200] "GET /jahrbuch/index.html HTTP/1.1" 200 3956 "-" "Java/1.6.0_04"
209.90.232.11 - - [03/Jun/2017:03:07:25 +0200] "GET /kontakt/index.html HTTP/1.1" 200 2896 "-" "Java/1.6.0_04"
209.90.232.11 - - [03/Jun/2017:03:07:26 +0200] "GET /sonderthemen/index.html HTTP/1.1" 200 7102 "-" "Java/1.6.0_04"
209.90.232.11 - - [03/Jun/2017:03:07:27 +0200] "GET /buecher/bestellung.php HTTP/1.1" 200 10142 "-" "Java/1.6.0_04"
209.90.232.11 - - [03/Jun/2017:03:07:27 +0200] "GET /buecher/diskussion.html HTTP/1.1" 200 9925 "-" "Java/1.6.0_04"
209.90.232.11 - - [03/Jun/2017:03:07:27 +0200] "GET /buecher/rezensionen_engel.html HTTP/1.1" 200 6598 "-" "Java/1.6.0_04"
209.90.232.11 - - [03/Jun/2017:03:07:28 +0200] "GET /buecher/rezensionen_krise_zum_heil.html HTTP/1.1" 200 9828 "-" "Java/1.6.0_04"
209.90.232.11 - - [03/Jun/2017:03:07:28 +0200] "GET /buecher/rezensionen_le_saulchoir.html HTTP/1.1" 200 34009 "-" "Java/1.6.0_04"
178.159.43.212 - - [03/Jun/2017:03:07:28 +0200] "HEAD / HTTP/1.1" 200 - "https://ukrsmeta.ua/smeta-v-excel/" "Mozilla/8.0 (compatible; MSIE3.00; Windows 2009)"
209.90.232.11 - - [03/Jun/2017:03:07:28 +0200] "GET /buecher/rezensionen_leiblichkeit_und_zeitlichkeit.html HTTP/1.1" 200 8821 "-" "Java/1.6.0_04"
209.90.232.11 - - [03/Jun/2017:03:07:29 +0200] "GET /buecher/rezensionen_nicht_auf_sand_gebaut.html HTTP/1.1" 200 6594 "-" "Java/1.6.0_04"
209.90.232.11 - - [03/Jun/2017:03:07:29 +0200] "GET /buecher/rezensionen_preysing.html HTTP/1.1" 200 9502 "-" "Java/1.6.0_04"
209.90.232.11 - - [03/Jun/2017:03:07:29 +0200] "GET /buecher/rezensionen_psalmen.html HTTP/1.1" 200 6787 "-" "Java/1.6.0_04"
209.90.232.11 - - [03/Jun/2017:03:07:29 +0200] "GET /contentflow/contentflow.js HTTP/1.1" 200 42064 "-" "Java/1.6.0_04"
209.90.232.11 - - [03/Jun/2017:03:07:30 +0200] "GET /buecher/rezensionen.html HTTP/1.1" 200 6964 "-" "Java/1.6.0_04"
209.90.232.11 - - [03/Jun/2017:03:07:30 +0200] "GET /buecher/rezensionen_ignatius.html HTTP/1.1" 200 8182 "-" "Java/1.6.0_04"
209.90.232.11 - - [03/Jun/2017:03:07:30 +0200] "GET /cds/astazi.html HTTP/1.1" 200 8453 "-" "Java/1.6.0_04"
209.90.232.11 - - [03/Jun/2017:03:07:30 +0200] "GET /cds/glockenspiel1.html HTTP/1.1" 200 9736 "-" "Java/1.6.0_04"
209.90.232.11 - - [03/Jun/2017:03:07:30 +0200] "GET /cds/glockenspiel2.html HTTP/1.1" 200 9831 "-" "Java/1.6.0_04"
209.90.232.11 - - [03/Jun/2017:03:07:31 +0200] "GET /cds/lumina.html HTTP/1.1" 200 9000 "-" "Java/1.6.0_04"
209.90.232.11 - - [03/Jun/2017:03:07:31 +0200] "GET /jahrbuch/bestellung.php HTTP/1.1" 200 10316 "-" "Java/1.6.0_04"
209.90.232.11 - - [03/Jun/2017:03:07:31 +0200] "GET /sonderthemen/archiv.html HTTP/1.1" 200 6959 "-" "Java/1.6.0_04"
209.90.232.11 - - [03/Jun/2017:03:07:32 +0200] "GET /sonderthemen/presse.html HTTP/1.1" 200 5772 "-" "Java/1.6.0_04"
209.90.232.11 - - [03/Jun/2017:03:07:32 +0200] "GET /contentflow/\"+K.src+\" HTTP/1.1" 404 2381 "-" "Java/1.6.0_04"
194.187.170.106 - - [03/Jun/2017:03:11:40 +0200] "GET /robots.txt HTTP/1.0" 200 100 "-" "Mozilla/5.0 (compatible; Qwantify/2.4w; +https://www.qwant.com/)/2.4w"
194.187.170.106 - - [03/Jun/2017:03:11:40 +0200] "GET /jahrbuch/index.html HTTP/1.0" 304 - "-" "Mozilla/5.0 (compatible; Qwantify/2.4w; +https://www.qwant.com/)/2.4w"
87.106.126.34 - - [03/Jun/2017:03:14:39 +0200] "GET / HTTP/1.1" 200 9360 "-" "Mozilla/5.0 (Windows NT 10.0; Win64; x64) AppleWebKit/537.36 (KHTML, like Gecko) Chrome/57.0.2987.110 Safari/537.36"
194.187.170.106 - - [03/Jun/2017:03:31:16 +0200] "GET /kontakt/index.html HTTP/1.0" 304 - "-" "Mozilla/5.0 (compatible; Qwantify/2.4w; +https://www.qwant.com/)/2.4w"
77.75.76.170 - - [03/Jun/2017:04:06:58 +0200] "GET /robots.txt HTTP/1.1" 200 100 "-" "Mozilla/5.0 (compatible; SeznamBot/3.2; +http://napoveda.seznam.cz/en/seznambot-intro/)"
77.75.76.170 - - [03/Jun/2017:04:06:59 +0200] "GET /cds/hymnos_k.jpg HTTP/1.1" 200 4986 "-" "Mozilla/5.0 (compatible; SeznamBot/3.2; +http://napoveda.seznam.cz/en/seznambot-intro/)"
194.187.170.106 - - [03/Jun/2017:04:16:46 +0200] "GET /impressum.html HTTP/1.0" 304 - "-" "Mozilla/5.0 (compatible; Qwantify/2.4w; +https://www.qwant.com/)/2.4w"
194.187.170.106 - - [03/Jun/2017:04:19:23 +0200] "GET /gotteslob/index.html HTTP/1.0" 304 - "-" "Mozilla/5.0 (compatible; Qwantify/2.4w; +https://www.qwant.com/)/2.4w"
216.244.66.250 - - [03/Jun/2017:04:24:12 +0200] "GET /robots.txt HTTP/1.1" 200 100 "-" "Mozilla/5.0 (compatible; DotBot/1.1; http://www.opensiteexplorer.org/dotbot, help@moz.com)"
194.187.170.106 - - [03/Jun/2017:04:25:19 +0200] "GET /sonderthemen/index.html HTTP/1.0" 304 - "-" "Mozilla/5.0 (compatible; Qwantify/2.4w; +https://www.qwant.com/)/2.4w"
194.187.170.106 - - [03/Jun/2017:04:31:25 +0200] "GET /cds/index.html HTTP/1.0" 304 - "-" "Mozilla/5.0 (compatible; Qwantify/2.4w; +https://www.qwant.com/)/2.4w"
194.187.170.106 - - [03/Jun/2017:04:32:09 +0200] "GET /buecher/index.html HTTP/1.0" 304 - "-" "Mozilla/5.0 (compatible; Qwantify/2.4w; +https://www.qwant.com/)/2.4w"
194.187.170.106 - - [03/Jun/2017:04:40:42 +0200] "GET / HTTP/1.0" 304 - "-" "Mozilla/5.0 (compatible; Qwantify/2.4w; +https://www.qwant.com/)/2.4w"
66.249.65.157 - - [03/Jun/2017:04:42:41 +0200] "GET /buecher/rezensionen_le_saulchoir.html HTTP/1.1" 200 34009 "-" "Mozilla/5.0 (Linux; Android 6.0.1; Nexus 5X Build/MMB29P) AppleWebKit/537.36 (KHTML, like Gecko) Chrome/41.0.2272.96 Mobile Safari/537.36 (compatible; Googlebot/2.1; +http://www.google.com/bot.html)"
193.1.218.163 - - [03/Jun/2017:04:57:58 +0200] "HEAD / HTTP/1.1" 200 - "-" "Java/1.6.0_23"
68.180.229.216 - - [03/Jun/2017:04:58:55 +0200] "GET /sonderthemen/oekt_extra3.pdf HTTP/1.1" 304 - "-" "Mozilla/5.0 (compatible; Yahoo! Slurp; http://help.yahoo.com/help/us/ysearch/slurp)"
68.180.229.216 - - [03/Jun/2017:04:59:46 +0200] "GET /kontakt/index.html HTTP/1.1" 304 - "-" "Mozilla/5.0 (compatible; Yahoo! Slurp; http://help.yahoo.com/help/us/ysearch/slurp)"
194.187.170.106 - - [03/Jun/2017:05:02:31 +0200] "GET /index.html HTTP/1.0" 304 - "-" "Mozilla/5.0 (compatible; Qwantify/2.4w; +https://www.qwant.com/)/2.4w"
180.76.15.135 - - [03/Jun/2017:05:29:59 +0200] "GET / HTTP/1.1" 200 9360 "-" "Mozilla/5.0 (compatible; Baiduspider/2.0; +http://www.baidu.com/search/spider.html)"
180.76.15.161 - - [03/Jun/2017:05:30:22 +0200] "GET / HTTP/1.1" 200 9360 "-" "Mozilla/5.0 (compatible; Baiduspider/2.0; +http://www.baidu.com/search/spider.html)"
216.244.66.250 - - [03/Jun/2017:05:46:18 +0200] "GET /buecher/index.html HTTP/1.1" 200 25885 "-" "Mozilla/5.0 (compatible; DotBot/1.1; http://www.opensiteexplorer.org/dotbot, help@moz.com)"
195.133.48.150 - - [03/Jun/2017:05:59:23 +0200] "HEAD / HTTP/1.1" 200 - "http://termoshop.com.ua/kor" "Mozilla/2.0 (compatible; MSIE5.00; Windows 2002)"
195.133.145.199 - - [03/Jun/2017:05:59:23 +0200] "HEAD / HTTP/1.1" 200 - "http://commerage.ru/fotoiskusstvo" "Mozilla/5.0 (compatible; MSIE5.00; Windows 2002)"
194.87.238.17 - - [03/Jun/2017:05:59:23 +0200] "HEAD / HTTP/1.1" 200 - "http://attestat-cheljabinsk.ru/kupit-attestat-za-10-klassov-v-chelyabinske/" "Mozilla/3.0 (compatible; MSIE3.00; Windows 2003)"
195.133.147.89 - - [03/Jun/2017:05:59:24 +0200] "HEAD / HTTP/1.1" 200 - "http://maxi-tex.ru/" "Mozilla/2.0 (compatible; MSIE7.00; Windows 2009)"
195.133.147.74 - - [03/Jun/2017:06:03:19 +0200] "HEAD / HTTP/1.1" 200 - "https://kidy.eu/blog/amber-teething-beads-for-kids-natural-baltic-amber/" "Mozilla/8.0 (compatible; MSIE7.00; Windows 2003)"
194.67.210.77 - - [03/Jun/2017:06:13:17 +0200] "HEAD / HTTP/1.1" 200 - "https://tornado-tm.ru/univercal-nii-aierozol-chictii-dom-600-ml.html" "Mozilla/8.0 (compatible; MSIE6.00; Windows 2007)"
185.125.219.134 - - [03/Jun/2017:06:13:17 +0200] "HEAD / HTTP/1.1" 200 - "https://www.informacionnaja-podderzhka-sajta.ru/podderzhka-korporativnogo-sajta.html" "Mozilla/4.0 (compatible; MSIE6.00; Windows 2003)"
193.124.190.64 - - [03/Jun/2017:06:13:17 +0200] "HEAD / HTTP/1.1" 200 - "http://dsk-baby-hit.ru/pages/detskii-sportivnyi-kompleks-v-g-bakhchisarai" "Mozilla/8.0 (compatible; MSIE4.00; Windows 2009)"
185.5.249.185 - - [03/Jun/2017:06:13:18 +0200] "HEAD / HTTP/1.1" 200 - "http://yastreb-tm.ru/dostavka" "Mozilla/8.0 (compatible; MSIE6.00; Windows 2009)"
66.249.65.155 - - [03/Jun/2017:06:13:54 +0200] "GET /buecher/rezensionen_chateaubriand.html HTTP/1.1" 200 47317 "-" "Mozilla/5.0 (Linux; Android 6.0.1; Nexus 5X Build/MMB29P) AppleWebKit/537.36 (KHTML, like Gecko) Chrome/41.0.2272.96 Mobile Safari/537.36 (compatible; Googlebot/2.1; +http://www.google.com/bot.html)"
193.124.131.168 - - [03/Jun/2017:06:16:48 +0200] "HEAD / HTTP/1.1" 200 - "http://les54.ru/realizovannye-proekty/spa-centr-v-cso-sinegore/" "Mozilla/2.0 (compatible; MSIE4.00; Windows 2009)"
194.87.234.246 - - [03/Jun/2017:06:17:12 +0200] "HEAD / HTTP/1.1" 200 - "http://cleaningservices.kiev.ua/tseni-na-uborku-kvartir" "Mozilla/5.0 (compatible; MSIE5.00; Windows 2002)"
77.75.78.166 - - [03/Jun/2017:06:26:14 +0200] "GET /robots.txt HTTP/1.1" 200 100 "-" "Mozilla/5.0 (compatible; SeznamBot/3.2; +http://napoveda.seznam.cz/en/seznambot-intro/)"
77.75.78.166 - - [03/Jun/2017:06:26:14 +0200] "GET /cds/index.html HTTP/1.1" 304 - "-" "Mozilla/5.0 (compatible; SeznamBot/3.2; +http://napoveda.seznam.cz/en/seznambot-intro/)"
5.101.78.76 - - [03/Jun/2017:06:29:19 +0200] "HEAD / HTTP/1.1" 200 - "http://po-pugay.ru/catalog/unichtozhiteli_nasekomykh/lovushka_unichtozhitel_primanivayushchaya_tarakanov_gh_180/" "Mozilla/3.0 (compatible; MSIE4.00; Windows 2006)"
188.227.18.37 - - [03/Jun/2017:06:29:19 +0200] "HEAD / HTTP/1.1" 200 - "https://www.disprom.ru/" "Mozilla/7.0 (compatible; MSIE5.00; Windows 2004)"
195.133.147.6 - - [03/Jun/2017:06:32:46 +0200] "HEAD / HTTP/1.1" 200 - "https://avkzarabotok.info/forex_urok13.html" "Mozilla/7.0 (compatible; MSIE6.00; Windows 2005)"
185.154.13.6 - - [03/Jun/2017:07:08:57 +0200] "HEAD / HTTP/1.1" 200 - "https://insalesthemes.ru/gotovie-moduli-insales/forma-kupit-v-1-klik-insales" "Mozilla/7.0 (compatible; MSIE5.00; Windows 2008)"
178.159.39.237 - - [03/Jun/2017:07:08:57 +0200] "HEAD / HTTP/1.1" 200 - "http://ugtehagro.net/zhatka-dlya-uborki-podsolnechnika/zhatka-dlya-uborki-podsolnechnika-na-don-1500.html" "Mozilla/6.0 (compatible; MSIE4.00; Windows 2002)"
77.220.213.173 - - [03/Jun/2017:07:08:58 +0200] "HEAD / HTTP/1.1" 200 - "https://artestom.ru/implantaciya-zubov-v-spb/sinus-lifting-v-spb/" "Mozilla/6.0 (compatible; MSIE3.00; Windows 2008)"
66.249.65.157 - - [03/Jun/2017:07:18:42 +0200] "GET /cds/simplaydata/playerconfig.xml?nocache=1282429740445.18 HTTP/1.1" 200 149 "-" "Mozilla/5.0 (compatible; Googlebot/2.1; +http://www.google.com/bot.html)"
157.55.39.133 - - [03/Jun/2017:07:26:03 +0200] "GET /robots.txt HTTP/1.1" 200 100 "-" "Mozilla/5.0 (compatible; bingbot/2.0; +http://www.bing.com/bingbot.htm)"
40.77.167.98 - - [03/Jun/2017:07:26:09 +0200] "GET /buecher/index.html HTTP/1.1" 200 25885 "-" "Mozilla/5.0 (iPhone; CPU iPhone OS 7_0 like Mac OS X) AppleWebKit/537.51.1 (KHTML, like Gecko) Version/7.0 Mobile/11A465 Safari/9537.53 (compatible; bingbot/2.0; +http://www.bing.com/bingbot.htm)"
40.77.167.98 - - [03/Jun/2017:07:26:32 +0200] "GET /contentflow/contentflow.css HTTP/1.1" 200 3109 "-" "Mozilla/5.0 (iPhone; CPU iPhone OS 7_0 like Mac OS X) AppleWebKit/537.51.1 (KHTML, like Gecko) Version/7.0 Mobile/11A465 Safari/9537.53 (compatible; bingbot/2.0; +http://www.bing.com/bingbot.htm)"
207.46.13.36 - - [03/Jun/2017:07:26:37 +0200] "GET /contentflow/mycontentflow.css HTTP/1.1" 404 2381 "-" "Mozilla/5.0 (iPhone; CPU iPhone OS 7_0 like Mac OS X) AppleWebKit/537.51.1 (KHTML, like Gecko) Version/7.0 Mobile/11A465 Safari/9537.53 (compatible; bingbot/2.0; +http://www.bing.com/bingbot.htm)"
207.46.13.22 - - [03/Jun/2017:07:26:46 +0200] "GET /contentflow/ContentFlowAddOn_white.css HTTP/1.1" 200 3174 "-" "Mozilla/5.0 (iPhone; CPU iPhone OS 7_0 like Mac OS X) AppleWebKit/537.51.1 (KHTML, like Gecko) Version/7.0 Mobile/11A465 Safari/9537.53 (compatible; bingbot/2.0; +http://www.bing.com/bingbot.htm)"
178.159.43.212 - - [03/Jun/2017:07:27:47 +0200] "HEAD / HTTP/1.1" 200 - "https://ukrsmeta.ua/koshtoris-na-remont-kimnati/" "Mozilla/3.0 (compatible; MSIE6.00; Windows 2003)"
77.75.77.36 - - [03/Jun/2017:07:37:43 +0200] "GET /robots.txt HTTP/1.1" 200 100 "-" "Mozilla/5.0 (compatible; SeznamBot/3.2; +http://napoveda.seznam.cz/en/seznambot-intro/)"
77.75.77.36 - - [03/Jun/2017:07:37:44 +0200] "GET /buecher/rezensionen_chateaubriand.html HTTP/1.1" 304 - "-" "Mozilla/5.0 (compatible; SeznamBot/3.2; +http://napoveda.seznam.cz/en/seznambot-intro/)"
66.249.65.156 - - [03/Jun/2017:07:39:11 +0200] "GET /sonderthemen/oekz2003.pdf HTTP/1.1" 200 4017017 "-" "Mozilla/5.0 (compatible; Googlebot/2.1; +http://www.google.com/bot.html)"
66.249.65.156 - - [03/Jun/2017:07:43:13 +0200] "GET /sonderthemen/akademieprogramm/ HTTP/1.1" 404 2381 "-" "Mozilla/5.0 (Linux; Android 6.0.1; Nexus 5X Build/MMB29P) AppleWebKit/537.36 (KHTML, like Gecko) Chrome/41.0.2272.96 Mobile Safari/537.36 (compatible; Googlebot/2.1; +http://www.google.com/bot.html)"
46.165.197.141 - - [03/Jun/2017:07:54:12 +0200] "GET /robots.txt HTTP/1.1" 200 100 "-" "Mozilla/5.0 (compatible; MJ12bot/v1.4.8; http://mj12bot.com/)"
46.165.197.141 - - [03/Jun/2017:07:54:14 +0200] "GET / HTTP/1.1" 200 9360 "-" "Mozilla/5.0 (compatible; MJ12bot/v1.4.8; http://mj12bot.com/)"
131.253.25.229 - - [03/Jun/2017:08:27:27 +0200] "GET /m.gif HTTP/1.1" 200 95 "http://www.morusverlag.de/buecher/index.html" "Mozilla/5.0 (iPhone; CPU iPhone OS 7_0 like Mac OS X) AppleWebKit/537.51.1 (KHTML, like Gecko) Version/7.0 Mobile/11A465 Safari/9537.53 BingPreview/1.0b"
131.253.25.229 - - [03/Jun/2017:08:27:27 +0200] "GET /buecher/gesichter.jpg HTTP/1.1" 200 7271 "http://www.morusverlag.de/buecher/index.html" "Mozilla/5.0 (iPhone; CPU iPhone OS 7_0 like Mac OS X) AppleWebKit/537.51.1 (KHTML, like Gecko) Version/7.0 Mobile/11A465 Safari/9537.53 BingPreview/1.0b"
131.253.25.229 - - [03/Jun/2017:08:27:27 +0200] "GET /contentflow/img/loader.gif HTTP/1.1" 200 8238 "http://www.morusverlag.de/buecher/index.html" "Mozilla/5.0 (iPhone; CPU iPhone OS 7_0 like Mac OS X) AppleWebKit/537.51.1 (KHTML, like Gecko) Version/7.0 Mobile/11A465 Safari/9537.53 BingPreview/1.0b"
131.253.25.229 - - [03/Jun/2017:08:27:27 +0200] "GET /contentflow/img/scrollbar_white.png HTTP/1.1" 200 82 "http://www.morusverlag.de/buecher/index.html" "Mozilla/5.0 (iPhone; CPU iPhone OS 7_0 like Mac OS X) AppleWebKit/537.51.1 (KHTML, like Gecko) Version/7.0 Mobile/11A465 Safari/9537.53 BingPreview/1.0b"
131.253.25.229 - - [03/Jun/2017:08:27:27 +0200] "GET /contentflow/img/slider_white.png HTTP/1.1" 200 178 "http://www.morusverlag.de/buecher/index.html" "Mozilla/5.0 (iPhone; CPU iPhone OS 7_0 like Mac OS X) AppleWebKit/537.51.1 (KHTML, like Gecko) Version/7.0 Mobile/11A465 Safari/9537.53 BingPreview/1.0b"
131.253.25.229 - - [03/Jun/2017:08:27:28 +0200] "GET /contentflow/img/1x1_0.5_white.png HTTP/1.1" 200 82 "http://www.morusverlag.de/buecher/index.html" "Mozilla/5.0 (iPhone; CPU iPhone OS 7_0 like Mac OS X) AppleWebKit/537.51.1 (KHTML, like Gecko) Version/7.0 Mobile/11A465 Safari/9537.53 BingPreview/1.0b"
131.253.25.229 - - [03/Jun/2017:08:27:28 +0200] "GET /contentflow/img/loader_white.gif HTTP/1.1" 200 8238 "http://www.morusverlag.de/buecher/index.html" "Mozilla/5.0 (iPhone; CPU iPhone OS 7_0 like Mac OS X) AppleWebKit/537.51.1 (KHTML, like Gecko) Version/7.0 Mobile/11A465 Safari/9537.53 BingPreview/1.0b"
131.253.25.229 - - [03/Jun/2017:08:27:28 +0200] "GET /contentflow/img/slider_black.png HTTP/1.1" 200 175 "http://www.morusverlag.de/buecher/index.html" "Mozilla/5.0 (iPhone; CPU iPhone OS 7_0 like Mac OS X) AppleWebKit/537.51.1 (KHTML, like Gecko) Version/7.0 Mobile/11A465 Safari/9537.53 BingPreview/1.0b"
131.253.25.229 - - [03/Jun/2017:08:27:28 +0200] "GET /contentflow/img/scrollbar_black.png HTTP/1.1" 200 82 "http://www.morusverlag.de/buecher/index.html" "Mozilla/5.0 (iPhone; CPU iPhone OS 7_0 like Mac OS X) AppleWebKit/537.51.1 (KHTML, like Gecko) Version/7.0 Mobile/11A465 Safari/9537.53 BingPreview/1.0b"
77.75.76.163 - - [03/Jun/2017:09:02:04 +0200] "GET /robots.txt HTTP/1.1" 200 100 "-" "Mozilla/5.0 (compatible; SeznamBot/3.2; +http://napoveda.seznam.cz/en/seznambot-intro/)"
77.75.76.163 - - [03/Jun/2017:09:02:04 +0200] "GET /cds/ignatius.html HTTP/1.1" 304 - "-" "Mozilla/5.0 (compatible; SeznamBot/3.2; +http://napoveda.seznam.cz/en/seznambot-intro/)"
194.87.238.17 - - [03/Jun/2017:09:35:35 +0200] "HEAD / HTTP/1.1" 200 - "http://attestat-cheljabinsk.ru/attestat-za-11-klassov-s-prilozheniem-2005-2006-goda/" "Mozilla/3.0 (compatible; MSIE5.00; Windows 2004)"
195.133.48.150 - - [03/Jun/2017:09:35:36 +0200] "HEAD / HTTP/1.1" 200 - "http://termoshop.com.ua/starbucks" "Mozilla/2.0 (compatible; MSIE2.00; Windows 2009)"
195.133.145.199 - - [03/Jun/2017:09:35:36 +0200] "HEAD / HTTP/1.1" 200 - "http://commerage.ru/znacenie-imeni" "Mozilla/8.0 (compatible; MSIE7.00; Windows 2003)"
195.133.147.74 - - [03/Jun/2017:09:35:37 +0200] "HEAD / HTTP/1.1" 200 - "https://kidy.eu/blog/" "Mozilla/8.0 (compatible; MSIE7.00; Windows 2004)"
195.133.147.89 - - [03/Jun/2017:09:35:38 +0200] "HEAD / HTTP/1.1" 200 - "http://maxi-tex.ru/" "Mozilla/6.0 (compatible; MSIE2.00; Windows 2006)"
185.125.219.134 - - [03/Jun/2017:09:42:37 +0200] "HEAD / HTTP/1.1" 200 - "https://www.informacionnaja-podderzhka-sajta.ru/usluga-podderzhki-sajta.html" "Mozilla/7.0 (compatible; MSIE4.00; Windows 2005)"
193.124.190.64 - - [03/Jun/2017:09:42:37 +0200] "HEAD / HTTP/1.1" 200 - "http://dsk-baby-hit.ru/pages/detskii-sportivnyi-kompleks-v-g-sochi" "Mozilla/2.0 (compatible; MSIE7.00; Windows 2006)"
185.5.249.185 - - [03/Jun/2017:09:42:47 +0200] "HEAD / HTTP/1.1" 200 - "http://yastreb-tm.ru/yastreb-os-3-ultrazvukovoy-otpugivatel-sobak.html" "Mozilla/5.0 (compatible; MSIE3.00; Windows 2002)"
194.67.210.77 - - [03/Jun/2017:09:42:56 +0200] "HEAD / HTTP/1.1" 200 - "https://tornado-tm.ru/ctreich-shlang-xhose-5-15-m.html" "Mozilla/3.0 (compatible; MSIE7.00; Windows 2009)"
193.124.131.168 - - [03/Jun/2017:09:56:22 +0200] "HEAD / HTTP/1.1" 200 - "http://les54.ru/realizovannye-proekty/otdelka-doma-bani-v-akademgorodke-na-u/" "Mozilla/2.0 (compatible; MSIE7.00; Windows 2005)"
194.87.234.246 - - [03/Jun/2017:10:00:12 +0200] "HEAD / HTTP/1.1" 200 - "http://cleaningservices.kiev.ua/tseni-na-uborku-kvartir" "Mozilla/5.0 (compatible; MSIE7.00; Windows 2007)"
5.101.78.76 - - [03/Jun/2017:10:07:04 +0200] "HEAD / HTTP/1.1" 200 - "http://po-pugay.ru/catalog/jelektroshokery-osa/elektroshoker-osa-928/" "Mozilla/2.0 (compatible; MSIE7.00; Windows 2004)"
188.227.18.37 - - [03/Jun/2017:10:07:04 +0200] "HEAD / HTTP/1.1" 200 - "https://www.disprom.ru/" "Mozilla/2.0 (compatible; MSIE5.00; Windows 2009)"
77.75.76.168 - - [03/Jun/2017:10:17:42 +0200] "GET /robots.txt HTTP/1.1" 200 100 "-" "Mozilla/5.0 (compatible; SeznamBot/3.2; +http://napoveda.seznam.cz/en/seznambot-intro/)"
77.75.76.168 - - [03/Jun/2017:10:17:43 +0200] "GET /cds/glockenspiel1.jpg HTTP/1.1" 304 - "-" "Mozilla/5.0 (compatible; SeznamBot/3.2; +http://napoveda.seznam.cz/en/seznambot-intro/)"
216.244.66.198 - - [03/Jun/2017:10:22:57 +0200] "GET /robots.txt HTTP/1.1" 200 100 "-" "Mozilla/5.0 (compatible; DotBot/1.1; http://www.opensiteexplorer.org/dotbot, help@moz.com)"
195.133.147.6 - - [03/Jun/2017:10:27:42 +0200] "HEAD / HTTP/1.1" 200 - "https://avkzarabotok.info/treiding_na_gold.html" "Mozilla/6.0 (compatible; MSIE5.00; Windows 2008)"
5.255.251.7 - - [03/Jun/2017:10:40:17 +0200] "GET /robots.txt HTTP/1.1" 200 100 "-" "Mozilla/5.0 (compatible; YandexBot/3.0; +http://yandex.com/bots)"
66.249.65.155 - - [03/Jun/2017:10:40:20 +0200] "GET /buecher/rezensionen_krise_zum_heil.html HTTP/1.1" 200 9828 "-" "Mozilla/5.0 (Linux; Android 6.0.1; Nexus 5X Build/MMB29P) AppleWebKit/537.36 (KHTML, like Gecko) Chrome/41.0.2272.96 Mobile Safari/537.36 (compatible; Googlebot/2.1; +http://www.google.com/bot.html)"
5.255.251.7 - - [03/Jun/2017:10:40:21 +0200] "GET /buecher/gesichter/24.jpg HTTP/1.1" 200 8021 "-" "Mozilla/5.0 (compatible; YandexImages/3.0; +http://yandex.com/bots)"
5.255.251.7 - - [03/Jun/2017:10:58:41 +0200] "GET /sonderthemen/oekz2003.jpg HTTP/1.1" 304 - "-" "Mozilla/5.0 (compatible; YandexImages/3.0; +http://yandex.com/bots)"
194.187.170.112 - - [03/Jun/2017:11:07:14 +0200] "GET /robots.txt HTTP/1.0" 200 100 "-" "Mozilla/5.0 (compatible; Qwantify/2.4w; +https://www.qwant.com/)/2.4w"
194.187.170.112 - - [03/Jun/2017:11:07:14 +0200] "GET /jahrbuch/index.html HTTP/1.0" 304 - "-" "Mozilla/5.0 (compatible; Qwantify/2.4w; +https://www.qwant.com/)/2.4w"
77.75.79.54 - - [03/Jun/2017:11:11:51 +0200] "GET /robots.txt HTTP/1.1" 200 100 "-" "Mozilla/5.0 (compatible; SeznamBot/3.2; +http://napoveda.seznam.cz/en/seznambot-intro/)"
77.75.79.54 - - [03/Jun/2017:11:11:51 +0200] "GET /buecher/rezensionen_ignatius.html HTTP/1.1" 304 - "-" "Mozilla/5.0 (compatible; SeznamBot/3.2; +http://napoveda.seznam.cz/en/seznambot-intro/)"
216.244.66.198 - - [03/Jun/2017:11:16:57 +0200] "GET /jahrbuch/index.html HTTP/1.1" 200 3956 "-" "Mozilla/5.0 (compatible; DotBot/1.1; http://www.opensiteexplorer.org/dotbot, help@moz.com)"
77.220.213.173 - - [03/Jun/2017:11:18:34 +0200] "HEAD / HTTP/1.1" 200 - "https://artestom.ru/implantaciya-zubov-v-spb/sinus-lifting-v-spb/" "Mozilla/2.0 (compatible; MSIE2.00; Windows 2004)"
185.154.13.6 - - [03/Jun/2017:11:18:34 +0200] "HEAD / HTTP/1.1" 200 - "https://insalesthemes.ru/blog/5-tipov-onlajn-pokupatelej" "Mozilla/7.0 (compatible; MSIE3.00; Windows 2003)"
178.159.39.237 - - [03/Jun/2017:11:18:35 +0200] "HEAD / HTTP/1.1" 200 - "http://ugtehagro.net/frontalnyj-pogruzchik/pogruzchik-frontalnyj-universalnyj-nfu-800.html" "Mozilla/5.0 (compatible; MSIE6.00; Windows 2009)"
89.15.238.178 - - [03/Jun/2017:11:21:24 +0200] "GET / HTTP/1.1" 200 9360 "http://www.christliche-buchhandlungen.de/plz-1.php" "Mozilla/5.0 (Linux; Android 6.0; ALE-L21 Build/HuaweiALE-L21) AppleWebKit/537.36 (KHTML, like Gecko) Chrome/58.0.3029.83 Mobile Safari/537.36"
89.15.238.178 - - [03/Jun/2017:11:21:24 +0200] "GET /main.css HTTP/1.1" 200 1439 "http://www.morusverlag.de/" "Mozilla/5.0 (Linux; Android 6.0; ALE-L21 Build/HuaweiALE-L21) AppleWebKit/537.36 (KHTML, like Gecko) Chrome/58.0.3029.83 Mobile Safari/537.36"
89.15.238.178 - - [03/Jun/2017:11:21:25 +0200] "GET /logo_g.gif HTTP/1.1" 200 1301 "http://www.morusverlag.de/" "Mozilla/5.0 (Linux; Android 6.0; ALE-L21 Build/HuaweiALE-L21) AppleWebKit/537.36 (KHTML, like Gecko) Chrome/58.0.3029.83 Mobile Safari/537.36"
89.15.238.178 - - [03/Jun/2017:11:21:25 +0200] "GET /mv_g.gif HTTP/1.1" 200 4070 "http://www.morusverlag.de/" "Mozilla/5.0 (Linux; Android 6.0; ALE-L21 Build/HuaweiALE-L21) AppleWebKit/537.36 (KHTML, like Gecko) Chrome/58.0.3029.83 Mobile Safari/537.36"
89.15.238.178 - - [03/Jun/2017:11:21:25 +0200] "GET /mv_gr_w.gif HTTP/1.1" 200 2005 "http://www.morusverlag.de/" "Mozilla/5.0 (Linux; Android 6.0; ALE-L21 Build/HuaweiALE-L21) AppleWebKit/537.36 (KHTML, like Gecko) Chrome/58.0.3029.83 Mobile Safari/537.36"
89.15.238.178 - - [03/Jun/2017:11:21:25 +0200] "GET /jahrbuch_k.jpg HTTP/1.1" 200 3719 "http://www.morusverlag.de/" "Mozilla/5.0 (Linux; Android 6.0; ALE-L21 Build/HuaweiALE-L21) AppleWebKit/537.36 (KHTML, like Gecko) Chrome/58.0.3029.83 Mobile Safari/537.36"
89.15.238.178 - - [03/Jun/2017:11:21:25 +0200] "GET /strich.gif HTTP/1.1" 200 45 "http://www.morusverlag.de/" "Mozilla/5.0 (Linux; Android 6.0; ALE-L21 Build/HuaweiALE-L21) AppleWebKit/537.36 (KHTML, like Gecko) Chrome/58.0.3029.83 Mobile Safari/537.36"
89.15.238.178 - - [03/Jun/2017:11:21:25 +0200] "GET /gotteslob.jpg HTTP/1.1" 200 9390 "http://www.morusverlag.de/" "Mozilla/5.0 (Linux; Android 6.0; ALE-L21 Build/HuaweiALE-L21) AppleWebKit/537.36 (KHTML, like Gecko) Chrome/58.0.3029.83 Mobile Safari/537.36"
89.15.238.178 - - [03/Jun/2017:11:21:25 +0200] "GET /buecher/engel.jpg HTTP/1.1" 200 5414 "http://www.morusverlag.de/" "Mozilla/5.0 (Linux; Android 6.0; ALE-L21 Build/HuaweiALE-L21) AppleWebKit/537.36 (KHTML, like Gecko) Chrome/58.0.3029.83 Mobile Safari/537.36"
89.15.238.178 - - [03/Jun/2017:11:21:25 +0200] "GET /buecher/gesichter.jpg HTTP/1.1" 200 7271 "http://www.morusverlag.de/" "Mozilla/5.0 (Linux; Android 6.0; ALE-L21 Build/HuaweiALE-L21) AppleWebKit/537.36 (KHTML, like Gecko) Chrome/58.0.3029.83 Mobile Safari/537.36"
89.15.238.178 - - [03/Jun/2017:11:21:25 +0200] "GET /pf.gif HTTP/1.1" 200 62 "http://www.morusverlag.de/" "Mozilla/5.0 (Linux; Android 6.0; ALE-L21 Build/HuaweiALE-L21) AppleWebKit/537.36 (KHTML, like Gecko) Chrome/58.0.3029.83 Mobile Safari/537.36"
89.15.238.178 - - [03/Jun/2017:11:21:25 +0200] "GET /cds/rosarium_k.jpg HTTP/1.1" 200 3972 "http://www.morusverlag.de/" "Mozilla/5.0 (Linux; Android 6.0; ALE-L21 Build/HuaweiALE-L21) AppleWebKit/537.36 (KHTML, like Gecko) Chrome/58.0.3029.83 Mobile Safari/537.36"
89.15.238.178 - - [03/Jun/2017:11:21:25 +0200] "GET /buecher/chateaubriand.jpg HTTP/1.1" 200 2272 "http://www.morusverlag.de/" "Mozilla/5.0 (Linux; Android 6.0; ALE-L21 Build/HuaweiALE-L21) AppleWebKit/537.36 (KHTML, like Gecko) Chrome/58.0.3029.83 Mobile Safari/537.36"
89.15.238.178 - - [03/Jun/2017:11:21:25 +0200] "GET /cds/hymnos_k.jpg HTTP/1.1" 200 4986 "http://www.morusverlag.de/" "Mozilla/5.0 (Linux; Android 6.0; ALE-L21 Build/HuaweiALE-L21) AppleWebKit/537.36 (KHTML, like Gecko) Chrome/58.0.3029.83 Mobile Safari/537.36"
89.15.238.178 - - [03/Jun/2017:11:21:25 +0200] "GET /cds/ignatius_k.jpg HTTP/1.1" 200 3965 "http://www.morusverlag.de/" "Mozilla/5.0 (Linux; Android 6.0; ALE-L21 Build/HuaweiALE-L21) AppleWebKit/537.36 (KHTML, like Gecko) Chrome/58.0.3029.83 Mobile Safari/537.36"
89.15.238.178 - - [03/Jun/2017:11:21:25 +0200] "GET /cds/astazi_k.jpg HTTP/1.1" 200 6049 "http://www.morusverlag.de/" "Mozilla/5.0 (Linux; Android 6.0; ALE-L21 Build/HuaweiALE-L21) AppleWebKit/537.36 (KHTML, like Gecko) Chrome/58.0.3029.83 Mobile Safari/537.36"
89.15.238.178 - - [03/Jun/2017:11:21:25 +0200] "GET /buch_k.jpg HTTP/1.1" 200 4591 "http://www.morusverlag.de/" "Mozilla/5.0 (Linux; Android 6.0; ALE-L21 Build/HuaweiALE-L21) AppleWebKit/537.36 (KHTML, like Gecko) Chrome/58.0.3029.83 Mobile Safari/537.36"
89.15.238.178 - - [03/Jun/2017:11:21:25 +0200] "GET /favicon.ico HTTP/1.1" 200 4286 "http://www.morusverlag.de/" "Mozilla/5.0 (Linux; Android 6.0; ALE-L21 Build/HuaweiALE-L21) AppleWebKit/537.36 (KHTML, like Gecko) Chrome/58.0.3029.83 Mobile Safari/537.36"
194.187.170.112 - - [03/Jun/2017:11:26:54 +0200] "GET /kontakt/index.html HTTP/1.0" 304 - "-" "Mozilla/5.0 (compatible; Qwantify/2.4w; +https://www.qwant.com/)/2.4w"
178.159.43.212 - - [03/Jun/2017:11:42:31 +0200] "HEAD / HTTP/1.1" 200 - "https://ukrsmeta.ua/koshtoris-na-ventilovanij-fasad-budivli/" "Mozilla/6.0 (compatible; MSIE3.00; Windows 2005)"
88.99.70.242 - - [03/Jun/2017:11:43:56 +0200] "GET /robots.txt HTTP/1.0" 200 100 "-" "studylibde download bot, see http://studylibde.com/public/bot for additional info"
88.99.70.242 - - [03/Jun/2017:11:43:56 +0200] "GET /sonderthemen/az2003.pdf HTTP/1.0" 200 4864675 "-" "studylibde download bot, see http://studylibde.com/public/bot for additional info"
68.180.229.216 - - [03/Jun/2017:12:02:07 +0200] "GET /cds/astazi.html HTTP/1.1" 304 - "-" "Mozilla/5.0 (compatible; Yahoo! Slurp; http://help.yahoo.com/help/us/ysearch/slurp)"
194.187.170.112 - - [03/Jun/2017:12:11:48 +0200] "GET /impressum.html HTTP/1.0" 304 - "-" "Mozilla/5.0 (compatible; Qwantify/2.4w; +https://www.qwant.com/)/2.4w"
80.187.119.141 - - [03/Jun/2017:12:12:41 +0200] "GET / HTTP/1.1" 200 9360 "http://www.kath-buchhandlung.de/bistum-berlin.php" "Mozilla/5.0 (Windows NT 6.1; WOW64; rv:53.0) Gecko/20100101 Firefox/53.0"
80.187.119.141 - - [03/Jun/2017:12:12:41 +0200] "GET /main.css HTTP/1.1" 200 1439 "http://www.morusverlag.de/" "Mozilla/5.0 (Windows NT 6.1; WOW64; rv:53.0) Gecko/20100101 Firefox/53.0"
80.187.119.141 - - [03/Jun/2017:12:12:41 +0200] "GET /logo_g.gif HTTP/1.1" 200 1301 "http://www.morusverlag.de/" "Mozilla/5.0 (Windows NT 6.1; WOW64; rv:53.0) Gecko/20100101 Firefox/53.0"
80.187.119.141 - - [03/Jun/2017:12:12:42 +0200] "GET /strich.gif HTTP/1.1" 200 45 "http://www.morusverlag.de/" "Mozilla/5.0 (Windows NT 6.1; WOW64; rv:53.0) Gecko/20100101 Firefox/53.0"
80.187.119.141 - - [03/Jun/2017:12:12:42 +0200] "GET /mv_gr_w.gif HTTP/1.1" 200 2005 "http://www.morusverlag.de/" "Mozilla/5.0 (Windows NT 6.1; WOW64; rv:53.0) Gecko/20100101 Firefox/53.0"
80.187.119.141 - - [03/Jun/2017:12:12:42 +0200] "GET /mv_g.gif HTTP/1.1" 200 4070 "http://www.morusverlag.de/" "Mozilla/5.0 (Windows NT 6.1; WOW64; rv:53.0) Gecko/20100101 Firefox/53.0"
80.187.119.141 - - [03/Jun/2017:12:12:42 +0200] "GET /jahrbuch_k.jpg HTTP/1.1" 200 3719 "http://www.morusverlag.de/" "Mozilla/5.0 (Windows NT 6.1; WOW64; rv:53.0) Gecko/20100101 Firefox/53.0"
80.187.119.141 - - [03/Jun/2017:12:12:42 +0200] "GET /buecher/gesichter.jpg HTTP/1.1" 200 7271 "http://www.morusverlag.de/" "Mozilla/5.0 (Windows NT 6.1; WOW64; rv:53.0) Gecko/20100101 Firefox/53.0"
80.187.119.141 - - [03/Jun/2017:12:12:42 +0200] "GET /pf.gif HTTP/1.1" 200 62 "http://www.morusverlag.de/" "Mozilla/5.0 (Windows NT 6.1; WOW64; rv:53.0) Gecko/20100101 Firefox/53.0"
80.187.119.141 - - [03/Jun/2017:12:12:42 +0200] "GET /cds/rosarium_k.jpg HTTP/1.1" 200 3972 "http://www.morusverlag.de/" "Mozilla/5.0 (Windows NT 6.1; WOW64; rv:53.0) Gecko/20100101 Firefox/53.0"
80.187.119.141 - - [03/Jun/2017:12:12:42 +0200] "GET /cds/ignatius_k.jpg HTTP/1.1" 200 3965 "http://www.morusverlag.de/" "Mozilla/5.0 (Windows NT 6.1; WOW64; rv:53.0) Gecko/20100101 Firefox/53.0"
80.187.119.141 - - [03/Jun/2017:12:12:42 +0200] "GET /cds/hymnos_k.jpg HTTP/1.1" 200 4986 "http://www.morusverlag.de/" "Mozilla/5.0 (Windows NT 6.1; WOW64; rv:53.0) Gecko/20100101 Firefox/53.0"
80.187.119.141 - - [03/Jun/2017:12:12:42 +0200] "GET /cds/astazi_k.jpg HTTP/1.1" 200 6049 "http://www.morusverlag.de/" "Mozilla/5.0 (Windows NT 6.1; WOW64; rv:53.0) Gecko/20100101 Firefox/53.0"
80.187.119.141 - - [03/Jun/2017:12:12:42 +0200] "GET /gotteslob.jpg HTTP/1.1" 200 9390 "http://www.morusverlag.de/" "Mozilla/5.0 (Windows NT 6.1; WOW64; rv:53.0) Gecko/20100101 Firefox/53.0"
80.187.119.141 - - [03/Jun/2017:12:12:42 +0200] "GET /buecher/chateaubriand.jpg HTTP/1.1" 200 2272 "http://www.morusverlag.de/" "Mozilla/5.0 (Windows NT 6.1; WOW64; rv:53.0) Gecko/20100101 Firefox/53.0"
80.187.119.141 - - [03/Jun/2017:12:12:42 +0200] "GET /buecher/engel.jpg HTTP/1.1" 200 5414 "http://www.morusverlag.de/" "Mozilla/5.0 (Windows NT 6.1; WOW64; rv:53.0) Gecko/20100101 Firefox/53.0"
80.187.119.141 - - [03/Jun/2017:12:12:42 +0200] "GET /buch_k.jpg HTTP/1.1" 200 4591 "http://www.morusverlag.de/" "Mozilla/5.0 (Windows NT 6.1; WOW64; rv:53.0) Gecko/20100101 Firefox/53.0"
80.187.119.141 - - [03/Jun/2017:12:12:42 +0200] "GET /favicon.ico HTTP/1.1" 200 4286 "-" "Mozilla/5.0 (Windows NT 6.1; WOW64; rv:53.0) Gecko/20100101 Firefox/53.0"
80.187.119.141 - - [03/Jun/2017:12:12:45 +0200] "GET /kontakt/index.html HTTP/1.1" 200 2896 "http://www.morusverlag.de/" "Mozilla/5.0 (Windows NT 6.1; WOW64; rv:53.0) Gecko/20100101 Firefox/53.0"
80.187.119.141 - - [03/Jun/2017:12:12:45 +0200] "GET /m.gif HTTP/1.1" 200 95 "http://www.morusverlag.de/kontakt/index.html" "Mozilla/5.0 (Windows NT 6.1; WOW64; rv:53.0) Gecko/20100101 Firefox/53.0"
194.187.170.112 - - [03/Jun/2017:12:14:23 +0200] "GET /gotteslob/index.html HTTP/1.0" 304 - "-" "Mozilla/5.0 (compatible; Qwantify/2.4w; +https://www.qwant.com/)/2.4w"
194.187.170.112 - - [03/Jun/2017:12:20:05 +0200] "GET /sonderthemen/index.html HTTP/1.0" 304 - "-" "Mozilla/5.0 (compatible; Qwantify/2.4w; +https://www.qwant.com/)/2.4w"
194.187.170.112 - - [03/Jun/2017:12:26:01 +0200] "GET /cds/index.html HTTP/1.0" 304 - "-" "Mozilla/5.0 (compatible; Qwantify/2.4w; +https://www.qwant.com/)/2.4w"
194.187.170.112 - - [03/Jun/2017:12:26:47 +0200] "GET /buecher/index.html HTTP/1.0" 304 - "-" "Mozilla/5.0 (compatible; Qwantify/2.4w; +https://www.qwant.com/)/2.4w"
66.249.65.135 - - [03/Jun/2017:12:37:51 +0200] "GET /sonderthemen/sk2000.pdf HTTP/1.1" 200 2925489 "-" "Mozilla/5.0 (compatible; Googlebot/2.1; +http://www.google.com/bot.html)"
66.249.65.135 - - [03/Jun/2017:12:50:11 +0200] "GET /sonderthemen/az1999.pdf HTTP/1.1" 200 1842982 "-" "Mozilla/5.0 (compatible; Googlebot/2.1; +http://www.google.com/bot.html)"
194.187.170.112 - - [03/Jun/2017:12:58:45 +0200] "GET /index.html HTTP/1.0" 304 - "-" "Mozilla/5.0 (compatible; Qwantify/2.4w; +https://www.qwant.com/)/2.4w"
216.244.66.198 - - [03/Jun/2017:13:01:57 +0200] "GET /robots.txt HTTP/1.1" 200 100 "-" "Mozilla/5.0 (compatible; DotBot/1.1; http://www.opensiteexplorer.org/dotbot, help@moz.com)"
66.249.65.133 - - [03/Jun/2017:13:02:36 +0200] "GET /sonderthemen/az2000.pdf HTTP/1.1" 200 2253581 "-" "Mozilla/5.0 (compatible; Googlebot/2.1; +http://www.google.com/bot.html)"
78.46.156.169 - - [03/Jun/2017:13:02:54 +0200] "GET /buecher/index.html HTTP/1.1" 200 25885 "-" "Mozilla/5.0 (X11; Linux i686; rv:21.0) Gecko/20100101 Firefox/21.0"
216.244.66.198 - - [03/Jun/2017:13:03:07 +0200] "GET /robots.txt HTTP/1.1" 200 100 "-" "Mozilla/5.0 (compatible; DotBot/1.1; http://www.opensiteexplorer.org/dotbot, help@moz.com)"
216.244.66.250 - - [03/Jun/2017:13:07:52 +0200] "GET /robots.txt HTTP/1.1" 200 100 "-" "Mozilla/5.0 (compatible; DotBot/1.1; http://www.opensiteexplorer.org/dotbot, help@moz.com)"
193.124.190.64 - - [03/Jun/2017:13:11:41 +0200] "HEAD / HTTP/1.1" 200 - "http://dsk-baby-hit.ru/pages/detskii-sportivnyi-kompleks-v-g-tolyatti" "Mozilla/2.0 (compatible; MSIE4.00; Windows 2007)"
185.125.219.134 - - [03/Jun/2017:13:11:42 +0200] "HEAD / HTTP/1.1" 200 - "https://www.informacionnaja-podderzhka-sajta.ru/yuzao.html" "Mozilla/3.0 (compatible; MSIE7.00; Windows 2009)"
195.133.145.199 - - [03/Jun/2017:13:11:42 +0200] "HEAD / HTTP/1.1" 200 - "http://commerage.ru/tests/25-voprosov-ctoby-ponat-gotovy-li-vy-stat-zenoj" "Mozilla/8.0 (compatible; MSIE7.00; Windows 2007)"
194.87.238.17 - - [03/Jun/2017:13:11:42 +0200] "HEAD / HTTP/1.1" 200 - "http://attestat-cheljabinsk.ru/kupit-attestat-za-11-klass-s-zaneseniem-v-reestr-v-chelyabinske/" "Mozilla/4.0 (compatible; MSIE3.00; Windows 2003)"
195.133.48.150 - - [03/Jun/2017:13:11:42 +0200] "HEAD / HTTP/1.1" 200 - "http://termoshop.com.ua/blomus" "Mozilla/5.0 (compatible; MSIE2.00; Windows 2009)"
195.133.147.74 - - [03/Jun/2017:13:11:43 +0200] "HEAD / HTTP/1.1" 200 - "https://kidy.eu/catalog/clothes-for-girls/" "Mozilla/5.0 (compatible; MSIE7.00; Windows 2009)"
195.133.147.89 - - [03/Jun/2017:13:11:43 +0200] "HEAD / HTTP/1.1" 200 - "http://maxi-tex.ru/" "Mozilla/4.0 (compatible; MSIE7.00; Windows 2004)"
194.67.210.77 - - [03/Jun/2017:13:11:53 +0200] "HEAD / HTTP/1.1" 200 - "https://tornado-tm.ru/globol-dlya-pishevoi-moli-2sht-up.html" "Mozilla/5.0 (compatible; MSIE7.00; Windows 2008)"
158.69.225.35 - - [03/Jun/2017:13:14:12 +0200] "GET / HTTP/1.1" 200 9360 "-" "Mozilla/5.0 (compatible; Dataprovider.com;)"
158.69.225.35 - - [03/Jun/2017:13:14:16 +0200] "GET /robots.txt HTTP/1.1" 200 100 "-" "Mozilla/5.0 (compatible; Dataprovider.com;)"
158.69.225.35 - - [03/Jun/2017:13:14:16 +0200] "GET /sitemap.xml HTTP/1.1" 404 2381 "-" "Mozilla/5.0 (compatible; Dataprovider.com;)"
158.69.225.35 - - [03/Jun/2017:13:14:17 +0200] "GET / HTTP/1.1" 200 9360 "-" "Mozilla/5.0 (compatible; Dataprovider.com;)"
158.69.225.35 - - [03/Jun/2017:13:14:18 +0200] "GET /kontakt/index.html HTTP/1.1" 200 2896 "-" "Mozilla/5.0 (compatible; Dataprovider.com;)"
158.69.225.35 - - [03/Jun/2017:13:14:19 +0200] "GET /impressum.html HTTP/1.1" 200 2808 "-" "Mozilla/5.0 (compatible; Dataprovider.com;)"
158.69.225.35 - - [03/Jun/2017:13:14:20 +0200] "GET /cds/index.html HTTP/1.1" 200 7987 "-" "Mozilla/5.0 (compatible; Dataprovider.com;)"
158.69.225.35 - - [03/Jun/2017:13:14:21 +0200] "GET /cds/hymnos_akathistos.html HTTP/1.1" 200 11061 "-" "Mozilla/5.0 (compatible; Dataprovider.com;)"
158.69.225.35 - - [03/Jun/2017:13:14:22 +0200] "GET /buecher/index.html HTTP/1.1" 200 25885 "-" "Mozilla/5.0 (compatible; Dataprovider.com;)"
185.5.249.185 - - [03/Jun/2017:13:14:22 +0200] "HEAD / HTTP/1.1" 200 - "http://yastreb-tm.ru/elektromagnitnyy-otpugivatel-nasekomyh-model-1p.html" "Mozilla/4.0 (compatible; MSIE6.00; Windows 2004)"
158.69.225.35 - - [03/Jun/2017:13:14:23 +0200] "GET /cds/rosarium.html HTTP/1.1" 200 6680 "-" "Mozilla/5.0 (compatible; Dataprovider.com;)"
158.69.225.35 - - [03/Jun/2017:13:14:24 +0200] "GET /jahrbuch/index.html HTTP/1.1" 200 3956 "-" "Mozilla/5.0 (compatible; Dataprovider.com;)"
158.69.225.35 - - [03/Jun/2017:13:14:25 +0200] "GET /sonderthemen/index.html HTTP/1.1" 200 7102 "-" "Mozilla/5.0 (compatible; Dataprovider.com;)"
158.69.225.35 - - [03/Jun/2017:13:14:26 +0200] "GET /buecher/rezensionen_chateaubriand.html HTTP/1.1" 200 47317 "-" "Mozilla/5.0 (compatible; Dataprovider.com;)"
158.69.225.35 - - [03/Jun/2017:13:14:29 +0200] "GET / HTTP/1.1" 200 9360 "-" "Mozilla/5.0 (Linux; Android 5.1.1; SM-G925F Build/LMY47X) AppleWebKit/537.36 (KHTML, like Gecko) Chrome/45.0.2454.94 Mobile Safari/537.36"
66.249.65.135 - - [03/Jun/2017:13:15:04 +0200] "GET /sonderthemen/sk2002.pdf HTTP/1.1" 200 2628923 "-" "Mozilla/5.0 (compatible; Googlebot/2.1; +http://www.google.com/bot.html)"
66.249.65.131 - - [03/Jun/2017:13:23:06 +0200] "GET /buecher/rezension_gesichter_u_geschichten.pdf HTTP/1.1" 200 223287 "-" "Mozilla/5.0 (Linux; Android 6.0.1; Nexus 5X Build/MMB29P) AppleWebKit/537.36 (KHTML, like Gecko) Chrome/41.0.2272.96 Mobile Safari/537.36 (compatible; Googlebot/2.1; +http://www.google.com/bot.html)"
66.249.65.133 - - [03/Jun/2017:13:27:09 +0200] "GET /sonderthemen/sk2001.pdf HTTP/1.1" 200 3098589 "-" "Mozilla/5.0 (compatible; Googlebot/2.1; +http://www.google.com/bot.html)"
180.76.15.150 - - [03/Jun/2017:13:28:02 +0200] "GET / HTTP/1.1" 200 9360 "-" "Mozilla/5.0 (compatible; Baiduspider/2.0; +http://www.baidu.com/search/spider.html)"
