195.133.147.74 - - [11/Jun/2017:03:37:11 +0200] "HEAD / HTTP/1.1" 200 - "http://www.mebelandia.com" "Mozilla/7.0 (compatible; MSIE4.00; Windows 2007)"
194.87.238.17 - - [11/Jun/2017:03:37:12 +0200] "HEAD / HTTP/1.1" 200 - "http://smt4.ru/nerzhaveyushhaya-setka.html" "Mozilla/8.0 (compatible; MSIE2.00; Windows 2003)"
195.133.147.89 - - [11/Jun/2017:03:37:14 +0200] "HEAD / HTTP/1.1" 200 - "http://buckshee.petimer.ru/novosti-dnya/" "Mozilla/4.0 (compatible; MSIE6.00; Windows 2009)"
194.87.234.246 - - [11/Jun/2017:03:39:03 +0200] "HEAD / HTTP/1.1" 200 - "https://www.pamyatniki-in-kiev.com.ua/produktsiya/standartnye-pamyatniki.html" "Mozilla/3.0 (compatible; MSIE7.00; Windows 2009)"
193.124.131.168 - - [11/Jun/2017:03:39:47 +0200] "HEAD / HTTP/1.1" 200 - "http://yandextaxispb.ru/uber-i-yandeks-taksi-uzhe-v-blizhajshem-budushhem-smogut-sobirat-nalogi-s-voditelej/" "Mozilla/5.0 (compatible; MSIE4.00; Windows 2007)"
195.133.147.6 - - [11/Jun/2017:03:43:41 +0200] "HEAD / HTTP/1.1" 200 - "https://pool-pond.com.ua/galereya-bassejnov-vodoemov-fontanov/vodopady.html" "Mozilla/5.0 (compatible; MSIE5.00; Windows 2009)"
185.125.219.134 - - [11/Jun/2017:03:46:23 +0200] "HEAD / HTTP/1.1" 200 - "http://www.westcomp.ru/support/" "Mozilla/3.0 (compatible; MSIE2.00; Windows 2004)"
194.67.210.77 - - [11/Jun/2017:03:46:23 +0200] "HEAD / HTTP/1.1" 200 - "https://schwingen.net/%D1%80%D1%83%D0%B1%D1%80%D0%B8%D0%BA%D0%B8/%25d0%25bd%25d0%25be%25d0%25b2%25d0%25be%25d1%2581%25d1%2582%25d0%25b8/" "Mozilla/5.0 (compatible; MSIE7.00; Windows 2003)"
185.5.249.185 - - [11/Jun/2017:03:46:24 +0200] "HEAD / HTTP/1.1" 200 - "https://americanbubblewall.com/bubble-walls-in-the-interior/" "Mozilla/2.0 (compatible; MSIE3.00; Windows 2005)"
193.124.190.64 - - [11/Jun/2017:03:46:24 +0200] "HEAD / HTTP/1.1" 200 - "http://www.bitrd.ru/povyishenie-kvalifikatsii-po-inzhenernyim-izyiskaniyam/" "Mozilla/6.0 (compatible; MSIE5.00; Windows 2004)"
138.201.59.34 - - [11/Jun/2017:03:49:10 +0200] "GET /robots.txt HTTP/1.0" 200 100 "-" "Mozilla/5.0 (compatible; SEOkicks-Robot; +http://www.seokicks.de/robot.html)"
138.201.59.34 - - [11/Jun/2017:03:49:12 +0200] "GET / HTTP/1.0" 200 9360 "-" "Mozilla/5.0 (compatible; SEOkicks-Robot; +http://www.seokicks.de/robot.html)"
138.201.59.34 - - [11/Jun/2017:03:49:13 +0200] "GET /main.css HTTP/1.0" 200 1439 "http://www.morusverlag.de/" "Mozilla/5.0 (compatible; SEOkicks-Robot; +http://www.seokicks.de/robot.html)"
138.201.59.34 - - [11/Jun/2017:03:49:15 +0200] "GET /buecher/index.html HTTP/1.0" 200 25885 "http://www.morusverlag.de/" "Mozilla/5.0 (compatible; SEOkicks-Robot; +http://www.seokicks.de/robot.html)"
138.201.59.34 - - [11/Jun/2017:03:49:17 +0200] "GET /contentflow/contentflow.js HTTP/1.0" 200 42064 "http://www.morusverlag.de/buecher/index.html" "Mozilla/5.0 (compatible; SEOkicks-Robot; +http://www.seokicks.de/robot.html)"
138.201.59.34 - - [11/Jun/2017:03:49:18 +0200] "GET /cds/index.html HTTP/1.0" 200 7987 "http://www.morusverlag.de/" "Mozilla/5.0 (compatible; SEOkicks-Robot; +http://www.seokicks.de/robot.html)"
138.201.59.34 - - [11/Jun/2017:03:49:19 +0200] "GET /gotteslob/index.html HTTP/1.0" 200 2770 "http://www.morusverlag.de/" "Mozilla/5.0 (compatible; SEOkicks-Robot; +http://www.seokicks.de/robot.html)"
138.201.59.34 - - [11/Jun/2017:03:49:21 +0200] "GET /jahrbuch/index.html HTTP/1.0" 200 3956 "http://www.morusverlag.de/" "Mozilla/5.0 (compatible; SEOkicks-Robot; +http://www.seokicks.de/robot.html)"
138.201.59.34 - - [11/Jun/2017:03:49:23 +0200] "GET /sonderthemen/index.html HTTP/1.0" 200 7102 "http://www.morusverlag.de/" "Mozilla/5.0 (compatible; SEOkicks-Robot; +http://www.seokicks.de/robot.html)"
176.14.200.208 - - [11/Jun/2017:03:54:50 +0200] "GET /search.php HTTP/1.1" 200 2027 "http://yandex.ru/clck/jsredir?from=yandex.ru%3Bsearch%3Bweb%3B%3B&text=&etext=1448.tSQToBEGOOjc-pUw0_ShOIAFvxJRmdi6zR9f7LJR2LrFXUicSbC-WZFNwf5zuUE9.a6d5ce2f440867431ef3bc97f7353ff0fad67cd8&uuid=&state=_BLhILn4SxNIvvL0W45KSic66uCIg23qh8iRG98qeIXmeppkgUc0YGv9iZwKiy-E54GYiollMFA&data=UlNrNmk5WktYejR0eWJFYk1Ldmtxb1l1RXpOMFBlbUJZSF9LZnpSZ1JYbjFNb0VEYVRoZU1rNEs0aXI5YVE3dnJ5d0VhbjQ1U25iZXZiQ21YdFAwWl9QdVA1WWw4SUw5YWJqeVNaWHBMNXB2R1l1Q0hRQnh4Zw&b64e=2&sign=6398c71ef30063f105d0e7fa9197b1a1&keyno=0&cst=AiuY0DBWFJ7IXge4WdYJQe3IrxbPWIv4HrIIuD7ohyE3aSFHlXxksjT9gG_EqRg802kuVXGW1EzK7TIPFPNOrSpMj4hyxHcWobMfs0kO9BcrbqGrc3dF80kUN-ys4X4S0ODwRt4bhBydJNirTz0IE4VfrelE5Own&ref=orjY4mGPRjk5boDnW0uvlrrd71vZw9kp5uQozpMtKCXEfKO1imoOE6EA4rQVTiiQvMuZmr2HPAisrUb9cskkuhFrKpzXu8Lnhxj8VD7lmjdjpI1aVftubq1GVbSFmaUo&l10n=ru&cts=1497144934301&mc=2.34029555454" "Mozilla/4.0 (compatible; MSIE 8.0; Windows NT 6.1; Trident/4.0; SLCC2; .NET CLR 2.0.50727; .NET CLR 3.5.30729; .NET CLR 3.0.30729)"
176.14.200.208 - - [11/Jun/2017:03:54:50 +0200] "GET /main.css HTTP/1.1" 200 1439 "http://www.morusverlag.de/search.php" "Mozilla/4.0 (compatible; MSIE 8.0; Windows NT 6.1; Trident/4.0; SLCC2; .NET CLR 2.0.50727; .NET CLR 3.5.30729; .NET CLR 3.0.30729)"
5.101.78.76 - - [11/Jun/2017:03:56:40 +0200] "HEAD / HTTP/1.1" 200 - "http://remkompov.ru/remont-kompyuterov-v-petrovskom.htm" "Mozilla/2.0 (compatible; MSIE7.00; Windows 2004)"
188.227.18.37 - - [11/Jun/2017:03:56:41 +0200] "HEAD / HTTP/1.1" 200 - "https://boathiremalta.com/progulka-na-katere-ili-yahte/" "Mozilla/3.0 (compatible; MSIE2.00; Windows 2003)"
77.220.213.173 - - [11/Jun/2017:04:00:59 +0200] "HEAD / HTTP/1.1" 200 - "http://doctut.ru/kliniki/gorodskie-bolnitsy" "Mozilla/8.0 (compatible; MSIE5.00; Windows 2005)"
178.159.39.237 - - [11/Jun/2017:04:00:59 +0200] "HEAD / HTTP/1.1" 200 - "http://twitchmaster.ru/static/about" "Mozilla/4.0 (compatible; MSIE2.00; Windows 2003)"
185.154.13.6 - - [11/Jun/2017:04:00:59 +0200] "HEAD / HTTP/1.1" 200 - "https://stolshop.com/zhurnalnyie-stolyi-transformeryi" "Mozilla/3.0 (compatible; MSIE6.00; Windows 2003)"
178.159.43.212 - - [11/Jun/2017:04:10:42 +0200] "HEAD / HTTP/1.1" 200 - "http://obivka.moscow/uslugi/poshiv-chehlov" "Mozilla/5.0 (compatible; MSIE4.00; Windows 2007)"
40.77.167.40 - - [11/Jun/2017:04:55:46 +0200] "GET / HTTP/1.1" 200 9360 "-" "Mozilla/5.0 (compatible; bingbot/2.0; +http://www.bing.com/bingbot.htm)"
193.1.218.163 - - [11/Jun/2017:04:56:19 +0200] "HEAD / HTTP/1.1" 200 - "-" "Java/1.6.0_23"
5.255.251.7 - - [11/Jun/2017:05:16:17 +0200] "GET /buecher/gesichter/15.jpg HTTP/1.1" 200 7253 "-" "Mozilla/5.0 (compatible; YandexImages/3.0; +http://yandex.com/bots)"
5.255.251.7 - - [11/Jun/2017:05:22:16 +0200] "GET /buecher/gesichter/12.jpg HTTP/1.1" 304 - "-" "Mozilla/5.0 (compatible; YandexImages/3.0; +http://yandex.com/bots)"
5.255.251.7 - - [11/Jun/2017:05:22:31 +0200] "GET /sonderthemen/mv.gif HTTP/1.1" 304 - "-" "Mozilla/5.0 (compatible; YandexImages/3.0; +http://yandex.com/bots)"
40.77.167.40 - - [11/Jun/2017:05:44:10 +0200] "GET /buecher/index.html HTTP/1.1" 200 25885 "-" "Mozilla/5.0 (iPhone; CPU iPhone OS 7_0 like Mac OS X) AppleWebKit/537.51.1 (KHTML, like Gecko) Version/7.0 Mobile/11A465 Safari/9537.53 (compatible; bingbot/2.0; +http://www.bing.com/bingbot.htm)"
207.46.13.72 - - [11/Jun/2017:05:47:41 +0200] "GET /buecher/gesichter.jpg HTTP/1.1" 200 7271 "-" "Mozilla/5.0 (iPhone; CPU iPhone OS 7_0 like Mac OS X) AppleWebKit/537.51.1 (KHTML, like Gecko) Version/7.0 Mobile/11A465 Safari/9537.53 (compatible; bingbot/2.0; +http://www.bing.com/bingbot.htm)"
40.77.167.40 - - [11/Jun/2017:05:47:46 +0200] "GET /contentflow/contentflow.js HTTP/1.1" 200 42064 "-" "Mozilla/5.0 (iPhone; CPU iPhone OS 7_0 like Mac OS X) AppleWebKit/537.51.1 (KHTML, like Gecko) Version/7.0 Mobile/11A465 Safari/9537.53 (compatible; bingbot/2.0; +http://www.bing.com/bingbot.htm)"
207.46.13.64 - - [11/Jun/2017:05:48:25 +0200] "GET /m.gif HTTP/1.1" 200 95 "-" "Mozilla/5.0 (iPhone; CPU iPhone OS 7_0 like Mac OS X) AppleWebKit/537.51.1 (KHTML, like Gecko) Version/7.0 Mobile/11A465 Safari/9537.53 (compatible; bingbot/2.0; +http://www.bing.com/bingbot.htm)"
5.9.145.132 - - [11/Jun/2017:05:57:44 +0200] "GET /sonderthemen/oeaz2001.pdf HTTP/1.1" 200 4496626 "-" "Mozilla/5.0 (Macintosh; Intel Mac OS X 10_8) AppleWebKit/536.25 (KHTML, like Gecko) Version/6.0 Safari/536.25"
5.9.106.81 - - [11/Jun/2017:06:35:55 +0200] "GET /sonderthemen/az2000.pdf HTTP/1.1" 200 2253581 "-" "Mozilla/5.0 (Windows NT 5.1) AppleWebKit/537.31 (KHTML, like Gecko) Chrome/26.0.1410.43 Safari/537.31"
105.156.173.170 - - [11/Jun/2017:06:37:40 +0200] "GET /wp-login.php HTTP/1.1" 404 2381 "-" "Mozilla/5.0 (Windows NT 6.1; WOW64; rv:40.0) Gecko/20100101 Firefox/40.1"
105.156.173.170 - - [11/Jun/2017:06:37:40 +0200] "GET / HTTP/1.1" 200 9360 "-" "Mozilla/5.0 (Windows NT 6.1; WOW64; rv:40.0) Gecko/20100101 Firefox/40.1"
93.79.53.107 - - [11/Jun/2017:06:37:42 +0200] "GET /wp-login.php HTTP/1.1" 404 2381 "-" "Mozilla/5.0 (Windows NT 6.1; WOW64; rv:40.0) Gecko/20100101 Firefox/40.1"
85.25.210.41 - - [11/Jun/2017:06:42:35 +0200] "GET /robots.txt HTTP/1.1" 200 100 "-" "Mozilla/5.0 (compatible; seoscanners.net/1; +spider@seoscanners.net)"
85.25.210.41 - - [11/Jun/2017:06:42:35 +0200] "GET /jahrbuch/titelseiten/1976.jpg HTTP/1.1" 200 8435 "-" "Mozilla/5.0 (compatible; seoscanners.net/1; +spider@seoscanners.net)"
78.46.156.169 - - [11/Jun/2017:06:55:42 +0200] "GET /sonderthemen/oekt_extra1.pdf HTTP/1.1" 200 1849015 "-" "Mozilla/5.0 (compatible; Windows; U; Windows NT 6.2; WOW64; en-US; rv:12.0) Gecko/20120403211507 Firefox/12.0"
195.133.48.150 - - [11/Jun/2017:07:08:09 +0200] "HEAD / HTTP/1.1" 200 - "https://carivka.com.ua/articles/13-kak-vybrat-restoran-dlya-svadby.html" "Mozilla/5.0 (compatible; MSIE4.00; Windows 2006)"
195.133.145.199 - - [11/Jun/2017:07:08:10 +0200] "HEAD / HTTP/1.1" 200 - "https://pamjatnik.com.ua/decorative-productsia/granite-balls" "Mozilla/7.0 (compatible; MSIE2.00; Windows 2004)"
195.133.147.89 - - [11/Jun/2017:07:09:32 +0200] "HEAD / HTTP/1.1" 200 - "http://buckshee.petimer.ru/novosti-dnya/" "Mozilla/2.0 (compatible; MSIE5.00; Windows 2007)"
195.133.147.74 - - [11/Jun/2017:07:09:35 +0200] "HEAD / HTTP/1.1" 200 - "http://www.mebelandia.com" "Mozilla/2.0 (compatible; MSIE3.00; Windows 2003)"
194.87.238.17 - - [11/Jun/2017:07:09:52 +0200] "HEAD / HTTP/1.1" 200 - "http://smt4.ru/list-mednyj.html" "Mozilla/6.0 (compatible; MSIE5.00; Windows 2006)"
194.67.210.77 - - [11/Jun/2017:07:13:14 +0200] "HEAD / HTTP/1.1" 200 - "https://schwingen.net/%d0%bf%d0%be%d0%b4%d0%bf%d0%b8%d1%81%d0%b0%d1%82%d1%8c%d1%81%d1%8f-%d0%bd%d0%b0-%d0%ba%d1%80%d1%8b%d0%bb%d1%8c%d1%8f/" "Mozilla/5.0 (compatible; MSIE4.00; Windows 2004)"
185.125.219.134 - - [11/Jun/2017:07:13:21 +0200] "HEAD / HTTP/1.1" 200 - "http://www.westcomp.ru/catalog/sistemy_khraneniya_fibre_channel_/" "Mozilla/3.0 (compatible; MSIE4.00; Windows 2009)"
193.124.190.64 - - [11/Jun/2017:07:14:00 +0200] "HEAD / HTTP/1.1" 200 - "http://www.bitrd.ru/operativnyj-zhurnal-kontrolya-raboty-vytyazhnyx-i-pritochnyx-ventustanovok/" "Mozilla/3.0 (compatible; MSIE2.00; Windows 2004)"
185.5.249.185 - - [11/Jun/2017:07:15:42 +0200] "HEAD / HTTP/1.1" 200 - "https://americanbubblewall.com/a-bubble-panel/" "Mozilla/5.0 (compatible; MSIE4.00; Windows 2004)"
193.124.131.168 - - [11/Jun/2017:07:15:53 +0200] "HEAD / HTTP/1.1" 200 - "http://yandextaxispb.ru/uber-i-yandeks-taksi-uzhe-v-blizhajshem-budushhem-smogut-sobirat-nalogi-s-voditelej/" "Mozilla/2.0 (compatible; MSIE7.00; Windows 2004)"
194.87.234.246 - - [11/Jun/2017:07:17:23 +0200] "HEAD / HTTP/1.1" 200 - "https://www.pamyatniki-in-kiev.com.ua/uslugi/proektirovanie-pamyatnikov.html" "Mozilla/5.0 (compatible; MSIE4.00; Windows 2005)"
5.9.145.132 - - [11/Jun/2017:07:19:19 +0200] "GET /buecher/index.html HTTP/1.1" 200 25885 "-" "Mozilla/5.0 (Windows NT 5.1; rv:21.0) Gecko/20130331 Firefox/21.0"
78.46.156.169 - - [11/Jun/2017:07:26:06 +0200] "GET /sonderthemen/sk2000.pdf HTTP/1.1" 200 2925489 "-" "Mozilla/5.0 (X11; Ubuntu; Linux i686; rv:14.0) Gecko/20100101 Firefox/14.0.1"
195.133.147.6 - - [11/Jun/2017:07:35:30 +0200] "HEAD / HTTP/1.1" 200 - "https://pool-pond.com.ua/plavatelnye-bassejny/uslugi-dlya-bassejnov/montazh-truboprovodov-i-oborudovaniya-dlya-bassejnov.html" "Mozilla/8.0 (compatible; MSIE3.00; Windows 2005)"
66.249.64.85 - - [11/Jun/2017:07:36:42 +0200] "GET /sonderthemen/akademieprogramm/ HTTP/1.1" 404 2381 "-" "Mozilla/5.0 (Linux; Android 6.0.1; Nexus 5X Build/MMB29P) AppleWebKit/537.36 (KHTML, like Gecko) Chrome/41.0.2272.96 Mobile Safari/537.36 (compatible; Googlebot/2.1; +http://www.google.com/bot.html)"
5.101.78.76 - - [11/Jun/2017:07:36:43 +0200] "HEAD / HTTP/1.1" 200 - "http://remkompov.ru/remont-noutbukov-novo-peredelkino.htm" "Mozilla/5.0 (compatible; MSIE2.00; Windows 2009)"
5.255.251.7 - - [11/Jun/2017:07:37:00 +0200] "GET /buecher/gesichter/02.jpg HTTP/1.1" 304 - "-" "Mozilla/5.0 (compatible; YandexImages/3.0; +http://yandex.com/bots)"
188.227.18.37 - - [11/Jun/2017:07:37:10 +0200] "HEAD / HTTP/1.1" 200 - "https://boathiremalta.com/otdyh-na-malte-s-detmi/" "Mozilla/4.0 (compatible; MSIE4.00; Windows 2004)"
157.55.39.69 - - [11/Jun/2017:07:43:51 +0200] "GET /buecher/diskussion.html HTTP/1.1" 200 9925 "-" "Mozilla/5.0 (iPhone; CPU iPhone OS 7_0 like Mac OS X) AppleWebKit/537.51.1 (KHTML, like Gecko) Version/7.0 Mobile/11A465 Safari/9537.53 (compatible; bingbot/2.0; +http://www.bing.com/bingbot.htm)"
46.165.197.141 - - [11/Jun/2017:08:01:26 +0200] "GET /robots.txt HTTP/1.1" 200 100 "-" "Mozilla/5.0 (compatible; MJ12bot/v1.4.8; http://mj12bot.com/)"
46.165.197.141 - - [11/Jun/2017:08:01:28 +0200] "GET / HTTP/1.1" 200 9360 "-" "Mozilla/5.0 (compatible; MJ12bot/v1.4.8; http://mj12bot.com/)"
185.154.13.6 - - [11/Jun/2017:08:09:18 +0200] "HEAD / HTTP/1.1" 200 - "https://stolshop.com/obedennyie-stolyi-transformeryi" "Mozilla/7.0 (compatible; MSIE3.00; Windows 2009)"
178.159.39.237 - - [11/Jun/2017:08:09:19 +0200] "HEAD / HTTP/1.1" 200 - "http://twitchmaster.ru/static/contest-results" "Mozilla/4.0 (compatible; MSIE7.00; Windows 2003)"
77.220.213.173 - - [11/Jun/2017:08:09:25 +0200] "HEAD / HTTP/1.1" 200 - "http://doctut.ru/pulmonolog" "Mozilla/7.0 (compatible; MSIE6.00; Windows 2005)"
66.249.64.85 - - [11/Jun/2017:08:15:30 +0200] "GET /buecher/rezensionen.html HTTP/1.1" 200 6964 "-" "Mozilla/5.0 (Linux; Android 6.0.1; Nexus 5X Build/MMB29P) AppleWebKit/537.36 (KHTML, like Gecko) Chrome/41.0.2272.96 Mobile Safari/537.36 (compatible; Googlebot/2.1; +http://www.google.com/bot.html)"
178.159.43.212 - - [11/Jun/2017:08:31:56 +0200] "HEAD / HTTP/1.1" 200 - "http://obivka.moscow/" "Mozilla/8.0 (compatible; MSIE3.00; Windows 2005)"
157.55.39.69 - - [11/Jun/2017:08:41:30 +0200] "GET /buecher/rezensionen_chateaubriand.html HTTP/1.1" 200 47317 "-" "Mozilla/5.0 (compatible; bingbot/2.0; +http://www.bing.com/bingbot.htm)"
188.165.61.125 - - [11/Jun/2017:08:42:49 +0200] "GET / HTTP/1.1" 200 9360 "http://www.morusverlag.de" "-"
68.180.229.216 - - [11/Jun/2017:08:51:10 +0200] "GET /buecher/rezensionen_psalmen.html HTTP/1.1" 304 - "-" "Mozilla/5.0 (compatible; Yahoo! Slurp; http://help.yahoo.com/help/us/ysearch/slurp)"
131.253.25.191 - - [11/Jun/2017:08:54:20 +0200] "GET /main.css HTTP/1.1" 200 1439 "http://www.morusverlag.de/buecher/diskussion.html" "Mozilla/5.0 (iPhone; CPU iPhone OS 7_0 like Mac OS X) AppleWebKit/537.51.1 (KHTML, like Gecko) Version/7.0 Mobile/11A465 Safari/9537.53 BingPreview/1.0b"
51.255.71.128 - - [11/Jun/2017:09:02:38 +0200] "GET /buecher/rezensionen_leiblichkeit_und_zeitlichkeit.html HTTP/1.1" 200 8821 "-" "Mozilla/5.0 (compatible; AhrefsBot/5.2; +http://ahrefs.com/robot/)"
5.196.87.47 - - [11/Jun/2017:09:02:58 +0200] "GET /robots.txt HTTP/1.1" 200 100 "-" "Mozilla/5.0 (compatible; AhrefsBot/5.2; +http://ahrefs.com/robot/)"
188.165.61.125 - - [11/Jun/2017:09:13:25 +0200] "GET /buecher/veroeffentlichungsliste.html HTTP/1.1" 200 129779 "http://www.morusverlag.de/buecher/veroeffentlichungsliste.html" "-"
188.165.61.125 - - [11/Jun/2017:09:36:58 +0200] "GET /buecher/index.html HTTP/1.1" 200 25885 "http://www.morusverlag.de/buecher/index.html" "-"
85.25.202.18 - - [11/Jun/2017:10:02:21 +0200] "GET / HTTP/1.1" 200 9360 "http://www.sumaja.de/?such_wert=verlag" "Mozilla/4.0 (compatible; MSIE 8.0; Windows NT 6.0; Trident/4.0; GTB0.0; SLCC1; .NET CLR 2.0.50727; Media Center PC 5.0; .NET CLR 3.5.30729; .NET CLR 3.0.30729; .NET4.0C)"
5.9.106.81 - - [11/Jun/2017:10:21:22 +0200] "GET /sonderthemen/sk2000.pdf HTTP/1.1" 200 2925489 "-" "Mozilla/5.0 (Windows; U; Windows NT 6.1; en-US) AppleWebKit/533.19.4 (KHTML, like Gecko) Version/5.0.2 Safari/533.18.5"
157.55.39.69 - - [11/Jun/2017:10:34:40 +0200] "GET /buecher/rezensionen_ignatius.html HTTP/1.1" 304 - "-" "Mozilla/5.0 (compatible; bingbot/2.0; +http://www.bing.com/bingbot.htm)"
194.67.210.77 - - [11/Jun/2017:10:45:42 +0200] "HEAD / HTTP/1.1" 200 - "https://schwingen.net/" "Mozilla/4.0 (compatible; MSIE6.00; Windows 2005)"
185.125.219.134 - - [11/Jun/2017:10:45:42 +0200] "HEAD / HTTP/1.1" 200 - "http://www.westcomp.ru/catalog/servernye_komplektuyushchie_raid_kontrollery_kabeli/" "Mozilla/4.0 (compatible; MSIE4.00; Windows 2005)"
193.124.190.64 - - [11/Jun/2017:10:45:42 +0200] "HEAD / HTTP/1.1" 200 - "http://www.bitrd.ru/attestatsiya-spetsialistov-svarochnogo-proizvodstva-naks/" "Mozilla/4.0 (compatible; MSIE6.00; Windows 2004)"
195.133.48.150 - - [11/Jun/2017:10:45:43 +0200] "HEAD / HTTP/1.1" 200 - "https://carivka.com.ua/corporative/kalendarnye-prazdniki/den-svyatogo-valentina.html" "Mozilla/5.0 (compatible; MSIE3.00; Windows 2003)"
195.133.145.199 - - [11/Jun/2017:10:45:43 +0200] "HEAD / HTTP/1.1" 200 - "https://pamjatnik.com.ua/building-production/borders" "Mozilla/8.0 (compatible; MSIE4.00; Windows 2002)"
195.133.147.89 - - [11/Jun/2017:10:45:43 +0200] "HEAD / HTTP/1.1" 200 - "http://buckshee.petimer.ru/novosti-dnya/" "Mozilla/5.0 (compatible; MSIE7.00; Windows 2004)"
195.133.147.74 - - [11/Jun/2017:10:45:43 +0200] "HEAD / HTTP/1.1" 200 - "http://www.mebelandia.com/obedennie-gruppi.html" "Mozilla/5.0 (compatible; MSIE2.00; Windows 2008)"
194.87.238.17 - - [11/Jun/2017:10:45:54 +0200] "HEAD / HTTP/1.1" 200 - "http://smt4.ru/setka-bronzovaya.html" "Mozilla/6.0 (compatible; MSIE2.00; Windows 2008)"
185.5.249.185 - - [11/Jun/2017:10:48:59 +0200] "HEAD / HTTP/1.1" 200 - "https://americanbubblewall.com/bubble-wall-diy/" "Mozilla/5.0 (compatible; MSIE5.00; Windows 2005)"
109.40.2.97 - - [11/Jun/2017:10:50:42 +0200] "GET /cds/hymnos_akathistos.html HTTP/1.1" 200 11061 "https://www.google.de/" "Mozilla/5.0 (Linux; Android 7.0; E5823 Build/32.3.A.2.33) AppleWebKit/537.36 (KHTML, like Gecko) Chrome/58.0.3029.83 Mobile Safari/537.36"
109.40.2.97 - - [11/Jun/2017:10:50:43 +0200] "GET /main.css HTTP/1.1" 200 1439 "http://www.morusverlag.de/cds/hymnos_akathistos.html" "Mozilla/5.0 (Linux; Android 7.0; E5823 Build/32.3.A.2.33) AppleWebKit/537.36 (KHTML, like Gecko) Chrome/58.0.3029.83 Mobile Safari/537.36"
109.40.2.97 - - [11/Jun/2017:10:50:43 +0200] "GET /logo_g.gif HTTP/1.1" 200 1301 "http://www.morusverlag.de/cds/hymnos_akathistos.html" "Mozilla/5.0 (Linux; Android 7.0; E5823 Build/32.3.A.2.33) AppleWebKit/537.36 (KHTML, like Gecko) Chrome/58.0.3029.83 Mobile Safari/537.36"
109.40.2.97 - - [11/Jun/2017:10:50:43 +0200] "GET /strich.gif HTTP/1.1" 200 45 "http://www.morusverlag.de/cds/hymnos_akathistos.html" "Mozilla/5.0 (Linux; Android 7.0; E5823 Build/32.3.A.2.33) AppleWebKit/537.36 (KHTML, like Gecko) Chrome/58.0.3029.83 Mobile Safari/537.36"
109.40.2.97 - - [11/Jun/2017:10:50:43 +0200] "GET /pf.gif HTTP/1.1" 200 62 "http://www.morusverlag.de/cds/hymnos_akathistos.html" "Mozilla/5.0 (Linux; Android 7.0; E5823 Build/32.3.A.2.33) AppleWebKit/537.36 (KHTML, like Gecko) Chrome/58.0.3029.83 Mobile Safari/537.36"
109.40.2.97 - - [11/Jun/2017:10:50:43 +0200] "GET /mv_g.gif HTTP/1.1" 200 4070 "http://www.morusverlag.de/cds/hymnos_akathistos.html" "Mozilla/5.0 (Linux; Android 7.0; E5823 Build/32.3.A.2.33) AppleWebKit/537.36 (KHTML, like Gecko) Chrome/58.0.3029.83 Mobile Safari/537.36"
109.40.2.97 - - [11/Jun/2017:10:50:44 +0200] "GET /m.gif HTTP/1.1" 200 95 "http://www.morusverlag.de/cds/hymnos_akathistos.html" "Mozilla/5.0 (Linux; Android 7.0; E5823 Build/32.3.A.2.33) AppleWebKit/537.36 (KHTML, like Gecko) Chrome/58.0.3029.83 Mobile Safari/537.36"
109.40.2.97 - - [11/Jun/2017:10:50:44 +0200] "GET /cds/hymnos.jpg HTTP/1.1" 200 27752 "http://www.morusverlag.de/cds/hymnos_akathistos.html" "Mozilla/5.0 (Linux; Android 7.0; E5823 Build/32.3.A.2.33) AppleWebKit/537.36 (KHTML, like Gecko) Chrome/58.0.3029.83 Mobile Safari/537.36"
109.40.2.97 - - [11/Jun/2017:10:50:44 +0200] "GET /cds/hymnos_heft.jpg HTTP/1.1" 200 8653 "http://www.morusverlag.de/cds/hymnos_akathistos.html" "Mozilla/5.0 (Linux; Android 7.0; E5823 Build/32.3.A.2.33) AppleWebKit/537.36 (KHTML, like Gecko) Chrome/58.0.3029.83 Mobile Safari/537.36"
109.40.2.97 - - [11/Jun/2017:10:50:52 +0200] "GET /favicon.ico HTTP/1.1" 200 4286 "http://www.morusverlag.de/cds/hymnos_akathistos.html" "Mozilla/5.0 (Linux; Android 7.0; E5823 Build/32.3.A.2.33) AppleWebKit/537.36 (KHTML, like Gecko) Chrome/58.0.3029.83 Mobile Safari/537.36"
193.124.131.168 - - [11/Jun/2017:10:52:45 +0200] "HEAD / HTTP/1.1" 200 - "http://yandextaxispb.ru/" "Mozilla/7.0 (compatible; MSIE5.00; Windows 2005)"
194.87.234.246 - - [11/Jun/2017:11:01:22 +0200] "HEAD / HTTP/1.1" 200 - "https://www.pamyatniki-in-kiev.com.ua/kak-zakazat/dostavka-i-oplata.html" "Mozilla/5.0 (compatible; MSIE7.00; Windows 2008)"
5.101.78.76 - - [11/Jun/2017:11:20:31 +0200] "HEAD / HTTP/1.1" 200 - "http://remkompov.ru/remont-noutbukov-solncevo.htm" "Mozilla/7.0 (compatible; MSIE7.00; Windows 2009)"
188.227.18.37 - - [11/Jun/2017:11:20:31 +0200] "HEAD / HTTP/1.1" 200 - "https://boathiremalta.com/diving-education-in-malta/" "Mozilla/5.0 (compatible; MSIE7.00; Windows 2009)"
195.133.147.6 - - [11/Jun/2017:11:29:14 +0200] "HEAD / HTTP/1.1" 200 - "https://pool-pond.com.ua/plavatelnye-bassejny/oborudovanie-dlya-bassejnov/sistema-filtratsii.html" "Mozilla/2.0 (compatible; MSIE7.00; Windows 2004)"
5.9.112.6 - - [11/Jun/2017:12:16:09 +0200] "GET /sonderthemen/oekt_extra2.pdf HTTP/1.1" 200 1939949 "-" "Mozilla/5.0 (Windows NT 6.2; rv:16.0) Gecko/20100101 Firefox/16.0"
77.220.213.173 - - [11/Jun/2017:12:17:26 +0200] "HEAD / HTTP/1.1" 200 - "http://doctut.ru/flebologi" "Mozilla/4.0 (compatible; MSIE7.00; Windows 2002)"
185.154.13.6 - - [11/Jun/2017:12:17:26 +0200] "HEAD / HTTP/1.1" 200 - "https://stolshop.com/gallery" "Mozilla/2.0 (compatible; MSIE4.00; Windows 2008)"
178.159.39.237 - - [11/Jun/2017:12:17:26 +0200] "HEAD / HTTP/1.1" 200 - "http://twitchmaster.ru/rating" "Mozilla/3.0 (compatible; MSIE4.00; Windows 2009)"
178.159.43.212 - - [11/Jun/2017:12:41:08 +0200] "HEAD / HTTP/1.1" 200 - "http://obivka.moscow/" "Mozilla/3.0 (compatible; MSIE5.00; Windows 2002)"
66.249.64.85 - - [11/Jun/2017:12:46:06 +0200] "GET /sonderthemen/oekz2003.pdf HTTP/1.1" 304 - "-" "Mozilla/5.0 (compatible; Googlebot/2.1; +http://www.google.com/bot.html)"
136.243.17.161 - - [11/Jun/2017:13:05:01 +0200] "GET /sonderthemen/oekt_extra2.pdf HTTP/1.1" 200 1939949 "-" "Mozilla/5.0 (Windows NT 6.1; U;WOW64; de;rv:11.0) Gecko Firefox/11.0"
5.9.17.118 - - [11/Jun/2017:13:13:57 +0200] "GET /sonderthemen/az1999.pdf HTTP/1.1" 200 1842982 "-" "Mozilla/5.0 (Windows NT 6.1; WOW64; rv:21.0) Gecko/20130401 Firefox/21.0"
88.99.27.172 - - [11/Jun/2017:13:13:56 +0200] "GET /sonderthemen/sk2002.pdf HTTP/1.1" 200 2628923 "-" "Mozilla/5.0 (X11; Ubuntu; Linux armv7l; rv:17.0) Gecko/20100101 Firefox/17.0"
78.46.156.169 - - [11/Jun/2017:13:13:56 +0200] "GET /sonderthemen/oekz2003.pdf HTTP/1.1" 200 4017017 "-" "Mozilla/5.0 (Windows; U; Windows NT 6.1; WOW64; en-US; rv:2.0.4) Gecko/20120718 AskTbAVR-IDW/3.12.5.17700 Firefox/14.0.1"
5.9.17.118 - - [11/Jun/2017:13:51:36 +0200] "GET /sonderthemen/oekz2003_s01.pdf HTTP/1.1" 200 66807 "-" "Mozilla/5.0 (Windows NT 6.1; rv:6.0) Gecko/20100101 Firefox/19.0"
5.9.106.81 - - [11/Jun/2017:13:51:36 +0200] "GET /sonderthemen/oekz2003.pdf HTTP/1.1" 200 4017017 "-" "Mozilla/5.0 (Windows NT 5.1) AppleWebKit/537.36 (KHTML, like Gecko) Chrome/27.0.1453.94 Safari/537.36"
5.9.145.132 - - [11/Jun/2017:13:54:04 +0200] "GET /buecher/ HTTP/1.1" 200 25885 "-" "Mozilla/5.0 (Windows NT 6.1; WOW64; rv:21.0) Gecko/20130331 Firefox/21.0"
5.9.112.6 - - [11/Jun/2017:13:54:04 +0200] "GET /buecher/index.html HTTP/1.1" 200 25885 "-" "Mozilla/5.0 (Windows; U; Windows NT 6.1; en-US) AppleWebKit/533.19.4 (KHTML, like Gecko) Version/5.0.2 Safari/533.18.5"
66.249.64.85 - - [11/Jun/2017:14:17:15 +0200] "GET /impressum.html HTTP/1.1" 304 - "-" "Mozilla/5.0 (compatible; Googlebot/2.1; +http://www.google.com/bot.html)"
180.76.15.144 - - [11/Jun/2017:14:21:56 +0200] "GET /buecher/rezension_gesichter_u_geschichten.pdf HTTP/1.1" 200 223287 "-" "Mozilla/5.0 (compatible; Baiduspider/2.0; +http://www.baidu.com/search/spider.html)"
92.230.135.66 - - [11/Jun/2017:14:53:46 +0200] "GET / HTTP/1.1" 200 9360 "http://www.christliche-buchhandlungen.de/plz-1.php" "Mozilla/5.0 (Windows NT 6.3; WOW64; rv:53.0) Gecko/20100101 Firefox/53.0"
92.230.135.66 - - [11/Jun/2017:14:53:46 +0200] "GET /main.css HTTP/1.1" 200 1439 "http://www.morusverlag.de/" "Mozilla/5.0 (Windows NT 6.3; WOW64; rv:53.0) Gecko/20100101 Firefox/53.0"
92.230.135.66 - - [11/Jun/2017:14:53:46 +0200] "GET /logo_g.gif HTTP/1.1" 200 1301 "http://www.morusverlag.de/" "Mozilla/5.0 (Windows NT 6.3; WOW64; rv:53.0) Gecko/20100101 Firefox/53.0"
92.230.135.66 - - [11/Jun/2017:14:53:46 +0200] "GET /mv_g.gif HTTP/1.1" 200 4070 "http://www.morusverlag.de/" "Mozilla/5.0 (Windows NT 6.3; WOW64; rv:53.0) Gecko/20100101 Firefox/53.0"
92.230.135.66 - - [11/Jun/2017:14:53:46 +0200] "GET /mv_gr_w.gif HTTP/1.1" 200 2005 "http://www.morusverlag.de/" "Mozilla/5.0 (Windows NT 6.3; WOW64; rv:53.0) Gecko/20100101 Firefox/53.0"
92.230.135.66 - - [11/Jun/2017:14:53:46 +0200] "GET /pf.gif HTTP/1.1" 200 62 "http://www.morusverlag.de/" "Mozilla/5.0 (Windows NT 6.3; WOW64; rv:53.0) Gecko/20100101 Firefox/53.0"
92.230.135.66 - - [11/Jun/2017:14:53:46 +0200] "GET /buecher/gesichter.jpg HTTP/1.1" 200 7271 "http://www.morusverlag.de/" "Mozilla/5.0 (Windows NT 6.3; WOW64; rv:53.0) Gecko/20100101 Firefox/53.0"
92.230.135.66 - - [11/Jun/2017:14:53:46 +0200] "GET /jahrbuch_k.jpg HTTP/1.1" 200 3719 "http://www.morusverlag.de/" "Mozilla/5.0 (Windows NT 6.3; WOW64; rv:53.0) Gecko/20100101 Firefox/53.0"
92.230.135.66 - - [11/Jun/2017:14:53:47 +0200] "GET /cds/rosarium_k.jpg HTTP/1.1" 200 3972 "http://www.morusverlag.de/" "Mozilla/5.0 (Windows NT 6.3; WOW64; rv:53.0) Gecko/20100101 Firefox/53.0"
92.230.135.66 - - [11/Jun/2017:14:53:47 +0200] "GET /cds/hymnos_k.jpg HTTP/1.1" 200 4986 "http://www.morusverlag.de/" "Mozilla/5.0 (Windows NT 6.3; WOW64; rv:53.0) Gecko/20100101 Firefox/53.0"
92.230.135.66 - - [11/Jun/2017:14:53:47 +0200] "GET /cds/ignatius_k.jpg HTTP/1.1" 200 3965 "http://www.morusverlag.de/" "Mozilla/5.0 (Windows NT 6.3; WOW64; rv:53.0) Gecko/20100101 Firefox/53.0"
92.230.135.66 - - [11/Jun/2017:14:53:47 +0200] "GET /cds/astazi_k.jpg HTTP/1.1" 200 6049 "http://www.morusverlag.de/" "Mozilla/5.0 (Windows NT 6.3; WOW64; rv:53.0) Gecko/20100101 Firefox/53.0"
92.230.135.66 - - [11/Jun/2017:14:53:47 +0200] "GET /gotteslob.jpg HTTP/1.1" 200 9390 "http://www.morusverlag.de/" "Mozilla/5.0 (Windows NT 6.3; WOW64; rv:53.0) Gecko/20100101 Firefox/53.0"
92.230.135.66 - - [11/Jun/2017:14:53:47 +0200] "GET /strich.gif HTTP/1.1" 200 45 "http://www.morusverlag.de/" "Mozilla/5.0 (Windows NT 6.3; WOW64; rv:53.0) Gecko/20100101 Firefox/53.0"
92.230.135.66 - - [11/Jun/2017:14:53:47 +0200] "GET /buecher/engel.jpg HTTP/1.1" 200 5414 "http://www.morusverlag.de/" "Mozilla/5.0 (Windows NT 6.3; WOW64; rv:53.0) Gecko/20100101 Firefox/53.0"
92.230.135.66 - - [11/Jun/2017:14:53:47 +0200] "GET /buch_k.jpg HTTP/1.1" 200 4591 "http://www.morusverlag.de/" "Mozilla/5.0 (Windows NT 6.3; WOW64; rv:53.0) Gecko/20100101 Firefox/53.0"
92.230.135.66 - - [11/Jun/2017:14:53:47 +0200] "GET /buecher/chateaubriand.jpg HTTP/1.1" 200 2272 "http://www.morusverlag.de/" "Mozilla/5.0 (Windows NT 6.3; WOW64; rv:53.0) Gecko/20100101 Firefox/53.0"
92.230.135.66 - - [11/Jun/2017:14:53:47 +0200] "GET /favicon.ico HTTP/1.1" 200 4286 "-" "Mozilla/5.0 (Windows NT 6.3; WOW64; rv:53.0) Gecko/20100101 Firefox/53.0"
109.192.132.37 - - [11/Jun/2017:14:54:02 +0200] "GET / HTTP/1.1" 200 9360 "https://www.google.de/" "Mozilla/5.0 (Windows NT 10.0; WOW64; rv:53.0) Gecko/20100101 Firefox/53.0"
109.192.132.37 - - [11/Jun/2017:14:54:03 +0200] "GET /main.css HTTP/1.1" 200 1439 "http://www.morusverlag.de/" "Mozilla/5.0 (Windows NT 10.0; WOW64; rv:53.0) Gecko/20100101 Firefox/53.0"
109.192.132.37 - - [11/Jun/2017:14:54:03 +0200] "GET /logo_g.gif HTTP/1.1" 200 1301 "http://www.morusverlag.de/" "Mozilla/5.0 (Windows NT 10.0; WOW64; rv:53.0) Gecko/20100101 Firefox/53.0"
109.192.132.37 - - [11/Jun/2017:14:54:03 +0200] "GET /mv_g.gif HTTP/1.1" 200 4070 "http://www.morusverlag.de/" "Mozilla/5.0 (Windows NT 10.0; WOW64; rv:53.0) Gecko/20100101 Firefox/53.0"
109.192.132.37 - - [11/Jun/2017:14:54:03 +0200] "GET /jahrbuch_k.jpg HTTP/1.1" 200 3719 "http://www.morusverlag.de/" "Mozilla/5.0 (Windows NT 10.0; WOW64; rv:53.0) Gecko/20100101 Firefox/53.0"
109.192.132.37 - - [11/Jun/2017:14:54:03 +0200] "GET /pf.gif HTTP/1.1" 200 62 "http://www.morusverlag.de/" "Mozilla/5.0 (Windows NT 10.0; WOW64; rv:53.0) Gecko/20100101 Firefox/53.0"
109.192.132.37 - - [11/Jun/2017:14:54:03 +0200] "GET /mv_gr_w.gif HTTP/1.1" 200 2005 "http://www.morusverlag.de/" "Mozilla/5.0 (Windows NT 10.0; WOW64; rv:53.0) Gecko/20100101 Firefox/53.0"
109.192.132.37 - - [11/Jun/2017:14:54:03 +0200] "GET /buecher/gesichter.jpg HTTP/1.1" 200 7271 "http://www.morusverlag.de/" "Mozilla/5.0 (Windows NT 10.0; WOW64; rv:53.0) Gecko/20100101 Firefox/53.0"
109.192.132.37 - - [11/Jun/2017:14:54:03 +0200] "GET /cds/rosarium_k.jpg HTTP/1.1" 200 3972 "http://www.morusverlag.de/" "Mozilla/5.0 (Windows NT 10.0; WOW64; rv:53.0) Gecko/20100101 Firefox/53.0"
109.192.132.37 - - [11/Jun/2017:14:54:03 +0200] "GET /cds/ignatius_k.jpg HTTP/1.1" 200 3965 "http://www.morusverlag.de/" "Mozilla/5.0 (Windows NT 10.0; WOW64; rv:53.0) Gecko/20100101 Firefox/53.0"
109.192.132.37 - - [11/Jun/2017:14:54:03 +0200] "GET /cds/hymnos_k.jpg HTTP/1.1" 200 4986 "http://www.morusverlag.de/" "Mozilla/5.0 (Windows NT 10.0; WOW64; rv:53.0) Gecko/20100101 Firefox/53.0"
109.192.132.37 - - [11/Jun/2017:14:54:03 +0200] "GET /strich.gif HTTP/1.1" 200 45 "http://www.morusverlag.de/" "Mozilla/5.0 (Windows NT 10.0; WOW64; rv:53.0) Gecko/20100101 Firefox/53.0"
109.192.132.37 - - [11/Jun/2017:14:54:03 +0200] "GET /cds/astazi_k.jpg HTTP/1.1" 200 6049 "http://www.morusverlag.de/" "Mozilla/5.0 (Windows NT 10.0; WOW64; rv:53.0) Gecko/20100101 Firefox/53.0"
109.192.132.37 - - [11/Jun/2017:14:54:03 +0200] "GET /buecher/engel.jpg HTTP/1.1" 200 5414 "http://www.morusverlag.de/" "Mozilla/5.0 (Windows NT 10.0; WOW64; rv:53.0) Gecko/20100101 Firefox/53.0"
109.192.132.37 - - [11/Jun/2017:14:54:03 +0200] "GET /gotteslob.jpg HTTP/1.1" 200 9390 "http://www.morusverlag.de/" "Mozilla/5.0 (Windows NT 10.0; WOW64; rv:53.0) Gecko/20100101 Firefox/53.0"
109.192.132.37 - - [11/Jun/2017:14:54:03 +0200] "GET /buecher/chateaubriand.jpg HTTP/1.1" 200 2272 "http://www.morusverlag.de/" "Mozilla/5.0 (Windows NT 10.0; WOW64; rv:53.0) Gecko/20100101 Firefox/53.0"
109.192.132.37 - - [11/Jun/2017:14:54:03 +0200] "GET /buch_k.jpg HTTP/1.1" 200 4591 "http://www.morusverlag.de/" "Mozilla/5.0 (Windows NT 10.0; WOW64; rv:53.0) Gecko/20100101 Firefox/53.0"
109.192.132.37 - - [11/Jun/2017:14:54:03 +0200] "GET /favicon.ico HTTP/1.1" 200 4286 "-" "Mozilla/5.0 (Windows NT 10.0; WOW64; rv:53.0) Gecko/20100101 Firefox/53.0"
136.243.36.98 - - [11/Jun/2017:15:05:01 +0200] "GET /robots.txt HTTP/1.1" 200 100 "-" "Mozilla/5.0 (compatible; BLEXBot/1.0; +http://webmeup-crawler.com/)"
5.255.251.7 - - [11/Jun/2017:15:05:03 +0200] "GET /robots.txt HTTP/1.1" 200 100 "-" "Mozilla/5.0 (compatible; YandexBot/3.0; +http://yandex.com/bots)"
136.243.36.98 - - [11/Jun/2017:15:05:05 +0200] "GET /sitemap.xml HTTP/1.1" 404 2381 "-" "Mozilla/5.0 (compatible; BLEXBot/1.0; +http://webmeup-crawler.com/)"
5.255.251.7 - - [11/Jun/2017:15:05:07 +0200] "GET /gotteslob/ HTTP/1.1" 200 2770 "-" "Mozilla/5.0 (compatible; YandexBot/3.0; +http://yandex.com/bots)"
136.243.36.98 - - [11/Jun/2017:15:05:09 +0200] "GET / HTTP/1.1" 200 9360 "-" "Mozilla/5.0 (compatible; BLEXBot/1.0; +http://webmeup-crawler.com/)"
136.243.36.98 - - [11/Jun/2017:15:05:32 +0200] "GET /impressum.html HTTP/1.1" 200 2808 "-" "Mozilla/5.0 (compatible; BLEXBot/1.0; +http://webmeup-crawler.com/)"
136.243.36.98 - - [11/Jun/2017:15:05:44 +0200] "GET /buecher/index.html HTTP/1.1" 200 25885 "-" "Mozilla/5.0 (compatible; BLEXBot/1.0; +http://webmeup-crawler.com/)"
136.243.36.98 - - [11/Jun/2017:15:05:57 +0200] "GET /buecher/rezensionen_chateaubriand.html HTTP/1.1" 200 47317 "-" "Mozilla/5.0 (compatible; BLEXBot/1.0; +http://webmeup-crawler.com/)"
136.243.36.98 - - [11/Jun/2017:15:06:09 +0200] "GET /buecher/veroeffentlichungsliste.html HTTP/1.1" 200 129779 "-" "Mozilla/5.0 (compatible; BLEXBot/1.0; +http://webmeup-crawler.com/)"
136.243.36.98 - - [11/Jun/2017:15:06:22 +0200] "GET /cds/hymnos_akathistos.html HTTP/1.1" 200 11061 "-" "Mozilla/5.0 (compatible; BLEXBot/1.0; +http://webmeup-crawler.com/)"
136.243.36.98 - - [11/Jun/2017:15:06:36 +0200] "GET /cds/ignatius.html HTTP/1.1" 200 6576 "-" "Mozilla/5.0 (compatible; BLEXBot/1.0; +http://webmeup-crawler.com/)"
136.243.36.98 - - [11/Jun/2017:15:06:50 +0200] "GET /cds/index.html HTTP/1.1" 200 7987 "-" "Mozilla/5.0 (compatible; BLEXBot/1.0; +http://webmeup-crawler.com/)"
136.243.36.98 - - [11/Jun/2017:15:07:03 +0200] "GET /cds/rosarium.html HTTP/1.1" 200 6680 "-" "Mozilla/5.0 (compatible; BLEXBot/1.0; +http://webmeup-crawler.com/)"
136.243.36.98 - - [11/Jun/2017:15:07:17 +0200] "GET /gotteslob/index.html HTTP/1.1" 200 2770 "-" "Mozilla/5.0 (compatible; BLEXBot/1.0; +http://webmeup-crawler.com/)"
136.243.36.98 - - [11/Jun/2017:15:07:30 +0200] "GET /index.html HTTP/1.1" 200 9360 "-" "Mozilla/5.0 (compatible; BLEXBot/1.0; +http://webmeup-crawler.com/)"
136.243.36.98 - - [11/Jun/2017:15:07:50 +0200] "GET /jahrbuch/bestellung.php HTTP/1.1" 200 10316 "-" "Mozilla/5.0 (compatible; BLEXBot/1.0; +http://webmeup-crawler.com/)"
136.243.36.98 - - [11/Jun/2017:15:08:07 +0200] "GET /jahrbuch/index.html HTTP/1.1" 200 3956 "-" "Mozilla/5.0 (compatible; BLEXBot/1.0; +http://webmeup-crawler.com/)"
136.243.36.98 - - [11/Jun/2017:15:08:20 +0200] "GET /kontakt/index.html HTTP/1.1" 200 2896 "-" "Mozilla/5.0 (compatible; BLEXBot/1.0; +http://webmeup-crawler.com/)"
136.243.36.98 - - [11/Jun/2017:15:08:32 +0200] "GET /sonderthemen/index.html HTTP/1.1" 200 7102 "-" "Mozilla/5.0 (compatible; BLEXBot/1.0; +http://webmeup-crawler.com/)"
136.243.36.98 - - [11/Jun/2017:15:08:45 +0200] "GET /aktuell.html HTTP/1.1" 404 2381 "-" "Mozilla/5.0 (compatible; BLEXBot/1.0; +http://webmeup-crawler.com/)"
136.243.36.98 - - [11/Jun/2017:15:08:54 +0200] "GET /buecher/ HTTP/1.1" 200 25885 "-" "Mozilla/5.0 (compatible; BLEXBot/1.0; +http://webmeup-crawler.com/)"
136.243.36.98 - - [11/Jun/2017:15:09:08 +0200] "GET /buecher/bestellung.php HTTP/1.1" 200 10142 "-" "Mozilla/5.0 (compatible; BLEXBot/1.0; +http://webmeup-crawler.com/)"
136.243.36.98 - - [11/Jun/2017:15:09:20 +0200] "GET /buecher/diskussion.html HTTP/1.1" 200 9925 "-" "Mozilla/5.0 (compatible; BLEXBot/1.0; +http://webmeup-crawler.com/)"
136.243.36.98 - - [11/Jun/2017:15:09:28 +0200] "GET /buecher/rezensionen.html HTTP/1.1" 200 6964 "-" "Mozilla/5.0 (compatible; BLEXBot/1.0; +http://webmeup-crawler.com/)"
136.243.36.98 - - [11/Jun/2017:15:09:36 +0200] "GET /buecher/rezensionen_engel.html HTTP/1.1" 200 6598 "-" "Mozilla/5.0 (compatible; BLEXBot/1.0; +http://webmeup-crawler.com/)"
136.243.36.98 - - [11/Jun/2017:15:09:44 +0200] "GET /buecher/rezensionen_ignatius.html HTTP/1.1" 200 8182 "-" "Mozilla/5.0 (compatible; BLEXBot/1.0; +http://webmeup-crawler.com/)"
136.243.36.98 - - [11/Jun/2017:15:09:52 +0200] "GET /buecher/rezensionen_krise_zum_heil.html HTTP/1.1" 200 9828 "-" "Mozilla/5.0 (compatible; BLEXBot/1.0; +http://webmeup-crawler.com/)"
136.243.36.98 - - [11/Jun/2017:15:10:00 +0200] "GET /buecher/rezensionen_le_saulchoir.html HTTP/1.1" 200 34009 "-" "Mozilla/5.0 (compatible; BLEXBot/1.0; +http://webmeup-crawler.com/)"
136.243.36.98 - - [11/Jun/2017:15:10:10 +0200] "GET /buecher/rezensionen_leiblichkeit_und_zeitlichkeit.html HTTP/1.1" 200 8821 "-" "Mozilla/5.0 (compatible; BLEXBot/1.0; +http://webmeup-crawler.com/)"
5.255.251.7 - - [11/Jun/2017:15:10:16 +0200] "GET /cds/glockenspiel1.jpg HTTP/1.1" 304 - "-" "Mozilla/5.0 (compatible; YandexImages/3.0; +http://yandex.com/bots)"
136.243.36.98 - - [11/Jun/2017:15:10:18 +0200] "GET /buecher/rezensionen_nicht_auf_sand_gebaut.html HTTP/1.1" 200 6594 "-" "Mozilla/5.0 (compatible; BLEXBot/1.0; +http://webmeup-crawler.com/)"
5.255.251.7 - - [11/Jun/2017:15:10:20 +0200] "GET /cds/astazi_k.jpg HTTP/1.1" 304 - "-" "Mozilla/5.0 (compatible; YandexImages/3.0; +http://yandex.com/bots)"
136.243.36.98 - - [11/Jun/2017:15:10:27 +0200] "GET /buecher/rezensionen_preysing.html HTTP/1.1" 200 9502 "-" "Mozilla/5.0 (compatible; BLEXBot/1.0; +http://webmeup-crawler.com/)"
136.243.36.98 - - [11/Jun/2017:15:10:36 +0200] "GET /buecher/rezensionen_psalmen.html HTTP/1.1" 200 6787 "-" "Mozilla/5.0 (compatible; BLEXBot/1.0; +http://webmeup-crawler.com/)"
136.243.36.98 - - [11/Jun/2017:15:10:45 +0200] "GET /cds/astazi.html HTTP/1.1" 200 8453 "-" "Mozilla/5.0 (compatible; BLEXBot/1.0; +http://webmeup-crawler.com/)"
136.243.36.98 - - [11/Jun/2017:15:10:54 +0200] "GET /cds/glockenspiel1.html HTTP/1.1" 200 9736 "-" "Mozilla/5.0 (compatible; BLEXBot/1.0; +http://webmeup-crawler.com/)"
136.243.36.98 - - [11/Jun/2017:15:11:03 +0200] "GET /cds/glockenspiel2.html HTTP/1.1" 200 9831 "-" "Mozilla/5.0 (compatible; BLEXBot/1.0; +http://webmeup-crawler.com/)"
136.243.36.98 - - [11/Jun/2017:15:11:12 +0200] "GET /cds/lumina.html HTTP/1.1" 200 9000 "-" "Mozilla/5.0 (compatible; BLEXBot/1.0; +http://webmeup-crawler.com/)"
136.243.36.98 - - [11/Jun/2017:15:11:20 +0200] "GET /jahrbuch/titelseiten/index.html HTTP/1.1" 200 6735 "-" "Mozilla/5.0 (compatible; BLEXBot/1.0; +http://webmeup-crawler.com/)"
136.243.36.98 - - [11/Jun/2017:15:11:28 +0200] "GET /sonderthemen/archiv.html HTTP/1.1" 200 6959 "-" "Mozilla/5.0 (compatible; BLEXBot/1.0; +http://webmeup-crawler.com/)"
136.243.36.98 - - [11/Jun/2017:15:11:37 +0200] "GET /sonderthemen/presse.html HTTP/1.1" 200 5772 "-" "Mozilla/5.0 (compatible; BLEXBot/1.0; +http://webmeup-crawler.com/)"
136.243.36.98 - - [11/Jun/2017:15:11:46 +0200] "GET /buecher/rezensionen_ungeteilt.html HTTP/1.1" 200 9764 "-" "Mozilla/5.0 (compatible; BLEXBot/1.0; +http://webmeup-crawler.com/)"
40.77.167.40 - - [11/Jun/2017:15:53:14 +0200] "GET /sonderthemen/sk2001.pdf HTTP/1.1" 200 3098589 "-" "Mozilla/5.0 (iPhone; CPU iPhone OS 7_0 like Mac OS X) AppleWebKit/537.51.1 (KHTML, like Gecko) Version/7.0 Mobile/11A465 Safari/9537.53 (compatible; bingbot/2.0; +http://www.bing.com/bingbot.htm)"
40.77.167.40 - - [11/Jun/2017:16:06:01 +0200] "GET /sonderthemen/sk2001.pdf HTTP/1.1" 200 3098589 "-" "Mozilla/5.0 (iPhone; CPU iPhone OS 7_0 like Mac OS X) AppleWebKit/537.51.1 (KHTML, like Gecko) Version/7.0 Mobile/11A465 Safari/9537.53 (compatible; bingbot/2.0; +http://www.bing.com/bingbot.htm)"
86.176.86.152 - - [11/Jun/2017:16:07:34 +0200] "GET / HTTP/1.1" 200 9360 "-" "Mozilla/5.0 (iPad; CPU OS 10_2_1 like Mac OS X) AppleWebKit/602.4.6 (KHTML, like Gecko) Version/10.0 Mobile/14D27 Safari/602.1"
86.176.86.152 - - [11/Jun/2017:16:07:34 +0200] "GET /strich.gif HTTP/1.1" 200 45 "http://www.morusverlag.de/" "Mozilla/5.0 (iPad; CPU OS 10_2_1 like Mac OS X) AppleWebKit/602.4.6 (KHTML, like Gecko) Version/10.0 Mobile/14D27 Safari/602.1"
199.30.24.98 - - [11/Jun/2017:17:07:12 +0200] "GET /sonderthemen/sk2001.pdf HTTP/1.1" 200 3098589 "-" "Mozilla/5.0 (iPhone; CPU iPhone OS 7_0 like Mac OS X) AppleWebKit/537.51.1 (KHTML, like Gecko) Version/7.0 Mobile/11A465 Safari/9537.53 BingPreview/1.0b"
62.138.0.25 - - [11/Jun/2017:17:07:22 +0200] "GET /robots.txt HTTP/1.1" 200 100 "-" "Mozilla/5.0 (compatible; seoscanners.net/1; +spider@seoscanners.net)"
62.138.0.25 - - [11/Jun/2017:17:07:22 +0200] "GET /buecher/gesichter/31.jpg HTTP/1.1" 200 8424 "-" "Mozilla/5.0 (compatible; seoscanners.net/1; +spider@seoscanners.net)"
5.255.251.7 - - [11/Jun/2017:17:41:02 +0200] "GET /favicon.ico HTTP/1.1" 200 4286 "-" "Mozilla/5.0 (compatible; YandexBot/3.0; +http://yandex.com/bots)"
195.133.48.150 - - [11/Jun/2017:19:04:21 +0200] "HEAD / HTTP/1.1" 200 - "https://carivka.com.ua/otdykh-i-razvlecheniya/15-master-klassy/68-master-klass-ice-cream.html" "Mozilla/2.0 (compatible; MSIE5.00; Windows 2003)"
195.133.145.199 - - [11/Jun/2017:19:04:21 +0200] "HEAD / HTTP/1.1" 200 - "https://pamjatnik.com.ua/catalog/category/6-figure-memorials" "Mozilla/8.0 (compatible; MSIE2.00; Windows 2006)"
195.133.147.89 - - [11/Jun/2017:19:05:44 +0200] "HEAD / HTTP/1.1" 200 - "http://buckshee.petimer.ru" "Mozilla/3.0 (compatible; MSIE4.00; Windows 2008)"
195.133.147.74 - - [11/Jun/2017:19:06:48 +0200] "HEAD / HTTP/1.1" 200 - "https://affiliate.forex/pl/" "Mozilla/3.0 (compatible; MSIE7.00; Windows 2008)"
194.87.234.246 - - [11/Jun/2017:19:08:15 +0200] "HEAD / HTTP/1.1" 200 - "https://www.pamyatniki-in-kiev.com.ua/uslugi.html" "Mozilla/8.0 (compatible; MSIE5.00; Windows 2004)"
194.87.238.17 - - [11/Jun/2017:19:08:18 +0200] "HEAD / HTTP/1.1" 200 - "http://smt4.ru/truby-alyuminievye.html" "Mozilla/4.0 (compatible; MSIE6.00; Windows 2003)"
193.124.131.168 - - [11/Jun/2017:19:14:26 +0200] "HEAD / HTTP/1.1" 200 - "http://www.mebelandia.com" "Mozilla/8.0 (compatible; MSIE2.00; Windows 2009)"
195.133.147.6 - - [11/Jun/2017:19:14:43 +0200] "HEAD / HTTP/1.1" 200 - "https://pool-pond.com.ua/fontany/stroitelstvo-fontanov/komnatnye-fontany.html" "Mozilla/5.0 (compatible; MSIE4.00; Windows 2004)"
40.77.167.40 - - [11/Jun/2017:19:22:24 +0200] "GET / HTTP/1.1" 200 9360 "-" "Mozilla/5.0 (compatible; bingbot/2.0; +http://www.bing.com/bingbot.htm)"
194.67.210.77 - - [11/Jun/2017:19:29:16 +0200] "HEAD / HTTP/1.1" 200 - "https://bridesplaza.com/terms-and-conditions" "Mozilla/2.0 (compatible; MSIE7.00; Windows 2009)"
185.125.219.134 - - [11/Jun/2017:19:29:17 +0200] "HEAD / HTTP/1.1" 200 - "http://doctut.ru/ginekologi-spb" "Mozilla/2.0 (compatible; MSIE2.00; Windows 2003)"
193.124.190.64 - - [11/Jun/2017:19:29:17 +0200] "HEAD / HTTP/1.1" 200 - "http://twitchmaster.ru/" "Mozilla/4.0 (compatible; MSIE2.00; Windows 2005)"
185.5.249.185 - - [11/Jun/2017:19:29:58 +0200] "HEAD / HTTP/1.1" 200 - "http://www.westcomp.ru/catalog/servernye_komplektuyushchie_raid_kontrollery_pamyat/" "Mozilla/3.0 (compatible; MSIE2.00; Windows 2003)"
82.181.218.226 - - [11/Jun/2017:19:34:10 +0200] "GET / HTTP/1.1" 200 9360 "-" "python-requests/2.17.3"
82.181.218.226 - - [11/Jun/2017:19:34:10 +0200] "GET / HTTP/1.1" 200 9360 "-" "python-requests/2.13.0"
185.154.13.6 - - [11/Jun/2017:19:37:39 +0200] "HEAD / HTTP/1.1" 200 - "http://obivka.moscow/uslugi/poshiv-chehlov" "Mozilla/5.0 (compatible; MSIE4.00; Windows 2007)"
178.159.39.237 - - [11/Jun/2017:19:37:39 +0200] "HEAD / HTTP/1.1" 200 - "http://isservice.com.ua/remont-pylesosov.html" "Mozilla/8.0 (compatible; MSIE3.00; Windows 2009)"
77.220.213.173 - - [11/Jun/2017:19:37:39 +0200] "HEAD / HTTP/1.1" 200 - "https://stolshop.com/razdvizhnyie-stolyi" "Mozilla/5.0 (compatible; MSIE7.00; Windows 2008)"
5.101.78.76 - - [11/Jun/2017:19:41:21 +0200] "HEAD / HTTP/1.1" 200 - "https://americanbubblewall.com/water-wall-or-bubble-panel-is-a-great-decoration-for-your-interior/" "Mozilla/3.0 (compatible; MSIE7.00; Windows 2007)"
188.227.18.37 - - [11/Jun/2017:19:41:22 +0200] "HEAD / HTTP/1.1" 200 - "http://dsk-baby-hit.ru/pages/detskii-sportivnyi-kompleks-v-g-krasnodar" "Mozilla/2.0 (compatible; MSIE4.00; Windows 2004)"
178.159.43.212 - - [11/Jun/2017:19:43:15 +0200] "HEAD / HTTP/1.1" 200 - "http://yandextaxispb.ru/gettaxi-uber-yandex-sravnenie-samyh-populyarnyh-kompanij-taksi-na-rynke/" "Mozilla/2.0 (compatible; MSIE4.00; Windows 2006)"
5.255.251.7 - - [11/Jun/2017:19:54:54 +0200] "GET /buecher/gesichter/18.jpg HTTP/1.1" 304 - "-" "Mozilla/5.0 (compatible; YandexImages/3.0; +http://yandex.com/bots)"
5.255.251.7 - - [11/Jun/2017:19:55:48 +0200] "GET /gotteslob.jpg HTTP/1.1" 304 - "-" "Mozilla/5.0 (compatible; YandexImages/3.0; +http://yandex.com/bots)"
208.43.225.85 - - [11/Jun/2017:20:07:12 +0200] "GET /robots.txt HTTP/1.1" 200 100 "-" "Mozilla/5.0 (compatible; SiteExplorer/1.1b; +http://siteexplorer.info/Backlink-Checker-Spider/)"
208.43.225.85 - - [11/Jun/2017:20:07:17 +0200] "GET /buecher/diskussion.html HTTP/1.1" 200 9925 "-" "Mozilla/5.0 (compatible; SiteExplorer/1.1b; +http://siteexplorer.info/Backlink-Checker-Spider/)"
208.43.225.85 - - [11/Jun/2017:20:07:21 +0200] "GET /buecher/bestellung.php HTTP/1.1" 200 10142 "-" "Mozilla/5.0 (compatible; SiteExplorer/1.1b; +http://siteexplorer.info/Backlink-Checker-Spider/)"
208.43.225.85 - - [11/Jun/2017:20:07:26 +0200] "GET /sonderthemen/presse.html HTTP/1.1" 200 5772 "-" "Mozilla/5.0 (compatible; SiteExplorer/1.1b; +http://siteexplorer.info/Backlink-Checker-Spider/)"
208.43.225.85 - - [11/Jun/2017:20:07:31 +0200] "GET /cds/hymnos_akathistos.html HTTP/1.1" 200 11061 "-" "Mozilla/5.0 (compatible; SiteExplorer/1.1b; +http://siteexplorer.info/Backlink-Checker-Spider/)"
208.43.225.85 - - [11/Jun/2017:20:07:36 +0200] "GET /index.html HTTP/1.1" 200 9360 "-" "Mozilla/5.0 (compatible; SiteExplorer/1.1b; +http://siteexplorer.info/Backlink-Checker-Spider/)"
208.43.225.85 - - [11/Jun/2017:20:07:40 +0200] "GET /kontakt/index.html HTTP/1.1" 200 2896 "-" "Mozilla/5.0 (compatible; SiteExplorer/1.1b; +http://siteexplorer.info/Backlink-Checker-Spider/)"
208.43.225.85 - - [11/Jun/2017:20:07:45 +0200] "GET /buecher/rezensionen.html HTTP/1.1" 200 6964 "-" "Mozilla/5.0 (compatible; SiteExplorer/1.1b; +http://siteexplorer.info/Backlink-Checker-Spider/)"
208.43.225.85 - - [11/Jun/2017:20:07:50 +0200] "GET /jahrbuch/titelseiten/index.html HTTP/1.1" 200 6735 "-" "Mozilla/5.0 (compatible; SiteExplorer/1.1b; +http://siteexplorer.info/Backlink-Checker-Spider/)"
208.43.225.85 - - [11/Jun/2017:20:07:55 +0200] "GET /buecher/index.html HTTP/1.1" 200 25885 "-" "Mozilla/5.0 (compatible; SiteExplorer/1.1b; +http://siteexplorer.info/Backlink-Checker-Spider/)"
208.43.225.85 - - [11/Jun/2017:20:07:59 +0200] "GET /gotteslob/index.html HTTP/1.1" 200 2770 "-" "Mozilla/5.0 (compatible; SiteExplorer/1.1b; +http://siteexplorer.info/Backlink-Checker-Spider/)"
208.43.225.85 - - [11/Jun/2017:20:08:04 +0200] "GET /sonderthemen/archiv.html HTTP/1.1" 200 6959 "-" "Mozilla/5.0 (compatible; SiteExplorer/1.1b; +http://siteexplorer.info/Backlink-Checker-Spider/)"
208.43.225.85 - - [11/Jun/2017:20:08:09 +0200] "GET /buecher/rezensionen_ignatius.html HTTP/1.1" 200 8182 "-" "Mozilla/5.0 (compatible; SiteExplorer/1.1b; +http://siteexplorer.info/Backlink-Checker-Spider/)"
208.43.225.85 - - [11/Jun/2017:20:08:14 +0200] "GET /buecher/rezensionen_psalmen.html HTTP/1.1" 200 6787 "-" "Mozilla/5.0 (compatible; SiteExplorer/1.1b; +http://siteexplorer.info/Backlink-Checker-Spider/)"
208.43.225.85 - - [11/Jun/2017:20:08:18 +0200] "GET /cds/astazi.html HTTP/1.1" 200 8453 "-" "Mozilla/5.0 (compatible; SiteExplorer/1.1b; +http://siteexplorer.info/Backlink-Checker-Spider/)"
208.43.225.85 - - [11/Jun/2017:20:08:23 +0200] "GET /cds/ignatius.html HTTP/1.1" 200 6576 "-" "Mozilla/5.0 (compatible; SiteExplorer/1.1b; +http://siteexplorer.info/Backlink-Checker-Spider/)"
208.43.225.85 - - [11/Jun/2017:20:08:28 +0200] "GET /jahrbuch/bestellung.php HTTP/1.1" 200 10316 "-" "Mozilla/5.0 (compatible; SiteExplorer/1.1b; +http://siteexplorer.info/Backlink-Checker-Spider/)"
208.43.225.85 - - [11/Jun/2017:20:08:33 +0200] "GET /buecher/rezensionen_krise_zum_heil.html HTTP/1.1" 200 9828 "-" "Mozilla/5.0 (compatible; SiteExplorer/1.1b; +http://siteexplorer.info/Backlink-Checker-Spider/)"
208.43.225.85 - - [11/Jun/2017:20:08:38 +0200] "GET /buecher/veroeffentlichungsliste.html HTTP/1.1" 200 129779 "-" "Mozilla/5.0 (compatible; SiteExplorer/1.1b; +http://siteexplorer.info/Backlink-Checker-Spider/)"
208.43.225.85 - - [11/Jun/2017:20:08:43 +0200] "GET /buecher/rezensionen_nicht_auf_sand_gebaut.html HTTP/1.1" 200 6594 "-" "Mozilla/5.0 (compatible; SiteExplorer/1.1b; +http://siteexplorer.info/Backlink-Checker-Spider/)"
208.43.225.85 - - [11/Jun/2017:20:08:48 +0200] "GET /impressum.html HTTP/1.1" 200 2808 "-" "Mozilla/5.0 (compatible; SiteExplorer/1.1b; +http://siteexplorer.info/Backlink-Checker-Spider/)"
208.43.225.85 - - [11/Jun/2017:20:08:53 +0200] "GET /sonderthemen/index.html HTTP/1.1" 200 7102 "-" "Mozilla/5.0 (compatible; SiteExplorer/1.1b; +http://siteexplorer.info/Backlink-Checker-Spider/)"
208.43.225.85 - - [11/Jun/2017:20:08:57 +0200] "GET /jahrbuch/index.html HTTP/1.1" 200 3956 "-" "Mozilla/5.0 (compatible; SiteExplorer/1.1b; +http://siteexplorer.info/Backlink-Checker-Spider/)"
208.43.225.85 - - [11/Jun/2017:20:09:02 +0200] "GET /cds/glockenspiel2.html HTTP/1.1" 200 9831 "-" "Mozilla/5.0 (compatible; SiteExplorer/1.1b; +http://siteexplorer.info/Backlink-Checker-Spider/)"
208.43.225.85 - - [11/Jun/2017:20:09:07 +0200] "GET /cds/glockenspiel1.html HTTP/1.1" 200 9736 "-" "Mozilla/5.0 (compatible; SiteExplorer/1.1b; +http://siteexplorer.info/Backlink-Checker-Spider/)"
208.43.225.85 - - [11/Jun/2017:20:09:12 +0200] "GET /buecher/rezensionen_preysing.html HTTP/1.1" 200 9502 "-" "Mozilla/5.0 (compatible; SiteExplorer/1.1b; +http://siteexplorer.info/Backlink-Checker-Spider/)"
208.43.225.85 - - [11/Jun/2017:20:09:16 +0200] "GET / HTTP/1.1" 200 9360 "-" "Mozilla/5.0 (compatible; SiteExplorer/1.1b; +http://siteexplorer.info/Backlink-Checker-Spider/)"
208.43.225.85 - - [11/Jun/2017:20:09:21 +0200] "GET /buecher/rezensionen_chateaubriand.html HTTP/1.1" 200 47317 "-" "Mozilla/5.0 (compatible; SiteExplorer/1.1b; +http://siteexplorer.info/Backlink-Checker-Spider/)"
