5.255.251.7 - - [14/Apr/2017:12:40:07 +0200] "GET /buecher/gesichter/19.jpg HTTP/1.1" 304 - "-" "Mozilla/5.0 (compatible; YandexImages/3.0; +http://yandex.com/bots)"
5.255.251.7 - - [14/Apr/2017:12:40:11 +0200] "GET /buecher/mein_atem.jpg HTTP/1.1" 304 - "-" "Mozilla/5.0 (compatible; YandexImages/3.0; +http://yandex.com/bots)"
5.255.251.7 - - [14/Apr/2017:12:40:14 +0200] "GET /buecher/preysing.jpg HTTP/1.1" 304 - "-" "Mozilla/5.0 (compatible; YandexImages/3.0; +http://yandex.com/bots)"
5.255.251.7 - - [14/Apr/2017:12:40:18 +0200] "GET /buecher/gesichter/24.jpg HTTP/1.1" 304 - "-" "Mozilla/5.0 (compatible; YandexImages/3.0; +http://yandex.com/bots)"
5.9.17.118 - - [14/Apr/2017:13:06:14 +0200] "GET /buecher/index.html HTTP/1.1" 200 25885 "-" "Mozilla/5.0 (Windows NT 6.1; WOW64) AppleWebKit/537.11 (KHTML, like Gecko) Chrome/23.0.1271.97 Safari/537.11"
23.251.55.181 - - [14/Apr/2017:13:24:13 +0200] "GET /CFIDE/administrator/enter.cfm HTTP/1.1" 404 2381 "-" "Mozilla/5.0 (Windows NT 6.1; Trident/7.0; rv:11.0) like Gecko"
180.76.15.6 - - [14/Apr/2017:13:25:08 +0200] "GET / HTTP/1.1" 200 9360 "-" "Mozilla/5.0 (compatible; Baiduspider/2.0; +http://www.baidu.com/search/spider.html)"
180.76.15.149 - - [14/Apr/2017:13:25:28 +0200] "GET / HTTP/1.1" 200 9360 "-" "Mozilla/5.0 (compatible; Baiduspider/2.0; +http://www.baidu.com/search/spider.html)"
5.255.251.7 - - [14/Apr/2017:13:47:30 +0200] "GET /sonderthemen/sk2004_sz.jpg HTTP/1.1" 304 - "-" "Mozilla/5.0 (compatible; YandexImages/3.0; +http://yandex.com/bots)"
5.255.251.7 - - [14/Apr/2017:13:52:01 +0200] "GET /buecher/gesichter/13.jpg HTTP/1.1" 304 - "-" "Mozilla/5.0 (compatible; YandexImages/3.0; +http://yandex.com/bots)"
178.255.215.84 - - [14/Apr/2017:13:58:59 +0200] "GET /robots.txt HTTP/1.1" 200 100 "-" "Mozilla/5.0 (compatible; Exabot/3.0; +http://www.exabot.com/go/robot)"
178.255.215.84 - - [14/Apr/2017:13:58:59 +0200] "GET / HTTP/1.1" 200 9360 "-" "Mozilla/5.0 (compatible; Exabot/3.0; +http://www.exabot.com/go/robot)"
35.156.92.108 - - [14/Apr/2017:14:35:52 +0200] "GET /robots.txt HTTP/1.1" 200 100 "-" "Mozilla/5.0 (compatible; Cliqzbot/1.0; +http://cliqz.com/company/cliqzbot)"
35.156.92.108 - - [14/Apr/2017:14:36:03 +0200] "GET /cds/glockenspiel2.html HTTP/1.1" 200 9831 "-" "Mozilla/5.0 (compatible; Cliqzbot/1.0; +http://cliqz.com/company/cliqzbot)"
5.255.251.7 - - [14/Apr/2017:14:42:04 +0200] "GET /buecher/gesichter/01.jpg HTTP/1.1" 304 - "-" "Mozilla/5.0 (compatible; YandexImages/3.0; +http://yandex.com/bots)"
5.255.251.7 - - [14/Apr/2017:14:42:31 +0200] "GET /buecher/liebe_und_treue.jpg HTTP/1.1" 304 - "-" "Mozilla/5.0 (compatible; YandexImages/3.0; +http://yandex.com/bots)"
178.195.166.119 - - [14/Apr/2017:14:46:56 +0200] "GET /cds/hymnos_heft.jpg HTTP/1.1" 200 8653 "https://www.google.ch/" "Mozilla/5.0 (Windows NT 6.3; WOW64) AppleWebKit/537.36 (KHTML, like Gecko) Chrome/57.0.2987.133 Safari/537.36"
5.255.251.7 - - [14/Apr/2017:14:48:46 +0200] "GET /sonderthemen/sk2002.jpg HTTP/1.1" 304 - "-" "Mozilla/5.0 (compatible; YandexImages/3.0; +http://yandex.com/bots)"
77.75.76.161 - - [14/Apr/2017:14:53:45 +0200] "GET /robots.txt HTTP/1.1" 200 100 "-" "Mozilla/5.0 (compatible; SeznamBot/3.2; +http://napoveda.seznam.cz/en/seznambot-intro/)"
77.75.76.161 - - [14/Apr/2017:14:53:45 +0200] "GET /kontakt/index.html HTTP/1.1" 304 - "-" "Mozilla/5.0 (compatible; SeznamBot/3.2; +http://napoveda.seznam.cz/en/seznambot-intro/)"
40.77.167.121 - - [14/Apr/2017:15:09:48 +0200] "GET /kontakt/index.html HTTP/1.1" 304 - "-" "Mozilla/5.0 (compatible; bingbot/2.0; +http://www.bing.com/bingbot.htm)"
5.9.145.132 - - [14/Apr/2017:15:13:41 +0200] "GET /sonderthemen/az2000.pdf HTTP/1.1" 200 2253581 "-" "Mozilla/5.0 (Macintosh; Intel Mac OS X 10_5_8) AppleWebKit/534.50.2 (KHTML, like Gecko) Version/5.0.6 Safari/533.22.3"
40.77.167.128 - - [14/Apr/2017:15:26:19 +0200] "GET / HTTP/1.1" 200 9360 "-" "Mozilla/5.0 (compatible; bingbot/2.0; +http://www.bing.com/bingbot.htm)"
93.204.151.159 - - [14/Apr/2017:15:46:39 +0200] "GET /cds/hymnos_akathistos.html HTTP/1.1" 200 11061 "https://www.google.de/" "Mozilla/5.0 (iPhone; CPU iPhone OS 10_3_1 like Mac OS X) AppleWebKit/602.1.50 (KHTML, like Gecko) GSA/24.1.151204851 Mobile/14E304 Safari/602.1"
93.204.151.159 - - [14/Apr/2017:15:46:39 +0200] "GET /main.css HTTP/1.1" 200 1439 "http://www.morusverlag.de/cds/hymnos_akathistos.html" "Mozilla/5.0 (iPhone; CPU iPhone OS 10_3_1 like Mac OS X) AppleWebKit/602.1.50 (KHTML, like Gecko) GSA/24.1.151204851 Mobile/14E304 Safari/602.1"
93.204.151.159 - - [14/Apr/2017:15:46:39 +0200] "GET /pf.gif HTTP/1.1" 200 62 "http://www.morusverlag.de/cds/hymnos_akathistos.html" "Mozilla/5.0 (iPhone; CPU iPhone OS 10_3_1 like Mac OS X) AppleWebKit/602.1.50 (KHTML, like Gecko) GSA/24.1.151204851 Mobile/14E304 Safari/602.1"
93.204.151.159 - - [14/Apr/2017:15:46:39 +0200] "GET /logo_g.gif HTTP/1.1" 200 1301 "http://www.morusverlag.de/cds/hymnos_akathistos.html" "Mozilla/5.0 (iPhone; CPU iPhone OS 10_3_1 like Mac OS X) AppleWebKit/602.1.50 (KHTML, like Gecko) GSA/24.1.151204851 Mobile/14E304 Safari/602.1"
93.204.151.159 - - [14/Apr/2017:15:46:39 +0200] "GET /mv_g.gif HTTP/1.1" 200 4070 "http://www.morusverlag.de/cds/hymnos_akathistos.html" "Mozilla/5.0 (iPhone; CPU iPhone OS 10_3_1 like Mac OS X) AppleWebKit/602.1.50 (KHTML, like Gecko) GSA/24.1.151204851 Mobile/14E304 Safari/602.1"
93.204.151.159 - - [14/Apr/2017:15:46:39 +0200] "GET /cds/hymnos.jpg HTTP/1.1" 200 27752 "http://www.morusverlag.de/cds/hymnos_akathistos.html" "Mozilla/5.0 (iPhone; CPU iPhone OS 10_3_1 like Mac OS X) AppleWebKit/602.1.50 (KHTML, like Gecko) GSA/24.1.151204851 Mobile/14E304 Safari/602.1"
93.204.151.159 - - [14/Apr/2017:15:46:39 +0200] "GET /m.gif HTTP/1.1" 200 95 "http://www.morusverlag.de/cds/hymnos_akathistos.html" "Mozilla/5.0 (iPhone; CPU iPhone OS 10_3_1 like Mac OS X) AppleWebKit/602.1.50 (KHTML, like Gecko) GSA/24.1.151204851 Mobile/14E304 Safari/602.1"
93.204.151.159 - - [14/Apr/2017:15:46:39 +0200] "GET /cds/hymnos_heft.jpg HTTP/1.1" 200 8653 "http://www.morusverlag.de/cds/hymnos_akathistos.html" "Mozilla/5.0 (iPhone; CPU iPhone OS 10_3_1 like Mac OS X) AppleWebKit/602.1.50 (KHTML, like Gecko) GSA/24.1.151204851 Mobile/14E304 Safari/602.1"
93.204.151.159 - - [14/Apr/2017:15:46:39 +0200] "GET /strich.gif HTTP/1.1" 200 45 "http://www.morusverlag.de/cds/hymnos_akathistos.html" "Mozilla/5.0 (iPhone; CPU iPhone OS 10_3_1 like Mac OS X) AppleWebKit/602.1.50 (KHTML, like Gecko) GSA/24.1.151204851 Mobile/14E304 Safari/602.1"
208.43.225.84 - - [14/Apr/2017:15:50:30 +0200] "GET /robots.txt HTTP/1.1" 200 100 "-" "Mozilla/5.0 (compatible; SiteExplorer/1.1b; +http://siteexplorer.info/Backlink-Checker-Spider/)"
208.43.225.84 - - [14/Apr/2017:15:50:34 +0200] "GET / HTTP/1.1" 200 9360 "-" "Mozilla/5.0 (compatible; SiteExplorer/1.1b; +http://siteexplorer.info/Backlink-Checker-Spider/)"
5.9.112.6 - - [14/Apr/2017:16:51:09 +0200] "GET /sonderthemen/oekt_extra3.pdf HTTP/1.1" 200 2109745 "-" "Mozilla/5.0 (Windows NT 5.1; rv:21.0) Gecko/20100101 Firefox/21.0"
207.46.13.234 - - [14/Apr/2017:17:16:18 +0200] "GET /robots.txt HTTP/1.1" 200 100 "-" "Mozilla/5.0 (compatible; bingbot/2.0; +http://www.bing.com/bingbot.htm)"
77.75.78.163 - - [14/Apr/2017:17:18:40 +0200] "GET /robots.txt HTTP/1.1" 200 100 "-" "Mozilla/5.0 (compatible; SeznamBot/3.2; +http://napoveda.seznam.cz/en/seznambot-intro/)"
77.75.78.163 - - [14/Apr/2017:17:18:41 +0200] "GET /buecher/rezensionen_le_saulchoir.html HTTP/1.1" 304 - "-" "Mozilla/5.0 (compatible; SeznamBot/3.2; +http://napoveda.seznam.cz/en/seznambot-intro/)"
40.77.167.128 - - [14/Apr/2017:17:25:28 +0200] "GET /buecher/ HTTP/1.1" 200 25885 "-" "msnbot-media/1.1 (+http://search.msn.com/msnbot.htm)"
195.133.145.199 - - [14/Apr/2017:17:31:04 +0200] "HEAD / HTTP/1.1" 200 - "https://www.eurostroy.ru/pools/iskusstvennoe-techenie-endless-pools-fastlane" "Mozilla/5.0 (compatible; MSIE3.00; Windows 2009)"
5.9.94.207 - - [14/Apr/2017:17:31:42 +0200] "GET /sonderthemen/oekt_extra3.pdf HTTP/1.1" 200 2109745 "-" "Mozilla/5.0 (Windows NT 6.1; rv:12.0) Gecko/ 20120405 Firefox/14.0.1"
88.99.27.172 - - [14/Apr/2017:17:31:56 +0200] "GET /sonderthemen/oekt_extra2.pdf HTTP/1.1" 200 1939949 "-" "Mozilla/5.0 (Macintosh; Intel Mac OS X 10_7_5) AppleWebKit/537.36 (KHTML, like Gecko) Chrome/27.0.1453.93 Safari/537.36"
5.9.112.6 - - [14/Apr/2017:17:31:52 +0200] "GET /sonderthemen/oekt_extra2.pdf HTTP/1.1" 200 1939949 "-" "Mozilla/5.0 (Windows NT 6.1; WOW64; rv:21.0) Gecko/20130330 Firefox/21.0"
195.133.48.150 - - [14/Apr/2017:17:37:01 +0200] "HEAD / HTTP/1.1" 200 - "http://www.prommax.ru/brusok" "Mozilla/3.0 (compatible; MSIE5.00; Windows 2006)"
194.87.238.17 - - [14/Apr/2017:17:43:47 +0200] "HEAD / HTTP/1.1" 200 - "https://www.vipsiding.ru/products-page/ya-fasad/" "Mozilla/2.0 (compatible; MSIE7.00; Windows 2002)"
65.55.212.77 - - [14/Apr/2017:17:44:14 +0200] "GET /buecher/ HTTP/1.1" 200 25885 "-" "Mozilla/5.0 (compatible; MSIE 9.0; Windows NT 6.0; Trident/5.0; Trident/5.0)"
65.55.212.77 - - [14/Apr/2017:17:44:16 +0200] "GET /main.css HTTP/1.1" 200 1439 "http://www.morusverlag.de/buecher/" "Mozilla/5.0 (compatible; MSIE 9.0; Windows NT 6.0; Trident/5.0; Trident/5.0)"
65.55.211.243 - - [14/Apr/2017:17:44:16 +0200] "GET /contentflow/contentflow.js HTTP/1.1" 200 42064 "http://www.morusverlag.de/buecher/" "Mozilla/5.0 (compatible; MSIE 9.0; Windows NT 6.0; Trident/5.0; Trident/5.0)"
65.55.212.77 - - [14/Apr/2017:17:44:26 +0200] "GET /contentflow/contentflow.css HTTP/1.1" 200 3109 "http://www.morusverlag.de/buecher/" "Mozilla/5.0 (compatible; MSIE 9.0; Windows NT 6.0; Trident/5.0; Trident/5.0)"
65.55.211.243 - - [14/Apr/2017:17:44:26 +0200] "GET /contentflow/mycontentflow.css HTTP/1.1" 404 2381 "http://www.morusverlag.de/buecher/" "Mozilla/5.0 (compatible; MSIE 9.0; Windows NT 6.0; Trident/5.0; Trident/5.0)"
65.55.212.77 - - [14/Apr/2017:17:44:26 +0200] "GET /contentflow/ContentFlowAddOn_white.js HTTP/1.1" 200 471 "http://www.morusverlag.de/buecher/" "Mozilla/5.0 (compatible; MSIE 9.0; Windows NT 6.0; Trident/5.0; Trident/5.0)"
65.55.212.77 - - [14/Apr/2017:17:44:29 +0200] "GET /contentflow/ContentFlowAddOn_white.css HTTP/1.1" 200 3174 "http://www.morusverlag.de/buecher/" "Mozilla/5.0 (compatible; MSIE 9.0; Windows NT 6.0; Trident/5.0; Trident/5.0)"
188.227.18.37 - - [14/Apr/2017:17:51:20 +0200] "HEAD / HTTP/1.1" 200 - "http://www.itservicesthatworkforyou.com/" "Mozilla/6.0 (compatible; MSIE4.00; Windows 2004)"
5.101.78.76 - - [14/Apr/2017:17:51:20 +0200] "HEAD / HTTP/1.1" 200 - "https://www.mosremokna.ru/about.html" "Mozilla/4.0 (compatible; MSIE5.00; Windows 2007)"
195.133.147.74 - - [14/Apr/2017:17:59:16 +0200] "HEAD / HTTP/1.1" 200 - "http://www.xn--80ardojfh.kz/catalog/" "Mozilla/7.0 (compatible; MSIE6.00; Windows 2003)"
176.96.168.173 - - [14/Apr/2017:17:59:35 +0200] "GET /wp-login.php HTTP/1.1" 404 2381 "-" "Mozilla/5.0 (Windows NT 6.1; WOW64; rv:40.0) Gecko/20100101 Firefox/40.1"
176.96.168.173 - - [14/Apr/2017:17:59:35 +0200] "GET / HTTP/1.1" 200 9360 "-" "Mozilla/5.0 (Windows NT 6.1; WOW64; rv:40.0) Gecko/20100101 Firefox/40.1"
193.124.131.168 - - [14/Apr/2017:18:00:50 +0200] "HEAD / HTTP/1.1" 200 - "https://anapa777.ru/faq/1626-dajving" "Mozilla/6.0 (compatible; MSIE6.00; Windows 2006)"
194.87.234.246 - - [14/Apr/2017:18:02:35 +0200] "HEAD / HTTP/1.1" 200 - "http://omega37.su/komplekty-postelnogo-belya" "Mozilla/3.0 (compatible; MSIE6.00; Windows 2007)"
40.77.167.128 - - [14/Apr/2017:18:06:51 +0200] "GET /buecher/rezensionen_leiblichkeit_und_zeitlichkeit.html HTTP/1.1" 200 8821 "-" "Mozilla/5.0 (compatible; bingbot/2.0; +http://www.bing.com/bingbot.htm)"
195.133.147.6 - - [14/Apr/2017:18:08:59 +0200] "HEAD / HTTP/1.1" 200 - "http://samoprozesing.ru/" "Mozilla/8.0 (compatible; MSIE6.00; Windows 2003)"
195.133.147.89 - - [14/Apr/2017:18:11:46 +0200] "HEAD / HTTP/1.1" 200 - "http://ssc-liugong.ru/" "Mozilla/2.0 (compatible; MSIE7.00; Windows 2005)"
68.180.230.44 - - [14/Apr/2017:18:13:08 +0200] "GET /robots.txt HTTP/1.1" 200 100 "-" "Mozilla/5.0 (compatible; Yahoo! Slurp; http://help.yahoo.com/help/us/ysearch/slurp)"
68.180.230.44 - - [14/Apr/2017:18:13:09 +0200] "GET /cds/rosarium.html HTTP/1.1" 200 6680 "-" "Mozilla/5.0 (compatible; Yahoo! Slurp; http://help.yahoo.com/help/us/ysearch/slurp)"
207.46.13.130 - - [14/Apr/2017:18:29:08 +0200] "GET /mv_g.gif HTTP/1.1" 200 4070 "-" "Mozilla/5.0 (compatible; bingbot/2.0; +http://www.bing.com/bingbot.htm)"
207.46.13.130 - - [14/Apr/2017:18:29:08 +0200] "GET /strich.gif HTTP/1.1" 200 45 "-" "Mozilla/5.0 (compatible; bingbot/2.0; +http://www.bing.com/bingbot.htm)"
178.159.39.237 - - [14/Apr/2017:18:35:08 +0200] "HEAD / HTTP/1.1" 200 - "https://ukrsmeta.ua/smeta-na-remont-pomeshheniya/" "Mozilla/2.0 (compatible; MSIE2.00; Windows 2002)"
77.220.213.173 - - [14/Apr/2017:18:35:08 +0200] "HEAD / HTTP/1.1" 200 - "http://lavoraredacasa.net/2014/01/22/offerte-lavoro-da-casa-ferrara/" "Mozilla/8.0 (compatible; MSIE5.00; Windows 2004)"
185.154.13.6 - - [14/Apr/2017:18:35:08 +0200] "HEAD / HTTP/1.1" 200 - "https://advocat777.ru/alimenty.html" "Mozilla/7.0 (compatible; MSIE6.00; Windows 2005)"
178.159.43.212 - - [14/Apr/2017:18:37:58 +0200] "HEAD / HTTP/1.1" 200 - "http://taromir.ru/stuff/puzzle/zagadki_egipta/3-1-0-1928" "Mozilla/8.0 (compatible; MSIE6.00; Windows 2008)"
5.9.112.6 - - [14/Apr/2017:18:56:03 +0200] "GET /sonderthemen/az2003.pdf HTTP/1.1" 200 4864675 "-" "Mozilla/5.0 (Windows NT 6.1; WOW64) AppleWebKit/537.36 (KHTML, like Gecko) Chrome/27.0.1453.93 Safari/537.36"
5.9.94.207 - - [14/Apr/2017:18:56:17 +0200] "GET /sonderthemen/az2003.pdf HTTP/1.1" 200 4864675 "-" "Mozilla/5.0 (compatible; MSIE 10.0; Windows NT 6.1; Trident/4.0; InfoPath.2; SV1; .NET CLR 2.0.50727; WOW64)"
66.249.76.56 - - [14/Apr/2017:19:02:57 +0200] "GET /robots.txt HTTP/1.1" 200 100 "-" "Mozilla/5.0 (compatible; Googlebot/2.1; +http://www.google.com/bot.html)"
66.249.76.57 - - [14/Apr/2017:19:02:57 +0200] "GET /jahrbuch/bestellung.php HTTP/1.1" 200 10316 "-" "Mozilla/5.0 (Linux; Android 6.0.1; Nexus 5X Build/MMB29P) AppleWebKit/537.36 (KHTML, like Gecko) Chrome/41.0.2272.96 Mobile Safari/537.36 (compatible; Googlebot/2.1; +http://www.google.com/bot.html)"
180.76.15.16 - - [14/Apr/2017:19:07:22 +0200] "GET /sonderthemen/oekt_extra3.pdf HTTP/1.1" 200 2109745 "-" "Mozilla/5.0 (compatible; Baiduspider/2.0; +http://www.baidu.com/search/spider.html)"
40.77.179.181 - - [14/Apr/2017:19:08:14 +0200] "GET /logo_g.gif HTTP/1.1" 200 1301 "-" "Mozilla/5.0 (Windows NT 6.1; WOW64) AppleWebKit/534+ (KHTML, like Gecko) BingPreview/1.0b"
5.255.251.7 - - [14/Apr/2017:19:25:24 +0200] "GET /buecher/le_saulchoir.jpg HTTP/1.1" 304 - "-" "Mozilla/5.0 (compatible; YandexImages/3.0; +http://yandex.com/bots)"
5.255.251.7 - - [14/Apr/2017:19:25:27 +0200] "GET /buecher/gesichter/32.jpg HTTP/1.1" 304 - "-" "Mozilla/5.0 (compatible; YandexImages/3.0; +http://yandex.com/bots)"
5.255.251.7 - - [14/Apr/2017:19:25:31 +0200] "GET /buecher/gesichter/23.jpg HTTP/1.1" 304 - "-" "Mozilla/5.0 (compatible; YandexImages/3.0; +http://yandex.com/bots)"
5.255.251.7 - - [14/Apr/2017:19:34:26 +0200] "GET /sonderthemen/sk2004.jpg HTTP/1.1" 304 - "-" "Mozilla/5.0 (compatible; YandexImages/3.0; +http://yandex.com/bots)"
46.105.31.30 - - [14/Apr/2017:19:47:15 +0200] "GET / HTTP/1.1" 200 9360 "-" "Mozilla/5.0 (Windows NT 10.0; Win64; x64) AppleWebKit/537.36 (KHTML, like Gecko) Chrome/56.0.2924.87 Safari/537.36"
5.9.106.81 - - [14/Apr/2017:20:00:32 +0200] "GET /sonderthemen/az2003.pdf HTTP/1.1" 200 4864675 "-" "Mozilla/5.0 (Windows NT 6.1; WOW64) AppleWebKit/537.36 (KHTML, like Gecko) Chrome/43.0.2357.134 Safari/537.36"
5.9.17.118 - - [14/Apr/2017:20:12:37 +0200] "GET /sonderthemen/oekt_extra3.pdf HTTP/1.1" 200 2109745 "-" "Mozilla/5.0 (Macintosh; Intel Mac OS X 10_6_8) AppleWebKit/534.59.8 (KHTML, like Gecko) Version/5.1.9 Safari/534.59.8"
5.9.106.81 - - [14/Apr/2017:20:12:51 +0200] "GET /sonderthemen/oekt_extra3.pdf HTTP/1.1" 200 2109745 "-" "Mozilla/5.0 (Windows NT 6.1; WOW64) AppleWebKit/537.36 (KHTML, like Gecko) Chrome/43.0.2357.134 Safari/537.36"
52.28.215.252 - - [14/Apr/2017:20:18:06 +0200] "GET /robots.txt HTTP/1.1" 200 100 "-" "Mozilla/5.0 (compatible; Cliqzbot/1.0; +http://cliqz.com/company/cliqzbot)"
52.28.215.252 - - [14/Apr/2017:20:18:08 +0200] "GET /gotteslob HTTP/1.1" 301 356 "-" "Mozilla/5.0 (compatible; Cliqzbot/1.0; +http://cliqz.com/company/cliqzbot)"
52.28.215.252 - - [14/Apr/2017:20:18:09 +0200] "GET /gotteslob/ HTTP/1.1" 200 2770 "-" "Mozilla/5.0 (compatible; Cliqzbot/1.0; +http://cliqz.com/company/cliqzbot)"
157.55.39.24 - - [14/Apr/2017:20:44:13 +0200] "GET /robots.txt HTTP/1.1" 200 100 "-" "Mozilla/5.0 (compatible; bingbot/2.0; +http://www.bing.com/bingbot.htm)"
157.55.39.217 - - [14/Apr/2017:20:45:58 +0200] "GET /gotteslob/gotteslob_alle.jpg HTTP/1.1" 200 24560 "-" "Mozilla/5.0 (compatible; bingbot/2.0; +http://www.bing.com/bingbot.htm)"
40.77.167.121 - - [14/Apr/2017:20:47:33 +0200] "GET /buecher/rezensionen_engel.html HTTP/1.1" 304 - "-" "Mozilla/5.0 (compatible; bingbot/2.0; +http://www.bing.com/bingbot.htm)"
195.133.145.199 - - [14/Apr/2017:20:53:06 +0200] "HEAD / HTTP/1.1" 200 - "https://www.eurostroy.ru/czenyi/" "Mozilla/6.0 (compatible; MSIE3.00; Windows 2007)"
194.87.238.17 - - [14/Apr/2017:21:07:44 +0200] "HEAD / HTTP/1.1" 200 - "https://www.vipsiding.ru/products-page/fineber-2/" "Mozilla/3.0 (compatible; MSIE5.00; Windows 2009)"
195.133.48.150 - - [14/Apr/2017:21:07:53 +0200] "HEAD / HTTP/1.1" 200 - "http://www.prommax.ru/imitaciya-brusa" "Mozilla/7.0 (compatible; MSIE7.00; Windows 2006)"
188.227.18.37 - - [14/Apr/2017:21:19:11 +0200] "HEAD / HTTP/1.1" 200 - "http://www.itservicesthatworkforyou.com/" "Mozilla/5.0 (compatible; MSIE5.00; Windows 2003)"
5.101.78.76 - - [14/Apr/2017:21:19:11 +0200] "HEAD / HTTP/1.1" 200 - "https://www.mosremokna.ru/about.html" "Mozilla/2.0 (compatible; MSIE2.00; Windows 2009)"
180.76.15.148 - - [14/Apr/2017:21:24:30 +0200] "GET / HTTP/1.1" 200 9360 "-" "Mozilla/5.0 (compatible; Baiduspider/2.0; +http://www.baidu.com/search/spider.html)"
180.76.15.161 - - [14/Apr/2017:21:24:48 +0200] "GET / HTTP/1.1" 200 9360 "-" "Mozilla/5.0 (compatible; Baiduspider/2.0; +http://www.baidu.com/search/spider.html)"
195.133.147.74 - - [14/Apr/2017:21:30:37 +0200] "HEAD / HTTP/1.1" 200 - "http://www.xn--80ardojfh.kz/catalog/" "Mozilla/8.0 (compatible; MSIE5.00; Windows 2002)"
193.124.131.168 - - [14/Apr/2017:21:30:43 +0200] "HEAD / HTTP/1.1" 200 - "https://anapa777.ru/faq/1626-dajving" "Mozilla/5.0 (compatible; MSIE7.00; Windows 2009)"
87.250.244.1 - - [14/Apr/2017:21:32:14 +0200] "GET /robots.txt HTTP/1.1" 200 100 "-" "Mozilla/5.0 (compatible; YandexBot/3.0; +http://yandex.com/bots)"
87.250.244.1 - - [14/Apr/2017:21:32:18 +0200] "GET /buecher/gesichter/03.jpg HTTP/1.1" 200 10026 "-" "Mozilla/5.0 (compatible; YandexImages/3.0; +http://yandex.com/bots)"
5.255.251.7 - - [14/Apr/2017:21:42:11 +0200] "GET /robots.txt HTTP/1.1" 200 100 "-" "Mozilla/5.0 (compatible; YandexBot/3.0; +http://yandex.com/bots)"
5.255.251.7 - - [14/Apr/2017:21:42:14 +0200] "GET /buecher/gesichter/31.jpg HTTP/1.1" 304 - "-" "Mozilla/5.0 (compatible; YandexImages/3.0; +http://yandex.com/bots)"
194.87.234.246 - - [14/Apr/2017:22:14:32 +0200] "HEAD / HTTP/1.1" 200 - "http://omega37.su/odejda-iz-trikotaja/noski/noski-mujskie" "Mozilla/2.0 (compatible; MSIE4.00; Windows 2002)"
5.255.251.7 - - [14/Apr/2017:22:20:20 +0200] "GET /buecher/gesichter/31.jpg HTTP/1.1" 304 - "-" "Mozilla/5.0 (compatible; YandexImages/3.0; +http://yandex.com/bots)"
195.133.147.89 - - [14/Apr/2017:22:20:22 +0200] "HEAD / HTTP/1.1" 200 - "http://ssc-liugong.ru/" "Mozilla/2.0 (compatible; MSIE5.00; Windows 2006)"
195.133.147.6 - - [14/Apr/2017:22:20:54 +0200] "HEAD / HTTP/1.1" 200 - "http://samoprozesing.ru/" "Mozilla/2.0 (compatible; MSIE6.00; Windows 2003)"
5.255.251.7 - - [14/Apr/2017:22:38:08 +0200] "GET /buecher/gesichter/08.jpg HTTP/1.1" 304 - "-" "Mozilla/5.0 (compatible; YandexImages/3.0; +http://yandex.com/bots)"
178.159.39.237 - - [14/Apr/2017:22:47:27 +0200] "HEAD / HTTP/1.1" 200 - "https://ukrsmeta.ua/smeta-na-stroitelstvo-karkasnogo-doma/" "Mozilla/5.0 (compatible; MSIE4.00; Windows 2004)"
185.154.13.6 - - [14/Apr/2017:22:47:27 +0200] "HEAD / HTTP/1.1" 200 - "https://advocat777.ru/labor-lawyer.html" "Mozilla/4.0 (compatible; MSIE5.00; Windows 2007)"
77.220.213.173 - - [14/Apr/2017:22:47:28 +0200] "HEAD / HTTP/1.1" 200 - "http://lavoraredacasa.net/2015/01/28/lavoro-a-domicilio-torino/" "Mozilla/3.0 (compatible; MSIE3.00; Windows 2008)"
217.79.190.46 - - [14/Apr/2017:23:40:15 +0200] "GET / HTTP/1.1" 200 9360 "-" "Mozilla/5.0 (Windows NT 6.1; de; rv:43.0) Gecko/20100101 Firefox/43.0"
5.9.112.6 - - [15/Apr/2017:00:05:54 +0200] "GET /sonderthemen/sk2004.pdf HTTP/1.1" 200 1967215 "-" "Mozilla/5.0 (Macintosh; U; Intel Mac OS X 10_5_8; zh-cn) AppleWebKit/533.18.1 (KHTML, like Gecko) Version/5.0.2 Safari/533.18.5"
5.56.16.170 - - [15/Apr/2017:00:25:12 +0200] "GET / HTTP/1.1" 200 9360 "https://www.google.de/" "Mozilla/5.0 (Windows NT 6.1; Win64; x64; rv:52.0) Gecko/20100101 Firefox/52.0"
5.56.16.170 - - [15/Apr/2017:00:25:12 +0200] "GET /main.css HTTP/1.1" 200 1439 "http://www.morusverlag.de/" "Mozilla/5.0 (Windows NT 6.1; Win64; x64; rv:52.0) Gecko/20100101 Firefox/52.0"
5.56.16.170 - - [15/Apr/2017:00:25:12 +0200] "GET /logo_g.gif HTTP/1.1" 200 1301 "http://www.morusverlag.de/" "Mozilla/5.0 (Windows NT 6.1; Win64; x64; rv:52.0) Gecko/20100101 Firefox/52.0"
5.56.16.170 - - [15/Apr/2017:00:25:12 +0200] "GET /mv_g.gif HTTP/1.1" 200 4070 "http://www.morusverlag.de/" "Mozilla/5.0 (Windows NT 6.1; Win64; x64; rv:52.0) Gecko/20100101 Firefox/52.0"
5.56.16.170 - - [15/Apr/2017:00:25:12 +0200] "GET /mv_gr_w.gif HTTP/1.1" 200 2005 "http://www.morusverlag.de/" "Mozilla/5.0 (Windows NT 6.1; Win64; x64; rv:52.0) Gecko/20100101 Firefox/52.0"
5.56.16.170 - - [15/Apr/2017:00:25:12 +0200] "GET /jahrbuch_k.jpg HTTP/1.1" 200 3719 "http://www.morusverlag.de/" "Mozilla/5.0 (Windows NT 6.1; Win64; x64; rv:52.0) Gecko/20100101 Firefox/52.0"
5.56.16.170 - - [15/Apr/2017:00:25:12 +0200] "GET /pf.gif HTTP/1.1" 200 62 "http://www.morusverlag.de/" "Mozilla/5.0 (Windows NT 6.1; Win64; x64; rv:52.0) Gecko/20100101 Firefox/52.0"
5.56.16.170 - - [15/Apr/2017:00:25:12 +0200] "GET /buecher/gesichter.jpg HTTP/1.1" 200 7271 "http://www.morusverlag.de/" "Mozilla/5.0 (Windows NT 6.1; Win64; x64; rv:52.0) Gecko/20100101 Firefox/52.0"
5.56.16.170 - - [15/Apr/2017:00:25:12 +0200] "GET /cds/rosarium_k.jpg HTTP/1.1" 200 3972 "http://www.morusverlag.de/" "Mozilla/5.0 (Windows NT 6.1; Win64; x64; rv:52.0) Gecko/20100101 Firefox/52.0"
5.56.16.170 - - [15/Apr/2017:00:25:12 +0200] "GET /cds/ignatius_k.jpg HTTP/1.1" 200 3965 "http://www.morusverlag.de/" "Mozilla/5.0 (Windows NT 6.1; Win64; x64; rv:52.0) Gecko/20100101 Firefox/52.0"
5.56.16.170 - - [15/Apr/2017:00:25:12 +0200] "GET /cds/hymnos_k.jpg HTTP/1.1" 200 4986 "http://www.morusverlag.de/" "Mozilla/5.0 (Windows NT 6.1; Win64; x64; rv:52.0) Gecko/20100101 Firefox/52.0"
5.56.16.170 - - [15/Apr/2017:00:25:13 +0200] "GET /cds/astazi_k.jpg HTTP/1.1" 200 6049 "http://www.morusverlag.de/" "Mozilla/5.0 (Windows NT 6.1; Win64; x64; rv:52.0) Gecko/20100101 Firefox/52.0"
5.56.16.170 - - [15/Apr/2017:00:25:13 +0200] "GET /gotteslob.jpg HTTP/1.1" 200 9390 "http://www.morusverlag.de/" "Mozilla/5.0 (Windows NT 6.1; Win64; x64; rv:52.0) Gecko/20100101 Firefox/52.0"
5.56.16.170 - - [15/Apr/2017:00:25:13 +0200] "GET /buecher/engel.jpg HTTP/1.1" 200 5414 "http://www.morusverlag.de/" "Mozilla/5.0 (Windows NT 6.1; Win64; x64; rv:52.0) Gecko/20100101 Firefox/52.0"
5.56.16.170 - - [15/Apr/2017:00:25:13 +0200] "GET /buecher/chateaubriand.jpg HTTP/1.1" 200 2272 "http://www.morusverlag.de/" "Mozilla/5.0 (Windows NT 6.1; Win64; x64; rv:52.0) Gecko/20100101 Firefox/52.0"
5.56.16.170 - - [15/Apr/2017:00:25:13 +0200] "GET /buch_k.jpg HTTP/1.1" 200 4591 "http://www.morusverlag.de/" "Mozilla/5.0 (Windows NT 6.1; Win64; x64; rv:52.0) Gecko/20100101 Firefox/52.0"
5.56.16.170 - - [15/Apr/2017:00:25:13 +0200] "GET /strich.gif HTTP/1.1" 200 45 "http://www.morusverlag.de/" "Mozilla/5.0 (Windows NT 6.1; Win64; x64; rv:52.0) Gecko/20100101 Firefox/52.0"
5.56.16.170 - - [15/Apr/2017:00:25:13 +0200] "GET /favicon.ico HTTP/1.1" 200 4286 "-" "Mozilla/5.0 (Windows NT 6.1; Win64; x64; rv:52.0) Gecko/20100101 Firefox/52.0"
182.116.56.7 - - [15/Apr/2017:01:09:19 +0200] "GET / HTTP/1.1" 200 9360 "http://www.morusverlag.de" "Mozilla/5.0 (Windows NT 6.3; WOW64; rv:50.0) Gecko/20100101 Firefox/50.0"
77.75.77.17 - - [15/Apr/2017:01:11:50 +0200] "GET /robots.txt HTTP/1.1" 200 100 "-" "Mozilla/5.0 (compatible; SeznamBot/3.2; +http://napoveda.seznam.cz/en/seznambot-intro/)"
77.75.77.17 - - [15/Apr/2017:01:11:51 +0200] "GET /buecher/gesichter/15.jpg HTTP/1.1" 304 - "-" "Mozilla/5.0 (compatible; SeznamBot/3.2; +http://napoveda.seznam.cz/en/seznambot-intro/)"
180.76.15.159 - - [15/Apr/2017:01:22:53 +0200] "GET / HTTP/1.1" 200 9360 "-" "Mozilla/5.0 (compatible; Baiduspider/2.0; +http://www.baidu.com/search/spider.html)"
180.76.15.12 - - [15/Apr/2017:01:23:07 +0200] "GET / HTTP/1.1" 200 9360 "-" "Mozilla/5.0 (compatible; Baiduspider/2.0; +http://www.baidu.com/search/spider.html)"
136.243.17.161 - - [15/Apr/2017:01:25:26 +0200] "GET /sonderthemen/sk2001.pdf HTTP/1.1" 200 3098589 "-" "Mozilla/5.0 (X11; Ubuntu; Linux armv7l; rv:17.0) Gecko/20100101 Firefox/17.0"
195.133.145.199 - - [15/Apr/2017:01:25:40 +0200] "HEAD / HTTP/1.1" 200 - "https://www.eurostroy.ru/heating/otoplenie-zagorodnogo-doma" "Mozilla/4.0 (compatible; MSIE4.00; Windows 2004)"
194.87.238.17 - - [15/Apr/2017:01:28:14 +0200] "HEAD / HTTP/1.1" 200 - "https://www.vipsiding.ru/" "Mozilla/5.0 (compatible; MSIE4.00; Windows 2003)"
195.133.48.150 - - [15/Apr/2017:01:28:22 +0200] "HEAD / HTTP/1.1" 200 - "http://www.prommax.ru/doska-pola" "Mozilla/8.0 (compatible; MSIE6.00; Windows 2008)"
195.133.147.74 - - [15/Apr/2017:01:31:27 +0200] "HEAD / HTTP/1.1" 200 - "http://smt4.ru/krug-mednyj1.html" "Mozilla/4.0 (compatible; MSIE2.00; Windows 2007)"
66.249.76.57 - - [15/Apr/2017:01:32:48 +0200] "GET /index.html HTTP/1.1" 200 9360 "-" "Mozilla/5.0 (Linux; Android 6.0.1; Nexus 5X Build/MMB29P) AppleWebKit/537.36 (KHTML, like Gecko) Chrome/41.0.2272.96 Mobile Safari/537.36 (compatible; Googlebot/2.1; +http://www.google.com/bot.html)"
193.124.131.168 - - [15/Apr/2017:01:39:37 +0200] "HEAD / HTTP/1.1" 200 - "http://actiodance.ru/razvitie-rebenka-v-tanczax.html" "Mozilla/6.0 (compatible; MSIE5.00; Windows 2005)"
195.133.147.89 - - [15/Apr/2017:01:41:21 +0200] "HEAD / HTTP/1.1" 200 - "http://ssc-liugong.ru/deti" "Mozilla/7.0 (compatible; MSIE6.00; Windows 2004)"
194.87.234.246 - - [15/Apr/2017:01:45:16 +0200] "HEAD / HTTP/1.1" 200 - "http://omega37.su/tuniki-interlok" "Mozilla/7.0 (compatible; MSIE5.00; Windows 2009)"
188.227.18.37 - - [15/Apr/2017:01:48:47 +0200] "HEAD / HTTP/1.1" 200 - "http://www.xn--80ardojfh.kz/catalog/" "Mozilla/7.0 (compatible; MSIE4.00; Windows 2009)"
5.101.78.76 - - [15/Apr/2017:01:49:33 +0200] "HEAD / HTTP/1.1" 200 - "http://www.xn--80ardojfh.kz/catalog/" "Mozilla/2.0 (compatible; MSIE2.00; Windows 2004)"
195.133.147.6 - - [15/Apr/2017:01:50:00 +0200] "HEAD / HTTP/1.1" 200 - "http://samoprozesing.ru/" "Mozilla/3.0 (compatible; MSIE3.00; Windows 2005)"
178.159.39.237 - - [15/Apr/2017:02:10:25 +0200] "HEAD / HTTP/1.1" 200 - "http://www.itservicesthatworkforyou.com/" "Mozilla/7.0 (compatible; MSIE3.00; Windows 2004)"
77.220.213.173 - - [15/Apr/2017:02:10:25 +0200] "HEAD / HTTP/1.1" 200 - "https://www.mosremokna.ru/index.html" "Mozilla/7.0 (compatible; MSIE7.00; Windows 2005)"
185.154.13.6 - - [15/Apr/2017:02:10:28 +0200] "HEAD / HTTP/1.1" 200 - "https://taximoskvi.ru/" "Mozilla/5.0 (compatible; MSIE2.00; Windows 2009)"
66.249.64.97 - - [15/Apr/2017:02:11:47 +0200] "GET /cds/lumina.html HTTP/1.1" 200 9000 "-" "Mozilla/5.0 (Linux; Android 6.0.1; Nexus 5X Build/MMB29P) AppleWebKit/537.36 (KHTML, like Gecko) Chrome/41.0.2272.96 Mobile Safari/537.36 (compatible; Googlebot/2.1; +http://www.google.com/bot.html)"
178.159.43.212 - - [15/Apr/2017:02:14:08 +0200] "HEAD / HTTP/1.1" 200 - "https://domain-seller.com.ru/hosting/shared-windows" "Mozilla/5.0 (compatible; MSIE7.00; Windows 2008)"
188.165.233.228 - - [15/Apr/2017:02:40:50 +0200] "GET /robots.txt HTTP/1.0" 200 100 "-" ""
188.165.233.228 - - [15/Apr/2017:02:40:50 +0200] "GET / HTTP/1.1" 206 9360 "-" "Mozilla/5.0 (X11; U; Linux x86_64; en-US; rv:1.9.2.4) Gecko/20100614 Ubuntu/10.04 (lucid) Firefox/3.6.4"
188.165.233.228 - - [15/Apr/2017:02:40:52 +0200] "GET /buecher/index.html HTTP/1.1" 206 25885 "-" "Mozilla/5.0 (X11; U; Linux x86_64; en-US; rv:1.9.2.4) Gecko/20100614 Ubuntu/10.04 (lucid) Firefox/3.6.4"
188.165.233.228 - - [15/Apr/2017:02:40:54 +0200] "GET /cds/index.html HTTP/1.1" 206 7987 "-" "Mozilla/5.0 (X11; U; Linux x86_64; en-US; rv:1.9.2.4) Gecko/20100614 Ubuntu/10.04 (lucid) Firefox/3.6.4"
188.165.233.228 - - [15/Apr/2017:02:40:56 +0200] "GET /gotteslob/index.html HTTP/1.1" 206 2770 "-" "Mozilla/5.0 (X11; U; Linux x86_64; en-US; rv:1.9.2.4) Gecko/20100614 Ubuntu/10.04 (lucid) Firefox/3.6.4"
188.165.233.228 - - [15/Apr/2017:02:40:58 +0200] "GET /jahrbuch/index.html HTTP/1.1" 206 3956 "-" "Mozilla/5.0 (X11; U; Linux x86_64; en-US; rv:1.9.2.4) Gecko/20100614 Ubuntu/10.04 (lucid) Firefox/3.6.4"
188.165.233.228 - - [15/Apr/2017:02:41:00 +0200] "GET /sonderthemen/index.html HTTP/1.1" 206 7102 "-" "Mozilla/5.0 (X11; U; Linux x86_64; en-US; rv:1.9.2.4) Gecko/20100614 Ubuntu/10.04 (lucid) Firefox/3.6.4"
188.165.233.228 - - [15/Apr/2017:02:41:03 +0200] "GET /kontakt/index.html HTTP/1.1" 206 2896 "-" "Mozilla/5.0 (X11; U; Linux x86_64; en-US; rv:1.9.2.4) Gecko/20100614 Ubuntu/10.04 (lucid) Firefox/3.6.4"
188.165.233.228 - - [15/Apr/2017:02:41:05 +0200] "GET /impressum.html HTTP/1.1" 206 2808 "-" "Mozilla/5.0 (X11; U; Linux x86_64; en-US; rv:1.9.2.4) Gecko/20100614 Ubuntu/10.04 (lucid) Firefox/3.6.4"
188.165.233.228 - - [15/Apr/2017:02:41:07 +0200] "GET /cds/rosarium.html HTTP/1.1" 206 6680 "-" "Mozilla/5.0 (X11; U; Linux x86_64; en-US; rv:1.9.2.4) Gecko/20100614 Ubuntu/10.04 (lucid) Firefox/3.6.4"
188.165.233.228 - - [15/Apr/2017:02:41:09 +0200] "GET /cds/ignatius.html HTTP/1.1" 206 6576 "-" "Mozilla/5.0 (X11; U; Linux x86_64; en-US; rv:1.9.2.4) Gecko/20100614 Ubuntu/10.04 (lucid) Firefox/3.6.4"
188.165.233.228 - - [15/Apr/2017:02:41:11 +0200] "GET /cds/hymnos_akathistos.html HTTP/1.1" 206 11061 "-" "Mozilla/5.0 (X11; U; Linux x86_64; en-US; rv:1.9.2.4) Gecko/20100614 Ubuntu/10.04 (lucid) Firefox/3.6.4"
188.165.233.228 - - [15/Apr/2017:02:41:13 +0200] "GET /buecher/rezensionen_chateaubriand.html HTTP/1.1" 206 47317 "-" "Mozilla/5.0 (X11; U; Linux x86_64; en-US; rv:1.9.2.4) Gecko/20100614 Ubuntu/10.04 (lucid) Firefox/3.6.4"
188.165.233.228 - - [15/Apr/2017:02:41:15 +0200] "GET /buecher/veroeffentlichungsliste.html HTTP/1.1" 206 129779 "-" "Mozilla/5.0 (X11; U; Linux x86_64; en-US; rv:1.9.2.4) Gecko/20100614 Ubuntu/10.04 (lucid) Firefox/3.6.4"
188.165.233.228 - - [15/Apr/2017:02:41:17 +0200] "GET /index.html HTTP/1.1" 206 9360 "-" "Mozilla/5.0 (X11; U; Linux x86_64; en-US; rv:1.9.2.4) Gecko/20100614 Ubuntu/10.04 (lucid) Firefox/3.6.4"
188.165.233.228 - - [15/Apr/2017:02:41:19 +0200] "GET /buecher/bestellung.php HTTP/1.1" 200 10142 "-" "Mozilla/5.0 (X11; U; Linux x86_64; en-US; rv:1.9.2.4) Gecko/20100614 Ubuntu/10.04 (lucid) Firefox/3.6.4"
188.165.233.228 - - [15/Apr/2017:02:41:21 +0200] "GET /buecher/rezensionen_psalmen.html HTTP/1.1" 206 6787 "-" "Mozilla/5.0 (X11; U; Linux x86_64; en-US; rv:1.9.2.4) Gecko/20100614 Ubuntu/10.04 (lucid) Firefox/3.6.4"
188.165.233.228 - - [15/Apr/2017:02:41:23 +0200] "GET /buecher/rezensionen_engel.html HTTP/1.1" 206 6598 "-" "Mozilla/5.0 (X11; U; Linux x86_64; en-US; rv:1.9.2.4) Gecko/20100614 Ubuntu/10.04 (lucid) Firefox/3.6.4"
188.165.233.228 - - [15/Apr/2017:02:41:25 +0200] "GET /buecher/diskussion.html HTTP/1.1" 206 9925 "-" "Mozilla/5.0 (X11; U; Linux x86_64; en-US; rv:1.9.2.4) Gecko/20100614 Ubuntu/10.04 (lucid) Firefox/3.6.4"
188.165.233.228 - - [15/Apr/2017:02:41:27 +0200] "GET /buecher/rezensionen_le_saulchoir.html HTTP/1.1" 206 34009 "-" "Mozilla/5.0 (X11; U; Linux x86_64; en-US; rv:1.9.2.4) Gecko/20100614 Ubuntu/10.04 (lucid) Firefox/3.6.4"
188.165.233.228 - - [15/Apr/2017:02:41:30 +0200] "GET /buecher/rezensionen_krise_zum_heil.html HTTP/1.1" 206 9828 "-" "Mozilla/5.0 (X11; U; Linux x86_64; en-US; rv:1.9.2.4) Gecko/20100614 Ubuntu/10.04 (lucid) Firefox/3.6.4"
188.165.233.228 - - [15/Apr/2017:02:41:32 +0200] "GET /buecher/rezensionen_nicht_auf_sand_gebaut.html HTTP/1.1" 206 6594 "-" "Mozilla/5.0 (X11; U; Linux x86_64; en-US; rv:1.9.2.4) Gecko/20100614 Ubuntu/10.04 (lucid) Firefox/3.6.4"
188.165.233.228 - - [15/Apr/2017:02:41:34 +0200] "GET /buecher/rezensionen_leiblichkeit_und_zeitlichkeit.html HTTP/1.1" 206 8821 "-" "Mozilla/5.0 (X11; U; Linux x86_64; en-US; rv:1.9.2.4) Gecko/20100614 Ubuntu/10.04 (lucid) Firefox/3.6.4"
188.165.233.228 - - [15/Apr/2017:02:41:36 +0200] "GET /buecher/rezensionen_preysing.html HTTP/1.1" 206 9502 "-" "Mozilla/5.0 (X11; U; Linux x86_64; en-US; rv:1.9.2.4) Gecko/20100614 Ubuntu/10.04 (lucid) Firefox/3.6.4"
188.165.233.228 - - [15/Apr/2017:02:41:38 +0200] "GET /cds/glockenspiel1.html HTTP/1.1" 206 9736 "-" "Mozilla/5.0 (X11; U; Linux x86_64; en-US; rv:1.9.2.4) Gecko/20100614 Ubuntu/10.04 (lucid) Firefox/3.6.4"
188.165.233.228 - - [15/Apr/2017:02:41:40 +0200] "GET /cds/glockenspiel2.html HTTP/1.1" 206 9831 "-" "Mozilla/5.0 (X11; U; Linux x86_64; en-US; rv:1.9.2.4) Gecko/20100614 Ubuntu/10.04 (lucid) Firefox/3.6.4"
188.165.233.228 - - [15/Apr/2017:02:41:42 +0200] "GET /cds/lumina.html HTTP/1.1" 206 9000 "-" "Mozilla/5.0 (X11; U; Linux x86_64; en-US; rv:1.9.2.4) Gecko/20100614 Ubuntu/10.04 (lucid) Firefox/3.6.4"
188.165.233.228 - - [15/Apr/2017:02:41:44 +0200] "GET /cds/astazi.html HTTP/1.1" 206 8453 "-" "Mozilla/5.0 (X11; U; Linux x86_64; en-US; rv:1.9.2.4) Gecko/20100614 Ubuntu/10.04 (lucid) Firefox/3.6.4"
188.165.233.228 - - [15/Apr/2017:02:41:46 +0200] "GET /jahrbuch/titelseiten/index.html HTTP/1.1" 206 6735 "-" "Mozilla/5.0 (X11; U; Linux x86_64; en-US; rv:1.9.2.4) Gecko/20100614 Ubuntu/10.04 (lucid) Firefox/3.6.4"
188.165.233.228 - - [15/Apr/2017:02:41:48 +0200] "GET /jahrbuch/bestellung.php HTTP/1.1" 200 10316 "-" "Mozilla/5.0 (X11; U; Linux x86_64; en-US; rv:1.9.2.4) Gecko/20100614 Ubuntu/10.04 (lucid) Firefox/3.6.4"
188.165.233.228 - - [15/Apr/2017:02:41:50 +0200] "GET /sonderthemen/archiv.html HTTP/1.1" 206 6959 "-" "Mozilla/5.0 (X11; U; Linux x86_64; en-US; rv:1.9.2.4) Gecko/20100614 Ubuntu/10.04 (lucid) Firefox/3.6.4"
188.165.233.228 - - [15/Apr/2017:02:41:52 +0200] "GET /sonderthemen/presse.html HTTP/1.1" 206 5772 "-" "Mozilla/5.0 (X11; U; Linux x86_64; en-US; rv:1.9.2.4) Gecko/20100614 Ubuntu/10.04 (lucid) Firefox/3.6.4"
188.165.233.228 - - [15/Apr/2017:02:41:54 +0200] "GET /buecher/rezensionen_ignatius.html HTTP/1.1" 206 8182 "-" "Mozilla/5.0 (X11; U; Linux x86_64; en-US; rv:1.9.2.4) Gecko/20100614 Ubuntu/10.04 (lucid) Firefox/3.6.4"
188.165.233.228 - - [15/Apr/2017:02:41:56 +0200] "GET /buecher/rezensionen.html HTTP/1.1" 206 6964 "-" "Mozilla/5.0 (X11; U; Linux x86_64; en-US; rv:1.9.2.4) Gecko/20100614 Ubuntu/10.04 (lucid) Firefox/3.6.4"
188.165.233.228 - - [15/Apr/2017:02:41:58 +0200] "GET /buecher/rezensionen_ungeteilt.html HTTP/1.1" 206 9764 "-" "Mozilla/5.0 (X11; U; Linux x86_64; en-US; rv:1.9.2.4) Gecko/20100614 Ubuntu/10.04 (lucid) Firefox/3.6.4"
40.77.167.20 - - [15/Apr/2017:02:45:51 +0200] "GET / HTTP/1.1" 200 9360 "-" "Mozilla/5.0 (compatible; bingbot/2.0; +http://www.bing.com/bingbot.htm)"
66.249.76.57 - - [15/Apr/2017:02:46:36 +0200] "GET /cds/astazi.html HTTP/1.1" 200 8453 "-" "Mozilla/5.0 (Linux; Android 6.0.1; Nexus 5X Build/MMB29P) AppleWebKit/537.36 (KHTML, like Gecko) Chrome/41.0.2272.96 Mobile Safari/537.36 (compatible; Googlebot/2.1; +http://www.google.com/bot.html)"
85.25.210.41 - - [15/Apr/2017:03:14:55 +0200] "GET /robots.txt HTTP/1.1" 200 100 "-" "Mozilla/5.0 (compatible; seoscanners.net/1; +spider@seoscanners.net)"
85.25.210.41 - - [15/Apr/2017:03:14:55 +0200] "GET /sonderthemen/akademieprogramm/04/pro_zei_04_s15.pdf HTTP/1.1" 404 2381 "-" "Mozilla/5.0 (compatible; seoscanners.net/1; +spider@seoscanners.net)"
66.249.76.57 - - [15/Apr/2017:03:24:36 +0200] "GET /cds/glockenspiel1.html HTTP/1.1" 200 9736 "-" "Mozilla/5.0 (Linux; Android 6.0.1; Nexus 5X Build/MMB29P) AppleWebKit/537.36 (KHTML, like Gecko) Chrome/41.0.2272.96 Mobile Safari/537.36 (compatible; Googlebot/2.1; +http://www.google.com/bot.html)"
207.46.13.19 - - [15/Apr/2017:03:35:29 +0200] "GET /buecher/ungeteilt_im_geteilten.jpg HTTP/1.1" 200 4297 "-" "Mozilla/5.0 (compatible; bingbot/2.0; +http://www.bing.com/bingbot.htm)"
66.249.76.57 - - [15/Apr/2017:03:55:04 +0200] "GET /cds/glockenspiel2.html HTTP/1.1" 200 9831 "-" "Mozilla/5.0 (Linux; Android 6.0.1; Nexus 5X Build/MMB29P) AppleWebKit/537.36 (KHTML, like Gecko) Chrome/41.0.2272.96 Mobile Safari/537.36 (compatible; Googlebot/2.1; +http://www.google.com/bot.html)"
5.9.94.207 - - [15/Apr/2017:04:07:53 +0200] "GET /sonderthemen/sk2000.pdf HTTP/1.1" 200 2925489 "-" "Mozilla/5.0 (Macintosh; Intel Mac OS X 10_8_2) AppleWebKit/536.26.17 (KHTML, like Gecko) Version/6.0.2 Safari/536.26.17"
62.138.0.25 - - [15/Apr/2017:04:11:37 +0200] "GET /robots.txt HTTP/1.1" 200 100 "-" "Mozilla/5.0 (compatible; seoscanners.net/1; +spider@seoscanners.net)"
62.138.0.25 - - [15/Apr/2017:04:11:37 +0200] "GET /sonderthemen/oekt_extra3.pdf HTTP/1.1" 200 2109745 "-" "Mozilla/5.0 (compatible; seoscanners.net/1; +spider@seoscanners.net)"
207.46.13.140 - - [15/Apr/2017:04:28:23 +0200] "GET /buecher/gesichter/14.jpg HTTP/1.1" 200 7847 "-" "Mozilla/5.0 (compatible; bingbot/2.0; +http://www.bing.com/bingbot.htm)"
77.75.79.54 - - [15/Apr/2017:04:30:04 +0200] "GET /robots.txt HTTP/1.1" 200 100 "-" "Mozilla/5.0 (compatible; SeznamBot/3.2; +http://napoveda.seznam.cz/en/seznambot-intro/)"
77.75.79.54 - - [15/Apr/2017:04:30:04 +0200] "GET /buecher/gesichter/05.jpg HTTP/1.1" 304 - "-" "Mozilla/5.0 (compatible; SeznamBot/3.2; +http://napoveda.seznam.cz/en/seznambot-intro/)"
5.9.17.118 - - [15/Apr/2017:04:35:39 +0200] "GET /sonderthemen/oekz2003.pdf HTTP/1.1" 200 4017017 "-" "Mozilla/5.0 (X11; Ubuntu; Linux i686; rv:14.0) Gecko/20100101 Firefox/14.0.1"
207.46.13.140 - - [15/Apr/2017:04:35:54 +0200] "GET /sonderthemen/radioparadiso.gif HTTP/1.1" 200 934 "-" "Mozilla/5.0 (compatible; bingbot/2.0; +http://www.bing.com/bingbot.htm)"
5.9.112.6 - - [15/Apr/2017:04:42:24 +0200] "GET /sonderthemen/oekt_extra3.pdf HTTP/1.1" 200 2109745 "-" "Mozilla/5.0 (Windows NT 6.1; WOW64; rv:21.0) Gecko/20100101 Firefox/21.0"
65.55.218.55 - - [15/Apr/2017:04:44:00 +0200] "GET /buecher/index.html HTTP/1.1" 200 25885 "-" "Mozilla/5.0 (compatible; MSIE 9.0; Windows NT 6.0; Trident/5.0; Trident/5.0)"
65.55.218.55 - - [15/Apr/2017:04:44:02 +0200] "GET /main.css HTTP/1.1" 200 1439 "http://www.morusverlag.de/buecher/index.html" "Mozilla/5.0 (compatible; MSIE 9.0; Windows NT 6.0; Trident/5.0; Trident/5.0)"
65.55.212.71 - - [15/Apr/2017:04:44:02 +0200] "GET /contentflow/contentflow.js HTTP/1.1" 200 42064 "http://www.morusverlag.de/buecher/index.html" "Mozilla/5.0 (compatible; MSIE 9.0; Windows NT 6.0; Trident/5.0; Trident/5.0)"
65.55.218.55 - - [15/Apr/2017:04:44:11 +0200] "GET /contentflow/mycontentflow.css HTTP/1.1" 404 2381 "http://www.morusverlag.de/buecher/index.html" "Mozilla/5.0 (compatible; MSIE 9.0; Windows NT 6.0; Trident/5.0; Trident/5.0)"
65.55.212.71 - - [15/Apr/2017:04:44:11 +0200] "GET /contentflow/contentflow.css HTTP/1.1" 200 3109 "http://www.morusverlag.de/buecher/index.html" "Mozilla/5.0 (compatible; MSIE 9.0; Windows NT 6.0; Trident/5.0; Trident/5.0)"
65.55.212.71 - - [15/Apr/2017:04:44:12 +0200] "GET /contentflow/ContentFlowAddOn_white.js HTTP/1.1" 200 471 "http://www.morusverlag.de/buecher/index.html" "Mozilla/5.0 (compatible; MSIE 9.0; Windows NT 6.0; Trident/5.0; Trident/5.0)"
65.55.212.71 - - [15/Apr/2017:04:44:14 +0200] "GET /contentflow/ContentFlowAddOn_white.css HTTP/1.1" 200 3174 "http://www.morusverlag.de/buecher/index.html" "Mozilla/5.0 (compatible; MSIE 9.0; Windows NT 6.0; Trident/5.0; Trident/5.0)"
195.133.145.199 - - [15/Apr/2017:04:45:52 +0200] "HEAD / HTTP/1.1" 200 - "https://www.eurostroy.ru/calc/electric" "Mozilla/2.0 (compatible; MSIE2.00; Windows 2009)"
194.87.238.17 - - [15/Apr/2017:04:45:52 +0200] "HEAD / HTTP/1.1" 200 - "https://www.vipsiding.ru/products-page/savewood-vinyl/" "Mozilla/5.0 (compatible; MSIE6.00; Windows 2006)"
195.133.48.150 - - [15/Apr/2017:04:46:29 +0200] "HEAD / HTTP/1.1" 200 - "http://www.prommax.ru/doska-strogannaya-kompanii-prommaks" "Mozilla/8.0 (compatible; MSIE7.00; Windows 2008)"
195.133.147.74 - - [15/Apr/2017:04:53:19 +0200] "HEAD / HTTP/1.1" 200 - "http://smt4.ru/krug-nerzhaveyushhij.html" "Mozilla/8.0 (compatible; MSIE3.00; Windows 2003)"
193.1.218.163 - - [15/Apr/2017:04:53:45 +0200] "HEAD / HTTP/1.1" 200 - "-" "Java/1.6.0_23"
66.249.69.135 - - [15/Apr/2017:04:59:20 +0200] "GET /buecher/bestellung.php HTTP/1.1" 200 10142 "-" "Mozilla/5.0 (Linux; Android 6.0.1; Nexus 5X Build/MMB29P) AppleWebKit/537.36 (KHTML, like Gecko) Chrome/41.0.2272.96 Mobile Safari/537.36 (compatible; Googlebot/2.1; +http://www.google.com/bot.html)"
88.99.27.172 - - [15/Apr/2017:05:07:41 +0200] "GET /sonderthemen/sk2004.pdf HTTP/1.1" 200 1967215 "-" "Mozilla/5.0 (Windows NT 5.1; rv:21.0) Gecko/20130401 Firefox/21.0"
193.124.131.168 - - [15/Apr/2017:05:10:56 +0200] "HEAD / HTTP/1.1" 200 - "http://actiodance.ru/kontemporari.html" "Mozilla/7.0 (compatible; MSIE3.00; Windows 2006)"
188.227.18.37 - - [15/Apr/2017:05:12:27 +0200] "HEAD / HTTP/1.1" 200 - "http://www.xn--80ardojfh.kz/catalog/" "Mozilla/5.0 (compatible; MSIE7.00; Windows 2005)"
5.101.78.76 - - [15/Apr/2017:05:15:57 +0200] "HEAD / HTTP/1.1" 200 - "http://www.xn--80ardojfh.kz/catalog/" "Mozilla/7.0 (compatible; MSIE6.00; Windows 2005)"
195.133.147.89 - - [15/Apr/2017:05:22:07 +0200] "HEAD / HTTP/1.1" 200 - "http://ssc-liugong.ru/beremennost" "Mozilla/5.0 (compatible; MSIE3.00; Windows 2009)"
180.76.15.11 - - [15/Apr/2017:05:26:47 +0200] "GET / HTTP/1.1" 200 9360 "-" "Mozilla/5.0 (compatible; Baiduspider/2.0; +http://www.baidu.com/search/spider.html)"
66.249.69.132 - - [15/Apr/2017:05:26:54 +0200] "GET /sonderthemen/sk2004.pdf HTTP/1.1" 200 1967215 "-" "Mozilla/5.0 (Linux; Android 6.0.1; Nexus 5X Build/MMB29P) AppleWebKit/537.36 (KHTML, like Gecko) Chrome/41.0.2272.96 Mobile Safari/537.36 (compatible; Googlebot/2.1; +http://www.google.com/bot.html)"
180.76.15.136 - - [15/Apr/2017:05:27:10 +0200] "GET / HTTP/1.1" 200 9360 "-" "Mozilla/5.0 (compatible; Baiduspider/2.0; +http://www.baidu.com/search/spider.html)"
194.87.234.246 - - [15/Apr/2017:05:36:03 +0200] "HEAD / HTTP/1.1" 200 - "http://omega37.su/domashniy-tekstil/dlya-kuhni/salfetki" "Mozilla/8.0 (compatible; MSIE7.00; Windows 2004)"
195.133.147.6 - - [15/Apr/2017:05:44:16 +0200] "HEAD / HTTP/1.1" 200 - "http://samoprozesing.ru/" "Mozilla/2.0 (compatible; MSIE4.00; Windows 2007)"
66.249.69.135 - - [15/Apr/2017:05:53:26 +0200] "GET /cds/simplay_control.swf HTTP/1.1" 200 1243 "-" "Mozilla/5.0 (Linux; Android 6.0.1; Nexus 5X Build/MMB29P) AppleWebKit/537.36 (KHTML, like Gecko) Chrome/41.0.2272.96 Mobile Safari/537.36 (compatible; Googlebot/2.1; +http://www.google.com/bot.html)"
77.75.76.167 - - [15/Apr/2017:05:59:08 +0200] "GET /robots.txt HTTP/1.1" 200 100 "-" "Mozilla/5.0 (compatible; SeznamBot/3.2; +http://napoveda.seznam.cz/en/seznambot-intro/)"
77.75.76.167 - - [15/Apr/2017:05:59:09 +0200] "GET /gotteslob.jpg HTTP/1.1" 304 - "-" "Mozilla/5.0 (compatible; SeznamBot/3.2; +http://napoveda.seznam.cz/en/seznambot-intro/)"
66.249.69.135 - - [15/Apr/2017:06:20:02 +0200] "GET /sonderthemen/az2003.pdf HTTP/1.1" 200 4864675 "-" "Mozilla/5.0 (Linux; Android 6.0.1; Nexus 5X Build/MMB29P) AppleWebKit/537.36 (KHTML, like Gecko) Chrome/41.0.2272.96 Mobile Safari/537.36 (compatible; Googlebot/2.1; +http://www.google.com/bot.html)"
77.220.213.173 - - [15/Apr/2017:06:24:26 +0200] "HEAD / HTTP/1.1" 200 - "https://www.mosremokna.ru/index.html" "Mozilla/4.0 (compatible; MSIE6.00; Windows 2007)"
178.159.39.237 - - [15/Apr/2017:06:24:26 +0200] "HEAD / HTTP/1.1" 200 - "http://www.itservicesthatworkforyou.com/" "Mozilla/5.0 (compatible; MSIE6.00; Windows 2002)"
185.154.13.6 - - [15/Apr/2017:06:24:26 +0200] "HEAD / HTTP/1.1" 200 - "https://taximoskvi.ru/contact.html" "Mozilla/7.0 (compatible; MSIE6.00; Windows 2002)"
178.159.43.212 - - [15/Apr/2017:06:35:16 +0200] "HEAD / HTTP/1.1" 200 - "https://domain-seller.com.ru/support" "Mozilla/8.0 (compatible; MSIE4.00; Windows 2005)"
66.249.69.135 - - [15/Apr/2017:06:49:02 +0200] "GET /buecher/diskussion.html HTTP/1.1" 200 9925 "-" "Mozilla/5.0 (Linux; Android 6.0.1; Nexus 5X Build/MMB29P) AppleWebKit/537.36 (KHTML, like Gecko) Chrome/41.0.2272.96 Mobile Safari/537.36 (compatible; Googlebot/2.1; +http://www.google.com/bot.html)"
195.154.146.17 - - [15/Apr/2017:07:06:54 +0200] "GET /robots.txt HTTP/1.1" 200 100 "-" "Mozilla/5.0 (compatible; MJ12bot/v1.4.7; http://mj12bot.com/)"
195.154.146.17 - - [15/Apr/2017:07:07:05 +0200] "GET /buecher/rezensionen_ungeteilt.html HTTP/1.1" 200 9764 "-" "Mozilla/5.0 (compatible; MJ12bot/v1.4.7; http://mj12bot.com/)"
66.249.69.132 - - [15/Apr/2017:07:21:02 +0200] "GET /sonderthemen/presse.html HTTP/1.1" 200 5772 "-" "Mozilla/5.0 (Linux; Android 6.0.1; Nexus 5X Build/MMB29P) AppleWebKit/537.36 (KHTML, like Gecko) Chrome/41.0.2272.96 Mobile Safari/537.36 (compatible; Googlebot/2.1; +http://www.google.com/bot.html)"
5.9.112.6 - - [15/Apr/2017:07:37:17 +0200] "GET /sonderthemen/oekt_extra2.pdf HTTP/1.1" 200 1939949 "-" "Mozilla/5.0 (Windows NT 6.2; rv:16.0) Gecko/20100101 Firefox/16.0"
40.77.169.102 - - [15/Apr/2017:07:44:36 +0200] "GET /cds/hymnos_akathistos.html HTTP/1.1" 200 11061 "-" "Mozilla/5.0 (Windows NT 10.0; WOW64) AppleWebKit/537.36 (KHTML, like Gecko) Chrome/52.0.2743.116 Safari/537.36"
66.249.69.135 - - [15/Apr/2017:07:47:44 +0200] "GET /sonderthemen/archiv.html HTTP/1.1" 200 6959 "-" "Mozilla/5.0 (Linux; Android 6.0.1; Nexus 5X Build/MMB29P) AppleWebKit/537.36 (KHTML, like Gecko) Chrome/41.0.2272.96 Mobile Safari/537.36 (compatible; Googlebot/2.1; +http://www.google.com/bot.html)"
78.46.156.169 - - [15/Apr/2017:07:54:33 +0200] "GET /sonderthemen/oeaz2001.pdf HTTP/1.1" 200 4496626 "-" "Mozilla/5.0 (Macintosh; Intel Mac OS X 10_6_8) AppleWebKit/534.58.2 (KHTML, like Gecko) Version/5.1.8 Safari/534.58.2"
180.76.15.11 - - [15/Apr/2017:07:55:51 +0200] "GET /sonderthemen/az1999.pdf HTTP/1.1" 200 1842982 "-" "Mozilla/5.0 (compatible; Baiduspider/2.0; +http://www.baidu.com/search/spider.html)"
5.9.112.6 - - [15/Apr/2017:08:04:17 +0200] "GET /sonderthemen/oeaz2001.pdf HTTP/1.1" 200 4496626 "-" "Mozilla/5.0 (Windows NT 6.1; WOW64) AppleWebKit/537.36 (KHTML, like Gecko) Chrome/27.0.1453.93 Safari/537.36"
195.133.145.199 - - [15/Apr/2017:08:07:24 +0200] "HEAD / HTTP/1.1" 200 - "https://www.eurostroy.ru/pools/iskusstvennoe-techenie-endless-pools-fastlane" "Mozilla/6.0 (compatible; MSIE4.00; Windows 2009)"
194.87.238.17 - - [15/Apr/2017:08:07:29 +0200] "HEAD / HTTP/1.1" 200 - "https://www.vipsiding.ru/products-page/alta-profil/" "Mozilla/3.0 (compatible; MSIE6.00; Windows 2003)"
195.133.48.150 - - [15/Apr/2017:08:07:48 +0200] "HEAD / HTTP/1.1" 200 - "http://www.prommax.ru/doska-strogannaya" "Mozilla/7.0 (compatible; MSIE5.00; Windows 2009)"
66.249.69.132 - - [15/Apr/2017:08:16:13 +0200] "GET /sonderthemen/oekz2003.pdf HTTP/1.1" 200 4017017 "-" "Mozilla/5.0 (Linux; Android 6.0.1; Nexus 5X Build/MMB29P) AppleWebKit/537.36 (KHTML, like Gecko) Chrome/41.0.2272.96 Mobile Safari/537.36 (compatible; Googlebot/2.1; +http://www.google.com/bot.html)"
195.133.147.74 - - [15/Apr/2017:08:21:29 +0200] "HEAD / HTTP/1.1" 200 - "http://smt4.ru/provoloka-mednaya.html" "Mozilla/2.0 (compatible; MSIE4.00; Windows 2005)"
136.243.36.98 - - [15/Apr/2017:08:32:05 +0200] "GET /robots.txt HTTP/1.1" 200 100 "-" "Mozilla/5.0 (compatible; BLEXBot/1.0; +http://webmeup-crawler.com/)"
136.243.36.98 - - [15/Apr/2017:08:32:05 +0200] "GET / HTTP/1.1" 200 9360 "-" "Mozilla/5.0 (compatible; BLEXBot/1.0; +http://webmeup-crawler.com/)"
136.243.36.98 - - [15/Apr/2017:08:32:16 +0200] "GET /buecher/index.html HTTP/1.1" 200 25885 "-" "Mozilla/5.0 (compatible; BLEXBot/1.0; +http://webmeup-crawler.com/)"
136.243.36.98 - - [15/Apr/2017:08:32:25 +0200] "GET /buecher/rezensionen_chateaubriand.html HTTP/1.1" 200 47317 "-" "Mozilla/5.0 (compatible; BLEXBot/1.0; +http://webmeup-crawler.com/)"
136.243.36.98 - - [15/Apr/2017:08:32:31 +0200] "GET /buecher/veroeffentlichungsliste.html HTTP/1.1" 200 129779 "-" "Mozilla/5.0 (compatible; BLEXBot/1.0; +http://webmeup-crawler.com/)"
136.243.36.98 - - [15/Apr/2017:08:32:39 +0200] "GET /cds/hymnos_akathistos.html HTTP/1.1" 200 11061 "-" "Mozilla/5.0 (compatible; BLEXBot/1.0; +http://webmeup-crawler.com/)"
136.243.36.98 - - [15/Apr/2017:08:32:44 +0200] "GET /cds/ignatius.html HTTP/1.1" 200 6576 "-" "Mozilla/5.0 (compatible; BLEXBot/1.0; +http://webmeup-crawler.com/)"
136.243.36.98 - - [15/Apr/2017:08:32:49 +0200] "GET /cds/index.html HTTP/1.1" 200 7987 "-" "Mozilla/5.0 (compatible; BLEXBot/1.0; +http://webmeup-crawler.com/)"
136.243.36.98 - - [15/Apr/2017:08:32:54 +0200] "GET /cds/rosarium.html HTTP/1.1" 200 6680 "-" "Mozilla/5.0 (compatible; BLEXBot/1.0; +http://webmeup-crawler.com/)"
136.243.36.98 - - [15/Apr/2017:08:33:01 +0200] "GET /gotteslob/index.html HTTP/1.1" 200 2770 "-" "Mozilla/5.0 (compatible; BLEXBot/1.0; +http://webmeup-crawler.com/)"
136.243.36.98 - - [15/Apr/2017:08:33:09 +0200] "GET /impressum.html HTTP/1.1" 200 2808 "-" "Mozilla/5.0 (compatible; BLEXBot/1.0; +http://webmeup-crawler.com/)"
136.243.36.98 - - [15/Apr/2017:08:33:16 +0200] "GET /jahrbuch/index.html HTTP/1.1" 200 3956 "-" "Mozilla/5.0 (compatible; BLEXBot/1.0; +http://webmeup-crawler.com/)"
