5.104.91.175 - - [02/Apr/2017:13:13:34 +0200] "GET /cds/simplaydata/controlskins/default/handle.jpg HTTP/1.1" 200 387 "http://www.morusverlag.de/cds/hymnos_akathistos.html" "Mozilla/5.0 (Macintosh; Intel Mac OS X 10_8_5) AppleWebKit/537.36 (KHTML, like Gecko) Chrome/49.0.2623.112 Safari/537.36"
5.104.91.175 - - [02/Apr/2017:13:13:34 +0200] "GET /cds/simplaydata/controlskins/default/on.jpg HTTP/1.1" 200 986 "http://www.morusverlag.de/cds/hymnos_akathistos.html" "Mozilla/5.0 (Macintosh; Intel Mac OS X 10_8_5) AppleWebKit/537.36 (KHTML, like Gecko) Chrome/49.0.2623.112 Safari/537.36"
5.104.91.175 - - [02/Apr/2017:13:13:34 +0200] "GET /cds/simplaydata/controlskins/default/off.jpg HTTP/1.1" 200 608 "http://www.morusverlag.de/cds/hymnos_akathistos.html" "Mozilla/5.0 (Macintosh; Intel Mac OS X 10_8_5) AppleWebKit/537.36 (KHTML, like Gecko) Chrome/49.0.2623.112 Safari/537.36"
5.255.251.7 - - [02/Apr/2017:13:15:22 +0200] "GET /key/ASWD56425CSA HTTP/1.1" 404 2381 "-" "Mozilla/5.0 (compatible; YandexBot/3.0; +http://yandex.com/bots)"
5.255.251.2 - - [02/Apr/2017:13:21:05 +0200] "GET /sonderthemen/presse.html HTTP/1.1" 200 5772 "-" "Mozilla/5.0 (compatible; YandexBot/3.0; +http://yandex.com/bots)"
180.76.15.10 - - [02/Apr/2017:13:24:27 +0200] "GET / HTTP/1.1" 200 9360 "-" "Mozilla/5.0 (compatible; Baiduspider/2.0; +http://www.baidu.com/search/spider.html)"
180.76.15.28 - - [02/Apr/2017:13:24:46 +0200] "GET / HTTP/1.1" 200 9360 "-" "Mozilla/5.0 (compatible; Baiduspider/2.0; +http://www.baidu.com/search/spider.html)"
88.99.27.172 - - [02/Apr/2017:13:30:26 +0200] "GET /sonderthemen/oeaz2001.pdf HTTP/1.1" 200 4496626 "-" "Mozilla/5.0 (Windows NT 5.0; rv:21.0) Gecko/20100101 Firefox/21.0"
87.250.244.26 - - [02/Apr/2017:13:43:31 +0200] "GET /impressum.html HTTP/1.1" 200 2808 "-" "Mozilla/5.0 (compatible; YandexBot/3.0; +http://yandex.com/bots)"
5.255.251.7 - - [02/Apr/2017:13:45:55 +0200] "GET /cds/hymnos_akathistos.html HTTP/1.1" 200 11061 "-" "Mozilla/5.0 (compatible; YandexBot/3.0; +http://yandex.com/bots)"
66.249.75.137 - - [02/Apr/2017:14:03:56 +0200] "GET /buecher/rezensionen_engel.html HTTP/1.1" 200 6598 "-" "Mozilla/5.0 (Linux; Android 6.0.1; Nexus 5X Build/MMB29P) AppleWebKit/537.36 (KHTML, like Gecko) Chrome/41.0.2272.96 Mobile Safari/537.36 (compatible; Googlebot/2.1; +http://www.google.com/bot.html)"
66.249.75.137 - - [02/Apr/2017:14:03:56 +0200] "GET /robots.txt HTTP/1.1" 200 100 "-" "Mozilla/5.0 (compatible; Googlebot/2.1; +http://www.google.com/bot.html)"
62.138.0.25 - - [02/Apr/2017:14:06:46 +0200] "GET /robots.txt HTTP/1.1" 200 100 "-" "Mozilla/5.0 (compatible; seoscanners.net/1; +spider@seoscanners.net)"
62.138.0.25 - - [02/Apr/2017:14:06:46 +0200] "GET /sonderthemen/sk2004_sz.jpg HTTP/1.1" 200 17884 "-" "Mozilla/5.0 (compatible; seoscanners.net/1; +spider@seoscanners.net)"
5.255.251.7 - - [02/Apr/2017:14:07:34 +0200] "GET / HTTP/1.1" 200 9360 "-" "Mozilla/5.0 (compatible; YandexBot/3.0; +http://yandex.com/bots)"
62.138.0.25 - - [02/Apr/2017:14:25:51 +0200] "GET /sonderthemen/wichern.jpg HTTP/1.1" 200 1994 "-" "Mozilla/5.0 (compatible; seoscanners.net/1; +spider@seoscanners.net)"
85.25.210.41 - - [02/Apr/2017:14:27:17 +0200] "GET /robots.txt HTTP/1.1" 200 100 "-" "Mozilla/5.0 (compatible; seoscanners.net/1; +spider@seoscanners.net)"
85.25.210.41 - - [02/Apr/2017:14:27:17 +0200] "GET /buecher/schenuit.jpg HTTP/1.1" 200 2024 "-" "Mozilla/5.0 (compatible; seoscanners.net/1; +spider@seoscanners.net)"
5.255.251.7 - - [02/Apr/2017:14:27:26 +0200] "GET /kontakt/index.html HTTP/1.1" 200 2896 "-" "Mozilla/5.0 (compatible; YandexBot/3.0; +http://yandex.com/bots)"
66.249.75.141 - - [02/Apr/2017:14:27:33 +0200] "GET /buecher/rezensionen_psalmen.html HTTP/1.1" 200 6787 "-" "Mozilla/5.0 (Linux; Android 6.0.1; Nexus 5X Build/MMB29P) AppleWebKit/537.36 (KHTML, like Gecko) Chrome/41.0.2272.96 Mobile Safari/537.36 (compatible; Googlebot/2.1; +http://www.google.com/bot.html)"
66.249.75.141 - - [02/Apr/2017:14:52:34 +0200] "GET /buecher/rezensionen_preysing.html HTTP/1.1" 200 9502 "-" "Mozilla/5.0 (Linux; Android 6.0.1; Nexus 5X Build/MMB29P) AppleWebKit/537.36 (KHTML, like Gecko) Chrome/41.0.2272.96 Mobile Safari/537.36 (compatible; Googlebot/2.1; +http://www.google.com/bot.html)"
5.255.251.7 - - [02/Apr/2017:14:55:01 +0200] "GET /cds/rosarium.html HTTP/1.1" 200 6680 "-" "Mozilla/5.0 (compatible; YandexBot/3.0; +http://yandex.com/bots)"
5.9.106.81 - - [02/Apr/2017:15:01:25 +0200] "GET /sonderthemen/oekz2003.pdf HTTP/1.1" 200 4017017 "-" "Mozilla/5.0 (Windows NT 6.1; rv:12.0) Gecko/20120403211507 Firefox/12.0"
5.9.112.6 - - [02/Apr/2017:15:01:26 +0200] "GET /sonderthemen/az1999.pdf HTTP/1.1" 200 1842982 "-" "Mozilla/5.0 (X11; Ubuntu; Linux x86_64; rv:14.0) Gecko/20100101 Firefox/14.0.1"
5.9.112.6 - - [02/Apr/2017:15:01:25 +0200] "GET /sonderthemen/sk2002.pdf HTTP/1.1" 200 2628923 "-" "Mozilla/5.0 (Windows NT 6.1) AppleWebKit/537.22 (KHTML, like Gecko) Chrome/25.0.1364.169 Safari/537.22"
94.134.129.15 - - [02/Apr/2017:15:02:57 +0200] "GET / HTTP/1.1" 200 9360 "-" "Mozilla/5.0 (Macintosh; Intel Mac OS X 10_10_3) AppleWebKit/537.36 (KHTML, like Gecko) Chrome/41.0.2272.89 Safari/537.36"
66.249.75.137 - - [02/Apr/2017:15:13:59 +0200] "GET /buecher/rezensionen_ignatius.html HTTP/1.1" 200 8182 "-" "Mozilla/5.0 (Linux; Android 6.0.1; Nexus 5X Build/MMB29P) AppleWebKit/537.36 (KHTML, like Gecko) Chrome/41.0.2272.96 Mobile Safari/537.36 (compatible; Googlebot/2.1; +http://www.google.com/bot.html)"
66.249.75.141 - - [02/Apr/2017:15:20:49 +0200] "GET /cds/lumina.html HTTP/1.1" 200 9000 "-" "Mozilla/5.0 (compatible; Googlebot/2.1; +http://www.google.com/bot.html)"
66.249.75.141 - - [02/Apr/2017:15:29:00 +0200] "GET /cds/astazi.html HTTP/1.1" 200 8453 "-" "Mozilla/5.0 (compatible; Googlebot/2.1; +http://www.google.com/bot.html)"
66.249.75.141 - - [02/Apr/2017:15:33:28 +0200] "GET /buecher/rezensionen_ungeteilt.html HTTP/1.1" 200 9764 "-" "Mozilla/5.0 (Linux; Android 6.0.1; Nexus 5X Build/MMB29P) AppleWebKit/537.36 (KHTML, like Gecko) Chrome/41.0.2272.96 Mobile Safari/537.36 (compatible; Googlebot/2.1; +http://www.google.com/bot.html)"
66.249.75.141 - - [02/Apr/2017:15:36:38 +0200] "GET /cds/glockenspiel1.html HTTP/1.1" 200 9736 "-" "Mozilla/5.0 (compatible; Googlebot/2.1; +http://www.google.com/bot.html)"
104.227.54.157 - - [02/Apr/2017:15:40:06 +0200] "GET /sonderthemen/oeaz2001.pdf HTTP/1.0" 200 4496626 "http://www.morusverlag.de/" "Mozilla/5.0 (Windows NT 6.1; WOW64) AppleWebKit/537.36 (KHTML, like Gecko) Dragon/36.1.1.21 Chrome/36.0.1985.97 Safari/537.36"
66.249.75.141 - - [02/Apr/2017:15:43:37 +0200] "GET /cds/glockenspiel2.html HTTP/1.1" 200 9831 "-" "Mozilla/5.0 (compatible; Googlebot/2.1; +http://www.google.com/bot.html)"
66.249.75.141 - - [02/Apr/2017:15:51:10 +0200] "GET /buecher/bestellung.php HTTP/1.1" 200 10142 "-" "Mozilla/5.0 (compatible; Googlebot/2.1; +http://www.google.com/bot.html)"
66.249.75.133 - - [02/Apr/2017:15:53:42 +0200] "GET /buecher/rezensionen_le_saulchoir.html HTTP/1.1" 200 34009 "-" "Mozilla/5.0 (Linux; Android 6.0.1; Nexus 5X Build/MMB29P) AppleWebKit/537.36 (KHTML, like Gecko) Chrome/41.0.2272.96 Mobile Safari/537.36 (compatible; Googlebot/2.1; +http://www.google.com/bot.html)"
66.249.75.141 - - [02/Apr/2017:15:58:38 +0200] "GET /jahrbuch/bestellung.php HTTP/1.1" 200 10316 "-" "Mozilla/5.0 (compatible; Googlebot/2.1; +http://www.google.com/bot.html)"
66.249.75.133 - - [02/Apr/2017:16:07:36 +0200] "GET /buecher/diskussion.html HTTP/1.1" 200 9925 "-" "Mozilla/5.0 (compatible; Googlebot/2.1; +http://www.google.com/bot.html)"
66.249.75.137 - - [02/Apr/2017:16:13:08 +0200] "GET /buecher/rezensionen_krise_zum_heil.html HTTP/1.1" 200 9828 "-" "Mozilla/5.0 (Linux; Android 6.0.1; Nexus 5X Build/MMB29P) AppleWebKit/537.36 (KHTML, like Gecko) Chrome/41.0.2272.96 Mobile Safari/537.36 (compatible; Googlebot/2.1; +http://www.google.com/bot.html)"
66.249.75.137 - - [02/Apr/2017:16:15:44 +0200] "GET /sonderthemen/sk2004.pdf HTTP/1.1" 200 1967215 "-" "Mozilla/5.0 (compatible; Googlebot/2.1; +http://www.google.com/bot.html)"
85.25.210.41 - - [02/Apr/2017:16:19:31 +0200] "GET /robots.txt HTTP/1.1" 200 100 "-" "Mozilla/5.0 (compatible; seoscanners.net/1; +spider@seoscanners.net)"
85.25.210.41 - - [02/Apr/2017:16:19:31 +0200] "GET /buecher/gesichter/26.jpg HTTP/1.1" 200 8027 "-" "Mozilla/5.0 (compatible; seoscanners.net/1; +spider@seoscanners.net)"
66.249.75.133 - - [02/Apr/2017:16:24:03 +0200] "GET /sonderthemen/az2003.pdf HTTP/1.1" 200 4864675 "-" "Mozilla/5.0 (compatible; Googlebot/2.1; +http://www.google.com/bot.html)"
66.249.75.133 - - [02/Apr/2017:16:31:44 +0200] "GET /sonderthemen/presse.html HTTP/1.1" 200 5772 "-" "Mozilla/5.0 (compatible; Googlebot/2.1; +http://www.google.com/bot.html)"
208.43.225.84 - - [02/Apr/2017:16:33:59 +0200] "GET /robots.txt HTTP/1.1" 200 100 "-" "Mozilla/5.0 (compatible; SiteExplorer/1.1b; +http://siteexplorer.info/Backlink-Checker-Spider/)"
208.43.225.84 - - [02/Apr/2017:16:34:01 +0200] "GET /cds/hymnos_akathistos.html HTTP/1.1" 200 11061 "-" "Mozilla/5.0 (compatible; SiteExplorer/1.1b; +http://siteexplorer.info/Backlink-Checker-Spider/)"
208.43.225.84 - - [02/Apr/2017:16:34:03 +0200] "GET /cds/ignatius.html HTTP/1.1" 200 6576 "-" "Mozilla/5.0 (compatible; SiteExplorer/1.1b; +http://siteexplorer.info/Backlink-Checker-Spider/)"
208.43.225.84 - - [02/Apr/2017:16:34:04 +0200] "GET /cds/glockenspiel1.html HTTP/1.1" 200 9736 "-" "Mozilla/5.0 (compatible; SiteExplorer/1.1b; +http://siteexplorer.info/Backlink-Checker-Spider/)"
208.43.225.84 - - [02/Apr/2017:16:34:06 +0200] "GET /kontakt/index.html HTTP/1.1" 200 2896 "-" "Mozilla/5.0 (compatible; SiteExplorer/1.1b; +http://siteexplorer.info/Backlink-Checker-Spider/)"
208.43.225.84 - - [02/Apr/2017:16:34:08 +0200] "GET /cds/index.html HTTP/1.1" 200 7987 "-" "Mozilla/5.0 (compatible; SiteExplorer/1.1b; +http://siteexplorer.info/Backlink-Checker-Spider/)"
208.43.225.84 - - [02/Apr/2017:16:34:10 +0200] "GET /impressum.html HTTP/1.1" 200 2808 "-" "Mozilla/5.0 (compatible; SiteExplorer/1.1b; +http://siteexplorer.info/Backlink-Checker-Spider/)"
208.43.225.84 - - [02/Apr/2017:16:34:12 +0200] "GET /cds/glockenspiel2.html HTTP/1.1" 200 9831 "-" "Mozilla/5.0 (compatible; SiteExplorer/1.1b; +http://siteexplorer.info/Backlink-Checker-Spider/)"
208.43.225.84 - - [02/Apr/2017:16:34:14 +0200] "GET / HTTP/1.1" 200 9360 "-" "Mozilla/5.0 (compatible; SiteExplorer/1.1b; +http://siteexplorer.info/Backlink-Checker-Spider/)"
208.43.225.84 - - [02/Apr/2017:16:34:15 +0200] "GET /cds/astazi.html HTTP/1.1" 200 8453 "-" "Mozilla/5.0 (compatible; SiteExplorer/1.1b; +http://siteexplorer.info/Backlink-Checker-Spider/)"
208.43.225.84 - - [02/Apr/2017:16:34:17 +0200] "GET /jahrbuch/index.html HTTP/1.1" 200 3956 "-" "Mozilla/5.0 (compatible; SiteExplorer/1.1b; +http://siteexplorer.info/Backlink-Checker-Spider/)"
208.43.225.84 - - [02/Apr/2017:16:34:19 +0200] "GET /jahrbuch/bestellung.php HTTP/1.1" 200 10316 "-" "Mozilla/5.0 (compatible; SiteExplorer/1.1b; +http://siteexplorer.info/Backlink-Checker-Spider/)"
208.43.225.84 - - [02/Apr/2017:16:34:21 +0200] "GET /buecher/veroeffentlichungsliste.html HTTP/1.1" 200 129779 "-" "Mozilla/5.0 (compatible; SiteExplorer/1.1b; +http://siteexplorer.info/Backlink-Checker-Spider/)"
208.43.225.84 - - [02/Apr/2017:16:34:23 +0200] "GET /sonderthemen/index.html HTTP/1.1" 200 7102 "-" "Mozilla/5.0 (compatible; SiteExplorer/1.1b; +http://siteexplorer.info/Backlink-Checker-Spider/)"
208.43.225.84 - - [02/Apr/2017:16:34:24 +0200] "GET /index.html HTTP/1.1" 200 9360 "-" "Mozilla/5.0 (compatible; SiteExplorer/1.1b; +http://siteexplorer.info/Backlink-Checker-Spider/)"
208.43.225.84 - - [02/Apr/2017:16:34:26 +0200] "GET /gotteslob/index.html HTTP/1.1" 200 2770 "-" "Mozilla/5.0 (compatible; SiteExplorer/1.1b; +http://siteexplorer.info/Backlink-Checker-Spider/)"
208.43.225.84 - - [02/Apr/2017:16:34:28 +0200] "GET /cds/rosarium.html HTTP/1.1" 200 6680 "-" "Mozilla/5.0 (compatible; SiteExplorer/1.1b; +http://siteexplorer.info/Backlink-Checker-Spider/)"
208.43.225.84 - - [02/Apr/2017:16:34:30 +0200] "GET /buecher/rezensionen_chateaubriand.html HTTP/1.1" 200 47317 "-" "Mozilla/5.0 (compatible; SiteExplorer/1.1b; +http://siteexplorer.info/Backlink-Checker-Spider/)"
208.43.225.84 - - [02/Apr/2017:16:34:31 +0200] "GET /jahrbuch/titelseiten/index.html HTTP/1.1" 200 6735 "-" "Mozilla/5.0 (compatible; SiteExplorer/1.1b; +http://siteexplorer.info/Backlink-Checker-Spider/)"
208.43.225.84 - - [02/Apr/2017:16:34:33 +0200] "GET /cds/lumina.html HTTP/1.1" 200 9000 "-" "Mozilla/5.0 (compatible; SiteExplorer/1.1b; +http://siteexplorer.info/Backlink-Checker-Spider/)"
208.43.225.84 - - [02/Apr/2017:16:34:35 +0200] "GET /buecher/rezensionen_ignatius.html HTTP/1.1" 200 8182 "-" "Mozilla/5.0 (compatible; SiteExplorer/1.1b; +http://siteexplorer.info/Backlink-Checker-Spider/)"
208.43.225.84 - - [02/Apr/2017:16:34:37 +0200] "GET /buecher/index.html HTTP/1.1" 200 25885 "-" "Mozilla/5.0 (compatible; SiteExplorer/1.1b; +http://siteexplorer.info/Backlink-Checker-Spider/)"
66.249.75.137 - - [02/Apr/2017:16:35:45 +0200] "GET /buecher/rezensionen_nicht_auf_sand_gebaut.html HTTP/1.1" 200 6594 "-" "Mozilla/5.0 (Linux; Android 6.0.1; Nexus 5X Build/MMB29P) AppleWebKit/537.36 (KHTML, like Gecko) Chrome/41.0.2272.96 Mobile Safari/537.36 (compatible; Googlebot/2.1; +http://www.google.com/bot.html)"
66.249.75.133 - - [02/Apr/2017:16:38:58 +0200] "GET /sonderthemen/archiv.html HTTP/1.1" 200 6959 "-" "Mozilla/5.0 (compatible; Googlebot/2.1; +http://www.google.com/bot.html)"
193.124.131.168 - - [02/Apr/2017:16:41:58 +0200] "HEAD / HTTP/1.1" 200 - "https://ledgoods.ru/home/wall/bra-new-design-5662-1.html" "Mozilla/4.0 (compatible; MSIE6.00; Windows 2009)"
66.249.75.141 - - [02/Apr/2017:16:46:47 +0200] "GET /sonderthemen/oekz2003.pdf HTTP/1.1" 200 4017017 "-" "Mozilla/5.0 (compatible; Googlebot/2.1; +http://www.google.com/bot.html)"
5.255.251.7 - - [02/Apr/2017:16:47:47 +0200] "GET /buecher/index.html HTTP/1.1" 200 25885 "-" "Mozilla/5.0 (compatible; YandexBot/3.0; +http://yandex.com/bots)"
77.75.76.165 - - [02/Apr/2017:16:52:53 +0200] "GET /robots.txt HTTP/1.1" 200 100 "-" "Mozilla/5.0 (compatible; SeznamBot/3.2; +http://napoveda.seznam.cz/en/seznambot-intro/)"
77.75.76.165 - - [02/Apr/2017:16:52:54 +0200] "GET /cds/glockenspiel1.jpg HTTP/1.1" 304 - "-" "Mozilla/5.0 (compatible; SeznamBot/3.2; +http://napoveda.seznam.cz/en/seznambot-intro/)"
66.249.75.137 - - [02/Apr/2017:16:54:14 +0200] "GET /sonderthemen/sk2004_s01.pdf HTTP/1.1" 200 162742 "-" "Mozilla/5.0 (compatible; Googlebot/2.1; +http://www.google.com/bot.html)"
206.253.226.23 - - [02/Apr/2017:16:54:25 +0200] "GET /robots.txt HTTP/1.1" 200 100 "-" "Mozilla/5.0 (compatible; oBot/2.3.1; http://filterdb.iss.net/crawler/)"
206.253.226.23 - - [02/Apr/2017:16:54:25 +0200] "GET / HTTP/1.1" 200 9360 "-" "Mozilla/5.0 (compatible; oBot/2.3.1; http://filterdb.iss.net/crawler/)"
195.133.145.199 - - [02/Apr/2017:16:56:57 +0200] "HEAD / HTTP/1.1" 200 - "https://bridestopsites.com/category/info-about-ukraine/" "Mozilla/8.0 (compatible; MSIE6.00; Windows 2007)"
66.249.75.141 - - [02/Apr/2017:16:59:14 +0200] "GET /buecher/rezensionen_leiblichkeit_und_zeitlichkeit.html HTTP/1.1" 200 8821 "-" "Mozilla/5.0 (Linux; Android 6.0.1; Nexus 5X Build/MMB29P) AppleWebKit/537.36 (KHTML, like Gecko) Chrome/41.0.2272.96 Mobile Safari/537.36 (compatible; Googlebot/2.1; +http://www.google.com/bot.html)"
66.249.75.133 - - [02/Apr/2017:17:01:26 +0200] "GET /sonderthemen/az2003_s01.pdf HTTP/1.1" 200 120642 "-" "Mozilla/5.0 (compatible; Googlebot/2.1; +http://www.google.com/bot.html)"
195.133.48.150 - - [02/Apr/2017:17:05:14 +0200] "HEAD / HTTP/1.1" 200 - "http://www.westcomp.ru/catalog/servernye_komplektuyushchie_zhyestkie_diski_ibm_diski_sas_sata/2_5_ibm_73gbgb_sas_15k_sff_hdd_42d0673_42d0676/" "Mozilla/4.0 (compatible; MSIE7.00; Windows 2003)"
66.249.75.133 - - [02/Apr/2017:17:08:44 +0200] "GET /sonderthemen/oekt_extra1.pdf HTTP/1.1" 200 1849015 "-" "Mozilla/5.0 (compatible; Googlebot/2.1; +http://www.google.com/bot.html)"
195.133.48.121 - - [02/Apr/2017:17:09:49 +0200] "HEAD / HTTP/1.1" 200 - "http://kriminalisty.ru/stati/k-voprosu-o-ponjatijah-takticheskogo-pri.html" "Mozilla/8.0 (compatible; MSIE7.00; Windows 2009)"
194.87.234.246 - - [02/Apr/2017:17:09:57 +0200] "HEAD / HTTP/1.1" 200 - "http://www.rendstroy.ru/vacansy/" "Mozilla/5.0 (compatible; MSIE7.00; Windows 2003)"
194.87.238.17 - - [02/Apr/2017:17:14:53 +0200] "HEAD / HTTP/1.1" 200 - "http://zhenskayadolya.ru/kak-bystro-vylechit-prostudu-i-gripp/" "Mozilla/6.0 (compatible; MSIE3.00; Windows 2008)"
66.249.75.141 - - [02/Apr/2017:17:15:50 +0200] "GET /sonderthemen/oekt_extra3.pdf HTTP/1.1" 200 2109745 "-" "Mozilla/5.0 (compatible; Googlebot/2.1; +http://www.google.com/bot.html)"
195.133.147.6 - - [02/Apr/2017:17:17:02 +0200] "HEAD / HTTP/1.1" 200 - "http://dacha59.ru/okna-dveri-lestnicy/" "Mozilla/7.0 (compatible; MSIE7.00; Windows 2006)"
5.255.251.7 - - [02/Apr/2017:17:18:12 +0200] "GET /jahrbuch/index.html HTTP/1.1" 200 3956 "-" "Mozilla/5.0 (compatible; YandexBot/3.0; +http://yandex.com/bots)"
195.133.147.89 - - [02/Apr/2017:17:20:03 +0200] "HEAD / HTTP/1.1" 200 - "http://videonasvadbu.ru/" "Mozilla/6.0 (compatible; MSIE3.00; Windows 2003)"
195.133.147.74 - - [02/Apr/2017:17:23:27 +0200] "HEAD / HTTP/1.1" 200 - "http://bataiysk.s-nk.ru/otdelka.html" "Mozilla/6.0 (compatible; MSIE5.00; Windows 2003)"
66.249.75.141 - - [02/Apr/2017:17:24:19 +0200] "GET /sonderthemen/oekt_extra2.pdf HTTP/1.1" 200 1939949 "-" "Mozilla/5.0 (compatible; Googlebot/2.1; +http://www.google.com/bot.html)"
180.76.15.145 - - [02/Apr/2017:17:25:12 +0200] "GET / HTTP/1.1" 200 9360 "-" "Mozilla/5.0 (compatible; Baiduspider/2.0; +http://www.baidu.com/search/spider.html)"
180.76.15.158 - - [02/Apr/2017:17:25:34 +0200] "GET / HTTP/1.1" 200 9360 "-" "Mozilla/5.0 (compatible; Baiduspider/2.0; +http://www.baidu.com/search/spider.html)"
66.249.75.137 - - [02/Apr/2017:17:31:57 +0200] "GET /sonderthemen/oekz2003_s01.pdf HTTP/1.1" 200 66807 "-" "Mozilla/5.0 (compatible; Googlebot/2.1; +http://www.google.com/bot.html)"
172.245.40.233 - - [02/Apr/2017:17:35:25 +0200] "GET /sonderthemen/oeaz2001.pdf HTTP/1.0" 200 4496626 "http://www.morusverlag.de/" "Mozilla/5.0 (Windows NT 6.1; WOW64) AppleWebKit/537.36 (KHTML, like Gecko) Dragon/36.1.1.21 Chrome/36.0.1985.97 Safari/537.36"
66.249.75.141 - - [02/Apr/2017:17:38:57 +0200] "GET /buecher/rezension_gesichter_u_geschichten.pdf HTTP/1.1" 200 223287 "-" "Mozilla/5.0 (compatible; Googlebot/2.1; +http://www.google.com/bot.html)"
66.249.75.133 - - [02/Apr/2017:17:46:37 +0200] "GET /jahrbuch/titelseiten/index.html HTTP/1.1" 200 6735 "-" "Mozilla/5.0 (compatible; Googlebot/2.1; +http://www.google.com/bot.html)"
185.154.13.6 - - [02/Apr/2017:17:57:52 +0200] "HEAD / HTTP/1.1" 200 - "https://www.consic.ru/news/976-kak-sdelat-zagranpasport-novogo-obraztsa-v-poselenii-troitsk.html" "Mozilla/3.0 (compatible; MSIE7.00; Windows 2004)"
62.138.0.25 - - [02/Apr/2017:17:58:12 +0200] "GET /robots.txt HTTP/1.1" 200 100 "-" "Mozilla/5.0 (compatible; seoscanners.net/1; +spider@seoscanners.net)"
62.138.0.25 - - [02/Apr/2017:17:58:13 +0200] "GET /buecher/gesichter/12.jpg HTTP/1.1" 200 6460 "-" "Mozilla/5.0 (compatible; seoscanners.net/1; +spider@seoscanners.net)"
178.159.43.212 - - [02/Apr/2017:17:58:19 +0200] "HEAD / HTTP/1.1" 200 - "http://www.xn--80aaaks3bbhabgbigamdr2h.xn--p1ai/novosti-migratsii/260-kak-bystro-sdelat-zagranpasport.html" "Mozilla/3.0 (compatible; MSIE4.00; Windows 2005)"
5.255.251.7 - - [02/Apr/2017:18:20:30 +0200] "GET /robots.txt HTTP/1.1" 200 100 "-" "Mozilla/5.0 (compatible; YandexBot/3.0; +http://yandex.com/bots)"
5.255.251.7 - - [02/Apr/2017:18:20:34 +0200] "GET /sonderthemen/archiv.html HTTP/1.1" 200 6959 "-" "Mozilla/5.0 (compatible; YandexBot/3.0; +http://yandex.com/bots)"
77.75.78.165 - - [02/Apr/2017:18:40:28 +0200] "GET /robots.txt HTTP/1.1" 200 100 "-" "Mozilla/5.0 (compatible; SeznamBot/3.2; +http://napoveda.seznam.cz/en/seznambot-intro/)"
77.75.78.165 - - [02/Apr/2017:18:40:29 +0200] "GET / HTTP/1.1" 304 - "-" "Mozilla/5.0 (compatible; SeznamBot/3.2; +http://napoveda.seznam.cz/en/seznambot-intro/)"
62.138.0.25 - - [02/Apr/2017:19:06:17 +0200] "GET /sonderthemen/oekt_extra.jpg HTTP/1.1" 200 12801 "-" "Mozilla/5.0 (compatible; seoscanners.net/1; +spider@seoscanners.net)"
84.164.36.89 - - [02/Apr/2017:19:08:47 +0200] "GET /cds/ignatius.html HTTP/1.1" 200 6576 "https://www.google.de/" "Mozilla/5.0 (iPhone; CPU iPhone OS 10_2_1 like Mac OS X) AppleWebKit/602.4.6 (KHTML, like Gecko) Version/10.0 Mobile/14D27 Safari/602.1"
84.164.36.89 - - [02/Apr/2017:19:08:47 +0200] "GET /m.gif HTTP/1.1" 200 95 "http://www.morusverlag.de/cds/ignatius.html" "Mozilla/5.0 (iPhone; CPU iPhone OS 10_2_1 like Mac OS X) AppleWebKit/602.4.6 (KHTML, like Gecko) Version/10.0 Mobile/14D27 Safari/602.1"
84.164.36.89 - - [02/Apr/2017:19:08:47 +0200] "GET /main.css HTTP/1.1" 200 1439 "http://www.morusverlag.de/cds/ignatius.html" "Mozilla/5.0 (iPhone; CPU iPhone OS 10_2_1 like Mac OS X) AppleWebKit/602.4.6 (KHTML, like Gecko) Version/10.0 Mobile/14D27 Safari/602.1"
84.164.36.89 - - [02/Apr/2017:19:08:47 +0200] "GET /logo_g.gif HTTP/1.1" 200 1301 "http://www.morusverlag.de/cds/ignatius.html" "Mozilla/5.0 (iPhone; CPU iPhone OS 10_2_1 like Mac OS X) AppleWebKit/602.4.6 (KHTML, like Gecko) Version/10.0 Mobile/14D27 Safari/602.1"
84.164.36.89 - - [02/Apr/2017:19:08:47 +0200] "GET /mv_g.gif HTTP/1.1" 200 4070 "http://www.morusverlag.de/cds/ignatius.html" "Mozilla/5.0 (iPhone; CPU iPhone OS 10_2_1 like Mac OS X) AppleWebKit/602.4.6 (KHTML, like Gecko) Version/10.0 Mobile/14D27 Safari/602.1"
84.164.36.89 - - [02/Apr/2017:19:08:47 +0200] "GET /pf.gif HTTP/1.1" 200 62 "http://www.morusverlag.de/cds/ignatius.html" "Mozilla/5.0 (iPhone; CPU iPhone OS 10_2_1 like Mac OS X) AppleWebKit/602.4.6 (KHTML, like Gecko) Version/10.0 Mobile/14D27 Safari/602.1"
84.164.36.89 - - [02/Apr/2017:19:08:48 +0200] "GET /cds/ignatius.jpg HTTP/1.1" 200 18712 "http://www.morusverlag.de/cds/ignatius.html" "Mozilla/5.0 (iPhone; CPU iPhone OS 10_2_1 like Mac OS X) AppleWebKit/602.4.6 (KHTML, like Gecko) Version/10.0 Mobile/14D27 Safari/602.1"
84.164.36.89 - - [02/Apr/2017:19:08:48 +0200] "GET /strich.gif HTTP/1.1" 200 45 "http://www.morusverlag.de/cds/ignatius.html" "Mozilla/5.0 (iPhone; CPU iPhone OS 10_2_1 like Mac OS X) AppleWebKit/602.4.6 (KHTML, like Gecko) Version/10.0 Mobile/14D27 Safari/602.1"
163.172.65.227 - - [02/Apr/2017:19:43:10 +0200] "GET /jahrbuch/bestellung.php HTTP/1.1" 200 10316 "-" "Mozilla/5.0 (compatible; AhrefsBot/5.2; +http://ahrefs.com/robot/)"
85.25.210.41 - - [02/Apr/2017:20:09:46 +0200] "GET /robots.txt HTTP/1.1" 200 100 "-" "Mozilla/5.0 (compatible; seoscanners.net/1; +spider@seoscanners.net)"
85.25.210.41 - - [02/Apr/2017:20:09:46 +0200] "GET /buecher/gesichter.jpg HTTP/1.1" 200 7271 "-" "Mozilla/5.0 (compatible; seoscanners.net/1; +spider@seoscanners.net)"
85.25.210.234 - - [02/Apr/2017:20:12:12 +0200] "GET /robots.txt HTTP/1.1" 200 100 "-" "Mozilla/5.0 (compatible; seoscanners.net/1; +spider@seoscanners.net)"
85.25.210.234 - - [02/Apr/2017:20:12:13 +0200] "GET /buecher/gesichter/08.jpg HTTP/1.1" 200 10437 "-" "Mozilla/5.0 (compatible; seoscanners.net/1; +spider@seoscanners.net)"
193.124.131.168 - - [02/Apr/2017:20:12:31 +0200] "HEAD / HTTP/1.1" 200 - "https://ledgoods.ru/home/ceiling/potolochnyj-svetilnik-palinuro-lsa-7900-01.html" "Mozilla/4.0 (compatible; MSIE3.00; Windows 2003)"
157.55.39.165 - - [02/Apr/2017:20:14:39 +0200] "GET /buecher/rezensionen.html HTTP/1.1" 200 6964 "-" "Mozilla/5.0 (iPhone; CPU iPhone OS 7_0 like Mac OS X) AppleWebKit/537.51.1 (KHTML, like Gecko) Version/7.0 Mobile/11A465 Safari/9537.53 (compatible; bingbot/2.0; +http://www.bing.com/bingbot.htm)"
207.46.13.113 - - [02/Apr/2017:20:15:31 +0200] "GET / HTTP/1.1" 200 9360 "-" "Mozilla/5.0 (compatible; bingbot/2.0; +http://www.bing.com/bingbot.htm)"
5.255.251.7 - - [02/Apr/2017:20:27:35 +0200] "GET /buecher/ HTTP/1.1" 200 25885 "-" "Mozilla/5.0 (compatible; YandexBot/3.0; +http://yandex.com/bots)"
85.25.210.41 - - [02/Apr/2017:20:30:00 +0200] "GET /logo_g.gif HTTP/1.1" 200 1301 "-" "Mozilla/5.0 (compatible; seoscanners.net/1; +spider@seoscanners.net)"
85.25.210.234 - - [02/Apr/2017:20:46:42 +0200] "GET /buecher/gesichter/25.jpg HTTP/1.1" 200 7280 "-" "Mozilla/5.0 (compatible; seoscanners.net/1; +spider@seoscanners.net)"
195.133.145.199 - - [02/Apr/2017:20:47:53 +0200] "HEAD / HTTP/1.1" 200 - "https://bridestopsites.com/category/info-about-ukraine/" "Mozilla/7.0 (compatible; MSIE5.00; Windows 2005)"
195.133.48.150 - - [02/Apr/2017:20:55:27 +0200] "HEAD / HTTP/1.1" 200 - "http://www.westcomp.ru/catalog/servery_sun/sun_sparc_enterprise_m4000_2x_sparc64_vii_quad_core_2x2_4ghz_64gb_ddr2_2x146gb_10k_sas_2_pws/" "Mozilla/7.0 (compatible; MSIE2.00; Windows 2006)"
45.55.155.171 - - [02/Apr/2017:20:57:43 +0200] "GET / HTTP/1.1" 200 9360 "-" "Mozilla/5.0 (Macintosh; Intel Mac OS X 10_7_5) AppleWebKit/537.4 (KHTML, like Gecko) Chrome/22.0.1229.94 Safari/537.4"
194.87.238.17 - - [02/Apr/2017:20:58:01 +0200] "HEAD / HTTP/1.1" 200 - "http://zhenskayadolya.ru/nevestka-izvodit-syna/" "Mozilla/2.0 (compatible; MSIE5.00; Windows 2009)"
195.133.48.121 - - [02/Apr/2017:20:58:23 +0200] "HEAD / HTTP/1.1" 200 - "http://kriminalisty.ru/stati/mesto/osmotr-mesta-proisshestvija-s-ispolzovan.html" "Mozilla/7.0 (compatible; MSIE3.00; Windows 2006)"
195.133.147.74 - - [02/Apr/2017:21:05:02 +0200] "HEAD / HTTP/1.1" 200 - "http://smolensk.s-nk.ru/remont.html" "Mozilla/6.0 (compatible; MSIE5.00; Windows 2007)"
194.87.234.246 - - [02/Apr/2017:21:06:33 +0200] "HEAD / HTTP/1.1" 200 - "http://www.rendstroy.ru/e-store/45/4617/" "Mozilla/3.0 (compatible; MSIE4.00; Windows 2004)"
195.133.147.89 - - [02/Apr/2017:21:17:11 +0200] "HEAD / HTTP/1.1" 200 - "http://videonasvadbu.ru/" "Mozilla/6.0 (compatible; MSIE3.00; Windows 2005)"
195.133.147.6 - - [02/Apr/2017:21:18:02 +0200] "HEAD / HTTP/1.1" 200 - "http://dacha59.ru/services.html" "Mozilla/6.0 (compatible; MSIE2.00; Windows 2008)"
77.75.77.72 - - [02/Apr/2017:21:19:33 +0200] "GET /robots.txt HTTP/1.1" 200 100 "-" "Mozilla/5.0 (compatible; SeznamBot/3.2; +http://napoveda.seznam.cz/en/seznambot-intro/)"
77.75.77.72 - - [02/Apr/2017:21:19:33 +0200] "GET /cds/glockenspiel2.jpg HTTP/1.1" 304 - "-" "Mozilla/5.0 (compatible; SeznamBot/3.2; +http://napoveda.seznam.cz/en/seznambot-intro/)"
180.76.15.159 - - [02/Apr/2017:21:23:38 +0200] "GET / HTTP/1.1" 200 9360 "-" "Mozilla/5.0 (compatible; Baiduspider/2.0; +http://www.baidu.com/search/spider.html)"
180.76.15.144 - - [02/Apr/2017:21:23:54 +0200] "GET / HTTP/1.1" 200 9360 "-" "Mozilla/5.0 (compatible; Baiduspider/2.0; +http://www.baidu.com/search/spider.html)"
37.120.162.139 - - [02/Apr/2017:21:41:35 +0200] "GET / HTTP/1.1" 200 9360 "-" "PHPCrawl"
37.120.162.139 - - [02/Apr/2017:21:41:35 +0200] "GET /buecher/index.html HTTP/1.1" 200 25885 "http://www.morusverlag.de" "PHPCrawl"
37.120.162.139 - - [02/Apr/2017:21:41:36 +0200] "GET /cds/index.html HTTP/1.1" 200 7987 "http://www.morusverlag.de" "PHPCrawl"
37.120.162.139 - - [02/Apr/2017:21:41:36 +0200] "GET /gotteslob/index.html HTTP/1.1" 200 2770 "http://www.morusverlag.de" "PHPCrawl"
37.120.162.139 - - [02/Apr/2017:21:41:36 +0200] "GET /jahrbuch/index.html HTTP/1.1" 200 3956 "http://www.morusverlag.de" "PHPCrawl"
37.120.162.139 - - [02/Apr/2017:21:41:36 +0200] "GET /sonderthemen/index.html HTTP/1.1" 200 7102 "http://www.morusverlag.de" "PHPCrawl"
37.120.162.139 - - [02/Apr/2017:21:41:36 +0200] "GET /kontakt/index.html HTTP/1.1" 200 2896 "http://www.morusverlag.de" "PHPCrawl"
37.120.162.139 - - [02/Apr/2017:21:41:36 +0200] "GET /impressum.html HTTP/1.1" 200 2808 "http://www.morusverlag.de" "PHPCrawl"
37.120.162.139 - - [02/Apr/2017:21:41:36 +0200] "GET /cds/rosarium.html HTTP/1.1" 200 6680 "http://www.morusverlag.de" "PHPCrawl"
37.120.162.139 - - [02/Apr/2017:21:41:36 +0200] "GET /cds/ignatius.html HTTP/1.1" 200 6576 "http://www.morusverlag.de" "PHPCrawl"
37.120.162.139 - - [02/Apr/2017:21:41:36 +0200] "GET /cds/hymnos_akathistos.html HTTP/1.1" 200 11061 "http://www.morusverlag.de" "PHPCrawl"
37.120.162.139 - - [02/Apr/2017:21:41:36 +0200] "GET /buecher/rezensionen_chateaubriand.html HTTP/1.1" 200 47317 "http://www.morusverlag.de" "PHPCrawl"
37.120.162.139 - - [02/Apr/2017:21:41:37 +0200] "GET /buecher/veroeffentlichungsliste.html HTTP/1.1" 200 129779 "http://www.morusverlag.de" "PHPCrawl"
37.120.162.139 - - [02/Apr/2017:21:41:37 +0200] "GET /search.php HTTP/1.1" 200 2027 "http://www.morusverlag.de" "PHPCrawl"
37.120.162.139 - - [02/Apr/2017:21:41:37 +0200] "GET /index.html HTTP/1.1" 200 9360 "http://www.morusverlag.de/buecher/index.html" "PHPCrawl"
37.120.162.139 - - [02/Apr/2017:21:41:37 +0200] "GET /buecher/bestellung.php HTTP/1.1" 200 10142 "http://www.morusverlag.de/buecher/index.html" "PHPCrawl"
37.120.162.139 - - [02/Apr/2017:21:41:37 +0200] "GET /buecher/rezensionen_psalmen.html HTTP/1.1" 200 6787 "http://www.morusverlag.de/buecher/index.html" "PHPCrawl"
37.120.162.139 - - [02/Apr/2017:21:41:38 +0200] "GET /buecher/rezensionen_engel.html HTTP/1.1" 200 6598 "http://www.morusverlag.de/buecher/index.html" "PHPCrawl"
37.120.162.139 - - [02/Apr/2017:21:41:38 +0200] "GET /buecher/diskussion.html HTTP/1.1" 200 9925 "http://www.morusverlag.de/buecher/index.html" "PHPCrawl"
37.120.162.139 - - [02/Apr/2017:21:41:38 +0200] "GET /buecher/rezensionen_le_saulchoir.html HTTP/1.1" 200 34009 "http://www.morusverlag.de/buecher/index.html" "PHPCrawl"
37.120.162.139 - - [02/Apr/2017:21:41:38 +0200] "GET /buecher/rezensionen_krise_zum_heil.html HTTP/1.1" 200 9828 "http://www.morusverlag.de/buecher/index.html" "PHPCrawl"
37.120.162.139 - - [02/Apr/2017:21:41:38 +0200] "GET /buecher/rezensionen_nicht_auf_sand_gebaut.html HTTP/1.1" 200 6594 "http://www.morusverlag.de/buecher/index.html" "PHPCrawl"
37.120.162.139 - - [02/Apr/2017:21:41:38 +0200] "GET /buecher/rezensionen_leiblichkeit_und_zeitlichkeit.html HTTP/1.1" 200 8821 "http://www.morusverlag.de/buecher/index.html" "PHPCrawl"
37.120.162.139 - - [02/Apr/2017:21:41:38 +0200] "GET /buecher/rezensionen_preysing.html HTTP/1.1" 200 9502 "http://www.morusverlag.de/buecher/index.html" "PHPCrawl"
37.120.162.139 - - [02/Apr/2017:21:41:38 +0200] "GET /cds/glockenspiel1.html HTTP/1.1" 200 9736 "http://www.morusverlag.de/cds/index.html" "PHPCrawl"
37.120.162.139 - - [02/Apr/2017:21:41:39 +0200] "GET /cds/glockenspiel2.html HTTP/1.1" 200 9831 "http://www.morusverlag.de/cds/index.html" "PHPCrawl"
37.120.162.139 - - [02/Apr/2017:21:41:39 +0200] "GET /cds/lumina.html HTTP/1.1" 200 9000 "http://www.morusverlag.de/cds/index.html" "PHPCrawl"
37.120.162.139 - - [02/Apr/2017:21:41:39 +0200] "GET /cds/astazi.html HTTP/1.1" 200 8453 "http://www.morusverlag.de/cds/index.html" "PHPCrawl"
37.120.162.139 - - [02/Apr/2017:21:41:39 +0200] "GET /jahrbuch/titelseiten/index.html HTTP/1.1" 200 6735 "http://www.morusverlag.de/jahrbuch/index.html" "PHPCrawl"
37.120.162.139 - - [02/Apr/2017:21:41:39 +0200] "GET /jahrbuch/bestellung.php HTTP/1.1" 200 10316 "http://www.morusverlag.de/jahrbuch/index.html" "PHPCrawl"
37.120.162.139 - - [02/Apr/2017:21:41:39 +0200] "GET /sonderthemen/archiv.html HTTP/1.1" 200 6959 "http://www.morusverlag.de/sonderthemen/index.html" "PHPCrawl"
37.120.162.139 - - [02/Apr/2017:21:41:39 +0200] "GET /sonderthemen/presse.html HTTP/1.1" 200 5772 "http://www.morusverlag.de/sonderthemen/index.html" "PHPCrawl"
37.120.162.139 - - [02/Apr/2017:21:41:39 +0200] "GET /cds/simplay_player.swf?audiofile=avemaria.mp3 HTTP/1.1" 200 6377 "http://www.morusverlag.de/cds/rosarium.html" "PHPCrawl"
37.120.162.139 - - [02/Apr/2017:21:41:39 +0200] "GET /cds/simplay_control.swf HTTP/1.1" 200 1243 "http://www.morusverlag.de/cds/rosarium.html" "PHPCrawl"
37.120.162.139 - - [02/Apr/2017:21:41:39 +0200] "GET /buecher/rezensionen_ignatius.html HTTP/1.1" 200 8182 "http://www.morusverlag.de/cds/ignatius.html" "PHPCrawl"
37.120.162.139 - - [02/Apr/2017:21:41:40 +0200] "GET /cds/simplay_player.swf?audiofile=der_mensch.mp3 HTTP/1.1" 200 6377 "http://www.morusverlag.de/cds/ignatius.html" "PHPCrawl"
37.120.162.139 - - [02/Apr/2017:21:41:40 +0200] "GET /cds/simplay_player.swf?audiofile=hymnos1.mp3 HTTP/1.1" 200 6377 "http://www.morusverlag.de/cds/hymnos_akathistos.html" "PHPCrawl"
37.120.162.139 - - [02/Apr/2017:21:41:40 +0200] "GET /cds/simplay_player.swf?audiofile=hymnos2.mp3 HTTP/1.1" 200 6377 "http://www.morusverlag.de/cds/hymnos_akathistos.html" "PHPCrawl"
37.120.162.139 - - [02/Apr/2017:21:41:40 +0200] "GET /buecher/rezensionen.html HTTP/1.1" 200 6964 "http://www.morusverlag.de/buecher/rezensionen_chateaubriand.html" "PHPCrawl"
37.120.162.139 - - [02/Apr/2017:21:41:40 +0200] "GET /buecher/ HTTP/1.1" 200 25885 "http://www.morusverlag.de/buecher/bestellung.php" "PHPCrawl"
37.120.162.139 - - [02/Apr/2017:21:41:40 +0200] "GET /cds/simplay_player.swf?audiofile=glockenspiel1.mp3 HTTP/1.1" 200 6377 "http://www.morusverlag.de/cds/glockenspiel1.html" "PHPCrawl"
37.120.162.139 - - [02/Apr/2017:21:41:40 +0200] "GET /cds/simplay_player.swf?audiofile=glockenspiel2.mp3 HTTP/1.1" 200 6377 "http://www.morusverlag.de/cds/glockenspiel2.html" "PHPCrawl"
37.120.162.139 - - [02/Apr/2017:21:41:40 +0200] "GET /cds/simplay_player.swf?audiofile=lumina.mp3 HTTP/1.1" 200 6377 "http://www.morusverlag.de/cds/lumina.html" "PHPCrawl"
37.120.162.139 - - [02/Apr/2017:21:41:40 +0200] "GET /cds/simplay_player.swf?audiofile=astazi.mp3 HTTP/1.1" 200 6377 "http://www.morusverlag.de/cds/astazi.html" "PHPCrawl"
37.120.162.139 - - [02/Apr/2017:21:41:40 +0200] "GET /jahrbuch/ HTTP/1.1" 200 3956 "http://www.morusverlag.de/jahrbuch/bestellung.php" "PHPCrawl"
37.120.162.139 - - [02/Apr/2017:21:41:41 +0200] "GET /buecher/rezensionen_ungeteilt.html HTTP/1.1" 200 9764 "http://www.morusverlag.de/buecher/rezensionen.html" "PHPCrawl"
37.120.162.139 - - [02/Apr/2017:21:41:41 +0200] "GET / HTTP/1.1" 200 9360 "-" "Mozilla/5.0 (Linux; U; Android 2.2.1; en-us; Nexus One Build/FRG83) AppleWebKit/533.1 (KHTML, like Gecko) Version/4.0 Mobile Safari/533.1"
37.120.162.139 - - [02/Apr/2017:21:41:41 +0200] "GET /buecher/index.html HTTP/1.1" 200 25885 "http://www.morusverlag.de" "Mozilla/5.0 (Linux; U; Android 2.2.1; en-us; Nexus One Build/FRG83) AppleWebKit/533.1 (KHTML, like Gecko) Version/4.0 Mobile Safari/533.1"
37.120.162.139 - - [02/Apr/2017:21:41:41 +0200] "GET /cds/index.html HTTP/1.1" 200 7987 "http://www.morusverlag.de" "Mozilla/5.0 (Linux; U; Android 2.2.1; en-us; Nexus One Build/FRG83) AppleWebKit/533.1 (KHTML, like Gecko) Version/4.0 Mobile Safari/533.1"
37.120.162.139 - - [02/Apr/2017:21:41:41 +0200] "GET /gotteslob/index.html HTTP/1.1" 200 2770 "http://www.morusverlag.de" "Mozilla/5.0 (Linux; U; Android 2.2.1; en-us; Nexus One Build/FRG83) AppleWebKit/533.1 (KHTML, like Gecko) Version/4.0 Mobile Safari/533.1"
37.120.162.139 - - [02/Apr/2017:21:41:41 +0200] "GET /jahrbuch/index.html HTTP/1.1" 200 3956 "http://www.morusverlag.de" "Mozilla/5.0 (Linux; U; Android 2.2.1; en-us; Nexus One Build/FRG83) AppleWebKit/533.1 (KHTML, like Gecko) Version/4.0 Mobile Safari/533.1"
37.120.162.139 - - [02/Apr/2017:21:41:41 +0200] "GET /sonderthemen/index.html HTTP/1.1" 200 7102 "http://www.morusverlag.de" "Mozilla/5.0 (Linux; U; Android 2.2.1; en-us; Nexus One Build/FRG83) AppleWebKit/533.1 (KHTML, like Gecko) Version/4.0 Mobile Safari/533.1"
37.120.162.139 - - [02/Apr/2017:21:41:41 +0200] "GET /kontakt/index.html HTTP/1.1" 200 2896 "http://www.morusverlag.de" "Mozilla/5.0 (Linux; U; Android 2.2.1; en-us; Nexus One Build/FRG83) AppleWebKit/533.1 (KHTML, like Gecko) Version/4.0 Mobile Safari/533.1"
37.120.162.139 - - [02/Apr/2017:21:41:41 +0200] "GET /impressum.html HTTP/1.1" 200 2808 "http://www.morusverlag.de" "Mozilla/5.0 (Linux; U; Android 2.2.1; en-us; Nexus One Build/FRG83) AppleWebKit/533.1 (KHTML, like Gecko) Version/4.0 Mobile Safari/533.1"
37.120.162.139 - - [02/Apr/2017:21:41:41 +0200] "GET /cds/rosarium.html HTTP/1.1" 200 6680 "http://www.morusverlag.de" "Mozilla/5.0 (Linux; U; Android 2.2.1; en-us; Nexus One Build/FRG83) AppleWebKit/533.1 (KHTML, like Gecko) Version/4.0 Mobile Safari/533.1"
37.120.162.139 - - [02/Apr/2017:21:41:42 +0200] "GET /cds/ignatius.html HTTP/1.1" 200 6576 "http://www.morusverlag.de" "Mozilla/5.0 (Linux; U; Android 2.2.1; en-us; Nexus One Build/FRG83) AppleWebKit/533.1 (KHTML, like Gecko) Version/4.0 Mobile Safari/533.1"
37.120.162.139 - - [02/Apr/2017:21:41:42 +0200] "GET /cds/hymnos_akathistos.html HTTP/1.1" 200 11061 "http://www.morusverlag.de" "Mozilla/5.0 (Linux; U; Android 2.2.1; en-us; Nexus One Build/FRG83) AppleWebKit/533.1 (KHTML, like Gecko) Version/4.0 Mobile Safari/533.1"
37.120.162.139 - - [02/Apr/2017:21:41:42 +0200] "GET /buecher/rezensionen_chateaubriand.html HTTP/1.1" 200 47317 "http://www.morusverlag.de" "Mozilla/5.0 (Linux; U; Android 2.2.1; en-us; Nexus One Build/FRG83) AppleWebKit/533.1 (KHTML, like Gecko) Version/4.0 Mobile Safari/533.1"
37.120.162.139 - - [02/Apr/2017:21:41:42 +0200] "GET /buecher/veroeffentlichungsliste.html HTTP/1.1" 200 129779 "http://www.morusverlag.de" "Mozilla/5.0 (Linux; U; Android 2.2.1; en-us; Nexus One Build/FRG83) AppleWebKit/533.1 (KHTML, like Gecko) Version/4.0 Mobile Safari/533.1"
37.120.162.139 - - [02/Apr/2017:21:41:42 +0200] "GET /main.css HTTP/1.1" 200 1439 "http://www.morusverlag.de" "Mozilla/5.0 (Linux; U; Android 2.2.1; en-us; Nexus One Build/FRG83) AppleWebKit/533.1 (KHTML, like Gecko) Version/4.0 Mobile Safari/533.1"
37.120.162.139 - - [02/Apr/2017:21:41:42 +0200] "GET /search.php HTTP/1.1" 200 2027 "http://www.morusverlag.de" "Mozilla/5.0 (Linux; U; Android 2.2.1; en-us; Nexus One Build/FRG83) AppleWebKit/533.1 (KHTML, like Gecko) Version/4.0 Mobile Safari/533.1"
37.120.162.139 - - [02/Apr/2017:21:41:42 +0200] "GET /index.html HTTP/1.1" 200 9360 "http://www.morusverlag.de/buecher/index.html" "Mozilla/5.0 (Linux; U; Android 2.2.1; en-us; Nexus One Build/FRG83) AppleWebKit/533.1 (KHTML, like Gecko) Version/4.0 Mobile Safari/533.1"
37.120.162.139 - - [02/Apr/2017:21:41:42 +0200] "GET /buecher/bestellung.php HTTP/1.1" 200 10142 "http://www.morusverlag.de/buecher/index.html" "Mozilla/5.0 (Linux; U; Android 2.2.1; en-us; Nexus One Build/FRG83) AppleWebKit/533.1 (KHTML, like Gecko) Version/4.0 Mobile Safari/533.1"
37.120.162.139 - - [02/Apr/2017:21:41:43 +0200] "GET /buecher/rezensionen_psalmen.html HTTP/1.1" 200 6787 "http://www.morusverlag.de/buecher/index.html" "Mozilla/5.0 (Linux; U; Android 2.2.1; en-us; Nexus One Build/FRG83) AppleWebKit/533.1 (KHTML, like Gecko) Version/4.0 Mobile Safari/533.1"
37.120.162.139 - - [02/Apr/2017:21:41:43 +0200] "GET /buecher/rezensionen_engel.html HTTP/1.1" 200 6598 "http://www.morusverlag.de/buecher/index.html" "Mozilla/5.0 (Linux; U; Android 2.2.1; en-us; Nexus One Build/FRG83) AppleWebKit/533.1 (KHTML, like Gecko) Version/4.0 Mobile Safari/533.1"
37.120.162.139 - - [02/Apr/2017:21:41:43 +0200] "GET /buecher/diskussion.html HTTP/1.1" 200 9925 "http://www.morusverlag.de/buecher/index.html" "Mozilla/5.0 (Linux; U; Android 2.2.1; en-us; Nexus One Build/FRG83) AppleWebKit/533.1 (KHTML, like Gecko) Version/4.0 Mobile Safari/533.1"
37.120.162.139 - - [02/Apr/2017:21:41:43 +0200] "GET /buecher/rezensionen_le_saulchoir.html HTTP/1.1" 200 34009 "http://www.morusverlag.de/buecher/index.html" "Mozilla/5.0 (Linux; U; Android 2.2.1; en-us; Nexus One Build/FRG83) AppleWebKit/533.1 (KHTML, like Gecko) Version/4.0 Mobile Safari/533.1"
37.120.162.139 - - [02/Apr/2017:21:41:43 +0200] "GET /buecher/rezensionen_krise_zum_heil.html HTTP/1.1" 200 9828 "http://www.morusverlag.de/buecher/index.html" "Mozilla/5.0 (Linux; U; Android 2.2.1; en-us; Nexus One Build/FRG83) AppleWebKit/533.1 (KHTML, like Gecko) Version/4.0 Mobile Safari/533.1"
37.120.162.139 - - [02/Apr/2017:21:41:43 +0200] "GET /buecher/rezensionen_nicht_auf_sand_gebaut.html HTTP/1.1" 200 6594 "http://www.morusverlag.de/buecher/index.html" "Mozilla/5.0 (Linux; U; Android 2.2.1; en-us; Nexus One Build/FRG83) AppleWebKit/533.1 (KHTML, like Gecko) Version/4.0 Mobile Safari/533.1"
37.120.162.139 - - [02/Apr/2017:21:41:43 +0200] "GET /buecher/rezensionen_leiblichkeit_und_zeitlichkeit.html HTTP/1.1" 200 8821 "http://www.morusverlag.de/buecher/index.html" "Mozilla/5.0 (Linux; U; Android 2.2.1; en-us; Nexus One Build/FRG83) AppleWebKit/533.1 (KHTML, like Gecko) Version/4.0 Mobile Safari/533.1"
37.120.162.139 - - [02/Apr/2017:21:41:43 +0200] "GET /buecher/rezensionen_preysing.html HTTP/1.1" 200 9502 "http://www.morusverlag.de/buecher/index.html" "Mozilla/5.0 (Linux; U; Android 2.2.1; en-us; Nexus One Build/FRG83) AppleWebKit/533.1 (KHTML, like Gecko) Version/4.0 Mobile Safari/533.1"
37.120.162.139 - - [02/Apr/2017:21:41:43 +0200] "GET /cds/glockenspiel1.html HTTP/1.1" 200 9736 "http://www.morusverlag.de/cds/index.html" "Mozilla/5.0 (Linux; U; Android 2.2.1; en-us; Nexus One Build/FRG83) AppleWebKit/533.1 (KHTML, like Gecko) Version/4.0 Mobile Safari/533.1"
37.120.162.139 - - [02/Apr/2017:21:41:44 +0200] "GET /cds/glockenspiel2.html HTTP/1.1" 200 9831 "http://www.morusverlag.de/cds/index.html" "Mozilla/5.0 (Linux; U; Android 2.2.1; en-us; Nexus One Build/FRG83) AppleWebKit/533.1 (KHTML, like Gecko) Version/4.0 Mobile Safari/533.1"
37.120.162.139 - - [02/Apr/2017:21:41:44 +0200] "GET /cds/lumina.html HTTP/1.1" 200 9000 "http://www.morusverlag.de/cds/index.html" "Mozilla/5.0 (Linux; U; Android 2.2.1; en-us; Nexus One Build/FRG83) AppleWebKit/533.1 (KHTML, like Gecko) Version/4.0 Mobile Safari/533.1"
37.120.162.139 - - [02/Apr/2017:21:41:44 +0200] "GET /cds/astazi.html HTTP/1.1" 200 8453 "http://www.morusverlag.de/cds/index.html" "Mozilla/5.0 (Linux; U; Android 2.2.1; en-us; Nexus One Build/FRG83) AppleWebKit/533.1 (KHTML, like Gecko) Version/4.0 Mobile Safari/533.1"
37.120.162.139 - - [02/Apr/2017:21:41:44 +0200] "GET /jahrbuch/titelseiten/index.html HTTP/1.1" 200 6735 "http://www.morusverlag.de/jahrbuch/index.html" "Mozilla/5.0 (Linux; U; Android 2.2.1; en-us; Nexus One Build/FRG83) AppleWebKit/533.1 (KHTML, like Gecko) Version/4.0 Mobile Safari/533.1"
37.120.162.139 - - [02/Apr/2017:21:41:44 +0200] "GET /jahrbuch/bestellung.php HTTP/1.1" 200 10316 "http://www.morusverlag.de/jahrbuch/index.html" "Mozilla/5.0 (Linux; U; Android 2.2.1; en-us; Nexus One Build/FRG83) AppleWebKit/533.1 (KHTML, like Gecko) Version/4.0 Mobile Safari/533.1"
37.120.162.139 - - [02/Apr/2017:21:41:44 +0200] "GET /sonderthemen/archiv.html HTTP/1.1" 200 6959 "http://www.morusverlag.de/sonderthemen/index.html" "Mozilla/5.0 (Linux; U; Android 2.2.1; en-us; Nexus One Build/FRG83) AppleWebKit/533.1 (KHTML, like Gecko) Version/4.0 Mobile Safari/533.1"
37.120.162.139 - - [02/Apr/2017:21:41:44 +0200] "GET /sonderthemen/presse.html HTTP/1.1" 200 5772 "http://www.morusverlag.de/sonderthemen/index.html" "Mozilla/5.0 (Linux; U; Android 2.2.1; en-us; Nexus One Build/FRG83) AppleWebKit/533.1 (KHTML, like Gecko) Version/4.0 Mobile Safari/533.1"
37.120.162.139 - - [02/Apr/2017:21:41:44 +0200] "GET /cds/simplay_player.swf?audiofile=avemaria.mp3 HTTP/1.1" 200 6377 "http://www.morusverlag.de/cds/rosarium.html" "Mozilla/5.0 (Linux; U; Android 2.2.1; en-us; Nexus One Build/FRG83) AppleWebKit/533.1 (KHTML, like Gecko) Version/4.0 Mobile Safari/533.1"
37.120.162.139 - - [02/Apr/2017:21:41:44 +0200] "GET /cds/simplay_control.swf HTTP/1.1" 200 1243 "http://www.morusverlag.de/cds/rosarium.html" "Mozilla/5.0 (Linux; U; Android 2.2.1; en-us; Nexus One Build/FRG83) AppleWebKit/533.1 (KHTML, like Gecko) Version/4.0 Mobile Safari/533.1"
37.120.162.139 - - [02/Apr/2017:21:41:44 +0200] "GET /buecher/rezensionen_ignatius.html HTTP/1.1" 200 8182 "http://www.morusverlag.de/cds/ignatius.html" "Mozilla/5.0 (Linux; U; Android 2.2.1; en-us; Nexus One Build/FRG83) AppleWebKit/533.1 (KHTML, like Gecko) Version/4.0 Mobile Safari/533.1"
37.120.162.139 - - [02/Apr/2017:21:41:45 +0200] "GET /cds/simplay_player.swf?audiofile=der_mensch.mp3 HTTP/1.1" 200 6377 "http://www.morusverlag.de/cds/ignatius.html" "Mozilla/5.0 (Linux; U; Android 2.2.1; en-us; Nexus One Build/FRG83) AppleWebKit/533.1 (KHTML, like Gecko) Version/4.0 Mobile Safari/533.1"
37.120.162.139 - - [02/Apr/2017:21:41:45 +0200] "GET /cds/simplay_player.swf?audiofile=hymnos1.mp3 HTTP/1.1" 200 6377 "http://www.morusverlag.de/cds/hymnos_akathistos.html" "Mozilla/5.0 (Linux; U; Android 2.2.1; en-us; Nexus One Build/FRG83) AppleWebKit/533.1 (KHTML, like Gecko) Version/4.0 Mobile Safari/533.1"
37.120.162.139 - - [02/Apr/2017:21:41:45 +0200] "GET /cds/simplay_player.swf?audiofile=hymnos2.mp3 HTTP/1.1" 200 6377 "http://www.morusverlag.de/cds/hymnos_akathistos.html" "Mozilla/5.0 (Linux; U; Android 2.2.1; en-us; Nexus One Build/FRG83) AppleWebKit/533.1 (KHTML, like Gecko) Version/4.0 Mobile Safari/533.1"
37.120.162.139 - - [02/Apr/2017:21:41:45 +0200] "GET /buecher/rezensionen.html HTTP/1.1" 200 6964 "http://www.morusverlag.de/buecher/rezensionen_chateaubriand.html" "Mozilla/5.0 (Linux; U; Android 2.2.1; en-us; Nexus One Build/FRG83) AppleWebKit/533.1 (KHTML, like Gecko) Version/4.0 Mobile Safari/533.1"
37.120.162.139 - - [02/Apr/2017:21:41:45 +0200] "GET /buecher/ HTTP/1.1" 200 25885 "http://www.morusverlag.de/buecher/bestellung.php" "Mozilla/5.0 (Linux; U; Android 2.2.1; en-us; Nexus One Build/FRG83) AppleWebKit/533.1 (KHTML, like Gecko) Version/4.0 Mobile Safari/533.1"
37.120.162.139 - - [02/Apr/2017:21:41:45 +0200] "GET /cds/simplay_player.swf?audiofile=glockenspiel1.mp3 HTTP/1.1" 200 6377 "http://www.morusverlag.de/cds/glockenspiel1.html" "Mozilla/5.0 (Linux; U; Android 2.2.1; en-us; Nexus One Build/FRG83) AppleWebKit/533.1 (KHTML, like Gecko) Version/4.0 Mobile Safari/533.1"
37.120.162.139 - - [02/Apr/2017:21:41:45 +0200] "GET /cds/simplay_player.swf?audiofile=glockenspiel2.mp3 HTTP/1.1" 200 6377 "http://www.morusverlag.de/cds/glockenspiel2.html" "Mozilla/5.0 (Linux; U; Android 2.2.1; en-us; Nexus One Build/FRG83) AppleWebKit/533.1 (KHTML, like Gecko) Version/4.0 Mobile Safari/533.1"
37.120.162.139 - - [02/Apr/2017:21:41:45 +0200] "GET /cds/simplay_player.swf?audiofile=lumina.mp3 HTTP/1.1" 200 6377 "http://www.morusverlag.de/cds/lumina.html" "Mozilla/5.0 (Linux; U; Android 2.2.1; en-us; Nexus One Build/FRG83) AppleWebKit/533.1 (KHTML, like Gecko) Version/4.0 Mobile Safari/533.1"
37.120.162.139 - - [02/Apr/2017:21:41:45 +0200] "GET /cds/simplay_player.swf?audiofile=astazi.mp3 HTTP/1.1" 200 6377 "http://www.morusverlag.de/cds/astazi.html" "Mozilla/5.0 (Linux; U; Android 2.2.1; en-us; Nexus One Build/FRG83) AppleWebKit/533.1 (KHTML, like Gecko) Version/4.0 Mobile Safari/533.1"
37.120.162.139 - - [02/Apr/2017:21:41:45 +0200] "GET /jahrbuch/ HTTP/1.1" 200 3956 "http://www.morusverlag.de/jahrbuch/bestellung.php" "Mozilla/5.0 (Linux; U; Android 2.2.1; en-us; Nexus One Build/FRG83) AppleWebKit/533.1 (KHTML, like Gecko) Version/4.0 Mobile Safari/533.1"
37.120.162.139 - - [02/Apr/2017:21:41:45 +0200] "GET /buecher/rezensionen_ungeteilt.html HTTP/1.1" 200 9764 "http://www.morusverlag.de/buecher/rezensionen.html" "Mozilla/5.0 (Linux; U; Android 2.2.1; en-us; Nexus One Build/FRG83) AppleWebKit/533.1 (KHTML, like Gecko) Version/4.0 Mobile Safari/533.1"
85.25.210.234 - - [02/Apr/2017:21:53:43 +0200] "GET /sonderthemen/oekz2003.jpg HTTP/1.1" 200 14100 "-" "Mozilla/5.0 (compatible; seoscanners.net/1; +spider@seoscanners.net)"
85.25.210.234 - - [02/Apr/2017:22:07:44 +0200] "GET /mv_gr_w.gif HTTP/1.1" 200 2005 "-" "Mozilla/5.0 (compatible; seoscanners.net/1; +spider@seoscanners.net)"
185.154.13.6 - - [02/Apr/2017:22:23:06 +0200] "HEAD / HTTP/1.1" 200 - "https://www.consic.ru/news/302-nestandartnye-osobennosti-oformlenija-vizy-v-obedinjonnye-arabskie-jemiraty.html" "Mozilla/6.0 (compatible; MSIE2.00; Windows 2008)"
178.159.43.212 - - [02/Apr/2017:22:24:48 +0200] "HEAD / HTTP/1.1" 200 - "http://www.xn--80aaaks3bbhabgbigamdr2h.xn--p1ai/novosti-migratsii/367-skolko-stoit-poluchit-zagranpasporta-v-2015-godu.html" "Mozilla/6.0 (compatible; MSIE4.00; Windows 2003)"
5.255.251.7 - - [02/Apr/2017:22:26:57 +0200] "GET /cds/lumina.html HTTP/1.1" 200 9000 "-" "Mozilla/5.0 (compatible; YandexBot/3.0; +http://yandex.com/bots)"
85.25.210.41 - - [02/Apr/2017:22:27:35 +0200] "GET /robots.txt HTTP/1.1" 200 100 "-" "Mozilla/5.0 (compatible; seoscanners.net/1; +spider@seoscanners.net)"
85.25.210.41 - - [02/Apr/2017:22:27:35 +0200] "GET /buecher/chateaubriand.jpg HTTP/1.1" 200 2272 "-" "Mozilla/5.0 (compatible; seoscanners.net/1; +spider@seoscanners.net)"
5.255.251.7 - - [02/Apr/2017:23:06:36 +0200] "GET /cds/simplay_control.swf HTTP/1.1" 200 1243 "-" "Mozilla/5.0 (compatible; YandexBot/3.0; +http://yandex.com/bots)"
77.75.78.165 - - [02/Apr/2017:23:08:58 +0200] "GET /robots.txt HTTP/1.1" 200 100 "-" "Mozilla/5.0 (compatible; SeznamBot/3.2; +http://napoveda.seznam.cz/en/seznambot-intro/)"
77.75.78.165 - - [02/Apr/2017:23:08:59 +0200] "GET /buecher/gesichter/12.jpg HTTP/1.1" 304 - "-" "Mozilla/5.0 (compatible; SeznamBot/3.2; +http://napoveda.seznam.cz/en/seznambot-intro/)"
193.124.131.168 - - [02/Apr/2017:23:44:46 +0200] "HEAD / HTTP/1.1" 200 - "https://ledgoods.ru/outdoor/outdoor_lights/svetilnik-sadovo-parkovyj-60w-230v-e27-belyj-6102-11053.html" "Mozilla/6.0 (compatible; MSIE4.00; Windows 2003)"
207.46.13.113 - - [02/Apr/2017:23:55:04 +0200] "GET /sonderthemen/oekz2003.pdf HTTP/1.1" 200 4017017 "-" "Mozilla/5.0 (compatible; bingbot/2.0; +http://www.bing.com/bingbot.htm)"
85.25.210.234 - - [03/Apr/2017:00:02:57 +0200] "GET /sonderthemen/oekz2003.pdf HTTP/1.1" 200 4017017 "-" "Mozilla/5.0 (compatible; seoscanners.net/1; +spider@seoscanners.net)"
77.75.76.161 - - [03/Apr/2017:00:46:20 +0200] "GET /robots.txt HTTP/1.1" 200 100 "-" "Mozilla/5.0 (compatible; SeznamBot/3.2; +http://napoveda.seznam.cz/en/seznambot-intro/)"
77.75.76.161 - - [03/Apr/2017:00:46:21 +0200] "GET /cds/index.html HTTP/1.1" 304 - "-" "Mozilla/5.0 (compatible; SeznamBot/3.2; +http://napoveda.seznam.cz/en/seznambot-intro/)"
