178.10.129.74 - - [06/Apr/2017:15:01:15 +0200] "GET /cds/hymnos_heft.jpg HTTP/1.1" 200 8653 "http://www.morusverlag.de/cds/hymnos_akathistos.html" "Mozilla/5.0 (Windows NT 6.3; WOW64) AppleWebKit/537.36 (KHTML, like Gecko) Chrome/57.0.2987.133 Safari/537.36"
178.10.129.74 - - [06/Apr/2017:15:01:16 +0200] "GET /favicon.ico HTTP/1.1" 200 4286 "http://www.morusverlag.de/cds/hymnos_akathistos.html" "Mozilla/5.0 (Windows NT 6.3; WOW64) AppleWebKit/537.36 (KHTML, like Gecko) Chrome/57.0.2987.133 Safari/537.36"
136.243.17.161 - - [06/Apr/2017:15:11:37 +0200] "GET /buecher/rezensionen_le_saulchoir.html HTTP/1.1" 200 34009 "-" "Mozilla/5.0 (Windows NT 6.1; WOW64; rv:18.0) Gecko/20100101 Firefox/18.0"
136.243.17.161 - - [06/Apr/2017:15:11:42 +0200] "GET /buecher/rezensionen_le_saulchoir.html HTTP/1.1" 200 34009 "-" "Mozilla/5.0 (compatible; MSIE 10.0; Windows NT 6.1; WOW64; Trident/6.0)"
5.9.17.118 - - [06/Apr/2017:15:57:35 +0200] "GET /sonderthemen/sk2000.pdf HTTP/1.1" 200 2925489 "-" "Mozilla/5.0 (Macintosh; Intel Mac OS X 10_6_8) AppleWebKit/537.13+ (KHTML, like Gecko) Version/5.1.7 Safari/534.57.2"
5.9.145.132 - - [06/Apr/2017:15:57:35 +0200] "GET /sonderthemen/az2000.pdf HTTP/1.1" 200 2253581 "-" "Mozilla/5.0 (Windows NT 5.0; rv:21.0) Gecko/20100101 Firefox/21.0"
62.138.0.25 - - [06/Apr/2017:16:03:18 +0200] "GET /robots.txt HTTP/1.1" 200 100 "-" "Mozilla/5.0 (compatible; seoscanners.net/1; +spider@seoscanners.net)"
62.138.0.25 - - [06/Apr/2017:16:03:18 +0200] "GET /jahrbuch/titelseiten/1970.jpg HTTP/1.1" 200 8229 "-" "Mozilla/5.0 (compatible; seoscanners.net/1; +spider@seoscanners.net)"
5.9.106.81 - - [06/Apr/2017:16:21:09 +0200] "GET /buecher/index.html HTTP/1.1" 200 25885 "-" "Mozilla/5.0 (Macintosh; Intel Mac OS X 10_8_2) AppleWebKit/536.26.17 (KHTML, like Gecko) Version/6.0.2 Safari/536.26.17"
5.9.17.118 - - [06/Apr/2017:16:21:09 +0200] "GET /buecher/ HTTP/1.1" 200 25885 "-" "Mozilla/5.0 (compatible; Windows; U; Windows NT 6.2; WOW64; en-US; rv:12.0) Gecko/20120403211507 Firefox/12.0"
87.230.62.57 - - [06/Apr/2017:16:41:55 +0200] "GET / HTTP/1.1" 200 9360 "-" "Mozilla/5.0 (Windows NT 6.1; WOW64) AppleWebKit/537.36 (KHTML, like Gecko) Chrome/47.0.2526.106 Safari/537.36"
85.25.210.41 - - [06/Apr/2017:17:09:39 +0200] "GET /robots.txt HTTP/1.1" 200 100 "-" "Mozilla/5.0 (compatible; seoscanners.net/1; +spider@seoscanners.net)"
85.25.210.41 - - [06/Apr/2017:17:09:39 +0200] "GET /buecher/islam.jpg HTTP/1.1" 200 4080 "-" "Mozilla/5.0 (compatible; seoscanners.net/1; +spider@seoscanners.net)"
180.76.15.33 - - [06/Apr/2017:17:24:14 +0200] "GET / HTTP/1.1" 200 9360 "-" "Mozilla/5.0 (compatible; Baiduspider/2.0; +http://www.baidu.com/search/spider.html)"
180.76.15.17 - - [06/Apr/2017:17:24:33 +0200] "GET / HTTP/1.1" 200 9360 "-" "Mozilla/5.0 (compatible; Baiduspider/2.0; +http://www.baidu.com/search/spider.html)"
85.25.210.234 - - [06/Apr/2017:17:41:23 +0200] "GET /buecher/liebe_und_treue.jpg HTTP/1.1" 200 3067 "-" "Mozilla/5.0 (compatible; seoscanners.net/1; +spider@seoscanners.net)"
207.46.13.165 - - [06/Apr/2017:17:52:28 +0200] "GET /robots.txt HTTP/1.1" 200 100 "-" "Mozilla/5.0 (compatible; bingbot/2.0; +http://www.bing.com/bingbot.htm)"
195.133.145.199 - - [06/Apr/2017:18:06:04 +0200] "HEAD / HTTP/1.1" 200 - "http://babysmart.watch/shop/q90-or.html" "Mozilla/7.0 (compatible; MSIE4.00; Windows 2003)"
195.133.48.150 - - [06/Apr/2017:18:06:05 +0200] "HEAD / HTTP/1.1" 200 - "https://misslee.ru/trendy-sezona/" "Mozilla/7.0 (compatible; MSIE7.00; Windows 2006)"
193.124.131.168 - - [06/Apr/2017:18:07:24 +0200] "HEAD / HTTP/1.1" 200 - "https://gantbpm.ru/news/amerikanskie-atomnye-elektrostancii-prodolzhayut-zakryvatsya/" "Mozilla/3.0 (compatible; MSIE3.00; Windows 2009)"
68.180.230.44 - - [06/Apr/2017:18:07:40 +0200] "GET /jahrbuch/bestellung.php HTTP/1.1" 200 10316 "-" "Mozilla/5.0 (compatible; Yahoo! Slurp; http://help.yahoo.com/help/us/ysearch/slurp)"
194.87.238.17 - - [06/Apr/2017:18:15:55 +0200] "HEAD / HTTP/1.1" 200 - "https://advocat777.ru/nasl/681-osporit-zaveshchanie.html" "Mozilla/4.0 (compatible; MSIE2.00; Windows 2007)"
194.87.234.246 - - [06/Apr/2017:18:23:22 +0200] "HEAD / HTTP/1.1" 200 - "https://mskunion.ru/polimernye-poly" "Mozilla/5.0 (compatible; MSIE4.00; Windows 2003)"
195.133.147.89 - - [06/Apr/2017:18:26:06 +0200] "HEAD / HTTP/1.1" 200 - "https://petboy.ru/products" "Mozilla/2.0 (compatible; MSIE2.00; Windows 2003)"
195.133.147.6 - - [06/Apr/2017:18:26:12 +0200] "HEAD / HTTP/1.1" 200 - "http://oldtownestate.eu/ru/Catalog/" "Mozilla/3.0 (compatible; MSIE4.00; Windows 2007)"
66.249.76.57 - - [06/Apr/2017:18:28:48 +0200] "GET /sonderthemen/akademieprogramm/03/pro_zei_03_s15.pdf HTTP/1.1" 404 2381 "-" "Mozilla/5.0 (compatible; Googlebot/2.1; +http://www.google.com/bot.html)"
195.133.147.74 - - [06/Apr/2017:18:42:55 +0200] "HEAD / HTTP/1.1" 200 - "http://konsar.ru/auxpage_sertifikaty/" "Mozilla/6.0 (compatible; MSIE3.00; Windows 2006)"
62.138.0.25 - - [06/Apr/2017:18:46:54 +0200] "GET /robots.txt HTTP/1.1" 200 100 "-" "Mozilla/5.0 (compatible; seoscanners.net/1; +spider@seoscanners.net)"
62.138.0.25 - - [06/Apr/2017:18:46:54 +0200] "GET /pf.gif HTTP/1.1" 200 62 "-" "Mozilla/5.0 (compatible; seoscanners.net/1; +spider@seoscanners.net)"
62.138.0.25 - - [06/Apr/2017:18:54:15 +0200] "GET /jahrbuch/titelseiten/1998.jpg HTTP/1.1" 200 8504 "-" "Mozilla/5.0 (compatible; seoscanners.net/1; +spider@seoscanners.net)"
77.220.213.173 - - [06/Apr/2017:18:54:20 +0200] "HEAD / HTTP/1.1" 200 - "http://baikalyachts.com/company/baikal-group.html" "Mozilla/5.0 (compatible; MSIE7.00; Windows 2009)"
185.154.13.6 - - [06/Apr/2017:18:54:20 +0200] "HEAD / HTTP/1.1" 200 - "https://ledgoods.ru/home/chandeliers/lyustra-2800-5-odl15-602-belyj-dekor-klubnika-steklo-e14-5-60w-220v-fragola-0035592-odeon-light.html" "Mozilla/4.0 (compatible; MSIE6.00; Windows 2009)"
178.159.43.212 - - [06/Apr/2017:18:55:07 +0200] "HEAD / HTTP/1.1" 200 - "http://mospvs.ru/" "Mozilla/4.0 (compatible; MSIE7.00; Windows 2006)"
217.73.208.156 - - [06/Apr/2017:18:57:54 +0200] "GET /robots.txt HTTP/1.0" 200 100 "-" "istellabot/t.1"
217.73.208.156 - - [06/Apr/2017:18:57:55 +0200] "GET / HTTP/1.0" 200 9360 "-" "istellabot/t.1"
136.243.17.161 - - [06/Apr/2017:19:26:31 +0200] "GET /sonderthemen/sk2000.pdf HTTP/1.1" 200 2925489 "-" "Mozilla/5.0 (X11; Ubuntu; Linux i686; rv:14.0) Gecko/20100101 Firefox/14.0.1"
62.138.0.25 - - [06/Apr/2017:19:30:23 +0200] "GET /jahrbuch/titelseiten/2007.jpg HTTP/1.1" 200 6748 "-" "Mozilla/5.0 (compatible; seoscanners.net/1; +spider@seoscanners.net)"
85.25.210.234 - - [06/Apr/2017:19:35:54 +0200] "GET /robots.txt HTTP/1.1" 200 100 "-" "Mozilla/5.0 (compatible; seoscanners.net/1; +spider@seoscanners.net)"
85.25.210.234 - - [06/Apr/2017:19:35:54 +0200] "GET /mv_g.gif HTTP/1.1" 200 4070 "-" "Mozilla/5.0 (compatible; seoscanners.net/1; +spider@seoscanners.net)"
216.244.66.226 - - [06/Apr/2017:19:37:53 +0200] "GET /robots.txt HTTP/1.1" 200 100 "-" "Mozilla/5.0 (compatible; DotBot/1.1; http://www.opensiteexplorer.org/dotbot, help@moz.com)"
216.244.66.226 - - [06/Apr/2017:19:39:15 +0200] "GET /aktuell.html HTTP/1.1" 404 2381 "-" "Mozilla/5.0 (compatible; DotBot/1.1; http://www.opensiteexplorer.org/dotbot, help@moz.com)"
157.55.39.94 - - [06/Apr/2017:19:54:21 +0200] "GET / HTTP/1.1" 200 9360 "-" "msnbot-media/1.1 (+http://search.msn.com/msnbot.htm)"
180.76.15.139 - - [06/Apr/2017:20:50:58 +0200] "GET /sonderthemen/sk2000.pdf HTTP/1.1" 200 2925489 "-" "Mozilla/5.0 (compatible; Baiduspider/2.0; +http://www.baidu.com/search/spider.html)"
85.25.210.41 - - [06/Apr/2017:20:53:59 +0200] "GET /robots.txt HTTP/1.1" 200 100 "-" "Mozilla/5.0 (compatible; seoscanners.net/1; +spider@seoscanners.net)"
85.25.210.41 - - [06/Apr/2017:20:53:59 +0200] "GET /jahrbuch/titelseiten/1993.jpg HTTP/1.1" 200 10788 "-" "Mozilla/5.0 (compatible; seoscanners.net/1; +spider@seoscanners.net)"
89.204.139.79 - - [06/Apr/2017:21:03:27 +0200] "GET /sonderthemen/oekt_extra2.pdf HTTP/1.1" 200 1939949 "-" "Mozilla/5.0 (iPhone; CPU iPhone OS 7_1 like Mac OS X) AppleWebKit/537.51.2 (KHTML, like Gecko) Version/7.0 Mobile/11D167 Safari/9537.53"
157.55.39.94 - - [06/Apr/2017:21:16:12 +0200] "GET / HTTP/1.1" 200 9360 "-" "Mozilla/5.0 (compatible; bingbot/2.0; +http://www.bing.com/bingbot.htm)"
180.76.15.5 - - [06/Apr/2017:21:24:00 +0200] "GET / HTTP/1.1" 200 9360 "-" "Mozilla/5.0 (compatible; Baiduspider/2.0; +http://www.baidu.com/search/spider.html)"
180.76.15.158 - - [06/Apr/2017:21:24:16 +0200] "GET / HTTP/1.1" 200 9360 "-" "Mozilla/5.0 (compatible; Baiduspider/2.0; +http://www.baidu.com/search/spider.html)"
62.138.0.25 - - [06/Apr/2017:21:34:58 +0200] "GET /robots.txt HTTP/1.1" 200 100 "-" "Mozilla/5.0 (compatible; seoscanners.net/1; +spider@seoscanners.net)"
62.138.0.25 - - [06/Apr/2017:21:34:58 +0200] "GET /cds/glockenspiel2.jpg HTTP/1.1" 200 28150 "-" "Mozilla/5.0 (compatible; seoscanners.net/1; +spider@seoscanners.net)"
195.133.145.199 - - [06/Apr/2017:21:39:41 +0200] "HEAD / HTTP/1.1" 200 - "http://babysmart.watch/shop/q90.html" "Mozilla/8.0 (compatible; MSIE3.00; Windows 2007)"
195.133.48.150 - - [06/Apr/2017:21:43:27 +0200] "HEAD / HTTP/1.1" 200 - "https://misslee.ru" "Mozilla/8.0 (compatible; MSIE7.00; Windows 2005)"
194.87.238.17 - - [06/Apr/2017:21:44:05 +0200] "HEAD / HTTP/1.1" 200 - "https://advocat777.ru/yurkonsultatsiya-v-yuao.html" "Mozilla/3.0 (compatible; MSIE4.00; Windows 2006)"
193.124.131.168 - - [06/Apr/2017:21:52:56 +0200] "HEAD / HTTP/1.1" 200 - "https://gantbpm.ru/proekty/plan-realizacii/" "Mozilla/8.0 (compatible; MSIE2.00; Windows 2004)"
62.138.0.25 - - [06/Apr/2017:22:02:25 +0200] "GET /buecher/rezensionen_ignatius.html HTTP/1.1" 200 8182 "-" "Mozilla/5.0 (compatible; seoscanners.net/1; +spider@seoscanners.net)"
194.87.234.246 - - [06/Apr/2017:22:12:06 +0200] "HEAD / HTTP/1.1" 200 - "https://mskunion.ru/" "Mozilla/7.0 (compatible; MSIE4.00; Windows 2007)"
195.133.147.89 - - [06/Apr/2017:22:14:34 +0200] "HEAD / HTTP/1.1" 200 - "https://petboy.ru/products/25631852" "Mozilla/8.0 (compatible; MSIE6.00; Windows 2002)"
157.55.39.94 - - [06/Apr/2017:22:15:42 +0200] "GET /cds/hymnos_akathistos.html HTTP/1.1" 200 11061 "-" "Mozilla/5.0 (compatible; bingbot/2.0; +http://www.bing.com/bingbot.htm)"
195.133.147.6 - - [06/Apr/2017:22:16:00 +0200] "HEAD / HTTP/1.1" 200 - "http://oldtownestate.eu/ru/About/Residence/" "Mozilla/5.0 (compatible; MSIE4.00; Windows 2004)"
62.138.0.25 - - [06/Apr/2017:22:51:45 +0200] "GET /robots.txt HTTP/1.1" 200 100 "-" "Mozilla/5.0 (compatible; seoscanners.net/1; +spider@seoscanners.net)"
62.138.0.25 - - [06/Apr/2017:22:51:45 +0200] "GET /jahrbuch/titelseiten/1975.jpg HTTP/1.1" 200 9109 "-" "Mozilla/5.0 (compatible; seoscanners.net/1; +spider@seoscanners.net)"
157.55.39.221 - - [06/Apr/2017:22:52:23 +0200] "GET /robots.txt HTTP/1.1" 200 100 "-" "Mozilla/5.0 (compatible; bingbot/2.0; +http://www.bing.com/bingbot.htm)"
5.9.17.118 - - [06/Apr/2017:23:01:15 +0200] "GET /buecher/ HTTP/1.1" 200 25885 "-" "Mozilla/5.0 (Windows NT 6.1) AppleWebKit/537.22 (KHTML, like Gecko) Chrome/25.0.1364.169 Safari/537.22"
5.9.106.81 - - [06/Apr/2017:23:01:15 +0200] "GET /buecher/index.html HTTP/1.1" 200 25885 "-" "Mozilla/5.0 (Windows NT 6.1; WOW64; rv:18.0) Gecko/20100101 Firefox/18.0"
85.25.210.234 - - [06/Apr/2017:23:08:05 +0200] "GET /robots.txt HTTP/1.1" 200 100 "-" "Mozilla/5.0 (compatible; seoscanners.net/1; +spider@seoscanners.net)"
85.25.210.234 - - [06/Apr/2017:23:08:05 +0200] "GET /sonderthemen/archiv.html HTTP/1.1" 200 6959 "-" "Mozilla/5.0 (compatible; seoscanners.net/1; +spider@seoscanners.net)"
91.65.92.165 - - [06/Apr/2017:23:26:17 +0200] "GET / HTTP/1.1" 200 9360 "http://www.kath-buchhandlung.de/bistum-berlin.php" "Mozilla/5.0 (X11; Ubuntu; Linux x86_64; rv:52.0) Gecko/20100101 Firefox/52.0"
91.65.92.165 - - [06/Apr/2017:23:26:17 +0200] "GET /main.css HTTP/1.1" 200 1439 "http://www.morusverlag.de/" "Mozilla/5.0 (X11; Ubuntu; Linux x86_64; rv:52.0) Gecko/20100101 Firefox/52.0"
91.65.92.165 - - [06/Apr/2017:23:26:17 +0200] "GET /mv_g.gif HTTP/1.1" 200 4070 "http://www.morusverlag.de/" "Mozilla/5.0 (X11; Ubuntu; Linux x86_64; rv:52.0) Gecko/20100101 Firefox/52.0"
91.65.92.165 - - [06/Apr/2017:23:26:17 +0200] "GET /logo_g.gif HTTP/1.1" 200 1301 "http://www.morusverlag.de/" "Mozilla/5.0 (X11; Ubuntu; Linux x86_64; rv:52.0) Gecko/20100101 Firefox/52.0"
91.65.92.165 - - [06/Apr/2017:23:26:17 +0200] "GET /mv_gr_w.gif HTTP/1.1" 200 2005 "http://www.morusverlag.de/" "Mozilla/5.0 (X11; Ubuntu; Linux x86_64; rv:52.0) Gecko/20100101 Firefox/52.0"
91.65.92.165 - - [06/Apr/2017:23:26:17 +0200] "GET /pf.gif HTTP/1.1" 200 62 "http://www.morusverlag.de/" "Mozilla/5.0 (X11; Ubuntu; Linux x86_64; rv:52.0) Gecko/20100101 Firefox/52.0"
91.65.92.165 - - [06/Apr/2017:23:26:17 +0200] "GET /jahrbuch_k.jpg HTTP/1.1" 200 3719 "http://www.morusverlag.de/" "Mozilla/5.0 (X11; Ubuntu; Linux x86_64; rv:52.0) Gecko/20100101 Firefox/52.0"
91.65.92.165 - - [06/Apr/2017:23:26:17 +0200] "GET /buecher/gesichter.jpg HTTP/1.1" 200 7271 "http://www.morusverlag.de/" "Mozilla/5.0 (X11; Ubuntu; Linux x86_64; rv:52.0) Gecko/20100101 Firefox/52.0"
91.65.92.165 - - [06/Apr/2017:23:26:17 +0200] "GET /strich.gif HTTP/1.1" 200 45 "http://www.morusverlag.de/" "Mozilla/5.0 (X11; Ubuntu; Linux x86_64; rv:52.0) Gecko/20100101 Firefox/52.0"
91.65.92.165 - - [06/Apr/2017:23:26:17 +0200] "GET /cds/rosarium_k.jpg HTTP/1.1" 200 3972 "http://www.morusverlag.de/" "Mozilla/5.0 (X11; Ubuntu; Linux x86_64; rv:52.0) Gecko/20100101 Firefox/52.0"
91.65.92.165 - - [06/Apr/2017:23:26:17 +0200] "GET /cds/ignatius_k.jpg HTTP/1.1" 200 3965 "http://www.morusverlag.de/" "Mozilla/5.0 (X11; Ubuntu; Linux x86_64; rv:52.0) Gecko/20100101 Firefox/52.0"
91.65.92.165 - - [06/Apr/2017:23:26:17 +0200] "GET /cds/astazi_k.jpg HTTP/1.1" 200 6049 "http://www.morusverlag.de/" "Mozilla/5.0 (X11; Ubuntu; Linux x86_64; rv:52.0) Gecko/20100101 Firefox/52.0"
91.65.92.165 - - [06/Apr/2017:23:26:17 +0200] "GET /cds/hymnos_k.jpg HTTP/1.1" 200 4986 "http://www.morusverlag.de/" "Mozilla/5.0 (X11; Ubuntu; Linux x86_64; rv:52.0) Gecko/20100101 Firefox/52.0"
91.65.92.165 - - [06/Apr/2017:23:26:17 +0200] "GET /gotteslob.jpg HTTP/1.1" 200 9390 "http://www.morusverlag.de/" "Mozilla/5.0 (X11; Ubuntu; Linux x86_64; rv:52.0) Gecko/20100101 Firefox/52.0"
91.65.92.165 - - [06/Apr/2017:23:26:17 +0200] "GET /buecher/engel.jpg HTTP/1.1" 200 5414 "http://www.morusverlag.de/" "Mozilla/5.0 (X11; Ubuntu; Linux x86_64; rv:52.0) Gecko/20100101 Firefox/52.0"
91.65.92.165 - - [06/Apr/2017:23:26:17 +0200] "GET /buecher/chateaubriand.jpg HTTP/1.1" 200 2272 "http://www.morusverlag.de/" "Mozilla/5.0 (X11; Ubuntu; Linux x86_64; rv:52.0) Gecko/20100101 Firefox/52.0"
91.65.92.165 - - [06/Apr/2017:23:26:17 +0200] "GET /buch_k.jpg HTTP/1.1" 200 4591 "http://www.morusverlag.de/" "Mozilla/5.0 (X11; Ubuntu; Linux x86_64; rv:52.0) Gecko/20100101 Firefox/52.0"
91.65.92.165 - - [06/Apr/2017:23:26:17 +0200] "GET /favicon.ico HTTP/1.1" 200 4286 "-" "Mozilla/5.0 (X11; Ubuntu; Linux x86_64; rv:52.0) Gecko/20100101 Firefox/52.0"
91.65.92.165 - - [06/Apr/2017:23:26:29 +0200] "GET /sonderthemen/index.html HTTP/1.1" 200 7102 "http://www.morusverlag.de/" "Mozilla/5.0 (X11; Ubuntu; Linux x86_64; rv:52.0) Gecko/20100101 Firefox/52.0"
91.65.92.165 - - [06/Apr/2017:23:26:29 +0200] "GET /sonderthemen/az2003.jpg HTTP/1.1" 200 12396 "http://www.morusverlag.de/sonderthemen/index.html" "Mozilla/5.0 (X11; Ubuntu; Linux x86_64; rv:52.0) Gecko/20100101 Firefox/52.0"
91.65.92.165 - - [06/Apr/2017:23:26:29 +0200] "GET /sonderthemen/sk2004_sz.jpg HTTP/1.1" 200 17884 "http://www.morusverlag.de/sonderthemen/index.html" "Mozilla/5.0 (X11; Ubuntu; Linux x86_64; rv:52.0) Gecko/20100101 Firefox/52.0"
91.65.92.165 - - [06/Apr/2017:23:26:29 +0200] "GET /sonderthemen/oekt_extra.jpg HTTP/1.1" 200 12801 "http://www.morusverlag.de/sonderthemen/index.html" "Mozilla/5.0 (X11; Ubuntu; Linux x86_64; rv:52.0) Gecko/20100101 Firefox/52.0"
91.65.92.165 - - [06/Apr/2017:23:26:29 +0200] "GET /sonderthemen/wichern.jpg HTTP/1.1" 200 1994 "http://www.morusverlag.de/sonderthemen/index.html" "Mozilla/5.0 (X11; Ubuntu; Linux x86_64; rv:52.0) Gecko/20100101 Firefox/52.0"
91.65.92.165 - - [06/Apr/2017:23:26:29 +0200] "GET /sonderthemen/radioparadiso.gif HTTP/1.1" 200 934 "http://www.morusverlag.de/sonderthemen/index.html" "Mozilla/5.0 (X11; Ubuntu; Linux x86_64; rv:52.0) Gecko/20100101 Firefox/52.0"
91.65.92.165 - - [06/Apr/2017:23:26:29 +0200] "GET /sonderthemen/mv.gif HTTP/1.1" 200 700 "http://www.morusverlag.de/sonderthemen/index.html" "Mozilla/5.0 (X11; Ubuntu; Linux x86_64; rv:52.0) Gecko/20100101 Firefox/52.0"
91.65.92.165 - - [06/Apr/2017:23:26:29 +0200] "GET /sonderthemen/pro_zei.jpg HTTP/1.1" 200 16791 "http://www.morusverlag.de/sonderthemen/index.html" "Mozilla/5.0 (X11; Ubuntu; Linux x86_64; rv:52.0) Gecko/20100101 Firefox/52.0"
91.65.92.165 - - [06/Apr/2017:23:26:29 +0200] "GET /sonderthemen/oekz2003.jpg HTTP/1.1" 200 14100 "http://www.morusverlag.de/sonderthemen/index.html" "Mozilla/5.0 (X11; Ubuntu; Linux x86_64; rv:52.0) Gecko/20100101 Firefox/52.0"
54.151.69.144 - - [06/Apr/2017:23:26:49 +0200] "GET /robots.txt HTTP/1.0" 200 100 "http://www.morusverlag.de/" "Mozilla/5.0 (Windows NT 10.0; Win64; x64) AppleWebKit/537.36 (KHTML, like Gecko) Chrome/48.0.2564.116 Safari/537.36"
54.151.69.144 - - [06/Apr/2017:23:27:05 +0200] "GET / HTTP/1.0" 200 9360 "http://www.teol.de/zeitschr.htm" "Mozilla/5.0 (Macintosh; Intel Mac OS X 10_11_2) AppleWebKit/601.3.9 (KHTML, like Gecko) Version/9.0.2 Safari/601.3.9"
54.151.69.144 - - [06/Apr/2017:23:27:14 +0200] "GET /sonderthemen/index.html HTTP/1.0" 200 7102 "http://www.morusverlag.de/" "Mozilla/5.0 (X11; Linux x86_64) AppleWebKit/537.36 (KHTML, like Gecko) Chrome/48.0.2564.109 Safari/537.36"
54.151.69.144 - - [06/Apr/2017:23:27:19 +0200] "GET /jahrbuch/index.html HTTP/1.0" 200 3956 "http://www.morusverlag.de/" "Mozilla/5.0 (Macintosh; Intel Mac OS X 10_11_2) AppleWebKit/537.36 (KHTML, like Gecko) Chrome/48.0.2564.109 Safari/537.36"
54.151.69.144 - - [06/Apr/2017:23:27:23 +0200] "GET /cds/index.html HTTP/1.0" 200 7987 "http://www.morusverlag.de/" "Mozilla/5.0 (Windows NT 6.1; WOW64) AppleWebKit/537.36 (KHTML, like Gecko) Chrome/48.0.2564.109 Safari/537.36"
54.151.69.144 - - [06/Apr/2017:23:27:27 +0200] "GET /gotteslob/index.html HTTP/1.0" 200 2770 "http://www.morusverlag.de/" "Mozilla/5.0 (Windows NT 6.1; WOW64) AppleWebKit/537.36 (KHTML, like Gecko) Chrome/48.0.2564.109 Safari/537.36"
54.151.69.144 - - [06/Apr/2017:23:27:31 +0200] "GET /buecher/rezensionen_chateaubriand.html HTTP/1.0" 200 47317 "http://www.morusverlag.de/" "Mozilla/5.0 (iPad; CPU OS 9_2_1 like Mac OS X) AppleWebKit/601.1.46 (KHTML, like Gecko) Version/9.0 Mobile/13D15 Safari/601.1"
54.151.69.144 - - [06/Apr/2017:23:27:40 +0200] "GET /kontakt/index.html HTTP/1.0" 200 2896 "http://www.morusverlag.de/" "Mozilla/5.0 (Windows NT 6.1; Win64; x64) AppleWebKit/537.36 (KHTML, like Gecko) Chrome/48.0.2564.116 Safari/537.36"
54.151.69.144 - - [06/Apr/2017:23:27:44 +0200] "GET /cds/rosarium.html HTTP/1.0" 200 6680 "http://www.morusverlag.de/" "Mozilla/5.0 (Windows NT 10.0; Win64; x64) AppleWebKit/537.36 (KHTML, like Gecko) Chrome/46.0.2486.0 Safari/537.36 Edge/13.10586"
54.151.69.144 - - [06/Apr/2017:23:27:55 +0200] "GET /buecher/veroeffentlichungsliste.html HTTP/1.0" 200 129779 "http://www.morusverlag.de/" "Mozilla/5.0 (Windows NT 6.1; rv:44.0) Gecko/20100101 Firefox/44.0"
62.138.0.25 - - [06/Apr/2017:23:31:27 +0200] "GET /jahrbuch/titelseiten/2001.jpg HTTP/1.1" 200 7909 "-" "Mozilla/5.0 (compatible; seoscanners.net/1; +spider@seoscanners.net)"
142.4.108.100 - - [06/Apr/2017:23:34:19 +0200] "GET //wp-content/plugins/ubh/up.php HTTP/1.0" 404 2381 "-" "Mozilla/5.0 (Windows NT 6.1) AppleWebKit/537.36 (KHTML, like Gecko) Chrome/41.0.2228.0 Safari/537.36"
142.4.108.100 - - [06/Apr/2017:23:34:20 +0200] "GET //wp-content/plugins/ubh/up.php HTTP/1.0" 404 2381 "-" "Mozilla/5.0 (Windows NT 6.1) AppleWebKit/537.36 (KHTML, like Gecko) Chrome/41.0.2228.0 Safari/537.36"
68.180.230.44 - - [07/Apr/2017:00:03:02 +0200] "GET /sonderthemen/sk2004.pdf HTTP/1.1" 200 1967215 "-" "Mozilla/5.0 (compatible; Yahoo! Slurp; http://help.yahoo.com/help/us/ysearch/slurp)"
85.25.210.41 - - [07/Apr/2017:00:12:56 +0200] "GET /robots.txt HTTP/1.1" 200 100 "-" "Mozilla/5.0 (compatible; seoscanners.net/1; +spider@seoscanners.net)"
85.25.210.41 - - [07/Apr/2017:00:12:56 +0200] "GET /buecher/rezensionen_krise_zum_heil.html HTTP/1.1" 200 9828 "-" "Mozilla/5.0 (compatible; seoscanners.net/1; +spider@seoscanners.net)"
88.99.27.172 - - [07/Apr/2017:00:15:14 +0200] "GET /sonderthemen/az1999.pdf HTTP/1.1" 200 1842982 "-" "Mozilla/5.0 (Windows NT 6.1; rv:12.0) Gecko/ 20120405 Firefox/14.0.1"
62.138.0.25 - - [07/Apr/2017:00:36:54 +0200] "GET /jahrbuch/titelseiten/1997.jpg HTTP/1.1" 200 12043 "-" "Mozilla/5.0 (compatible; seoscanners.net/1; +spider@seoscanners.net)"
5.9.17.118 - - [07/Apr/2017:00:45:12 +0200] "GET /buecher/rezensionen_le_saulchoir.html HTTP/1.1" 200 34009 "-" "Mozilla/5.0 (Macintosh; Intel Mac OS X 10_6_8) AppleWebKit/537.13+ (KHTML, like Gecko) Version/5.1.7 Safari/534.57.2"
85.25.210.41 - - [07/Apr/2017:01:11:37 +0200] "GET /jahrbuch/titelseiten/1996.jpg HTTP/1.1" 200 11186 "-" "Mozilla/5.0 (compatible; seoscanners.net/1; +spider@seoscanners.net)"
180.76.15.5 - - [07/Apr/2017:01:22:41 +0200] "GET / HTTP/1.1" 200 9360 "-" "Mozilla/5.0 (compatible; Baiduspider/2.0; +http://www.baidu.com/search/spider.html)"
180.76.15.33 - - [07/Apr/2017:01:22:56 +0200] "GET / HTTP/1.1" 200 9360 "-" "Mozilla/5.0 (compatible; Baiduspider/2.0; +http://www.baidu.com/search/spider.html)"
40.77.167.101 - - [07/Apr/2017:01:37:05 +0200] "GET /cds/lumina.html HTTP/1.1" 200 9000 "-" "Mozilla/5.0 (iPhone; CPU iPhone OS 7_0 like Mac OS X) AppleWebKit/537.51.1 (KHTML, like Gecko) Version/7.0 Mobile/11A465 Safari/9537.53 (compatible; bingbot/2.0; +http://www.bing.com/bingbot.htm)"
40.77.167.83 - - [07/Apr/2017:01:37:20 +0200] "GET /cds/lumina.jpg HTTP/1.1" 200 31150 "-" "Mozilla/5.0 (iPhone; CPU iPhone OS 7_0 like Mac OS X) AppleWebKit/537.51.1 (KHTML, like Gecko) Version/7.0 Mobile/11A465 Safari/9537.53 (compatible; bingbot/2.0; +http://www.bing.com/bingbot.htm)"
40.77.167.83 - - [07/Apr/2017:01:37:20 +0200] "GET /m.gif HTTP/1.1" 200 95 "-" "Mozilla/5.0 (iPhone; CPU iPhone OS 7_0 like Mac OS X) AppleWebKit/537.51.1 (KHTML, like Gecko) Version/7.0 Mobile/11A465 Safari/9537.53 (compatible; bingbot/2.0; +http://www.bing.com/bingbot.htm)"
207.46.13.101 - - [07/Apr/2017:01:37:26 +0200] "GET /mv_g.gif HTTP/1.1" 200 4070 "-" "Mozilla/5.0 (iPhone; CPU iPhone OS 7_0 like Mac OS X) AppleWebKit/537.51.1 (KHTML, like Gecko) Version/7.0 Mobile/11A465 Safari/9537.53 (compatible; bingbot/2.0; +http://www.bing.com/bingbot.htm)"
157.55.39.94 - - [07/Apr/2017:01:37:31 +0200] "GET /cds/simplay_control.swf HTTP/1.1" 200 1243 "-" "Mozilla/5.0 (iPhone; CPU iPhone OS 7_0 like Mac OS X) AppleWebKit/537.51.1 (KHTML, like Gecko) Version/7.0 Mobile/11A465 Safari/9537.53 (compatible; bingbot/2.0; +http://www.bing.com/bingbot.htm)"
157.55.39.94 - - [07/Apr/2017:01:37:31 +0200] "GET /cds/simplay_player.swf?audiofile=lumina.mp3 HTTP/1.1" 200 6377 "-" "Mozilla/5.0 (iPhone; CPU iPhone OS 7_0 like Mac OS X) AppleWebKit/537.51.1 (KHTML, like Gecko) Version/7.0 Mobile/11A465 Safari/9537.53 (compatible; bingbot/2.0; +http://www.bing.com/bingbot.htm)"
195.133.145.199 - - [07/Apr/2017:01:40:35 +0200] "HEAD / HTTP/1.1" 200 - "https://taximoskvi.ru/taxi-mejgorod.html" "Mozilla/2.0 (compatible; MSIE6.00; Windows 2005)"
195.133.48.150 - - [07/Apr/2017:01:43:08 +0200] "HEAD / HTTP/1.1" 200 - "https://advocat777.ru/zhil/656-uluchshenie-zhilishchnykh-uslovij.html" "Mozilla/3.0 (compatible; MSIE6.00; Windows 2005)"
193.124.131.168 - - [07/Apr/2017:01:48:30 +0200] "HEAD / HTTP/1.1" 200 - "http://taromir.ru/news/znaki_zodiaka_yasevich/2016-11-21-311" "Mozilla/2.0 (compatible; MSIE7.00; Windows 2004)"
194.87.238.17 - - [07/Apr/2017:01:50:22 +0200] "HEAD / HTTP/1.1" 200 - "http://comp-neo.ru/abonentskoye-obsluzhivaniye-kompyuterov-v-spb" "Mozilla/2.0 (compatible; MSIE2.00; Windows 2007)"
195.133.147.74 - - [07/Apr/2017:01:58:48 +0200] "HEAD / HTTP/1.1" 200 - "https://www.tattooreligion.ru/procedura-korrekcii-permanentnogo-makijazha" "Mozilla/8.0 (compatible; MSIE3.00; Windows 2003)"
195.133.147.89 - - [07/Apr/2017:01:58:49 +0200] "HEAD / HTTP/1.1" 200 - "https://stopstarenie.com/vybiraem-stil-odezhdy-po-goroskopu/" "Mozilla/7.0 (compatible; MSIE4.00; Windows 2002)"
85.25.210.234 - - [07/Apr/2017:02:01:19 +0200] "GET /robots.txt HTTP/1.1" 200 100 "-" "Mozilla/5.0 (compatible; seoscanners.net/1; +spider@seoscanners.net)"
85.25.210.234 - - [07/Apr/2017:02:01:19 +0200] "GET /jahrbuch/titelseiten/1992.jpg HTTP/1.1" 200 8822 "-" "Mozilla/5.0 (compatible; seoscanners.net/1; +spider@seoscanners.net)"
194.87.234.246 - - [07/Apr/2017:02:01:43 +0200] "HEAD / HTTP/1.1" 200 - "http://konsar.ru/auxpage_warranty/" "Mozilla/6.0 (compatible; MSIE3.00; Windows 2009)"
195.133.147.6 - - [07/Apr/2017:02:05:35 +0200] "HEAD / HTTP/1.1" 200 - "http://autoexpert-msk.ru/ford-focus-2009" "Mozilla/5.0 (compatible; MSIE3.00; Windows 2003)"
142.4.108.100 - - [07/Apr/2017:02:07:34 +0200] "GET //modules/mod_simplefileuploadv1.3/elements/udd.php HTTP/1.0" 404 2381 "-" "Mozilla/5.0 (Windows NT 6.1) AppleWebKit/537.36 (KHTML, like Gecko) Chrome/41.0.2228.0 Safari/537.36"
142.4.108.100 - - [07/Apr/2017:02:07:35 +0200] "GET //modules/mod_simplefileuploadv1.3/elements/udd.php HTTP/1.0" 404 2381 "-" "Mozilla/5.0 (Windows NT 6.1) AppleWebKit/537.36 (KHTML, like Gecko) Chrome/41.0.2228.0 Safari/537.36"
68.180.230.44 - - [07/Apr/2017:02:12:51 +0200] "GET /impressum.html HTTP/1.1" 200 2808 "-" "Mozilla/5.0 (compatible; Yahoo! Slurp; http://help.yahoo.com/help/us/ysearch/slurp)"
85.25.210.41 - - [07/Apr/2017:02:13:30 +0200] "GET /robots.txt HTTP/1.1" 200 100 "-" "Mozilla/5.0 (compatible; seoscanners.net/1; +spider@seoscanners.net)"
85.25.210.41 - - [07/Apr/2017:02:13:30 +0200] "GET /jahrbuch/titelseiten/1963.jpg HTTP/1.1" 200 9118 "-" "Mozilla/5.0 (compatible; seoscanners.net/1; +spider@seoscanners.net)"
185.154.13.6 - - [07/Apr/2017:02:27:08 +0200] "HEAD / HTTP/1.1" 200 - "http://babysmart.watch/shop.html" "Mozilla/4.0 (compatible; MSIE7.00; Windows 2006)"
77.220.213.173 - - [07/Apr/2017:02:27:09 +0200] "HEAD / HTTP/1.1" 200 - "http://oldtownestate.eu/ru/Catalog/" "Mozilla/4.0 (compatible; MSIE5.00; Windows 2004)"
178.159.43.212 - - [07/Apr/2017:02:33:25 +0200] "HEAD / HTTP/1.1" 200 - "https://gantbpm.ru/bpm-sistema/" "Mozilla/5.0 (compatible; MSIE7.00; Windows 2002)"
157.55.2.136 - - [07/Apr/2017:02:38:19 +0200] "GET /cds/simplaydata/controlconfig.xml?nocache=1491525346220 HTTP/1.1" 200 121 "http://www.morusverlag.de/cds/simplay_control.swf" "Mozilla/5.0 (iPhone; CPU iPhone OS 7_0 like Mac OS X) AppleWebKit/537.51.1 (KHTML, like Gecko) Version/7.0 Mobile/11A465 Safari/9537.53 BingPreview/1.0b"
157.55.2.136 - - [07/Apr/2017:02:38:19 +0200] "GET /cds/simplaydata/playerconfig.xml?nocache=1491525346275 HTTP/1.1" 200 149 "http://www.morusverlag.de/cds/simplay_player.swf?audiofile=lumina.mp3" "Mozilla/5.0 (iPhone; CPU iPhone OS 7_0 like Mac OS X) AppleWebKit/537.51.1 (KHTML, like Gecko) Version/7.0 Mobile/11A465 Safari/9537.53 BingPreview/1.0b"
157.55.2.136 - - [07/Apr/2017:02:38:19 +0200] "GET /cds/simplaydata/controlskins/default/skin.xml HTTP/1.1" 200 349 "http://www.morusverlag.de/cds/simplay_control.swf" "Mozilla/5.0 (iPhone; CPU iPhone OS 7_0 like Mac OS X) AppleWebKit/537.51.1 (KHTML, like Gecko) Version/7.0 Mobile/11A465 Safari/9537.53 BingPreview/1.0b"
157.55.2.136 - - [07/Apr/2017:02:38:19 +0200] "GET /cds/simplaydata/playerskins/default/skin.xml?nocache=1491525346931 HTTP/1.1" 200 649 "http://www.morusverlag.de/cds/simplay_player.swf?audiofile=lumina.mp3" "Mozilla/5.0 (iPhone; CPU iPhone OS 7_0 like Mac OS X) AppleWebKit/537.51.1 (KHTML, like Gecko) Version/7.0 Mobile/11A465 Safari/9537.53 BingPreview/1.0b"
157.55.2.136 - - [07/Apr/2017:02:38:20 +0200] "GET /cds/simplaydata/controlskins/default/background.jpg HTTP/1.1" 200 772 "http://www.morusverlag.de/cds/simplay_control.swf" "Mozilla/5.0 (iPhone; CPU iPhone OS 7_0 like Mac OS X) AppleWebKit/537.51.1 (KHTML, like Gecko) Version/7.0 Mobile/11A465 Safari/9537.53 BingPreview/1.0b"
157.55.2.136 - - [07/Apr/2017:02:38:20 +0200] "GET /cds/simplaydata/playerskins/default/play_up.jpg HTTP/1.1" 200 643 "http://www.morusverlag.de/cds/simplay_player.swf?audiofile=lumina.mp3" "Mozilla/5.0 (iPhone; CPU iPhone OS 7_0 like Mac OS X) AppleWebKit/537.51.1 (KHTML, like Gecko) Version/7.0 Mobile/11A465 Safari/9537.53 BingPreview/1.0b"
157.55.2.136 - - [07/Apr/2017:02:38:20 +0200] "GET /cds/simplaydata/controlskins/default/handle.jpg HTTP/1.1" 200 387 "http://www.morusverlag.de/cds/simplay_control.swf" "Mozilla/5.0 (iPhone; CPU iPhone OS 7_0 like Mac OS X) AppleWebKit/537.51.1 (KHTML, like Gecko) Version/7.0 Mobile/11A465 Safari/9537.53 BingPreview/1.0b"
157.55.2.136 - - [07/Apr/2017:02:38:20 +0200] "GET /cds/simplaydata/playerskins/default/play_down.jpg HTTP/1.1" 200 972 "http://www.morusverlag.de/cds/simplay_player.swf?audiofile=lumina.mp3" "Mozilla/5.0 (iPhone; CPU iPhone OS 7_0 like Mac OS X) AppleWebKit/537.51.1 (KHTML, like Gecko) Version/7.0 Mobile/11A465 Safari/9537.53 BingPreview/1.0b"
157.55.2.136 - - [07/Apr/2017:02:38:20 +0200] "GET /cds/simplaydata/playerskins/default/play_over.jpg HTTP/1.1" 200 986 "http://www.morusverlag.de/cds/simplay_player.swf?audiofile=lumina.mp3" "Mozilla/5.0 (iPhone; CPU iPhone OS 7_0 like Mac OS X) AppleWebKit/537.51.1 (KHTML, like Gecko) Version/7.0 Mobile/11A465 Safari/9537.53 BingPreview/1.0b"
157.55.2.136 - - [07/Apr/2017:02:38:20 +0200] "GET /cds/simplaydata/controlskins/default/on.jpg HTTP/1.1" 200 986 "http://www.morusverlag.de/cds/simplay_control.swf" "Mozilla/5.0 (iPhone; CPU iPhone OS 7_0 like Mac OS X) AppleWebKit/537.51.1 (KHTML, like Gecko) Version/7.0 Mobile/11A465 Safari/9537.53 BingPreview/1.0b"
157.55.2.136 - - [07/Apr/2017:02:38:21 +0200] "GET /cds/simplaydata/controlskins/default/off.jpg HTTP/1.1" 200 608 "http://www.morusverlag.de/cds/simplay_control.swf" "Mozilla/5.0 (iPhone; CPU iPhone OS 7_0 like Mac OS X) AppleWebKit/537.51.1 (KHTML, like Gecko) Version/7.0 Mobile/11A465 Safari/9537.53 BingPreview/1.0b"
157.55.2.136 - - [07/Apr/2017:02:38:21 +0200] "GET /cds/simplaydata/controlconfig.xml?nocache=1491525347187 HTTP/1.1" 200 121 "http://www.morusverlag.de/cds/simplay_control.swf" "Mozilla/5.0 (iPhone; CPU iPhone OS 7_0 like Mac OS X) AppleWebKit/537.51.1 (KHTML, like Gecko) Version/7.0 Mobile/11A465 Safari/9537.53 BingPreview/1.0b"
157.55.2.136 - - [07/Apr/2017:02:38:21 +0200] "GET /cds/simplaydata/playerskins/default/pause_over.jpg HTTP/1.1" 200 988 "http://www.morusverlag.de/cds/simplay_player.swf?audiofile=lumina.mp3" "Mozilla/5.0 (iPhone; CPU iPhone OS 7_0 like Mac OS X) AppleWebKit/537.51.1 (KHTML, like Gecko) Version/7.0 Mobile/11A465 Safari/9537.53 BingPreview/1.0b"
157.55.2.136 - - [07/Apr/2017:02:38:22 +0200] "GET /cds/simplaydata/controlconfig.xml?nocache=1491525348854 HTTP/1.1" 200 121 "http://www.morusverlag.de/cds/simplay_control.swf" "Mozilla/5.0 (iPhone; CPU iPhone OS 7_0 like Mac OS X) AppleWebKit/537.51.1 (KHTML, like Gecko) Version/7.0 Mobile/11A465 Safari/9537.53 BingPreview/1.0b"
157.55.2.136 - - [07/Apr/2017:02:38:22 +0200] "GET /cds/simplaydata/controlconfig.xml?nocache=1491525349732 HTTP/1.1" 200 121 "http://www.morusverlag.de/cds/simplay_control.swf" "Mozilla/5.0 (iPhone; CPU iPhone OS 7_0 like Mac OS X) AppleWebKit/537.51.1 (KHTML, like Gecko) Version/7.0 Mobile/11A465 Safari/9537.53 BingPreview/1.0b"
78.46.156.169 - - [07/Apr/2017:03:25:46 +0200] "GET /sonderthemen/oekt_extra1.pdf HTTP/1.1" 200 1849015 "-" "Mozilla/5.0 (Macintosh; Intel Mac OS X 1084) AppleWebKit/536.29.13 (KHTML like Gecko) Version/6.0.4 Safari/536.29.13"
31.168.26.52 - - [07/Apr/2017:03:48:52 +0200] "GET /wp-login.php HTTP/1.1" 404 2381 "-" "Mozilla/5.0 (Windows NT 6.1; WOW64; rv:40.0) Gecko/20100101 Firefox/40.1"
31.168.26.52 - - [07/Apr/2017:03:48:52 +0200] "GET / HTTP/1.1" 200 9360 "-" "Mozilla/5.0 (Windows NT 6.1; WOW64; rv:40.0) Gecko/20100101 Firefox/40.1"
69.64.40.177 - - [07/Apr/2017:04:21:18 +0200] "GET /buecher/gesichter/10.jpg HTTP/1.1" 200 7686 "-" "Googlebot-Image/1.0"
193.1.218.163 - - [07/Apr/2017:04:54:45 +0200] "HEAD / HTTP/1.1" 200 - "-" "Java/1.6.0_23"
157.55.39.68 - - [07/Apr/2017:04:58:43 +0200] "GET /robots.txt HTTP/1.1" 200 100 "-" "Mozilla/5.0 (compatible; bingbot/2.0; +http://www.bing.com/bingbot.htm)"
157.55.39.94 - - [07/Apr/2017:05:06:13 +0200] "GET /buecher/gesichter/10.jpg HTTP/1.1" 200 7686 "-" "Mozilla/5.0 (compatible; bingbot/2.0; +http://www.bing.com/bingbot.htm)"
77.75.78.168 - - [07/Apr/2017:05:11:20 +0200] "GET /robots.txt HTTP/1.1" 200 100 "-" "Mozilla/5.0 (compatible; SeznamBot/3.2; +http://napoveda.seznam.cz/en/seznambot-intro/)"
77.75.78.168 - - [07/Apr/2017:05:11:21 +0200] "GET /buecher/gesichter/16.jpg HTTP/1.1" 304 - "-" "Mozilla/5.0 (compatible; SeznamBot/3.2; +http://napoveda.seznam.cz/en/seznambot-intro/)"
195.133.145.199 - - [07/Apr/2017:05:12:40 +0200] "HEAD / HTTP/1.1" 200 - "https://taximoskvi.ru/" "Mozilla/7.0 (compatible; MSIE6.00; Windows 2005)"
195.133.48.150 - - [07/Apr/2017:05:12:41 +0200] "HEAD / HTTP/1.1" 200 - "https://advocat777.ru/crim/1425-videosjomka.html" "Mozilla/3.0 (compatible; MSIE2.00; Windows 2003)"
194.87.238.17 - - [07/Apr/2017:05:14:31 +0200] "HEAD / HTTP/1.1" 200 - "http://comp-neo.ru/repitergsm" "Mozilla/7.0 (compatible; MSIE7.00; Windows 2005)"
180.76.15.148 - - [07/Apr/2017:05:25:19 +0200] "GET / HTTP/1.1" 200 9360 "-" "Mozilla/5.0 (compatible; Baiduspider/2.0; +http://www.baidu.com/search/spider.html)"
180.76.15.159 - - [07/Apr/2017:05:25:40 +0200] "GET / HTTP/1.1" 200 9360 "-" "Mozilla/5.0 (compatible; Baiduspider/2.0; +http://www.baidu.com/search/spider.html)"
193.124.131.168 - - [07/Apr/2017:05:32:05 +0200] "HEAD / HTTP/1.1" 200 - "http://taromir.ru/news/praktika_ozdorovlenija/2017-01-16-513" "Mozilla/6.0 (compatible; MSIE5.00; Windows 2006)"
195.133.147.89 - - [07/Apr/2017:05:40:45 +0200] "HEAD / HTTP/1.1" 200 - "https://stopstarenie.com/" "Mozilla/6.0 (compatible; MSIE3.00; Windows 2003)"
195.133.147.74 - - [07/Apr/2017:05:40:49 +0200] "HEAD / HTTP/1.1" 200 - "https://www.tattooreligion.ru/interview-with-ax" "Mozilla/3.0 (compatible; MSIE2.00; Windows 2003)"
157.55.39.67 - - [07/Apr/2017:05:50:23 +0200] "GET /buecher/rezension_gesichter_u_geschichten.pdf HTTP/1.1" 200 223287 "-" "Mozilla/5.0 (iPhone; CPU iPhone OS 7_0 like Mac OS X) AppleWebKit/537.51.1 (KHTML, like Gecko) Version/7.0 Mobile/11A465 Safari/9537.53 (compatible; bingbot/2.0; +http://www.bing.com/bingbot.htm)"
194.87.234.246 - - [07/Apr/2017:05:53:45 +0200] "HEAD / HTTP/1.1" 200 - "http://konsar.ru/" "Mozilla/3.0 (compatible; MSIE6.00; Windows 2002)"
195.133.147.6 - - [07/Apr/2017:06:02:31 +0200] "HEAD / HTTP/1.1" 200 - "http://autoexpert-msk.ru/question-answer/22-information/118-check-history-of-car" "Mozilla/7.0 (compatible; MSIE5.00; Windows 2005)"
95.119.45.228 - - [07/Apr/2017:06:02:32 +0200] "GET /buecher/rezensionen_chateaubriand.html HTTP/1.1" 200 47317 "-" "Mozilla/5.0 (Macintosh; Intel Mac OS X 10_10_3) AppleWebKit/537.36 (KHTML, like Gecko) Chrome/41.0.2272.89 Safari/537.36"
95.119.45.228 - - [07/Apr/2017:06:02:33 +0200] "GET /cds/index.html HTTP/1.1" 200 7987 "-" "Mozilla/5.0 (Macintosh; Intel Mac OS X 10_10_3) AppleWebKit/537.36 (KHTML, like Gecko) Chrome/41.0.2272.89 Safari/537.36"
178.8.164.112 - - [07/Apr/2017:06:02:33 +0200] "GET /gotteslob/index.html HTTP/1.1" 200 2770 "-" "Mozilla/5.0 (Macintosh; Intel Mac OS X 10_10_3) AppleWebKit/537.36 (KHTML, like Gecko) Chrome/41.0.2272.89 Safari/537.36"
92.78.140.53 - - [07/Apr/2017:06:02:33 +0200] "GET /jahrbuch/index.html HTTP/1.1" 200 3956 "-" "Mozilla/5.0 (Macintosh; Intel Mac OS X 10_10_3) AppleWebKit/537.36 (KHTML, like Gecko) Chrome/41.0.2272.89 Safari/537.36"
188.106.98.69 - - [07/Apr/2017:06:02:33 +0200] "GET /index.html HTTP/1.1" 200 9360 "-" "Mozilla/5.0 (Macintosh; Intel Mac OS X 10_10_3) AppleWebKit/537.36 (KHTML, like Gecko) Chrome/41.0.2272.89 Safari/537.36"
94.134.130.122 - - [07/Apr/2017:06:02:33 +0200] "GET /sonderthemen/index.html HTTP/1.1" 200 7102 "-" "Mozilla/5.0 (Macintosh; Intel Mac OS X 10_10_3) AppleWebKit/537.36 (KHTML, like Gecko) Chrome/41.0.2272.89 Safari/537.36"
94.134.141.65 - - [07/Apr/2017:06:02:34 +0200] "GET /impressum.html HTTP/1.1" 200 2808 "-" "Mozilla/5.0 (Macintosh; Intel Mac OS X 10_10_3) AppleWebKit/537.36 (KHTML, like Gecko) Chrome/41.0.2272.89 Safari/537.36"
78.52.137.59 - - [07/Apr/2017:06:02:33 +0200] "GET /buecher/index.html HTTP/1.1" 200 25885 "-" "Mozilla/5.0 (Macintosh; Intel Mac OS X 10_10_3) AppleWebKit/537.36 (KHTML, like Gecko) Chrome/41.0.2272.89 Safari/537.36"
94.134.130.122 - - [07/Apr/2017:06:02:35 +0200] "GET /buecher/rezensionen.html HTTP/1.1" 200 6964 "-" "Mozilla/5.0 (Macintosh; Intel Mac OS X 10_10_3) AppleWebKit/537.36 (KHTML, like Gecko) Chrome/41.0.2272.89 Safari/537.36"
88.75.181.130 - - [07/Apr/2017:06:02:35 +0200] "GET /kontakt/index.html HTTP/1.1" 200 2896 "-" "Mozilla/5.0 (Macintosh; Intel Mac OS X 10_10_3) AppleWebKit/537.36 (KHTML, like Gecko) Chrome/41.0.2272.89 Safari/537.36"
84.191.10.55 - - [07/Apr/2017:06:02:33 +0200] "GET /buecher/veroeffentlichungsliste.html HTTP/1.1" 200 129779 "-" "Mozilla/5.0 (Macintosh; Intel Mac OS X 10_10_3) AppleWebKit/537.36 (KHTML, like Gecko) Chrome/41.0.2272.89 Safari/537.36"
157.55.39.94 - - [07/Apr/2017:06:35:46 +0200] "GET /buecher/ HTTP/1.1" 200 25885 "-" "Mozilla/5.0 (iPhone; CPU iPhone OS 7_0 like Mac OS X) AppleWebKit/537.51.1 (KHTML, like Gecko) Version/7.0 Mobile/11A465 Safari/9537.53 (compatible; bingbot/2.0; +http://www.bing.com/bingbot.htm)"
157.55.39.94 - - [07/Apr/2017:06:36:23 +0200] "GET /contentflow/contentflow.css HTTP/1.1" 200 3109 "-" "Mozilla/5.0 (iPhone; CPU iPhone OS 7_0 like Mac OS X) AppleWebKit/537.51.1 (KHTML, like Gecko) Version/7.0 Mobile/11A465 Safari/9537.53 (compatible; bingbot/2.0; +http://www.bing.com/bingbot.htm)"
157.55.39.67 - - [07/Apr/2017:06:36:27 +0200] "GET /buecher/gesichter.jpg HTTP/1.1" 200 7271 "-" "Mozilla/5.0 (iPhone; CPU iPhone OS 7_0 like Mac OS X) AppleWebKit/537.51.1 (KHTML, like Gecko) Version/7.0 Mobile/11A465 Safari/9537.53 (compatible; bingbot/2.0; +http://www.bing.com/bingbot.htm)"
77.220.213.173 - - [07/Apr/2017:06:42:21 +0200] "HEAD / HTTP/1.1" 200 - "http://oldtownestate.eu/" "Mozilla/7.0 (compatible; MSIE7.00; Windows 2003)"
185.154.13.6 - - [07/Apr/2017:06:42:21 +0200] "HEAD / HTTP/1.1" 200 - "http://babysmart.watch/shop/q90/q90-or.html" "Mozilla/5.0 (compatible; MSIE4.00; Windows 2004)"
157.55.39.67 - - [07/Apr/2017:06:48:45 +0200] "GET /buecher/rezensionen_christliche_frauen HTTP/1.1" 404 2381 "-" "Mozilla/5.0 (iPhone; CPU iPhone OS 7_0 like Mac OS X) AppleWebKit/537.51.1 (KHTML, like Gecko) Version/7.0 Mobile/11A465 Safari/9537.53 (compatible; bingbot/2.0; +http://www.bing.com/bingbot.htm)"
178.159.43.212 - - [07/Apr/2017:06:52:06 +0200] "HEAD / HTTP/1.1" 200 - "https://gantbpm.ru/proektnyj-menedzhment/biznes-planirovanie/" "Mozilla/2.0 (compatible; MSIE4.00; Windows 2009)"
216.244.66.226 - - [07/Apr/2017:06:58:09 +0200] "GET /robots.txt HTTP/1.1" 200 100 "-" "Mozilla/5.0 (compatible; DotBot/1.1; http://www.opensiteexplorer.org/dotbot, help@moz.com)"
216.244.66.226 - - [07/Apr/2017:06:59:33 +0200] "GET /cds/rosarium.html HTTP/1.1" 200 6680 "-" "Mozilla/5.0 (compatible; DotBot/1.1; http://www.opensiteexplorer.org/dotbot, help@moz.com)"
77.75.78.164 - - [07/Apr/2017:07:09:01 +0200] "GET /robots.txt HTTP/1.1" 200 100 "-" "Mozilla/5.0 (compatible; SeznamBot/3.2; +http://napoveda.seznam.cz/en/seznambot-intro/)"
77.75.78.164 - - [07/Apr/2017:07:09:02 +0200] "GET /buecher/rezensionen_engel.html HTTP/1.1" 304 - "-" "Mozilla/5.0 (compatible; SeznamBot/3.2; +http://napoveda.seznam.cz/en/seznambot-intro/)"
40.77.177.129 - - [07/Apr/2017:07:37:26 +0200] "GET /contentflow/mycontentflow.css HTTP/1.1" 404 2381 "-" "Mozilla/5.0 (iPhone; CPU iPhone OS 7_0 like Mac OS X) AppleWebKit/537.51.1 (KHTML, like Gecko) Version/7.0 Mobile/11A465 Safari/9537.53 BingPreview/1.0b"
40.77.177.129 - - [07/Apr/2017:07:37:27 +0200] "GET /contentflow/ContentFlowAddOn_white.css HTTP/1.1" 200 3174 "-" "Mozilla/5.0 (iPhone; CPU iPhone OS 7_0 like Mac OS X) AppleWebKit/537.51.1 (KHTML, like Gecko) Version/7.0 Mobile/11A465 Safari/9537.53 BingPreview/1.0b"
40.77.177.129 - - [07/Apr/2017:07:37:45 +0200] "GET /contentflow/img/loader.gif HTTP/1.1" 200 8238 "-" "Mozilla/5.0 (iPhone; CPU iPhone OS 7_0 like Mac OS X) AppleWebKit/537.51.1 (KHTML, like Gecko) Version/7.0 Mobile/11A465 Safari/9537.53 BingPreview/1.0b"
40.77.177.129 - - [07/Apr/2017:07:37:46 +0200] "GET /contentflow/img/scrollbar_white.png HTTP/1.1" 200 82 "-" "Mozilla/5.0 (iPhone; CPU iPhone OS 7_0 like Mac OS X) AppleWebKit/537.51.1 (KHTML, like Gecko) Version/7.0 Mobile/11A465 Safari/9537.53 BingPreview/1.0b"
40.77.177.129 - - [07/Apr/2017:07:37:46 +0200] "GET /contentflow/img/slider_white.png HTTP/1.1" 200 178 "-" "Mozilla/5.0 (iPhone; CPU iPhone OS 7_0 like Mac OS X) AppleWebKit/537.51.1 (KHTML, like Gecko) Version/7.0 Mobile/11A465 Safari/9537.53 BingPreview/1.0b"
40.77.177.129 - - [07/Apr/2017:07:37:48 +0200] "GET /contentflow/img/1x1_0.5_white.png HTTP/1.1" 200 82 "-" "Mozilla/5.0 (iPhone; CPU iPhone OS 7_0 like Mac OS X) AppleWebKit/537.51.1 (KHTML, like Gecko) Version/7.0 Mobile/11A465 Safari/9537.53 BingPreview/1.0b"
40.77.177.129 - - [07/Apr/2017:07:37:48 +0200] "GET /contentflow/img/loader_white.gif HTTP/1.1" 200 8238 "-" "Mozilla/5.0 (iPhone; CPU iPhone OS 7_0 like Mac OS X) AppleWebKit/537.51.1 (KHTML, like Gecko) Version/7.0 Mobile/11A465 Safari/9537.53 BingPreview/1.0b"
40.77.177.129 - - [07/Apr/2017:07:37:49 +0200] "GET /contentflow/img/scrollbar_black.png HTTP/1.1" 200 82 "-" "Mozilla/5.0 (iPhone; CPU iPhone OS 7_0 like Mac OS X) AppleWebKit/537.51.1 (KHTML, like Gecko) Version/7.0 Mobile/11A465 Safari/9537.53 BingPreview/1.0b"
40.77.177.129 - - [07/Apr/2017:07:37:50 +0200] "GET /contentflow/img/slider_black.png HTTP/1.1" 200 175 "-" "Mozilla/5.0 (iPhone; CPU iPhone OS 7_0 like Mac OS X) AppleWebKit/537.51.1 (KHTML, like Gecko) Version/7.0 Mobile/11A465 Safari/9537.53 BingPreview/1.0b"
216.244.66.226 - - [07/Apr/2017:08:17:06 +0200] "GET /robots.txt HTTP/1.1" 200 100 "-" "Mozilla/5.0 (compatible; DotBot/1.1; http://www.opensiteexplorer.org/dotbot, help@moz.com)"
40.77.169.100 - - [07/Apr/2017:08:18:41 +0200] "GET /cds/hymnos_akathistos.html HTTP/1.1" 200 11061 "-" "Mozilla/5.0 (Windows NT 10.0; WOW64) AppleWebKit/537.36 (KHTML, like Gecko) Chrome/52.0.2743.116 Safari/537.36"
216.244.66.226 - - [07/Apr/2017:08:19:07 +0200] "GET /gotteslob/index.html HTTP/1.1" 200 2770 "-" "Mozilla/5.0 (compatible; DotBot/1.1; http://www.opensiteexplorer.org/dotbot, help@moz.com)"
194.87.238.17 - - [07/Apr/2017:08:42:40 +0200] "HEAD / HTTP/1.1" 200 - "http://comp-neo.ru/ustanovka-programm" "Mozilla/6.0 (compatible; MSIE3.00; Windows 2007)"
195.133.145.199 - - [07/Apr/2017:08:42:40 +0200] "HEAD / HTTP/1.1" 200 - "https://taximoskvi.ru/avto.html" "Mozilla/4.0 (compatible; MSIE2.00; Windows 2003)"
195.133.48.150 - - [07/Apr/2017:08:42:40 +0200] "HEAD / HTTP/1.1" 200 - "https://advocat777.ru/hz/1509-neoplachennye-shtrafy.html" "Mozilla/7.0 (compatible; MSIE6.00; Windows 2002)"
180.76.15.18 - - [07/Apr/2017:08:46:39 +0200] "GET / HTTP/1.1" 200 9360 "-" "Mozilla/5.0 (compatible; Baiduspider/2.0; +http://www.baidu.com/search/spider.html)"
207.46.13.100 - - [07/Apr/2017:08:49:51 +0200] "GET /buecher/rezensionen_chateaubriand.html HTTP/1.1" 200 47317 "-" "Mozilla/5.0 (iPhone; CPU iPhone OS 7_0 like Mac OS X) AppleWebKit/537.51.1 (KHTML, like Gecko) Version/7.0 Mobile/11A465 Safari/9537.53 (compatible; bingbot/2.0; +http://www.bing.com/bingbot.htm)"
66.249.64.101 - - [07/Apr/2017:08:53:05 +0200] "GET /robots.txt HTTP/1.1" 200 100 "-" "Mozilla/5.0 (compatible; Googlebot/2.1; +http://www.google.com/bot.html)"
66.249.64.97 - - [07/Apr/2017:08:53:05 +0200] "GET / HTTP/1.1" 200 9360 "-" "Mozilla/5.0 (compatible; Googlebot/2.1; +http://www.google.com/bot.html)"
85.25.210.41 - - [07/Apr/2017:09:04:37 +0200] "GET /robots.txt HTTP/1.1" 200 100 "-" "Mozilla/5.0 (compatible; seoscanners.net/1; +spider@seoscanners.net)"
85.25.210.41 - - [07/Apr/2017:09:04:37 +0200] "GET /jahrbuch/titelseiten/1956.jpg HTTP/1.1" 200 12858 "-" "Mozilla/5.0 (compatible; seoscanners.net/1; +spider@seoscanners.net)"
138.201.59.34 - - [07/Apr/2017:09:15:27 +0200] "GET /robots.txt HTTP/1.0" 200 100 "-" "Mozilla/5.0 (compatible; SEOkicks-Robot; +http://www.seokicks.de/robot.html)"
138.201.59.34 - - [07/Apr/2017:09:15:29 +0200] "GET / HTTP/1.0" 200 9360 "-" "Mozilla/5.0 (compatible; SEOkicks-Robot; +http://www.seokicks.de/robot.html)"
138.201.59.34 - - [07/Apr/2017:09:15:30 +0200] "GET /main.css HTTP/1.0" 200 1439 "http://www.morusverlag.de/" "Mozilla/5.0 (compatible; SEOkicks-Robot; +http://www.seokicks.de/robot.html)"
138.201.59.34 - - [07/Apr/2017:09:15:31 +0200] "GET /buecher/index.html HTTP/1.0" 200 25885 "http://www.morusverlag.de/" "Mozilla/5.0 (compatible; SEOkicks-Robot; +http://www.seokicks.de/robot.html)"
138.201.59.34 - - [07/Apr/2017:09:15:33 +0200] "GET /contentflow/contentflow.js HTTP/1.0" 200 42064 "http://www.morusverlag.de/buecher/index.html" "Mozilla/5.0 (compatible; SEOkicks-Robot; +http://www.seokicks.de/robot.html)"
138.201.59.34 - - [07/Apr/2017:09:15:35 +0200] "GET /cds/index.html HTTP/1.0" 200 7987 "http://www.morusverlag.de/" "Mozilla/5.0 (compatible; SEOkicks-Robot; +http://www.seokicks.de/robot.html)"
138.201.59.34 - - [07/Apr/2017:09:15:36 +0200] "GET /gotteslob/index.html HTTP/1.0" 200 2770 "http://www.morusverlag.de/" "Mozilla/5.0 (compatible; SEOkicks-Robot; +http://www.seokicks.de/robot.html)"
138.201.59.34 - - [07/Apr/2017:09:15:37 +0200] "GET /jahrbuch/index.html HTTP/1.0" 200 3956 "http://www.morusverlag.de/" "Mozilla/5.0 (compatible; SEOkicks-Robot; +http://www.seokicks.de/robot.html)"
138.201.59.34 - - [07/Apr/2017:09:15:39 +0200] "GET /sonderthemen/index.html HTTP/1.0" 200 7102 "http://www.morusverlag.de/" "Mozilla/5.0 (compatible; SEOkicks-Robot; +http://www.seokicks.de/robot.html)"
193.124.131.168 - - [07/Apr/2017:09:17:42 +0200] "HEAD / HTTP/1.1" 200 - "http://taromir.ru/news/ritual_na_ispolnenija_zhelanij/2015-07-24-101" "Mozilla/7.0 (compatible; MSIE4.00; Windows 2005)"
180.76.15.134 - - [07/Apr/2017:09:22:57 +0200] "GET / HTTP/1.1" 200 9360 "-" "Mozilla/5.0 (compatible; Baiduspider/2.0; +http://www.baidu.com/search/spider.html)"
180.76.15.154 - - [07/Apr/2017:09:23:12 +0200] "GET / HTTP/1.1" 200 9360 "-" "Mozilla/5.0 (compatible; Baiduspider/2.0; +http://www.baidu.com/search/spider.html)"
195.133.147.89 - - [07/Apr/2017:09:28:24 +0200] "HEAD / HTTP/1.1" 200 - "https://stopstarenie.com/na-prieme-u-pediatra/" "Mozilla/7.0 (compatible; MSIE5.00; Windows 2003)"
195.133.147.74 - - [07/Apr/2017:09:30:00 +0200] "HEAD / HTTP/1.1" 200 - "https://www.tattooreligion.ru/nekotorye-fakty-iz-istorii-permanentnogo-makijazha" "Mozilla/5.0 (compatible; MSIE3.00; Windows 2007)"
194.87.234.246 - - [07/Apr/2017:09:47:23 +0200] "HEAD / HTTP/1.1" 200 - "http://konsar.ru/auxpage_warranty/" "Mozilla/7.0 (compatible; MSIE5.00; Windows 2008)"
5.9.145.132 - - [07/Apr/2017:09:48:04 +0200] "GET /buecher/index.html HTTP/1.1" 200 25885 "-" "Mozilla/5.0 (Windows NT 6.1; rv:21.0) Gecko/20130328 Firefox/21.0"
5.9.17.118 - - [07/Apr/2017:09:48:19 +0200] "GET /buecher/index.html HTTP/1.1" 200 25885 "-" "Mozilla/5.0 (Macintosh; Intel Mac OS X 10_6_8) AppleWebKit/537.13+ (KHTML, like Gecko) Version/5.1.7 Safari/534.57.2"
68.180.230.44 - - [07/Apr/2017:09:48:24 +0200] "GET /robots.txt HTTP/1.1" 200 100 "-" "Mozilla/5.0 (compatible; Yahoo! Slurp; http://help.yahoo.com/help/us/ysearch/slurp)"
68.180.230.44 - - [07/Apr/2017:09:48:25 +0200] "GET /buecher/bestellung.php HTTP/1.1" 200 10142 "-" "Mozilla/5.0 (compatible; Yahoo! Slurp; http://help.yahoo.com/help/us/ysearch/slurp)"
195.133.147.6 - - [07/Apr/2017:10:00:48 +0200] "HEAD / HTTP/1.1" 200 - "http://autoexpert-msk.ru/example-of-work" "Mozilla/2.0 (compatible; MSIE6.00; Windows 2009)"
68.180.230.44 - - [07/Apr/2017:10:29:19 +0200] "GET /buecher/index.html HTTP/1.1" 200 25885 "-" "Mozilla/5.0 (compatible; Yahoo! Slurp; http://help.yahoo.com/help/us/ysearch/slurp)"
193.169.86.71 - - [07/Apr/2017:10:49:36 +0200] "GET / HTTP/1.1" 200 9360 "-" "Mozilla/5.0 (Windows NT 6.1) AppleWebKit/537.36 (KHTML, like Gecko) Chrome/43.0.2228.0"
77.220.213.173 - - [07/Apr/2017:11:01:41 +0200] "HEAD / HTTP/1.1" 200 - "http://oldtownestate.eu/ru/Catalog/" "Mozilla/5.0 (compatible; MSIE2.00; Windows 2002)"
185.154.13.6 - - [07/Apr/2017:11:01:41 +0200] "HEAD / HTTP/1.1" 200 - "http://babysmart.watch/shop/q50/q50-ts.html" "Mozilla/7.0 (compatible; MSIE3.00; Windows 2003)"
216.244.66.226 - - [07/Apr/2017:11:13:11 +0200] "GET /robots.txt HTTP/1.1" 200 100 "-" "Mozilla/5.0 (compatible; DotBot/1.1; http://www.opensiteexplorer.org/dotbot, help@moz.com)"
85.25.210.41 - - [07/Apr/2017:11:13:44 +0200] "GET /buecher/gesichter/01.jpg HTTP/1.1" 200 7981 "-" "Mozilla/5.0 (compatible; seoscanners.net/1; +spider@seoscanners.net)"
178.159.43.212 - - [07/Apr/2017:11:14:08 +0200] "HEAD / HTTP/1.1" 200 - "https://gantbpm.ru/swot-analiz-konsaltingovoj-kompanii/" "Mozilla/8.0 (compatible; MSIE5.00; Windows 2002)"
216.244.66.226 - - [07/Apr/2017:11:15:50 +0200] "GET /sonderthemen/index.html HTTP/1.1" 200 7102 "-" "Mozilla/5.0 (compatible; DotBot/1.1; http://www.opensiteexplorer.org/dotbot, help@moz.com)"
5.9.17.118 - - [07/Apr/2017:11:19:02 +0200] "GET /sonderthemen/oeaz2002.pdf HTTP/1.1" 200 3161455 "-" "Mozilla/5.0 (Windows NT 5.1; rv:12.0) Gecko/20120403211507 Firefox/12.0"
157.55.39.32 - - [07/Apr/2017:11:33:42 +0200] "GET / HTTP/1.1" 200 9360 "-" "Mozilla/5.0 (compatible; bingbot/2.0; +http://www.bing.com/bingbot.htm)"
