5.255.251.7 - - [04/Apr/2017:06:20:24 +0200] "GET /buecher/islam.jpg HTTP/1.1" 304 - "-" "Mozilla/5.0 (compatible; YandexImages/3.0; +http://yandex.com/bots)"
5.255.251.7 - - [04/Apr/2017:06:23:27 +0200] "GET /buecher/gesichter/18.jpg HTTP/1.1" 304 - "-" "Mozilla/5.0 (compatible; YandexImages/3.0; +http://yandex.com/bots)"
5.255.251.7 - - [04/Apr/2017:06:36:36 +0200] "GET /buecher/rezensionen_psalmen.html HTTP/1.1" 200 6787 "-" "Mozilla/5.0 (compatible; YandexBot/3.0; +http://yandex.com/bots)"
5.255.251.7 - - [04/Apr/2017:06:40:16 +0200] "GET /jahrbuch/bestellung.php HTTP/1.1" 200 10316 "-" "Mozilla/5.0 (compatible; YandexBot/3.0; +http://yandex.com/bots)"
62.138.0.25 - - [04/Apr/2017:06:49:57 +0200] "GET /robots.txt HTTP/1.1" 200 100 "-" "Mozilla/5.0 (compatible; seoscanners.net/1; +spider@seoscanners.net)"
62.138.0.25 - - [04/Apr/2017:06:49:57 +0200] "GET /buecher/krise_zum_heil.jpg HTTP/1.1" 200 1930 "-" "Mozilla/5.0 (compatible; seoscanners.net/1; +spider@seoscanners.net)"
77.75.78.169 - - [04/Apr/2017:06:56:30 +0200] "GET /robots.txt HTTP/1.1" 200 100 "-" "Mozilla/5.0 (compatible; SeznamBot/3.2; +http://napoveda.seznam.cz/en/seznambot-intro/)"
77.75.78.169 - - [04/Apr/2017:06:56:31 +0200] "GET /sonderthemen/az2003_s01.pdf HTTP/1.1" 304 - "-" "Mozilla/5.0 (compatible; SeznamBot/3.2; +http://napoveda.seznam.cz/en/seznambot-intro/)"
85.25.210.234 - - [04/Apr/2017:07:05:01 +0200] "GET /robots.txt HTTP/1.1" 200 100 "-" "Mozilla/5.0 (compatible; seoscanners.net/1; +spider@seoscanners.net)"
85.25.210.234 - - [04/Apr/2017:07:05:01 +0200] "GET /cds/glockenspiel2.html HTTP/1.1" 200 9831 "-" "Mozilla/5.0 (compatible; seoscanners.net/1; +spider@seoscanners.net)"
68.180.230.237 - - [04/Apr/2017:07:13:02 +0200] "GET /cds/ignatius.html HTTP/1.1" 200 6576 "-" "Mozilla/5.0 (compatible; Yahoo! Slurp; http://help.yahoo.com/help/us/ysearch/slurp)"
5.255.251.7 - - [04/Apr/2017:07:38:43 +0200] "GET /sonderthemen/sk2000.jpg HTTP/1.1" 304 - "-" "Mozilla/5.0 (compatible; YandexImages/3.0; +http://yandex.com/bots)"
5.255.251.7 - - [04/Apr/2017:07:38:46 +0200] "GET /sonderthemen/oekz2003.jpg HTTP/1.1" 304 - "-" "Mozilla/5.0 (compatible; YandexImages/3.0; +http://yandex.com/bots)"
194.87.238.17 - - [04/Apr/2017:07:40:58 +0200] "HEAD / HTTP/1.1" 200 - "https://www.tattooreligion.ru/obuchenie-tatuazhu" "Mozilla/3.0 (compatible; MSIE2.00; Windows 2009)"
195.133.147.74 - - [04/Apr/2017:07:40:59 +0200] "HEAD / HTTP/1.1" 200 - "http://comp-neo.ru/gps-monitoring" "Mozilla/2.0 (compatible; MSIE3.00; Windows 2004)"
195.133.48.150 - - [04/Apr/2017:07:40:59 +0200] "HEAD / HTTP/1.1" 200 - "http://oldtownestate.eu/ru/Catalog/" "Mozilla/7.0 (compatible; MSIE5.00; Windows 2008)"
195.133.145.199 - - [04/Apr/2017:07:40:59 +0200] "HEAD / HTTP/1.1" 200 - "https://mskunion.ru/promyshlennye-poly" "Mozilla/2.0 (compatible; MSIE6.00; Windows 2004)"
193.124.131.168 - - [04/Apr/2017:07:41:00 +0200] "HEAD / HTTP/1.1" 200 - "https://lavkabereza.ru/for-women/skin-care/face-oil/" "Mozilla/4.0 (compatible; MSIE3.00; Windows 2008)"
194.87.234.246 - - [04/Apr/2017:07:41:01 +0200] "HEAD / HTTP/1.1" 200 - "https://petboy.ru/products/18658107" "Mozilla/6.0 (compatible; MSIE2.00; Windows 2002)"
195.133.147.89 - - [04/Apr/2017:07:41:02 +0200] "HEAD / HTTP/1.1" 200 - "http://baikalyachts.com/news-shipyard/328-priglashaem-na-vystavku-katerov-i-yakht-moskovskoe-bot-shou-2017.html" "Mozilla/4.0 (compatible; MSIE3.00; Windows 2006)"
195.133.147.6 - - [04/Apr/2017:07:41:02 +0200] "HEAD / HTTP/1.1" 200 - "https://bridestopsites.com" "Mozilla/8.0 (compatible; MSIE3.00; Windows 2003)"
185.154.13.6 - - [04/Apr/2017:07:50:40 +0200] "HEAD / HTTP/1.1" 200 - "http://ulyanovsk.s-nk.ru/stroim-doma.html" "Mozilla/6.0 (compatible; MSIE2.00; Windows 2005)"
40.77.169.100 - - [04/Apr/2017:07:57:19 +0200] "GET /cds/hymnos_akathistos.html HTTP/1.1" 200 11061 "-" "Mozilla/5.0 (Windows NT 10.0; WOW64) AppleWebKit/537.36 (KHTML, like Gecko) Chrome/52.0.2743.116 Safari/537.36"
85.25.210.234 - - [04/Apr/2017:07:57:30 +0200] "GET /buecher/gesichter/10.jpg HTTP/1.1" 200 7686 "-" "Mozilla/5.0 (compatible; seoscanners.net/1; +spider@seoscanners.net)"
77.75.77.54 - - [04/Apr/2017:08:02:32 +0200] "GET /robots.txt HTTP/1.1" 200 100 "-" "Mozilla/5.0 (compatible; SeznamBot/3.2; +http://napoveda.seznam.cz/en/seznambot-intro/)"
77.75.77.54 - - [04/Apr/2017:08:02:32 +0200] "GET /cds/glockenspiel1.html HTTP/1.1" 304 - "-" "Mozilla/5.0 (compatible; SeznamBot/3.2; +http://napoveda.seznam.cz/en/seznambot-intro/)"
178.159.43.212 - - [04/Apr/2017:08:03:11 +0200] "HEAD / HTTP/1.1" 200 - "https://stopstarenie.com/virus-zika-najden-v-glazax-vzroslyx-pacientov/" "Mozilla/2.0 (compatible; MSIE5.00; Windows 2003)"
144.76.80.151 - - [04/Apr/2017:08:16:47 +0200] "GET /favicon.ico HTTP/1.1" 200 4286 "-" "Mozilla/5.0 (compatible; MSIE 9.0; Windows NT 6.1; WOW64; Trident/5.0; SLCC2; .NET CLR 2.0.50727; .NET CLR 3.5.30729; .NET CLR 3.0.30729; .NET4.0C; .NET4.0E; InfoPath.2; MS-RTC LM 8)"
163.172.65.203 - - [04/Apr/2017:08:23:47 +0200] "GET /sonderthemen/presse.html HTTP/1.1" 200 5772 "-" "Mozilla/5.0 (compatible; AhrefsBot/5.2; +http://ahrefs.com/robot/)"
62.138.0.25 - - [04/Apr/2017:08:32:55 +0200] "GET /robots.txt HTTP/1.1" 200 100 "-" "Mozilla/5.0 (compatible; seoscanners.net/1; +spider@seoscanners.net)"
62.138.0.25 - - [04/Apr/2017:08:32:55 +0200] "GET /buecher/gesichter/14.jpg HTTP/1.1" 200 7847 "-" "Mozilla/5.0 (compatible; seoscanners.net/1; +spider@seoscanners.net)"
195.133.48.121 - - [04/Apr/2017:08:34:02 +0200] "HEAD / HTTP/1.1" 200 - "https://ledgoods.ru/home/bulbs/lampa-lyuminestsentnaya-kompakt-esl-s21-13vt-e14-4200-uniel-05371.html" "Mozilla/5.0 (compatible; MSIE4.00; Windows 2005)"
163.172.65.25 - - [04/Apr/2017:09:24:39 +0200] "GET /index.html HTTP/1.1" 200 9360 "-" "Mozilla/5.0 (compatible; AhrefsBot/5.2; +http://ahrefs.com/robot/)"
5.255.251.7 - - [04/Apr/2017:09:34:28 +0200] "GET /sonderthemen/index.html HTTP/1.1" 200 7102 "-" "Mozilla/5.0 (compatible; YandexBot/3.0; +http://yandex.com/bots)"
62.138.0.25 - - [04/Apr/2017:09:42:18 +0200] "GET /robots.txt HTTP/1.1" 200 100 "-" "Mozilla/5.0 (compatible; seoscanners.net/1; +spider@seoscanners.net)"
62.138.0.25 - - [04/Apr/2017:09:42:18 +0200] "GET /buecher/gesichter/16.jpg HTTP/1.1" 200 8367 "-" "Mozilla/5.0 (compatible; seoscanners.net/1; +spider@seoscanners.net)"
82.165.74.116 - - [04/Apr/2017:09:56:02 +0200] "GET / HTTP/1.1" 200 9360 "-" "Mozilla/5.0 (Windows NT 10.0; WOW64; rv:52.0) Gecko/20100101 Firefox/52.0"
82.165.74.116 - - [04/Apr/2017:09:56:02 +0200] "GET /main.css HTTP/1.1" 200 1439 "http://www.morusverlag.de/" "Mozilla/5.0 (Windows NT 10.0; WOW64; rv:52.0) Gecko/20100101 Firefox/52.0"
82.165.74.116 - - [04/Apr/2017:09:56:02 +0200] "GET /jahrbuch_k.jpg HTTP/1.1" 200 3719 "http://www.morusverlag.de/" "Mozilla/5.0 (Windows NT 10.0; WOW64; rv:52.0) Gecko/20100101 Firefox/52.0"
82.165.74.116 - - [04/Apr/2017:09:56:02 +0200] "GET /mv_gr_w.gif HTTP/1.1" 200 2005 "http://www.morusverlag.de/" "Mozilla/5.0 (Windows NT 10.0; WOW64; rv:52.0) Gecko/20100101 Firefox/52.0"
82.165.74.116 - - [04/Apr/2017:09:56:02 +0200] "GET /mv_g.gif HTTP/1.1" 200 4070 "http://www.morusverlag.de/" "Mozilla/5.0 (Windows NT 10.0; WOW64; rv:52.0) Gecko/20100101 Firefox/52.0"
82.165.74.116 - - [04/Apr/2017:09:56:02 +0200] "GET /logo_g.gif HTTP/1.1" 200 1301 "http://www.morusverlag.de/" "Mozilla/5.0 (Windows NT 10.0; WOW64; rv:52.0) Gecko/20100101 Firefox/52.0"
82.165.74.116 - - [04/Apr/2017:09:56:02 +0200] "GET /pf.gif HTTP/1.1" 200 62 "http://www.morusverlag.de/" "Mozilla/5.0 (Windows NT 10.0; WOW64; rv:52.0) Gecko/20100101 Firefox/52.0"
82.165.74.116 - - [04/Apr/2017:09:56:02 +0200] "GET /buecher/gesichter.jpg HTTP/1.1" 200 7271 "http://www.morusverlag.de/" "Mozilla/5.0 (Windows NT 10.0; WOW64; rv:52.0) Gecko/20100101 Firefox/52.0"
82.165.74.116 - - [04/Apr/2017:09:56:02 +0200] "GET /cds/rosarium_k.jpg HTTP/1.1" 200 3972 "http://www.morusverlag.de/" "Mozilla/5.0 (Windows NT 10.0; WOW64; rv:52.0) Gecko/20100101 Firefox/52.0"
82.165.74.116 - - [04/Apr/2017:09:56:02 +0200] "GET /buch_k.jpg HTTP/1.1" 200 4591 "http://www.morusverlag.de/" "Mozilla/5.0 (Windows NT 10.0; WOW64; rv:52.0) Gecko/20100101 Firefox/52.0"
82.165.74.116 - - [04/Apr/2017:09:56:02 +0200] "GET /cds/ignatius_k.jpg HTTP/1.1" 200 3965 "http://www.morusverlag.de/" "Mozilla/5.0 (Windows NT 10.0; WOW64; rv:52.0) Gecko/20100101 Firefox/52.0"
82.165.74.116 - - [04/Apr/2017:09:56:03 +0200] "GET /cds/hymnos_k.jpg HTTP/1.1" 200 4986 "http://www.morusverlag.de/" "Mozilla/5.0 (Windows NT 10.0; WOW64; rv:52.0) Gecko/20100101 Firefox/52.0"
82.165.74.116 - - [04/Apr/2017:09:56:03 +0200] "GET /cds/astazi_k.jpg HTTP/1.1" 200 6049 "http://www.morusverlag.de/" "Mozilla/5.0 (Windows NT 10.0; WOW64; rv:52.0) Gecko/20100101 Firefox/52.0"
82.165.74.116 - - [04/Apr/2017:09:56:03 +0200] "GET /gotteslob.jpg HTTP/1.1" 200 9390 "http://www.morusverlag.de/" "Mozilla/5.0 (Windows NT 10.0; WOW64; rv:52.0) Gecko/20100101 Firefox/52.0"
82.165.74.116 - - [04/Apr/2017:09:56:03 +0200] "GET /buecher/engel.jpg HTTP/1.1" 200 5414 "http://www.morusverlag.de/" "Mozilla/5.0 (Windows NT 10.0; WOW64; rv:52.0) Gecko/20100101 Firefox/52.0"
82.165.74.116 - - [04/Apr/2017:09:56:03 +0200] "GET /buecher/chateaubriand.jpg HTTP/1.1" 200 2272 "http://www.morusverlag.de/" "Mozilla/5.0 (Windows NT 10.0; WOW64; rv:52.0) Gecko/20100101 Firefox/52.0"
82.165.74.116 - - [04/Apr/2017:09:56:03 +0200] "GET /strich.gif HTTP/1.1" 200 45 "http://www.morusverlag.de/" "Mozilla/5.0 (Windows NT 10.0; WOW64; rv:52.0) Gecko/20100101 Firefox/52.0"
82.165.74.116 - - [04/Apr/2017:09:56:03 +0200] "GET /favicon.ico HTTP/1.1" 200 4286 "-" "Mozilla/5.0 (Windows NT 10.0; WOW64; rv:52.0) Gecko/20100101 Firefox/52.0"
5.255.251.7 - - [04/Apr/2017:10:08:53 +0200] "GET /buecher/gesichter/22.jpg HTTP/1.1" 304 - "-" "Mozilla/5.0 (compatible; YandexImages/3.0; +http://yandex.com/bots)"
5.255.251.7 - - [04/Apr/2017:10:15:08 +0200] "GET /buecher/rezensionen_krise_zum_heil.html HTTP/1.1" 200 9828 "-" "Mozilla/5.0 (compatible; YandexBot/3.0; +http://yandex.com/bots)"
85.176.47.159 - - [04/Apr/2017:10:49:27 +0200] "GET /sonderthemen/oeaz2001.pdf HTTP/1.1" 200 4496626 "https://www.google.de/" "Mozilla/5.0 (iPhone; CPU iPhone OS 10_2_1 like Mac OS X) AppleWebKit/602.4.6 (KHTML, like Gecko) Version/10.0 Mobile/14D27 Safari/602.1"
138.201.59.34 - - [04/Apr/2017:10:55:22 +0200] "GET /robots.txt HTTP/1.0" 200 100 "-" "Mozilla/5.0 (compatible; SEOkicks-Robot; +http://www.seokicks.de/robot.html)"
138.201.59.34 - - [04/Apr/2017:10:55:24 +0200] "GET / HTTP/1.0" 200 9360 "-" "Mozilla/5.0 (compatible; SEOkicks-Robot; +http://www.seokicks.de/robot.html)"
138.201.59.34 - - [04/Apr/2017:10:55:25 +0200] "GET /main.css HTTP/1.0" 200 1439 "http://www.morusverlag.de/" "Mozilla/5.0 (compatible; SEOkicks-Robot; +http://www.seokicks.de/robot.html)"
138.201.59.34 - - [04/Apr/2017:10:55:26 +0200] "GET /buecher/index.html HTTP/1.0" 200 25885 "http://www.morusverlag.de/" "Mozilla/5.0 (compatible; SEOkicks-Robot; +http://www.seokicks.de/robot.html)"
138.201.59.34 - - [04/Apr/2017:10:55:28 +0200] "GET /contentflow/contentflow.js HTTP/1.0" 200 42064 "http://www.morusverlag.de/buecher/index.html" "Mozilla/5.0 (compatible; SEOkicks-Robot; +http://www.seokicks.de/robot.html)"
138.201.59.34 - - [04/Apr/2017:10:55:30 +0200] "GET /cds/index.html HTTP/1.0" 200 7987 "http://www.morusverlag.de/" "Mozilla/5.0 (compatible; SEOkicks-Robot; +http://www.seokicks.de/robot.html)"
138.201.59.34 - - [04/Apr/2017:10:55:31 +0200] "GET /gotteslob/index.html HTTP/1.0" 200 2770 "http://www.morusverlag.de/" "Mozilla/5.0 (compatible; SEOkicks-Robot; +http://www.seokicks.de/robot.html)"
138.201.59.34 - - [04/Apr/2017:10:55:32 +0200] "GET /jahrbuch/index.html HTTP/1.0" 200 3956 "http://www.morusverlag.de/" "Mozilla/5.0 (compatible; SEOkicks-Robot; +http://www.seokicks.de/robot.html)"
138.201.59.34 - - [04/Apr/2017:10:55:34 +0200] "GET /sonderthemen/index.html HTTP/1.0" 200 7102 "http://www.morusverlag.de/" "Mozilla/5.0 (compatible; SEOkicks-Robot; +http://www.seokicks.de/robot.html)"
5.9.17.118 - - [04/Apr/2017:11:04:03 +0200] "GET /sonderthemen/oekt_extra3.pdf HTTP/1.1" 200 2109745 "-" "Mozilla/5.0 (Windows NT 6.2; WOW64) AppleWebKit/537.36 (KHTML, like Gecko) Chrome/27.0.1453.93 Safari/537.36"
5.9.17.118 - - [04/Apr/2017:11:12:40 +0200] "GET /sonderthemen/sk2002.pdf HTTP/1.1" 200 2628923 "-" "Mozilla/5.0 (Macintosh; Intel Mac OS X 10_6_8) AppleWebKit/534.59.8 (KHTML, like Gecko) Version/5.1.9 Safari/534.59.8"
5.9.112.6 - - [04/Apr/2017:11:12:40 +0200] "GET /sonderthemen/oeaz2002.pdf HTTP/1.1" 200 3161455 "-" "Mozilla/5.0 (Windows NT 6.0; rv:14.0) Gecko/20100101 Firefox/14.0.1"
85.25.210.234 - - [04/Apr/2017:11:18:43 +0200] "GET /robots.txt HTTP/1.1" 200 100 "-" "Mozilla/5.0 (compatible; seoscanners.net/1; +spider@seoscanners.net)"
85.25.210.234 - - [04/Apr/2017:11:18:46 +0200] "GET /sonderthemen/pro_zei.jpg HTTP/1.1" 200 16791 "-" "Mozilla/5.0 (compatible; seoscanners.net/1; +spider@seoscanners.net)"
77.75.78.169 - - [04/Apr/2017:11:30:17 +0200] "GET /robots.txt HTTP/1.1" 200 100 "-" "Mozilla/5.0 (compatible; SeznamBot/3.2; +http://napoveda.seznam.cz/en/seznambot-intro/)"
77.75.78.169 - - [04/Apr/2017:11:30:20 +0200] "GET /buecher/gesichter/10.jpg HTTP/1.1" 304 - "-" "Mozilla/5.0 (compatible; SeznamBot/3.2; +http://napoveda.seznam.cz/en/seznambot-intro/)"
5.9.17.118 - - [04/Apr/2017:11:41:16 +0200] "GET /sonderthemen/sk2000.pdf HTTP/1.1" 200 2925489 "-" "Mozilla/5.0 (Macintosh; Intel Mac OS X 10_6_8) AppleWebKit/534.58.2 (KHTML, like Gecko) Version/5.1.8 Safari/534.58.2"
62.138.0.25 - - [04/Apr/2017:12:03:05 +0200] "GET /robots.txt HTTP/1.1" 200 100 "-" "Mozilla/5.0 (compatible; seoscanners.net/1; +spider@seoscanners.net)"
62.138.0.25 - - [04/Apr/2017:12:03:05 +0200] "GET /cds/glockenspiel1_k.jpg HTTP/1.1" 200 5641 "-" "Mozilla/5.0 (compatible; seoscanners.net/1; +spider@seoscanners.net)"
5.255.251.7 - - [04/Apr/2017:12:12:32 +0200] "GET /cds/index.html HTTP/1.1" 200 7987 "-" "Mozilla/5.0 (compatible; YandexBot/3.0; +http://yandex.com/bots)"
157.55.39.147 - - [04/Apr/2017:12:43:30 +0200] "GET /sonderthemen/oeaz2001.pdf HTTP/1.1" 200 4496626 "-" "Mozilla/5.0 (compatible; bingbot/2.0; +http://www.bing.com/bingbot.htm)"
157.55.39.147 - - [04/Apr/2017:12:54:54 +0200] "GET /sonderthemen/oeaz2001.pdf HTTP/1.1" 200 4496626 "-" "Mozilla/5.0 (compatible; bingbot/2.0; +http://www.bing.com/bingbot.htm)"
157.55.39.147 - - [04/Apr/2017:13:01:14 +0200] "GET /sonderthemen/oeaz2001.pdf HTTP/1.1" 200 4496626 "-" "Mozilla/5.0 (compatible; bingbot/2.0; +http://www.bing.com/bingbot.htm)"
157.55.39.147 - - [04/Apr/2017:13:07:19 +0200] "GET /sonderthemen/oeaz2001.pdf HTTP/1.1" 200 4496626 "-" "Mozilla/5.0 (compatible; bingbot/2.0; +http://www.bing.com/bingbot.htm)"
5.255.251.7 - - [04/Apr/2017:13:07:54 +0200] "GET /key/ASWD56425CSA HTTP/1.1" 404 2381 "-" "Mozilla/5.0 (compatible; YandexBot/3.0; +http://yandex.com/bots)"
157.55.39.147 - - [04/Apr/2017:13:13:17 +0200] "GET /sonderthemen/oeaz2001.pdf HTTP/1.1" 200 4496626 "-" "Mozilla/5.0 (compatible; bingbot/2.0; +http://www.bing.com/bingbot.htm)"
157.55.39.147 - - [04/Apr/2017:13:19:18 +0200] "GET /sonderthemen/oeaz2001.pdf HTTP/1.1" 200 4496626 "-" "Mozilla/5.0 (compatible; bingbot/2.0; +http://www.bing.com/bingbot.htm)"
180.76.15.12 - - [04/Apr/2017:13:24:53 +0200] "GET / HTTP/1.1" 200 9360 "-" "Mozilla/5.0 (compatible; Baiduspider/2.0; +http://www.baidu.com/search/spider.html)"
180.76.15.19 - - [04/Apr/2017:13:25:14 +0200] "GET / HTTP/1.1" 200 9360 "-" "Mozilla/5.0 (compatible; Baiduspider/2.0; +http://www.baidu.com/search/spider.html)"
157.55.39.147 - - [04/Apr/2017:13:25:10 +0200] "GET /sonderthemen/oeaz2001.pdf HTTP/1.1" 200 4496626 "-" "Mozilla/5.0 (compatible; bingbot/2.0; +http://www.bing.com/bingbot.htm)"
157.55.39.147 - - [04/Apr/2017:13:32:00 +0200] "GET /sonderthemen/oeaz2001.pdf HTTP/1.1" 200 4496626 "-" "Mozilla/5.0 (compatible; bingbot/2.0; +http://www.bing.com/bingbot.htm)"
157.55.39.147 - - [04/Apr/2017:13:38:14 +0200] "GET /sonderthemen/oeaz2001.pdf HTTP/1.1" 200 4496626 "-" "Mozilla/5.0 (compatible; bingbot/2.0; +http://www.bing.com/bingbot.htm)"
157.55.39.147 - - [04/Apr/2017:13:44:25 +0200] "GET /sonderthemen/oeaz2001.pdf HTTP/1.1" 200 4496626 "-" "Mozilla/5.0 (compatible; bingbot/2.0; +http://www.bing.com/bingbot.htm)"
69.63.188.220 - - [04/Apr/2017:13:46:55 +0200] "GET /cds/hymnos.jpg HTTP/1.1" 200 27752 "-" "facebookexternalhit/1.1 (+http://www.facebook.com/externalhit_uatext.php)"
88.99.27.172 - - [04/Apr/2017:13:48:21 +0200] "GET /sonderthemen/oekt_extra3.pdf HTTP/1.1" 200 2109745 "-" "Mozilla/5.0 (Macintosh; Intel Mac OS X 10_6_8) AppleWebKit/534.59.8 (KHTML, like Gecko) Version/5.1.9 Safari/534.59.8"
157.55.39.147 - - [04/Apr/2017:13:50:43 +0200] "GET /sonderthemen/oeaz2001.pdf HTTP/1.1" 200 4496626 "-" "Mozilla/5.0 (compatible; bingbot/2.0; +http://www.bing.com/bingbot.htm)"
157.55.39.169 - - [04/Apr/2017:13:58:40 +0200] "GET /sonderthemen/oeaz2001.pdf HTTP/1.1" 200 4496626 "-" "Mozilla/5.0 (compatible; bingbot/2.0; +http://www.bing.com/bingbot.htm)"
157.55.39.169 - - [04/Apr/2017:14:04:22 +0200] "GET /sonderthemen/oeaz2001.pdf HTTP/1.1" 200 4496626 "-" "Mozilla/5.0 (compatible; bingbot/2.0; +http://www.bing.com/bingbot.htm)"
157.55.39.169 - - [04/Apr/2017:14:11:45 +0200] "GET /sonderthemen/oeaz2001.pdf HTTP/1.1" 200 4496626 "-" "Mozilla/5.0 (compatible; bingbot/2.0; +http://www.bing.com/bingbot.htm)"
85.25.210.234 - - [04/Apr/2017:14:13:05 +0200] "GET /robots.txt HTTP/1.1" 200 100 "-" "Mozilla/5.0 (compatible; seoscanners.net/1; +spider@seoscanners.net)"
85.25.210.234 - - [04/Apr/2017:14:13:05 +0200] "GET /buecher/gesichter/17.jpg HTTP/1.1" 200 7587 "-" "Mozilla/5.0 (compatible; seoscanners.net/1; +spider@seoscanners.net)"
157.55.39.169 - - [04/Apr/2017:14:18:04 +0200] "GET /sonderthemen/oeaz2001.pdf HTTP/1.1" 200 4496626 "-" "Mozilla/5.0 (compatible; bingbot/2.0; +http://www.bing.com/bingbot.htm)"
157.55.39.169 - - [04/Apr/2017:14:25:23 +0200] "GET /sonderthemen/oeaz2001.pdf HTTP/1.1" 200 4496626 "-" "Mozilla/5.0 (compatible; bingbot/2.0; +http://www.bing.com/bingbot.htm)"
107.178.195.134 - - [04/Apr/2017:14:26:47 +0200] "GET /buecher/veroeffentlichungsliste.html HTTP/1.1" 200 129779 "http://www.morusverlag.de" "Mozilla/5.0 (Windows; U; MSIE 9.0; Windows NT 9.0; en-US) AppEngine-Google; (+http://code.google.com/appengine; appid: s~virustotalcloud)"
204.13.201.139 - - [04/Apr/2017:14:26:48 +0200] "GET /buecher/veroeffentlichungsliste.html HTTP/1.1" 200 129779 "http://www.bing.com" "Mozilla/5.0 (compatible; MSIE 8.0; Windows NT 6.1; Trident/4.0; .NET CLR 2.0.50727; .NET CLR 3.5.30729; .NET CLR 3.0.30729; .NET CLR 1.0.3705; .NET CLR 1.1.4322)"
204.13.201.139 - - [04/Apr/2017:14:26:49 +0200] "GET /main.css HTTP/1.1" 200 1439 "http://www.morusverlag.de/buecher/veroeffentlichungsliste.html" "Mozilla/5.0 (compatible; MSIE 8.0; Windows NT 6.1; Trident/4.0; .NET CLR 2.0.50727; .NET CLR 3.5.30729; .NET CLR 3.0.30729; .NET CLR 1.0.3705; .NET CLR 1.1.4322)"
62.226.224.169 - - [04/Apr/2017:14:31:30 +0200] "GET /sonderthemen/sk2001.pdf HTTP/1.1" 200 3098589 "https://www.google.de/" "Mozilla/5.0 (Windows NT 6.1; Win64; x64; rv:52.0) Gecko/20100101 Firefox/52.0"
62.226.224.169 - - [04/Apr/2017:14:31:33 +0200] "GET /favicon.ico HTTP/1.1" 200 4286 "-" "Mozilla/5.0 (Windows NT 6.1; Win64; x64; rv:52.0) Gecko/20100101 Firefox/52.0"
62.226.224.169 - - [04/Apr/2017:14:31:34 +0200] "GET /sonderthemen/sk2001.pdf HTTP/1.1" 206 65536 "https://www.google.de/" "Mozilla/5.0 (Windows NT 6.1; Win64; x64; rv:52.0) Gecko/20100101 Firefox/52.0"
62.226.224.169 - - [04/Apr/2017:14:31:34 +0200] "GET /sonderthemen/sk2001.pdf HTTP/1.1" 206 18397 "https://www.google.de/" "Mozilla/5.0 (Windows NT 6.1; Win64; x64; rv:52.0) Gecko/20100101 Firefox/52.0"
178.62.99.175 - - [04/Apr/2017:14:31:44 +0200] "GET /buecher/veroeffentlichungsliste.html HTTP/1.1" 200 129779 "-" "Mozilla/4.0 (compatible; MSIE 6.0; Windows NT 5.1; SV1; InfoPath.2)"
157.55.39.169 - - [04/Apr/2017:14:30:58 +0200] "GET /sonderthemen/oeaz2001.pdf HTTP/1.1" 200 4496626 "-" "Mozilla/5.0 (compatible; bingbot/2.0; +http://www.bing.com/bingbot.htm)"
157.55.39.169 - - [04/Apr/2017:14:37:52 +0200] "GET /sonderthemen/oeaz2001.pdf HTTP/1.1" 200 4496626 "-" "Mozilla/5.0 (compatible; bingbot/2.0; +http://www.bing.com/bingbot.htm)"
95.119.226.28 - - [04/Apr/2017:14:39:00 +0200] "GET /cds/rosarium.html HTTP/1.1" 200 6680 "-" "Mozilla/5.0 (X11; Ubuntu; Linux x86_64; rv:52.0) Gecko/20100101 Firefox/52.0"
95.119.226.28 - - [04/Apr/2017:14:39:00 +0200] "GET /main.css HTTP/1.1" 200 1439 "http://www.morusverlag.de/cds/rosarium.html" "Mozilla/5.0 (X11; Ubuntu; Linux x86_64; rv:52.0) Gecko/20100101 Firefox/52.0"
95.119.226.28 - - [04/Apr/2017:14:39:00 +0200] "GET /logo_g.gif HTTP/1.1" 200 1301 "http://www.morusverlag.de/cds/rosarium.html" "Mozilla/5.0 (X11; Ubuntu; Linux x86_64; rv:52.0) Gecko/20100101 Firefox/52.0"
95.119.226.28 - - [04/Apr/2017:14:39:00 +0200] "GET /mv_g.gif HTTP/1.1" 200 4070 "http://www.morusverlag.de/cds/rosarium.html" "Mozilla/5.0 (X11; Ubuntu; Linux x86_64; rv:52.0) Gecko/20100101 Firefox/52.0"
95.119.226.28 - - [04/Apr/2017:14:39:00 +0200] "GET /m.gif HTTP/1.1" 200 95 "http://www.morusverlag.de/cds/rosarium.html" "Mozilla/5.0 (X11; Ubuntu; Linux x86_64; rv:52.0) Gecko/20100101 Firefox/52.0"
95.119.226.28 - - [04/Apr/2017:14:39:00 +0200] "GET /pf.gif HTTP/1.1" 200 62 "http://www.morusverlag.de/cds/rosarium.html" "Mozilla/5.0 (X11; Ubuntu; Linux x86_64; rv:52.0) Gecko/20100101 Firefox/52.0"
95.119.226.28 - - [04/Apr/2017:14:39:00 +0200] "GET /cds/rosarium.jpg HTTP/1.1" 200 21032 "http://www.morusverlag.de/cds/rosarium.html" "Mozilla/5.0 (X11; Ubuntu; Linux x86_64; rv:52.0) Gecko/20100101 Firefox/52.0"
95.119.226.28 - - [04/Apr/2017:14:39:00 +0200] "GET /strich.gif HTTP/1.1" 200 45 "http://www.morusverlag.de/cds/rosarium.html" "Mozilla/5.0 (X11; Ubuntu; Linux x86_64; rv:52.0) Gecko/20100101 Firefox/52.0"
95.119.226.28 - - [04/Apr/2017:14:39:02 +0200] "GET /cds/simplay_player.swf?audiofile=avemaria.mp3 HTTP/1.1" 200 6377 "http://www.morusverlag.de/cds/rosarium.html" "Mozilla/5.0 (X11; Ubuntu; Linux x86_64; rv:52.0) Gecko/20100101 Firefox/52.0"
95.119.226.28 - - [04/Apr/2017:14:39:02 +0200] "GET /cds/simplay_control.swf HTTP/1.1" 200 1243 "http://www.morusverlag.de/cds/rosarium.html" "Mozilla/5.0 (X11; Ubuntu; Linux x86_64; rv:52.0) Gecko/20100101 Firefox/52.0"
95.119.226.28 - - [04/Apr/2017:14:39:02 +0200] "GET /cds/simplaydata/playerconfig.xml?nocache=1491309381750.56 HTTP/1.1" 200 149 "http://www.morusverlag.de/cds/simplay_player.swf?audiofile=avemaria.mp3" "Mozilla/5.0 (X11; Ubuntu; Linux x86_64; rv:52.0) Gecko/20100101 Firefox/52.0"
95.119.226.28 - - [04/Apr/2017:14:39:02 +0200] "GET /cds/simplaydata/playerskins/default/skin.xml?nocache=1491309381979.22 HTTP/1.1" 200 649 "http://www.morusverlag.de/cds/simplay_player.swf?audiofile=avemaria.mp3" "Mozilla/5.0 (X11; Ubuntu; Linux x86_64; rv:52.0) Gecko/20100101 Firefox/52.0"
95.119.226.28 - - [04/Apr/2017:14:39:02 +0200] "GET /cds/simplaydata/controlconfig.xml?nocache=1491309381964.14 HTTP/1.1" 200 121 "http://www.morusverlag.de/cds/simplay_control.swf" "Mozilla/5.0 (X11; Ubuntu; Linux x86_64; rv:52.0) Gecko/20100101 Firefox/52.0"
95.119.226.28 - - [04/Apr/2017:14:39:02 +0200] "GET /favicon.ico HTTP/1.1" 200 4286 "-" "Mozilla/5.0 (X11; Ubuntu; Linux x86_64; rv:52.0) Gecko/20100101 Firefox/52.0"
95.119.226.28 - - [04/Apr/2017:14:39:03 +0200] "GET /cds/simplaydata/playerskins/default/background.jpg HTTP/1.1" 200 340 "http://www.morusverlag.de/cds/simplay_player.swf?audiofile=avemaria.mp3" "Mozilla/5.0 (X11; Ubuntu; Linux x86_64; rv:52.0) Gecko/20100101 Firefox/52.0"
95.119.226.28 - - [04/Apr/2017:14:39:03 +0200] "GET /cds/simplaydata/playerskins/default/play_up.jpg HTTP/1.1" 200 643 "http://www.morusverlag.de/cds/simplay_player.swf?audiofile=avemaria.mp3" "Mozilla/5.0 (X11; Ubuntu; Linux x86_64; rv:52.0) Gecko/20100101 Firefox/52.0"
95.119.226.28 - - [04/Apr/2017:14:39:03 +0200] "GET /cds/simplaydata/playerskins/default/play_over.jpg HTTP/1.1" 200 986 "http://www.morusverlag.de/cds/simplay_player.swf?audiofile=avemaria.mp3" "Mozilla/5.0 (X11; Ubuntu; Linux x86_64; rv:52.0) Gecko/20100101 Firefox/52.0"
95.119.226.28 - - [04/Apr/2017:14:39:03 +0200] "GET /cds/simplaydata/playerskins/default/play_down.jpg HTTP/1.1" 200 972 "http://www.morusverlag.de/cds/simplay_player.swf?audiofile=avemaria.mp3" "Mozilla/5.0 (X11; Ubuntu; Linux x86_64; rv:52.0) Gecko/20100101 Firefox/52.0"
95.119.226.28 - - [04/Apr/2017:14:39:03 +0200] "GET /cds/simplaydata/playerskins/default/pause_up.jpg HTTP/1.1" 200 649 "http://www.morusverlag.de/cds/simplay_player.swf?audiofile=avemaria.mp3" "Mozilla/5.0 (X11; Ubuntu; Linux x86_64; rv:52.0) Gecko/20100101 Firefox/52.0"
95.119.226.28 - - [04/Apr/2017:14:39:03 +0200] "GET /cds/simplaydata/playerskins/default/pause_over.jpg HTTP/1.1" 200 988 "http://www.morusverlag.de/cds/simplay_player.swf?audiofile=avemaria.mp3" "Mozilla/5.0 (X11; Ubuntu; Linux x86_64; rv:52.0) Gecko/20100101 Firefox/52.0"
95.119.226.28 - - [04/Apr/2017:14:39:03 +0200] "GET /cds/simplaydata/playerskins/default/pause_down.jpg HTTP/1.1" 200 939 "http://www.morusverlag.de/cds/simplay_player.swf?audiofile=avemaria.mp3" "Mozilla/5.0 (X11; Ubuntu; Linux x86_64; rv:52.0) Gecko/20100101 Firefox/52.0"
95.119.226.28 - - [04/Apr/2017:14:39:03 +0200] "GET /cds/simplaydata/controlskins/default/skin.xml HTTP/1.1" 200 349 "http://www.morusverlag.de/cds/simplay_control.swf" "Mozilla/5.0 (X11; Ubuntu; Linux x86_64; rv:52.0) Gecko/20100101 Firefox/52.0"
95.119.226.28 - - [04/Apr/2017:14:39:03 +0200] "GET /cds/simplaydata/controlskins/default/background.jpg HTTP/1.1" 200 772 "http://www.morusverlag.de/cds/simplay_control.swf" "Mozilla/5.0 (X11; Ubuntu; Linux x86_64; rv:52.0) Gecko/20100101 Firefox/52.0"
95.119.226.28 - - [04/Apr/2017:14:39:03 +0200] "GET /cds/simplaydata/controlskins/default/handle.jpg HTTP/1.1" 200 387 "http://www.morusverlag.de/cds/simplay_control.swf" "Mozilla/5.0 (X11; Ubuntu; Linux x86_64; rv:52.0) Gecko/20100101 Firefox/52.0"
95.119.226.28 - - [04/Apr/2017:14:39:03 +0200] "GET /cds/simplaydata/controlskins/default/on.jpg HTTP/1.1" 200 986 "http://www.morusverlag.de/cds/simplay_control.swf" "Mozilla/5.0 (X11; Ubuntu; Linux x86_64; rv:52.0) Gecko/20100101 Firefox/52.0"
95.119.226.28 - - [04/Apr/2017:14:39:03 +0200] "GET /cds/simplaydata/controlskins/default/off.jpg HTTP/1.1" 200 608 "http://www.morusverlag.de/cds/simplay_control.swf" "Mozilla/5.0 (X11; Ubuntu; Linux x86_64; rv:52.0) Gecko/20100101 Firefox/52.0"
95.119.226.28 - - [04/Apr/2017:14:39:03 +0200] "GET /cds/simplaydata/controlconfig.xml?nocache=1491309382803.72 HTTP/1.1" 200 121 "http://www.morusverlag.de/cds/simplay_control.swf" "Mozilla/5.0 (X11; Ubuntu; Linux x86_64; rv:52.0) Gecko/20100101 Firefox/52.0"
95.119.226.28 - - [04/Apr/2017:14:39:37 +0200] "GET /cds/avemaria.mp3 HTTP/1.1" 200 133123 "http://www.morusverlag.de/cds/simplay_player.swf?audiofile=avemaria.mp3" "Mozilla/5.0 (X11; Ubuntu; Linux x86_64; rv:52.0) Gecko/20100101 Firefox/52.0"
157.55.39.169 - - [04/Apr/2017:14:46:00 +0200] "GET /sonderthemen/oeaz2001.pdf HTTP/1.1" 200 4496626 "-" "Mozilla/5.0 (compatible; bingbot/2.0; +http://www.bing.com/bingbot.htm)"
150.70.173.5 - - [04/Apr/2017:14:50:40 +0200] "GET /buecher/veroeffentlichungsliste.html HTTP/1.1" 200 129779 "-" "Mozilla/4.0 (compatible; MSIE 8.0; Windows NT 5.1; Trident/4.0)"
157.55.39.169 - - [04/Apr/2017:14:53:54 +0200] "GET /sonderthemen/oeaz2001.pdf HTTP/1.1" 200 4496626 "-" "Mozilla/5.0 (compatible; bingbot/2.0; +http://www.bing.com/bingbot.htm)"
157.55.39.169 - - [04/Apr/2017:15:00:09 +0200] "GET /sonderthemen/oeaz2001.pdf HTTP/1.1" 200 4496626 "-" "Mozilla/5.0 (compatible; bingbot/2.0; +http://www.bing.com/bingbot.htm)"
68.180.230.237 - - [04/Apr/2017:15:02:05 +0200] "GET /buecher/rezensionen_le_saulchoir.html HTTP/1.1" 304 - "-" "Mozilla/5.0 (compatible; Yahoo! Slurp; http://help.yahoo.com/help/us/ysearch/slurp)"
207.46.13.231 - - [04/Apr/2017:15:06:06 +0200] "GET /robots.txt HTTP/1.1" 200 100 "-" "Mozilla/5.0 (compatible; bingbot/2.0; +http://www.bing.com/bingbot.htm)"
157.55.39.169 - - [04/Apr/2017:15:06:09 +0200] "GET /sonderthemen/oeaz2001.pdf HTTP/1.1" 200 4496626 "-" "Mozilla/5.0 (compatible; bingbot/2.0; +http://www.bing.com/bingbot.htm)"
157.55.39.169 - - [04/Apr/2017:15:13:05 +0200] "GET /sonderthemen/oeaz2001.pdf HTTP/1.1" 200 4496626 "-" "Mozilla/5.0 (compatible; bingbot/2.0; +http://www.bing.com/bingbot.htm)"
5.9.17.118 - - [04/Apr/2017:15:17:40 +0200] "GET /sonderthemen/oekt_extra3.pdf HTTP/1.1" 200 2109745 "-" "Mozilla/5.0 (Windows NT 6.1; WOW64; rv:21.0) Gecko/20100101 Firefox/21.0"
157.55.39.169 - - [04/Apr/2017:15:20:14 +0200] "GET /sonderthemen/oeaz2001.pdf HTTP/1.1" 200 4496626 "-" "Mozilla/5.0 (compatible; bingbot/2.0; +http://www.bing.com/bingbot.htm)"
151.80.31.152 - - [04/Apr/2017:15:25:06 +0200] "GET /robots.txt HTTP/1.1" 200 100 "-" "Mozilla/5.0 (compatible; AhrefsBot/5.2; +http://ahrefs.com/robot/)"
157.55.39.169 - - [04/Apr/2017:15:27:11 +0200] "GET /sonderthemen/oeaz2001.pdf HTTP/1.1" 200 4496626 "-" "Mozilla/5.0 (compatible; bingbot/2.0; +http://www.bing.com/bingbot.htm)"
5.255.251.7 - - [04/Apr/2017:15:31:21 +0200] "GET /robots.txt HTTP/1.1" 200 100 "-" "Mozilla/5.0 (compatible; YandexBot/3.0; +http://yandex.com/bots)"
5.255.251.7 - - [04/Apr/2017:15:31:25 +0200] "GET /buecher/gesichter/09.jpg HTTP/1.1" 304 - "-" "Mozilla/5.0 (compatible; YandexImages/3.0; +http://yandex.com/bots)"
157.55.39.169 - - [04/Apr/2017:15:41:45 +0200] "GET /sonderthemen/oeaz2001.pdf HTTP/1.1" 200 4496626 "-" "Mozilla/5.0 (compatible; bingbot/2.0; +http://www.bing.com/bingbot.htm)"
157.55.39.169 - - [04/Apr/2017:15:49:42 +0200] "GET /sonderthemen/oeaz2001.pdf HTTP/1.1" 200 4496626 "-" "Mozilla/5.0 (compatible; bingbot/2.0; +http://www.bing.com/bingbot.htm)"
157.55.39.169 - - [04/Apr/2017:15:54:50 +0200] "GET /sonderthemen/oeaz2001.pdf HTTP/1.1" 200 4496626 "-" "Mozilla/5.0 (compatible; bingbot/2.0; +http://www.bing.com/bingbot.htm)"
46.229.20.2 - - [04/Apr/2017:15:58:32 +0200] "GET /sonderthemen/az2003.jpg HTTP/1.1" 200 12396 "https://www.google.de/" "Mozilla/5.0 (Windows NT 10.0; WOW64; rv:48.0) Gecko/20100101 Firefox/48.0"
46.229.20.2 - - [04/Apr/2017:15:58:37 +0200] "GET /sonderthemen/ HTTP/1.1" 200 7102 "https://www.google.de/" "Mozilla/5.0 (Windows NT 10.0; WOW64; rv:48.0) Gecko/20100101 Firefox/48.0"
46.229.20.2 - - [04/Apr/2017:15:58:37 +0200] "GET /main.css HTTP/1.1" 200 1439 "http://www.morusverlag.de/sonderthemen/" "Mozilla/5.0 (Windows NT 10.0; WOW64; rv:48.0) Gecko/20100101 Firefox/48.0"
46.229.20.2 - - [04/Apr/2017:15:58:37 +0200] "GET /logo_g.gif HTTP/1.1" 200 1301 "http://www.morusverlag.de/sonderthemen/" "Mozilla/5.0 (Windows NT 10.0; WOW64; rv:48.0) Gecko/20100101 Firefox/48.0"
46.229.20.2 - - [04/Apr/2017:15:58:37 +0200] "GET /pf.gif HTTP/1.1" 200 62 "http://www.morusverlag.de/sonderthemen/" "Mozilla/5.0 (Windows NT 10.0; WOW64; rv:48.0) Gecko/20100101 Firefox/48.0"
46.229.20.2 - - [04/Apr/2017:15:58:37 +0200] "GET /mv_g.gif HTTP/1.1" 200 4070 "http://www.morusverlag.de/sonderthemen/" "Mozilla/5.0 (Windows NT 10.0; WOW64; rv:48.0) Gecko/20100101 Firefox/48.0"
46.229.20.2 - - [04/Apr/2017:15:58:37 +0200] "GET /sonderthemen/sk2004_sz.jpg HTTP/1.1" 200 17884 "http://www.morusverlag.de/sonderthemen/" "Mozilla/5.0 (Windows NT 10.0; WOW64; rv:48.0) Gecko/20100101 Firefox/48.0"
46.229.20.2 - - [04/Apr/2017:15:58:37 +0200] "GET /sonderthemen/mv.gif HTTP/1.1" 200 700 "http://www.morusverlag.de/sonderthemen/" "Mozilla/5.0 (Windows NT 10.0; WOW64; rv:48.0) Gecko/20100101 Firefox/48.0"
46.229.20.2 - - [04/Apr/2017:15:58:37 +0200] "GET /sonderthemen/pro_zei.jpg HTTP/1.1" 200 16791 "http://www.morusverlag.de/sonderthemen/" "Mozilla/5.0 (Windows NT 10.0; WOW64; rv:48.0) Gecko/20100101 Firefox/48.0"
46.229.20.2 - - [04/Apr/2017:15:58:37 +0200] "GET /sonderthemen/wichern.jpg HTTP/1.1" 200 1994 "http://www.morusverlag.de/sonderthemen/" "Mozilla/5.0 (Windows NT 10.0; WOW64; rv:48.0) Gecko/20100101 Firefox/48.0"
46.229.20.2 - - [04/Apr/2017:15:58:37 +0200] "GET /sonderthemen/oekt_extra.jpg HTTP/1.1" 200 12801 "http://www.morusverlag.de/sonderthemen/" "Mozilla/5.0 (Windows NT 10.0; WOW64; rv:48.0) Gecko/20100101 Firefox/48.0"
46.229.20.2 - - [04/Apr/2017:15:58:37 +0200] "GET /sonderthemen/oekz2003.jpg HTTP/1.1" 200 14100 "http://www.morusverlag.de/sonderthemen/" "Mozilla/5.0 (Windows NT 10.0; WOW64; rv:48.0) Gecko/20100101 Firefox/48.0"
46.229.20.2 - - [04/Apr/2017:15:58:37 +0200] "GET /sonderthemen/radioparadiso.gif HTTP/1.1" 200 934 "http://www.morusverlag.de/sonderthemen/" "Mozilla/5.0 (Windows NT 10.0; WOW64; rv:48.0) Gecko/20100101 Firefox/48.0"
46.229.20.2 - - [04/Apr/2017:15:58:38 +0200] "GET /strich.gif HTTP/1.1" 200 45 "http://www.morusverlag.de/sonderthemen/" "Mozilla/5.0 (Windows NT 10.0; WOW64; rv:48.0) Gecko/20100101 Firefox/48.0"
46.229.20.2 - - [04/Apr/2017:15:58:38 +0200] "GET /favicon.ico HTTP/1.1" 200 4286 "-" "Mozilla/5.0 (Windows NT 10.0; WOW64; rv:48.0) Gecko/20100101 Firefox/48.0"
46.229.20.2 - - [04/Apr/2017:15:58:46 +0200] "GET /sonderthemen/az2003.pdf HTTP/1.1" 200 4864675 "http://www.morusverlag.de/sonderthemen/" "Mozilla/5.0 (Windows NT 10.0; WOW64; rv:48.0) Gecko/20100101 Firefox/48.0"
46.229.20.2 - - [04/Apr/2017:15:58:46 +0200] "GET /sonderthemen/az2003.pdf HTTP/1.1" 200 4864675 "http://www.morusverlag.de/sonderthemen/" "Mozilla/5.0 (Windows NT 10.0; WOW64; rv:48.0) Gecko/20100101 Firefox/48.0"
46.229.20.2 - - [04/Apr/2017:15:58:45 +0200] "GET /sonderthemen/az2003.pdf HTTP/1.1" 200 4864675 "http://www.morusverlag.de/sonderthemen/" "Mozilla/5.0 (Windows NT 10.0; WOW64; rv:48.0) Gecko/20100101 Firefox/48.0"
46.229.20.2 - - [04/Apr/2017:15:58:49 +0200] "GET /sonderthemen/az2003.pdf HTTP/1.1" 200 4864675 "http://www.morusverlag.de/sonderthemen/" "Mozilla/5.0 (Windows NT 10.0; WOW64; rv:48.0) Gecko/20100101 Firefox/48.0"
5.255.251.7 - - [04/Apr/2017:16:05:07 +0200] "GET /buecher/index.html HTTP/1.1" 200 25885 "-" "Mozilla/5.0 (compatible; YandexBot/3.0; +http://yandex.com/bots)"
5.255.251.7 - - [04/Apr/2017:16:05:11 +0200] "GET /buecher/ HTTP/1.1" 200 25885 "-" "Mozilla/5.0 (compatible; YandexBot/3.0; +http://yandex.com/bots)"
5.255.251.7 - - [04/Apr/2017:16:05:16 +0200] "GET /buecher/index.html HTTP/1.1" 200 25885 "-" "Mozilla/5.0 (compatible; YandexBot/3.0; +http://yandex.com/bots)"
5.255.251.7 - - [04/Apr/2017:16:05:21 +0200] "GET /buecher/ HTTP/1.1" 200 25885 "-" "Mozilla/5.0 (compatible; YandexBot/3.0; +http://yandex.com/bots)"
178.27.59.234 - - [04/Apr/2017:16:07:56 +0200] "GET /favicon.ico HTTP/1.1" 200 4286 "http://www.morusverlag.de/sonderthemen/az2003.pdf" "Mozilla/5.0 (Windows NT 10.0; WOW64) AppleWebKit/537.36 (KHTML, like Gecko) Chrome/57.0.2987.133 Safari/537.36"
178.27.59.234 - - [04/Apr/2017:16:07:56 +0200] "GET /sonderthemen/az2003.pdf HTTP/1.1" 200 4864675 "https://www.google.de/" "Mozilla/5.0 (Windows NT 10.0; WOW64) AppleWebKit/537.36 (KHTML, like Gecko) Chrome/57.0.2987.133 Safari/537.36"
178.27.59.234 - - [04/Apr/2017:16:07:57 +0200] "GET /sonderthemen/az2003.pdf HTTP/1.1" 206 91560 "http://www.morusverlag.de/sonderthemen/az2003.pdf" "Mozilla/5.0 (Windows NT 10.0; WOW64) AppleWebKit/537.36 (KHTML, like Gecko) Chrome/57.0.2987.133 Safari/537.36"
178.27.59.234 - - [04/Apr/2017:16:07:57 +0200] "GET /sonderthemen/az2003.pdf HTTP/1.1" 206 4634744 "http://www.morusverlag.de/sonderthemen/az2003.pdf" "Mozilla/5.0 (Windows NT 10.0; WOW64) AppleWebKit/537.36 (KHTML, like Gecko) Chrome/57.0.2987.133 Safari/537.36"
157.55.39.169 - - [04/Apr/2017:16:10:09 +0200] "GET /sonderthemen/oeaz2001.pdf HTTP/1.1" 200 4496626 "-" "Mozilla/5.0 (compatible; bingbot/2.0; +http://www.bing.com/bingbot.htm)"
157.55.39.169 - - [04/Apr/2017:16:17:16 +0200] "GET /sonderthemen/oeaz2001.pdf HTTP/1.1" 200 4496626 "-" "Mozilla/5.0 (compatible; bingbot/2.0; +http://www.bing.com/bingbot.htm)"
194.173.174.106 - - [04/Apr/2017:16:19:22 +0200] "HEAD / HTTP/1.1" 200 - "-" "Mozilla/5.0 (Windows NT 6.3; WOW64) AppleWebKit/537.36 (KHTML, like Gecko) Chrome/43.0.2357.134 Safari/537.36"
157.55.39.169 - - [04/Apr/2017:16:23:59 +0200] "GET /sonderthemen/oeaz2001.pdf HTTP/1.1" 200 4496626 "-" "Mozilla/5.0 (compatible; bingbot/2.0; +http://www.bing.com/bingbot.htm)"
157.55.39.169 - - [04/Apr/2017:16:29:52 +0200] "GET /sonderthemen/oeaz2001.pdf HTTP/1.1" 200 4496626 "-" "Mozilla/5.0 (compatible; bingbot/2.0; +http://www.bing.com/bingbot.htm)"
157.55.39.169 - - [04/Apr/2017:16:47:52 +0200] "GET /sonderthemen/oeaz2001.pdf HTTP/1.1" 200 4496626 "-" "Mozilla/5.0 (compatible; bingbot/2.0; +http://www.bing.com/bingbot.htm)"
40.77.167.25 - - [04/Apr/2017:17:12:24 +0200] "GET / HTTP/1.1" 200 9360 "-" "Mozilla/5.0 (compatible; bingbot/2.0; +http://www.bing.com/bingbot.htm)"
85.25.202.18 - - [04/Apr/2017:17:53:48 +0200] "GET / HTTP/1.1" 200 9360 "http://www.sumaja.de/?such_wert=thomas" "Mozilla/4.0 (compatible; MSIE 8.0; Windows NT 5.1; Trident/4.0; FBSMTWB; ATC/1.0; .NET CLR 1.1.4322; ATC/1.0; .NET CLR 2.0.50727; .NET CLR 3.0.4506.2152; .NET CLR 3.5.30729)"
194.87.238.17 - - [04/Apr/2017:18:36:28 +0200] "HEAD / HTTP/1.1" 200 - "https://stopstarenie.com/byt-a-ne-kazatsya-molodym/" "Mozilla/3.0 (compatible; MSIE7.00; Windows 2009)"
195.133.145.199 - - [04/Apr/2017:18:36:30 +0200] "HEAD / HTTP/1.1" 200 - "http://kriminalisty.ru/stati/sudmed/caustic-alkali.html" "Mozilla/3.0 (compatible; MSIE4.00; Windows 2007)"
195.133.48.150 - - [04/Apr/2017:18:36:51 +0200] "HEAD / HTTP/1.1" 200 - "http://www.westcomp.ru/catalog/servery_aquarius/vipnet_coordinator_hw1000_aquarius_server_t40_s44_1x2_9_ghz_intel_core_i3_2gb_250gb_1_pws/" "Mozilla/2.0 (compatible; MSIE4.00; Windows 2008)"
193.124.131.168 - - [04/Apr/2017:18:38:11 +0200] "HEAD / HTTP/1.1" 200 - "http://dacha59.ru/obyavleniya/" "Mozilla/5.0 (compatible; MSIE2.00; Windows 2005)"
62.138.0.25 - - [04/Apr/2017:18:38:58 +0200] "GET /robots.txt HTTP/1.1" 200 100 "-" "Mozilla/5.0 (compatible; seoscanners.net/1; +spider@seoscanners.net)"
62.138.0.25 - - [04/Apr/2017:18:38:58 +0200] "GET /buecher/gesichter/06.jpg HTTP/1.1" 200 8732 "-" "Mozilla/5.0 (compatible; seoscanners.net/1; +spider@seoscanners.net)"
194.87.234.246 - - [04/Apr/2017:18:39:43 +0200] "HEAD / HTTP/1.1" 200 - "http://www.rendstroy.ru/e-store/60/6016/" "Mozilla/8.0 (compatible; MSIE7.00; Windows 2003)"
195.133.147.74 - - [04/Apr/2017:18:41:01 +0200] "HEAD / HTTP/1.1" 200 - "https://seolife.kz/" "Mozilla/7.0 (compatible; MSIE5.00; Windows 2003)"
68.180.230.237 - - [04/Apr/2017:18:41:52 +0200] "GET /cds/glockenspiel2.html HTTP/1.1" 304 - "-" "Mozilla/5.0 (compatible; Yahoo! Slurp; http://help.yahoo.com/help/us/ysearch/slurp)"
195.133.147.6 - - [04/Apr/2017:18:46:32 +0200] "HEAD / HTTP/1.1" 200 - "https://ledgoods.ru/home/wall/bra-1238-s-sn14-068-nikel-belyj-e14-60w-220v-storo-0034787-sonex.html" "Mozilla/8.0 (compatible; MSIE7.00; Windows 2009)"
5.9.106.81 - - [04/Apr/2017:18:53:36 +0200] "GET /sonderthemen/oekt_extra1.pdf HTTP/1.1" 200 1849015 "-" "Mozilla/5.0 (Windows NT 6.0; rv:14.0) Gecko/20100101 Firefox/14.0.1"
85.25.210.234 - - [04/Apr/2017:18:55:37 +0200] "GET /robots.txt HTTP/1.1" 200 100 "-" "Mozilla/5.0 (compatible; seoscanners.net/1; +spider@seoscanners.net)"
85.25.210.234 - - [04/Apr/2017:18:55:37 +0200] "GET /cds/glockenspiel1.html HTTP/1.1" 200 9736 "-" "Mozilla/5.0 (compatible; seoscanners.net/1; +spider@seoscanners.net)"
195.133.147.89 - - [04/Apr/2017:18:56:19 +0200] "HEAD / HTTP/1.1" 200 - "https://www.tattooreligion.ru/kakie-momenty-neobhodimo-znat-pered-naneseniem-tatuazha" "Mozilla/3.0 (compatible; MSIE4.00; Windows 2007)"
77.75.76.164 - - [04/Apr/2017:19:03:35 +0200] "GET /robots.txt HTTP/1.1" 200 100 "-" "Mozilla/5.0 (compatible; SeznamBot/3.2; +http://napoveda.seznam.cz/en/seznambot-intro/)"
77.75.76.164 - - [04/Apr/2017:19:03:35 +0200] "GET /buecher/gesichter/30.jpg HTTP/1.1" 304 - "-" "Mozilla/5.0 (compatible; SeznamBot/3.2; +http://napoveda.seznam.cz/en/seznambot-intro/)"
178.159.43.212 - - [04/Apr/2017:19:13:46 +0200] "HEAD / HTTP/1.1" 200 - "https://lavkabereza.ru/for-women/skin-care/teeth-gums-care/" "Mozilla/4.0 (compatible; MSIE4.00; Windows 2002)"
185.154.13.6 - - [04/Apr/2017:19:13:46 +0200] "HEAD / HTTP/1.1" 200 - "https://mskunion.ru/epoksidnye-poly" "Mozilla/5.0 (compatible; MSIE2.00; Windows 2004)"
68.180.230.237 - - [04/Apr/2017:20:01:32 +0200] "GET /cds/index.html HTTP/1.1" 200 7987 "-" "Mozilla/5.0 (compatible; Yahoo! Slurp; http://help.yahoo.com/help/us/ysearch/slurp)"
85.25.210.234 - - [04/Apr/2017:20:11:33 +0200] "GET /buecher/rezensionen_psalmen.html HTTP/1.1" 200 6787 "-" "Mozilla/5.0 (compatible; seoscanners.net/1; +spider@seoscanners.net)"
178.255.215.84 - - [04/Apr/2017:20:27:20 +0200] "GET /robots.txt HTTP/1.1" 200 100 "-" "Mozilla/5.0 (compatible; Exabot/3.0; +http://www.exabot.com/go/robot)"
178.255.215.84 - - [04/Apr/2017:20:27:20 +0200] "GET /cds/lumina.html HTTP/1.1" 200 9000 "-" "Mozilla/5.0 (compatible; Exabot/3.0; +http://www.exabot.com/go/robot)"
66.249.76.149 - - [04/Apr/2017:21:01:10 +0200] "GET /robots.txt HTTP/1.1" 200 100 "-" "Mozilla/5.0 (compatible; Googlebot/2.1; +http://www.google.com/bot.html)"
66.249.76.145 - - [04/Apr/2017:21:01:10 +0200] "GET /sonderthemen/akademieprogramm/04/pro_zei_04_s15.pdf HTTP/1.1" 404 2381 "-" "Mozilla/5.0 (compatible; Googlebot/2.1; +http://www.google.com/bot.html)"
5.255.251.7 - - [04/Apr/2017:21:12:59 +0200] "GET /buecher/gesichter/12.jpg HTTP/1.1" 304 - "-" "Mozilla/5.0 (compatible; YandexImages/3.0; +http://yandex.com/bots)"
5.255.251.7 - - [04/Apr/2017:21:22:30 +0200] "GET /sonderthemen/pro_zei.jpg HTTP/1.1" 304 - "-" "Mozilla/5.0 (compatible; YandexImages/3.0; +http://yandex.com/bots)"
180.76.15.12 - - [04/Apr/2017:21:25:44 +0200] "GET / HTTP/1.1" 200 9360 "-" "Mozilla/5.0 (compatible; Baiduspider/2.0; +http://www.baidu.com/search/spider.html)"
180.76.15.151 - - [04/Apr/2017:21:26:04 +0200] "GET / HTTP/1.1" 200 9360 "-" "Mozilla/5.0 (compatible; Baiduspider/2.0; +http://www.baidu.com/search/spider.html)"
62.138.0.25 - - [04/Apr/2017:21:31:30 +0200] "GET /robots.txt HTTP/1.1" 200 100 "-" "Mozilla/5.0 (compatible; seoscanners.net/1; +spider@seoscanners.net)"
62.138.0.25 - - [04/Apr/2017:21:31:30 +0200] "GET /buecher/rezensionen_leiblichkeit_und_zeitlichkeit.html HTTP/1.1" 200 8821 "-" "Mozilla/5.0 (compatible; seoscanners.net/1; +spider@seoscanners.net)"
5.9.112.6 - - [04/Apr/2017:21:33:59 +0200] "GET /buecher/index.html HTTP/1.1" 200 25885 "-" "Mozilla/5.0 (X11; Ubuntu; Linux x86_64; rv:21.0) Gecko/20130331 Firefox/21.0"
195.133.145.199 - - [04/Apr/2017:22:11:06 +0200] "HEAD / HTTP/1.1" 200 - "http://kriminalisty.ru/stati/problemy-vozbuzhdenija-ugolovnyh-del-po-.html" "Mozilla/8.0 (compatible; MSIE3.00; Windows 2007)"
194.87.238.17 - - [04/Apr/2017:22:11:09 +0200] "HEAD / HTTP/1.1" 200 - "https://stopstarenie.com/12-udivitelnyx-poleznyx-svojstv-kurkumy/" "Mozilla/7.0 (compatible; MSIE6.00; Windows 2003)"
195.133.48.150 - - [04/Apr/2017:22:11:41 +0200] "HEAD / HTTP/1.1" 200 - "http://www.westcomp.ru/catalog/transivery_hp_sfp/transiver_hp_blc_10gb_lrm_sfp_455889_b21_456098_001_455891_001/" "Mozilla/6.0 (compatible; MSIE3.00; Windows 2003)"
195.133.147.74 - - [04/Apr/2017:22:14:11 +0200] "HEAD / HTTP/1.1" 200 - "https://seolife.kz/" "Mozilla/5.0 (compatible; MSIE2.00; Windows 2007)"
193.124.131.168 - - [04/Apr/2017:22:23:15 +0200] "HEAD / HTTP/1.1" 200 - "http://dacha59.ru/services.html" "Mozilla/4.0 (compatible; MSIE3.00; Windows 2008)"
194.87.234.246 - - [04/Apr/2017:22:27:15 +0200] "HEAD / HTTP/1.1" 200 - "http://www.rendstroy.ru/certificates/" "Mozilla/7.0 (compatible; MSIE3.00; Windows 2004)"
62.138.0.25 - - [04/Apr/2017:22:34:38 +0200] "GET /robots.txt HTTP/1.1" 200 100 "-" "Mozilla/5.0 (compatible; seoscanners.net/1; +spider@seoscanners.net)"
62.138.0.25 - - [04/Apr/2017:22:34:38 +0200] "GET /buecher/gesichter/04.jpg HTTP/1.1" 200 7078 "-" "Mozilla/5.0 (compatible; seoscanners.net/1; +spider@seoscanners.net)"
195.133.147.6 - - [04/Apr/2017:22:40:20 +0200] "HEAD / HTTP/1.1" 200 - "https://ledgoods.ru/business/Transformatory-i-stabilizatory/transformator-yatp-0-25-220-12b-mtt12-012-0250.html" "Mozilla/7.0 (compatible; MSIE5.00; Windows 2004)"
190.130.204.16 - - [04/Apr/2017:22:48:26 +0200] "GET /buecher/bestellung.php HTTP/1.1" 200 10142 "http://www.morusverlag.de/" "Mozilla/5.0 (Windows NT 6.3; WOW64; rv:50.0) Gecko/20100101 Firefox/50.0"
195.133.147.89 - - [04/Apr/2017:22:50:36 +0200] "HEAD / HTTP/1.1" 200 - "https://www.tattooreligion.ru/permanentnyj-makijazh-pomozhet-nadolgo-sohranit-krasotu" "Mozilla/5.0 (compatible; MSIE2.00; Windows 2002)"
194.166.143.91 - - [04/Apr/2017:23:08:09 +0200] "GET /cds/hymnos_akathistos.html HTTP/1.1" 200 11061 "https://www.bing.com/" "Mozilla/5.0 (iPad; CPU OS 10_2_1 like Mac OS X) AppleWebKit/602.4.6 (KHTML, like Gecko) Version/10.0 Mobile/14D27 Safari/602.1"
194.166.143.91 - - [04/Apr/2017:23:08:09 +0200] "GET /m.gif HTTP/1.1" 200 95 "http://www.morusverlag.de/cds/hymnos_akathistos.html" "Mozilla/5.0 (iPad; CPU OS 10_2_1 like Mac OS X) AppleWebKit/602.4.6 (KHTML, like Gecko) Version/10.0 Mobile/14D27 Safari/602.1"
194.166.143.91 - - [04/Apr/2017:23:08:09 +0200] "GET /main.css HTTP/1.1" 200 1439 "http://www.morusverlag.de/cds/hymnos_akathistos.html" "Mozilla/5.0 (iPad; CPU OS 10_2_1 like Mac OS X) AppleWebKit/602.4.6 (KHTML, like Gecko) Version/10.0 Mobile/14D27 Safari/602.1"
194.166.143.91 - - [04/Apr/2017:23:08:09 +0200] "GET /logo_g.gif HTTP/1.1" 200 1301 "http://www.morusverlag.de/cds/hymnos_akathistos.html" "Mozilla/5.0 (iPad; CPU OS 10_2_1 like Mac OS X) AppleWebKit/602.4.6 (KHTML, like Gecko) Version/10.0 Mobile/14D27 Safari/602.1"
194.166.143.91 - - [04/Apr/2017:23:08:09 +0200] "GET /mv_g.gif HTTP/1.1" 200 4070 "http://www.morusverlag.de/cds/hymnos_akathistos.html" "Mozilla/5.0 (iPad; CPU OS 10_2_1 like Mac OS X) AppleWebKit/602.4.6 (KHTML, like Gecko) Version/10.0 Mobile/14D27 Safari/602.1"
194.166.143.91 - - [04/Apr/2017:23:08:09 +0200] "GET /pf.gif HTTP/1.1" 200 62 "http://www.morusverlag.de/cds/hymnos_akathistos.html" "Mozilla/5.0 (iPad; CPU OS 10_2_1 like Mac OS X) AppleWebKit/602.4.6 (KHTML, like Gecko) Version/10.0 Mobile/14D27 Safari/602.1"
194.166.143.91 - - [04/Apr/2017:23:08:09 +0200] "GET /cds/hymnos.jpg HTTP/1.1" 200 27752 "http://www.morusverlag.de/cds/hymnos_akathistos.html" "Mozilla/5.0 (iPad; CPU OS 10_2_1 like Mac OS X) AppleWebKit/602.4.6 (KHTML, like Gecko) Version/10.0 Mobile/14D27 Safari/602.1"
194.166.143.91 - - [04/Apr/2017:23:08:09 +0200] "GET /cds/hymnos_heft.jpg HTTP/1.1" 200 8653 "http://www.morusverlag.de/cds/hymnos_akathistos.html" "Mozilla/5.0 (iPad; CPU OS 10_2_1 like Mac OS X) AppleWebKit/602.4.6 (KHTML, like Gecko) Version/10.0 Mobile/14D27 Safari/602.1"
194.166.143.91 - - [04/Apr/2017:23:08:09 +0200] "GET /strich.gif HTTP/1.1" 200 45 "http://www.morusverlag.de/cds/hymnos_akathistos.html" "Mozilla/5.0 (iPad; CPU OS 10_2_1 like Mac OS X) AppleWebKit/602.4.6 (KHTML, like Gecko) Version/10.0 Mobile/14D27 Safari/602.1"
68.180.230.44 - - [04/Apr/2017:23:09:47 +0200] "GET /robots.txt HTTP/1.1" 200 100 "-" "Mozilla/5.0 (compatible; Yahoo! Slurp; http://help.yahoo.com/help/us/ysearch/slurp)"
68.180.230.44 - - [04/Apr/2017:23:09:48 +0200] "GET /buecher/rezensionen_leiblichkeit_und_zeitlichkeit.html HTTP/1.1" 200 8821 "-" "Mozilla/5.0 (compatible; Yahoo! Slurp; http://help.yahoo.com/help/us/ysearch/slurp)"
68.180.230.44 - - [04/Apr/2017:23:26:39 +0200] "GET / HTTP/1.1" 200 9360 "-" "Mozilla/5.0 (compatible; Yahoo! Slurp; http://help.yahoo.com/help/us/ysearch/slurp)"
85.25.210.234 - - [04/Apr/2017:23:30:31 +0200] "GET /robots.txt HTTP/1.1" 200 100 "-" "Mozilla/5.0 (compatible; seoscanners.net/1; +spider@seoscanners.net)"
85.25.210.234 - - [04/Apr/2017:23:30:31 +0200] "GET /buecher/gesichter/22.jpg HTTP/1.1" 200 8837 "-" "Mozilla/5.0 (compatible; seoscanners.net/1; +spider@seoscanners.net)"
85.25.210.234 - - [04/Apr/2017:23:36:49 +0200] "GET /sonderthemen/az2003.pdf HTTP/1.1" 200 4864675 "-" "Mozilla/5.0 (compatible; seoscanners.net/1; +spider@seoscanners.net)"
85.25.210.234 - - [05/Apr/2017:00:31:09 +0200] "GET /buecher/gesichter/30.jpg HTTP/1.1" 200 8702 "-" "Mozilla/5.0 (compatible; seoscanners.net/1; +spider@seoscanners.net)"
94.23.249.109 - - [05/Apr/2017:00:36:44 +0200] "GET / HTTP/1.1" 200 9360 "-" "-"
85.25.210.234 - - [05/Apr/2017:00:39:33 +0200] "GET / HTTP/1.1" 200 9360 "-" "Mozilla/5.0 (compatible; seoscanners.net/1; +spider@seoscanners.net)"
66.249.76.147 - - [05/Apr/2017:00:53:51 +0200] "GET /buecher/ HTTP/1.1" 200 25885 "-" "Mozilla/5.0 (Linux; Android 6.0.1; Nexus 5X Build/MMB29P) AppleWebKit/537.36 (KHTML, like Gecko) Chrome/41.0.2272.96 Mobile Safari/537.36 (compatible; Googlebot/2.1; +http://www.google.com/bot.html)"
66.249.76.145 - - [05/Apr/2017:00:53:53 +0200] "GET /contentflow/contentflow.js HTTP/1.1" 200 42064 "http://www.morusverlag.de/buecher/" "Mozilla/5.0 (compatible; Googlebot/2.1; +http://www.google.com/bot.html)"
66.249.66.228 - - [05/Apr/2017:00:53:55 +0200] "GET /contentflow/ContentFlowAddOn_white.js HTTP/1.1" 200 471 "http://www.morusverlag.de/buecher/" "Mozilla/5.0 (compatible; Googlebot/2.1; +http://www.google.com/bot.html)"
66.249.76.147 - - [05/Apr/2017:00:53:55 +0200] "GET /contentflow/mycontentflow.css HTTP/1.1" 404 2381 "http://www.morusverlag.de/buecher/" "Mozilla/5.0 (compatible; Googlebot/2.1; +http://www.google.com/bot.html)"
66.249.66.224 - - [05/Apr/2017:00:53:55 +0200] "GET /contentflow/contentflow.css HTTP/1.1" 200 3109 "http://www.morusverlag.de/buecher/" "Mozilla/5.0 (compatible; Googlebot/2.1; +http://www.google.com/bot.html)"
66.249.76.147 - - [05/Apr/2017:00:53:56 +0200] "GET /contentflow/ContentFlowAddOn_white.css HTTP/1.1" 200 3174 "http://www.morusverlag.de/buecher/" "Mozilla/5.0 (compatible; Googlebot/2.1; +http://www.google.com/bot.html)"
