91.11.112.66 - - [23/Apr/2017:14:23:46 +0200] "GET /main.css HTTP/1.1" 200 1439 "http://www.morusverlag.de/cds/hymnos_akathistos.html" "Mozilla/5.0 (Windows NT 6.1) AppleWebKit/537.36 (KHTML, like Gecko) Chrome/57.0.2987.133 Safari/537.36"
91.11.112.66 - - [23/Apr/2017:14:23:46 +0200] "GET /logo_g.gif HTTP/1.1" 200 1301 "http://www.morusverlag.de/cds/hymnos_akathistos.html" "Mozilla/5.0 (Windows NT 6.1) AppleWebKit/537.36 (KHTML, like Gecko) Chrome/57.0.2987.133 Safari/537.36"
91.11.112.66 - - [23/Apr/2017:14:23:46 +0200] "GET /mv_g.gif HTTP/1.1" 200 4070 "http://www.morusverlag.de/cds/hymnos_akathistos.html" "Mozilla/5.0 (Windows NT 6.1) AppleWebKit/537.36 (KHTML, like Gecko) Chrome/57.0.2987.133 Safari/537.36"
91.11.112.66 - - [23/Apr/2017:14:23:46 +0200] "GET /m.gif HTTP/1.1" 200 95 "http://www.morusverlag.de/cds/hymnos_akathistos.html" "Mozilla/5.0 (Windows NT 6.1) AppleWebKit/537.36 (KHTML, like Gecko) Chrome/57.0.2987.133 Safari/537.36"
91.11.112.66 - - [23/Apr/2017:14:23:46 +0200] "GET /pf.gif HTTP/1.1" 200 62 "http://www.morusverlag.de/cds/hymnos_akathistos.html" "Mozilla/5.0 (Windows NT 6.1) AppleWebKit/537.36 (KHTML, like Gecko) Chrome/57.0.2987.133 Safari/537.36"
91.11.112.66 - - [23/Apr/2017:14:23:46 +0200] "GET /cds/hymnos.jpg HTTP/1.1" 200 27752 "http://www.morusverlag.de/cds/hymnos_akathistos.html" "Mozilla/5.0 (Windows NT 6.1) AppleWebKit/537.36 (KHTML, like Gecko) Chrome/57.0.2987.133 Safari/537.36"
91.11.112.66 - - [23/Apr/2017:14:23:46 +0200] "GET /cds/hymnos_heft.jpg HTTP/1.1" 200 8653 "http://www.morusverlag.de/cds/hymnos_akathistos.html" "Mozilla/5.0 (Windows NT 6.1) AppleWebKit/537.36 (KHTML, like Gecko) Chrome/57.0.2987.133 Safari/537.36"
91.11.112.66 - - [23/Apr/2017:14:23:46 +0200] "GET /strich.gif HTTP/1.1" 200 45 "http://www.morusverlag.de/cds/hymnos_akathistos.html" "Mozilla/5.0 (Windows NT 6.1) AppleWebKit/537.36 (KHTML, like Gecko) Chrome/57.0.2987.133 Safari/537.36"
91.11.112.66 - - [23/Apr/2017:14:23:47 +0200] "GET /favicon.ico HTTP/1.1" 200 4286 "http://www.morusverlag.de/cds/hymnos_akathistos.html" "Mozilla/5.0 (Windows NT 6.1) AppleWebKit/537.36 (KHTML, like Gecko) Chrome/57.0.2987.133 Safari/537.36"
78.46.156.169 - - [23/Apr/2017:14:58:08 +0200] "GET /buecher/rezensionen_le_saulchoir.html HTTP/1.1" 200 34009 "-" "Mozilla/5.0 (Macintosh; Intel Mac OS X 10_6_8) AppleWebKit/534.58.2 (KHTML, like Gecko) Version/5.1.8 Safari/534.58.2"
113.190.141.108 - - [23/Apr/2017:14:58:18 +0200] "GET /kontakt/ HTTP/1.1" 200 2896 "http://www.morusverlag.de/" "Scope (Mars+)"
199.30.24.144 - - [23/Apr/2017:15:25:34 +0200] "GET /mv_gr_w.gif HTTP/1.1" 200 2005 "-" "Mozilla/5.0 (iPhone; CPU iPhone OS 7_0 like Mac OS X) AppleWebKit/537.51.1 (KHTML, like Gecko) Version/7.0 Mobile/11A465 Safari/9537.53 BingPreview/1.0b"
199.30.25.182 - - [23/Apr/2017:15:25:36 +0200] "GET /jahrbuch_k.jpg HTTP/1.1" 200 3719 "-" "Mozilla/5.0 (iPhone; CPU iPhone OS 7_0 like Mac OS X) AppleWebKit/537.51.1 (KHTML, like Gecko) Version/7.0 Mobile/11A465 Safari/9537.53 BingPreview/1.0b"
199.30.24.154 - - [23/Apr/2017:15:25:39 +0200] "GET /buecher/gesichter.jpg HTTP/1.1" 200 7271 "-" "Mozilla/5.0 (iPhone; CPU iPhone OS 7_0 like Mac OS X) AppleWebKit/537.51.1 (KHTML, like Gecko) Version/7.0 Mobile/11A465 Safari/9537.53 BingPreview/1.0b"
65.55.210.142 - - [23/Apr/2017:15:25:41 +0200] "GET /cds/rosarium_k.jpg HTTP/1.1" 200 3972 "-" "Mozilla/5.0 (iPhone; CPU iPhone OS 7_0 like Mac OS X) AppleWebKit/537.51.1 (KHTML, like Gecko) Version/7.0 Mobile/11A465 Safari/9537.53 BingPreview/1.0b"
199.30.24.70 - - [23/Apr/2017:15:25:44 +0200] "GET /cds/ignatius_k.jpg HTTP/1.1" 200 3965 "-" "Mozilla/5.0 (iPhone; CPU iPhone OS 7_0 like Mac OS X) AppleWebKit/537.51.1 (KHTML, like Gecko) Version/7.0 Mobile/11A465 Safari/9537.53 BingPreview/1.0b"
199.30.25.65 - - [23/Apr/2017:15:25:45 +0200] "GET /cds/hymnos_k.jpg HTTP/1.1" 200 4986 "-" "Mozilla/5.0 (iPhone; CPU iPhone OS 7_0 like Mac OS X) AppleWebKit/537.51.1 (KHTML, like Gecko) Version/7.0 Mobile/11A465 Safari/9537.53 BingPreview/1.0b"
199.30.24.70 - - [23/Apr/2017:15:25:49 +0200] "GET /cds/astazi_k.jpg HTTP/1.1" 200 6049 "-" "Mozilla/5.0 (iPhone; CPU iPhone OS 7_0 like Mac OS X) AppleWebKit/537.51.1 (KHTML, like Gecko) Version/7.0 Mobile/11A465 Safari/9537.53 BingPreview/1.0b"
65.55.210.166 - - [23/Apr/2017:15:25:51 +0200] "GET /gotteslob.jpg HTTP/1.1" 200 9390 "-" "Mozilla/5.0 (iPhone; CPU iPhone OS 7_0 like Mac OS X) AppleWebKit/537.51.1 (KHTML, like Gecko) Version/7.0 Mobile/11A465 Safari/9537.53 BingPreview/1.0b"
199.30.25.94 - - [23/Apr/2017:15:25:53 +0200] "GET /buecher/engel.jpg HTTP/1.1" 200 5414 "-" "Mozilla/5.0 (iPhone; CPU iPhone OS 7_0 like Mac OS X) AppleWebKit/537.51.1 (KHTML, like Gecko) Version/7.0 Mobile/11A465 Safari/9537.53 BingPreview/1.0b"
199.30.25.94 - - [23/Apr/2017:15:25:56 +0200] "GET /buecher/chateaubriand.jpg HTTP/1.1" 200 2272 "-" "Mozilla/5.0 (iPhone; CPU iPhone OS 7_0 like Mac OS X) AppleWebKit/537.51.1 (KHTML, like Gecko) Version/7.0 Mobile/11A465 Safari/9537.53 BingPreview/1.0b"
199.30.25.62 - - [23/Apr/2017:15:25:58 +0200] "GET /buch_k.jpg HTTP/1.1" 200 4591 "-" "Mozilla/5.0 (iPhone; CPU iPhone OS 7_0 like Mac OS X) AppleWebKit/537.51.1 (KHTML, like Gecko) Version/7.0 Mobile/11A465 Safari/9537.53 BingPreview/1.0b"
180.76.15.14 - - [23/Apr/2017:15:59:37 +0200] "GET / HTTP/1.1" 200 9360 "-" "Mozilla/5.0 (compatible; Baiduspider/2.0; +http://www.baidu.com/search/spider.html)"
180.76.15.144 - - [23/Apr/2017:16:25:16 +0200] "GET / HTTP/1.1" 200 9360 "-" "Mozilla/5.0 (compatible; Baiduspider/2.0; +http://www.baidu.com/search/spider.html)"
180.76.15.157 - - [23/Apr/2017:16:25:35 +0200] "GET / HTTP/1.1" 200 9360 "-" "Mozilla/5.0 (compatible; Baiduspider/2.0; +http://www.baidu.com/search/spider.html)"
77.75.76.164 - - [23/Apr/2017:16:28:57 +0200] "GET /robots.txt HTTP/1.1" 200 100 "-" "Mozilla/5.0 (compatible; SeznamBot/3.2; +http://napoveda.seznam.cz/en/seznambot-intro/)"
77.75.76.164 - - [23/Apr/2017:16:28:57 +0200] "GET /sonderthemen/oekt_extra2.pdf HTTP/1.1" 304 - "-" "Mozilla/5.0 (compatible; SeznamBot/3.2; +http://napoveda.seznam.cz/en/seznambot-intro/)"
84.191.218.148 - - [23/Apr/2017:16:36:41 +0200] "GET /buecher/gesichter/10.jpg HTTP/1.1" 200 7686 "https://www.bing.com/" "Mozilla/5.0 (Windows NT 10.0; Win64; x64) AppleWebKit/537.36 (KHTML, like Gecko) Chrome/51.0.2704.79 Safari/537.36 Edge/14.14393"
180.76.15.144 - - [23/Apr/2017:17:25:55 +0200] "GET / HTTP/1.1" 200 9360 "-" "Mozilla/5.0 (compatible; Baiduspider/2.0; +http://www.baidu.com/search/spider.html)"
180.76.15.20 - - [23/Apr/2017:17:26:17 +0200] "GET / HTTP/1.1" 200 9360 "-" "Mozilla/5.0 (compatible; Baiduspider/2.0; +http://www.baidu.com/search/spider.html)"
45.55.155.171 - - [23/Apr/2017:17:35:41 +0200] "GET / HTTP/1.1" 200 9360 "-" "Mozilla/5.0 (Macintosh; Intel Mac OS X 10_7_5) AppleWebKit/537.4 (KHTML, like Gecko) Chrome/22.0.1229.94 Safari/537.4"
5.9.112.6 - - [23/Apr/2017:17:38:13 +0200] "GET /sonderthemen/az1999.pdf HTTP/1.1" 200 1842982 "-" "Mozilla/5.0 (X11; Linux i686; rv:21.0) Gecko/20100101 Firefox/21.0"
88.99.27.172 - - [23/Apr/2017:17:57:08 +0200] "GET /buecher/rezensionen_engel.html HTTP/1.1" 200 6598 "-" "Mozilla/5.0 (Macintosh; Intel Mac OS X 10_7_5) AppleWebKit/537.31 (KHTML, like Gecko) Chrome/26.0.1410.65 Safari/537.31"
88.99.27.172 - - [23/Apr/2017:17:57:08 +0200] "GET /buecher/ HTTP/1.1" 200 25885 "-" "Mozilla/5.0 (Windows NT 6.1) AppleWebKit/537.36 (KHTML, like Gecko) Chrome/27.0.1453.90 Safari/537.36"
5.9.112.6 - - [23/Apr/2017:17:57:08 +0200] "GET /buecher/index.html HTTP/1.1" 200 25885 "-" "Mozilla/5.0 (Macintosh; Intel Mac OS X 10_7_5) AppleWebKit/537.31 (KHTML, like Gecko) Chrome/26.0.1410.65 Safari/537.31"
5.9.112.6 - - [23/Apr/2017:17:57:08 +0200] "GET /buecher/rezensionen.html HTTP/1.1" 200 6964 "-" "Mozilla/5.0 (Windows NT 6.0; WOW64) AppleWebKit/534.24 (KHTML, like Gecko) Chrome/11.0.696.34 Safari/534.24"
77.75.79.11 - - [23/Apr/2017:18:02:26 +0200] "GET /robots.txt HTTP/1.1" 200 100 "-" "Mozilla/5.0 (compatible; SeznamBot/3.2; +http://napoveda.seznam.cz/en/seznambot-intro/)"
77.75.79.11 - - [23/Apr/2017:18:02:26 +0200] "GET /buecher/gesichter/11.jpg HTTP/1.1" 304 - "-" "Mozilla/5.0 (compatible; SeznamBot/3.2; +http://napoveda.seznam.cz/en/seznambot-intro/)"
136.243.17.161 - - [23/Apr/2017:19:19:12 +0200] "GET /buecher/index.html HTTP/1.1" 200 25885 "-" "Mozilla/5.0 (X11; Ubuntu; Linux x86_64; rv:21.0) Gecko/20130331 Firefox/21.0"
136.243.17.161 - - [23/Apr/2017:19:19:22 +0200] "GET /buecher/index.html HTTP/1.1" 200 25885 "-" "Mozilla/5.0 (X11; Ubuntu; Linux x86_64; rv:14.0) Gecko/20100101 Firefox/14.0.1"
180.76.15.30 - - [23/Apr/2017:20:12:07 +0200] "GET /sonderthemen/oekt_extra1.pdf HTTP/1.1" 200 1849015 "-" "Mozilla/5.0 (compatible; Baiduspider/2.0; +http://www.baidu.com/search/spider.html)"
77.75.79.17 - - [23/Apr/2017:20:19:37 +0200] "GET /robots.txt HTTP/1.1" 200 100 "-" "Mozilla/5.0 (compatible; SeznamBot/3.2; +http://napoveda.seznam.cz/en/seznambot-intro/)"
77.75.79.17 - - [23/Apr/2017:20:19:38 +0200] "GET /gotteslob/gotteslob_alle.jpg HTTP/1.1" 304 - "-" "Mozilla/5.0 (compatible; SeznamBot/3.2; +http://napoveda.seznam.cz/en/seznambot-intro/)"
91.16.137.243 - - [23/Apr/2017:20:42:37 +0200] "GET / HTTP/1.1" 200 9360 "https://de.wikipedia.org/" "Mozilla/5.0 (Macintosh; Intel Mac OS X 10.11; rv:53.0) Gecko/20100101 Firefox/53.0"
91.16.137.243 - - [23/Apr/2017:20:42:37 +0200] "GET /main.css HTTP/1.1" 200 1439 "http://www.morusverlag.de/" "Mozilla/5.0 (Macintosh; Intel Mac OS X 10.11; rv:53.0) Gecko/20100101 Firefox/53.0"
91.16.137.243 - - [23/Apr/2017:20:42:37 +0200] "GET /logo_g.gif HTTP/1.1" 200 1301 "http://www.morusverlag.de/" "Mozilla/5.0 (Macintosh; Intel Mac OS X 10.11; rv:53.0) Gecko/20100101 Firefox/53.0"
91.16.137.243 - - [23/Apr/2017:20:42:37 +0200] "GET /mv_g.gif HTTP/1.1" 200 4070 "http://www.morusverlag.de/" "Mozilla/5.0 (Macintosh; Intel Mac OS X 10.11; rv:53.0) Gecko/20100101 Firefox/53.0"
91.16.137.243 - - [23/Apr/2017:20:42:37 +0200] "GET /mv_gr_w.gif HTTP/1.1" 200 2005 "http://www.morusverlag.de/" "Mozilla/5.0 (Macintosh; Intel Mac OS X 10.11; rv:53.0) Gecko/20100101 Firefox/53.0"
91.16.137.243 - - [23/Apr/2017:20:42:37 +0200] "GET /jahrbuch_k.jpg HTTP/1.1" 200 3719 "http://www.morusverlag.de/" "Mozilla/5.0 (Macintosh; Intel Mac OS X 10.11; rv:53.0) Gecko/20100101 Firefox/53.0"
91.16.137.243 - - [23/Apr/2017:20:42:37 +0200] "GET /pf.gif HTTP/1.1" 200 62 "http://www.morusverlag.de/" "Mozilla/5.0 (Macintosh; Intel Mac OS X 10.11; rv:53.0) Gecko/20100101 Firefox/53.0"
91.16.137.243 - - [23/Apr/2017:20:42:37 +0200] "GET /buecher/gesichter.jpg HTTP/1.1" 200 7271 "http://www.morusverlag.de/" "Mozilla/5.0 (Macintosh; Intel Mac OS X 10.11; rv:53.0) Gecko/20100101 Firefox/53.0"
91.16.137.243 - - [23/Apr/2017:20:42:37 +0200] "GET /strich.gif HTTP/1.1" 200 45 "http://www.morusverlag.de/" "Mozilla/5.0 (Macintosh; Intel Mac OS X 10.11; rv:53.0) Gecko/20100101 Firefox/53.0"
91.16.137.243 - - [23/Apr/2017:20:42:37 +0200] "GET /cds/rosarium_k.jpg HTTP/1.1" 200 3972 "http://www.morusverlag.de/" "Mozilla/5.0 (Macintosh; Intel Mac OS X 10.11; rv:53.0) Gecko/20100101 Firefox/53.0"
91.16.137.243 - - [23/Apr/2017:20:42:37 +0200] "GET /cds/ignatius_k.jpg HTTP/1.1" 200 3965 "http://www.morusverlag.de/" "Mozilla/5.0 (Macintosh; Intel Mac OS X 10.11; rv:53.0) Gecko/20100101 Firefox/53.0"
91.16.137.243 - - [23/Apr/2017:20:42:37 +0200] "GET /cds/hymnos_k.jpg HTTP/1.1" 200 4986 "http://www.morusverlag.de/" "Mozilla/5.0 (Macintosh; Intel Mac OS X 10.11; rv:53.0) Gecko/20100101 Firefox/53.0"
91.16.137.243 - - [23/Apr/2017:20:42:37 +0200] "GET /cds/astazi_k.jpg HTTP/1.1" 200 6049 "http://www.morusverlag.de/" "Mozilla/5.0 (Macintosh; Intel Mac OS X 10.11; rv:53.0) Gecko/20100101 Firefox/53.0"
91.16.137.243 - - [23/Apr/2017:20:42:38 +0200] "GET /gotteslob.jpg HTTP/1.1" 200 9390 "http://www.morusverlag.de/" "Mozilla/5.0 (Macintosh; Intel Mac OS X 10.11; rv:53.0) Gecko/20100101 Firefox/53.0"
91.16.137.243 - - [23/Apr/2017:20:42:38 +0200] "GET /buecher/engel.jpg HTTP/1.1" 200 5414 "http://www.morusverlag.de/" "Mozilla/5.0 (Macintosh; Intel Mac OS X 10.11; rv:53.0) Gecko/20100101 Firefox/53.0"
91.16.137.243 - - [23/Apr/2017:20:42:38 +0200] "GET /buecher/chateaubriand.jpg HTTP/1.1" 200 2272 "http://www.morusverlag.de/" "Mozilla/5.0 (Macintosh; Intel Mac OS X 10.11; rv:53.0) Gecko/20100101 Firefox/53.0"
91.16.137.243 - - [23/Apr/2017:20:42:38 +0200] "GET /buch_k.jpg HTTP/1.1" 200 4591 "http://www.morusverlag.de/" "Mozilla/5.0 (Macintosh; Intel Mac OS X 10.11; rv:53.0) Gecko/20100101 Firefox/53.0"
91.16.137.243 - - [23/Apr/2017:20:42:38 +0200] "GET /favicon.ico HTTP/1.1" 200 4286 "-" "Mozilla/5.0 (Macintosh; Intel Mac OS X 10.11; rv:53.0) Gecko/20100101 Firefox/53.0"
91.16.137.243 - - [23/Apr/2017:20:42:58 +0200] "GET /cds/hymnos_akathistos.html HTTP/1.1" 200 11061 "http://www.morusverlag.de/" "Mozilla/5.0 (Macintosh; Intel Mac OS X 10.11; rv:53.0) Gecko/20100101 Firefox/53.0"
91.16.137.243 - - [23/Apr/2017:20:42:58 +0200] "GET /m.gif HTTP/1.1" 200 95 "http://www.morusverlag.de/cds/hymnos_akathistos.html" "Mozilla/5.0 (Macintosh; Intel Mac OS X 10.11; rv:53.0) Gecko/20100101 Firefox/53.0"
91.16.137.243 - - [23/Apr/2017:20:42:59 +0200] "GET /cds/hymnos.jpg HTTP/1.1" 200 27752 "http://www.morusverlag.de/cds/hymnos_akathistos.html" "Mozilla/5.0 (Macintosh; Intel Mac OS X 10.11; rv:53.0) Gecko/20100101 Firefox/53.0"
91.16.137.243 - - [23/Apr/2017:20:42:59 +0200] "GET /cds/simplay_player.swf?audiofile=hymnos1.mp3 HTTP/1.1" 200 6377 "http://www.morusverlag.de/cds/hymnos_akathistos.html" "Mozilla/5.0 (Macintosh; Intel Mac OS X 10.11; rv:53.0) Gecko/20100101 Firefox/53.0"
91.16.137.243 - - [23/Apr/2017:20:42:59 +0200] "GET /cds/simplay_control.swf HTTP/1.1" 200 1243 "http://www.morusverlag.de/cds/hymnos_akathistos.html" "Mozilla/5.0 (Macintosh; Intel Mac OS X 10.11; rv:53.0) Gecko/20100101 Firefox/53.0"
91.16.137.243 - - [23/Apr/2017:20:42:59 +0200] "GET /cds/hymnos_heft.jpg HTTP/1.1" 200 8653 "http://www.morusverlag.de/cds/hymnos_akathistos.html" "Mozilla/5.0 (Macintosh; Intel Mac OS X 10.11; rv:53.0) Gecko/20100101 Firefox/53.0"
91.16.137.243 - - [23/Apr/2017:20:42:59 +0200] "GET /cds/simplay_player.swf?audiofile=hymnos2.mp3 HTTP/1.1" 200 6377 "http://www.morusverlag.de/cds/hymnos_akathistos.html" "Mozilla/5.0 (Macintosh; Intel Mac OS X 10.11; rv:53.0) Gecko/20100101 Firefox/53.0"
91.16.137.243 - - [23/Apr/2017:20:48:50 +0200] "GET /cds/simplay_player.swf?audiofile=hymnos1.mp3 HTTP/1.1" 206 5275 "http://www.morusverlag.de/cds/hymnos_akathistos.html" "Mozilla/5.0 (Macintosh; Intel Mac OS X 10.11; rv:53.0) Gecko/20100101 Firefox/53.0"
91.16.137.243 - - [23/Apr/2017:20:48:50 +0200] "GET /cds/simplay_player.swf?audiofile=hymnos2.mp3 HTTP/1.1" 206 5275 "http://www.morusverlag.de/cds/hymnos_akathistos.html" "Mozilla/5.0 (Macintosh; Intel Mac OS X 10.11; rv:53.0) Gecko/20100101 Firefox/53.0"
157.55.39.242 - - [23/Apr/2017:20:52:31 +0200] "GET /buecher/rezensionen.html HTTP/1.1" 200 6964 "-" "Mozilla/5.0 (iPhone; CPU iPhone OS 7_0 like Mac OS X) AppleWebKit/537.51.1 (KHTML, like Gecko) Version/7.0 Mobile/11A465 Safari/9537.53 (compatible; bingbot/2.0; +http://www.bing.com/bingbot.htm)"
91.16.137.243 - - [23/Apr/2017:20:53:40 +0200] "GET /cds/simplay_player.swf?audiofile=hymnos1.mp3 HTTP/1.1" 206 4223 "http://www.morusverlag.de/cds/hymnos_akathistos.html" "Mozilla/5.0 (Macintosh; Intel Mac OS X 10.11; rv:53.0) Gecko/20100101 Firefox/53.0"
91.16.137.243 - - [23/Apr/2017:20:53:40 +0200] "GET /cds/simplay_player.swf?audiofile=hymnos2.mp3 HTTP/1.1" 206 4223 "http://www.morusverlag.de/cds/hymnos_akathistos.html" "Mozilla/5.0 (Macintosh; Intel Mac OS X 10.11; rv:53.0) Gecko/20100101 Firefox/53.0"
91.16.137.243 - - [23/Apr/2017:20:54:03 +0200] "GET /buecher/veroeffentlichungsliste.html HTTP/1.1" 200 129779 "http://www.morusverlag.de/cds/hymnos_akathistos.html" "Mozilla/5.0 (Macintosh; Intel Mac OS X 10.11; rv:53.0) Gecko/20100101 Firefox/53.0"
91.16.137.243 - - [23/Apr/2017:20:54:25 +0200] "POST /search.php HTTP/1.1" 200 2059 "http://www.morusverlag.de/cds/hymnos_akathistos.html" "Mozilla/5.0 (Macintosh; Intel Mac OS X 10.11; rv:53.0) Gecko/20100101 Firefox/53.0"
91.16.137.243 - - [23/Apr/2017:20:54:45 +0200] "POST /search.php HTTP/1.1" 200 3901 "http://www.morusverlag.de/search.php" "Mozilla/5.0 (Macintosh; Intel Mac OS X 10.11; rv:53.0) Gecko/20100101 Firefox/53.0"
91.16.137.243 - - [23/Apr/2017:20:55:08 +0200] "GET /cds/simplay_player.swf?audiofile=hymnos1.mp3 HTTP/1.1" 206 1731 "http://www.morusverlag.de/cds/hymnos_akathistos.html" "Mozilla/5.0 (Macintosh; Intel Mac OS X 10.11; rv:53.0) Gecko/20100101 Firefox/53.0"
91.16.137.243 - - [23/Apr/2017:20:55:08 +0200] "GET /cds/simplay_player.swf?audiofile=hymnos2.mp3 HTTP/1.1" 206 3171 "http://www.morusverlag.de/cds/hymnos_akathistos.html" "Mozilla/5.0 (Macintosh; Intel Mac OS X 10.11; rv:53.0) Gecko/20100101 Firefox/53.0"
66.249.76.57 - - [23/Apr/2017:21:04:23 +0200] "GET /jahrbuch_k.jpg HTTP/1.1" 304 - "-" "Googlebot-Image/1.0"
180.76.15.33 - - [23/Apr/2017:21:25:10 +0200] "GET / HTTP/1.1" 200 9360 "-" "Mozilla/5.0 (compatible; Baiduspider/2.0; +http://www.baidu.com/search/spider.html)"
180.76.15.141 - - [23/Apr/2017:21:25:28 +0200] "GET / HTTP/1.1" 200 9360 "-" "Mozilla/5.0 (compatible; Baiduspider/2.0; +http://www.baidu.com/search/spider.html)"
66.249.76.57 - - [23/Apr/2017:21:29:53 +0200] "GET /cds/lumina.html HTTP/1.1" 200 9000 "-" "Mozilla/5.0 (compatible; Googlebot/2.1; +http://www.google.com/bot.html)"
66.249.76.57 - - [23/Apr/2017:21:36:26 +0200] "GET /cds/astazi.html HTTP/1.1" 200 8453 "-" "Mozilla/5.0 (compatible; Googlebot/2.1; +http://www.google.com/bot.html)"
207.46.13.110 - - [23/Apr/2017:21:42:37 +0200] "GET / HTTP/1.1" 200 9360 "-" "Mozilla/5.0 (compatible; bingbot/2.0; +http://www.bing.com/bingbot.htm)"
66.249.76.56 - - [23/Apr/2017:21:43:36 +0200] "GET /cds/glockenspiel1.html HTTP/1.1" 200 9736 "-" "Mozilla/5.0 (compatible; Googlebot/2.1; +http://www.google.com/bot.html)"
66.249.76.58 - - [23/Apr/2017:21:50:08 +0200] "GET /cds/glockenspiel2.html HTTP/1.1" 200 9831 "-" "Mozilla/5.0 (compatible; Googlebot/2.1; +http://www.google.com/bot.html)"
66.249.64.97 - - [23/Apr/2017:21:56:57 +0200] "GET /jahrbuch/bestellung.php HTTP/1.1" 200 10316 "-" "Mozilla/5.0 (compatible; Googlebot/2.1; +http://www.google.com/bot.html)"
66.249.76.57 - - [23/Apr/2017:22:03:13 +0200] "GET /sonderthemen/sk2004.pdf HTTP/1.1" 200 1967215 "-" "Mozilla/5.0 (compatible; Googlebot/2.1; +http://www.google.com/bot.html)"
77.75.76.169 - - [23/Apr/2017:22:07:43 +0200] "GET /robots.txt HTTP/1.1" 200 100 "-" "Mozilla/5.0 (compatible; SeznamBot/3.2; +http://napoveda.seznam.cz/en/seznambot-intro/)"
77.75.76.169 - - [23/Apr/2017:22:07:44 +0200] "GET /buecher/rezensionen_leiblichkeit_und_zeitlichkeit.html HTTP/1.1" 304 - "-" "Mozilla/5.0 (compatible; SeznamBot/3.2; +http://napoveda.seznam.cz/en/seznambot-intro/)"
66.249.64.105 - - [23/Apr/2017:22:09:30 +0200] "GET /sonderthemen/az2003.pdf HTTP/1.1" 200 4864675 "-" "Mozilla/5.0 (compatible; Googlebot/2.1; +http://www.google.com/bot.html)"
66.249.64.105 - - [23/Apr/2017:22:15:32 +0200] "GET /sonderthemen/presse.html HTTP/1.1" 200 5772 "-" "Mozilla/5.0 (compatible; Googlebot/2.1; +http://www.google.com/bot.html)"
66.249.76.58 - - [23/Apr/2017:22:24:18 +0200] "GET /sonderthemen/archiv.html HTTP/1.1" 200 6959 "-" "Mozilla/5.0 (compatible; Googlebot/2.1; +http://www.google.com/bot.html)"
66.249.76.56 - - [23/Apr/2017:22:31:02 +0200] "GET /sonderthemen/oekz2003.pdf HTTP/1.1" 200 4017017 "-" "Mozilla/5.0 (compatible; Googlebot/2.1; +http://www.google.com/bot.html)"
66.249.64.105 - - [23/Apr/2017:22:38:15 +0200] "GET /sonderthemen/sk2004_s01.pdf HTTP/1.1" 200 162742 "-" "Mozilla/5.0 (compatible; Googlebot/2.1; +http://www.google.com/bot.html)"
207.46.13.110 - - [23/Apr/2017:22:44:12 +0200] "GET /gotteslob/ HTTP/1.1" 200 2770 "-" "msnbot-media/1.1 (+http://search.msn.com/msnbot.htm)"
66.249.76.58 - - [23/Apr/2017:22:44:48 +0200] "GET /sonderthemen/az2003_s01.pdf HTTP/1.1" 200 120642 "-" "Mozilla/5.0 (compatible; Googlebot/2.1; +http://www.google.com/bot.html)"
66.249.64.97 - - [23/Apr/2017:22:50:54 +0200] "GET /sonderthemen/oekt_extra1.pdf HTTP/1.1" 200 1849015 "-" "Mozilla/5.0 (compatible; Googlebot/2.1; +http://www.google.com/bot.html)"
66.249.76.58 - - [23/Apr/2017:22:57:50 +0200] "GET /sonderthemen/oekt_extra3.pdf HTTP/1.1" 200 2109745 "-" "Mozilla/5.0 (compatible; Googlebot/2.1; +http://www.google.com/bot.html)"
66.249.76.58 - - [23/Apr/2017:23:03:56 +0200] "GET /sonderthemen/oekt_extra2.pdf HTTP/1.1" 200 1939949 "-" "Mozilla/5.0 (compatible; Googlebot/2.1; +http://www.google.com/bot.html)"
66.249.76.56 - - [23/Apr/2017:23:09:50 +0200] "GET /sonderthemen/oekz2003_s01.pdf HTTP/1.1" 200 66807 "-" "Mozilla/5.0 (compatible; Googlebot/2.1; +http://www.google.com/bot.html)"
66.249.76.56 - - [23/Apr/2017:23:15:44 +0200] "GET /jahrbuch/titelseiten/index.html HTTP/1.1" 200 6735 "-" "Mozilla/5.0 (compatible; Googlebot/2.1; +http://www.google.com/bot.html)"
199.58.86.211 - - [23/Apr/2017:23:29:58 +0200] "GET /robots.txt HTTP/1.1" 200 100 "-" "Mozilla/5.0 (compatible; MJ12bot/v1.4.8; http://mj12bot.com/)"
199.58.86.211 - - [23/Apr/2017:23:30:00 +0200] "GET / HTTP/1.1" 200 9360 "-" "Mozilla/5.0 (compatible; MJ12bot/v1.4.8; http://mj12bot.com/)"
66.249.76.57 - - [23/Apr/2017:23:35:35 +0200] "GET /cds/simplay_control.swf HTTP/1.1" 200 1243 "-" "Mozilla/5.0 (compatible; Googlebot/2.1; +http://www.google.com/bot.html)"
66.249.76.56 - - [23/Apr/2017:23:42:41 +0200] "GET /buecher/rezensionen_ignatius.html HTTP/1.1" 200 8182 "-" "Mozilla/5.0 (compatible; Googlebot/2.1; +http://www.google.com/bot.html)"
157.55.39.72 - - [23/Apr/2017:23:55:58 +0200] "GET /buecher/gesichter/29.jpg HTTP/1.1" 200 9282 "-" "Mozilla/5.0 (compatible; bingbot/2.0; +http://www.bing.com/bingbot.htm)"
85.93.91.84 - - [24/Apr/2017:00:12:25 +0200] "GET /robots.txt HTTP/1.0" 200 100 "-" "Mozilla/5.0 (compatible; DeuSu/5.0.2; +https://deusu.de/robot.html)"
85.93.91.84 - - [24/Apr/2017:00:12:26 +0200] "GET / HTTP/1.0" 200 9360 "-" "Mozilla/5.0 (compatible; DeuSu/5.0.2; +https://deusu.de/robot.html)"
5.102.173.71 - - [24/Apr/2017:00:14:45 +0200] "GET /robots.txt HTTP/1.1" 200 100 "-" "Mozilla/5.0 (compatible; MojeekBot/0.6; +https://www.mojeek.com/bot.html)"
5.102.173.71 - - [24/Apr/2017:00:14:45 +0200] "GET /jahrbuch/index.html HTTP/1.1" 200 3956 "-" "Mozilla/5.0 (compatible; MojeekBot/0.6; +https://www.mojeek.com/bot.html)"
66.249.76.58 - - [24/Apr/2017:00:29:14 +0200] "GET /impressum.html HTTP/1.1" 200 2808 "-" "Mozilla/5.0 (Linux; Android 6.0.1; Nexus 5X Build/MMB29P) AppleWebKit/537.36 (KHTML, like Gecko) Chrome/41.0.2272.96 Mobile Safari/537.36 (compatible; Googlebot/2.1; +http://www.google.com/bot.html)"
66.249.76.58 - - [24/Apr/2017:00:33:30 +0200] "GET /buecher/rezensionen_engel.html HTTP/1.1" 200 6598 "-" "Mozilla/5.0 (compatible; Googlebot/2.1; +http://www.google.com/bot.html)"
66.249.76.56 - - [24/Apr/2017:00:40:26 +0200] "GET /buecher/rezensionen_psalmen.html HTTP/1.1" 200 6787 "-" "Mozilla/5.0 (compatible; Googlebot/2.1; +http://www.google.com/bot.html)"
77.75.79.32 - - [24/Apr/2017:00:41:32 +0200] "GET /robots.txt HTTP/1.1" 200 100 "-" "Mozilla/5.0 (compatible; SeznamBot/3.2; +http://napoveda.seznam.cz/en/seznambot-intro/)"
77.75.79.32 - - [24/Apr/2017:00:41:33 +0200] "GET /cds/glockenspiel2.html HTTP/1.1" 304 - "-" "Mozilla/5.0 (compatible; SeznamBot/3.2; +http://napoveda.seznam.cz/en/seznambot-intro/)"
5.102.173.71 - - [24/Apr/2017:00:43:20 +0200] "GET /buecher/rezensionen_leiblichkeit_und_zeitlichkeit.html HTTP/1.1" 200 8821 "-" "Mozilla/5.0 (compatible; MojeekBot/0.6; +https://www.mojeek.com/bot.html)"
66.249.64.97 - - [24/Apr/2017:00:48:05 +0200] "GET /buecher/rezensionen_preysing.html HTTP/1.1" 200 9502 "-" "Mozilla/5.0 (compatible; Googlebot/2.1; +http://www.google.com/bot.html)"
66.249.64.97 - - [24/Apr/2017:00:54:27 +0200] "GET /buecher/rezensionen_le_saulchoir.html HTTP/1.1" 200 34009 "-" "Mozilla/5.0 (compatible; Googlebot/2.1; +http://www.google.com/bot.html)"
66.249.76.56 - - [24/Apr/2017:01:00:45 +0200] "GET /buecher/rezensionen_krise_zum_heil.html HTTP/1.1" 200 9828 "-" "Mozilla/5.0 (compatible; Googlebot/2.1; +http://www.google.com/bot.html)"
66.249.76.56 - - [24/Apr/2017:01:00:45 +0200] "GET /robots.txt HTTP/1.1" 200 100 "-" "Mozilla/5.0 (compatible; Googlebot/2.1; +http://www.google.com/bot.html)"
66.249.76.57 - - [24/Apr/2017:01:05:20 +0200] "GET /cds/index.html HTTP/1.1" 200 7987 "-" "Mozilla/5.0 (Linux; Android 6.0.1; Nexus 5X Build/MMB29P) AppleWebKit/537.36 (KHTML, like Gecko) Chrome/41.0.2272.96 Mobile Safari/537.36 (compatible; Googlebot/2.1; +http://www.google.com/bot.html)"
66.249.76.56 - - [24/Apr/2017:01:08:05 +0200] "GET /buecher/rezensionen_nicht_auf_sand_gebaut.html HTTP/1.1" 200 6594 "-" "Mozilla/5.0 (compatible; Googlebot/2.1; +http://www.google.com/bot.html)"
66.249.76.57 - - [24/Apr/2017:01:14:12 +0200] "GET /buecher/rezensionen_leiblichkeit_und_zeitlichkeit.html HTTP/1.1" 200 8821 "-" "Mozilla/5.0 (compatible; Googlebot/2.1; +http://www.google.com/bot.html)"
66.249.76.56 - - [24/Apr/2017:01:37:02 +0200] "GET /cds/ignatius.html HTTP/1.1" 200 6576 "-" "Mozilla/5.0 (Linux; Android 6.0.1; Nexus 5X Build/MMB29P) AppleWebKit/537.36 (KHTML, like Gecko) Chrome/41.0.2272.96 Mobile Safari/537.36 (compatible; Googlebot/2.1; +http://www.google.com/bot.html)"
66.249.76.56 - - [24/Apr/2017:01:51:27 +0200] "GET /gotteslob.jpg HTTP/1.1" 304 - "-" "Googlebot-Image/1.0"
207.46.13.112 - - [24/Apr/2017:01:52:59 +0200] "GET /sonderthemen/oeaz2001.pdf HTTP/1.1" 200 4496626 "-" "Mozilla/5.0 (iPhone; CPU iPhone OS 7_0 like Mac OS X) AppleWebKit/537.51.1 (KHTML, like Gecko) Version/7.0 Mobile/11A465 Safari/9537.53 (compatible; bingbot/2.0; +http://www.bing.com/bingbot.htm)"
66.249.76.57 - - [24/Apr/2017:02:07:57 +0200] "GET /cds/rosarium.html HTTP/1.1" 200 6680 "-" "Mozilla/5.0 (Linux; Android 6.0.1; Nexus 5X Build/MMB29P) AppleWebKit/537.36 (KHTML, like Gecko) Chrome/41.0.2272.96 Mobile Safari/537.36 (compatible; Googlebot/2.1; +http://www.google.com/bot.html)"
5.9.106.81 - - [24/Apr/2017:02:21:57 +0200] "GET /sonderthemen/oeaz2001.pdf HTTP/1.1" 200 4496626 "-" "Mozilla/5.0 (Windows NT 6.1; WOW64; rv:18.0) Gecko/20100101 Firefox/18.0"
136.243.17.161 - - [24/Apr/2017:02:21:57 +0200] "GET /sonderthemen/oeaz2002.pdf HTTP/1.1" 200 3161455 "-" "Mozilla/5.0 (Windows NT 6.0; rv:14.0) Gecko/20100101 Firefox/14.0.1"
5.9.106.81 - - [24/Apr/2017:02:40:10 +0200] "GET /sonderthemen/oekz2003.pdf HTTP/1.1" 200 4017017 "-" "Mozilla/5.0 (Macintosh; Intel Mac OS X 10_5_8) AppleWebKit/534.50.2 (KHTML, like Gecko) Version/5.0.6 Safari/533.22.3"
66.249.76.58 - - [24/Apr/2017:02:41:17 +0200] "GET /buecher/index.html HTTP/1.1" 200 25885 "-" "Mozilla/5.0 (Linux; Android 6.0.1; Nexus 5X Build/MMB29P) AppleWebKit/537.36 (KHTML, like Gecko) Chrome/41.0.2272.96 Mobile Safari/537.36 (compatible; Googlebot/2.1; +http://www.google.com/bot.html)"
195.133.145.199 - - [24/Apr/2017:03:03:14 +0200] "HEAD / HTTP/1.1" 200 - "http://swiftnaturecamp.com/summer-children-camp" "Mozilla/3.0 (compatible; MSIE6.00; Windows 2007)"
195.133.48.150 - - [24/Apr/2017:03:03:14 +0200] "HEAD / HTTP/1.1" 200 - "http://cleaningservices.kiev.ua/uborka-kvartir-v-kieve" "Mozilla/7.0 (compatible; MSIE3.00; Windows 2004)"
194.87.238.17 - - [24/Apr/2017:03:07:18 +0200] "HEAD / HTTP/1.1" 200 - "http://www.prommax.ru/imitacii-brusa-kompanii-prommax" "Mozilla/8.0 (compatible; MSIE2.00; Windows 2003)"
195.133.147.74 - - [24/Apr/2017:03:09:59 +0200] "HEAD / HTTP/1.1" 200 - "http://express-vyvoz.ru/vyvoz-krupnogabaritnogo-musora.html" "Mozilla/4.0 (compatible; MSIE2.00; Windows 2005)"
193.124.131.168 - - [24/Apr/2017:03:16:46 +0200] "HEAD / HTTP/1.1" 200 - "https://bazaprint.ru/product/pechati-i-shtampy" "Mozilla/2.0 (compatible; MSIE4.00; Windows 2008)"
195.133.147.89 - - [24/Apr/2017:03:16:53 +0200] "HEAD / HTTP/1.1" 200 - "http://me-sto.ru/id/contact-dot-apparat-kontaktnoy-svarki-947.html" "Mozilla/3.0 (compatible; MSIE7.00; Windows 2009)"
66.249.64.97 - - [24/Apr/2017:03:17:10 +0200] "GET /kontakt/index.html HTTP/1.1" 200 2896 "-" "Mozilla/5.0 (Linux; Android 6.0.1; Nexus 5X Build/MMB29P) AppleWebKit/537.36 (KHTML, like Gecko) Chrome/41.0.2272.96 Mobile Safari/537.36 (compatible; Googlebot/2.1; +http://www.google.com/bot.html)"
194.87.234.246 - - [24/Apr/2017:03:22:51 +0200] "HEAD / HTTP/1.1" 200 - "http://dengi-v-kredit.in.ua/vzyati-kredit-gotivkoyu-u-banku/" "Mozilla/2.0 (compatible; MSIE2.00; Windows 2002)"
195.133.147.6 - - [24/Apr/2017:03:25:13 +0200] "HEAD / HTTP/1.1" 200 - "http://maldivy.biz/maldivnyj-vkus.html" "Mozilla/2.0 (compatible; MSIE6.00; Windows 2007)"
188.227.18.37 - - [24/Apr/2017:03:33:45 +0200] "HEAD / HTTP/1.1" 200 - "https://nochuem.ru" "Mozilla/7.0 (compatible; MSIE2.00; Windows 2002)"
5.101.78.76 - - [24/Apr/2017:03:38:32 +0200] "HEAD / HTTP/1.1" 200 - "https://nashkomp.ru/" "Mozilla/2.0 (compatible; MSIE3.00; Windows 2002)"
207.46.13.112 - - [24/Apr/2017:03:46:58 +0200] "GET /buecher/gesichter/19.jpg HTTP/1.1" 200 8281 "-" "Mozilla/5.0 (compatible; bingbot/2.0; +http://www.bing.com/bingbot.htm)"
66.249.76.57 - - [24/Apr/2017:03:48:47 +0200] "GET /gotteslob/index.html HTTP/1.1" 200 2770 "-" "Mozilla/5.0 (Linux; Android 6.0.1; Nexus 5X Build/MMB29P) AppleWebKit/537.36 (KHTML, like Gecko) Chrome/41.0.2272.96 Mobile Safari/537.36 (compatible; Googlebot/2.1; +http://www.google.com/bot.html)"
185.154.13.6 - - [24/Apr/2017:03:49:49 +0200] "HEAD / HTTP/1.1" 200 - "http://ecolight-ua.com.ua/c20-landshaftnye-svetodiodnye-svetilniki/" "Mozilla/4.0 (compatible; MSIE2.00; Windows 2009)"
77.220.213.173 - - [24/Apr/2017:03:49:50 +0200] "HEAD / HTTP/1.1" 200 - "https://well-web.net/increase-the-performance-1/" "Mozilla/4.0 (compatible; MSIE6.00; Windows 2005)"
178.159.39.237 - - [24/Apr/2017:03:49:51 +0200] "HEAD / HTTP/1.1" 200 - "http://kalibr-sochi.ru/oborudovanie" "Mozilla/8.0 (compatible; MSIE3.00; Windows 2004)"
185.125.219.134 - - [24/Apr/2017:03:52:35 +0200] "HEAD / HTTP/1.1" 200 - "http://www.distver.ru/category/71-dizajn-interera-odnokomnatnoj-kvartiry.html" "Mozilla/8.0 (compatible; MSIE7.00; Windows 2007)"
178.159.43.212 - - [24/Apr/2017:03:53:03 +0200] "HEAD / HTTP/1.1" 200 - "http://bania-msk.ru/doma/" "Mozilla/7.0 (compatible; MSIE4.00; Windows 2002)"
199.30.24.57 - - [24/Apr/2017:03:57:38 +0200] "GET /sonderthemen/oeaz2001.pdf HTTP/1.1" 200 4496626 "-" "Mozilla/5.0 (iPhone; CPU iPhone OS 7_0 like Mac OS X) AppleWebKit/537.51.1 (KHTML, like Gecko) Version/7.0 Mobile/11A465 Safari/9537.53 BingPreview/1.0b"
178.255.215.84 - - [24/Apr/2017:04:07:39 +0200] "GET /robots.txt HTTP/1.1" 200 100 "-" "Mozilla/5.0 (compatible; Exabot/3.0; +http://www.exabot.com/go/robot)"
178.255.215.84 - - [24/Apr/2017:04:07:39 +0200] "GET / HTTP/1.1" 200 9360 "-" "Mozilla/5.0 (compatible; Exabot/3.0; +http://www.exabot.com/go/robot)"
66.249.76.57 - - [24/Apr/2017:04:22:24 +0200] "GET /sonderthemen/index.html HTTP/1.1" 200 7102 "-" "Mozilla/5.0 (Linux; Android 6.0.1; Nexus 5X Build/MMB29P) AppleWebKit/537.36 (KHTML, like Gecko) Chrome/41.0.2272.96 Mobile Safari/537.36 (compatible; Googlebot/2.1; +http://www.google.com/bot.html)"
218.66.74.116 - - [24/Apr/2017:04:32:24 +0200] "GET /wiki5/tiki-calendar.php HTTP/1.1" 404 2381 "-" "-"
218.66.74.116 - - [24/Apr/2017:04:32:24 +0200] "GET /main/tiki-calendar.php HTTP/1.1" 404 2381 "-" "-"
218.66.74.116 - - [24/Apr/2017:04:32:24 +0200] "GET /tiki/tiki-calendar.php HTTP/1.1" 404 2381 "-" "-"
218.66.74.116 - - [24/Apr/2017:04:32:24 +0200] "GET /tiki2/tiki-calendar.php HTTP/1.1" 404 2381 "-" "-"
218.66.74.116 - - [24/Apr/2017:04:32:25 +0200] "GET /ee/tiki-calendar.php HTTP/1.1" 404 2381 "-" "-"
218.66.74.116 - - [24/Apr/2017:04:32:25 +0200] "GET /5/tiki-calendar.php HTTP/1.1" 404 2381 "-" "-"
218.66.74.116 - - [24/Apr/2017:04:32:25 +0200] "GET /twc/tiki-calendar.php HTTP/1.1" 404 2381 "-" "-"
218.66.74.116 - - [24/Apr/2017:04:32:25 +0200] "GET /tw/tiki-calendar.php HTTP/1.1" 404 2381 "-" "-"
218.66.74.116 - - [24/Apr/2017:04:32:26 +0200] "GET /REM_EDX/tiki-calendar.php HTTP/1.1" 404 2381 "-" "-"
218.66.74.116 - - [24/Apr/2017:04:32:26 +0200] "GET /tat/tiki-calendar.php HTTP/1.1" 404 2381 "-" "-"
193.1.218.163 - - [24/Apr/2017:04:51:53 +0200] "HEAD / HTTP/1.1" 200 - "-" "Java/1.6.0_23"
66.249.76.56 - - [24/Apr/2017:04:56:43 +0200] "GET /buecher/chateaubriand.jpg HTTP/1.1" 304 - "-" "Googlebot-Image/1.0"
66.249.64.105 - - [24/Apr/2017:04:57:48 +0200] "GET /cds/hymnos_akathistos.html HTTP/1.1" 200 11061 "-" "Mozilla/5.0 (Linux; Android 6.0.1; Nexus 5X Build/MMB29P) AppleWebKit/537.36 (KHTML, like Gecko) Chrome/41.0.2272.96 Mobile Safari/537.36 (compatible; Googlebot/2.1; +http://www.google.com/bot.html)"
5.9.94.207 - - [24/Apr/2017:05:04:10 +0200] "GET /sonderthemen/sk2000.pdf HTTP/1.1" 200 2925489 "-" "Mozilla/5.0 (Windows NT 6.1; U;WOW64; de;rv:11.0) Gecko Firefox/11.0"
5.255.251.7 - - [24/Apr/2017:05:17:38 +0200] "GET /robots.txt HTTP/1.1" 200 100 "-" "Mozilla/5.0 (compatible; YandexBot/3.0; +http://yandex.com/bots)"
5.255.251.7 - - [24/Apr/2017:05:17:42 +0200] "GET /buecher/gesichter/01.jpg HTTP/1.1" 304 - "-" "Mozilla/5.0 (compatible; YandexImages/3.0; +http://yandex.com/bots)"
180.76.15.139 - - [24/Apr/2017:05:26:26 +0200] "GET / HTTP/1.1" 200 9360 "-" "Mozilla/5.0 (compatible; Baiduspider/2.0; +http://www.baidu.com/search/spider.html)"
180.76.15.147 - - [24/Apr/2017:05:26:48 +0200] "GET / HTTP/1.1" 200 9360 "-" "Mozilla/5.0 (compatible; Baiduspider/2.0; +http://www.baidu.com/search/spider.html)"
66.249.76.56 - - [24/Apr/2017:05:33:42 +0200] "GET /buecher/veroeffentlichungsliste.html HTTP/1.1" 200 129779 "-" "Mozilla/5.0 (Linux; Android 6.0.1; Nexus 5X Build/MMB29P) AppleWebKit/537.36 (KHTML, like Gecko) Chrome/41.0.2272.96 Mobile Safari/537.36 (compatible; Googlebot/2.1; +http://www.google.com/bot.html)"
66.249.64.97 - - [24/Apr/2017:05:55:16 +0200] "GET /cds/ignatius_k.jpg HTTP/1.1" 304 - "-" "Googlebot-Image/1.0"
66.249.76.56 - - [24/Apr/2017:06:08:39 +0200] "GET /buecher/rezensionen_chateaubriand.html HTTP/1.1" 200 47317 "-" "Mozilla/5.0 (Linux; Android 6.0.1; Nexus 5X Build/MMB29P) AppleWebKit/537.36 (KHTML, like Gecko) Chrome/41.0.2272.96 Mobile Safari/537.36 (compatible; Googlebot/2.1; +http://www.google.com/bot.html)"
195.133.145.199 - - [24/Apr/2017:06:20:32 +0200] "HEAD / HTTP/1.1" 200 - "http://swiftnaturecamp.com/science-and-nature-camp" "Mozilla/5.0 (compatible; MSIE5.00; Windows 2003)"
195.133.48.150 - - [24/Apr/2017:06:20:33 +0200] "HEAD / HTTP/1.1" 200 - "http://cleaningservices.kiev.ua/uborka-kvartir-kiev-obolon" "Mozilla/4.0 (compatible; MSIE4.00; Windows 2008)"
194.87.238.17 - - [24/Apr/2017:06:20:34 +0200] "HEAD / HTTP/1.1" 200 - "http://www.prommax.ru/doska-strogannaya" "Mozilla/2.0 (compatible; MSIE3.00; Windows 2003)"
195.133.147.74 - - [24/Apr/2017:06:20:36 +0200] "HEAD / HTTP/1.1" 200 - "http://express-vyvoz.ru/vyvoz-grunta/vyvoz-grunta-s-dachnogo-uchastka.html" "Mozilla/6.0 (compatible; MSIE7.00; Windows 2006)"
88.99.27.172 - - [24/Apr/2017:06:21:51 +0200] "GET /buecher/ HTTP/1.1" 200 25885 "-" "Mozilla/5.0 (Windows NT 5.1; rv:21.0) Gecko/20130331 Firefox/21.0"
5.9.145.132 - - [24/Apr/2017:06:22:43 +0200] "GET /buecher/ HTTP/1.1" 200 25885 "-" "Mozilla/5.0 (Windows NT 5.1; rv:21.0) Gecko/20130401 Firefox/21.0"
193.124.131.168 - - [24/Apr/2017:06:39:50 +0200] "HEAD / HTTP/1.1" 200 - "https://bazaprint.ru/helpful-info/broshyury-katalogi.html" "Mozilla/4.0 (compatible; MSIE5.00; Windows 2006)"
195.133.147.89 - - [24/Apr/2017:06:39:52 +0200] "HEAD / HTTP/1.1" 200 - "http://me-sto.ru/id/-9-1216mr03-nabor-kombinirovannh-kluchey-lozhement-16-predmetov-king-tony-656.html" "Mozilla/5.0 (compatible; MSIE2.00; Windows 2009)"
66.249.76.56 - - [24/Apr/2017:06:58:37 +0200] "GET /buch_k.jpg HTTP/1.1" 304 - "-" "Googlebot-Image/1.0"
188.227.18.37 - - [24/Apr/2017:06:59:24 +0200] "HEAD / HTTP/1.1" 200 - "https://nochuem.ru" "Mozilla/4.0 (compatible; MSIE5.00; Windows 2003)"
194.87.234.246 - - [24/Apr/2017:07:02:26 +0200] "HEAD / HTTP/1.1" 200 - "http://dengi-v-kredit.in.ua/uk/oformiti-spozhivchij-kredit-onlajn/" "Mozilla/6.0 (compatible; MSIE7.00; Windows 2007)"
195.133.147.6 - - [24/Apr/2017:07:06:22 +0200] "HEAD / HTTP/1.1" 200 - "http://maldivy.biz/otdyx-na-maldivax-devushki.html" "Mozilla/5.0 (compatible; MSIE5.00; Windows 2009)"
5.101.78.76 - - [24/Apr/2017:07:13:44 +0200] "HEAD / HTTP/1.1" 200 - "https://nashkomp.ru/" "Mozilla/2.0 (compatible; MSIE2.00; Windows 2009)"
5.9.106.81 - - [24/Apr/2017:07:32:39 +0200] "GET /buecher/rezensionen_le_saulchoir.html HTTP/1.1" 200 34009 "-" "Mozilla/5.0 (compatible; MSIE 10.0; Windows NT 6.1; Trident/5.0)"
207.46.13.112 - - [24/Apr/2017:07:38:01 +0200] "GET /sonderthemen/oeaz2001.pdf HTTP/1.1" 200 4496626 "-" "Mozilla/5.0 (iPhone; CPU iPhone OS 7_0 like Mac OS X) AppleWebKit/537.51.1 (KHTML, like Gecko) Version/7.0 Mobile/11A465 Safari/9537.53 (compatible; bingbot/2.0; +http://www.bing.com/bingbot.htm)"
185.125.219.134 - - [24/Apr/2017:07:40:13 +0200] "HEAD / HTTP/1.1" 200 - "http://www.distver.ru/dizayn-interera/stili-dizayna-interera/dizajn-interera-v-stile-art-deko-luchshij-simbioz-stilej-dlya-funktsionalnosti-i-krasoty.html" "Mozilla/4.0 (compatible; MSIE3.00; Windows 2006)"
185.154.13.6 - - [24/Apr/2017:07:53:55 +0200] "HEAD / HTTP/1.1" 200 - "http://ecolight-ua.com.ua/pr81-ulichnye-svetodiodnye-svetilniki-ecoway-112w-kupit/" "Mozilla/7.0 (compatible; MSIE4.00; Windows 2004)"
178.159.39.237 - - [24/Apr/2017:07:53:55 +0200] "HEAD / HTTP/1.1" 200 - "http://kalibr-sochi.ru/novosti" "Mozilla/4.0 (compatible; MSIE5.00; Windows 2002)"
77.220.213.173 - - [24/Apr/2017:07:53:55 +0200] "HEAD / HTTP/1.1" 200 - "https://well-web.net/dedicated/" "Mozilla/3.0 (compatible; MSIE6.00; Windows 2004)"
178.159.43.212 - - [24/Apr/2017:08:03:56 +0200] "HEAD / HTTP/1.1" 200 - "http://bania-msk.ru/news/" "Mozilla/6.0 (compatible; MSIE2.00; Windows 2004)"
88.99.27.172 - - [24/Apr/2017:08:08:21 +0200] "GET /sonderthemen/sk2001.pdf HTTP/1.1" 200 3098589 "-" "Mozilla/5.0 (Windows; U; Windows NT 6.1; en-US) AppleWebKit/533.19.4 (KHTML, like Gecko) Version/5.0.2 Safari/533.18.5"
40.77.169.101 - - [24/Apr/2017:08:49:24 +0200] "GET /cds/hymnos_akathistos.html HTTP/1.1" 200 11061 "-" "Mozilla/5.0 (Windows NT 10.0; WOW64) AppleWebKit/537.36 (KHTML, like Gecko) Chrome/52.0.2743.116 Safari/537.36"
207.46.13.112 - - [24/Apr/2017:09:00:39 +0200] "GET /buecher/noch_lieferbar.html HTTP/1.1" 404 2381 "-" "Mozilla/5.0 (iPhone; CPU iPhone OS 7_0 like Mac OS X) AppleWebKit/537.51.1 (KHTML, like Gecko) Version/7.0 Mobile/11A465 Safari/9537.53 (compatible; bingbot/2.0; +http://www.bing.com/bingbot.htm)"
192.151.145.82 - - [24/Apr/2017:09:06:45 +0200] "GET /robots.txt HTTP/1.1" 200 100 "-" "Mozilla/5.0 (compatible; MJ12bot/v1.4.7; http://mj12bot.com/)"
192.151.145.82 - - [24/Apr/2017:09:06:47 +0200] "GET /buecher/rezensionen_ignatius.html HTTP/1.1" 200 8182 "-" "Mozilla/5.0 (compatible; MJ12bot/v1.4.7; http://mj12bot.com/)"
192.151.145.82 - - [24/Apr/2017:09:06:50 +0200] "GET /index.html HTTP/1.1" 200 9360 "-" "Mozilla/5.0 (compatible; MJ12bot/v1.4.7; http://mj12bot.com/)"
180.76.15.32 - - [24/Apr/2017:09:24:12 +0200] "GET / HTTP/1.1" 200 9360 "-" "Mozilla/5.0 (compatible; Baiduspider/2.0; +http://www.baidu.com/search/spider.html)"
180.76.15.25 - - [24/Apr/2017:09:24:28 +0200] "GET / HTTP/1.1" 200 9360 "-" "Mozilla/5.0 (compatible; Baiduspider/2.0; +http://www.baidu.com/search/spider.html)"
195.133.147.74 - - [24/Apr/2017:09:39:34 +0200] "HEAD / HTTP/1.1" 200 - "http://express-vyvoz.ru/vyvoz-grunta.html" "Mozilla/3.0 (compatible; MSIE2.00; Windows 2004)"
194.87.238.17 - - [24/Apr/2017:09:39:35 +0200] "HEAD / HTTP/1.1" 200 - "http://www.prommax.ru/imitacii-brusa-kompanii-prommax" "Mozilla/3.0 (compatible; MSIE4.00; Windows 2006)"
195.133.48.150 - - [24/Apr/2017:09:39:35 +0200] "HEAD / HTTP/1.1" 200 - "http://cleaningservices.kiev.ua/uborka-kvartir-kiev-osokorki" "Mozilla/7.0 (compatible; MSIE4.00; Windows 2004)"
195.133.145.199 - - [24/Apr/2017:09:41:21 +0200] "HEAD / HTTP/1.1" 200 - "http://swiftnaturecamp.com/camp-counselor-jobs" "Mozilla/2.0 (compatible; MSIE5.00; Windows 2007)"
46.165.197.141 - - [24/Apr/2017:09:44:08 +0200] "GET /robots.txt HTTP/1.1" 200 100 "-" "Mozilla/5.0 (compatible; MJ12bot/v1.4.8; http://mj12bot.com/)"
46.165.197.141 - - [24/Apr/2017:09:44:09 +0200] "GET / HTTP/1.1" 200 9360 "-" "Mozilla/5.0 (compatible; MJ12bot/v1.4.8; http://mj12bot.com/)"
193.124.131.168 - - [24/Apr/2017:10:07:17 +0200] "HEAD / HTTP/1.1" 200 - "https://bazaprint.ru/helpful-info/broshyury-katalogi.html" "Mozilla/3.0 (compatible; MSIE6.00; Windows 2006)"
195.133.147.89 - - [24/Apr/2017:10:10:36 +0200] "HEAD / HTTP/1.1" 200 - "http://me-sto.ru/id/podkladka-05mm-1108.html" "Mozilla/3.0 (compatible; MSIE6.00; Windows 2008)"
188.227.18.37 - - [24/Apr/2017:10:32:40 +0200] "HEAD / HTTP/1.1" 200 - "https://nochuem.ru" "Mozilla/8.0 (compatible; MSIE4.00; Windows 2004)"
194.87.234.246 - - [24/Apr/2017:10:43:52 +0200] "HEAD / HTTP/1.1" 200 - "http://dengi-v-kredit.in.ua/zayavka-na-otrimannya-kreditu-onlajn/" "Mozilla/8.0 (compatible; MSIE3.00; Windows 2003)"
195.133.147.6 - - [24/Apr/2017:10:50:05 +0200] "HEAD / HTTP/1.1" 200 - "http://maldivy.biz/" "Mozilla/2.0 (compatible; MSIE3.00; Windows 2007)"
5.101.78.76 - - [24/Apr/2017:10:52:46 +0200] "HEAD / HTTP/1.1" 200 - "https://nashkomp.ru/" "Mozilla/4.0 (compatible; MSIE3.00; Windows 2003)"
66.249.64.97 - - [24/Apr/2017:11:12:37 +0200] "GET /cds/hymnos_heft.jpg HTTP/1.1" 304 - "-" "Googlebot-Image/1.0"
207.46.13.112 - - [24/Apr/2017:11:14:36 +0200] "GET /jahrbuch/index.html HTTP/1.1" 200 3956 "-" "Mozilla/5.0 (iPhone; CPU iPhone OS 7_0 like Mac OS X) AppleWebKit/537.51.1 (KHTML, like Gecko) Version/7.0 Mobile/11A465 Safari/9537.53 (compatible; bingbot/2.0; +http://www.bing.com/bingbot.htm)"
207.46.13.32 - - [24/Apr/2017:11:17:19 +0200] "GET / HTTP/1.1" 200 9360 "-" "Mozilla/5.0 (compatible; bingbot/2.0; +http://www.bing.com/bingbot.htm)"
185.125.219.134 - - [24/Apr/2017:11:26:54 +0200] "HEAD / HTTP/1.1" 200 - "http://www.distver.ru/category/8-dizajn-proekt-kvartiry-v-tveri-proletarskij-rajon.html" "Mozilla/5.0 (compatible; MSIE2.00; Windows 2004)"
88.99.27.172 - - [24/Apr/2017:11:26:57 +0200] "GET /sonderthemen/az1999.pdf HTTP/1.1" 200 1842982 "-" "Mozilla/5.0 (Windows NT 6.1; U;WOW64; de;rv:11.0) Gecko Firefox/11.0"
5.9.112.6 - - [24/Apr/2017:11:27:11 +0200] "GET /sonderthemen/az1999.pdf HTTP/1.1" 200 1842982 "-" "Mozilla/5.0 (X11; Ubuntu; Linux armv7l; rv:17.0) Gecko/20100101 Firefox/17.0"
78.46.156.169 - - [24/Apr/2017:11:27:26 +0200] "GET /sonderthemen/az1999.pdf HTTP/1.1" 200 1842982 "-" "Mozilla/5.0 (X11; U; Linux i686; en-US; rv:1.9.1.16) Gecko/20120421 Gecko Firefox/11.0"
31.217.40.133 - - [24/Apr/2017:11:37:07 +0200] "GET /cds/hymnos_akathistos.html HTTP/1.1" 200 11061 "https://www.google.hr/" "Mozilla/5.0 (Linux; Android 7.0; SM-G930F Build/NRD90M) AppleWebKit/537.36 (KHTML, like Gecko) Chrome/57.0.2987.132 Mobile Safari/537.36"
31.217.40.133 - - [24/Apr/2017:11:37:07 +0200] "GET /main.css HTTP/1.1" 200 1439 "http://www.morusverlag.de/cds/hymnos_akathistos.html" "Mozilla/5.0 (Linux; Android 7.0; SM-G930F Build/NRD90M) AppleWebKit/537.36 (KHTML, like Gecko) Chrome/57.0.2987.132 Mobile Safari/537.36"
31.217.40.133 - - [24/Apr/2017:11:37:07 +0200] "GET /logo_g.gif HTTP/1.1" 200 1301 "http://www.morusverlag.de/cds/hymnos_akathistos.html" "Mozilla/5.0 (Linux; Android 7.0; SM-G930F Build/NRD90M) AppleWebKit/537.36 (KHTML, like Gecko) Chrome/57.0.2987.132 Mobile Safari/537.36"
31.217.40.133 - - [24/Apr/2017:11:37:07 +0200] "GET /mv_g.gif HTTP/1.1" 200 4070 "http://www.morusverlag.de/cds/hymnos_akathistos.html" "Mozilla/5.0 (Linux; Android 7.0; SM-G930F Build/NRD90M) AppleWebKit/537.36 (KHTML, like Gecko) Chrome/57.0.2987.132 Mobile Safari/537.36"
31.217.40.133 - - [24/Apr/2017:11:37:07 +0200] "GET /m.gif HTTP/1.1" 200 95 "http://www.morusverlag.de/cds/hymnos_akathistos.html" "Mozilla/5.0 (Linux; Android 7.0; SM-G930F Build/NRD90M) AppleWebKit/537.36 (KHTML, like Gecko) Chrome/57.0.2987.132 Mobile Safari/537.36"
31.217.40.133 - - [24/Apr/2017:11:37:07 +0200] "GET /pf.gif HTTP/1.1" 200 62 "http://www.morusverlag.de/cds/hymnos_akathistos.html" "Mozilla/5.0 (Linux; Android 7.0; SM-G930F Build/NRD90M) AppleWebKit/537.36 (KHTML, like Gecko) Chrome/57.0.2987.132 Mobile Safari/537.36"
31.217.40.133 - - [24/Apr/2017:11:37:07 +0200] "GET /cds/hymnos.jpg HTTP/1.1" 200 27752 "http://www.morusverlag.de/cds/hymnos_akathistos.html" "Mozilla/5.0 (Linux; Android 7.0; SM-G930F Build/NRD90M) AppleWebKit/537.36 (KHTML, like Gecko) Chrome/57.0.2987.132 Mobile Safari/537.36"
31.217.40.133 - - [24/Apr/2017:11:37:07 +0200] "GET /cds/hymnos_heft.jpg HTTP/1.1" 200 8653 "http://www.morusverlag.de/cds/hymnos_akathistos.html" "Mozilla/5.0 (Linux; Android 7.0; SM-G930F Build/NRD90M) AppleWebKit/537.36 (KHTML, like Gecko) Chrome/57.0.2987.132 Mobile Safari/537.36"
31.217.40.133 - - [24/Apr/2017:11:37:07 +0200] "GET /strich.gif HTTP/1.1" 200 45 "http://www.morusverlag.de/cds/hymnos_akathistos.html" "Mozilla/5.0 (Linux; Android 7.0; SM-G930F Build/NRD90M) AppleWebKit/537.36 (KHTML, like Gecko) Chrome/57.0.2987.132 Mobile Safari/537.36"
31.217.40.133 - - [24/Apr/2017:11:37:07 +0200] "GET /favicon.ico HTTP/1.1" 200 4286 "http://www.morusverlag.de/cds/hymnos_akathistos.html" "Mozilla/5.0 (Linux; Android 7.0; SM-G930F Build/NRD90M) AppleWebKit/537.36 (KHTML, like Gecko) Chrome/57.0.2987.132 Mobile Safari/537.36"
77.220.213.173 - - [24/Apr/2017:11:58:03 +0200] "HEAD / HTTP/1.1" 200 - "https://well-web.net/hosting/" "Mozilla/8.0 (compatible; MSIE7.00; Windows 2006)"
178.159.39.237 - - [24/Apr/2017:11:58:03 +0200] "HEAD / HTTP/1.1" 200 - "http://kalibr-sochi.ru/foto_suveniri" "Mozilla/3.0 (compatible; MSIE6.00; Windows 2006)"
185.154.13.6 - - [24/Apr/2017:11:58:03 +0200] "HEAD / HTTP/1.1" 200 - "http://ecolight-ua.com.ua/pr77-svetodiodnye-prozhektory-promyshlennye-ecopro-170w-kupit/" "Mozilla/3.0 (compatible; MSIE6.00; Windows 2009)"
40.77.177.97 - - [24/Apr/2017:12:15:38 +0200] "GET /sonderthemen/oeaz2001.pdf HTTP/1.1" 200 4496626 "-" "Mozilla/5.0 (iPhone; CPU iPhone OS 7_0 like Mac OS X) AppleWebKit/537.51.1 (KHTML, like Gecko) Version/7.0 Mobile/11A465 Safari/9537.53 BingPreview/1.0b"
195.133.145.199 - - [24/Apr/2017:13:01:12 +0200] "HEAD / HTTP/1.1" 200 - "http://swiftnaturecamp.com/teen-summer-camp" "Mozilla/7.0 (compatible; MSIE7.00; Windows 2004)"
195.133.48.150 - - [24/Apr/2017:13:01:13 +0200] "HEAD / HTTP/1.1" 200 - "http://cleaningservices.kiev.ua/uborka-kvartir-kiev-obolon" "Mozilla/5.0 (compatible; MSIE6.00; Windows 2008)"
194.87.238.17 - - [24/Apr/2017:13:01:13 +0200] "HEAD / HTTP/1.1" 200 - "http://www.prommax.ru/ceny-pilomaterialy" "Mozilla/4.0 (compatible; MSIE4.00; Windows 2005)"
195.133.147.74 - - [24/Apr/2017:13:01:13 +0200] "HEAD / HTTP/1.1" 200 - "http://express-vyvoz.ru/vyvoz-grunta.html" "Mozilla/5.0 (compatible; MSIE2.00; Windows 2009)"
5.9.112.6 - - [24/Apr/2017:13:24:40 +0200] "GET /sonderthemen/sk2004.pdf HTTP/1.1" 200 1967215 "-" "Mozilla/5.0 (X11; Linux i686; rv:21.0) Gecko/20100101 Firefox/21.0"
180.76.15.5 - - [24/Apr/2017:13:26:26 +0200] "GET / HTTP/1.1" 200 9360 "-" "Mozilla/5.0 (compatible; Baiduspider/2.0; +http://www.baidu.com/search/spider.html)"
180.76.15.15 - - [24/Apr/2017:13:26:48 +0200] "GET / HTTP/1.1" 200 9360 "-" "Mozilla/5.0 (compatible; Baiduspider/2.0; +http://www.baidu.com/search/spider.html)"
193.124.131.168 - - [24/Apr/2017:13:35:55 +0200] "HEAD / HTTP/1.1" 200 - "https://bazaprint.ru/service/site-create/46-standartnyj-sajt" "Mozilla/3.0 (compatible; MSIE5.00; Windows 2007)"
195.133.147.89 - - [24/Apr/2017:13:50:08 +0200] "HEAD / HTTP/1.1" 200 - "http://me-sto.ru/id/jai-0803-gaykovert-pnevmaticheskiy-1dr-3500-ob-/min--2445-nm-508.html" "Mozilla/6.0 (compatible; MSIE3.00; Windows 2008)"
188.227.18.37 - - [24/Apr/2017:14:18:23 +0200] "HEAD / HTTP/1.1" 200 - "https://nochuem.ru" "Mozilla/8.0 (compatible; MSIE2.00; Windows 2009)"
194.87.234.246 - - [24/Apr/2017:14:33:21 +0200] "HEAD / HTTP/1.1" 200 - "http://dengi-v-kredit.in.ua/yak-otrimati-kredit-u-privatbanku-v-xarkovi/" "Mozilla/4.0 (compatible; MSIE3.00; Windows 2009)"
5.101.78.76 - - [24/Apr/2017:14:34:12 +0200] "HEAD / HTTP/1.1" 200 - "https://nashkomp.ru/" "Mozilla/3.0 (compatible; MSIE5.00; Windows 2003)"
195.133.147.6 - - [24/Apr/2017:14:41:08 +0200] "HEAD / HTTP/1.1" 200 - "http://maldivy.biz/maldivy-plyazhi.html" "Mozilla/4.0 (compatible; MSIE7.00; Windows 2003)"
66.249.76.58 - - [24/Apr/2017:14:45:44 +0200] "GET /buecher/ HTTP/1.1" 200 25885 "-" "Mozilla/5.0 (compatible; Googlebot/2.1; +http://www.google.com/bot.html)"
163.172.6.28 - - [24/Apr/2017:14:56:06 +0200] "GET / HTTP/1.1" 200 9360 "-" "-"
185.125.219.134 - - [24/Apr/2017:15:16:29 +0200] "HEAD / HTTP/1.1" 200 - "http://www.distver.ru/informatsiya/dizajn-vannoj-komnaty.html" "Mozilla/4.0 (compatible; MSIE3.00; Windows 2009)"
39.9.11.233 - - [24/Apr/2017:15:45:59 +0200] "GET /sonderthemen/sk2001.pdf HTTP/1.1" 200 3098589 "-" "Dalvik/2.1.0 (Linux; U; Android 7.0; F5121 Build/34.2.A.0.311)"
207.46.13.32 - - [24/Apr/2017:15:48:52 +0200] "GET /cds/hymnos_akathistos.html HTTP/1.1" 200 11061 "-" "Mozilla/5.0 (compatible; bingbot/2.0; +http://www.bing.com/bingbot.htm)"
185.154.13.6 - - [24/Apr/2017:16:03:26 +0200] "HEAD / HTTP/1.1" 200 - "http://ecolight-ua.com.ua/pr75-svetodiodnye-prozhektory-promyshlennye-ecopro-125w-kupit/" "Mozilla/4.0 (compatible; MSIE6.00; Windows 2009)"
77.220.213.173 - - [24/Apr/2017:16:03:26 +0200] "HEAD / HTTP/1.1" 200 - "https://well-web.net/domains/" "Mozilla/5.0 (compatible; MSIE6.00; Windows 2008)"
178.159.39.237 - - [24/Apr/2017:16:03:26 +0200] "HEAD / HTTP/1.1" 200 - "http://kalibr-sochi.ru/" "Mozilla/3.0 (compatible; MSIE6.00; Windows 2006)"
207.46.13.32 - - [24/Apr/2017:16:07:35 +0200] "GET / HTTP/1.1" 200 9360 "-" "Mozilla/5.0 (compatible; bingbot/2.0; +http://www.bing.com/bingbot.htm)"
