178.154.245.134 - - [01/Jan/2019:01:58:17 +0100] "GET /robots.txt HTTP/1.1" 404 1256 "-" "Mozilla/5.0 (compatible; YandexBot/3.0; +http://yandex.com/bots)"
178.154.245.134 - - [01/Jan/2019:01:58:21 +0100] "GET /favicon.ico HTTP/1.1" 404 1256 "-" "Mozilla/5.0 (compatible; YandexBot/3.0; +http://yandex.com/bots)"
144.76.38.40 - - [01/Jan/2019:04:02:37 +0100] "GET /robots.txt HTTP/1.1" 404 1256 "-" "Mozilla/5.0 (compatible; MJ12bot/v1.4.8; http://mj12bot.com/)"
144.76.38.40 - - [01/Jan/2019:04:02:38 +0100] "GET / HTTP/1.1" 200 326 "-" "Mozilla/5.0 (compatible; MJ12bot/v1.4.8; http://mj12bot.com/)"
66.249.69.79 - - [01/Jan/2019:07:48:47 +0100] "GET /robots.txt HTTP/1.1" 404 1256 "-" "Mozilla/5.0 (compatible; Googlebot/2.1; +http://www.google.com/bot.html)"
66.249.69.83 - - [01/Jan/2019:07:48:47 +0100] "GET / HTTP/1.1" 200 326 "-" "Mozilla/5.0 (Linux; Android 6.0.1; Nexus 5X Build/MMB29P) AppleWebKit/537.36 (KHTML, like Gecko) Chrome/41.0.2272.96 Mobile Safari/537.36 (compatible; Googlebot/2.1; +http://www.google.com/bot.html)"
52.53.201.78 - - [01/Jan/2019:11:19:45 +0100] "GET / HTTP/1.1" 200 326 "-" "Mozilla/5.0 (Macintosh; Intel Mac OS X 10_12_6) AppleWebKit/537.36 (KHTML, like Gecko) Chrome/61.0.3163.100 Safari/537.36"
66.249.69.83 - - [01/Jan/2019:16:49:44 +0100] "GET / HTTP/1.1" 200 326 "-" "Mozilla/5.0 (Linux; Android 6.0.1; Nexus 5X Build/MMB29P) AppleWebKit/537.36 (KHTML, like Gecko) Chrome/41.0.2272.96 Mobile Safari/537.36 (compatible; Googlebot/2.1; +http://www.google.com/bot.html)"
178.255.215.78 - - [01/Jan/2019:17:14:34 +0100] "GET /robots.txt HTTP/1.1" 404 1256 "-" "Mozilla/5.0 (compatible; Exabot/3.0; +http://www.exabot.com/go/robot)"
178.255.215.78 - - [01/Jan/2019:17:14:34 +0100] "GET / HTTP/1.1" 200 326 "-" "Mozilla/5.0 (compatible; Exabot/3.0; +http://www.exabot.com/go/robot)"
66.249.69.79 - - [02/Jan/2019:01:32:02 +0100] "GET /robots.txt HTTP/1.1" 404 1256 "-" "Mozilla/5.0 (compatible; Googlebot/2.1; +http://www.google.com/bot.html)"
66.249.69.83 - - [02/Jan/2019:01:32:02 +0100] "GET / HTTP/1.1" 200 326 "-" "Mozilla/5.0 (Linux; Android 6.0.1; Nexus 5X Build/MMB29P) AppleWebKit/537.36 (KHTML, like Gecko) Chrome/41.0.2272.96 Mobile Safari/537.36 (compatible; Googlebot/2.1; +http://www.google.com/bot.html)"
103.1.238.231 - - [02/Jan/2019:06:58:16 +0100] "GET //wp-login.php HTTP/1.1" 404 1256 "-" "Mozilla/5.0 (X11; U; Linux i686; pt-BR; rv:1.9.0.15) Gecko/2009102815 Ubuntu/9.04 (jaunty) Firefox/3.0.15"
103.1.238.231 - - [02/Jan/2019:06:58:17 +0100] "GET /blog//wp-login.php HTTP/1.1" 404 1256 "-" "Mozilla/5.0 (X11; U; Linux i686; pt-BR; rv:1.9.0.15) Gecko/2009102815 Ubuntu/9.04 (jaunty) Firefox/3.0.15"
103.1.238.231 - - [02/Jan/2019:06:58:19 +0100] "GET /wordpress//wp-login.php HTTP/1.1" 404 1256 "-" "Mozilla/5.0 (X11; U; Linux i686; pt-BR; rv:1.9.0.15) Gecko/2009102815 Ubuntu/9.04 (jaunty) Firefox/3.0.15"
103.1.238.231 - - [02/Jan/2019:06:58:20 +0100] "GET /wp//wp-login.php HTTP/1.1" 404 1256 "-" "Mozilla/5.0 (X11; U; Linux i686; pt-BR; rv:1.9.0.15) Gecko/2009102815 Ubuntu/9.04 (jaunty) Firefox/3.0.15"
80.187.118.112 - - [02/Jan/2019:08:17:14 +0100] "GET / HTTP/1.1" 200 326 "-" "Mozilla/5.0 (Windows NT 10.0; Win64; x64; rv:64.0) Gecko/20100101 Firefox/64.0"
80.187.118.112 - - [02/Jan/2019:08:17:15 +0100] "GET /favicon.ico HTTP/1.1" 404 1256 "-" "Mozilla/5.0 (Windows NT 10.0; Win64; x64; rv:64.0) Gecko/20100101 Firefox/64.0"
80.187.118.112 - - [02/Jan/2019:08:18:51 +0100] "GET / HTTP/1.1" 200 326 "-" "Mozilla/5.0 (Windows NT 10.0; Win64; x64; rv:64.0) Gecko/20100101 Firefox/64.0"
80.187.118.112 - - [02/Jan/2019:08:18:51 +0100] "GET /favicon.ico HTTP/1.1" 404 1256 "-" "Mozilla/5.0 (Windows NT 10.0; Win64; x64; rv:64.0) Gecko/20100101 Firefox/64.0"
142.93.76.69 - - [03/Jan/2019:00:09:19 +0100] "GET / HTTP/1.0" 200 326 "-" "Mozilla/5.0 (compatible; NetcraftSurveyAgent/1.0; +info@netcraft.com)"
185.225.17.191 - - [03/Jan/2019:01:38:20 +0100] "GET /wp-content/plugins/photo-gallery/filemanager/UploadHandler.php HTTP/1.1" 404 1256 "http://www.ruehling.com/wp-content/plugins/photo-gallery/filemanager/UploadHandler.php" "Mozilla/5.0 (Windows NT 6.1; WOW64) AppleWebKit/537.36 (KHTML, like Gecko) Chrome/42.0.2311.152 Safari/537.36"
37.187.56.66 - - [03/Jan/2019:05:05:22 +0100] "GET /robots.txt HTTP/1.0" 404 1256 "-" ""
37.187.56.66 - - [03/Jan/2019:05:05:22 +0100] "GET / HTTP/1.1" 206 326 "-" "Mozilla/5.0 (X11; Linux i586; rv:31.0) Gecko/20100101 Firefox/31.0"
94.158.245.114 - - [03/Jan/2019:11:15:16 +0100] "GET /wp-content/plugins/formcraft/file-upload/server/php/upload.php HTTP/1.1" 404 1256 "http://www.ruehling.com/wp-content/plugins/formcraft/file-upload/server/php/upload.php" "Mozilla/5.0 (Windows NT 6.1; WOW64) AppleWebKit/537.36 (KHTML, like Gecko) Chrome/42.0.2311.152 Safari/537.36"
52.53.201.78 - - [03/Jan/2019:18:46:23 +0100] "GET / HTTP/1.1" 200 326 "-" "Mozilla/5.0 (Macintosh; Intel Mac OS X 10_12_6) AppleWebKit/537.36 (KHTML, like Gecko) Chrome/61.0.3163.100 Safari/537.36"
52.13.107.120 - - [04/Jan/2019:08:51:12 +0100] "GET / HTTP/1.1" 200 326 "-" "Mozilla/5.0 (Macintosh; Intel Mac OS X 10_10_3) AppleWebKit/537.36 (KHTML, like Gecko) Chrome/44.0.2403.89 Safari/537.36"
217.235.185.92 - - [04/Jan/2019:12:14:31 +0100] "GET / HTTP/1.1" 200 326 "-" "Mozilla/5.0 (iPhone; CPU iPhone OS 12_1_2 like Mac OS X) AppleWebKit/604.1.34 (KHTML, like Gecko) GSA/60.0.215960477 Mobile/16C101 Safari/604.1"
17.58.96.189 - - [04/Jan/2019:20:57:59 +0100] "GET /robots.txt HTTP/1.1" 404 1256 "-" "Mozilla/5.0 (Macintosh; Intel Mac OS X 10_10_1) AppleWebKit/600.2.5 (KHTML, like Gecko) Version/8.0.2 Safari/600.2.5 (Applebot/0.1; +http://www.apple.com/go/applebot)"
17.58.96.189 - - [04/Jan/2019:20:57:59 +0100] "GET / HTTP/1.1" 200 326 "-" "Mozilla/5.0 (Macintosh; Intel Mac OS X 10_10_1) AppleWebKit/600.2.5 (KHTML, like Gecko) Version/8.0.2 Safari/600.2.5 (Applebot/0.1; +http://www.apple.com/go/applebot)"
66.249.64.209 - - [04/Jan/2019:23:28:27 +0100] "GET /robots.txt HTTP/1.1" 404 1256 "-" "Mozilla/5.0 (compatible; Googlebot/2.1; +http://www.google.com/bot.html)"
66.249.64.211 - - [04/Jan/2019:23:28:27 +0100] "GET / HTTP/1.1" 200 326 "-" "Mozilla/5.0 (Linux; Android 6.0.1; Nexus 5X Build/MMB29P) AppleWebKit/537.36 (KHTML, like Gecko) Chrome/41.0.2272.96 Mobile Safari/537.36 (compatible; Googlebot/2.1; +http://www.google.com/bot.html)"
47.92.101.198 - - [05/Jan/2019:01:06:19 +0100] "GET /wordpress/wp-config.php~ HTTP/1.1" 404 1256 "-" "-"
157.55.39.7 - - [05/Jan/2019:11:14:21 +0100] "GET /robots.txt HTTP/1.1" 404 1256 "-" "Mozilla/5.0 (compatible; bingbot/2.0; +http://www.bing.com/bingbot.htm)"
207.46.13.116 - - [05/Jan/2019:11:14:28 +0100] "GET / HTTP/1.1" 200 326 "-" "Mozilla/5.0 (compatible; bingbot/2.0; +http://www.bing.com/bingbot.htm)"
40.77.167.135 - - [05/Jan/2019:11:14:36 +0100] "GET /robots.txt HTTP/1.1" 404 1256 "-" "Mozilla/5.0 (compatible; bingbot/2.0; +http://www.bing.com/bingbot.htm)"
185.225.17.191 - - [05/Jan/2019:15:29:14 +0100] "GET /wp-content/plugins/dopts/ HTTP/1.1" 404 1256 "http://www.ruehling.com/wp-content/plugins/dopts/" "Mozilla/5.0 (Windows NT 6.1; WOW64) AppleWebKit/537.36 (KHTML, like Gecko) Chrome/42.0.2311.152 Safari/537.36"
66.249.66.211 - - [05/Jan/2019:16:11:25 +0100] "GET /robots.txt HTTP/1.1" 404 1256 "-" "Mozilla/5.0 (compatible; Googlebot/2.1; +http://www.google.com/bot.html)"
66.249.66.211 - - [05/Jan/2019:16:11:25 +0100] "GET / HTTP/1.1" 200 326 "-" "Mozilla/5.0 (Linux; Android 6.0.1; Nexus 5X Build/MMB29P) AppleWebKit/537.36 (KHTML, like Gecko) Chrome/41.0.2272.96 Mobile Safari/537.36 (compatible; Googlebot/2.1; +http://www.google.com/bot.html)"
39.98.176.120 - - [05/Jan/2019:19:45:29 +0100] "GET /wordpress/wp-config.php~ HTTP/1.1" 404 1256 "-" "-"
52.53.201.78 - - [06/Jan/2019:03:09:40 +0100] "GET / HTTP/1.1" 200 326 "-" "Mozilla/5.0 (Macintosh; Intel Mac OS X 10_12_6) AppleWebKit/537.36 (KHTML, like Gecko) Chrome/61.0.3163.100 Safari/537.36"
47.244.144.5 - - [06/Jan/2019:03:31:16 +0100] "GET / HTTP/1.1" 200 326 "-" "Mozilla/5.0 (X11; Ubuntu; Linux x86_64; rv:36.0) Gecko/20100101 Firefox/36.0"
95.91.226.49 - - [07/Jan/2019:17:21:44 +0100] "GET /opel HTTP/1.1" 301 347 "-" "Mozilla/5.0 (Android 9; Mobile; rv:64.0) Gecko/64.0 Firefox/64.0"
95.91.226.49 - - [07/Jan/2019:17:21:44 +0100] "GET /opel/ HTTP/1.1" 200 621 "-" "Mozilla/5.0 (Android 9; Mobile; rv:64.0) Gecko/64.0 Firefox/64.0"
95.91.226.49 - - [07/Jan/2019:17:21:44 +0100] "GET /opel/HTML/MENU1.HTM HTTP/1.1" 200 969 "http://www.ruehling.com/opel/" "Mozilla/5.0 (Android 9; Mobile; rv:64.0) Gecko/64.0 Firefox/64.0"
95.91.226.49 - - [07/Jan/2019:17:21:44 +0100] "GET /opel/HTML/MENU2.HTM HTTP/1.1" 200 755 "http://www.ruehling.com/opel/" "Mozilla/5.0 (Android 9; Mobile; rv:64.0) Gecko/64.0 Firefox/64.0"
95.91.226.49 - - [07/Jan/2019:17:21:44 +0100] "GET /opel/HTML/indexneu.htm HTTP/1.1" 200 9102 "http://www.ruehling.com/opel/" "Mozilla/5.0 (Android 9; Mobile; rv:64.0) Gecko/64.0 Firefox/64.0"
95.91.226.49 - - [07/Jan/2019:17:21:44 +0100] "GET /opel/HTML/INDEX1.JS HTTP/1.1" 200 42502 "http://www.ruehling.com/opel/HTML/MENU1.HTM" "Mozilla/5.0 (Android 9; Mobile; rv:64.0) Gecko/64.0 Firefox/64.0"
95.91.226.49 - - [07/Jan/2019:17:21:44 +0100] "GET /opel/HTML/MENU3.HTM HTTP/1.1" 200 333 "http://www.ruehling.com/opel/" "Mozilla/5.0 (Android 9; Mobile; rv:64.0) Gecko/64.0 Firefox/64.0"
95.91.226.49 - - [07/Jan/2019:17:21:44 +0100] "GET /opel/PREVIEW/1.jpg HTTP/1.1" 200 83494 "http://www.ruehling.com/opel/HTML/indexneu.htm" "Mozilla/5.0 (Android 9; Mobile; rv:64.0) Gecko/64.0 Firefox/64.0"
95.91.226.49 - - [07/Jan/2019:17:21:44 +0100] "GET /opel/PREVIEW/8.jpg HTTP/1.1" 200 35837 "http://www.ruehling.com/opel/HTML/indexneu.htm" "Mozilla/5.0 (Android 9; Mobile; rv:64.0) Gecko/64.0 Firefox/64.0"
95.91.226.49 - - [07/Jan/2019:17:21:44 +0100] "GET /opel/PREVIEW/6.jpg HTTP/1.1" 200 78318 "http://www.ruehling.com/opel/HTML/indexneu.htm" "Mozilla/5.0 (Android 9; Mobile; rv:64.0) Gecko/64.0 Firefox/64.0"
95.91.226.49 - - [07/Jan/2019:17:21:44 +0100] "GET /opel/PREVIEW/5.jpg HTTP/1.1" 200 76822 "http://www.ruehling.com/opel/HTML/indexneu.htm" "Mozilla/5.0 (Android 9; Mobile; rv:64.0) Gecko/64.0 Firefox/64.0"
95.91.226.49 - - [07/Jan/2019:17:21:44 +0100] "GET /opel/PREVIEW/7.jpg HTTP/1.1" 200 76081 "http://www.ruehling.com/opel/HTML/indexneu.htm" "Mozilla/5.0 (Android 9; Mobile; rv:64.0) Gecko/64.0 Firefox/64.0"
95.91.226.49 - - [07/Jan/2019:17:21:44 +0100] "GET /opel/PREVIEW/12.jpg HTTP/1.1" 200 80948 "http://www.ruehling.com/opel/HTML/indexneu.htm" "Mozilla/5.0 (Android 9; Mobile; rv:64.0) Gecko/64.0 Firefox/64.0"
95.91.226.49 - - [07/Jan/2019:17:21:44 +0100] "GET /opel/PREVIEW/3.jpg HTTP/1.1" 200 85864 "http://www.ruehling.com/opel/HTML/indexneu.htm" "Mozilla/5.0 (Android 9; Mobile; rv:64.0) Gecko/64.0 Firefox/64.0"
95.91.226.49 - - [07/Jan/2019:17:21:44 +0100] "GET /opel/PREVIEW/13.jpg HTTP/1.1" 200 85057 "http://www.ruehling.com/opel/HTML/indexneu.htm" "Mozilla/5.0 (Android 9; Mobile; rv:64.0) Gecko/64.0 Firefox/64.0"
95.91.226.49 - - [07/Jan/2019:17:21:44 +0100] "GET /opel/PREVIEW/9.jpg HTTP/1.1" 200 89249 "http://www.ruehling.com/opel/HTML/indexneu.htm" "Mozilla/5.0 (Android 9; Mobile; rv:64.0) Gecko/64.0 Firefox/64.0"
95.91.226.49 - - [07/Jan/2019:17:21:44 +0100] "GET /opel/PREVIEW/11.jpg HTTP/1.1" 200 110385 "http://www.ruehling.com/opel/HTML/indexneu.htm" "Mozilla/5.0 (Android 9; Mobile; rv:64.0) Gecko/64.0 Firefox/64.0"
95.91.226.49 - - [07/Jan/2019:17:21:45 +0100] "GET /opel/PREVIEW/14.jpg HTTP/1.1" 200 89221 "http://www.ruehling.com/opel/HTML/indexneu.htm" "Mozilla/5.0 (Android 9; Mobile; rv:64.0) Gecko/64.0 Firefox/64.0"
95.91.226.49 - - [07/Jan/2019:17:21:45 +0100] "GET /opel/PREVIEW/15.jpg HTTP/1.1" 200 104935 "http://www.ruehling.com/opel/HTML/indexneu.htm" "Mozilla/5.0 (Android 9; Mobile; rv:64.0) Gecko/64.0 Firefox/64.0"
95.91.226.49 - - [07/Jan/2019:17:21:45 +0100] "GET /opel/PREVIEW/17.jpg HTTP/1.1" 200 75974 "http://www.ruehling.com/opel/HTML/indexneu.htm" "Mozilla/5.0 (Android 9; Mobile; rv:64.0) Gecko/64.0 Firefox/64.0"
95.91.226.49 - - [07/Jan/2019:17:21:45 +0100] "GET /opel/PREVIEW/23.jpg HTTP/1.1" 200 76384 "http://www.ruehling.com/opel/HTML/indexneu.htm" "Mozilla/5.0 (Android 9; Mobile; rv:64.0) Gecko/64.0 Firefox/64.0"
95.91.226.49 - - [07/Jan/2019:17:21:45 +0100] "GET /opel/PREVIEW/22.jpg HTTP/1.1" 200 88539 "http://www.ruehling.com/opel/HTML/indexneu.htm" "Mozilla/5.0 (Android 9; Mobile; rv:64.0) Gecko/64.0 Firefox/64.0"
95.91.226.49 - - [07/Jan/2019:17:21:45 +0100] "GET /opel/PREVIEW/21.jpg HTTP/1.1" 200 69254 "http://www.ruehling.com/opel/HTML/indexneu.htm" "Mozilla/5.0 (Android 9; Mobile; rv:64.0) Gecko/64.0 Firefox/64.0"
95.91.226.49 - - [07/Jan/2019:17:21:45 +0100] "GET /opel/PREVIEW/20.jpg HTTP/1.1" 200 85652 "http://www.ruehling.com/opel/HTML/indexneu.htm" "Mozilla/5.0 (Android 9; Mobile; rv:64.0) Gecko/64.0 Firefox/64.0"
95.91.226.49 - - [07/Jan/2019:17:21:45 +0100] "GET /opel/PREVIEW/25.jpg HTTP/1.1" 200 93467 "http://www.ruehling.com/opel/HTML/indexneu.htm" "Mozilla/5.0 (Android 9; Mobile; rv:64.0) Gecko/64.0 Firefox/64.0"
95.91.226.49 - - [07/Jan/2019:17:21:45 +0100] "GET /opel/PREVIEW/18.jpg HTTP/1.1" 200 98633 "http://www.ruehling.com/opel/HTML/indexneu.htm" "Mozilla/5.0 (Android 9; Mobile; rv:64.0) Gecko/64.0 Firefox/64.0"
95.91.226.49 - - [07/Jan/2019:17:21:45 +0100] "GET /opel/PREVIEW/26.jpg HTTP/1.1" 200 89072 "http://www.ruehling.com/opel/HTML/indexneu.htm" "Mozilla/5.0 (Android 9; Mobile; rv:64.0) Gecko/64.0 Firefox/64.0"
95.91.226.49 - - [07/Jan/2019:17:21:45 +0100] "GET /opel/PREVIEW/27.jpg HTTP/1.1" 200 92740 "http://www.ruehling.com/opel/HTML/indexneu.htm" "Mozilla/5.0 (Android 9; Mobile; rv:64.0) Gecko/64.0 Firefox/64.0"
95.91.226.49 - - [07/Jan/2019:17:21:45 +0100] "GET /opel/PREVIEW/32.jpg HTTP/1.1" 200 105983 "http://www.ruehling.com/opel/HTML/indexneu.htm" "Mozilla/5.0 (Android 9; Mobile; rv:64.0) Gecko/64.0 Firefox/64.0"
95.91.226.49 - - [07/Jan/2019:17:21:45 +0100] "GET /opel/PREVIEW/29.jpg HTTP/1.1" 200 111301 "http://www.ruehling.com/opel/HTML/indexneu.htm" "Mozilla/5.0 (Android 9; Mobile; rv:64.0) Gecko/64.0 Firefox/64.0"
95.91.226.49 - - [07/Jan/2019:17:21:45 +0100] "GET /opel/PREVIEW/33.jpg HTTP/1.1" 200 109692 "http://www.ruehling.com/opel/HTML/indexneu.htm" "Mozilla/5.0 (Android 9; Mobile; rv:64.0) Gecko/64.0 Firefox/64.0"
95.91.226.49 - - [07/Jan/2019:17:21:45 +0100] "GET /opel/PREVIEW/37.jpg HTTP/1.1" 200 74669 "http://www.ruehling.com/opel/HTML/indexneu.htm" "Mozilla/5.0 (Android 9; Mobile; rv:64.0) Gecko/64.0 Firefox/64.0"
95.91.226.49 - - [07/Jan/2019:17:21:45 +0100] "GET /opel/PREVIEW/39.jpg HTTP/1.1" 200 79572 "http://www.ruehling.com/opel/HTML/indexneu.htm" "Mozilla/5.0 (Android 9; Mobile; rv:64.0) Gecko/64.0 Firefox/64.0"
95.91.226.49 - - [07/Jan/2019:17:21:45 +0100] "GET /opel/PREVIEW/40.jpg HTTP/1.1" 200 65308 "http://www.ruehling.com/opel/HTML/indexneu.htm" "Mozilla/5.0 (Android 9; Mobile; rv:64.0) Gecko/64.0 Firefox/64.0"
95.91.226.49 - - [07/Jan/2019:17:21:45 +0100] "GET /opel/PREVIEW/41.jpg HTTP/1.1" 200 83515 "http://www.ruehling.com/opel/HTML/indexneu.htm" "Mozilla/5.0 (Android 9; Mobile; rv:64.0) Gecko/64.0 Firefox/64.0"
95.91.226.49 - - [07/Jan/2019:17:21:45 +0100] "GET /opel/PREVIEW/30.jpg HTTP/1.1" 200 75673 "http://www.ruehling.com/opel/HTML/indexneu.htm" "Mozilla/5.0 (Android 9; Mobile; rv:64.0) Gecko/64.0 Firefox/64.0"
95.91.226.49 - - [07/Jan/2019:17:21:45 +0100] "GET /opel/PREVIEW/16.jpg HTTP/1.1" 200 102706 "http://www.ruehling.com/opel/HTML/indexneu.htm" "Mozilla/5.0 (Android 9; Mobile; rv:64.0) Gecko/64.0 Firefox/64.0"
95.91.226.49 - - [07/Jan/2019:17:21:46 +0100] "GET /opel/PREVIEW/31.jpg HTTP/1.1" 200 100826 "http://www.ruehling.com/opel/HTML/indexneu.htm" "Mozilla/5.0 (Android 9; Mobile; rv:64.0) Gecko/64.0 Firefox/64.0"
95.91.226.49 - - [07/Jan/2019:17:21:46 +0100] "GET /opel/PREVIEW/38.jpg HTTP/1.1" 200 84996 "http://www.ruehling.com/opel/HTML/indexneu.htm" "Mozilla/5.0 (Android 9; Mobile; rv:64.0) Gecko/64.0 Firefox/64.0"
95.91.226.49 - - [07/Jan/2019:17:21:46 +0100] "GET /opel/PREVIEW/34.jpg HTTP/1.1" 200 94092 "http://www.ruehling.com/opel/HTML/indexneu.htm" "Mozilla/5.0 (Android 9; Mobile; rv:64.0) Gecko/64.0 Firefox/64.0"
95.91.226.49 - - [07/Jan/2019:17:21:46 +0100] "GET /opel/PREVIEW/19.jpg HTTP/1.1" 200 80461 "http://www.ruehling.com/opel/HTML/indexneu.htm" "Mozilla/5.0 (Android 9; Mobile; rv:64.0) Gecko/64.0 Firefox/64.0"
95.91.226.49 - - [07/Jan/2019:17:21:46 +0100] "GET /opel/PREVIEW/28.jpg HTTP/1.1" 200 78580 "http://www.ruehling.com/opel/HTML/indexneu.htm" "Mozilla/5.0 (Android 9; Mobile; rv:64.0) Gecko/64.0 Firefox/64.0"
95.91.226.49 - - [07/Jan/2019:17:21:46 +0100] "GET /opel/PREVIEW/42.jpg HTTP/1.1" 200 87767 "http://www.ruehling.com/opel/HTML/indexneu.htm" "Mozilla/5.0 (Android 9; Mobile; rv:64.0) Gecko/64.0 Firefox/64.0"
95.91.226.49 - - [07/Jan/2019:17:21:46 +0100] "GET /opel/PREVIEW/10.jpg HTTP/1.1" 200 92073 "http://www.ruehling.com/opel/HTML/indexneu.htm" "Mozilla/5.0 (Android 9; Mobile; rv:64.0) Gecko/64.0 Firefox/64.0"
95.91.226.49 - - [07/Jan/2019:17:21:46 +0100] "GET /favicon.ico HTTP/1.1" 404 1256 "-" "Mozilla/5.0 (Android 9; Mobile; rv:64.0.1) Gecko/64.0.1 Firefox/64.0.1"
95.91.226.49 - - [07/Jan/2019:17:21:56 +0100] "GET /opel/ HTTP/1.1" 200 621 "-" "WhatsApp/2.18.380 A"
95.91.226.49 - - [07/Jan/2019:17:22:25 +0100] "GET /opel/HTML/ICON/BACKBTN.GIF HTTP/1.1" 200 1100 "http://www.ruehling.com/opel/HTML/indexneu.htm" "Mozilla/5.0 (Android 9; Mobile; rv:64.0) Gecko/64.0 Firefox/64.0"
95.91.226.49 - - [07/Jan/2019:17:22:25 +0100] "GET /opel/HTML/ICON/GOTOP.GIF HTTP/1.1" 200 1489 "http://www.ruehling.com/opel/HTML/indexneu.htm" "Mozilla/5.0 (Android 9; Mobile; rv:64.0) Gecko/64.0 Firefox/64.0"
95.91.226.49 - - [07/Jan/2019:17:22:25 +0100] "GET /opel/HTML/ICON/NEXTBTN.GIF HTTP/1.1" 200 1098 "http://www.ruehling.com/opel/HTML/indexneu.htm" "Mozilla/5.0 (Android 9; Mobile; rv:64.0) Gecko/64.0 Firefox/64.0"
95.91.226.49 - - [07/Jan/2019:17:22:25 +0100] "GET /opel/1.jpg HTTP/1.1" 200 563001 "http://www.ruehling.com/opel/HTML/indexneu.htm" "Mozilla/5.0 (Android 9; Mobile; rv:64.0) Gecko/64.0 Firefox/64.0"
95.91.226.49 - - [07/Jan/2019:17:22:30 +0100] "GET /opel/HTML/DISP.HTM HTTP/1.1" 200 3457 "http://www.ruehling.com/opel/HTML/indexneu.htm" "Mozilla/5.0 (Android 9; Mobile; rv:64.0) Gecko/64.0 Firefox/64.0"
95.91.226.49 - - [07/Jan/2019:17:22:43 +0100] "GET /opel/HTML/TechFacts_Opel_Omega.htm HTTP/1.1" 200 25407 "http://www.ruehling.com/opel/HTML/MENU2.HTM" "Mozilla/5.0 (Android 9; Mobile; rv:64.0) Gecko/64.0 Firefox/64.0"
178.255.215.78 - - [07/Jan/2019:19:16:37 +0100] "GET /robots.txt HTTP/1.1" 404 1256 "-" "Mozilla/5.0 (compatible; Exabot/3.0; +http://www.exabot.com/go/robot)"
178.255.215.78 - - [07/Jan/2019:19:16:37 +0100] "GET / HTTP/1.1" 200 326 "-" "Mozilla/5.0 (compatible; Exabot/3.0; +http://www.exabot.com/go/robot)"
52.53.201.78 - - [08/Jan/2019:06:10:46 +0100] "GET / HTTP/1.1" 200 326 "-" "Mozilla/5.0 (Macintosh; Intel Mac OS X 10_12_6) AppleWebKit/537.36 (KHTML, like Gecko) Chrome/61.0.3163.100 Safari/537.36"
52.178.183.77 - - [09/Jan/2019:10:38:24 +0100] "GET / HTTP/1.1" 200 326 "-" "Mozilla/5.0 (Windows NT 10.0; Win64; x64; rv:52.0) Gecko/20100101 Firefox/52.0"
194.173.174.106 - - [09/Jan/2019:16:07:10 +0100] "HEAD / HTTP/1.1" 200 - "-" "Mozilla/5.0 (Windows NT 6.3; WOW64) AppleWebKit/537.36 (KHTML, like Gecko) Chrome/43.0.2357.134 Safari/537.36"
34.217.59.241 - - [09/Jan/2019:16:09:08 +0100] "GET / HTTP/1.1" 200 326 "-" "Mozilla/4.0 (compatible; MSIE 8.0; Windows NT 5.1; Trident/4.0)"
194.173.174.106 - - [10/Jan/2019:01:58:36 +0100] "HEAD / HTTP/1.1" 200 - "-" "Mozilla/5.0 (Windows NT 6.3; WOW64) AppleWebKit/537.36 (KHTML, like Gecko) Chrome/43.0.2357.134 Safari/537.36"
34.216.144.79 - - [10/Jan/2019:01:59:38 +0100] "GET / HTTP/1.1" 200 326 "-" "Mozilla/4.0 (compatible; MSIE 8.0; Windows NT 5.1; Trident/4.0)"
52.53.201.78 - - [10/Jan/2019:08:52:31 +0100] "GET / HTTP/1.1" 200 326 "-" "Mozilla/5.0 (Macintosh; Intel Mac OS X 10_12_6) AppleWebKit/537.36 (KHTML, like Gecko) Chrome/61.0.3163.100 Safari/537.36"
62.26.107.42 - - [10/Jan/2019:15:36:34 +0100] "GET / HTTP/1.1" 200 326 "-" "Mozilla/5.0 (Windows NT 6.3; WOW64; Trident/7.0; rv:11.0) like Gecko"
62.26.107.42 - - [10/Jan/2019:15:36:34 +0100] "GET /favicon.ico HTTP/1.1" 404 1256 "-" "Mozilla/5.0 (Windows NT 6.3; Win64; x64; Trident/7.0; rv:11.0) like Gecko"
66.249.64.209 - - [11/Jan/2019:06:15:03 +0100] "GET /robots.txt HTTP/1.1" 404 1256 "-" "Mozilla/5.0 (compatible; Googlebot/2.1; +http://www.google.com/bot.html)"
66.249.64.207 - - [11/Jan/2019:06:15:03 +0100] "GET / HTTP/1.1" 200 326 "-" "Mozilla/5.0 (Linux; Android 6.0.1; Nexus 5X Build/MMB29P) AppleWebKit/537.36 (KHTML, like Gecko) Chrome/41.0.2272.96 Mobile Safari/537.36 (compatible; Googlebot/2.1; +http://www.google.com/bot.html)"
52.53.201.78 - - [11/Jan/2019:18:05:21 +0100] "GET / HTTP/1.1" 200 326 "-" "Mozilla/5.0 (Macintosh; Intel Mac OS X 10_12_6) AppleWebKit/537.36 (KHTML, like Gecko) Chrome/61.0.3163.100 Safari/537.36"
178.154.245.134 - - [11/Jan/2019:22:19:32 +0100] "GET /robots.txt HTTP/1.1" 404 1256 "-" "Mozilla/5.0 (compatible; YandexBot/3.0; +http://yandex.com/bots)"
178.154.245.134 - - [11/Jan/2019:22:19:36 +0100] "GET /favicon.ico HTTP/1.1" 404 1256 "-" "Mozilla/5.0 (compatible; YandexBot/3.0; +http://yandex.com/bots)"
178.154.245.134 - - [12/Jan/2019:07:23:14 +0100] "GET /robots.txt HTTP/1.1" 404 1256 "-" "Mozilla/5.0 (compatible; YandexBot/3.0; +http://yandex.com/bots)"
178.154.245.134 - - [12/Jan/2019:07:23:18 +0100] "GET /favicon.ico HTTP/1.1" 404 1256 "-" "Mozilla/5.0 (compatible; YandexBot/3.0; +http://yandex.com/bots)"
178.255.215.78 - - [12/Jan/2019:22:56:03 +0100] "GET /robots.txt HTTP/1.1" 404 1256 "-" "Mozilla/5.0 (compatible; Exabot/3.0; +http://www.exabot.com/go/robot)"
178.255.215.78 - - [12/Jan/2019:22:56:03 +0100] "GET / HTTP/1.1" 200 326 "-" "Mozilla/5.0 (compatible; Exabot/3.0; +http://www.exabot.com/go/robot)"
194.173.174.106 - - [13/Jan/2019:08:01:42 +0100] "HEAD / HTTP/1.1" 200 - "-" "Mozilla/5.0 (Windows NT 6.3; WOW64) AppleWebKit/537.36 (KHTML, like Gecko) Chrome/43.0.2357.134 Safari/537.36"
52.205.254.182 - - [13/Jan/2019:08:03:08 +0100] "GET / HTTP/1.1" 200 326 "-" "Mozilla/4.0 (compatible; MSIE 8.0; Windows NT 5.1; Trident/4.0)"
194.173.174.106 - - [13/Jan/2019:14:45:56 +0100] "HEAD / HTTP/1.1" 200 - "-" "Mozilla/5.0 (Windows NT 6.3; WOW64) AppleWebKit/537.36 (KHTML, like Gecko) Chrome/43.0.2357.134 Safari/537.36"
54.203.9.54 - - [13/Jan/2019:14:47:13 +0100] "GET / HTTP/1.1" 200 326 "-" "Mozilla/4.0 (compatible; MSIE 8.0; Windows NT 5.1; Trident/4.0)"
157.55.39.42 - - [13/Jan/2019:17:36:44 +0100] "GET /robots.txt HTTP/1.1" 404 1256 "-" "Mozilla/5.0 (compatible; bingbot/2.0; +http://www.bing.com/bingbot.htm)"
207.46.13.216 - - [13/Jan/2019:18:11:15 +0100] "GET / HTTP/1.1" 200 326 "-" "Mozilla/5.0 (compatible; bingbot/2.0; +http://www.bing.com/bingbot.htm)"
52.53.201.78 - - [14/Jan/2019:02:16:23 +0100] "GET / HTTP/1.1" 200 326 "-" "Mozilla/5.0 (Macintosh; Intel Mac OS X 10_12_6) AppleWebKit/537.36 (KHTML, like Gecko) Chrome/61.0.3163.100 Safari/537.36"
23.228.96.82 - - [14/Jan/2019:05:09:25 +0100] "GET /wp-content/plugins/wp-easy-gallery-pro/admin/php.php HTTP/1.1" 404 1256 "http://www.ruehling.com/wp-content/plugins/wp-easy-gallery-pro/admin/php.php" "Mozilla/5.0 (Windows NT 6.1; WOW64) AppleWebKit/537.36 (KHTML, like Gecko) Chrome/42.0.2311.152 Safari/537.36"
66.249.75.79 - - [14/Jan/2019:08:45:03 +0100] "GET /robots.txt HTTP/1.1" 404 1256 "-" "Mozilla/5.0 (compatible; Googlebot/2.1; +http://www.google.com/bot.html)"
66.249.75.77 - - [14/Jan/2019:08:45:04 +0100] "GET / HTTP/1.1" 200 326 "-" "Mozilla/5.0 (Linux; Android 6.0.1; Nexus 5X Build/MMB29P) AppleWebKit/537.36 (KHTML, like Gecko) Chrome/41.0.2272.96 Mobile Safari/537.36 (compatible; Googlebot/2.1; +http://www.google.com/bot.html)"
178.255.215.78 - - [14/Jan/2019:20:05:30 +0100] "GET /robots.txt HTTP/1.1" 404 1256 "-" "Mozilla/5.0 (compatible; Exabot/3.0; +http://www.exabot.com/go/robot)"
178.255.215.78 - - [14/Jan/2019:20:05:30 +0100] "GET / HTTP/1.1" 200 326 "-" "Mozilla/5.0 (compatible; Exabot/3.0; +http://www.exabot.com/go/robot)"
23.228.96.82 - - [16/Jan/2019:04:38:58 +0100] "GET /wp-content/plugins/wp2android-turn-wp-site-into-android-app/readme.txt HTTP/1.1" 404 1256 "http://www.ruehling.com/wp-content/plugins/wp2android-turn-wp-site-into-android-app/readme.txt" "Mozilla/5.0 (Windows NT 6.1; WOW64) AppleWebKit/537.36 (KHTML, like Gecko) Chrome/42.0.2311.152 Safari/537.36"
52.53.201.78 - - [16/Jan/2019:10:19:25 +0100] "GET / HTTP/1.1" 200 326 "-" "Mozilla/5.0 (Macintosh; Intel Mac OS X 10_12_6) AppleWebKit/537.36 (KHTML, like Gecko) Chrome/61.0.3163.100 Safari/537.36"
110.83.60.51 - - [16/Jan/2019:20:23:48 +0100] "GET /joomla/ HTTP/1.1" 404 1256 "-" "-"
157.55.39.45 - - [17/Jan/2019:02:36:33 +0100] "GET /robots.txt HTTP/1.1" 404 1256 "-" "Mozilla/5.0 (compatible; bingbot/2.0; +http://www.bing.com/bingbot.htm)"
207.46.13.195 - - [17/Jan/2019:02:37:36 +0100] "GET / HTTP/1.1" 200 326 "-" "Mozilla/5.0 (compatible; bingbot/2.0; +http://www.bing.com/bingbot.htm)"
37.187.56.81 - - [17/Jan/2019:05:34:08 +0100] "GET /robots.txt HTTP/1.0" 404 1256 "-" ""
37.187.56.81 - - [17/Jan/2019:05:34:08 +0100] "GET / HTTP/1.1" 206 326 "-" "Mozilla/5.0 (X11; Ubuntu; Linux x86_64; rv:21.0) Gecko/20100101 Firefox/21.0"
178.255.215.78 - - [17/Jan/2019:06:26:07 +0100] "GET /robots.txt HTTP/1.1" 404 1256 "-" "Mozilla/5.0 (compatible; Exabot/3.0; +http://www.exabot.com/go/robot)"
178.255.215.78 - - [17/Jan/2019:06:26:07 +0100] "GET / HTTP/1.1" 200 326 "-" "Mozilla/5.0 (compatible; Exabot/3.0; +http://www.exabot.com/go/robot)"
194.48.209.229 - - [17/Jan/2019:11:53:52 +0100] "HEAD / HTTP/1.1" 200 - "-" "Mozilla/5.0 (Windows NT 5.1) AppleWebKit/537.36 (KHTML, like Gecko) Chrome/34.0.1847.116 Safari/537.36"
194.48.209.229 - - [17/Jan/2019:11:53:52 +0100] "HEAD /license.php HTTP/1.1" 404 - "-" "Mozilla/5.0 (Windows NT 5.1) AppleWebKit/537.36 (KHTML, like Gecko) Chrome/34.0.1847.116 Safari/537.36"
194.48.209.229 - - [17/Jan/2019:11:53:52 +0100] "GET /license.php HTTP/1.1" 404 1256 "-" "Mozilla/5.0 (Windows NT 5.1) AppleWebKit/537.36 (KHTML, like Gecko) Chrome/34.0.1847.116 Safari/537.36"
66.249.70.19 - - [17/Jan/2019:12:35:32 +0100] "GET /robots.txt HTTP/1.1" 404 1256 "-" "Mozilla/5.0 (compatible; Googlebot/2.1; +http://www.google.com/bot.html)"
66.249.70.17 - - [17/Jan/2019:12:35:32 +0100] "GET / HTTP/1.1" 200 326 "-" "Mozilla/5.0 (Linux; Android 6.0.1; Nexus 5X Build/MMB29P) AppleWebKit/537.36 (KHTML, like Gecko) Chrome/41.0.2272.96 Mobile Safari/537.36 (compatible; Googlebot/2.1; +http://www.google.com/bot.html)"
23.228.96.82 - - [17/Jan/2019:15:54:13 +0100] "GET /wp-content/plugins/wp-vertical-gallery/readme.txt HTTP/1.1" 404 1256 "http://www.ruehling.com/wp-content/plugins/wp-vertical-gallery/readme.txt" "Mozilla/5.0 (Windows NT 6.1; WOW64) AppleWebKit/537.36 (KHTML, like Gecko) Chrome/42.0.2311.152 Safari/537.36"
17.58.99.7 - - [17/Jan/2019:15:56:39 +0100] "GET /robots.txt HTTP/1.1" 404 1256 "-" "Mozilla/5.0 (Macintosh; Intel Mac OS X 10_10_1) AppleWebKit/600.2.5 (KHTML, like Gecko) Version/8.0.2 Safari/600.2.5 (Applebot/0.1; +http://www.apple.com/go/applebot)"
17.58.99.7 - - [17/Jan/2019:15:56:39 +0100] "GET / HTTP/1.1" 200 326 "-" "Mozilla/5.0 (Macintosh; Intel Mac OS X 10_10_1) AppleWebKit/600.2.5 (KHTML, like Gecko) Version/8.0.2 Safari/600.2.5 (Applebot/0.1; +http://www.apple.com/go/applebot)"
216.145.11.94 - - [17/Jan/2019:18:47:49 +0100] "GET /robots.txt HTTP/1.0" 404 1256 "-" "Mozilla/5.0 (Macintosh; Intel Mac OS X 10.10; rv:59.0) Gecko/20100101 Firefox/59.0"
216.145.11.94 - - [17/Jan/2019:18:47:50 +0100] "GET / HTTP/1.1" 200 326 "-" "Mozilla/5.0 (Macintosh; Intel Mac OS X 10.10; rv:59.0) Gecko/20100101 Firefox/59.0"
194.173.174.106 - - [17/Jan/2019:21:52:57 +0100] "HEAD / HTTP/1.1" 200 - "-" "Mozilla/5.0 (Windows NT 6.3; WOW64) AppleWebKit/537.36 (KHTML, like Gecko) Chrome/43.0.2357.134 Safari/537.36"
54.201.200.187 - - [17/Jan/2019:21:54:24 +0100] "GET / HTTP/1.1" 200 326 "-" "Mozilla/4.0 (compatible; MSIE 8.0; Windows NT 5.1; Trident/4.0)"
194.173.174.106 - - [18/Jan/2019:02:56:58 +0100] "HEAD / HTTP/1.1" 200 - "-" "Mozilla/5.0 (Windows NT 6.3; WOW64) AppleWebKit/537.36 (KHTML, like Gecko) Chrome/43.0.2357.134 Safari/537.36"
54.172.118.182 - - [18/Jan/2019:03:02:24 +0100] "GET / HTTP/1.1" 200 326 "-" "Mozilla/4.0 (compatible; MSIE 8.0; Windows NT 5.1; Trident/4.0)"
66.249.66.211 - - [18/Jan/2019:07:58:39 +0100] "GET /robots.txt HTTP/1.1" 404 1256 "-" "Mozilla/5.0 (compatible; Googlebot/2.1; +http://www.google.com/bot.html)"
66.249.66.207 - - [18/Jan/2019:07:58:39 +0100] "GET /opel/HTML/INDEX1.JS HTTP/1.1" 200 42502 "http://www.ruehling.com/opel/HTML/indexneu.htm" "Mozilla/5.0 (Linux; Android 6.0.1; Nexus 5X Build/MMB29P) AppleWebKit/537.36 (KHTML, like Gecko) Chrome/41.0.2272.96 Mobile Safari/537.36 (compatible; Googlebot/2.1; +http://www.google.com/bot.html)"
66.249.66.211 - - [18/Jan/2019:14:39:17 +0100] "GET /opel/HTML/indexneu.htm HTTP/1.1" 304 - "-" "Mozilla/5.0 (Linux; Android 6.0.1; Nexus 5X Build/MMB29P) AppleWebKit/537.36 (KHTML, like Gecko) Chrome/41.0.2272.96 Mobile Safari/537.36 (compatible; Googlebot/2.1; +http://www.google.com/bot.html)"
66.249.66.209 - - [18/Jan/2019:14:39:22 +0100] "GET /opel/HTML/INDEX1.JS HTTP/1.1" 200 42502 "http://www.ruehling.com/opel/HTML/indexneu.htm" "Mozilla/5.0 (Linux; Android 6.0.1; Nexus 5X Build/MMB29P) AppleWebKit/537.36 (KHTML, like Gecko) Chrome/41.0.2272.96 Mobile Safari/537.36 (compatible; Googlebot/2.1; +http://www.google.com/bot.html)"
52.53.201.78 - - [18/Jan/2019:18:12:27 +0100] "GET / HTTP/1.1" 200 326 "-" "Mozilla/5.0 (Macintosh; Intel Mac OS X 10_12_6) AppleWebKit/537.36 (KHTML, like Gecko) Chrome/61.0.3163.100 Safari/537.36"
178.255.215.78 - - [18/Jan/2019:21:20:39 +0100] "GET /robots.txt HTTP/1.1" 404 1256 "-" "Mozilla/5.0 (compatible; Exabot/3.0; +http://www.exabot.com/go/robot)"
178.255.215.78 - - [18/Jan/2019:21:20:39 +0100] "GET / HTTP/1.1" 200 326 "-" "Mozilla/5.0 (compatible; Exabot/3.0; +http://www.exabot.com/go/robot)"
194.173.174.106 - - [19/Jan/2019:16:41:19 +0100] "HEAD / HTTP/1.1" 200 - "-" "Mozilla/5.0 (Windows NT 6.3; WOW64) AppleWebKit/537.36 (KHTML, like Gecko) Chrome/43.0.2357.134 Safari/537.36"
34.220.40.173 - - [19/Jan/2019:16:42:10 +0100] "GET / HTTP/1.1" 200 326 "-" "Mozilla/4.0 (compatible; MSIE 8.0; Windows NT 5.1; Trident/4.0)"
23.228.96.82 - - [19/Jan/2019:16:46:54 +0100] "GET /wp-content/plugins/wp-formgenerator/changelog.txt HTTP/1.1" 404 1256 "http://www.ruehling.com/wp-content/plugins/wp-formgenerator/changelog.txt" "Mozilla/5.0 (Windows NT 6.1; WOW64) AppleWebKit/537.36 (KHTML, like Gecko) Chrome/42.0.2311.152 Safari/537.36"
194.173.174.106 - - [20/Jan/2019:04:22:34 +0100] "HEAD / HTTP/1.1" 200 - "-" "Mozilla/5.0 (Windows NT 6.3; WOW64) AppleWebKit/537.36 (KHTML, like Gecko) Chrome/43.0.2357.134 Safari/537.36"
52.91.61.38 - - [20/Jan/2019:04:24:07 +0100] "GET / HTTP/1.1" 200 326 "-" "Mozilla/4.0 (compatible; MSIE 8.0; Windows NT 5.1; Trident/4.0)"
178.255.215.78 - - [20/Jan/2019:04:43:53 +0100] "GET /robots.txt HTTP/1.1" 404 1256 "-" "Mozilla/5.0 (compatible; Exabot/3.0; +http://www.exabot.com/go/robot)"
178.255.215.78 - - [20/Jan/2019:04:43:53 +0100] "GET / HTTP/1.1" 200 326 "-" "Mozilla/5.0 (compatible; Exabot/3.0; +http://www.exabot.com/go/robot)"
91.243.80.218 - - [20/Jan/2019:23:47:15 +0100] "GET / HTTP/1.1" 200 326 "-" "Mozilla/5.0 (Macintosh; Intel Mac OS X 10_11_6) AppleWebKit/537.36 (KHTML, like Gecko) Chrome/53.0.2785.143 Safari/537.36"
39.98.174.211 - - [21/Jan/2019:01:38:56 +0100] "GET /new/wp-admin/ HTTP/1.1" 404 1256 "-" "-"
52.53.201.78 - - [21/Jan/2019:01:52:46 +0100] "GET / HTTP/1.1" 200 326 "-" "Mozilla/5.0 (Macintosh; Intel Mac OS X 10_12_6) AppleWebKit/537.36 (KHTML, like Gecko) Chrome/61.0.3163.100 Safari/537.36"
3.80.243.224 - - [21/Jan/2019:08:15:23 +0100] "GET / HTTP/1.1" 200 326 "-" "Mozilla/5.0 (Windows NT 6.1; WOW64) AppleWebKit/537.36 (KHTML, like Gecko) Chrome/53.0.2785.104 Safari/537.36 Core/1.53.5194.400 QQBrowser/9.7.13269.400"
3.80.243.224 - - [21/Jan/2019:08:15:33 +0100] "GET / HTTP/1.1" 200 326 "-" "Mozilla/5.0 (Windows NT 6.1; WOW64) AppleWebKit/537.36 (KHTML, like Gecko) Chrome/53.0.2785.104 Safari/537.36 Core/1.53.5194.400 QQBrowser/9.7.13269.400"
54.81.131.95 - - [21/Jan/2019:09:19:36 +0100] "GET / HTTP/1.1" 200 326 "-" "Mozilla/5.0 (Windows NT 6.1; WOW64) AppleWebKit/537.36 (KHTML, like Gecko) Chrome/53.0.2785.104 Safari/537.36 Core/1.53.5194.400 QQBrowser/9.7.13269.400"
54.81.131.95 - - [21/Jan/2019:09:19:55 +0100] "GET / HTTP/1.1" 200 326 "-" "Mozilla/5.0 (Windows NT 6.1; WOW64) AppleWebKit/537.36 (KHTML, like Gecko) Chrome/53.0.2785.104 Safari/537.36 Core/1.53.5194.400 QQBrowser/9.7.13269.400"
34.230.64.169 - - [21/Jan/2019:11:11:56 +0100] "GET / HTTP/1.1" 200 326 "-" "Mozilla/5.0 (Windows NT 6.1; WOW64) AppleWebKit/537.36 (KHTML, like Gecko) Chrome/53.0.2785.104 Safari/537.36 Core/1.53.5194.400 QQBrowser/9.7.13269.400"
34.230.64.169 - - [21/Jan/2019:11:12:30 +0100] "GET / HTTP/1.1" 200 326 "-" "Mozilla/5.0 (Windows NT 6.1; WOW64) AppleWebKit/537.36 (KHTML, like Gecko) Chrome/53.0.2785.104 Safari/537.36 Core/1.53.5194.400 QQBrowser/9.7.13269.400"
23.228.96.82 - - [21/Jan/2019:17:22:57 +0100] "GET /wp-content/plugins/Tevolution/tmplconnector/monetize/templatic-custom_fields/css/jquery.lightbox.css HTTP/1.1" 404 1256 "http://www.ruehling.com/wp-content/plugins/Tevolution/tmplconnector/monetize/templatic-custom_fields/css/jquery.lightbox.css" "Mozilla/5.0 (Windows NT 6.1; WOW64) AppleWebKit/537.36 (KHTML, like Gecko) Chrome/42.0.2311.152 Safari/537.36"
194.173.174.106 - - [21/Jan/2019:19:17:27 +0100] "HEAD / HTTP/1.1" 200 - "-" "Mozilla/5.0 (Windows NT 6.3; WOW64) AppleWebKit/537.36 (KHTML, like Gecko) Chrome/43.0.2357.134 Safari/537.36"
54.202.225.77 - - [21/Jan/2019:19:19:42 +0100] "GET / HTTP/1.1" 200 326 "-" "Mozilla/4.0 (compatible; MSIE 8.0; Windows NT 5.1; Trident/4.0)"
39.98.56.218 - - [21/Jan/2019:19:32:08 +0100] "GET /new/wp-admin/ HTTP/1.1" 404 1256 "-" "-"
178.255.215.78 - - [22/Jan/2019:07:31:33 +0100] "GET /robots.txt HTTP/1.1" 404 1256 "-" "Mozilla/5.0 (compatible; Exabot/3.0; +http://www.exabot.com/go/robot)"
178.255.215.78 - - [22/Jan/2019:07:31:33 +0100] "GET / HTTP/1.1" 200 326 "-" "Mozilla/5.0 (compatible; Exabot/3.0; +http://www.exabot.com/go/robot)"
38.100.21.61 - - [22/Jan/2019:12:07:05 +0100] "GET / HTTP/1.1" 200 326 "-" "Mozilla/4.0 (compatible; MSIE 7.0; Windows NT 5.2)"
87.250.233.66 - - [23/Jan/2019:00:37:03 +0100] "GET /robots.txt HTTP/1.1" 404 1256 "-" "Mozilla/5.0 (compatible; YandexBot/3.0; +http://yandex.com/bots)"
178.154.245.134 - - [23/Jan/2019:00:37:07 +0100] "GET /favicon.ico HTTP/1.1" 404 1256 "-" "Mozilla/5.0 (compatible; YandexBot/3.0; +http://yandex.com/bots)"
52.53.201.78 - - [23/Jan/2019:09:38:27 +0100] "GET / HTTP/1.1" 200 326 "-" "Mozilla/5.0 (Macintosh; Intel Mac OS X 10_12_6) AppleWebKit/537.36 (KHTML, like Gecko) Chrome/61.0.3163.100 Safari/537.36"
178.255.215.78 - - [23/Jan/2019:12:18:18 +0100] "GET /robots.txt HTTP/1.1" 404 1256 "-" "Mozilla/5.0 (compatible; Exabot/3.0; +http://www.exabot.com/go/robot)"
178.255.215.78 - - [23/Jan/2019:12:18:18 +0100] "GET / HTTP/1.1" 200 326 "-" "Mozilla/5.0 (compatible; Exabot/3.0; +http://www.exabot.com/go/robot)"
23.228.96.82 - - [23/Jan/2019:14:24:34 +0100] "GET /wp-content/plugins/wp-easy-gallery-pro/admin/php.php HTTP/1.1" 404 1256 "http://www.ruehling.com/wp-content/plugins/wp-easy-gallery-pro/admin/php.php" "Mozilla/5.0 (Windows NT 6.1; WOW64) AppleWebKit/537.36 (KHTML, like Gecko) Chrome/42.0.2311.152 Safari/537.36"
144.76.29.84 - - [23/Jan/2019:17:38:50 +0100] "GET /robots.txt HTTP/1.1" 404 1256 "-" "Mozilla/5.0 (compatible; MJ12bot/v1.4.8; http://mj12bot.com/)"
144.76.29.84 - - [23/Jan/2019:17:38:51 +0100] "GET / HTTP/1.1" 200 326 "-" "Mozilla/5.0 (compatible; MJ12bot/v1.4.8; http://mj12bot.com/)"
66.249.79.153 - - [23/Jan/2019:18:58:58 +0100] "GET /robots.txt HTTP/1.1" 404 1256 "-" "Mozilla/5.0 (compatible; Googlebot/2.1; +http://www.google.com/bot.html)"
66.249.79.155 - - [23/Jan/2019:18:58:59 +0100] "GET / HTTP/1.1" 200 326 "-" "Mozilla/5.0 (Linux; Android 6.0.1; Nexus 5X Build/MMB29P) AppleWebKit/537.36 (KHTML, like Gecko) Chrome/41.0.2272.96 Mobile Safari/537.36 (compatible; Googlebot/2.1; +http://www.google.com/bot.html)"
161.69.99.11 - - [23/Jan/2019:23:44:05 +0100] "GET / HTTP/1.1" 200 326 "-" "Mozilla/5.0 (Windows NT 6.1; WOW64; rv:29.0) Gecko/20120101 Firefox/29.0"
5.9.94.207 - - [24/Jan/2019:05:01:39 +0100] "GET / HTTP/1.1" 200 326 "-" "Mozilla/5.0 (compatible; MSIE 10.0; Windows NT 6.1; WOW64; Trident/6.0)"
66.249.79.156 - - [24/Jan/2019:10:29:12 +0100] "GET /robots.txt HTTP/1.1" 404 1256 "-" "Mozilla/5.0 (compatible; Googlebot/2.1; +http://www.google.com/bot.html)"
39.98.56.218 - - [24/Jan/2019:12:03:31 +0100] "GET /site/wp-admin/ HTTP/1.1" 404 1256 "-" "-"
66.249.70.15 - - [24/Jan/2019:19:01:50 +0100] "GET /opel/HTML/indexneu.htm HTTP/1.1" 304 - "-" "Mozilla/5.0 (Linux; Android 6.0.1; Nexus 5X Build/MMB29P) AppleWebKit/537.36 (KHTML, like Gecko) Chrome/41.0.2272.96 Mobile Safari/537.36 (compatible; Googlebot/2.1; +http://www.google.com/bot.html)"
167.114.158.57 - - [25/Jan/2019:01:17:42 +0100] "GET / HTTP/1.1" 200 326 "-" "Mozilla/5.0 (compatible; Dataprovider.com)"
167.114.158.57 - - [25/Jan/2019:01:17:43 +0100] "GET /robots.txt HTTP/1.1" 404 1256 "-" "Mozilla/5.0 (compatible; Dataprovider.com)"
167.114.158.57 - - [25/Jan/2019:01:17:44 +0100] "GET /sitemap.xml HTTP/1.1" 404 1256 "-" "Mozilla/5.0 (compatible; Dataprovider.com)"
167.114.158.57 - - [25/Jan/2019:01:17:44 +0100] "GET / HTTP/1.1" 200 326 "-" "Mozilla/5.0 (compatible; Dataprovider.com)"
167.114.158.57 - - [25/Jan/2019:01:17:45 +0100] "GET /ads.txt HTTP/1.1" 404 1256 "-" "Mozilla/5.0 (compatible; Dataprovider.com)"
167.114.158.57 - - [25/Jan/2019:01:17:45 +0100] "GET / HTTP/1.1" 200 326 "-" "Mozilla/5.0 (Linux; Android 5.1.1; SM-G925F Build/LMY47X) AppleWebKit/537.36 (KHTML, like Gecko) Chrome/45.0.2454.94 Mobile Safari/537.36"
66.249.70.15 - - [25/Jan/2019:01:34:11 +0100] "GET /robots.txt HTTP/1.1" 404 1256 "-" "Mozilla/5.0 (compatible; Googlebot/2.1; +http://www.google.com/bot.html)"
66.249.70.17 - - [25/Jan/2019:01:34:12 +0100] "GET /opel/HTML/MENU2.HTM HTTP/1.1" 304 - "-" "Mozilla/5.0 (Linux; Android 6.0.1; Nexus 5X Build/MMB29P) AppleWebKit/537.36 (KHTML, like Gecko) Chrome/41.0.2272.96 Mobile Safari/537.36 (compatible; Googlebot/2.1; +http://www.google.com/bot.html)"
39.98.176.120 - - [25/Jan/2019:06:31:01 +0100] "GET /site/wp-admin/ HTTP/1.1" 404 1256 "-" "-"
23.228.96.82 - - [25/Jan/2019:15:53:58 +0100] "GET /wp-content/plugins/dzs-zoomsounds/admin/upload.php HTTP/1.1" 404 1256 "http://www.ruehling.com/wp-content/plugins/dzs-zoomsounds/admin/upload.php" "Mozilla/5.0 (Windows NT 6.1; WOW64) AppleWebKit/537.36 (KHTML, like Gecko) Chrome/42.0.2311.152 Safari/537.36"
52.53.201.78 - - [25/Jan/2019:17:33:05 +0100] "GET / HTTP/1.1" 200 326 "-" "Mozilla/5.0 (Macintosh; Intel Mac OS X 10_12_6) AppleWebKit/537.36 (KHTML, like Gecko) Chrome/61.0.3163.100 Safari/537.36"
178.255.215.78 - - [25/Jan/2019:23:22:25 +0100] "GET /robots.txt HTTP/1.1" 404 1256 "-" "Mozilla/5.0 (compatible; Exabot/3.0; +http://www.exabot.com/go/robot)"
178.255.215.78 - - [25/Jan/2019:23:22:25 +0100] "GET / HTTP/1.1" 200 326 "-" "Mozilla/5.0 (compatible; Exabot/3.0; +http://www.exabot.com/go/robot)"
54.146.58.39 - - [26/Jan/2019:08:43:20 +0100] "GET / HTTP/1.1" 200 326 "-" "User-Agent: Mozilla/5.0 (Macintosh; Intel Mac OS X 10_13_5) AppleWebKit/537.36 (KHTML, like Gecko) Chrome/67.0.3396.99 Safari/537.36"
194.173.174.106 - - [26/Jan/2019:20:26:43 +0100] "HEAD / HTTP/1.1" 200 - "-" "Mozilla/5.0 (Windows NT 6.3; WOW64) AppleWebKit/537.36 (KHTML, like Gecko) Chrome/43.0.2357.134 Safari/537.36"
18.212.42.148 - - [26/Jan/2019:20:28:30 +0100] "GET / HTTP/1.1" 200 326 "-" "Mozilla/4.0 (compatible; MSIE 8.0; Windows NT 5.1; Trident/4.0)"
178.255.215.78 - - [27/Jan/2019:04:10:57 +0100] "GET /robots.txt HTTP/1.1" 404 1256 "-" "Mozilla/5.0 (compatible; Exabot/3.0; +http://www.exabot.com/go/robot)"
178.255.215.78 - - [27/Jan/2019:04:10:57 +0100] "GET / HTTP/1.1" 200 326 "-" "Mozilla/5.0 (compatible; Exabot/3.0; +http://www.exabot.com/go/robot)"
194.173.174.106 - - [27/Jan/2019:09:42:36 +0100] "HEAD / HTTP/1.1" 200 - "-" "Mozilla/5.0 (Windows NT 6.3; WOW64) AppleWebKit/537.36 (KHTML, like Gecko) Chrome/43.0.2357.134 Safari/537.36"
52.90.235.182 - - [27/Jan/2019:09:44:36 +0100] "GET / HTTP/1.1" 200 326 "-" "Mozilla/4.0 (compatible; MSIE 8.0; Windows NT 5.1; Trident/4.0)"
23.228.96.82 - - [27/Jan/2019:16:36:12 +0100] "GET /wp-content/plugins/estatik/readme.txt HTTP/1.1" 404 1256 "http://www.ruehling.com/wp-content/plugins/estatik/readme.txt" "Mozilla/5.0 (Windows NT 6.1; WOW64) AppleWebKit/537.36 (KHTML, like Gecko) Chrome/42.0.2311.152 Safari/537.36"
64.121.155.96 - - [27/Jan/2019:17:14:15 +0100] "HEAD /images/ HTTP/1.1" 404 - "-" "Mozilla/5.0 (Windows NT 10.0; WOW64; rv:42.0) Gecko/20100101 Firefox/42.0"
39.98.174.211 - - [27/Jan/2019:22:56:45 +0100] "GET /joomla/ HTTP/1.1" 404 1256 "-" "-"
52.53.201.78 - - [28/Jan/2019:01:49:22 +0100] "GET / HTTP/1.1" 200 326 "-" "Mozilla/5.0 (Macintosh; Intel Mac OS X 10_12_6) AppleWebKit/537.36 (KHTML, like Gecko) Chrome/61.0.3163.100 Safari/537.36"
66.249.70.19 - - [28/Jan/2019:03:41:50 +0100] "GET /robots.txt HTTP/1.1" 404 1256 "-" "Mozilla/5.0 (compatible; Googlebot/2.1; +http://www.google.com/bot.html)"
66.249.70.19 - - [28/Jan/2019:03:41:50 +0100] "GET / HTTP/1.1" 200 326 "-" "Mozilla/5.0 (Linux; Android 6.0.1; Nexus 5X Build/MMB29P) AppleWebKit/537.36 (KHTML, like Gecko) Chrome/41.0.2272.96 Mobile Safari/537.36 (compatible; Googlebot/2.1; +http://www.google.com/bot.html)"
178.62.82.141 - - [28/Jan/2019:03:47:13 +0100] "GET / HTTP/1.1" 200 326 "-" "Mozilla/5.0 (Windows NT 6.0) AppleWebKit/537.36 (KHTML, like Gecko) Chrome/34.0.1847.116 Safari/537.36"
66.249.70.17 - - [28/Jan/2019:15:20:25 +0100] "GET / HTTP/1.1" 200 326 "-" "Mozilla/5.0 (Linux; Android 6.0.1; Nexus 5X Build/MMB29P) AppleWebKit/537.36 (KHTML, like Gecko) Chrome/41.0.2272.96 Mobile Safari/537.36 (compatible; Googlebot/2.1; +http://www.google.com/bot.html)"
178.255.215.78 - - [29/Jan/2019:02:20:51 +0100] "GET /robots.txt HTTP/1.1" 404 1256 "-" "Mozilla/5.0 (compatible; Exabot/3.0; +http://www.exabot.com/go/robot)"
178.255.215.78 - - [29/Jan/2019:02:20:51 +0100] "GET / HTTP/1.1" 200 326 "-" "Mozilla/5.0 (compatible; Exabot/3.0; +http://www.exabot.com/go/robot)"
157.55.39.5 - - [29/Jan/2019:07:20:06 +0100] "GET /robots.txt HTTP/1.1" 404 1256 "-" "Mozilla/5.0 (compatible; bingbot/2.0; +http://www.bing.com/bingbot.htm)"
40.77.167.5 - - [29/Jan/2019:07:20:07 +0100] "GET / HTTP/1.1" 200 326 "-" "Mozilla/5.0 (compatible; bingbot/2.0; +http://www.bing.com/bingbot.htm)"
40.77.167.83 - - [29/Jan/2019:07:20:12 +0100] "GET /robots.txt HTTP/1.1" 404 1256 "-" "Mozilla/5.0 (compatible; bingbot/2.0; +http://www.bing.com/bingbot.htm)"
23.228.96.82 - - [29/Jan/2019:18:29:24 +0100] "GET /wp-content/plugins/wp-vertical-gallery/readme.txt HTTP/1.1" 404 1256 "http://www.ruehling.com/wp-content/plugins/wp-vertical-gallery/readme.txt" "Mozilla/5.0 (Windows NT 6.1; WOW64) AppleWebKit/537.36 (KHTML, like Gecko) Chrome/42.0.2311.152 Safari/537.36"
66.249.70.17 - - [29/Jan/2019:22:59:06 +0100] "GET /robots.txt HTTP/1.1" 404 1256 "-" "Mozilla/5.0 (compatible; Googlebot/2.1; +http://www.google.com/bot.html)"
66.249.70.19 - - [29/Jan/2019:22:59:06 +0100] "GET / HTTP/1.1" 200 326 "-" "Mozilla/5.0 (Linux; Android 6.0.1; Nexus 5X Build/MMB29P) AppleWebKit/537.36 (KHTML, like Gecko) Chrome/41.0.2272.96 Mobile Safari/537.36 (compatible; Googlebot/2.1; +http://www.google.com/bot.html)"
123.125.67.165 - - [30/Jan/2019:00:48:11 +0100] "GET /robots.txt HTTP/1.1" 404 1256 "-" "Mozilla/5.0 (Windows NT 10.0; WOW64) AppleWebKit/537.36 (KHTML, like Gecko) Chrome/45.0.2454.93 Safari/537.36"
52.53.201.78 - - [30/Jan/2019:10:09:25 +0100] "GET / HTTP/1.1" 200 326 "-" "Mozilla/5.0 (Macintosh; Intel Mac OS X 10_12_6) AppleWebKit/537.36 (KHTML, like Gecko) Chrome/61.0.3163.100 Safari/537.36"
108.171.129.163 - - [30/Jan/2019:15:10:44 +0100] "GET /opel/HTML/indexneu.htm HTTP/1.1" 200 9102 "http://www.google.de/url?sa=t&rct=j&q=&esrc=s&source=web&cd=1&ved=2ahUKEwjv9KnM15XgAhWDBGMBHcXcBQoQFjAAegQIAxAB&url=http%3A%2F%2Fwww.ruehling.com%2Fopel%2FHTML%2Findexneu.htm&usg=AOvVaw2-1bLhwZ9IOKdgkHObw3WJ" "Mozilla/5.0 (Windows NT 6.1; WOW64; Trident/7.0; rv:11.0) like Gecko"
108.171.129.163 - - [30/Jan/2019:15:10:45 +0100] "GET /opel/PREVIEW/23.jpg HTTP/1.1" 200 76384 "http://www.ruehling.com/opel/HTML/indexneu.htm" "Mozilla/5.0 (Windows NT 6.1; WOW64; Trident/7.0; rv:11.0) like Gecko"
108.171.129.163 - - [30/Jan/2019:15:10:45 +0100] "GET /opel/PREVIEW/5.jpg HTTP/1.1" 200 76822 "http://www.ruehling.com/opel/HTML/indexneu.htm" "Mozilla/5.0 (Windows NT 6.1; WOW64; Trident/7.0; rv:11.0) like Gecko"
108.171.129.163 - - [30/Jan/2019:15:10:45 +0100] "GET /opel/PREVIEW/37.jpg HTTP/1.1" 200 74669 "http://www.ruehling.com/opel/HTML/indexneu.htm" "Mozilla/5.0 (Windows NT 6.1; WOW64; Trident/7.0; rv:11.0) like Gecko"
108.171.129.163 - - [30/Jan/2019:15:10:45 +0100] "GET /opel/PREVIEW/13.jpg HTTP/1.1" 200 85057 "http://www.ruehling.com/opel/HTML/indexneu.htm" "Mozilla/5.0 (Windows NT 6.1; WOW64; Trident/7.0; rv:11.0) like Gecko"
108.171.129.163 - - [30/Jan/2019:15:10:45 +0100] "GET /opel/PREVIEW/30.jpg HTTP/1.1" 200 75673 "http://www.ruehling.com/opel/HTML/indexneu.htm" "Mozilla/5.0 (Windows NT 6.1; WOW64; Trident/7.0; rv:11.0) like Gecko"
108.171.129.163 - - [30/Jan/2019:15:10:45 +0100] "GET /opel/PREVIEW/26.jpg HTTP/1.1" 200 89072 "http://www.ruehling.com/opel/HTML/indexneu.htm" "Mozilla/5.0 (Windows NT 6.1; WOW64; Trident/7.0; rv:11.0) like Gecko"
108.171.129.163 - - [30/Jan/2019:15:10:45 +0100] "GET /opel/PREVIEW/18.jpg HTTP/1.1" 200 98633 "http://www.ruehling.com/opel/HTML/indexneu.htm" "Mozilla/5.0 (Windows NT 6.1; WOW64; Trident/7.0; rv:11.0) like Gecko"
108.171.129.163 - - [30/Jan/2019:15:10:45 +0100] "GET /opel/PREVIEW/33.jpg HTTP/1.1" 200 109692 "http://www.ruehling.com/opel/HTML/indexneu.htm" "Mozilla/5.0 (Windows NT 6.1; WOW64; Trident/7.0; rv:11.0) like Gecko"
108.171.129.163 - - [30/Jan/2019:15:10:45 +0100] "GET /opel/PREVIEW/11.jpg HTTP/1.1" 200 110385 "http://www.ruehling.com/opel/HTML/indexneu.htm" "Mozilla/5.0 (Windows NT 6.1; WOW64; Trident/7.0; rv:11.0) like Gecko"
108.171.129.163 - - [30/Jan/2019:15:10:45 +0100] "GET /opel/PREVIEW/1.jpg HTTP/1.1" 200 83494 "http://www.ruehling.com/opel/HTML/indexneu.htm" "Mozilla/5.0 (Windows NT 6.1; WOW64; Trident/7.0; rv:11.0) like Gecko"
108.171.129.163 - - [30/Jan/2019:15:10:45 +0100] "GET /opel/PREVIEW/6.jpg HTTP/1.1" 200 78318 "http://www.ruehling.com/opel/HTML/indexneu.htm" "Mozilla/5.0 (Windows NT 6.1; WOW64; Trident/7.0; rv:11.0) like Gecko"
108.171.129.163 - - [30/Jan/2019:15:10:45 +0100] "GET /opel/PREVIEW/39.jpg HTTP/1.1" 200 79572 "http://www.ruehling.com/opel/HTML/indexneu.htm" "Mozilla/5.0 (Windows NT 6.1; WOW64; Trident/7.0; rv:11.0) like Gecko"
108.171.129.163 - - [30/Jan/2019:15:10:45 +0100] "GET /opel/PREVIEW/34.jpg HTTP/1.1" 200 94092 "http://www.ruehling.com/opel/HTML/indexneu.htm" "Mozilla/5.0 (Windows NT 6.1; WOW64; Trident/7.0; rv:11.0) like Gecko"
108.171.129.163 - - [30/Jan/2019:15:10:45 +0100] "GET /opel/PREVIEW/38.jpg HTTP/1.1" 200 84996 "http://www.ruehling.com/opel/HTML/indexneu.htm" "Mozilla/5.0 (Windows NT 6.1; WOW64; Trident/7.0; rv:11.0) like Gecko"
108.171.129.163 - - [30/Jan/2019:15:10:45 +0100] "GET /opel/PREVIEW/31.jpg HTTP/1.1" 200 100826 "http://www.ruehling.com/opel/HTML/indexneu.htm" "Mozilla/5.0 (Windows NT 6.1; WOW64; Trident/7.0; rv:11.0) like Gecko"
108.171.129.163 - - [30/Jan/2019:15:10:46 +0100] "GET /opel/PREVIEW/29.jpg HTTP/1.1" 200 111301 "http://www.ruehling.com/opel/HTML/indexneu.htm" "Mozilla/5.0 (Windows NT 6.1; WOW64; Trident/7.0; rv:11.0) like Gecko"
108.171.129.163 - - [30/Jan/2019:15:10:47 +0100] "GET /opel/PREVIEW/19.jpg HTTP/1.1" 200 80461 "http://www.ruehling.com/opel/HTML/indexneu.htm" "Mozilla/5.0 (Windows NT 6.1; WOW64; Trident/7.0; rv:11.0) like Gecko"
108.171.129.163 - - [30/Jan/2019:15:10:47 +0100] "GET /opel/PREVIEW/10.jpg HTTP/1.1" 200 92073 "http://www.ruehling.com/opel/HTML/indexneu.htm" "Mozilla/5.0 (Windows NT 6.1; WOW64; Trident/7.0; rv:11.0) like Gecko"
108.171.129.163 - - [30/Jan/2019:15:10:48 +0100] "GET /opel/PREVIEW/28.jpg HTTP/1.1" 200 78580 "http://www.ruehling.com/opel/HTML/indexneu.htm" "Mozilla/5.0 (Windows NT 6.1; WOW64; Trident/7.0; rv:11.0) like Gecko"
108.171.129.163 - - [30/Jan/2019:15:10:48 +0100] "GET /opel/HTML/INDEX1.JS HTTP/1.1" 200 42502 "http://www.ruehling.com/opel/HTML/indexneu.htm" "Mozilla/5.0 (Windows NT 6.1; WOW64; Trident/7.0; rv:11.0) like Gecko"
108.171.129.163 - - [30/Jan/2019:15:10:48 +0100] "GET /opel/PREVIEW/41.jpg HTTP/1.1" 200 83515 "http://www.ruehling.com/opel/HTML/indexneu.htm" "Mozilla/5.0 (Windows NT 6.1; WOW64; Trident/7.0; rv:11.0) like Gecko"
108.171.129.163 - - [30/Jan/2019:15:10:48 +0100] "GET /opel/PREVIEW/32.jpg HTTP/1.1" 200 105983 "http://www.ruehling.com/opel/HTML/indexneu.htm" "Mozilla/5.0 (Windows NT 6.1; WOW64; Trident/7.0; rv:11.0) like Gecko"
108.171.129.163 - - [30/Jan/2019:15:10:49 +0100] "GET /opel/PREVIEW/7.jpg HTTP/1.1" 200 76081 "http://www.ruehling.com/opel/HTML/indexneu.htm" "Mozilla/5.0 (Windows NT 6.1; WOW64; Trident/7.0; rv:11.0) like Gecko"
108.171.129.163 - - [30/Jan/2019:15:10:49 +0100] "GET /opel/PREVIEW/8.jpg HTTP/1.1" 200 35837 "http://www.ruehling.com/opel/HTML/indexneu.htm" "Mozilla/5.0 (Windows NT 6.1; WOW64; Trident/7.0; rv:11.0) like Gecko"
108.171.129.163 - - [30/Jan/2019:15:10:49 +0100] "GET /opel/PREVIEW/21.jpg HTTP/1.1" 200 69254 "http://www.ruehling.com/opel/HTML/indexneu.htm" "Mozilla/5.0 (Windows NT 6.1; WOW64; Trident/7.0; rv:11.0) like Gecko"
