123.125.71.23 - - [01/Sep/2011:01:32:13 +0200] "GET / HTTP/1.1" 200 326 "-" "Mozilla/5.0 (compatible; Baiduspider/2.0; +http://www.baidu.com/search/spider.html)"
220.181.108.87 - - [01/Sep/2011:01:32:42 +0200] "GET / HTTP/1.1" 200 326 "-" "Mozilla/5.0 (compatible; Baiduspider/2.0; +http://www.baidu.com/search/spider.html)"
220.181.108.75 - - [01/Sep/2011:05:31:11 +0200] "GET / HTTP/1.1" 200 326 "-" "Mozilla/5.0 (compatible; Baiduspider/2.0; +http://www.baidu.com/search/spider.html)"
123.125.71.15 - - [01/Sep/2011:06:30:16 +0200] "GET / HTTP/1.1" 200 326 "-" "Mozilla/5.0 (compatible; Baiduspider/2.0; +http://www.baidu.com/search/spider.html)"
220.181.108.86 - - [01/Sep/2011:06:30:43 +0200] "GET / HTTP/1.1" 200 326 "-" "Mozilla/5.0 (compatible; Baiduspider/2.0; +http://www.baidu.com/search/spider.html)"
123.125.71.34 - - [01/Sep/2011:07:30:22 +0200] "GET / HTTP/1.1" 200 326 "-" "Mozilla/5.0 (compatible; Baiduspider/2.0; +http://www.baidu.com/search/spider.html)"
220.181.108.77 - - [01/Sep/2011:07:30:48 +0200] "GET / HTTP/1.1" 200 326 "-" "Mozilla/5.0 (compatible; Baiduspider/2.0; +http://www.baidu.com/search/spider.html)"
123.125.71.31 - - [01/Sep/2011:15:32:56 +0200] "GET / HTTP/1.1" 200 326 "-" "Mozilla/5.0 (compatible; Baiduspider/2.0; +http://www.baidu.com/search/spider.html)"
220.181.108.96 - - [01/Sep/2011:15:33:29 +0200] "GET / HTTP/1.1" 200 326 "-" "Mozilla/5.0 (compatible; Baiduspider/2.0; +http://www.baidu.com/search/spider.html)"
220.181.108.155 - - [01/Sep/2011:16:22:02 +0200] "GET /robots.txt HTTP/1.1" 404 1256 "-" "Baiduspider+(+http://www.baidu.com/search/spider.htm)"
220.181.108.94 - - [01/Sep/2011:17:33:24 +0200] "GET / HTTP/1.1" 200 326 "-" "Mozilla/5.0 (compatible; Baiduspider/2.0; +http://www.baidu.com/search/spider.html)"
123.125.71.25 - - [01/Sep/2011:17:33:27 +0200] "GET / HTTP/1.1" 200 326 "-" "Mozilla/5.0 (compatible; Baiduspider/2.0; +http://www.baidu.com/search/spider.html)"
123.125.71.14 - - [01/Sep/2011:18:45:27 +0200] "GET / HTTP/1.1" 200 326 "-" "Mozilla/5.0 (compatible; Baiduspider/2.0; +http://www.baidu.com/search/spider.html)"
220.181.108.84 - - [01/Sep/2011:18:46:15 +0200] "GET / HTTP/1.1" 200 326 "-" "Mozilla/5.0 (compatible; Baiduspider/2.0; +http://www.baidu.com/search/spider.html)"
82.165.37.69 - - [01/Sep/2011:19:03:53 +0200] "GET / HTTP/1.0" 200 326 "http://logistique.li/IPTCBOT/" "Mozilla/5.0 (compatible; IPTCBOT;"
85.214.75.94 - - [01/Sep/2011:19:33:19 +0200] "HEAD / HTTP/1.1" 200 - "http://www.eurip.com" "EuripBot/1.1 (+http://www.eurip.com) PreCheck"
66.249.67.78 - - [01/Sep/2011:23:01:16 +0200] "GET /robots.txt HTTP/1.1" 404 1256 "-" "Mozilla/5.0 (compatible; Googlebot/2.1; +http://www.google.com/bot.html)"
66.249.67.78 - - [01/Sep/2011:23:01:16 +0200] "GET / HTTP/1.1" 200 326 "-" "Mozilla/5.0 (compatible; Googlebot/2.1; +http://www.google.com/bot.html)"
123.125.71.21 - - [02/Sep/2011:01:32:23 +0200] "GET / HTTP/1.1" 200 326 "-" "Mozilla/5.0 (compatible; Baiduspider/2.0; +http://www.baidu.com/search/spider.html)"
220.181.108.84 - - [02/Sep/2011:01:32:29 +0200] "GET / HTTP/1.1" 200 326 "-" "Mozilla/5.0 (compatible; Baiduspider/2.0; +http://www.baidu.com/search/spider.html)"
123.125.71.27 - - [02/Sep/2011:06:32:31 +0200] "GET / HTTP/1.1" 200 326 "-" "Mozilla/5.0 (compatible; Baiduspider/2.0; +http://www.baidu.com/search/spider.html)"
220.181.108.90 - - [02/Sep/2011:06:32:59 +0200] "GET / HTTP/1.1" 200 326 "-" "Mozilla/5.0 (compatible; Baiduspider/2.0; +http://www.baidu.com/search/spider.html)"
220.181.108.78 - - [02/Sep/2011:10:34:11 +0200] "GET / HTTP/1.1" 200 326 "-" "Mozilla/5.0 (compatible; Baiduspider/2.0; +http://www.baidu.com/search/spider.html)"
123.125.71.31 - - [02/Sep/2011:10:35:34 +0200] "GET / HTTP/1.1" 200 326 "-" "Mozilla/5.0 (compatible; Baiduspider/2.0; +http://www.baidu.com/search/spider.html)"
220.181.108.154 - - [02/Sep/2011:13:27:21 +0200] "GET /robots.txt HTTP/1.1" 404 1256 "-" "Baiduspider+(+http://www.baidu.com/search/spider.htm)"
123.125.71.26 - - [02/Sep/2011:16:08:17 +0200] "GET / HTTP/1.1" 200 326 "-" "Mozilla/5.0 (compatible; Baiduspider/2.0; +http://www.baidu.com/search/spider.html)"
220.181.108.90 - - [02/Sep/2011:17:32:38 +0200] "GET / HTTP/1.1" 200 326 "-" "Mozilla/5.0 (compatible; Baiduspider/2.0; +http://www.baidu.com/search/spider.html)"
123.125.71.23 - - [02/Sep/2011:17:33:17 +0200] "GET / HTTP/1.1" 200 326 "-" "Mozilla/5.0 (compatible; Baiduspider/2.0; +http://www.baidu.com/search/spider.html)"
123.125.71.32 - - [02/Sep/2011:21:33:05 +0200] "GET / HTTP/1.1" 200 326 "-" "Mozilla/5.0 (compatible; Baiduspider/2.0; +http://www.baidu.com/search/spider.html)"
220.181.108.85 - - [02/Sep/2011:21:33:25 +0200] "GET / HTTP/1.1" 200 326 "-" "Mozilla/5.0 (compatible; Baiduspider/2.0; +http://www.baidu.com/search/spider.html)"
123.125.71.30 - - [02/Sep/2011:22:33:56 +0200] "GET / HTTP/1.1" 200 326 "-" "Mozilla/5.0 (compatible; Baiduspider/2.0; +http://www.baidu.com/search/spider.html)"
220.181.108.82 - - [02/Sep/2011:22:34:15 +0200] "GET / HTTP/1.1" 200 326 "-" "Mozilla/5.0 (compatible; Baiduspider/2.0; +http://www.baidu.com/search/spider.html)"
95.108.151.244 - - [02/Sep/2011:23:04:39 +0200] "GET /robots.txt HTTP/1.1" 404 1256 "-" "Mozilla/5.0 (compatible; YandexBot/3.0; +http://yandex.com/bots)"
95.108.151.244 - - [02/Sep/2011:23:04:40 +0200] "GET / HTTP/1.1" 200 326 "-" "Mozilla/5.0 (compatible; YandexBot/3.0; +http://yandex.com/bots)"
95.108.151.244 - - [02/Sep/2011:23:04:41 +0200] "GET / HTTP/1.1" 200 326 "-" "Mozilla/5.0 (compatible; YandexBot/3.0; +http://yandex.com/bots)"
220.181.108.91 - - [03/Sep/2011:02:32:39 +0200] "GET / HTTP/1.1" 200 326 "-" "Mozilla/5.0 (compatible; Baiduspider/2.0; +http://www.baidu.com/search/spider.html)"
123.125.71.26 - - [03/Sep/2011:02:33:05 +0200] "GET / HTTP/1.1" 200 326 "-" "Mozilla/5.0 (compatible; Baiduspider/2.0; +http://www.baidu.com/search/spider.html)"
123.125.71.27 - - [03/Sep/2011:14:04:54 +0200] "GET / HTTP/1.1" 200 326 "-" "Mozilla/5.0 (compatible; Baiduspider/2.0; +http://www.baidu.com/search/spider.html)"
123.125.71.30 - - [03/Sep/2011:18:44:59 +0200] "GET / HTTP/1.1" 200 326 "-" "Mozilla/5.0 (compatible; Baiduspider/2.0; +http://www.baidu.com/search/spider.html)"
220.181.108.85 - - [03/Sep/2011:18:45:46 +0200] "GET / HTTP/1.1" 200 326 "-" "Mozilla/5.0 (compatible; Baiduspider/2.0; +http://www.baidu.com/search/spider.html)"
123.125.71.31 - - [03/Sep/2011:19:32:45 +0200] "GET / HTTP/1.1" 200 326 "-" "Mozilla/5.0 (compatible; Baiduspider/2.0; +http://www.baidu.com/search/spider.html)"
220.181.108.78 - - [03/Sep/2011:19:33:11 +0200] "GET / HTTP/1.1" 200 326 "-" "Mozilla/5.0 (compatible; Baiduspider/2.0; +http://www.baidu.com/search/spider.html)"
123.125.71.28 - - [03/Sep/2011:21:33:47 +0200] "GET / HTTP/1.1" 200 326 "-" "Mozilla/5.0 (compatible; Baiduspider/2.0; +http://www.baidu.com/search/spider.html)"
220.181.108.81 - - [03/Sep/2011:21:34:21 +0200] "GET / HTTP/1.1" 200 326 "-" "Mozilla/5.0 (compatible; Baiduspider/2.0; +http://www.baidu.com/search/spider.html)"
220.181.108.158 - - [03/Sep/2011:22:01:52 +0200] "GET /robots.txt HTTP/1.1" 404 1256 "-" "Baiduspider+(+http://www.baidu.com/search/spider.htm)"
95.108.158.134 - - [04/Sep/2011:01:35:47 +0200] "GET /robots.txt HTTP/1.1" 404 1256 "-" "Mozilla/5.0 (compatible; YandexBot/3.0; +http://yandex.com/bots)"
95.108.158.134 - - [04/Sep/2011:05:31:44 +0200] "GET / HTTP/1.1" 200 326 "-" "Mozilla/5.0 (compatible; YandexBot/3.0; +http://yandex.com/bots)"
123.125.71.26 - - [04/Sep/2011:06:31:11 +0200] "GET / HTTP/1.1" 200 326 "-" "Mozilla/5.0 (compatible; Baiduspider/2.0; +http://www.baidu.com/search/spider.html)"
220.181.108.90 - - [04/Sep/2011:06:31:43 +0200] "GET / HTTP/1.1" 200 326 "-" "Mozilla/5.0 (compatible; Baiduspider/2.0; +http://www.baidu.com/search/spider.html)"
123.125.71.27 - - [04/Sep/2011:09:33:04 +0200] "GET / HTTP/1.1" 200 326 "-" "Mozilla/5.0 (compatible; Baiduspider/2.0; +http://www.baidu.com/search/spider.html)"
220.181.108.96 - - [04/Sep/2011:09:33:38 +0200] "GET / HTTP/1.1" 200 326 "-" "Mozilla/5.0 (compatible; Baiduspider/2.0; +http://www.baidu.com/search/spider.html)"
123.125.71.13 - - [04/Sep/2011:13:31:28 +0200] "GET / HTTP/1.1" 200 326 "-" "Mozilla/5.0 (compatible; Baiduspider/2.0; +http://www.baidu.com/search/spider.html)"
220.181.108.76 - - [04/Sep/2011:13:31:59 +0200] "GET / HTTP/1.1" 200 326 "-" "Mozilla/5.0 (compatible; Baiduspider/2.0; +http://www.baidu.com/search/spider.html)"
123.125.71.15 - - [04/Sep/2011:17:32:35 +0200] "GET / HTTP/1.1" 200 326 "-" "Mozilla/5.0 (compatible; Baiduspider/2.0; +http://www.baidu.com/search/spider.html)"
220.181.108.93 - - [04/Sep/2011:17:33:08 +0200] "GET / HTTP/1.1" 200 326 "-" "Mozilla/5.0 (compatible; Baiduspider/2.0; +http://www.baidu.com/search/spider.html)"
123.125.71.20 - - [04/Sep/2011:19:29:40 +0200] "GET / HTTP/1.1" 200 326 "-" "Mozilla/5.0 (compatible; Baiduspider/2.0; +http://www.baidu.com/search/spider.html)"
220.181.108.86 - - [04/Sep/2011:19:30:05 +0200] "GET / HTTP/1.1" 200 326 "-" "Mozilla/5.0 (compatible; Baiduspider/2.0; +http://www.baidu.com/search/spider.html)"
69.71.222.186 - - [04/Sep/2011:19:49:08 +0200] "GET / HTTP/1.0" 200 326 "http://www.sitedossier.com/site/www.ruehling.com" "-"
123.125.71.29 - - [04/Sep/2011:21:32:21 +0200] "GET / HTTP/1.1" 200 326 "-" "Mozilla/5.0 (compatible; Baiduspider/2.0; +http://www.baidu.com/search/spider.html)"
220.181.108.89 - - [04/Sep/2011:21:32:52 +0200] "GET / HTTP/1.1" 200 326 "-" "Mozilla/5.0 (compatible; Baiduspider/2.0; +http://www.baidu.com/search/spider.html)"
178.200.41.169 - - [04/Sep/2011:22:46:55 +0200] "GET / HTTP/1.1" 200 326 "http://www.google.de/search?q=ruehling.com" "Mozilla/5.0 (compatible; MSIE 9.0; Windows NT 6.1; WOW64; Trident/5.0)"
178.200.41.169 - - [04/Sep/2011:22:46:55 +0200] "GET /favicon.ico HTTP/1.1" 404 1256 "-" "Mozilla/5.0 (compatible; MSIE 9.0; Windows NT 6.1; WOW64; Trident/5.0)"
220.181.108.147 - - [04/Sep/2011:23:29:16 +0200] "GET /robots.txt HTTP/1.1" 404 1256 "-" "Baiduspider+(+http://www.baidu.com/search/spider.htm)"
123.125.71.33 - - [04/Sep/2011:23:32:36 +0200] "GET / HTTP/1.1" 200 326 "-" "Mozilla/5.0 (compatible; Baiduspider/2.0; +http://www.baidu.com/search/spider.html)"
220.181.108.83 - - [04/Sep/2011:23:33:08 +0200] "GET / HTTP/1.1" 200 326 "-" "Mozilla/5.0 (compatible; Baiduspider/2.0; +http://www.baidu.com/search/spider.html)"
123.125.71.32 - - [05/Sep/2011:03:31:07 +0200] "GET / HTTP/1.1" 200 326 "-" "Mozilla/5.0 (compatible; Baiduspider/2.0; +http://www.baidu.com/search/spider.html)"
220.181.108.86 - - [05/Sep/2011:03:31:36 +0200] "GET / HTTP/1.1" 200 326 "-" "Mozilla/5.0 (compatible; Baiduspider/2.0; +http://www.baidu.com/search/spider.html)"
220.181.108.94 - - [05/Sep/2011:07:30:17 +0200] "GET / HTTP/1.1" 200 326 "-" "Mozilla/5.0 (compatible; Baiduspider/2.0; +http://www.baidu.com/search/spider.html)"
123.125.71.27 - - [05/Sep/2011:07:30:17 +0200] "GET / HTTP/1.1" 200 326 "-" "Mozilla/5.0 (compatible; Baiduspider/2.0; +http://www.baidu.com/search/spider.html)"
178.5.110.49 - - [05/Sep/2011:09:48:32 +0200] "GET / HTTP/1.1" 200 326 "-" "Mozilla/4.0 (compatible; MSIE 6.0; Windows 98; Win 9x4.90)"
123.125.71.14 - - [05/Sep/2011:12:44:07 +0200] "GET / HTTP/1.1" 200 326 "-" "Mozilla/5.0 (compatible; Baiduspider/2.0; +http://www.baidu.com/search/spider.html)"
123.125.71.22 - - [05/Sep/2011:15:31:17 +0200] "GET / HTTP/1.1" 200 326 "-" "Mozilla/5.0 (compatible; Baiduspider/2.0; +http://www.baidu.com/search/spider.html)"
220.181.108.77 - - [05/Sep/2011:15:31:50 +0200] "GET / HTTP/1.1" 200 326 "-" "Mozilla/5.0 (compatible; Baiduspider/2.0; +http://www.baidu.com/search/spider.html)"
123.125.71.17 - - [05/Sep/2011:17:30:28 +0200] "GET / HTTP/1.1" 200 326 "-" "Mozilla/5.0 (compatible; Baiduspider/2.0; +http://www.baidu.com/search/spider.html)"
220.181.108.92 - - [05/Sep/2011:17:30:56 +0200] "GET / HTTP/1.1" 200 326 "-" "Mozilla/5.0 (compatible; Baiduspider/2.0; +http://www.baidu.com/search/spider.html)"
220.181.108.96 - - [05/Sep/2011:19:32:05 +0200] "GET / HTTP/1.1" 200 326 "-" "Mozilla/5.0 (compatible; Baiduspider/2.0; +http://www.baidu.com/search/spider.html)"
123.125.71.14 - - [05/Sep/2011:19:32:19 +0200] "GET / HTTP/1.1" 200 326 "-" "Mozilla/5.0 (compatible; Baiduspider/2.0; +http://www.baidu.com/search/spider.html)"
220.181.108.162 - - [05/Sep/2011:20:26:57 +0200] "GET /robots.txt HTTP/1.1" 404 1256 "-" "Baiduspider+(+http://www.baidu.com/search/spider.htm)"
220.181.108.80 - - [05/Sep/2011:23:32:39 +0200] "GET / HTTP/1.1" 200 326 "-" "Mozilla/5.0 (compatible; Baiduspider/2.0; +http://www.baidu.com/search/spider.html)"
123.125.71.35 - - [05/Sep/2011:23:33:06 +0200] "GET / HTTP/1.1" 200 326 "-" "Mozilla/5.0 (compatible; Baiduspider/2.0; +http://www.baidu.com/search/spider.html)"
123.125.71.27 - - [06/Sep/2011:01:31:41 +0200] "GET / HTTP/1.1" 200 326 "-" "Mozilla/5.0 (compatible; Baiduspider/2.0; +http://www.baidu.com/search/spider.html)"
220.181.108.77 - - [06/Sep/2011:01:31:59 +0200] "GET / HTTP/1.1" 200 326 "-" "Mozilla/5.0 (compatible; Baiduspider/2.0; +http://www.baidu.com/search/spider.html)"
123.125.71.12 - - [06/Sep/2011:02:31:01 +0200] "GET / HTTP/1.1" 200 326 "-" "Mozilla/5.0 (compatible; Baiduspider/2.0; +http://www.baidu.com/search/spider.html)"
220.181.108.97 - - [06/Sep/2011:02:31:25 +0200] "GET / HTTP/1.1" 200 326 "-" "Mozilla/5.0 (compatible; Baiduspider/2.0; +http://www.baidu.com/search/spider.html)"
123.125.71.29 - - [06/Sep/2011:05:29:24 +0200] "GET / HTTP/1.1" 200 326 "-" "Mozilla/5.0 (compatible; Baiduspider/2.0; +http://www.baidu.com/search/spider.html)"
220.181.108.78 - - [06/Sep/2011:05:29:50 +0200] "GET / HTTP/1.1" 200 326 "-" "Mozilla/5.0 (compatible; Baiduspider/2.0; +http://www.baidu.com/search/spider.html)"
123.125.71.12 - - [06/Sep/2011:13:31:56 +0200] "GET / HTTP/1.1" 200 326 "-" "Mozilla/5.0 (compatible; Baiduspider/2.0; +http://www.baidu.com/search/spider.html)"
220.181.108.85 - - [06/Sep/2011:13:32:26 +0200] "GET / HTTP/1.1" 200 326 "-" "Mozilla/5.0 (compatible; Baiduspider/2.0; +http://www.baidu.com/search/spider.html)"
123.125.71.32 - - [06/Sep/2011:15:32:00 +0200] "GET / HTTP/1.1" 200 326 "-" "Mozilla/5.0 (compatible; Baiduspider/2.0; +http://www.baidu.com/search/spider.html)"
220.181.108.75 - - [06/Sep/2011:15:32:32 +0200] "GET / HTTP/1.1" 200 326 "-" "Mozilla/5.0 (compatible; Baiduspider/2.0; +http://www.baidu.com/search/spider.html)"
220.181.108.149 - - [06/Sep/2011:19:28:27 +0200] "GET /robots.txt HTTP/1.1" 404 1256 "-" "Baiduspider+(+http://www.baidu.com/search/spider.htm)"
123.125.71.32 - - [06/Sep/2011:23:33:46 +0200] "GET / HTTP/1.1" 200 326 "-" "Mozilla/5.0 (compatible; Baiduspider/2.0; +http://www.baidu.com/search/spider.html)"
220.181.108.95 - - [06/Sep/2011:23:34:21 +0200] "GET / HTTP/1.1" 200 326 "-" "Mozilla/5.0 (compatible; Baiduspider/2.0; +http://www.baidu.com/search/spider.html)"
95.108.158.134 - - [07/Sep/2011:02:19:27 +0200] "GET /robots.txt HTTP/1.1" 404 1256 "-" "Mozilla/5.0 (compatible; YandexBot/3.0; +http://yandex.com/bots)"
123.125.71.27 - - [07/Sep/2011:03:31:21 +0200] "GET / HTTP/1.1" 200 326 "-" "Mozilla/5.0 (compatible; Baiduspider/2.0; +http://www.baidu.com/search/spider.html)"
220.181.108.86 - - [07/Sep/2011:03:31:52 +0200] "GET / HTTP/1.1" 200 326 "-" "Mozilla/5.0 (compatible; Baiduspider/2.0; +http://www.baidu.com/search/spider.html)"
85.214.75.94 - - [07/Sep/2011:04:48:37 +0200] "GET /robots.txt HTTP/1.1" 404 1256 "http://www.eurip.com" "EuripBot/1.1 (+http://www.eurip.com) GetRobots"
85.214.75.94 - - [07/Sep/2011:04:48:37 +0200] "GET / HTTP/1.1" 200 326 "http://www.eurip.com" "EuripBot/1.1 (+http://www.eurip.com) GetFile"
123.125.71.18 - - [07/Sep/2011:07:31:32 +0200] "GET / HTTP/1.1" 200 326 "-" "Mozilla/5.0 (compatible; Baiduspider/2.0; +http://www.baidu.com/search/spider.html)"
220.181.108.80 - - [07/Sep/2011:07:32:01 +0200] "GET / HTTP/1.1" 200 326 "-" "Mozilla/5.0 (compatible; Baiduspider/2.0; +http://www.baidu.com/search/spider.html)"
95.108.158.134 - - [07/Sep/2011:09:30:02 +0200] "GET / HTTP/1.1" 200 326 "-" "Mozilla/5.0 (compatible; YandexBot/3.0; +http://yandex.com/bots)"
123.125.71.98 - - [07/Sep/2011:12:55:16 +0200] "GET / HTTP/1.1" 200 326 "-" "Mozilla/5.0 (compatible; Baiduspider/2.0; +http://www.baidu.com/search/spider.html)"
123.125.71.36 - - [07/Sep/2011:19:33:28 +0200] "GET / HTTP/1.1" 200 326 "-" "Mozilla/5.0 (compatible; Baiduspider/2.0; +http://www.baidu.com/search/spider.html)"
220.181.108.92 - - [07/Sep/2011:19:33:59 +0200] "GET / HTTP/1.1" 200 326 "-" "Mozilla/5.0 (compatible; Baiduspider/2.0; +http://www.baidu.com/search/spider.html)"
220.181.108.90 - - [07/Sep/2011:21:32:46 +0200] "GET / HTTP/1.1" 200 326 "-" "Mozilla/5.0 (compatible; Baiduspider/2.0; +http://www.baidu.com/search/spider.html)"
123.125.71.21 - - [07/Sep/2011:21:32:46 +0200] "GET / HTTP/1.1" 200 326 "-" "Mozilla/5.0 (compatible; Baiduspider/2.0; +http://www.baidu.com/search/spider.html)"
123.125.71.14 - - [07/Sep/2011:23:30:38 +0200] "GET / HTTP/1.1" 200 326 "-" "Mozilla/5.0 (compatible; Baiduspider/2.0; +http://www.baidu.com/search/spider.html)"
220.181.108.94 - - [07/Sep/2011:23:31:04 +0200] "GET / HTTP/1.1" 200 326 "-" "Mozilla/5.0 (compatible; Baiduspider/2.0; +http://www.baidu.com/search/spider.html)"
220.181.108.152 - - [08/Sep/2011:00:24:15 +0200] "GET /robots.txt HTTP/1.1" 404 1256 "-" "Baiduspider+(+http://www.baidu.com/search/spider.htm)"
123.125.71.31 - - [08/Sep/2011:03:30:42 +0200] "GET / HTTP/1.1" 200 326 "-" "Mozilla/5.0 (compatible; Baiduspider/2.0; +http://www.baidu.com/search/spider.html)"
220.181.108.92 - - [08/Sep/2011:03:31:13 +0200] "GET / HTTP/1.1" 200 326 "-" "Mozilla/5.0 (compatible; Baiduspider/2.0; +http://www.baidu.com/search/spider.html)"
184.107.226.114 - - [08/Sep/2011:08:44:34 +0200] "GET / HTTP/1.0" 200 326 "-" "Wget/1.11.4 Red Hat modified"
123.125.71.16 - - [08/Sep/2011:15:31:11 +0200] "GET / HTTP/1.1" 200 326 "-" "Mozilla/5.0 (compatible; Baiduspider/2.0; +http://www.baidu.com/search/spider.html)"
220.181.108.85 - - [08/Sep/2011:15:31:14 +0200] "GET / HTTP/1.1" 200 326 "-" "Mozilla/5.0 (compatible; Baiduspider/2.0; +http://www.baidu.com/search/spider.html)"
123.125.71.25 - - [08/Sep/2011:19:29:36 +0200] "GET / HTTP/1.1" 200 326 "-" "Mozilla/5.0 (compatible; Baiduspider/2.0; +http://www.baidu.com/search/spider.html)"
220.181.108.89 - - [08/Sep/2011:19:30:03 +0200] "GET / HTTP/1.1" 200 326 "-" "Mozilla/5.0 (compatible; Baiduspider/2.0; +http://www.baidu.com/search/spider.html)"
184.82.131.106 - - [08/Sep/2011:22:06:10 +0200] "GET / HTTP/1.1" 200 326 "-" "Mozilla/5.0 (X11; U; Linux i686; en-US; rv:1.8.1.20) Gecko/20081217 Firefox/2.0.0.20"
220.181.108.78 - - [09/Sep/2011:10:32:51 +0200] "GET / HTTP/1.1" 200 326 "-" "Mozilla/5.0 (compatible; Baiduspider/2.0; +http://www.baidu.com/search/spider.html)"
123.125.71.23 - - [09/Sep/2011:10:33:46 +0200] "GET / HTTP/1.1" 200 326 "-" "Mozilla/5.0 (compatible; Baiduspider/2.0; +http://www.baidu.com/search/spider.html)"
123.125.71.30 - - [09/Sep/2011:11:33:10 +0200] "GET / HTTP/1.1" 200 326 "-" "Mozilla/5.0 (compatible; Baiduspider/2.0; +http://www.baidu.com/search/spider.html)"
220.181.108.81 - - [09/Sep/2011:11:33:21 +0200] "GET / HTTP/1.1" 200 326 "-" "Mozilla/5.0 (compatible; Baiduspider/2.0; +http://www.baidu.com/search/spider.html)"
123.125.71.19 - - [09/Sep/2011:15:37:00 +0200] "GET / HTTP/1.1" 200 326 "-" "Mozilla/5.0 (compatible; Baiduspider/2.0; +http://www.baidu.com/search/spider.html)"
82.165.37.69 - - [09/Sep/2011:17:04:02 +0200] "GET / HTTP/1.0" 200 326 "http://kennensiemich.ch/?photox3=/" "Mozilla/5.0 (compatible; IPTCBOT;"
123.125.71.31 - - [09/Sep/2011:22:32:02 +0200] "GET / HTTP/1.1" 200 326 "-" "Mozilla/5.0 (compatible; Baiduspider/2.0; +http://www.baidu.com/search/spider.html)"
220.181.108.92 - - [09/Sep/2011:22:32:41 +0200] "GET / HTTP/1.1" 200 326 "-" "Mozilla/5.0 (compatible; Baiduspider/2.0; +http://www.baidu.com/search/spider.html)"
123.125.71.31 - - [10/Sep/2011:03:32:08 +0200] "GET / HTTP/1.1" 200 326 "-" "Mozilla/5.0 (compatible; Baiduspider/2.0; +http://www.baidu.com/search/spider.html)"
220.181.108.92 - - [10/Sep/2011:03:32:43 +0200] "GET / HTTP/1.1" 200 326 "-" "Mozilla/5.0 (compatible; Baiduspider/2.0; +http://www.baidu.com/search/spider.html)"
220.181.108.76 - - [10/Sep/2011:07:31:00 +0200] "GET / HTTP/1.1" 200 326 "-" "Mozilla/5.0 (compatible; Baiduspider/2.0; +http://www.baidu.com/search/spider.html)"
123.125.71.25 - - [10/Sep/2011:07:31:15 +0200] "GET / HTTP/1.1" 200 326 "-" "Mozilla/5.0 (compatible; Baiduspider/2.0; +http://www.baidu.com/search/spider.html)"
123.125.71.18 - - [10/Sep/2011:09:32:38 +0200] "GET / HTTP/1.1" 200 326 "-" "Mozilla/5.0 (compatible; Baiduspider/2.0; +http://www.baidu.com/search/spider.html)"
123.125.71.29 - - [10/Sep/2011:10:33:05 +0200] "GET / HTTP/1.1" 200 326 "-" "Mozilla/5.0 (compatible; Baiduspider/2.0; +http://www.baidu.com/search/spider.html)"
220.181.108.82 - - [10/Sep/2011:10:33:39 +0200] "GET / HTTP/1.1" 200 326 "-" "Mozilla/5.0 (compatible; Baiduspider/2.0; +http://www.baidu.com/search/spider.html)"
123.125.71.72 - - [10/Sep/2011:10:48:05 +0200] "GET / HTTP/1.1" 200 326 "-" "Mozilla/5.0 (compatible; Baiduspider/2.0; +http://www.baidu.com/search/spider.html)"
123.125.71.34 - - [10/Sep/2011:15:32:19 +0200] "GET / HTTP/1.1" 200 326 "-" "Mozilla/5.0 (compatible; Baiduspider/2.0; +http://www.baidu.com/search/spider.html)"
220.181.108.80 - - [10/Sep/2011:15:32:27 +0200] "GET / HTTP/1.1" 200 326 "-" "Mozilla/5.0 (compatible; Baiduspider/2.0; +http://www.baidu.com/search/spider.html)"
123.125.71.30 - - [10/Sep/2011:18:45:40 +0200] "GET / HTTP/1.1" 200 326 "-" "Mozilla/5.0 (compatible; Baiduspider/2.0; +http://www.baidu.com/search/spider.html)"
220.181.108.97 - - [10/Sep/2011:18:46:27 +0200] "GET / HTTP/1.1" 200 326 "-" "Mozilla/5.0 (compatible; Baiduspider/2.0; +http://www.baidu.com/search/spider.html)"
123.125.71.35 - - [10/Sep/2011:19:31:33 +0200] "GET / HTTP/1.1" 200 326 "-" "Mozilla/5.0 (compatible; Baiduspider/2.0; +http://www.baidu.com/search/spider.html)"
220.181.108.91 - - [10/Sep/2011:19:31:54 +0200] "GET / HTTP/1.1" 200 326 "-" "Mozilla/5.0 (compatible; Baiduspider/2.0; +http://www.baidu.com/search/spider.html)"
220.181.108.157 - - [10/Sep/2011:20:58:36 +0200] "GET /robots.txt HTTP/1.1" 404 1256 "-" "Baiduspider+(+http://www.baidu.com/search/spider.htm)"
123.125.71.23 - - [10/Sep/2011:23:32:59 +0200] "GET / HTTP/1.1" 200 326 "-" "Mozilla/5.0 (compatible; Baiduspider/2.0; +http://www.baidu.com/search/spider.html)"
220.181.108.76 - - [10/Sep/2011:23:33:33 +0200] "GET / HTTP/1.1" 200 326 "-" "Mozilla/5.0 (compatible; Baiduspider/2.0; +http://www.baidu.com/search/spider.html)"
123.125.71.20 - - [11/Sep/2011:03:32:32 +0200] "GET / HTTP/1.1" 200 326 "-" "Mozilla/5.0 (compatible; Baiduspider/2.0; +http://www.baidu.com/search/spider.html)"
220.181.108.83 - - [11/Sep/2011:03:33:04 +0200] "GET / HTTP/1.1" 200 326 "-" "Mozilla/5.0 (compatible; Baiduspider/2.0; +http://www.baidu.com/search/spider.html)"
220.181.108.83 - - [11/Sep/2011:07:32:42 +0200] "GET / HTTP/1.1" 200 326 "-" "Mozilla/5.0 (compatible; Baiduspider/2.0; +http://www.baidu.com/search/spider.html)"
123.125.71.23 - - [11/Sep/2011:07:32:45 +0200] "GET / HTTP/1.1" 200 326 "-" "Mozilla/5.0 (compatible; Baiduspider/2.0; +http://www.baidu.com/search/spider.html)"
123.125.71.22 - - [11/Sep/2011:12:32:43 +0200] "GET / HTTP/1.1" 200 326 "-" "Mozilla/5.0 (compatible; Baiduspider/2.0; +http://www.baidu.com/search/spider.html)"
220.181.108.85 - - [11/Sep/2011:12:32:46 +0200] "GET / HTTP/1.1" 200 326 "-" "Mozilla/5.0 (compatible; Baiduspider/2.0; +http://www.baidu.com/search/spider.html)"
220.181.108.82 - - [11/Sep/2011:15:33:43 +0200] "GET / HTTP/1.1" 200 326 "-" "Mozilla/5.0 (compatible; Baiduspider/2.0; +http://www.baidu.com/search/spider.html)"
123.125.71.27 - - [11/Sep/2011:15:36:28 +0200] "GET / HTTP/1.1" 200 326 "-" "Mozilla/5.0 (compatible; Baiduspider/2.0; +http://www.baidu.com/search/spider.html)"
220.181.108.82 - - [11/Sep/2011:18:45:53 +0200] "GET / HTTP/1.1" 200 326 "-" "Mozilla/5.0 (compatible; Baiduspider/2.0; +http://www.baidu.com/search/spider.html)"
123.125.71.25 - - [11/Sep/2011:18:46:48 +0200] "GET / HTTP/1.1" 200 326 "-" "Mozilla/5.0 (compatible; Baiduspider/2.0; +http://www.baidu.com/search/spider.html)"
220.181.108.94 - - [11/Sep/2011:21:33:10 +0200] "GET / HTTP/1.1" 200 326 "-" "Mozilla/5.0 (compatible; Baiduspider/2.0; +http://www.baidu.com/search/spider.html)"
123.125.71.18 - - [11/Sep/2011:21:34:17 +0200] "GET / HTTP/1.1" 200 326 "-" "Mozilla/5.0 (compatible; Baiduspider/2.0; +http://www.baidu.com/search/spider.html)"
220.181.108.82 - - [12/Sep/2011:01:32:04 +0200] "GET / HTTP/1.1" 200 326 "-" "Mozilla/5.0 (compatible; Baiduspider/2.0; +http://www.baidu.com/search/spider.html)"
123.125.71.16 - - [12/Sep/2011:01:34:36 +0200] "GET / HTTP/1.1" 200 326 "-" "Mozilla/5.0 (compatible; Baiduspider/2.0; +http://www.baidu.com/search/spider.html)"
123.125.71.35 - - [12/Sep/2011:07:31:34 +0200] "GET / HTTP/1.1" 200 326 "-" "Mozilla/5.0 (compatible; Baiduspider/2.0; +http://www.baidu.com/search/spider.html)"
220.181.108.83 - - [12/Sep/2011:07:32:03 +0200] "GET / HTTP/1.1" 200 326 "-" "Mozilla/5.0 (compatible; Baiduspider/2.0; +http://www.baidu.com/search/spider.html)"
123.125.71.102 - - [12/Sep/2011:07:42:36 +0200] "GET / HTTP/1.1" 200 326 "-" "Mozilla/5.0 (compatible; Baiduspider/2.0; +http://www.baidu.com/search/spider.html)"
220.181.108.85 - - [12/Sep/2011:10:34:41 +0200] "GET / HTTP/1.1" 200 326 "-" "Mozilla/5.0 (compatible; Baiduspider/2.0; +http://www.baidu.com/search/spider.html)"
123.125.71.23 - - [12/Sep/2011:10:34:44 +0200] "GET / HTTP/1.1" 200 326 "-" "Mozilla/5.0 (compatible; Baiduspider/2.0; +http://www.baidu.com/search/spider.html)"
66.249.72.166 - - [12/Sep/2011:12:32:25 +0200] "GET /robots.txt HTTP/1.1" 404 1256 "-" "Mozilla/5.0 (compatible; Googlebot/2.1; +http://www.google.com/bot.html)"
66.249.72.166 - - [12/Sep/2011:12:32:25 +0200] "GET / HTTP/1.1" 304 - "-" "Mozilla/5.0 (compatible; Googlebot/2.1; +http://www.google.com/bot.html)"
69.58.178.58 - - [12/Sep/2011:14:21:50 +0200] "GET /robots.txt HTTP/1.1" 404 1256 "-" "Mozilla/5.0 (X11; U; Linux i686; en-US; rv:1.9.1.3; ips-agent) Gecko/20090824 Fedora/1.0.7-1.1.fc4 Firefox/3.5.3"
69.58.178.58 - - [12/Sep/2011:14:21:51 +0200] "GET / HTTP/1.1" 200 326 "-" "Mozilla/5.0 (X11; U; Linux i686; en-US; rv:1.9.1.3; ips-agent) Gecko/20090824 Fedora/1.0.7-1.1.fc4 Firefox/3.5.3"
69.58.178.58 - - [12/Sep/2011:14:21:52 +0200] "GET / HTTP/1.1" 200 326 "-" "BlackBerry9000/4.6.0.167 Profile/MIDP-2.0 Configuration/CLDC-1.1 VendorID/102 ips-agent"
82.165.37.69 - - [12/Sep/2011:15:22:13 +0200] "GET / HTTP/1.0" 200 326 "http://logistique.li/IPTCBOT=Ruehling" "Mozilla/5.0 (compatible; IPTCBOT;"
123.125.71.24 - - [12/Sep/2011:22:34:38 +0200] "GET / HTTP/1.1" 200 326 "-" "Mozilla/5.0 (compatible; Baiduspider/2.0; +http://www.baidu.com/search/spider.html)"
220.181.108.93 - - [12/Sep/2011:22:35:15 +0200] "GET / HTTP/1.1" 200 326 "-" "Mozilla/5.0 (compatible; Baiduspider/2.0; +http://www.baidu.com/search/spider.html)"
216.145.5.42 - - [13/Sep/2011:02:55:03 +0200] "GET /robots.txt HTTP/1.0" 404 1256 "-" "Mozilla/5.0 (Windows; U; Windows NT 5.1; en; rv:1.9.0.13) Gecko/2009073022 Firefox/3.5.2 (.NET CLR 3.5.30729) SurveyBot/2.3 (DomainTools)"
216.145.5.42 - - [13/Sep/2011:02:55:03 +0200] "GET / HTTP/1.1" 200 326 "http://whois.domaintools.com/ruehling.com" "Mozilla/5.0 (Windows; U; Windows NT 5.1; en; rv:1.9.0.13) Gecko/2009073022 Firefox/3.5.2 (.NET CLR 3.5.30729) SurveyBot/2.3 (DomainTools)"
123.125.71.31 - - [13/Sep/2011:03:32:57 +0200] "GET / HTTP/1.1" 200 326 "-" "Mozilla/5.0 (compatible; Baiduspider/2.0; +http://www.baidu.com/search/spider.html)"
220.181.108.90 - - [13/Sep/2011:03:33:35 +0200] "GET / HTTP/1.1" 200 326 "-" "Mozilla/5.0 (compatible; Baiduspider/2.0; +http://www.baidu.com/search/spider.html)"
220.181.108.102 - - [13/Sep/2011:04:43:54 +0200] "GET /robots.txt HTTP/1.1" 404 1256 "-" "Baiduspider+(+http://www.baidu.com/search/spider.htm)"
123.125.71.73 - - [13/Sep/2011:07:29:47 +0200] "GET / HTTP/1.1" 200 326 "-" "Mozilla/5.0 (compatible; Baiduspider/2.0; +http://www.baidu.com/search/spider.html)"
123.125.71.14 - - [13/Sep/2011:07:30:35 +0200] "GET / HTTP/1.1" 200 326 "-" "Mozilla/5.0 (compatible; Baiduspider/2.0; +http://www.baidu.com/search/spider.html)"
220.181.108.76 - - [13/Sep/2011:07:31:02 +0200] "GET / HTTP/1.1" 200 326 "-" "Mozilla/5.0 (compatible; Baiduspider/2.0; +http://www.baidu.com/search/spider.html)"
123.125.71.15 - - [13/Sep/2011:11:32:56 +0200] "GET / HTTP/1.1" 200 326 "-" "Mozilla/5.0 (compatible; Baiduspider/2.0; +http://www.baidu.com/search/spider.html)"
220.181.108.80 - - [13/Sep/2011:11:33:01 +0200] "GET / HTTP/1.1" 200 326 "-" "Mozilla/5.0 (compatible; Baiduspider/2.0; +http://www.baidu.com/search/spider.html)"
123.125.71.14 - - [13/Sep/2011:13:31:12 +0200] "GET / HTTP/1.1" 200 326 "-" "Mozilla/5.0 (compatible; Baiduspider/2.0; +http://www.baidu.com/search/spider.html)"
123.125.71.22 - - [13/Sep/2011:22:33:01 +0200] "GET / HTTP/1.1" 200 326 "-" "Mozilla/5.0 (compatible; Baiduspider/2.0; +http://www.baidu.com/search/spider.html)"
220.181.108.76 - - [13/Sep/2011:22:33:35 +0200] "GET / HTTP/1.1" 200 326 "-" "Mozilla/5.0 (compatible; Baiduspider/2.0; +http://www.baidu.com/search/spider.html)"
123.125.71.21 - - [14/Sep/2011:01:31:58 +0200] "GET / HTTP/1.1" 200 326 "-" "Mozilla/5.0 (compatible; Baiduspider/2.0; +http://www.baidu.com/search/spider.html)"
220.181.108.93 - - [14/Sep/2011:01:32:29 +0200] "GET / HTTP/1.1" 200 326 "-" "Mozilla/5.0 (compatible; Baiduspider/2.0; +http://www.baidu.com/search/spider.html)"
220.181.108.85 - - [14/Sep/2011:07:30:02 +0200] "GET / HTTP/1.1" 200 326 "-" "Mozilla/5.0 (compatible; Baiduspider/2.0; +http://www.baidu.com/search/spider.html)"
123.125.71.15 - - [14/Sep/2011:07:30:15 +0200] "GET / HTTP/1.1" 200 326 "-" "Mozilla/5.0 (compatible; Baiduspider/2.0; +http://www.baidu.com/search/spider.html)"
220.181.108.143 - - [14/Sep/2011:08:46:40 +0200] "GET /robots.txt HTTP/1.1" 404 1256 "-" "Baiduspider+(+http://www.baidu.com/search/spider.htm)"
95.108.128.242 - - [14/Sep/2011:13:59:10 +0200] "GET /robots.txt HTTP/1.1" 404 1256 "-" "Mozilla/5.0 (compatible; YandexBot/3.0; +http://yandex.com/bots)"
123.125.71.31 - - [14/Sep/2011:15:32:51 +0200] "GET / HTTP/1.1" 200 326 "-" "Mozilla/5.0 (compatible; Baiduspider/2.0; +http://www.baidu.com/search/spider.html)"
220.181.108.89 - - [14/Sep/2011:15:32:52 +0200] "GET / HTTP/1.1" 200 326 "-" "Mozilla/5.0 (compatible; Baiduspider/2.0; +http://www.baidu.com/search/spider.html)"
220.181.108.93 - - [14/Sep/2011:17:33:30 +0200] "GET / HTTP/1.1" 200 326 "-" "Mozilla/5.0 (compatible; Baiduspider/2.0; +http://www.baidu.com/search/spider.html)"
123.125.71.27 - - [14/Sep/2011:17:34:23 +0200] "GET / HTTP/1.1" 200 326 "-" "Mozilla/5.0 (compatible; Baiduspider/2.0; +http://www.baidu.com/search/spider.html)"
95.108.128.242 - - [14/Sep/2011:18:28:26 +0200] "GET / HTTP/1.1" 200 326 "-" "Mozilla/5.0 (compatible; YandexBot/3.0; +http://yandex.com/bots)"
220.181.108.95 - - [14/Sep/2011:19:38:19 +0200] "GET / HTTP/1.1" 200 326 "-" "Mozilla/5.0 (compatible; Baiduspider/2.0; +http://www.baidu.com/search/spider.html)"
123.125.71.23 - - [14/Sep/2011:19:39:36 +0200] "GET / HTTP/1.1" 200 326 "-" "Mozilla/5.0 (compatible; Baiduspider/2.0; +http://www.baidu.com/search/spider.html)"
123.125.71.39 - - [15/Sep/2011:04:29:36 +0200] "GET /robots.txt HTTP/1.1" 404 1256 "-" "Baiduspider+(+http://www.baidu.com/search/spider.htm)"
123.125.71.99 - - [15/Sep/2011:05:28:35 +0200] "GET / HTTP/1.1" 200 326 "-" "Mozilla/5.0 (compatible; Baiduspider/2.0; +http://www.baidu.com/search/spider.html)"
123.125.71.22 - - [15/Sep/2011:06:28:52 +0200] "GET / HTTP/1.1" 200 326 "-" "Mozilla/5.0 (compatible; Baiduspider/2.0; +http://www.baidu.com/search/spider.html)"
82.165.37.69 - - [15/Sep/2011:13:57:21 +0200] "GET / HTTP/1.0" 200 326 "http://magazin.18x24.com/presse/?IPTCBOT/" "Mozilla/5.0 (compatible; IPTCBOT;"
123.125.71.18 - - [15/Sep/2011:14:32:50 +0200] "GET / HTTP/1.1" 200 326 "-" "Mozilla/5.0 (compatible; Baiduspider/2.0; +http://www.baidu.com/search/spider.html)"
220.181.108.89 - - [15/Sep/2011:14:33:22 +0200] "GET / HTTP/1.1" 200 326 "-" "Mozilla/5.0 (compatible; Baiduspider/2.0; +http://www.baidu.com/search/spider.html)"
123.125.71.17 - - [15/Sep/2011:15:31:42 +0200] "GET / HTTP/1.1" 200 326 "-" "Mozilla/5.0 (compatible; Baiduspider/2.0; +http://www.baidu.com/search/spider.html)"
220.181.108.85 - - [15/Sep/2011:15:32:15 +0200] "GET / HTTP/1.1" 200 326 "-" "Mozilla/5.0 (compatible; Baiduspider/2.0; +http://www.baidu.com/search/spider.html)"
220.181.108.91 - - [15/Sep/2011:17:32:23 +0200] "GET / HTTP/1.1" 200 326 "-" "Mozilla/5.0 (compatible; Baiduspider/2.0; +http://www.baidu.com/search/spider.html)"
123.125.71.29 - - [15/Sep/2011:17:46:44 +0200] "GET / HTTP/1.1" 200 326 "-" "Mozilla/5.0 (compatible; Baiduspider/2.0; +http://www.baidu.com/search/spider.html)"
24.138.66.192 - - [15/Sep/2011:20:01:06 +0200] "GET / HTTP/1.1" 200 326 "http://best-workout-schedule-to-get-ripped.weightobesity.com/" "Mozilla/4.0 (compatible; MSIE 6.0; Windows NT 5.1; SV1)"
123.125.71.34 - - [15/Sep/2011:22:33:58 +0200] "GET / HTTP/1.1" 200 326 "-" "Mozilla/5.0 (compatible; Baiduspider/2.0; +http://www.baidu.com/search/spider.html)"
220.181.108.91 - - [15/Sep/2011:22:34:32 +0200] "GET / HTTP/1.1" 200 326 "-" "Mozilla/5.0 (compatible; Baiduspider/2.0; +http://www.baidu.com/search/spider.html)"
123.125.71.20 - - [15/Sep/2011:23:33:29 +0200] "GET / HTTP/1.1" 200 326 "-" "Mozilla/5.0 (compatible; Baiduspider/2.0; +http://www.baidu.com/search/spider.html)"
220.181.108.81 - - [15/Sep/2011:23:33:56 +0200] "GET / HTTP/1.1" 200 326 "-" "Mozilla/5.0 (compatible; Baiduspider/2.0; +http://www.baidu.com/search/spider.html)"
123.125.71.43 - - [16/Sep/2011:01:18:51 +0200] "GET /robots.txt HTTP/1.1" 404 1256 "-" "Baiduspider+(+http://www.baidu.com/search/spider.htm)"
188.138.90.118 - - [16/Sep/2011:09:45:26 +0200] "GET / HTTP/1.1" 200 326 "-" "Mozilla/4.0 (compatible; MSIE 6.0; Windows 98; Win 9x4.90)"
220.181.108.93 - - [16/Sep/2011:12:33:56 +0200] "GET / HTTP/1.1" 200 326 "-" "Mozilla/5.0 (compatible; Baiduspider/2.0; +http://www.baidu.com/search/spider.html)"
123.125.71.17 - - [16/Sep/2011:12:34:34 +0200] "GET / HTTP/1.1" 200 326 "-" "Mozilla/5.0 (compatible; Baiduspider/2.0; +http://www.baidu.com/search/spider.html)"
123.125.71.43 - - [16/Sep/2011:15:50:25 +0200] "GET / HTTP/1.1" 200 326 "-" "Mozilla/5.0 (compatible; Baiduspider/2.0; +http://www.baidu.com/search/spider.html)"
123.125.71.36 - - [16/Sep/2011:22:35:56 +0200] "GET / HTTP/1.1" 200 326 "-" "Mozilla/5.0 (compatible; Baiduspider/2.0; +http://www.baidu.com/search/spider.html)"
220.181.108.91 - - [17/Sep/2011:02:31:55 +0200] "GET / HTTP/1.1" 200 326 "-" "Mozilla/5.0 (compatible; Baiduspider/2.0; +http://www.baidu.com/search/spider.html)"
123.125.71.14 - - [17/Sep/2011:02:34:22 +0200] "GET / HTTP/1.1" 200 326 "-" "Mozilla/5.0 (compatible; Baiduspider/2.0; +http://www.baidu.com/search/spider.html)"
220.181.108.104 - - [17/Sep/2011:03:05:45 +0200] "GET /robots.txt HTTP/1.1" 404 1256 "-" "Baiduspider+(+http://www.baidu.com/search/spider.htm)"
95.108.128.242 - - [18/Sep/2011:02:41:08 +0200] "GET /robots.txt HTTP/1.1" 404 1256 "-" "Mozilla/5.0 (compatible; YandexBot/3.0; +http://yandex.com/bots)"
220.181.108.96 - - [18/Sep/2011:03:33:02 +0200] "GET / HTTP/1.1" 200 326 "-" "Mozilla/5.0 (compatible; Baiduspider/2.0; +http://www.baidu.com/search/spider.html)"
123.125.71.23 - - [18/Sep/2011:03:34:08 +0200] "GET / HTTP/1.1" 200 326 "-" "Mozilla/5.0 (compatible; Baiduspider/2.0; +http://www.baidu.com/search/spider.html)"
220.181.108.96 - - [18/Sep/2011:06:31:57 +0200] "GET / HTTP/1.1" 200 326 "-" "Mozilla/5.0 (compatible; Baiduspider/2.0; +http://www.baidu.com/search/spider.html)"
123.125.71.27 - - [18/Sep/2011:06:33:14 +0200] "GET / HTTP/1.1" 200 326 "-" "Mozilla/5.0 (compatible; Baiduspider/2.0; +http://www.baidu.com/search/spider.html)"
220.181.108.95 - - [18/Sep/2011:07:30:16 +0200] "GET / HTTP/1.1" 200 326 "-" "Mozilla/5.0 (compatible; Baiduspider/2.0; +http://www.baidu.com/search/spider.html)"
123.125.71.13 - - [18/Sep/2011:07:31:46 +0200] "GET / HTTP/1.1" 200 326 "-" "Mozilla/5.0 (compatible; Baiduspider/2.0; +http://www.baidu.com/search/spider.html)"
95.108.128.242 - - [18/Sep/2011:07:59:22 +0200] "GET / HTTP/1.1" 200 326 "-" "Mozilla/5.0 (compatible; YandexBot/3.0; +http://yandex.com/bots)"
220.181.108.90 - - [18/Sep/2011:11:33:46 +0200] "GET / HTTP/1.1" 200 326 "-" "Mozilla/5.0 (compatible; Baiduspider/2.0; +http://www.baidu.com/search/spider.html)"
123.125.71.22 - - [18/Sep/2011:11:38:59 +0200] "GET / HTTP/1.1" 200 326 "-" "Mozilla/5.0 (compatible; Baiduspider/2.0; +http://www.baidu.com/search/spider.html)"
123.125.71.27 - - [18/Sep/2011:15:19:40 +0200] "GET / HTTP/1.1" 200 326 "-" "Mozilla/5.0 (compatible; Baiduspider/2.0; +http://www.baidu.com/search/spider.html)"
65.52.110.23 - - [19/Sep/2011:00:11:49 +0200] "GET /robots.txt HTTP/1.1" 404 1256 "-" "Mozilla/5.0 (compatible; bingbot/2.0; +http://www.bing.com/bingbot.htm)"
65.52.110.23 - - [19/Sep/2011:00:12:42 +0200] "GET / HTTP/1.1" 304 - "-" "Mozilla/5.0 (compatible; bingbot/2.0; +http://www.bing.com/bingbot.htm)"
123.125.71.24 - - [19/Sep/2011:02:31:28 +0200] "GET / HTTP/1.1" 200 326 "-" "Mozilla/5.0 (compatible; Baiduspider/2.0; +http://www.baidu.com/search/spider.html)"
220.181.108.92 - - [19/Sep/2011:02:31:59 +0200] "GET / HTTP/1.1" 200 326 "-" "Mozilla/5.0 (compatible; Baiduspider/2.0; +http://www.baidu.com/search/spider.html)"
67.195.113.217 - - [19/Sep/2011:08:51:17 +0200] "GET /robots.txt HTTP/1.0" 404 1256 "-" "Mozilla/5.0 (compatible; Yahoo! Slurp; http://help.yahoo.com/help/us/ysearch/slurp)"
67.195.113.217 - - [19/Sep/2011:08:51:17 +0200] "GET / HTTP/1.0" 200 326 "-" "Mozilla/5.0 (compatible; Yahoo! Slurp; http://help.yahoo.com/help/us/ysearch/slurp)"
220.181.108.96 - - [19/Sep/2011:10:34:06 +0200] "GET / HTTP/1.1" 200 326 "-" "Mozilla/5.0 (compatible; Baiduspider/2.0; +http://www.baidu.com/search/spider.html)"
123.125.71.29 - - [19/Sep/2011:10:35:27 +0200] "GET / HTTP/1.1" 200 326 "-" "Mozilla/5.0 (compatible; Baiduspider/2.0; +http://www.baidu.com/search/spider.html)"
220.181.108.97 - - [19/Sep/2011:15:34:13 +0200] "GET / HTTP/1.1" 200 326 "-" "Mozilla/5.0 (compatible; Baiduspider/2.0; +http://www.baidu.com/search/spider.html)"
123.125.71.12 - - [19/Sep/2011:15:34:30 +0200] "GET / HTTP/1.1" 200 326 "-" "Mozilla/5.0 (compatible; Baiduspider/2.0; +http://www.baidu.com/search/spider.html)"
79.205.209.124 - - [19/Sep/2011:16:29:49 +0200] "GET / HTTP/1.1" 200 326 "-" "Mozilla/5.0 (Windows NT 6.1; WOW64; rv:6.0.2) Gecko/20100101 Firefox/6.0.2"
79.205.209.124 - - [19/Sep/2011:16:29:49 +0200] "GET /favicon.ico HTTP/1.1" 404 1256 "-" "Mozilla/5.0 (Windows NT 6.1; WOW64; rv:6.0.2) Gecko/20100101 Firefox/6.0.2"
79.205.209.124 - - [19/Sep/2011:16:29:49 +0200] "GET /favicon.ico HTTP/1.1" 404 1256 "-" "Mozilla/5.0 (Windows NT 6.1; WOW64; rv:6.0.2) Gecko/20100101 Firefox/6.0.2"
79.205.209.124 - - [19/Sep/2011:16:29:49 +0200] "GET /favicon.ico HTTP/1.1" 404 1256 "-" "Mozilla/5.0 (Windows NT 6.1; WOW64; rv:6.0.2) Gecko/20100101 Firefox/6.0.2"
123.125.71.25 - - [19/Sep/2011:23:33:36 +0200] "GET / HTTP/1.1" 200 326 "-" "Mozilla/5.0 (compatible; Baiduspider/2.0; +http://www.baidu.com/search/spider.html)"
220.181.108.93 - - [19/Sep/2011:23:34:10 +0200] "GET / HTTP/1.1" 200 326 "-" "Mozilla/5.0 (compatible; Baiduspider/2.0; +http://www.baidu.com/search/spider.html)"
123.125.71.30 - - [20/Sep/2011:01:31:59 +0200] "GET / HTTP/1.1" 200 326 "-" "Mozilla/5.0 (compatible; Baiduspider/2.0; +http://www.baidu.com/search/spider.html)"
220.181.108.92 - - [20/Sep/2011:01:32:31 +0200] "GET / HTTP/1.1" 200 326 "-" "Mozilla/5.0 (compatible; Baiduspider/2.0; +http://www.baidu.com/search/spider.html)"
123.125.71.36 - - [20/Sep/2011:03:31:55 +0200] "GET / HTTP/1.1" 200 326 "-" "Mozilla/5.0 (compatible; Baiduspider/2.0; +http://www.baidu.com/search/spider.html)"
220.181.108.82 - - [20/Sep/2011:03:32:26 +0200] "GET / HTTP/1.1" 200 326 "-" "Mozilla/5.0 (compatible; Baiduspider/2.0; +http://www.baidu.com/search/spider.html)"
123.125.71.29 - - [20/Sep/2011:05:30:38 +0200] "GET / HTTP/1.1" 200 326 "-" "Mozilla/5.0 (compatible; Baiduspider/2.0; +http://www.baidu.com/search/spider.html)"
220.181.108.83 - - [20/Sep/2011:05:31:06 +0200] "GET / HTTP/1.1" 200 326 "-" "Mozilla/5.0 (compatible; Baiduspider/2.0; +http://www.baidu.com/search/spider.html)"
123.125.71.16 - - [20/Sep/2011:07:30:42 +0200] "GET / HTTP/1.1" 200 326 "-" "Mozilla/5.0 (compatible; Baiduspider/2.0; +http://www.baidu.com/search/spider.html)"
220.181.108.82 - - [20/Sep/2011:07:31:11 +0200] "GET / HTTP/1.1" 200 326 "-" "Mozilla/5.0 (compatible; Baiduspider/2.0; +http://www.baidu.com/search/spider.html)"
123.125.71.16 - - [20/Sep/2011:09:33:17 +0200] "GET / HTTP/1.1" 200 326 "-" "Mozilla/5.0 (compatible; Baiduspider/2.0; +http://www.baidu.com/search/spider.html)"
220.181.108.92 - - [20/Sep/2011:09:33:52 +0200] "GET / HTTP/1.1" 200 326 "-" "Mozilla/5.0 (compatible; Baiduspider/2.0; +http://www.baidu.com/search/spider.html)"
123.125.71.106 - - [20/Sep/2011:14:29:46 +0200] "GET / HTTP/1.1" 200 326 "-" "Mozilla/5.0 (compatible; Baiduspider/2.0; +http://www.baidu.com/search/spider.html)"
220.181.108.159 - - [20/Sep/2011:23:17:28 +0200] "GET /robots.txt HTTP/1.1" 404 1256 "-" "Baiduspider+(+http://www.baidu.com/search/spider.htm)"
123.125.71.29 - - [20/Sep/2011:23:32:55 +0200] "GET / HTTP/1.1" 200 326 "-" "Mozilla/5.0 (compatible; Baiduspider/2.0; +http://www.baidu.com/search/spider.html)"
220.181.108.91 - - [20/Sep/2011:23:33:28 +0200] "GET / HTTP/1.1" 200 326 "-" "Mozilla/5.0 (compatible; Baiduspider/2.0; +http://www.baidu.com/search/spider.html)"
95.108.128.242 - - [21/Sep/2011:01:12:22 +0200] "GET /robots.txt HTTP/1.1" 404 1256 "-" "Mozilla/5.0 (compatible; YandexBot/3.0; +http://yandex.com/bots)"
123.125.71.27 - - [21/Sep/2011:03:31:38 +0200] "GET / HTTP/1.1" 200 326 "-" "Mozilla/5.0 (compatible; Baiduspider/2.0; +http://www.baidu.com/search/spider.html)"
220.181.108.96 - - [21/Sep/2011:03:32:09 +0200] "GET / HTTP/1.1" 200 326 "-" "Mozilla/5.0 (compatible; Baiduspider/2.0; +http://www.baidu.com/search/spider.html)"
123.125.71.23 - - [21/Sep/2011:07:30:18 +0200] "GET / HTTP/1.1" 200 326 "-" "Mozilla/5.0 (compatible; Baiduspider/2.0; +http://www.baidu.com/search/spider.html)"
220.181.108.95 - - [21/Sep/2011:07:30:46 +0200] "GET / HTTP/1.1" 200 326 "-" "Mozilla/5.0 (compatible; Baiduspider/2.0; +http://www.baidu.com/search/spider.html)"
220.181.108.160 - - [21/Sep/2011:09:00:39 +0200] "GET /robots.txt HTTP/1.1" 404 1256 "-" "Baiduspider+(+http://www.baidu.com/search/spider.htm)"
82.165.37.69 - - [21/Sep/2011:09:47:16 +0200] "GET / HTTP/1.0" 200 326 "http://immobilien.pauline-bistro.li/?immobilienvideo-suche=Ruehling" "Mozilla/5.0 (compatible; IPTCBOT;"
123.125.71.13 - - [21/Sep/2011:10:17:17 +0200] "GET / HTTP/1.1" 200 326 "-" "Mozilla/5.0 (compatible; Baiduspider/2.0; +http://www.baidu.com/search/spider.html)"
95.108.128.242 - - [21/Sep/2011:11:19:30 +0200] "GET / HTTP/1.1" 200 326 "-" "Mozilla/5.0 (compatible; YandexBot/3.0; +http://yandex.com/bots)"
195.37.205.30 - - [21/Sep/2011:15:37:16 +0200] "GET / HTTP/1.0" 200 326 "-" "Mozilla/4.0 (compatible; MSIE 7.0; Windows NT 6.0; SLCC1; .NET CLR 2.0.50727; InfoPath.1; .NET CLR 1.1.4322; .NET CLR 3.5.30729; .NET CLR 3.0.30729; .NET4.0C; .NET4.0E)"
195.37.205.30 - - [21/Sep/2011:15:37:17 +0200] "GET /favicon.ico HTTP/1.0" 404 1256 "-" "Mozilla/4.0 (compatible; MSIE 7.0; Windows NT 6.0; SLCC1; .NET CLR 2.0.50727; InfoPath.1; .NET CLR 1.1.4322; .NET CLR 3.5.30729; .NET CLR 3.0.30729; .NET4.0C; .NET4.0E)"
72.94.249.38 - - [21/Sep/2011:21:19:58 +0200] "GET / HTTP/1.1" 200 326 "-" "Mozilla/4.0 (compatible; MSIE 6.0; Windows NT 5.1; SV1; .NET CLR 1.1.4322)"
123.125.71.28 - - [21/Sep/2011:23:31:56 +0200] "GET / HTTP/1.1" 200 326 "-" "Mozilla/5.0 (compatible; Baiduspider/2.0; +http://www.baidu.com/search/spider.html)"
220.181.108.83 - - [21/Sep/2011:23:32:29 +0200] "GET / HTTP/1.1" 200 326 "-" "Mozilla/5.0 (compatible; Baiduspider/2.0; +http://www.baidu.com/search/spider.html)"
220.181.108.146 - - [22/Sep/2011:01:07:55 +0200] "GET /robots.txt HTTP/1.1" 404 1256 "-" "Baiduspider+(+http://www.baidu.com/search/spider.htm)"
123.125.71.27 - - [22/Sep/2011:02:30:44 +0200] "GET / HTTP/1.1" 200 326 "-" "Mozilla/5.0 (compatible; Baiduspider/2.0; +http://www.baidu.com/search/spider.html)"
220.181.108.89 - - [22/Sep/2011:02:31:16 +0200] "GET / HTTP/1.1" 200 326 "-" "Mozilla/5.0 (compatible; Baiduspider/2.0; +http://www.baidu.com/search/spider.html)"
66.249.71.50 - - [22/Sep/2011:05:32:24 +0200] "GET /robots.txt HTTP/1.1" 404 1256 "-" "Mozilla/5.0 (compatible; Googlebot/2.1; +http://www.google.com/bot.html)"
66.249.71.50 - - [22/Sep/2011:05:32:24 +0200] "GET / HTTP/1.1" 304 - "-" "Mozilla/5.0 (compatible; Googlebot/2.1; +http://www.google.com/bot.html)"
66.249.71.50 - - [22/Sep/2011:07:16:27 +0200] "GET / HTTP/1.1" 304 - "-" "Mozilla/5.0 (compatible; Googlebot/2.1; +http://www.google.com/bot.html)"
123.125.71.36 - - [22/Sep/2011:07:31:34 +0200] "GET / HTTP/1.1" 200 326 "-" "Mozilla/5.0 (compatible; Baiduspider/2.0; +http://www.baidu.com/search/spider.html)"
220.181.108.84 - - [22/Sep/2011:07:32:05 +0200] "GET / HTTP/1.1" 200 326 "-" "Mozilla/5.0 (compatible; Baiduspider/2.0; +http://www.baidu.com/search/spider.html)"
123.125.71.31 - - [22/Sep/2011:09:32:36 +0200] "GET / HTTP/1.1" 200 326 "-" "Mozilla/5.0 (compatible; Baiduspider/2.0; +http://www.baidu.com/search/spider.html)"
220.181.108.89 - - [22/Sep/2011:09:33:12 +0200] "GET / HTTP/1.1" 200 326 "-" "Mozilla/5.0 (compatible; Baiduspider/2.0; +http://www.baidu.com/search/spider.html)"
123.125.71.24 - - [22/Sep/2011:11:33:22 +0200] "GET / HTTP/1.1" 200 326 "-" "Mozilla/5.0 (compatible; Baiduspider/2.0; +http://www.baidu.com/search/spider.html)"
220.181.108.96 - - [22/Sep/2011:11:33:54 +0200] "GET / HTTP/1.1" 200 326 "-" "Mozilla/5.0 (compatible; Baiduspider/2.0; +http://www.baidu.com/search/spider.html)"
123.125.71.18 - - [22/Sep/2011:14:32:23 +0200] "GET / HTTP/1.1" 200 326 "-" "Mozilla/5.0 (compatible; Baiduspider/2.0; +http://www.baidu.com/search/spider.html)"
220.181.108.89 - - [22/Sep/2011:14:32:57 +0200] "GET / HTTP/1.1" 200 326 "-" "Mozilla/5.0 (compatible; Baiduspider/2.0; +http://www.baidu.com/search/spider.html)"
220.181.108.83 - - [22/Sep/2011:15:33:13 +0200] "GET / HTTP/1.1" 200 326 "-" "Mozilla/5.0 (compatible; Baiduspider/2.0; +http://www.baidu.com/search/spider.html)"
123.125.71.25 - - [22/Sep/2011:15:34:31 +0200] "GET / HTTP/1.1" 200 326 "-" "Mozilla/5.0 (compatible; Baiduspider/2.0; +http://www.baidu.com/search/spider.html)"
123.125.71.32 - - [22/Sep/2011:22:32:49 +0200] "GET / HTTP/1.1" 200 326 "-" "Mozilla/5.0 (compatible; Baiduspider/2.0; +http://www.baidu.com/search/spider.html)"
220.181.108.87 - - [22/Sep/2011:22:33:23 +0200] "GET / HTTP/1.1" 200 326 "-" "Mozilla/5.0 (compatible; Baiduspider/2.0; +http://www.baidu.com/search/spider.html)"
123.125.71.13 - - [22/Sep/2011:23:32:31 +0200] "GET / HTTP/1.1" 200 326 "-" "Mozilla/5.0 (compatible; Baiduspider/2.0; +http://www.baidu.com/search/spider.html)"
220.181.108.78 - - [22/Sep/2011:23:33:04 +0200] "GET / HTTP/1.1" 200 326 "-" "Mozilla/5.0 (compatible; Baiduspider/2.0; +http://www.baidu.com/search/spider.html)"
123.125.71.19 - - [23/Sep/2011:03:31:39 +0200] "GET / HTTP/1.1" 200 326 "-" "Mozilla/5.0 (compatible; Baiduspider/2.0; +http://www.baidu.com/search/spider.html)"
220.181.108.77 - - [23/Sep/2011:03:32:11 +0200] "GET / HTTP/1.1" 200 326 "-" "Mozilla/5.0 (compatible; Baiduspider/2.0; +http://www.baidu.com/search/spider.html)"
123.125.71.31 - - [23/Sep/2011:10:40:26 +0200] "GET / HTTP/1.1" 200 326 "-" "Mozilla/5.0 (compatible; Baiduspider/2.0; +http://www.baidu.com/search/spider.html)"
220.181.108.91 - - [23/Sep/2011:13:32:33 +0200] "GET / HTTP/1.1" 200 326 "-" "Mozilla/5.0 (compatible; Baiduspider/2.0; +http://www.baidu.com/search/spider.html)"
123.125.71.13 - - [23/Sep/2011:13:32:50 +0200] "GET / HTTP/1.1" 200 326 "-" "Mozilla/5.0 (compatible; Baiduspider/2.0; +http://www.baidu.com/search/spider.html)"
123.125.71.20 - - [23/Sep/2011:23:31:31 +0200] "GET / HTTP/1.1" 200 326 "-" "Mozilla/5.0 (compatible; Baiduspider/2.0; +http://www.baidu.com/search/spider.html)"
220.181.108.81 - - [23/Sep/2011:23:31:52 +0200] "GET / HTTP/1.1" 200 326 "-" "Mozilla/5.0 (compatible; Baiduspider/2.0; +http://www.baidu.com/search/spider.html)"
123.125.71.12 - - [25/Sep/2011:11:33:11 +0200] "GET / HTTP/1.1" 200 326 "-" "Mozilla/5.0 (compatible; Baiduspider/2.0; +http://www.baidu.com/search/spider.html)"
220.181.108.86 - - [25/Sep/2011:11:33:46 +0200] "GET / HTTP/1.1" 200 326 "-" "Mozilla/5.0 (compatible; Baiduspider/2.0; +http://www.baidu.com/search/spider.html)"
123.125.71.25 - - [25/Sep/2011:14:31:04 +0200] "GET / HTTP/1.1" 200 326 "-" "Mozilla/5.0 (compatible; Baiduspider/2.0; +http://www.baidu.com/search/spider.html)"
220.181.108.91 - - [25/Sep/2011:14:31:37 +0200] "GET / HTTP/1.1" 200 326 "-" "Mozilla/5.0 (compatible; Baiduspider/2.0; +http://www.baidu.com/search/spider.html)"
123.125.71.30 - - [25/Sep/2011:18:43:41 +0200] "GET / HTTP/1.1" 200 326 "-" "Mozilla/5.0 (compatible; Baiduspider/2.0; +http://www.baidu.com/search/spider.html)"
220.181.108.86 - - [25/Sep/2011:18:44:27 +0200] "GET / HTTP/1.1" 200 326 "-" "Mozilla/5.0 (compatible; Baiduspider/2.0; +http://www.baidu.com/search/spider.html)"
84.163.31.169 - - [26/Sep/2011:09:56:17 +0200] "GET / HTTP/1.1" 200 326 "-" "Mozilla/4.0 (compatible; MSIE 8.0; Windows NT 6.1; Trident/4.0; GTB7.1; SLCC2; .NET CLR 2.0.50727; .NET CLR 3.5.30729; .NET CLR 3.0.30729; Media Center PC 6.0; CMDTDF; .NET4.0C)"
