66.249.65.54 - - [02/Jan/2010:17:17:14 +0100] "GET /robots.txt HTTP/1.1" 404 1256 "-" "Googlebot-Image/1.0"
66.249.65.54 - - [02/Jan/2010:17:17:14 +0100] "GET /PREVIEW/KIF_0547.JPG HTTP/1.1" 404 1256 "-" "Googlebot-Image/1.0"
66.249.65.54 - - [03/Jan/2010:17:02:31 +0100] "GET /robots.txt HTTP/1.1" 404 1256 "-" "Googlebot-Image/1.0"
66.249.65.54 - - [03/Jan/2010:17:02:31 +0100] "GET /PREVIEW/KIF_0576.JPG HTTP/1.1" 404 1256 "-" "Googlebot-Image/1.0"
66.249.65.54 - - [04/Jan/2010:13:31:53 +0100] "GET /robots.txt HTTP/1.1" 404 1256 "-" "Googlebot-Image/1.0"
66.249.65.54 - - [04/Jan/2010:13:31:53 +0100] "GET /PREVIEW/KIF_0568.JPG HTTP/1.1" 404 1256 "-" "Googlebot-Image/1.0"
66.249.65.54 - - [04/Jan/2010:14:31:07 +0100] "GET /PREVIEW/KIF_0552.JPG HTTP/1.1" 404 1256 "-" "Googlebot-Image/1.0"
66.249.65.54 - - [04/Jan/2010:16:30:45 +0100] "GET /PREVIEW/KIF_0558.JPG HTTP/1.1" 404 1256 "-" "Googlebot-Image/1.0"
66.249.65.47 - - [06/Jan/2010:03:57:01 +0100] "GET /robots.txt HTTP/1.1" 404 1256 "-" "Mozilla/5.0 (compatible; Googlebot/2.1; +http://www.google.com/bot.html)"
66.249.65.47 - - [06/Jan/2010:03:57:01 +0100] "GET /HTML/MENU1.HTM HTTP/1.1" 404 1256 "-" "Mozilla/5.0 (compatible; Googlebot/2.1; +http://www.google.com/bot.html)"
67.195.115.254 - - [06/Jan/2010:05:50:00 +0100] "GET /robots.txt HTTP/1.0" 404 1256 "-" "Mozilla/5.0 (compatible; Yahoo! Slurp; http://help.yahoo.com/help/us/ysearch/slurp)"
67.195.115.254 - - [06/Jan/2010:05:50:00 +0100] "GET / HTTP/1.0" 200 326 "-" "Mozilla/5.0 (compatible; Yahoo! Slurp/3.0; http://help.yahoo.com/help/us/ysearch/slurp)"
66.249.65.47 - - [06/Jan/2010:13:20:09 +0100] "GET / HTTP/1.1" 200 326 "-" "Mozilla/5.0 (compatible; Googlebot/2.1; +http://www.google.com/bot.html)"
66.249.65.47 - - [06/Jan/2010:14:54:37 +0100] "GET /PREVIEW/KIF_0551.JPG HTTP/1.1" 404 1256 "-" "Googlebot-Image/1.0"
75.101.242.106 - - [06/Jan/2010:17:48:20 +0100] "GET /robots.txt HTTP/1.0" 404 1256 "-" "SheenBot/SheenBot-1.0.2 (Sheen web crawler)"
75.101.242.106 - - [06/Jan/2010:17:48:20 +0100] "GET / HTTP/1.0" 200 326 "-" "SheenBot/SheenBot-1.0.2 (Sheen web crawler)"
66.249.71.22 - - [07/Jan/2010:11:41:50 +0100] "GET /robots.txt HTTP/1.1" 404 1256 "-" "Googlebot-Image/1.0"
66.249.71.22 - - [07/Jan/2010:11:41:50 +0100] "GET /PREVIEW/KIF_0570.JPG HTTP/1.1" 404 1256 "-" "Googlebot-Image/1.0"
80.128.74.26 - - [07/Jan/2010:12:18:02 +0100] "GET / HTTP/1.1" 200 326 "http://www.google.de/search?hl=de&lr=&rlz=1C1GGLS_deDE336DE336&q=allinurl:+ruehling&start=10&sa=N" "Mozilla/5.0 (Windows; U; Windows NT 5.1; en-US) AppleWebKit/532.0 (KHTML, like Gecko) Chrome/3.0.195.38 Safari/532.0"
80.128.74.26 - - [07/Jan/2010:12:18:03 +0100] "GET /favicon.ico HTTP/1.1" 404 1256 "-" "Mozilla/5.0 (Windows; U; Windows NT 5.1; en-US) AppleWebKit/532.0 (KHTML, like Gecko) Chrome/3.0.195.38 Safari/532.0"
66.249.71.22 - - [07/Jan/2010:14:12:56 +0100] "GET /PREVIEW/KIF_0557.JPG HTTP/1.1" 404 1256 "-" "Googlebot-Image/1.0"
69.58.178.27 - - [07/Jan/2010:14:15:02 +0100] "GET /robots.txt HTTP/1.1" 404 1256 "-" "Mozilla/5.0 (X11; U; Linux i686; en-US; rv:1.9.1.3; ips-agent) Gecko/20090824 Fedora/1.0.7-1.1.fc4 Firefox/3.5.3"
69.58.178.27 - - [07/Jan/2010:14:15:03 +0100] "GET / HTTP/1.1" 200 326 "-" "Mozilla/5.0 (X11; U; Linux i686; en-US; rv:1.9.1.3; ips-agent) Gecko/20090824 Fedora/1.0.7-1.1.fc4 Firefox/3.5.3"
64.246.187.42 - - [07/Jan/2010:14:50:02 +0100] "GET /robots.txt HTTP/1.0" 404 1256 "-" "Mozilla/5.0 (Windows; U; Windows NT 5.1; en; rv:1.9.0.13) Gecko/2009073022 Firefox/3.5.2 (.NET CLR 3.5.30729) SurveyBot/2.3 (DomainTools)"
64.246.187.42 - - [07/Jan/2010:14:50:02 +0100] "GET / HTTP/1.1" 200 326 "http://whois.domaintools.com/ruehling.com" "Mozilla/5.0 (Windows; U; Windows NT 5.1; en; rv:1.9.0.13) Gecko/2009073022 Firefox/3.5.2 (.NET CLR 3.5.30729) SurveyBot/2.3 (DomainTools)"
67.195.115.254 - - [09/Jan/2010:04:46:14 +0100] "GET /robots.txt HTTP/1.0" 404 1256 "-" "Mozilla/5.0 (compatible; Yahoo! Slurp; http://help.yahoo.com/help/us/ysearch/slurp)"
67.195.115.254 - - [09/Jan/2010:04:46:14 +0100] "GET /HTML/ HTTP/1.0" 404 1256 "-" "Mozilla/5.0 (compatible; Yahoo! Slurp/3.0; http://help.yahoo.com/help/us/ysearch/slurp)"
66.249.71.22 - - [12/Jan/2010:19:08:11 +0100] "GET /robots.txt HTTP/1.1" 404 1256 "-" "Mozilla/5.0 (compatible; Googlebot/2.1; +http://www.google.com/bot.html)"
66.249.71.22 - - [12/Jan/2010:19:08:11 +0100] "GET / HTTP/1.1" 200 326 "-" "Mozilla/5.0 (compatible; Googlebot/2.1; +http://www.google.com/bot.html)"
190.120.228.38 - - [12/Jan/2010:21:38:00 +0100] "GET / HTTP/1.1" 200 326 "http://car-insurance-provider.creditinsurancecompanies.info" "Opera/9.64 (Windows NT 6.0; U; en) Presto/2.1.1"
66.249.71.22 - - [13/Jan/2010:04:54:21 +0100] "GET /robots.txt HTTP/1.1" 404 1256 "-" "Googlebot-Image/1.0"
66.249.71.22 - - [13/Jan/2010:04:54:21 +0100] "GET /PREVIEW/KIF_0575.JPG HTTP/1.1" 404 1256 "-" "Googlebot-Image/1.0"
67.195.115.254 - - [13/Jan/2010:11:05:30 +0100] "GET /robots.txt HTTP/1.0" 404 1256 "-" "Mozilla/5.0 (compatible; Yahoo! Slurp; http://help.yahoo.com/help/us/ysearch/slurp)"
67.195.115.254 - - [13/Jan/2010:11:05:31 +0100] "GET / HTTP/1.0" 200 326 "-" "Mozilla/5.0 (compatible; Yahoo! Slurp/3.0; http://help.yahoo.com/help/us/ysearch/slurp)"
204.236.192.21 - - [13/Jan/2010:23:07:18 +0100] "GET / HTTP/1.0" 200 326 "-" "Mozilla/5.0 (compatible; NetcraftSurveyAgent/1.0; +info@netcraft.com)"
66.249.71.22 - - [14/Jan/2010:10:54:29 +0100] "GET /robots.txt HTTP/1.1" 404 1256 "-" "Googlebot-Image/1.0"
66.249.71.22 - - [14/Jan/2010:10:54:30 +0100] "GET /PREVIEW/KIF_0553.JPG HTTP/1.1" 404 1256 "-" "Googlebot-Image/1.0"
67.195.115.254 - - [14/Jan/2010:14:58:13 +0100] "GET /robots.txt HTTP/1.0" 404 1256 "-" "Mozilla/5.0 (compatible; Yahoo! Slurp; http://help.yahoo.com/help/us/ysearch/slurp)"
67.195.115.254 - - [14/Jan/2010:14:58:13 +0100] "GET /HTML/INDEX.HTM HTTP/1.0" 404 1256 "-" "Mozilla/5.0 (compatible; Yahoo! Slurp/3.0; http://help.yahoo.com/help/us/ysearch/slurp)"
195.128.18.19 - - [15/Jan/2010:03:24:21 +0100] "GET /robots.txt HTTP/1.0" 404 1256 "-" "Mozilla/5.0 (compatible; aiHitBot/1.0; +http://www.aihit.com/)"
195.128.18.19 - - [15/Jan/2010:03:24:21 +0100] "GET / HTTP/1.0" 200 326 "-" "Mozilla/5.0 (compatible; aiHitBot/1.0; +http://www.aihit.com/)"
38.100.41.67 - - [15/Jan/2010:06:22:05 +0100] "GET / HTTP/1.1" 200 326 "-" "Mozilla/4.0 (compatible; MSIE 7.0; Windows NT 5.2)"
66.249.71.22 - - [15/Jan/2010:14:57:50 +0100] "GET /robots.txt HTTP/1.1" 404 1256 "-" "Googlebot-Image/1.0"
66.249.71.22 - - [15/Jan/2010:14:57:50 +0100] "GET /PREVIEW/KIF_0565.JPG HTTP/1.1" 404 1256 "-" "Googlebot-Image/1.0"
72.94.249.37 - - [16/Jan/2010:05:35:43 +0100] "GET / HTTP/1.1" 200 326 "-" "Mozilla/4.0 (compatible; MSIE 6.0; Windows NT 5.1; SV1; .NET CLR 1.1.4322)"
66.249.17.109 - - [17/Jan/2010:08:07:02 +0100] "GET / HTTP/1.1" 200 326 "-" "Mozilla/4.0 (compatible; MSIE 7.0; Windows NT 5.2; GTB0.0; .NET CLR 1.1.4322)"
64.246.165.210 - - [17/Jan/2010:19:45:02 +0100] "GET /robots.txt HTTP/1.0" 404 1256 "-" "Mozilla/5.0 (Windows; U; Windows NT 5.1; en; rv:1.9.0.13) Gecko/2009073022 Firefox/3.5.2 (.NET CLR 3.5.30729) SurveyBot/2.3 (DomainTools)"
64.246.165.210 - - [17/Jan/2010:19:45:02 +0100] "GET / HTTP/1.1" 200 326 "http://whois.domaintools.com/ruehling.com" "Mozilla/5.0 (Windows; U; Windows NT 5.1; en; rv:1.9.0.13) Gecko/2009073022 Firefox/3.5.2 (.NET CLR 3.5.30729) SurveyBot/2.3 (DomainTools)"
38.100.8.50 - - [18/Jan/2010:03:01:33 +0100] "GET /robots.txt HTTP/1.1" 404 1256 "-" "panscient.com"
38.100.8.50 - - [18/Jan/2010:03:01:34 +0100] "GET / HTTP/1.1" 200 326 "-" "panscient.com"
66.249.71.22 - - [18/Jan/2010:17:04:42 +0100] "GET /robots.txt HTTP/1.1" 404 1256 "-" "Mozilla/5.0 (compatible; Googlebot/2.1; +http://www.google.com/bot.html)"
66.249.71.22 - - [18/Jan/2010:17:04:42 +0100] "GET / HTTP/1.1" 200 326 "-" "Mozilla/5.0 (compatible; Googlebot/2.1; +http://www.google.com/bot.html)"
67.195.114.234 - - [20/Jan/2010:21:56:53 +0100] "GET /robots.txt HTTP/1.0" 404 1256 "-" "Mozilla/5.0 (compatible; Yahoo! Slurp; http://help.yahoo.com/help/us/ysearch/slurp)"
67.195.114.234 - - [20/Jan/2010:21:56:53 +0100] "GET / HTTP/1.0" 200 326 "-" "Mozilla/5.0 (compatible; Yahoo! Slurp/3.0; http://help.yahoo.com/help/us/ysearch/slurp)"
66.249.71.22 - - [21/Jan/2010:09:21:05 +0100] "GET /robots.txt HTTP/1.1" 404 1256 "-" "Googlebot-Image/1.0"
66.249.71.22 - - [21/Jan/2010:09:21:05 +0100] "GET /PREVIEW/KIF_0554.JPG HTTP/1.1" 404 1256 "-" "Googlebot-Image/1.0"
66.249.71.22 - - [21/Jan/2010:10:22:53 +0100] "GET /PREVIEW/KIF_0549.JPG HTTP/1.1" 404 1256 "-" "Googlebot-Image/1.0"
64.95.64.68 - - [21/Jan/2010:15:19:48 +0100] "GET / HTTP/1.1" 200 326 "-" "Mozilla/4.0 (compatible; MSIE 6.0b; Windows NT 5.0)"
64.95.64.68 - - [21/Jan/2010:15:19:49 +0100] "GET / HTTP/1.1" 200 326 "-" "Mozilla/4.0 (compatible; MSIE 6.0b; Windows NT 5.0)"
64.95.64.68 - - [21/Jan/2010:15:19:49 +0100] "GET / HTTP/1.1" 200 326 "-" "Mozilla/4.0 (compatible; MSIE 6.0b; Windows NT 5.0)"
64.95.64.68 - - [21/Jan/2010:15:19:49 +0100] "GET / HTTP/1.1" 200 326 "-" "Mozilla/4.0 (compatible; MSIE 6.0b; Windows NT 5.0)"
64.95.64.68 - - [21/Jan/2010:15:19:54 +0100] "GET / HTTP/1.1" 200 326 "-" "Mozilla/4.0 (compatible; MSIE 6.0b; Windows NT 5.0)"
64.95.64.68 - - [21/Jan/2010:15:19:54 +0100] "GET / HTTP/1.1" 200 326 "-" "Mozilla/4.0 (compatible; MSIE 6.0b; Windows NT 5.0)"
75.101.201.246 - - [22/Jan/2010:03:03:47 +0100] "GET /robots.txt HTTP/1.0" 404 1256 "-" "SheenBot/SheenBot-1.0.3 (Sheen web crawler)"
75.101.201.246 - - [22/Jan/2010:03:03:47 +0100] "GET / HTTP/1.0" 200 326 "-" "SheenBot/SheenBot-1.0.3 (Sheen web crawler)"
207.114.187.198 - - [22/Jan/2010:04:41:20 +0100] "GET /robots.txt HTTP/1.0" 404 1256 "-" "Eric Osgood/Nutch-1.0 (Nutch spiderman; http://www.calpoly.edu/~eosgood ; MyEmail)"
207.114.187.198 - - [22/Jan/2010:04:41:21 +0100] "GET / HTTP/1.0" 200 326 "-" "Eric Osgood/Nutch-1.0 (Nutch spiderman; http://www.calpoly.edu/~eosgood ; MyEmail)"
66.249.71.22 - - [22/Jan/2010:14:38:44 +0100] "GET /robots.txt HTTP/1.1" 404 1256 "-" "Mozilla/5.0 (compatible; Googlebot/2.1; +http://www.google.com/bot.html)"
66.249.71.22 - - [22/Jan/2010:14:38:45 +0100] "GET /HTML/INDEX.HTM HTTP/1.1" 404 1256 "-" "Mozilla/5.0 (compatible; Googlebot/2.1; +http://www.google.com/bot.html)"
66.249.71.22 - - [24/Jan/2010:01:20:00 +0100] "GET /robots.txt HTTP/1.1" 404 1256 "-" "Googlebot-Image/1.0"
66.249.71.22 - - [24/Jan/2010:01:20:00 +0100] "GET /PREVIEW/KIF_0556.JPG HTTP/1.1" 404 1256 "-" "Googlebot-Image/1.0"
203.6.203.78 - - [24/Jan/2010:03:31:25 +0100] "GET / HTTP/1.0" 200 326 "-" "-"
66.249.71.22 - - [24/Jan/2010:13:29:06 +0100] "GET /robots.txt HTTP/1.1" 404 1256 "-" "Mozilla/5.0 (compatible; Googlebot/2.1; +http://www.google.com/bot.html)"
66.249.71.22 - - [24/Jan/2010:13:29:06 +0100] "GET / HTTP/1.1" 200 326 "-" "Mozilla/5.0 (compatible; Googlebot/2.1; +http://www.google.com/bot.html)"
64.95.64.68 - - [24/Jan/2010:13:52:30 +0100] "GET / HTTP/1.1" 200 326 "-" "Mozilla/4.0 (compatible; MSIE 6.0b; Windows NT 5.0)"
64.95.64.68 - - [24/Jan/2010:13:52:30 +0100] "GET / HTTP/1.1" 200 326 "-" "Mozilla/4.0 (compatible; MSIE 6.0b; Windows NT 5.0)"
64.95.64.68 - - [24/Jan/2010:13:52:30 +0100] "GET / HTTP/1.1" 200 326 "-" "Mozilla/4.0 (compatible; MSIE 6.0b; Windows NT 5.0)"
64.95.64.68 - - [24/Jan/2010:13:52:30 +0100] "GET / HTTP/1.1" 200 326 "-" "Mozilla/4.0 (compatible; MSIE 6.0b; Windows NT 5.0)"
64.95.64.68 - - [24/Jan/2010:13:52:37 +0100] "GET / HTTP/1.1" 200 326 "-" "Mozilla/4.0 (compatible; MSIE 6.0b; Windows NT 5.0)"
64.95.64.68 - - [24/Jan/2010:13:52:37 +0100] "GET / HTTP/1.1" 200 326 "-" "Mozilla/4.0 (compatible; MSIE 6.0b; Windows NT 5.0)"
66.249.71.22 - - [25/Jan/2010:00:00:23 +0100] "GET /PREVIEW/KIF_0548.JPG HTTP/1.1" 404 1256 "-" "Googlebot-Image/1.0"
66.249.71.22 - - [25/Jan/2010:01:10:23 +0100] "GET /PREVIEW/KIF_0572.JPG HTTP/1.1" 404 1256 "-" "Googlebot-Image/1.0"
64.246.178.34 - - [27/Jan/2010:19:34:11 +0100] "GET /robots.txt HTTP/1.0" 404 1256 "-" "Mozilla/5.0 (Windows; U; Windows NT 5.1; en; rv:1.9.0.13) Gecko/2009073022 Firefox/3.5.2 (.NET CLR 3.5.30729) SurveyBot/2.3 (DomainTools)"
64.246.178.34 - - [27/Jan/2010:19:34:11 +0100] "GET / HTTP/1.1" 200 326 "http://whois.domaintools.com/ruehling.com" "Mozilla/5.0 (Windows; U; Windows NT 5.1; en; rv:1.9.0.13) Gecko/2009073022 Firefox/3.5.2 (.NET CLR 3.5.30729) SurveyBot/2.3 (DomainTools)"
67.195.114.234 - - [28/Jan/2010:02:11:56 +0100] "GET /robots.txt HTTP/1.0" 404 1256 "-" "Mozilla/5.0 (compatible; Yahoo! Slurp; http://help.yahoo.com/help/us/ysearch/slurp)"
67.195.114.234 - - [28/Jan/2010:02:11:57 +0100] "GET / HTTP/1.0" 200 326 "-" "Mozilla/5.0 (compatible; Yahoo! Slurp/3.0; http://help.yahoo.com/help/us/ysearch/slurp)"
66.249.71.86 - - [29/Jan/2010:17:06:51 +0100] "GET /robots.txt HTTP/1.1" 404 1256 "-" "Mozilla/5.0 (compatible; Googlebot/2.1; +http://www.google.com/bot.html)"
66.249.71.86 - - [29/Jan/2010:17:06:51 +0100] "GET / HTTP/1.1" 200 326 "-" "Mozilla/5.0 (compatible; Googlebot/2.1; +http://www.google.com/bot.html)"
67.195.114.234 - - [31/Jan/2010:02:49:41 +0100] "GET /robots.txt HTTP/1.0" 404 1256 "-" "Mozilla/5.0 (compatible; Yahoo! Slurp; http://help.yahoo.com/help/us/ysearch/slurp)"
67.195.114.234 - - [31/Jan/2010:02:49:42 +0100] "GET /HTML/?M=D HTTP/1.0" 404 1256 "-" "Mozilla/5.0 (compatible; Yahoo! Slurp/3.0; http://help.yahoo.com/help/us/ysearch/slurp)"
66.249.71.39 - - [31/Jan/2010:10:48:51 +0100] "GET /robots.txt HTTP/1.1" 404 1256 "-" "Googlebot-Image/1.0"
66.249.71.39 - - [31/Jan/2010:10:48:51 +0100] "GET /PREVIEW/KIF_0563.JPG HTTP/1.1" 404 1256 "-" "Googlebot-Image/1.0"
66.249.71.39 - - [31/Jan/2010:11:47:19 +0100] "GET /PREVIEW/KIF_0571.JPG HTTP/1.1" 404 1256 "-" "Googlebot-Image/1.0"