141.8.147.12 - - [26/Jul/2013:03:52:33 +0200] "GET /images/mitarbeiter_gross.jpg HTTP/1.1" 200 3284835 "-" "Mozilla/5.0 (compatible; YandexImages/3.0; +http://yandex.com/bots)"
141.8.147.12 - - [26/Jul/2013:03:56:00 +0200] "GET /images/arnim2.gif HTTP/1.1" 200 27035 "-" "Mozilla/5.0 (compatible; YandexImages/3.0; +http://yandex.com/bots)"
141.8.147.12 - - [26/Jul/2013:04:22:41 +0200] "GET /images/MA_MonikaLorenz.jpg HTTP/1.1" 200 46854 "-" "Mozilla/5.0 (compatible; YandexImages/3.0; +http://yandex.com/bots)"
141.8.147.12 - - [26/Jul/2013:04:31:39 +0200] "GET /images/MA_MonikaLorenz_gross.jpg HTTP/1.1" 200 2458988 "-" "Mozilla/5.0 (compatible; YandexImages/3.0; +http://yandex.com/bots)"
66.249.72.77 - - [26/Jul/2013:04:42:31 +0200] "GET /images/AKB_QMS_Liskow_2006.png HTTP/1.1" 304 - "-" "Googlebot-Image/1.0"
173.199.114.51 - - [26/Jul/2013:05:28:11 +0200] "GET /kontakt.php HTTP/1.1" 200 5102 "-" "Mozilla/5.0 (compatible; AhrefsBot/4.0; +http://ahrefs.com/robot/)"
141.8.147.12 - - [26/Jul/2013:05:45:30 +0200] "GET /images/MA_Arnim_Apotheke.jpg HTTP/1.1" 200 43855 "-" "Mozilla/5.0 (compatible; YandexImages/3.0; +http://yandex.com/bots)"
141.8.147.12 - - [26/Jul/2013:05:46:04 +0200] "GET /images/AKB_QMS_Liskow_2006_mittel.png HTTP/1.1" 200 36959 "-" "Mozilla/5.0 (compatible; YandexImages/3.0; +http://yandex.com/bots)"
65.55.52.117 - - [26/Jul/2013:06:10:25 +0200] "GET /robots.txt HTTP/1.1" 404 1256 "-" "Mozilla/5.0 (compatible; bingbot/2.0; +http://www.bing.com/bingbot.htm)"
141.8.147.12 - - [26/Jul/2013:06:11:45 +0200] "GET /images/vita-not-karte.jpg HTTP/1.1" 200 66171 "-" "Mozilla/5.0 (compatible; YandexImages/3.0; +http://yandex.com/bots)"
65.55.52.117 - - [26/Jul/2013:06:16:38 +0200] "GET /sterillabor.php HTTP/1.1" 200 4330 "-" "Mozilla/5.0 (compatible; bingbot/2.0; +http://www.bing.com/bingbot.htm)"
141.8.147.12 - - [26/Jul/2013:06:30:59 +0200] "GET /images/Apotheke_aussen_ohne.Rand_4.jpg HTTP/1.1" 200 49642 "-" "Mozilla/5.0 (compatible; YandexImages/3.0; +http://yandex.com/bots)"
66.249.72.77 - - [26/Jul/2013:07:28:07 +0200] "GET /images/MA_MarianneRuhnke.jpg HTTP/1.1" 304 - "-" "Googlebot-Image/1.0"
173.199.114.51 - - [26/Jul/2013:07:36:11 +0200] "GET /arnim_apotheke.php HTTP/1.1" 404 1256 "-" "Mozilla/5.0 (compatible; AhrefsBot/4.0; +http://ahrefs.com/robot/)"
173.199.114.51 - - [26/Jul/2013:09:13:08 +0200] "GET /images/Historie.jpg HTTP/1.1" 200 22682 "-" "Mozilla/5.0 (compatible; AhrefsBot/4.0; +http://ahrefs.com/robot/)"
173.199.114.51 - - [26/Jul/2013:09:36:52 +0200] "GET /ueberuns.php HTTP/1.1" 302 - "-" "Mozilla/5.0 (compatible; AhrefsBot/4.0; +http://ahrefs.com/robot/)"
141.8.147.12 - - [26/Jul/2013:10:18:23 +0200] "GET /robots.txt HTTP/1.1" 404 1256 "-" "Mozilla/5.0 (compatible; YandexBot/3.0; +http://yandex.com/bots)"
141.8.147.12 - - [26/Jul/2013:10:18:26 +0200] "GET /images/MA_Team_Zyto.jpg HTTP/1.1" 200 10684 "-" "Mozilla/5.0 (compatible; YandexImages/3.0; +http://yandex.com/bots)"
173.199.114.51 - - [26/Jul/2013:10:20:39 +0200] "GET /mitarbeiter.php HTTP/1.1" 200 6811 "-" "Mozilla/5.0 (compatible; AhrefsBot/4.0; +http://ahrefs.com/robot/)"
80.90.149.66 - - [26/Jul/2013:10:43:33 +0200] "GET /zertifizierungen.php HTTP/1.1" 200 4722 "http://www.google.de/url?sa=t&rct=j&q=herstellung%20zytostatika%20qms&source=web&cd=5&ved=0CGsQFjAE&url=http%3A%2F%2Fwww.vita-apotheke.com%2Fzertifizierungen.php&ei=ZzbyUabMDILLPdzNgbgC&usg=AFQjCNFj9einGgkSXgvm2RANhbya9Rjppw&bvm=bv.49784469,d.ZWU" "Mozilla/5.0 (compatible; MSIE 10.0; Windows NT 6.1; WOW64; Trident/6.0)"
80.90.149.66 - - [26/Jul/2013:10:43:34 +0200] "GET /css/vita.css HTTP/1.1" 200 5485 "http://www.vita-apotheke.com/zertifizierungen.php" "Mozilla/5.0 (compatible; MSIE 10.0; Windows NT 6.1; WOW64; Trident/6.0)"
80.90.149.66 - - [26/Jul/2013:10:43:34 +0200] "GET /js/jquery.cross-slide.js HTTP/1.1" 200 6780 "http://www.vita-apotheke.com/zertifizierungen.php" "Mozilla/5.0 (compatible; MSIE 10.0; Windows NT 6.1; WOW64; Trident/6.0)"
80.90.149.66 - - [26/Jul/2013:10:43:34 +0200] "GET /js/fancybox/jquery.fancybox-1.3.4.pack.js HTTP/1.1" 200 15624 "http://www.vita-apotheke.com/zertifizierungen.php" "Mozilla/5.0 (compatible; MSIE 10.0; Windows NT 6.1; WOW64; Trident/6.0)"
80.90.149.66 - - [26/Jul/2013:10:43:34 +0200] "GET /js/fancybox/jquery.fancybox-1.3.4.css HTTP/1.1" 200 8494 "http://www.vita-apotheke.com/zertifizierungen.php" "Mozilla/5.0 (compatible; MSIE 10.0; Windows NT 6.1; WOW64; Trident/6.0)"
80.90.149.66 - - [26/Jul/2013:10:43:34 +0200] "GET /images/AKB_QMS_Liskow_2006.png HTTP/1.1" 200 6005 "http://www.vita-apotheke.com/zertifizierungen.php" "Mozilla/5.0 (compatible; MSIE 10.0; Windows NT 6.1; WOW64; Trident/6.0)"
80.90.149.66 - - [26/Jul/2013:10:43:34 +0200] "GET /images/quapos-zertifikat.jpg HTTP/1.1" 200 3804 "http://www.vita-apotheke.com/zertifizierungen.php" "Mozilla/5.0 (compatible; MSIE 10.0; Windows NT 6.1; WOW64; Trident/6.0)"
80.90.149.66 - - [26/Jul/2013:10:43:34 +0200] "GET /images/AKB_QMS_Liskow_2006_mittel.png HTTP/1.1" 200 36959 "http://www.vita-apotheke.com/zertifizierungen.php" "Mozilla/5.0 (compatible; MSIE 10.0; Windows NT 6.1; WOW64; Trident/6.0)"
80.90.149.66 - - [26/Jul/2013:10:43:34 +0200] "GET /images/quapos-zertifikat-mittel.jpg HTTP/1.1" 200 29028 "http://www.vita-apotheke.com/zertifizierungen.php" "Mozilla/5.0 (compatible; MSIE 10.0; Windows NT 6.1; WOW64; Trident/6.0)"
80.90.149.66 - - [26/Jul/2013:10:43:34 +0200] "GET /js/jquery-1.5.1.min.js HTTP/1.1" 200 85260 "http://www.vita-apotheke.com/zertifizierungen.php" "Mozilla/5.0 (compatible; MSIE 10.0; Windows NT 6.1; WOW64; Trident/6.0)"
80.90.149.66 - - [26/Jul/2013:10:43:35 +0200] "GET /images/vita-logo-dunkelgruen.jpg HTTP/1.1" 200 7021 "http://www.vita-apotheke.com/zertifizierungen.php" "Mozilla/5.0 (compatible; MSIE 10.0; Windows NT 6.1; WOW64; Trident/6.0)"
80.90.149.66 - - [26/Jul/2013:10:43:35 +0200] "GET /images/grafik_navi_mittelgruen.jpg HTTP/1.1" 200 13783 "http://www.vita-apotheke.com/zertifizierungen.php" "Mozilla/5.0 (compatible; MSIE 10.0; Windows NT 6.1; WOW64; Trident/6.0)"
80.90.149.66 - - [26/Jul/2013:10:43:35 +0200] "GET /favicon.ico HTTP/1.1" 404 1256 "-" "Mozilla/5.0 (compatible; MSIE 10.0; Windows NT 6.1; Win64; x64; Trident/6.0)"
65.55.52.117 - - [26/Jul/2013:10:49:46 +0200] "GET /robots.txt HTTP/1.1" 404 1256 "-" "Mozilla/5.0 (compatible; bingbot/2.0; +http://www.bing.com/bingbot.htm)"
141.8.147.12 - - [26/Jul/2013:10:55:54 +0200] "GET /images/MA_MonikaLorenz1.jpg HTTP/1.1" 200 48000 "-" "Mozilla/5.0 (compatible; YandexImages/3.0; +http://yandex.com/bots)"
65.55.52.117 - - [26/Jul/2013:11:11:11 +0200] "GET /frame_header_flash.html HTTP/1.1" 404 1256 "-" "Mozilla/5.0 (compatible; bingbot/2.0; +http://www.bing.com/bingbot.htm)"
65.55.52.117 - - [26/Jul/2013:11:11:13 +0200] "GET /header.swf HTTP/1.1" 404 1256 "-" "Mozilla/5.0 (compatible; bingbot/2.0; +http://www.bing.com/bingbot.htm)"
141.8.147.12 - - [26/Jul/2013:11:37:52 +0200] "GET /images/AKB_QMS_Liskow_2006_mittel.png HTTP/1.1" 200 36959 "-" "Mozilla/5.0 (compatible; YandexImages/3.0; +http://yandex.com/bots)"
141.8.147.12 - - [26/Jul/2013:12:06:49 +0200] "GET /images/MA_Team_Zyto_gross.jpg HTTP/1.1" 200 229841 "-" "Mozilla/5.0 (compatible; YandexImages/3.0; +http://yandex.com/bots)"
66.249.72.77 - - [26/Jul/2013:12:27:23 +0200] "GET /robots.txt HTTP/1.1" 404 1256 "-" "Mozilla/5.0 (compatible; Googlebot/2.1; +http://www.google.com/bot.html)"
66.249.72.77 - - [26/Jul/2013:12:27:23 +0200] "GET /impressum.php HTTP/1.1" 200 4696 "-" "Mozilla/5.0 (iPhone; U; CPU iPhone OS 4_1 like Mac OS X; en-us) AppleWebKit/532.9 (KHTML, like Gecko) Version/4.0.5 Mobile/8B117 Safari/6531.22.7 (compatible; Googlebot-Mobile/2.1; +http://www.google.com/bot.html)"
141.8.147.12 - - [26/Jul/2013:13:03:06 +0200] "GET /images/MA_MonikaLorenz.jpg HTTP/1.1" 200 46854 "-" "Mozilla/5.0 (compatible; YandexImages/3.0; +http://yandex.com/bots)"
141.8.147.12 - - [26/Jul/2013:13:29:34 +0200] "GET /images/quapos-zertifikat-mittel.jpg HTTP/1.1" 200 29028 "-" "Mozilla/5.0 (compatible; YandexImages/3.0; +http://yandex.com/bots)"
88.74.198.95 - - [26/Jul/2013:13:54:55 +0200] "GET /historie.php HTTP/1.1" 200 5111 "http://www.google.de/url?sa=t&rct=j&q=apotheke%20arnimplatz%20berlin&source=web&cd=2&cad=rja&ved=0CDUQFjAB&url=http%3A%2F%2Fwww.vita-apotheke.com%2Fhistorie.php&ei=I2PyUZygLovYPP_SgbgB&usg=AFQjCNHMIwG5dSvox_VxdT3nvu1AxFVdEA&bvm=bv.49784469,d.ZWU" "Mozilla/5.0 (Windows NT 5.1; rv:20.0) Gecko/20100101 Firefox/20.0"
88.74.198.95 - - [26/Jul/2013:13:54:55 +0200] "GET /css/vita.css HTTP/1.1" 200 5485 "http://www.vita-apotheke.com/historie.php" "Mozilla/5.0 (Windows NT 5.1; rv:20.0) Gecko/20100101 Firefox/20.0"
88.74.198.95 - - [26/Jul/2013:13:54:55 +0200] "GET /js/jquery.cross-slide.js HTTP/1.1" 200 6780 "http://www.vita-apotheke.com/historie.php" "Mozilla/5.0 (Windows NT 5.1; rv:20.0) Gecko/20100101 Firefox/20.0"
88.74.198.95 - - [26/Jul/2013:13:54:55 +0200] "GET /js/fancybox/jquery.fancybox-1.3.4.pack.js HTTP/1.1" 200 15624 "http://www.vita-apotheke.com/historie.php" "Mozilla/5.0 (Windows NT 5.1; rv:20.0) Gecko/20100101 Firefox/20.0"
88.74.198.95 - - [26/Jul/2013:13:54:55 +0200] "GET /js/fancybox/jquery.fancybox-1.3.4.css HTTP/1.1" 200 8494 "http://www.vita-apotheke.com/historie.php" "Mozilla/5.0 (Windows NT 5.1; rv:20.0) Gecko/20100101 Firefox/20.0"
88.74.198.95 - - [26/Jul/2013:13:54:55 +0200] "GET /js/jquery-1.5.1.min.js HTTP/1.1" 200 85260 "http://www.vita-apotheke.com/historie.php" "Mozilla/5.0 (Windows NT 5.1; rv:20.0) Gecko/20100101 Firefox/20.0"
88.74.198.95 - - [26/Jul/2013:13:54:55 +0200] "GET /images/AKB_QMS_Liskow_2006.png HTTP/1.1" 200 6005 "http://www.vita-apotheke.com/historie.php" "Mozilla/5.0 (Windows NT 5.1; rv:20.0) Gecko/20100101 Firefox/20.0"
88.74.198.95 - - [26/Jul/2013:13:54:55 +0200] "GET /images/quapos-zertifikat.jpg HTTP/1.1" 200 3804 "http://www.vita-apotheke.com/historie.php" "Mozilla/5.0 (Windows NT 5.1; rv:20.0) Gecko/20100101 Firefox/20.0"
88.74.198.95 - - [26/Jul/2013:13:54:55 +0200] "GET /images/Historie01.jpg HTTP/1.1" 200 17762 "http://www.vita-apotheke.com/historie.php" "Mozilla/5.0 (Windows NT 5.1; rv:20.0) Gecko/20100101 Firefox/20.0"
88.74.198.95 - - [26/Jul/2013:13:54:55 +0200] "GET /images/Historie.jpg HTTP/1.1" 200 22682 "http://www.vita-apotheke.com/historie.php" "Mozilla/5.0 (Windows NT 5.1; rv:20.0) Gecko/20100101 Firefox/20.0"
88.74.198.95 - - [26/Jul/2013:13:54:55 +0200] "GET /images/vita-logo-dunkelgruen.jpg HTTP/1.1" 200 7021 "http://www.vita-apotheke.com/css/vita.css" "Mozilla/5.0 (Windows NT 5.1; rv:20.0) Gecko/20100101 Firefox/20.0"
88.74.198.95 - - [26/Jul/2013:13:54:55 +0200] "GET /images/grafik_navi_mittelgruen.jpg HTTP/1.1" 200 13783 "http://www.vita-apotheke.com/css/vita.css" "Mozilla/5.0 (Windows NT 5.1; rv:20.0) Gecko/20100101 Firefox/20.0"
88.74.198.95 - - [26/Jul/2013:13:54:56 +0200] "GET /favicon.ico HTTP/1.1" 404 1256 "-" "Mozilla/5.0 (Windows NT 5.1; rv:20.0) Gecko/20100101 Firefox/20.0"
88.74.198.95 - - [26/Jul/2013:13:54:56 +0200] "GET /favicon.ico HTTP/1.1" 404 1256 "-" "Mozilla/5.0 (Windows NT 5.1; rv:20.0) Gecko/20100101 Firefox/20.0"
24.134.33.24 - - [26/Jul/2013:13:55:21 +0200] "GET / HTTP/1.1" 200 4539 "-" "Mozilla/5.0 (Windows NT 6.2; WOW64) AppleWebKit/537.36 (KHTML, like Gecko) Chrome/28.0.1500.72 Safari/537.36"
24.134.33.24 - - [26/Jul/2013:13:55:22 +0200] "GET /css/vita.css HTTP/1.1" 200 5485 "http://www.vita-apotheke.com/" "Mozilla/5.0 (Windows NT 6.2; WOW64) AppleWebKit/537.36 (KHTML, like Gecko) Chrome/28.0.1500.72 Safari/537.36"
88.74.198.95 - - [26/Jul/2013:13:55:22 +0200] "GET /kontakt.php HTTP/1.1" 200 5102 "http://www.vita-apotheke.com/historie.php" "Mozilla/5.0 (Windows NT 5.1; rv:20.0) Gecko/20100101 Firefox/20.0"
24.134.33.24 - - [26/Jul/2013:13:55:22 +0200] "GET /js/fancybox/jquery.fancybox-1.3.4.css HTTP/1.1" 200 8494 "http://www.vita-apotheke.com/" "Mozilla/5.0 (Windows NT 6.2; WOW64) AppleWebKit/537.36 (KHTML, like Gecko) Chrome/28.0.1500.72 Safari/537.36"
24.134.33.24 - - [26/Jul/2013:13:55:22 +0200] "GET /js/fancybox/jquery.fancybox-1.3.4.pack.js HTTP/1.1" 200 15624 "http://www.vita-apotheke.com/" "Mozilla/5.0 (Windows NT 6.2; WOW64) AppleWebKit/537.36 (KHTML, like Gecko) Chrome/28.0.1500.72 Safari/537.36"
24.134.33.24 - - [26/Jul/2013:13:55:22 +0200] "GET /js/jquery.cross-slide.js HTTP/1.1" 200 6780 "http://www.vita-apotheke.com/" "Mozilla/5.0 (Windows NT 6.2; WOW64) AppleWebKit/537.36 (KHTML, like Gecko) Chrome/28.0.1500.72 Safari/537.36"
24.134.33.24 - - [26/Jul/2013:13:55:22 +0200] "GET /js/jquery-1.5.1.min.js HTTP/1.1" 200 85260 "http://www.vita-apotheke.com/" "Mozilla/5.0 (Windows NT 6.2; WOW64) AppleWebKit/537.36 (KHTML, like Gecko) Chrome/28.0.1500.72 Safari/537.36"
141.8.147.12 - - [26/Jul/2013:13:59:50 +0200] "GET /images/mitarbeiter.jpg HTTP/1.1" 200 44826 "-" "Mozilla/5.0 (compatible; YandexImages/3.0; +http://yandex.com/bots)"
178.255.215.74 - - [26/Jul/2013:14:09:49 +0200] "GET /robots.txt HTTP/1.1" 404 1256 "-" "Mozilla/5.0 (compatible; Exabot/3.0; +http://www.exabot.com/go/robot)"
178.255.215.74 - - [26/Jul/2013:14:09:49 +0200] "GET / HTTP/1.1" 200 4539 "-" "Mozilla/5.0 (compatible; Exabot/3.0; +http://www.exabot.com/go/robot)"
176.57.143.60 - - [26/Jul/2013:14:23:55 +0200] "GET /aerzteadressen.php HTTP/1.1" 200 5232 "-" "Mozilla/5.0 (X11; Linux i686; rv:6.0) Gecko/20100101 Firefox/6.0"
141.8.147.12 - - [26/Jul/2013:14:48:11 +0200] "GET /robots.txt HTTP/1.1" 404 1256 "-" "Mozilla/5.0 (compatible; YandexBot/3.0; +http://yandex.com/bots)"
141.8.147.12 - - [26/Jul/2013:14:49:43 +0200] "GET /images/Apotheke_au%DFen_ohne.Rand_4_gross.jpg HTTP/1.1" 200 303138 "-" "Mozilla/5.0 (compatible; YandexImages/3.0; +http://yandex.com/bots)"
188.103.111.79 - - [26/Jul/2013:15:12:21 +0200] "GET / HTTP/1.1" 200 4539 "http://www.google.de/url?sa=t&rct=j&q=vita%20apotheke%20&source=web&cd=2&cad=rja&ved=0CEgQFjAB&url=http%3A%2F%2Fwww.vita-apotheke.com%2F&ei=bnXyUZcIxqK0BsWugPgN&usg=AFQjCNGHscoO06lKwKfUZWpPexrvGv3sxg&bvm=bv.49784469,d.Yms" "Mozilla/5.0 (Windows NT 6.2; WOW64) AppleWebKit/537.36 (KHTML, like Gecko) Chrome/28.0.1500.72 Safari/537.36"
188.103.111.79 - - [26/Jul/2013:15:12:22 +0200] "GET / HTTP/1.1" 200 4539 "-" "Mozilla/5.0 (Windows NT 6.2; WOW64) AppleWebKit/537.36 (KHTML, like Gecko) Chrome/28.0.1500.72 Safari/537.36"
188.103.111.79 - - [26/Jul/2013:15:12:22 +0200] "GET /js/fancybox/jquery.fancybox-1.3.4.css HTTP/1.1" 200 8494 "http://www.vita-apotheke.com/" "Mozilla/5.0 (Windows NT 6.2; WOW64) AppleWebKit/537.36 (KHTML, like Gecko) Chrome/28.0.1500.72 Safari/537.36"
188.103.111.79 - - [26/Jul/2013:15:12:22 +0200] "GET /css/vita.css HTTP/1.1" 200 5485 "http://www.vita-apotheke.com/" "Mozilla/5.0 (Windows NT 6.2; WOW64) AppleWebKit/537.36 (KHTML, like Gecko) Chrome/28.0.1500.72 Safari/537.36"
188.103.111.79 - - [26/Jul/2013:15:12:22 +0200] "GET /js/jquery.cross-slide.js HTTP/1.1" 200 6780 "http://www.vita-apotheke.com/" "Mozilla/5.0 (Windows NT 6.2; WOW64) AppleWebKit/537.36 (KHTML, like Gecko) Chrome/28.0.1500.72 Safari/537.36"
188.103.111.79 - - [26/Jul/2013:15:12:22 +0200] "GET /js/fancybox/jquery.fancybox-1.3.4.pack.js HTTP/1.1" 200 15624 "http://www.vita-apotheke.com/" "Mozilla/5.0 (Windows NT 6.2; WOW64) AppleWebKit/537.36 (KHTML, like Gecko) Chrome/28.0.1500.72 Safari/537.36"
188.103.111.79 - - [26/Jul/2013:15:12:22 +0200] "GET /js/jquery-1.5.1.min.js HTTP/1.1" 200 85260 "http://www.vita-apotheke.com/" "Mozilla/5.0 (Windows NT 6.2; WOW64) AppleWebKit/537.36 (KHTML, like Gecko) Chrome/28.0.1500.72 Safari/537.36"
188.103.111.79 - - [26/Jul/2013:15:12:22 +0200] "GET /images/quapos-zertifikat.jpg HTTP/1.1" 200 3804 "http://www.vita-apotheke.com/" "Mozilla/5.0 (Windows NT 6.2; WOW64) AppleWebKit/537.36 (KHTML, like Gecko) Chrome/28.0.1500.72 Safari/537.36"
188.103.111.79 - - [26/Jul/2013:15:12:22 +0200] "GET /images/AKB_QMS_Liskow_2006.png HTTP/1.1" 200 6005 "http://www.vita-apotheke.com/" "Mozilla/5.0 (Windows NT 6.2; WOW64) AppleWebKit/537.36 (KHTML, like Gecko) Chrome/28.0.1500.72 Safari/537.36"
188.103.111.79 - - [26/Jul/2013:15:12:22 +0200] "GET /images/vita-logo-dunkelgruen.jpg HTTP/1.1" 200 7021 "http://www.vita-apotheke.com/" "Mozilla/5.0 (Windows NT 6.2; WOW64) AppleWebKit/537.36 (KHTML, like Gecko) Chrome/28.0.1500.72 Safari/537.36"
188.103.111.79 - - [26/Jul/2013:15:12:22 +0200] "GET /images/grafik_navi_mittelgruen.jpg HTTP/1.1" 200 13783 "http://www.vita-apotheke.com/" "Mozilla/5.0 (Windows NT 6.2; WOW64) AppleWebKit/537.36 (KHTML, like Gecko) Chrome/28.0.1500.72 Safari/537.36"
188.103.111.79 - - [26/Jul/2013:15:12:22 +0200] "GET /images/MA_MonikaLorenz.jpg HTTP/1.1" 200 46854 "http://www.vita-apotheke.com/" "Mozilla/5.0 (Windows NT 6.2; WOW64) AppleWebKit/537.36 (KHTML, like Gecko) Chrome/28.0.1500.72 Safari/537.36"
188.103.111.79 - - [26/Jul/2013:15:12:22 +0200] "GET /favicon.ico HTTP/1.1" 404 1256 "-" "Mozilla/5.0 (Windows NT 6.2; WOW64) AppleWebKit/537.36 (KHTML, like Gecko) Chrome/28.0.1500.72 Safari/537.36"
188.103.111.79 - - [26/Jul/2013:15:12:34 +0200] "GET /impressum.php HTTP/1.1" 200 4696 "http://www.vita-apotheke.com/" "Mozilla/5.0 (Windows NT 6.2; WOW64) AppleWebKit/537.36 (KHTML, like Gecko) Chrome/28.0.1500.72 Safari/537.36"
188.103.111.79 - - [26/Jul/2013:15:12:34 +0200] "GET /images/Apotheke_aussen_ohne.Rand_4.jpg HTTP/1.1" 200 49642 "http://www.vita-apotheke.com/impressum.php" "Mozilla/5.0 (Windows NT 6.2; WOW64) AppleWebKit/537.36 (KHTML, like Gecko) Chrome/28.0.1500.72 Safari/537.36"
188.103.111.79 - - [26/Jul/2013:15:12:34 +0200] "GET / HTTP/1.1" 200 4539 "-" "Mozilla/5.0 (Windows NT 6.2; WOW64) AppleWebKit/537.36 (KHTML, like Gecko) Chrome/28.0.1500.72 Safari/537.36"
188.103.111.79 - - [26/Jul/2013:15:12:34 +0200] "GET /images/mitarbeiter.jpg HTTP/1.1" 200 44826 "http://www.vita-apotheke.com/impressum.php" "Mozilla/5.0 (Windows NT 6.2; WOW64) AppleWebKit/537.36 (KHTML, like Gecko) Chrome/28.0.1500.72 Safari/537.36"
188.103.111.79 - - [26/Jul/2013:15:12:34 +0200] "GET /favicon.ico HTTP/1.1" 404 1256 "-" "Mozilla/5.0 (Windows NT 6.2; WOW64) AppleWebKit/537.36 (KHTML, like Gecko) Chrome/28.0.1500.72 Safari/537.36"
188.103.111.79 - - [26/Jul/2013:15:14:02 +0200] "GET /kontakt.php HTTP/1.1" 200 5102 "http://www.vita-apotheke.com/impressum.php" "Mozilla/5.0 (Windows NT 6.2; WOW64) AppleWebKit/537.36 (KHTML, like Gecko) Chrome/28.0.1500.72 Safari/537.36"
188.103.111.79 - - [26/Jul/2013:15:14:02 +0200] "GET / HTTP/1.1" 200 4539 "-" "Mozilla/5.0 (Windows NT 6.2; WOW64) AppleWebKit/537.36 (KHTML, like Gecko) Chrome/28.0.1500.72 Safari/537.36"
188.103.111.79 - - [26/Jul/2013:15:14:03 +0200] "GET /favicon.ico HTTP/1.1" 404 1256 "-" "Mozilla/5.0 (Windows NT 6.2; WOW64) AppleWebKit/537.36 (KHTML, like Gecko) Chrome/28.0.1500.72 Safari/537.36"
188.103.111.79 - - [26/Jul/2013:15:14:03 +0200] "GET /favicon.ico HTTP/1.1" 404 1256 "-" "Mozilla/5.0 (Windows NT 6.2; WOW64) AppleWebKit/537.36 (KHTML, like Gecko) Chrome/28.0.1500.72 Safari/537.36"
188.103.111.79 - - [26/Jul/2013:15:14:03 +0200] "GET /favicon.ico HTTP/1.1" 404 1256 "-" "Mozilla/5.0 (Windows NT 6.2; WOW64) AppleWebKit/537.36 (KHTML, like Gecko) Chrome/28.0.1500.72 Safari/537.36"
188.103.111.79 - - [26/Jul/2013:15:14:19 +0200] "GET /impressum.php HTTP/1.1" 200 4696 "http://www.vita-apotheke.com/kontakt.php" "Mozilla/5.0 (Windows NT 6.2; WOW64) AppleWebKit/537.36 (KHTML, like Gecko) Chrome/28.0.1500.72 Safari/537.36"
188.103.111.79 - - [26/Jul/2013:15:14:19 +0200] "GET / HTTP/1.1" 200 4539 "-" "Mozilla/5.0 (Windows NT 6.2; WOW64) AppleWebKit/537.36 (KHTML, like Gecko) Chrome/28.0.1500.72 Safari/537.36"
188.103.111.79 - - [26/Jul/2013:15:14:19 +0200] "GET /favicon.ico HTTP/1.1" 404 1256 "-" "Mozilla/5.0 (Windows NT 6.2; WOW64) AppleWebKit/537.36 (KHTML, like Gecko) Chrome/28.0.1500.72 Safari/537.36"
88.217.110.10 - - [26/Jul/2013:15:34:57 +0200] "GET /images/MA_MonikaLorenz.jpg HTTP/1.1" 200 46854 "http://www.vebidoo.de/lorenz+monika" "Mozilla/5.0 (Windows NT 6.1; WOW64; rv:22.0) Gecko/20100101 Firefox/22.0"
141.8.147.12 - - [26/Jul/2013:15:50:45 +0200] "GET /images/MA_MonikaLorenz_gross.jpg HTTP/1.1" 200 2458988 "-" "Mozilla/5.0 (compatible; YandexImages/3.0; +http://yandex.com/bots)"
141.8.147.12 - - [26/Jul/2013:16:09:02 +0200] "GET /images/vita-not-karte.jpg HTTP/1.1" 200 66171 "-" "Mozilla/5.0 (compatible; YandexImages/3.0; +http://yandex.com/bots)"
141.8.147.12 - - [26/Jul/2013:16:39:13 +0200] "GET /images/mitarbeiter_gross.jpg HTTP/1.1" 200 3284835 "-" "Mozilla/5.0 (compatible; YandexImages/3.0; +http://yandex.com/bots)"
84.175.86.189 - - [26/Jul/2013:16:47:44 +0200] "GET / HTTP/1.1" 200 4539 "http://www.google.de/url?sa=t&rct=j&q=apotheke%20schivelbeiner%20str&source=web&cd=1&ved=0CDUQoAIwAA&url=http%3A%2F%2Fwww.vita-apotheke.com%2F&ei=x4vyUYXDM8nSsgaJz4DYAQ&usg=AFQjCNGHscoO06lKwKfUZWpPexrvGv3sxg&bvm=bv.49784469,d.Yms" "Mozilla/5.0 (Macintosh; Intel Mac OS X 10_5_8) AppleWebKit/534.50.2 (KHTML, like Gecko) Version/5.0.6 Safari/533.22.3"
84.175.86.189 - - [26/Jul/2013:16:47:44 +0200] "GET /js/jquery.cross-slide.js HTTP/1.1" 200 6780 "http://www.vita-apotheke.com/" "Mozilla/5.0 (Macintosh; Intel Mac OS X 10_5_8) AppleWebKit/534.50.2 (KHTML, like Gecko) Version/5.0.6 Safari/533.22.3"
84.175.86.189 - - [26/Jul/2013:16:47:44 +0200] "GET /css/vita.css HTTP/1.1" 200 5485 "http://www.vita-apotheke.com/" "Mozilla/5.0 (Macintosh; Intel Mac OS X 10_5_8) AppleWebKit/534.50.2 (KHTML, like Gecko) Version/5.0.6 Safari/533.22.3"
84.175.86.189 - - [26/Jul/2013:16:47:44 +0200] "GET /js/fancybox/jquery.fancybox-1.3.4.css HTTP/1.1" 200 8494 "http://www.vita-apotheke.com/" "Mozilla/5.0 (Macintosh; Intel Mac OS X 10_5_8) AppleWebKit/534.50.2 (KHTML, like Gecko) Version/5.0.6 Safari/533.22.3"
84.175.86.189 - - [26/Jul/2013:16:47:44 +0200] "GET /js/fancybox/jquery.fancybox-1.3.4.pack.js HTTP/1.1" 200 15624 "http://www.vita-apotheke.com/" "Mozilla/5.0 (Macintosh; Intel Mac OS X 10_5_8) AppleWebKit/534.50.2 (KHTML, like Gecko) Version/5.0.6 Safari/533.22.3"
84.175.86.189 - - [26/Jul/2013:16:47:44 +0200] "GET /js/jquery-1.5.1.min.js HTTP/1.1" 200 85260 "http://www.vita-apotheke.com/" "Mozilla/5.0 (Macintosh; Intel Mac OS X 10_5_8) AppleWebKit/534.50.2 (KHTML, like Gecko) Version/5.0.6 Safari/533.22.3"
84.175.86.189 - - [26/Jul/2013:16:47:44 +0200] "GET /images/vita-logo-dunkelgruen.jpg HTTP/1.1" 200 7021 "http://www.vita-apotheke.com/" "Mozilla/5.0 (Macintosh; Intel Mac OS X 10_5_8) AppleWebKit/534.50.2 (KHTML, like Gecko) Version/5.0.6 Safari/533.22.3"
84.175.86.189 - - [26/Jul/2013:16:47:44 +0200] "GET /images/quapos-zertifikat.jpg HTTP/1.1" 200 3804 "http://www.vita-apotheke.com/" "Mozilla/5.0 (Macintosh; Intel Mac OS X 10_5_8) AppleWebKit/534.50.2 (KHTML, like Gecko) Version/5.0.6 Safari/533.22.3"
84.175.86.189 - - [26/Jul/2013:16:47:44 +0200] "GET /images/AKB_QMS_Liskow_2006.png HTTP/1.1" 200 6005 "http://www.vita-apotheke.com/" "Mozilla/5.0 (Macintosh; Intel Mac OS X 10_5_8) AppleWebKit/534.50.2 (KHTML, like Gecko) Version/5.0.6 Safari/533.22.3"
84.175.86.189 - - [26/Jul/2013:16:47:44 +0200] "GET /images/grafik_navi_mittelgruen.jpg HTTP/1.1" 200 13783 "http://www.vita-apotheke.com/" "Mozilla/5.0 (Macintosh; Intel Mac OS X 10_5_8) AppleWebKit/534.50.2 (KHTML, like Gecko) Version/5.0.6 Safari/533.22.3"
84.175.86.189 - - [26/Jul/2013:16:47:44 +0200] "GET /images/MA_MonikaLorenz.jpg HTTP/1.1" 200 46854 "http://www.vita-apotheke.com/" "Mozilla/5.0 (Macintosh; Intel Mac OS X 10_5_8) AppleWebKit/534.50.2 (KHTML, like Gecko) Version/5.0.6 Safari/533.22.3"
84.175.86.189 - - [26/Jul/2013:16:47:44 +0200] "GET /favicon.ico HTTP/1.1" 404 1256 "http://www.vita-apotheke.com/" "Mozilla/5.0 (Macintosh; Intel Mac OS X 10_5_8) AppleWebKit/534.50.2 (KHTML, like Gecko) Version/5.0.6 Safari/533.22.3"
84.175.86.189 - - [26/Jul/2013:16:47:50 +0200] "GET /service.php HTTP/1.1" 200 5642 "http://www.vita-apotheke.com/" "Mozilla/5.0 (Macintosh; Intel Mac OS X 10_5_8) AppleWebKit/534.50.2 (KHTML, like Gecko) Version/5.0.6 Safari/533.22.3"
84.175.86.189 - - [26/Jul/2013:16:47:50 +0200] "GET /images/vita-not-karte.jpg HTTP/1.1" 200 66171 "http://www.vita-apotheke.com/service.php" "Mozilla/5.0 (Macintosh; Intel Mac OS X 10_5_8) AppleWebKit/534.50.2 (KHTML, like Gecko) Version/5.0.6 Safari/533.22.3"
84.175.86.189 - - [26/Jul/2013:16:47:50 +0200] "GET /images/Beratungsraum.jpg HTTP/1.1" 200 40383 "http://www.vita-apotheke.com/service.php" "Mozilla/5.0 (Macintosh; Intel Mac OS X 10_5_8) AppleWebKit/534.50.2 (KHTML, like Gecko) Version/5.0.6 Safari/533.22.3"
84.175.86.189 - - [26/Jul/2013:16:47:55 +0200] "GET /historie.php HTTP/1.1" 200 5111 "http://www.vita-apotheke.com/service.php" "Mozilla/5.0 (Macintosh; Intel Mac OS X 10_5_8) AppleWebKit/534.50.2 (KHTML, like Gecko) Version/5.0.6 Safari/533.22.3"
84.175.86.189 - - [26/Jul/2013:16:47:55 +0200] "GET /images/Historie.jpg HTTP/1.1" 200 22682 "http://www.vita-apotheke.com/historie.php" "Mozilla/5.0 (Macintosh; Intel Mac OS X 10_5_8) AppleWebKit/534.50.2 (KHTML, like Gecko) Version/5.0.6 Safari/533.22.3"
84.175.86.189 - - [26/Jul/2013:16:47:55 +0200] "GET /images/Historie01.jpg HTTP/1.1" 200 17762 "http://www.vita-apotheke.com/historie.php" "Mozilla/5.0 (Macintosh; Intel Mac OS X 10_5_8) AppleWebKit/534.50.2 (KHTML, like Gecko) Version/5.0.6 Safari/533.22.3"
84.175.86.189 - - [26/Jul/2013:16:47:59 +0200] "GET /sterillabor.php HTTP/1.1" 200 4330 "http://www.vita-apotheke.com/historie.php" "Mozilla/5.0 (Macintosh; Intel Mac OS X 10_5_8) AppleWebKit/534.50.2 (KHTML, like Gecko) Version/5.0.6 Safari/533.22.3"
84.175.86.189 - - [26/Jul/2013:16:47:59 +0200] "GET /images/MA_Team_Zyto.jpg HTTP/1.1" 200 10684 "http://www.vita-apotheke.com/sterillabor.php" "Mozilla/5.0 (Macintosh; Intel Mac OS X 10_5_8) AppleWebKit/534.50.2 (KHTML, like Gecko) Version/5.0.6 Safari/533.22.3"
84.175.86.189 - - [26/Jul/2013:16:47:59 +0200] "GET /images/Sterilabteilung03.jpg HTTP/1.1" 200 34797 "http://www.vita-apotheke.com/sterillabor.php" "Mozilla/5.0 (Macintosh; Intel Mac OS X 10_5_8) AppleWebKit/534.50.2 (KHTML, like Gecko) Version/5.0.6 Safari/533.22.3"
84.175.86.189 - - [26/Jul/2013:16:48:01 +0200] "GET /kontakt.php HTTP/1.1" 200 5102 "http://www.vita-apotheke.com/sterillabor.php" "Mozilla/5.0 (Macintosh; Intel Mac OS X 10_5_8) AppleWebKit/534.50.2 (KHTML, like Gecko) Version/5.0.6 Safari/533.22.3"
66.249.72.77 - - [26/Jul/2013:16:52:43 +0200] "GET / HTTP/1.1" 200 4539 "-" "DoCoMo/2.0 N905i(c100;TB;W24H16) (compatible; Googlebot-Mobile/2.1; +http://www.google.com/bot.html)"
87.106.227.210 - - [26/Jul/2013:17:37:03 +0200] "GET /kontakt.php HTTP/1.1" 200 5102 "-" "-"
141.8.147.12 - - [26/Jul/2013:17:57:15 +0200] "GET /images/MA_Arnim_Apotheke.jpg HTTP/1.1" 200 43855 "-" "Mozilla/5.0 (compatible; YandexImages/3.0; +http://yandex.com/bots)"
141.8.147.12 - - [26/Jul/2013:18:08:39 +0200] "GET /images/Apotheke_aussen_ohne.Rand_4.jpg HTTP/1.1" 200 49642 "-" "Mozilla/5.0 (compatible; YandexImages/3.0; +http://yandex.com/bots)"
141.8.147.12 - - [26/Jul/2013:18:16:37 +0200] "GET /images/arnim2.gif HTTP/1.1" 200 27035 "-" "Mozilla/5.0 (compatible; YandexImages/3.0; +http://yandex.com/bots)"
109.45.0.118 - - [26/Jul/2013:18:55:58 +0200] "GET / HTTP/1.1" 200 4539 "-" "Mozilla/5.0 (iPhone; CPU iPhone OS 6_0_1 like Mac OS X) AppleWebKit/536.26 (KHTML, like Gecko) Version/6.0 Mobile/10A525 Safari/8536.25"
109.45.0.118 - - [26/Jul/2013:18:55:58 +0200] "GET /css/vita.css HTTP/1.1" 200 5485 "-" "Mozilla/5.0 (iPhone; CPU iPhone OS 6_0_1 like Mac OS X) AppleWebKit/536.26 (KHTML, like Gecko) Version/6.0 Mobile/10A525 Safari/8536.25"
109.45.0.118 - - [26/Jul/2013:18:55:58 +0200] "GET /js/jquery.cross-slide.js HTTP/1.1" 200 6780 "-" "Mozilla/5.0 (iPhone; CPU iPhone OS 6_0_1 like Mac OS X) AppleWebKit/536.26 (KHTML, like Gecko) Version/6.0 Mobile/10A525 Safari/8536.25"
109.45.0.118 - - [26/Jul/2013:18:55:58 +0200] "GET /js/fancybox/jquery.fancybox-1.3.4.pack.js HTTP/1.1" 200 15624 "-" "Mozilla/5.0 (iPhone; CPU iPhone OS 6_0_1 like Mac OS X) AppleWebKit/536.26 (KHTML, like Gecko) Version/6.0 Mobile/10A525 Safari/8536.25"
109.45.0.118 - - [26/Jul/2013:18:55:58 +0200] "GET /js/jquery-1.5.1.min.js HTTP/1.1" 200 85260 "-" "Mozilla/5.0 (iPhone; CPU iPhone OS 6_0_1 like Mac OS X) AppleWebKit/536.26 (KHTML, like Gecko) Version/6.0 Mobile/10A525 Safari/8536.25"
109.45.0.118 - - [26/Jul/2013:18:55:59 +0200] "GET /js/fancybox/jquery.fancybox-1.3.4.css HTTP/1.1" 200 8494 "http://www.vita-apotheke.com/" "Mozilla/5.0 (iPhone; CPU iPhone OS 6_0_1 like Mac OS X) AppleWebKit/536.26 (KHTML, like Gecko) Version/6.0 Mobile/10A525 Safari/8536.25"
109.45.0.118 - - [26/Jul/2013:18:55:59 +0200] "GET /images/quapos-zertifikat.jpg HTTP/1.1" 200 3804 "http://www.vita-apotheke.com/" "Mozilla/5.0 (iPhone; CPU iPhone OS 6_0_1 like Mac OS X) AppleWebKit/536.26 (KHTML, like Gecko) Version/6.0 Mobile/10A525 Safari/8536.25"
109.45.0.118 - - [26/Jul/2013:18:55:59 +0200] "GET /js/jquery-1.5.1.min.js HTTP/1.1" 200 85260 "http://www.vita-apotheke.com/" "Mozilla/5.0 (iPhone; CPU iPhone OS 6_0_1 like Mac OS X) AppleWebKit/536.26 (KHTML, like Gecko) Version/6.0 Mobile/10A525 Safari/8536.25"
109.45.0.118 - - [26/Jul/2013:18:55:59 +0200] "GET /images/AKB_QMS_Liskow_2006.png HTTP/1.1" 200 6005 "http://www.vita-apotheke.com/" "Mozilla/5.0 (iPhone; CPU iPhone OS 6_0_1 like Mac OS X) AppleWebKit/536.26 (KHTML, like Gecko) Version/6.0 Mobile/10A525 Safari/8536.25"
109.45.0.118 - - [26/Jul/2013:18:55:59 +0200] "GET /images/MA_MonikaLorenz.jpg HTTP/1.1" 200 46854 "http://www.vita-apotheke.com/" "Mozilla/5.0 (iPhone; CPU iPhone OS 6_0_1 like Mac OS X) AppleWebKit/536.26 (KHTML, like Gecko) Version/6.0 Mobile/10A525 Safari/8536.25"
109.45.0.118 - - [26/Jul/2013:18:55:59 +0200] "GET /images/vita-logo-dunkelgruen.jpg HTTP/1.1" 200 7021 "http://www.vita-apotheke.com/" "Mozilla/5.0 (iPhone; CPU iPhone OS 6_0_1 like Mac OS X) AppleWebKit/536.26 (KHTML, like Gecko) Version/6.0 Mobile/10A525 Safari/8536.25"
109.45.0.118 - - [26/Jul/2013:18:55:59 +0200] "GET /images/grafik_navi_mittelgruen.jpg HTTP/1.1" 200 13783 "http://www.vita-apotheke.com/" "Mozilla/5.0 (iPhone; CPU iPhone OS 6_0_1 like Mac OS X) AppleWebKit/536.26 (KHTML, like Gecko) Version/6.0 Mobile/10A525 Safari/8536.25"
109.45.0.118 - - [26/Jul/2013:18:56:10 +0200] "GET /kontakt.php HTTP/1.1" 200 5102 "http://www.vita-apotheke.com/" "Mozilla/5.0 (iPhone; CPU iPhone OS 6_0_1 like Mac OS X) AppleWebKit/536.26 (KHTML, like Gecko) Version/6.0 Mobile/10A525 Safari/8536.25"
89.16.143.61 - - [26/Jul/2013:20:41:57 +0200] "GET / HTTP/1.1" 200 4539 "-" "Mozilla/5.0 (iPad; CPU OS 6_1_3 like Mac OS X) AppleWebKit/536.26 (KHTML, like Gecko) Version/6.0 Mobile/10B329 Safari/8536.25"
89.16.143.61 - - [26/Jul/2013:20:41:57 +0200] "GET /css/vita.css HTTP/1.1" 200 5485 "http://www.vita-apotheke.com/" "Mozilla/5.0 (iPad; CPU OS 6_1_3 like Mac OS X) AppleWebKit/536.26 (KHTML, like Gecko) Version/6.0 Mobile/10B329 Safari/8536.25"
89.16.143.61 - - [26/Jul/2013:20:41:57 +0200] "GET /js/fancybox/jquery.fancybox-1.3.4.css HTTP/1.1" 200 8494 "http://www.vita-apotheke.com/" "Mozilla/5.0 (iPad; CPU OS 6_1_3 like Mac OS X) AppleWebKit/536.26 (KHTML, like Gecko) Version/6.0 Mobile/10B329 Safari/8536.25"
89.16.143.61 - - [26/Jul/2013:20:41:57 +0200] "GET /js/jquery.cross-slide.js HTTP/1.1" 200 6780 "http://www.vita-apotheke.com/" "Mozilla/5.0 (iPad; CPU OS 6_1_3 like Mac OS X) AppleWebKit/536.26 (KHTML, like Gecko) Version/6.0 Mobile/10B329 Safari/8536.25"
89.16.143.61 - - [26/Jul/2013:20:41:57 +0200] "GET /js/fancybox/jquery.fancybox-1.3.4.pack.js HTTP/1.1" 200 15624 "http://www.vita-apotheke.com/" "Mozilla/5.0 (iPad; CPU OS 6_1_3 like Mac OS X) AppleWebKit/536.26 (KHTML, like Gecko) Version/6.0 Mobile/10B329 Safari/8536.25"
89.16.143.61 - - [26/Jul/2013:20:41:57 +0200] "GET /js/jquery-1.5.1.min.js HTTP/1.1" 200 85260 "http://www.vita-apotheke.com/" "Mozilla/5.0 (iPad; CPU OS 6_1_3 like Mac OS X) AppleWebKit/536.26 (KHTML, like Gecko) Version/6.0 Mobile/10B329 Safari/8536.25"
89.16.143.61 - - [26/Jul/2013:20:41:57 +0200] "GET /images/MA_MonikaLorenz.jpg HTTP/1.1" 200 46854 "http://www.vita-apotheke.com/" "Mozilla/5.0 (iPad; CPU OS 6_1_3 like Mac OS X) AppleWebKit/536.26 (KHTML, like Gecko) Version/6.0 Mobile/10B329 Safari/8536.25"
89.16.143.61 - - [26/Jul/2013:20:41:57 +0200] "GET /images/quapos-zertifikat.jpg HTTP/1.1" 200 3804 "http://www.vita-apotheke.com/" "Mozilla/5.0 (iPad; CPU OS 6_1_3 like Mac OS X) AppleWebKit/536.26 (KHTML, like Gecko) Version/6.0 Mobile/10B329 Safari/8536.25"
89.16.143.61 - - [26/Jul/2013:20:41:57 +0200] "GET /images/AKB_QMS_Liskow_2006.png HTTP/1.1" 200 6005 "http://www.vita-apotheke.com/" "Mozilla/5.0 (iPad; CPU OS 6_1_3 like Mac OS X) AppleWebKit/536.26 (KHTML, like Gecko) Version/6.0 Mobile/10B329 Safari/8536.25"
89.16.143.61 - - [26/Jul/2013:20:41:58 +0200] "GET /images/vita-logo-dunkelgruen.jpg HTTP/1.1" 200 7021 "http://www.vita-apotheke.com/" "Mozilla/5.0 (iPad; CPU OS 6_1_3 like Mac OS X) AppleWebKit/536.26 (KHTML, like Gecko) Version/6.0 Mobile/10B329 Safari/8536.25"
89.16.143.61 - - [26/Jul/2013:20:41:58 +0200] "GET /images/grafik_navi_mittelgruen.jpg HTTP/1.1" 200 13783 "http://www.vita-apotheke.com/" "Mozilla/5.0 (iPad; CPU OS 6_1_3 like Mac OS X) AppleWebKit/536.26 (KHTML, like Gecko) Version/6.0 Mobile/10B329 Safari/8536.25"
89.16.143.61 - - [26/Jul/2013:20:42:16 +0200] "GET / HTTP/1.1" 200 4539 "-" "Mozilla/5.0 (iPad; CPU OS 6_1_3 like Mac OS X) AppleWebKit/536.26 (KHTML, like Gecko) Version/6.0 Mobile/10B329 Safari/8536.25"
66.249.72.77 - - [26/Jul/2013:21:02:11 +0200] "GET /kontakt.php HTTP/1.1" 200 5102 "-" "Mozilla/5.0 (iPhone; U; CPU iPhone OS 4_1 like Mac OS X; en-us) AppleWebKit/532.9 (KHTML, like Gecko) Version/4.0.5 Mobile/8B117 Safari/6531.22.7 (compatible; Googlebot-Mobile/2.1; +http://www.google.com/bot.html)"
141.8.147.12 - - [26/Jul/2013:21:19:58 +0200] "GET /images/MA_MonikaLorenz1.jpg HTTP/1.1" 200 48000 "-" "Mozilla/5.0 (compatible; YandexImages/3.0; +http://yandex.com/bots)"
141.8.147.12 - - [26/Jul/2013:21:42:01 +0200] "GET /images/Apotheke_aussen_ohne.Rand_4.jpg HTTP/1.1" 200 49642 "-" "Mozilla/5.0 (compatible; YandexImages/3.0; +http://yandex.com/bots)"
64.246.165.190 - - [26/Jul/2013:21:46:40 +0200] "GET /robots.txt HTTP/1.0" 404 1256 "-" "Mozilla/5.0 (Windows; U; Windows NT 5.1; en; rv:1.9.0.13) Gecko/2009073022 Firefox/3.5.2 (.NET CLR 3.5.30729) SurveyBot/2.3 (DomainTools)"
64.246.165.190 - - [26/Jul/2013:21:46:41 +0200] "GET / HTTP/1.1" 200 4539 "http://whois.domaintools.com/vita-apotheke.com" "Mozilla/5.0 (Windows; U; Windows NT 5.1; en; rv:1.9.0.13) Gecko/2009073022 Firefox/3.5.2 (.NET CLR 3.5.30729) SurveyBot/2.3 (DomainTools)"
141.8.147.12 - - [26/Jul/2013:22:07:27 +0200] "GET /images/MA_Arnim_Apotheke.jpg HTTP/1.1" 200 43855 "-" "Mozilla/5.0 (compatible; YandexImages/3.0; +http://yandex.com/bots)"
141.8.147.12 - - [26/Jul/2013:22:14:36 +0200] "GET /images/AKB_QMS_Liskow_2006_mittel.png HTTP/1.1" 200 36959 "-" "Mozilla/5.0 (compatible; YandexImages/3.0; +http://yandex.com/bots)"
141.8.147.12 - - [26/Jul/2013:22:44:11 +0200] "GET /images/MA_MonikaLorenz_gross.jpg HTTP/1.1" 200 2458988 "-" "Mozilla/5.0 (compatible; YandexImages/3.0; +http://yandex.com/bots)"
66.249.72.77 - - [26/Jul/2013:23:08:48 +0200] "GET /images/Beratungsraum_gross.jpg HTTP/1.1" 304 - "-" "Googlebot-Image/1.0"
157.55.35.78 - - [27/Jul/2013:01:25:00 +0200] "GET /robots.txt HTTP/1.1" 404 1256 "-" "Mozilla/5.0 (compatible; bingbot/2.0; +http://www.bing.com/bingbot.htm)"
157.55.35.78 - - [27/Jul/2013:01:34:26 +0200] "GET /images/Apotheke_au%C3%9Fen_ohne.Rand_4_gross.jpg HTTP/1.1" 404 1256 "-" "Mozilla/5.0 (compatible; bingbot/2.0; +http://www.bing.com/bingbot.htm)"
141.8.147.12 - - [27/Jul/2013:01:50:37 +0200] "GET /images/arnim2.gif HTTP/1.1" 200 27035 "-" "Mozilla/5.0 (compatible; YandexImages/3.0; +http://yandex.com/bots)"
157.55.35.78 - - [27/Jul/2013:02:00:53 +0200] "GET /images/Apotheke_au%C3%9Fen_ohne.Rand_4_gross.jpg HTTP/1.1" 404 1256 "-" "Mozilla/5.0 (compatible; bingbot/2.0; +http://www.bing.com/bingbot.htm)"
141.8.147.12 - - [27/Jul/2013:02:29:13 +0200] "GET /images/vita-not-karte.jpg HTTP/1.1" 200 66171 "-" "Mozilla/5.0 (compatible; YandexImages/3.0; +http://yandex.com/bots)"
141.8.147.12 - - [27/Jul/2013:02:33:29 +0200] "GET /images/mitarbeiter_gross.jpg HTTP/1.1" 200 3284835 "-" "Mozilla/5.0 (compatible; YandexImages/3.0; +http://yandex.com/bots)"
141.8.147.12 - - [27/Jul/2013:03:50:02 +0200] "GET /robots.txt HTTP/1.1" 404 1256 "-" "Mozilla/5.0 (compatible; YandexBot/3.0; +http://yandex.com/bots)"
141.8.147.12 - - [27/Jul/2013:03:50:06 +0200] "GET /images/MA_MonikaLorenz.jpg HTTP/1.1" 200 46854 "-" "Mozilla/5.0 (compatible; YandexImages/3.0; +http://yandex.com/bots)"
157.56.229.247 - - [27/Jul/2013:04:00:18 +0200] "GET /robots.txt HTTP/1.1" 404 1256 "-" "Mozilla/5.0 (compatible; bingbot/2.0; +http://www.bing.com/bingbot.htm)"
157.56.229.247 - - [27/Jul/2013:04:02:00 +0200] "GET /images/Sterilabteilung04_gross.jpg HTTP/1.1" 200 1284469 "-" "Mozilla/5.0 (compatible; bingbot/2.0; +http://www.bing.com/bingbot.htm)"
65.55.52.117 - - [27/Jul/2013:09:12:17 +0200] "GET /robots.txt HTTP/1.1" 404 1256 "-" "Mozilla/5.0 (compatible; bingbot/2.0; +http://www.bing.com/bingbot.htm)"
65.55.52.117 - - [27/Jul/2013:09:12:57 +0200] "GET /frame_header_flash.html HTTP/1.1" 404 1256 "-" "Mozilla/5.0 (compatible; bingbot/2.0; +http://www.bing.com/bingbot.htm)"
65.55.52.117 - - [27/Jul/2013:09:12:58 +0200] "GET /header.swf HTTP/1.1" 404 1256 "-" "Mozilla/5.0 (compatible; bingbot/2.0; +http://www.bing.com/bingbot.htm)"
142.4.217.221 - - [27/Jul/2013:10:33:11 +0200] "GET /historie.htm HTTP/1.1" 404 1256 "-" "Mozilla/5.0 (X11; Linux i686; rv:6.0) Gecko/20100101 Firefox/6.0"
91.22.154.228 - - [27/Jul/2013:10:40:24 +0200] "GET / HTTP/1.1" 200 4539 "http://www.google.de/url?sa=t&rct=j&q=vita%20apotheke&source=web&cd=2&sqi=2&ved=0CEgQFjAB&url=http%3A%2F%2Fwww.vita-apotheke.com%2F&ei=HIfzUbDPAo7ZsgazsIHgDw&usg=AFQjCNGHscoO06lKwKfUZWpPexrvGv3sxg&bvm=bv.49784469,d.Yms" "Mozilla/5.0 (Windows NT 6.0) AppleWebKit/537.36 (KHTML, like Gecko) Chrome/28.0.1500.72 Safari/537.36"
91.22.154.228 - - [27/Jul/2013:10:40:25 +0200] "GET /css/vita.css HTTP/1.1" 200 5485 "http://www.vita-apotheke.com/" "Mozilla/5.0 (Windows NT 6.0) AppleWebKit/537.36 (KHTML, like Gecko) Chrome/28.0.1500.72 Safari/537.36"
91.22.154.228 - - [27/Jul/2013:10:40:25 +0200] "GET /js/fancybox/jquery.fancybox-1.3.4.css HTTP/1.1" 200 8494 "http://www.vita-apotheke.com/" "Mozilla/5.0 (Windows NT 6.0) AppleWebKit/537.36 (KHTML, like Gecko) Chrome/28.0.1500.72 Safari/537.36"
91.22.154.228 - - [27/Jul/2013:10:40:25 +0200] "GET /js/fancybox/jquery.fancybox-1.3.4.pack.js HTTP/1.1" 200 15624 "http://www.vita-apotheke.com/" "Mozilla/5.0 (Windows NT 6.0) AppleWebKit/537.36 (KHTML, like Gecko) Chrome/28.0.1500.72 Safari/537.36"
91.22.154.228 - - [27/Jul/2013:10:40:25 +0200] "GET /js/jquery.cross-slide.js HTTP/1.1" 200 6780 "http://www.vita-apotheke.com/" "Mozilla/5.0 (Windows NT 6.0) AppleWebKit/537.36 (KHTML, like Gecko) Chrome/28.0.1500.72 Safari/537.36"
91.22.154.228 - - [27/Jul/2013:10:40:25 +0200] "GET /js/jquery-1.5.1.min.js HTTP/1.1" 200 85260 "http://www.vita-apotheke.com/" "Mozilla/5.0 (Windows NT 6.0) AppleWebKit/537.36 (KHTML, like Gecko) Chrome/28.0.1500.72 Safari/537.36"
91.22.154.228 - - [27/Jul/2013:10:40:25 +0200] "GET /images/AKB_QMS_Liskow_2006.png HTTP/1.1" 200 6005 "http://www.vita-apotheke.com/" "Mozilla/5.0 (Windows NT 6.0) AppleWebKit/537.36 (KHTML, like Gecko) Chrome/28.0.1500.72 Safari/537.36"
91.22.154.228 - - [27/Jul/2013:10:40:25 +0200] "GET /images/quapos-zertifikat.jpg HTTP/1.1" 200 3804 "http://www.vita-apotheke.com/" "Mozilla/5.0 (Windows NT 6.0) AppleWebKit/537.36 (KHTML, like Gecko) Chrome/28.0.1500.72 Safari/537.36"
91.22.154.228 - - [27/Jul/2013:10:40:25 +0200] "GET /images/vita-logo-dunkelgruen.jpg HTTP/1.1" 200 7021 "http://www.vita-apotheke.com/" "Mozilla/5.0 (Windows NT 6.0) AppleWebKit/537.36 (KHTML, like Gecko) Chrome/28.0.1500.72 Safari/537.36"
91.22.154.228 - - [27/Jul/2013:10:40:25 +0200] "GET /images/grafik_navi_mittelgruen.jpg HTTP/1.1" 200 13783 "http://www.vita-apotheke.com/" "Mozilla/5.0 (Windows NT 6.0) AppleWebKit/537.36 (KHTML, like Gecko) Chrome/28.0.1500.72 Safari/537.36"
91.22.154.228 - - [27/Jul/2013:10:40:25 +0200] "GET /images/MA_MonikaLorenz.jpg HTTP/1.1" 200 46854 "http://www.vita-apotheke.com/" "Mozilla/5.0 (Windows NT 6.0) AppleWebKit/537.36 (KHTML, like Gecko) Chrome/28.0.1500.72 Safari/537.36"
91.22.154.228 - - [27/Jul/2013:10:40:26 +0200] "GET /js/fancybox/fancybox.png HTTP/1.1" 200 15287 "http://www.vita-apotheke.com/" "Mozilla/5.0 (Windows NT 6.0) AppleWebKit/537.36 (KHTML, like Gecko) Chrome/28.0.1500.72 Safari/537.36"
91.22.154.228 - - [27/Jul/2013:10:40:26 +0200] "GET /js/fancybox/blank.gif HTTP/1.1" 200 43 "http://www.vita-apotheke.com/" "Mozilla/5.0 (Windows NT 6.0) AppleWebKit/537.36 (KHTML, like Gecko) Chrome/28.0.1500.72 Safari/537.36"
91.22.154.228 - - [27/Jul/2013:10:40:26 +0200] "GET /js/fancybox/fancybox-x.png HTTP/1.1" 200 203 "http://www.vita-apotheke.com/" "Mozilla/5.0 (Windows NT 6.0) AppleWebKit/537.36 (KHTML, like Gecko) Chrome/28.0.1500.72 Safari/537.36"
91.22.154.228 - - [27/Jul/2013:10:40:26 +0200] "GET /js/fancybox/fancybox-y.png HTTP/1.1" 200 176 "http://www.vita-apotheke.com/" "Mozilla/5.0 (Windows NT 6.0) AppleWebKit/537.36 (KHTML, like Gecko) Chrome/28.0.1500.72 Safari/537.36"
91.22.154.228 - - [27/Jul/2013:10:40:28 +0200] "GET /favicon.ico HTTP/1.1" 404 1256 "-" "Mozilla/5.0 (Windows NT 6.0) AppleWebKit/537.36 (KHTML, like Gecko) Chrome/28.0.1500.72 Safari/537.36"
91.22.154.228 - - [27/Jul/2013:10:40:30 +0200] "GET /favicon.ico HTTP/1.1" 404 1256 "-" "Mozilla/5.0 (Windows NT 6.0) AppleWebKit/537.36 (KHTML, like Gecko) Chrome/28.0.1500.72 Safari/537.36"
91.22.154.228 - - [27/Jul/2013:10:40:34 +0200] "GET /index.php HTTP/1.1" 200 4539 "http://www.vita-apotheke.com/" "Mozilla/5.0 (Windows NT 6.0) AppleWebKit/537.36 (KHTML, like Gecko) Chrome/28.0.1500.72 Safari/537.36"
91.22.154.228 - - [27/Jul/2013:10:40:35 +0200] "GET /favicon.ico HTTP/1.1" 404 1256 "-" "Mozilla/5.0 (Windows NT 6.0) AppleWebKit/537.36 (KHTML, like Gecko) Chrome/28.0.1500.72 Safari/537.36"
91.22.154.228 - - [27/Jul/2013:10:40:35 +0200] "GET /favicon.ico HTTP/1.1" 404 1256 "-" "Mozilla/5.0 (Windows NT 6.0) AppleWebKit/537.36 (KHTML, like Gecko) Chrome/28.0.1500.72 Safari/537.36"
91.22.154.228 - - [27/Jul/2013:10:40:37 +0200] "GET /favicon.ico HTTP/1.1" 404 1256 "-" "Mozilla/5.0 (Windows NT 6.0) AppleWebKit/537.36 (KHTML, like Gecko) Chrome/28.0.1500.72 Safari/537.36"
91.22.154.228 - - [27/Jul/2013:10:40:40 +0200] "GET /favicon.ico HTTP/1.1" 404 1256 "-" "Mozilla/5.0 (Windows NT 6.0) AppleWebKit/537.36 (KHTML, like Gecko) Chrome/28.0.1500.72 Safari/537.36"
91.22.154.228 - - [27/Jul/2013:10:40:51 +0200] "GET /favicon.ico HTTP/1.1" 404 1256 "-" "Mozilla/5.0 (Windows NT 6.0) AppleWebKit/537.36 (KHTML, like Gecko) Chrome/28.0.1500.72 Safari/537.36"
91.22.154.228 - - [27/Jul/2013:10:40:51 +0200] "GET /favicon.ico HTTP/1.1" 404 1256 "-" "Mozilla/5.0 (Windows NT 6.0) AppleWebKit/537.36 (KHTML, like Gecko) Chrome/28.0.1500.72 Safari/537.36"
91.22.154.228 - - [27/Jul/2013:10:40:53 +0200] "GET /favicon.ico HTTP/1.1" 404 1256 "-" "Mozilla/5.0 (Windows NT 6.0) AppleWebKit/537.36 (KHTML, like Gecko) Chrome/28.0.1500.72 Safari/537.36"
91.22.154.228 - - [27/Jul/2013:10:40:55 +0200] "GET /favicon.ico HTTP/1.1" 404 1256 "-" "Mozilla/5.0 (Windows NT 6.0) AppleWebKit/537.36 (KHTML, like Gecko) Chrome/28.0.1500.72 Safari/537.36"
66.249.72.77 - - [27/Jul/2013:10:44:50 +0200] "GET /robots.txt HTTP/1.1" 404 1256 "-" "Mozilla/5.0 (compatible; Googlebot/2.1; +http://www.google.com/bot.html)"
66.249.72.77 - - [27/Jul/2013:10:44:50 +0200] "GET / HTTP/1.1" 200 4539 "-" "Mozilla/5.0 (iPhone; U; CPU iPhone OS 4_1 like Mac OS X; en-us) AppleWebKit/532.9 (KHTML, like Gecko) Version/4.0.5 Mobile/8B117 Safari/6531.22.7 (compatible; Googlebot-Mobile/2.1; +http://www.google.com/bot.html)"
66.249.72.77 - - [27/Jul/2013:12:13:44 +0200] "GET /sterillabor.php HTTP/1.1" 200 4330 "-" "Mozilla/5.0 (compatible; Googlebot/2.1; +http://www.google.com/bot.html)"
66.249.72.77 - - [27/Jul/2013:12:21:48 +0200] "GET /js/fancybox/jquery.fancybox-1.3.4.css HTTP/1.1" 200 8494 "-" "Mozilla/5.0 (compatible; Googlebot/2.1; +http://www.google.com/bot.html)"
66.249.72.77 - - [27/Jul/2013:12:21:49 +0200] "GET /css/vita.css HTTP/1.1" 200 5485 "-" "Mozilla/5.0 (compatible; Googlebot/2.1; +http://www.google.com/bot.html)"
66.249.72.77 - - [27/Jul/2013:14:02:27 +0200] "GET / HTTP/1.1" 200 4539 "-" "Mozilla/5.0 (compatible; Googlebot/2.1; +http://www.google.com/bot.html)"
66.249.72.77 - - [27/Jul/2013:14:09:56 +0200] "GET /rundgang_sterilabteilung.php HTTP/1.1" 200 4571 "-" "Mozilla/5.0 (iPhone; U; CPU iPhone OS 4_1 like Mac OS X; en-us) AppleWebKit/532.9 (KHTML, like Gecko) Version/4.0.5 Mobile/8B117 Safari/6531.22.7 (compatible; Googlebot-Mobile/2.1; +http://www.google.com/bot.html)"
46.229.170.197 - - [27/Jul/2013:14:23:56 +0200] "GET / HTTP/1.1" 200 4539 "-" "Mozilla/5.0 (Windows; U; Windows NT 5.1; en-US; rv:2.0.1) Gecko/20110606 Firefox/4.0.1"
66.249.72.77 - - [27/Jul/2013:14:42:16 +0200] "GET /rundgang_sterilabteilung.php HTTP/1.1" 200 4571 "-" "Mozilla/5.0 (compatible; Googlebot/2.1; +http://www.google.com/bot.html)"
218.30.103.147 - - [27/Jul/2013:17:29:10 +0200] "GET / HTTP/1.1" 200 4539 "-" "Sogou web spider/4.0(+http://www.sogou.com/docs/help/webmasters.htm#07)"
218.30.103.147 - - [27/Jul/2013:17:29:17 +0200] "GET /robots.txt HTTP/1.1" 404 1256 "-" "Sogou web spider/4.0"
218.30.103.147 - - [27/Jul/2013:18:22:31 +0200] "GET / HTTP/1.1" 200 4539 "-" "Sogou web spider/4.0(+http://www.sogou.com/docs/help/webmasters.htm#07)"
66.249.72.77 - - [27/Jul/2013:18:27:54 +0200] "GET / HTTP/1.1" 200 4539 "-" "SAMSUNG-SGH-E250/1.0 Profile/MIDP-2.0 Configuration/CLDC-1.1 UP.Browser/6.2.3.3.c.1.101 (GUI) MMP/2.0 (compatible; Googlebot-Mobile/2.1; +http://www.google.com/bot.html)"
84.175.80.20 - - [27/Jul/2013:20:07:18 +0200] "GET / HTTP/1.1" 200 4539 "-" "Mozilla/5.0 (Linux; U; Android 4.1.2; de-de; GT-I9300 Build/JZO54K) AppleWebKit/534.30 (KHTML, like Gecko) Version/4.0 Mobile Safari/534.30"
84.175.80.20 - - [27/Jul/2013:20:07:18 +0200] "GET /css/vita.css HTTP/1.1" 200 5485 "http://www.vita-apotheke.com/" "Mozilla/5.0 (Linux; U; Android 4.1.2; de-de; GT-I9300 Build/JZO54K) AppleWebKit/534.30 (KHTML, like Gecko) Version/4.0 Mobile Safari/534.30"
84.175.80.20 - - [27/Jul/2013:20:07:18 +0200] "GET /js/jquery.cross-slide.js HTTP/1.1" 200 6780 "http://www.vita-apotheke.com/" "Mozilla/5.0 (Linux; U; Android 4.1.2; de-de; GT-I9300 Build/JZO54K) AppleWebKit/534.30 (KHTML, like Gecko) Version/4.0 Mobile Safari/534.30"
84.175.80.20 - - [27/Jul/2013:20:07:18 +0200] "GET /js/fancybox/jquery.fancybox-1.3.4.pack.js HTTP/1.1" 200 15624 "http://www.vita-apotheke.com/" "Mozilla/5.0 (Linux; U; Android 4.1.2; de-de; GT-I9300 Build/JZO54K) AppleWebKit/534.30 (KHTML, like Gecko) Version/4.0 Mobile Safari/534.30"
84.175.80.20 - - [27/Jul/2013:20:07:18 +0200] "GET /js/fancybox/jquery.fancybox-1.3.4.css HTTP/1.1" 200 8494 "http://www.vita-apotheke.com/" "Mozilla/5.0 (Linux; U; Android 4.1.2; de-de; GT-I9300 Build/JZO54K) AppleWebKit/534.30 (KHTML, like Gecko) Version/4.0 Mobile Safari/534.30"
84.175.80.20 - - [27/Jul/2013:20:07:18 +0200] "GET /js/jquery-1.5.1.min.js HTTP/1.1" 200 85260 "http://www.vita-apotheke.com/" "Mozilla/5.0 (Linux; U; Android 4.1.2; de-de; GT-I9300 Build/JZO54K) AppleWebKit/534.30 (KHTML, like Gecko) Version/4.0 Mobile Safari/534.30"
66.249.72.77 - - [27/Jul/2013:20:43:23 +0200] "GET /aerzteadressen.php HTTP/1.1" 200 5232 "-" "Mozilla/5.0 (iPhone; U; CPU iPhone OS 4_1 like Mac OS X; en-us) AppleWebKit/532.9 (KHTML, like Gecko) Version/4.0.5 Mobile/8B117 Safari/6531.22.7 (compatible; Googlebot-Mobile/2.1; +http://www.google.com/bot.html)"
62.156.172.135 - - [27/Jul/2013:21:09:55 +0200] "GET / HTTP/1.0" 200 4539 "-" "Lynx/2.8.8dev.9 libwww-FM/2.14 SSL-MM/1.4.1 GNUTLS/2.12.14"
208.115.113.91 - - [27/Jul/2013:21:40:06 +0200] "GET /robots.txt HTTP/1.1" 404 1256 "-" "Mozilla/5.0 (compatible; Ezooms/1.0; ezooms.bot@gmail.com)"
66.249.72.77 - - [27/Jul/2013:22:24:09 +0200] "GET /rundgang_start.php HTTP/1.1" 200 4652 "-" "SAMSUNG-SGH-E250/1.0 Profile/MIDP-2.0 Configuration/CLDC-1.1 UP.Browser/6.2.3.3.c.1.101 (GUI) MMP/2.0 (compatible; Googlebot-Mobile/2.1; +http://www.google.com/bot.html)"
208.115.113.91 - - [27/Jul/2013:23:31:58 +0200] "GET /sterillabor.php HTTP/1.1" 200 4330 "-" "Mozilla/5.0 (compatible; Ezooms/1.0; ezooms.bot@gmail.com)"
91.61.67.206 - - [28/Jul/2013:00:55:13 +0200] "GET /mitarbeiter.php HTTP/1.1" 200 6811 "http://www.google.de/imgres?imgurl=http://www.vita-apotheke.com/images/MA_KarinGroeschner.jpg&imgrefurl=http://www.vita-apotheke.com/mitarbeiter.php&h=160&w=240&sz=33&tbnid=6Ujptk1myPuEYM:&tbnh=90&tbnw=135&zoom=1&usg=__KMrUxUy7noLzJJPY-TSMGaNWF2g=&docid=oSu615i7WhDYVM&sa=X&ei=WE_0Ud7iOI_1sgb2vYCQDQ&ved=0CEgQ9QEwBQ&dur=1978" "Mozilla/5.0 (Macintosh; Intel Mac OS X 10.6; rv:14.0) Gecko/20100101 Firefox/14.0.1"
91.61.67.206 - - [28/Jul/2013:00:55:14 +0200] "GET /css/vita.css HTTP/1.1" 200 5485 "http://www.vita-apotheke.com/mitarbeiter.php" "Mozilla/5.0 (Macintosh; Intel Mac OS X 10.6; rv:14.0) Gecko/20100101 Firefox/14.0.1"
91.61.67.206 - - [28/Jul/2013:00:55:14 +0200] "GET /js/jquery.cross-slide.js HTTP/1.1" 200 6780 "http://www.vita-apotheke.com/mitarbeiter.php" "Mozilla/5.0 (Macintosh; Intel Mac OS X 10.6; rv:14.0) Gecko/20100101 Firefox/14.0.1"
91.61.67.206 - - [28/Jul/2013:00:55:14 +0200] "GET /js/fancybox/jquery.fancybox-1.3.4.pack.js HTTP/1.1" 200 15624 "http://www.vita-apotheke.com/mitarbeiter.php" "Mozilla/5.0 (Macintosh; Intel Mac OS X 10.6; rv:14.0) Gecko/20100101 Firefox/14.0.1"
91.61.67.206 - - [28/Jul/2013:00:55:14 +0200] "GET /js/fancybox/jquery.fancybox-1.3.4.css HTTP/1.1" 200 8494 "http://www.vita-apotheke.com/mitarbeiter.php" "Mozilla/5.0 (Macintosh; Intel Mac OS X 10.6; rv:14.0) Gecko/20100101 Firefox/14.0.1"
