141.8.147.12 - - [23/Jul/2013:16:37:56 +0200] "GET /images/Sterilabteilung03.jpg HTTP/1.1" 304 - "-" "Mozilla/5.0 (compatible; YandexImages/3.0; +http://yandex.com/bots)"
92.229.211.247 - - [23/Jul/2013:16:46:01 +0200] "GET /zertifizierungen.php HTTP/1.1" 200 4722 "http://www1.delta-search.com/?s=web&babsrc=HP_ss&rlz=0&q=zytostatika+apotheke&start=70" "Mozilla/5.0 (compatible; MSIE 10.0; Windows NT 6.1; WOW64; Trident/6.0; MALC)"
92.229.211.247 - - [23/Jul/2013:16:46:01 +0200] "GET /images/AKB_QMS_Liskow_2006_mittel.png HTTP/1.1" 200 36959 "http://www.vita-apotheke.com/zertifizierungen.php" "Mozilla/5.0 (compatible; MSIE 10.0; Windows NT 6.1; WOW64; Trident/6.0; MALC)"
92.229.211.247 - - [23/Jul/2013:16:46:01 +0200] "GET /images/quapos-zertifikat-mittel.jpg HTTP/1.1" 200 29028 "http://www.vita-apotheke.com/zertifizierungen.php" "Mozilla/5.0 (compatible; MSIE 10.0; Windows NT 6.1; WOW64; Trident/6.0; MALC)"
92.229.211.247 - - [23/Jul/2013:16:46:04 +0200] "GET /impressum.php HTTP/1.1" 200 4696 "http://www.vita-apotheke.com/zertifizierungen.php" "Mozilla/5.0 (compatible; MSIE 10.0; Windows NT 6.1; WOW64; Trident/6.0; MALC)"
64.125.222.50 - - [23/Jul/2013:16:57:46 +0200] "GET /robots.txt HTTP/1.1" 404 1256 "-" "Mozilla/5.0 (compatible; 008/0.83; http://www.80legs.com/webcrawler.html;) Gecko/2008032620"
46.172.216.71 - - [23/Jul/2013:16:58:01 +0200] "GET /kontakt.php HTTP/1.1" 200 5102 "-" "Mozilla/5.0 (compatible; 008/0.85; http://www.80legs.com/webcrawler.html) Gecko/2008032620"
178.169.93.142 - - [23/Jul/2013:16:58:06 +0200] "GET /kontakt.php HTTP/1.1" 200 5102 "-" "Mozilla/5.0 (compatible; 008/0.85; http://www.80legs.com/webcrawler.html) Gecko/2008032620"
91.213.59.213 - - [23/Jul/2013:16:58:16 +0200] "GET /kontakt.php HTTP/1.1" 200 5102 "-" "Mozilla/5.0 (compatible; 008/0.85; http://www.80legs.com/webcrawler.html) Gecko/2008032620"
37.113.176.42 - - [23/Jul/2013:16:58:32 +0200] "GET /kontakt.php HTTP/1.1" 200 5102 "-" "Mozilla/5.0 (compatible; 008/0.85; http://www.80legs.com/webcrawler.html) Gecko/2008032620"
88.81.50.248 - - [23/Jul/2013:17:00:56 +0200] "GET /historie.php HTTP/1.1" 200 5111 "-" "Mozilla/5.0 (compatible; 008/0.85; http://www.80legs.com/webcrawler.html) Gecko/2008032620"
78.25.120.46 - - [23/Jul/2013:17:00:57 +0200] "GET /historie.php HTTP/1.1" 200 5111 "-" "Mozilla/5.0 (compatible; 008/0.85; http://www.80legs.com/webcrawler.html) Gecko/2008032620"
109.74.220.84 - - [23/Jul/2013:17:00:59 +0200] "GET /historie.php HTTP/1.1" 200 5111 "-" "Mozilla/5.0 (compatible; 008/0.85; http://www.80legs.com/webcrawler.html) Gecko/2008032620"
95.54.98.101 - - [23/Jul/2013:17:01:04 +0200] "GET /historie.php HTTP/1.1" 200 5111 "-" "Mozilla/5.0 (compatible; 008/0.85; http://www.80legs.com/webcrawler.html) Gecko/2008032620"
95.69.243.59 - - [23/Jul/2013:17:01:04 +0200] "GET /historie.php HTTP/1.1" 200 5111 "-" "Mozilla/5.0 (compatible; 008/0.85; http://www.80legs.com/webcrawler.html) Gecko/2008032620"
178.0.71.227 - - [23/Jul/2013:17:01:06 +0200] "GET /historie.php HTTP/1.1" 200 5111 "-" "Mozilla/5.0 (compatible; 008/0.85; http://www.80legs.com/webcrawler.html) Gecko/2008032620"
88.81.50.248 - - [23/Jul/2013:17:01:07 +0200] "GET /historie.php HTTP/1.1" 200 5111 "-" "Mozilla/5.0 (compatible; 008/0.85; http://www.80legs.com/webcrawler.html) Gecko/2008032620"
141.8.147.12 - - [23/Jul/2013:17:05:14 +0200] "GET /images/Warenlager.jpg HTTP/1.1" 304 - "-" "Mozilla/5.0 (compatible; YandexImages/3.0; +http://yandex.com/bots)"
46.147.87.206 - - [23/Jul/2013:17:05:15 +0200] "GET /service.php HTTP/1.1" 200 5642 "-" "Mozilla/5.0 (compatible; 008/0.85; http://www.80legs.com/webcrawler.html) Gecko/2008032620"
188.233.61.218 - - [23/Jul/2013:17:07:16 +0200] "GET /sterillabor.php HTTP/1.1" 200 4330 "-" "Mozilla/5.0 (compatible; 008/0.85; http://www.80legs.com/webcrawler.html) Gecko/2008032620"
46.172.216.71 - - [23/Jul/2013:17:07:25 +0200] "GET /sterillabor.php HTTP/1.1" 200 4330 "-" "Mozilla/5.0 (compatible; 008/0.85; http://www.80legs.com/webcrawler.html) Gecko/2008032620"
92.229.211.247 - - [23/Jul/2013:17:11:46 +0200] "GET / HTTP/1.1" 200 4539 "http://www1.delta-search.com/?s=web&babsrc=HP_ss&rlz=0&q=apotheke+zytostatika&start=10" "Mozilla/5.0 (compatible; MSIE 10.0; Windows NT 6.1; WOW64; Trident/6.0; MALC)"
141.8.147.12 - - [23/Jul/2013:17:18:26 +0200] "GET /images/Sterilabteilung03_gross.jpg HTTP/1.1" 304 - "-" "Mozilla/5.0 (compatible; YandexImages/3.0; +http://yandex.com/bots)"
64.125.222.16 - - [23/Jul/2013:17:18:51 +0200] "GET /robots.txt HTTP/1.1" 404 1256 "-" "Mozilla/5.0 (compatible; 008/0.83; http://www.80legs.com/webcrawler.html;) Gecko/2008032620"
213.87.130.188 - - [23/Jul/2013:17:19:30 +0200] "GET /index.php HTTP/1.1" 200 4539 "-" "Mozilla/5.0 (compatible; 008/0.85; http://www.80legs.com/webcrawler.html) Gecko/2008032620"
109.229.8.12 - - [23/Jul/2013:17:19:33 +0200] "GET /index.php HTTP/1.1" 200 4539 "-" "Mozilla/5.0 (compatible; 008/0.85; http://www.80legs.com/webcrawler.html) Gecko/2008032620"
109.172.55.129 - - [23/Jul/2013:17:19:46 +0200] "GET /index.php HTTP/1.1" 200 4539 "-" "Mozilla/5.0 (compatible; 008/0.85; http://www.80legs.com/webcrawler.html) Gecko/2008032620"
178.187.19.48 - - [23/Jul/2013:17:19:48 +0200] "GET /index.php HTTP/1.1" 200 4539 "-" "Mozilla/5.0 (compatible; 008/0.85; http://www.80legs.com/webcrawler.html) Gecko/2008032620"
188.233.61.218 - - [23/Jul/2013:17:19:50 +0200] "GET /index.php HTTP/1.1" 200 4539 "-" "Mozilla/5.0 (compatible; 008/0.85; http://www.80legs.com/webcrawler.html) Gecko/2008032620"
188.242.40.106 - - [23/Jul/2013:17:19:52 +0200] "GET /index.php HTTP/1.1" 200 4539 "-" "Mozilla/5.0 (compatible; 008/0.85; http://www.80legs.com/webcrawler.html) Gecko/2008032620"
83.149.46.149 - - [23/Jul/2013:17:20:04 +0200] "GET /index.php HTTP/1.1" 200 4539 "-" "Mozilla/5.0 (compatible; 008/0.85; http://www.80legs.com/webcrawler.html) Gecko/2008032620"
157.55.33.111 - - [23/Jul/2013:17:28:36 +0200] "GET /robots.txt HTTP/1.1" 404 1256 "-" "Mozilla/5.0 (compatible; bingbot/2.0; +http://www.bing.com/bingbot.htm)"
157.55.33.111 - - [23/Jul/2013:17:29:49 +0200] "GET /rundgang_start.php HTTP/1.1" 200 4652 "-" "Mozilla/5.0 (compatible; bingbot/2.0; +http://www.bing.com/bingbot.htm)"
188.194.161.180 - - [23/Jul/2013:17:46:37 +0200] "GET / HTTP/1.1" 200 4539 "http://www.google.de/url?sa=t&rct=j&q=vitaapotheke&source=web&cd=7&ved=0CEYQFjAG&url=http%3A%2F%2Fwww.vita-apotheke.com%2F&ei=NKXuUYq3IovEtAbA_oCgDQ&usg=AFQjCNGHscoO06lKwKfUZWpPexrvGv3sxg&bvm=bv.49641647,d.Yms" "Mozilla/5.0 (Linux; U; Android 4.0.3; de-de; GT-P5110 Build/IML74K) AppleWebKit/534.30 (KHTML, like Gecko) Version/4.0 Safari/534.30"
188.194.161.180 - - [23/Jul/2013:17:46:37 +0200] "GET /css/vita.css HTTP/1.1" 200 5485 "http://www.vita-apotheke.com/" "Mozilla/5.0 (Linux; U; Android 4.0.3; de-de; GT-P5110 Build/IML74K) AppleWebKit/534.30 (KHTML, like Gecko) Version/4.0 Safari/534.30"
188.194.161.180 - - [23/Jul/2013:17:46:37 +0200] "GET /js/fancybox/jquery.fancybox-1.3.4.pack.js HTTP/1.1" 200 15624 "http://www.vita-apotheke.com/" "Mozilla/5.0 (Linux; U; Android 4.0.3; de-de; GT-P5110 Build/IML74K) AppleWebKit/534.30 (KHTML, like Gecko) Version/4.0 Safari/534.30"
188.194.161.180 - - [23/Jul/2013:17:46:37 +0200] "GET /js/jquery.cross-slide.js HTTP/1.1" 200 6780 "http://www.vita-apotheke.com/" "Mozilla/5.0 (Linux; U; Android 4.0.3; de-de; GT-P5110 Build/IML74K) AppleWebKit/534.30 (KHTML, like Gecko) Version/4.0 Safari/534.30"
188.194.161.180 - - [23/Jul/2013:17:46:37 +0200] "GET /js/fancybox/jquery.fancybox-1.3.4.css HTTP/1.1" 200 8494 "http://www.vita-apotheke.com/" "Mozilla/5.0 (Linux; U; Android 4.0.3; de-de; GT-P5110 Build/IML74K) AppleWebKit/534.30 (KHTML, like Gecko) Version/4.0 Safari/534.30"
188.194.161.180 - - [23/Jul/2013:17:46:37 +0200] "GET /js/jquery-1.5.1.min.js HTTP/1.1" 200 85260 "http://www.vita-apotheke.com/" "Mozilla/5.0 (Linux; U; Android 4.0.3; de-de; GT-P5110 Build/IML74K) AppleWebKit/534.30 (KHTML, like Gecko) Version/4.0 Safari/534.30"
188.194.161.180 - - [23/Jul/2013:17:46:38 +0200] "GET /images/vita-logo-dunkelgruen.jpg HTTP/1.1" 200 7021 "http://www.vita-apotheke.com/" "Mozilla/5.0 (Linux; U; Android 4.0.3; de-de; GT-P5110 Build/IML74K) AppleWebKit/534.30 (KHTML, like Gecko) Version/4.0 Safari/534.30"
188.194.161.180 - - [23/Jul/2013:17:46:38 +0200] "GET /images/AKB_QMS_Liskow_2006.png HTTP/1.1" 200 6005 "http://www.vita-apotheke.com/" "Mozilla/5.0 (Linux; U; Android 4.0.3; de-de; GT-P5110 Build/IML74K) AppleWebKit/534.30 (KHTML, like Gecko) Version/4.0 Safari/534.30"
188.194.161.180 - - [23/Jul/2013:17:46:38 +0200] "GET /images/grafik_navi_mittelgruen.jpg HTTP/1.1" 200 13783 "http://www.vita-apotheke.com/" "Mozilla/5.0 (Linux; U; Android 4.0.3; de-de; GT-P5110 Build/IML74K) AppleWebKit/534.30 (KHTML, like Gecko) Version/4.0 Safari/534.30"
188.194.161.180 - - [23/Jul/2013:17:46:38 +0200] "GET /images/quapos-zertifikat.jpg HTTP/1.1" 200 3804 "http://www.vita-apotheke.com/" "Mozilla/5.0 (Linux; U; Android 4.0.3; de-de; GT-P5110 Build/IML74K) AppleWebKit/534.30 (KHTML, like Gecko) Version/4.0 Safari/534.30"
188.194.161.180 - - [23/Jul/2013:17:46:38 +0200] "GET /images/MA_MonikaLorenz.jpg HTTP/1.1" 200 46854 "http://www.vita-apotheke.com/" "Mozilla/5.0 (Linux; U; Android 4.0.3; de-de; GT-P5110 Build/IML74K) AppleWebKit/534.30 (KHTML, like Gecko) Version/4.0 Safari/534.30"
188.194.161.180 - - [23/Jul/2013:17:46:38 +0200] "GET /favicon.ico HTTP/1.1" 404 1256 "http://www.vita-apotheke.com/" "Mozilla/5.0 (Linux; U; Android 4.0.3; de-de; GT-P5110 Build/IML74K) AppleWebKit/534.30 (KHTML, like Gecko) Version/4.0 Safari/534.30"
141.8.147.12 - - [23/Jul/2013:17:46:54 +0200] "GET /images/Handverkauf01.jpg HTTP/1.1" 200 46866 "-" "Mozilla/5.0 (compatible; YandexImages/3.0; +http://yandex.com/bots)"
141.8.147.12 - - [23/Jul/2013:17:54:37 +0200] "GET /images/pfeil_weiter.gif HTTP/1.1" 304 - "-" "Mozilla/5.0 (compatible; YandexImages/3.0; +http://yandex.com/bots)"
178.10.35.32 - - [23/Jul/2013:17:55:28 +0200] "GET /images/MA_MonikaLorenz_gross.jpg HTTP/1.1" 200 2458988 "http://peoplecheck.de/s/lorenz+franck" "Mozilla/5.0 (Macintosh; Intel Mac OS X 10_7_5) AppleWebKit/537.36 (KHTML, like Gecko) Chrome/28.0.1500.71 Safari/537.36"
109.254.18.141 - - [23/Jul/2013:18:05:01 +0200] "GET /mitarbeiter.php HTTP/1.1" 200 6811 "-" "Mozilla/5.0 (compatible; 008/0.85; http://www.80legs.com/webcrawler.html) Gecko/2008032620"
178.206.6.102 - - [23/Jul/2013:18:05:05 +0200] "GET /mitarbeiter.php HTTP/1.1" 200 6811 "-" "Mozilla/5.0 (compatible; 008/0.85; http://www.80legs.com/webcrawler.html) Gecko/2008032620"
94.240.177.44 - - [23/Jul/2013:18:05:06 +0200] "GET /mitarbeiter.php HTTP/1.1" 200 6811 "-" "Mozilla/5.0 (compatible; 008/0.85; http://www.80legs.com/webcrawler.html) Gecko/2008032620"
92.124.54.146 - - [23/Jul/2013:18:05:09 +0200] "GET /mitarbeiter.php HTTP/1.1" 200 6811 "-" "Mozilla/5.0 (compatible; 008/0.85; http://www.80legs.com/webcrawler.html) Gecko/2008032620"
188.124.38.55 - - [23/Jul/2013:18:05:11 +0200] "GET /mitarbeiter.php HTTP/1.1" 200 6811 "-" "Mozilla/5.0 (compatible; 008/0.85; http://www.80legs.com/webcrawler.html) Gecko/2008032620"
188.226.49.38 - - [23/Jul/2013:18:05:15 +0200] "GET /mitarbeiter.php HTTP/1.1" 200 6811 "-" "Mozilla/5.0 (compatible; 008/0.85; http://www.80legs.com/webcrawler.html) Gecko/2008032620"
41.69.148.30 - - [23/Jul/2013:18:05:18 +0200] "GET /mitarbeiter.php HTTP/1.1" 200 6811 "-" "Mozilla/5.0 (compatible; 008/0.85; http://www.80legs.com/webcrawler.html) Gecko/2008032620"
141.8.147.12 - - [23/Jul/2013:18:09:38 +0200] "GET /images/Sterilabteilung04_gross.jpg HTTP/1.1" 304 - "-" "Mozilla/5.0 (compatible; YandexImages/3.0; +http://yandex.com/bots)"
91.192.191.245 - - [23/Jul/2013:18:12:18 +0200] "GET /rundgang_beratungsraum.php HTTP/1.1" 200 5025 "-" "Mozilla/5.0 (compatible; 008/0.85; http://www.80legs.com/webcrawler.html) Gecko/2008032620"
85.157.93.136 - - [23/Jul/2013:18:12:20 +0200] "GET /rundgang_beratungsraum.php HTTP/1.1" 200 5025 "-" "Mozilla/5.0 (compatible; 008/0.85; http://www.80legs.com/webcrawler.html) Gecko/2008032620"
87.252.227.96 - - [23/Jul/2013:18:12:24 +0200] "GET /rundgang_beratungsraum.php HTTP/1.1" 200 5025 "-" "Mozilla/5.0 (compatible; 008/0.85; http://www.80legs.com/webcrawler.html) Gecko/2008032620"
109.254.18.141 - - [23/Jul/2013:18:12:24 +0200] "GET /rundgang_beratungsraum.php HTTP/1.1" 200 5025 "-" "Mozilla/5.0 (compatible; 008/0.85; http://www.80legs.com/webcrawler.html) Gecko/2008032620"
95.132.192.74 - - [23/Jul/2013:18:12:58 +0200] "GET /rundgang_beratungsraum.php HTTP/1.1" 200 5025 "-" "Mozilla/5.0 (compatible; 008/0.85; http://www.80legs.com/webcrawler.html) Gecko/2008032620"
141.8.147.12 - - [23/Jul/2013:18:35:40 +0200] "GET /images/Handverkauf03.jpg HTTP/1.1" 200 45225 "-" "Mozilla/5.0 (compatible; YandexImages/3.0; +http://yandex.com/bots)"
141.8.147.12 - - [23/Jul/2013:18:43:14 +0200] "GET /images/Warenlager01.jpg HTTP/1.1" 304 - "-" "Mozilla/5.0 (compatible; YandexImages/3.0; +http://yandex.com/bots)"
218.30.103.147 - - [23/Jul/2013:18:43:57 +0200] "GET /robots.txt HTTP/1.1" 404 1256 "-" "Sogou web spider/4.0"
218.30.103.147 - - [23/Jul/2013:18:44:11 +0200] "GET / HTTP/1.1" 200 4539 "-" "Sogou web spider/4.0(+http://www.sogou.com/docs/help/webmasters.htm#07)"
141.8.147.12 - - [23/Jul/2013:19:04:45 +0200] "GET /images/Warenlager01_gross.jpg HTTP/1.1" 304 - "-" "Mozilla/5.0 (compatible; YandexImages/3.0; +http://yandex.com/bots)"
141.8.147.12 - - [23/Jul/2013:19:08:15 +0200] "GET /images/quapos-zertifikat.jpg HTTP/1.1" 304 - "-" "Mozilla/5.0 (compatible; YandexImages/3.0; +http://yandex.com/bots)"
218.30.103.147 - - [23/Jul/2013:19:14:46 +0200] "GET / HTTP/1.1" 200 4539 "-" "Sogou web spider/4.0(+http://www.sogou.com/docs/help/webmasters.htm#07)"
141.8.147.12 - - [23/Jul/2013:19:18:21 +0200] "GET /images/AKB_QMS_Liskow_2006.png HTTP/1.1" 304 - "-" "Mozilla/5.0 (compatible; YandexImages/3.0; +http://yandex.com/bots)"
141.8.147.12 - - [23/Jul/2013:19:18:53 +0200] "GET /images/Handverkauf01_gross.jpg HTTP/1.1" 200 2137010 "-" "Mozilla/5.0 (compatible; YandexImages/3.0; +http://yandex.com/bots)"
141.8.147.12 - - [23/Jul/2013:19:44:36 +0200] "GET /images/Warenlager_gross.jpg HTTP/1.1" 304 - "-" "Mozilla/5.0 (compatible; YandexImages/3.0; +http://yandex.com/bots)"
79.143.230.210 - - [23/Jul/2013:20:01:15 +0200] "GET /zertifizierungen.php HTTP/1.1" 200 4722 "-" "Mozilla/5.0 (compatible; 008/0.85; http://www.80legs.com/webcrawler.html) Gecko/2008032620"
157.55.33.80 - - [23/Jul/2013:20:02:26 +0200] "GET /robots.txt HTTP/1.1" 404 1256 "-" "Mozilla/5.0 (compatible; bingbot/2.0; +http://www.bing.com/bingbot.htm)"
157.55.33.80 - - [23/Jul/2013:20:03:21 +0200] "GET /historie.php HTTP/1.1" 200 5111 "-" "Mozilla/5.0 (compatible; bingbot/2.0; +http://www.bing.com/bingbot.htm)"
141.8.147.12 - - [23/Jul/2013:20:04:49 +0200] "GET /images/Regie.jpg HTTP/1.1" 304 - "-" "Mozilla/5.0 (compatible; YandexImages/3.0; +http://yandex.com/bots)"
141.8.147.12 - - [23/Jul/2013:20:23:41 +0200] "GET /images/Regie02_gross.jpg HTTP/1.1" 304 - "-" "Mozilla/5.0 (compatible; YandexImages/3.0; +http://yandex.com/bots)"
141.8.147.12 - - [23/Jul/2013:20:27:32 +0200] "GET /images/Sterilabteilung04.jpg HTTP/1.1" 304 - "-" "Mozilla/5.0 (compatible; YandexImages/3.0; +http://yandex.com/bots)"
141.8.147.12 - - [23/Jul/2013:20:35:06 +0200] "GET /images/Beratungsraum_gross.jpg HTTP/1.1" 304 - "-" "Mozilla/5.0 (compatible; YandexImages/3.0; +http://yandex.com/bots)"
64.125.222.16 - - [23/Jul/2013:20:38:46 +0200] "GET /robots.txt HTTP/1.1" 404 1256 "-" "Mozilla/5.0 (compatible; 008/0.83; http://www.80legs.com/webcrawler.html;) Gecko/2008032620"
64.125.222.50 - - [23/Jul/2013:20:38:50 +0200] "GET /robots.txt HTTP/1.1" 404 1256 "-" "Mozilla/5.0 (compatible; 008/0.83; http://www.80legs.com/webcrawler.html;) Gecko/2008032620"
37.215.115.20 - - [23/Jul/2013:20:38:53 +0200] "GET /ueberuns.php HTTP/1.1" 302 - "-" "Mozilla/5.0 (compatible; 008/0.85; http://www.80legs.com/webcrawler.html) Gecko/2008032620"
77.45.234.184 - - [23/Jul/2013:20:38:54 +0200] "GET /ueberuns.php HTTP/1.1" 302 - "-" "Mozilla/5.0 (compatible; 008/0.85; http://www.80legs.com/webcrawler.html) Gecko/2008032620"
77.91.198.47 - - [23/Jul/2013:20:38:58 +0200] "GET /ueberuns.php HTTP/1.1" 302 - "-" "Mozilla/5.0 (compatible; 008/0.85; http://www.80legs.com/webcrawler.html) Gecko/2008032620"
77.45.234.184 - - [23/Jul/2013:20:39:14 +0200] "GET /ueberuns.php HTTP/1.1" 302 - "-" "Mozilla/5.0 (compatible; 008/0.85; http://www.80legs.com/webcrawler.html) Gecko/2008032620"
37.215.115.20 - - [23/Jul/2013:20:39:17 +0200] "GET /ueberuns.php HTTP/1.1" 302 - "-" "Mozilla/5.0 (compatible; 008/0.85; http://www.80legs.com/webcrawler.html) Gecko/2008032620"
77.45.234.184 - - [23/Jul/2013:20:39:21 +0200] "GET /ueberuns.php HTTP/1.1" 302 - "-" "Mozilla/5.0 (compatible; 008/0.85; http://www.80legs.com/webcrawler.html) Gecko/2008032620"
141.8.147.12 - - [23/Jul/2013:21:00:33 +0200] "GET /images/Handverkauf03_gross.jpg HTTP/1.1" 200 2081670 "-" "Mozilla/5.0 (compatible; YandexImages/3.0; +http://yandex.com/bots)"
141.8.147.12 - - [23/Jul/2013:21:14:47 +0200] "GET /images/pfeil_zurueck.gif HTTP/1.1" 304 - "-" "Mozilla/5.0 (compatible; YandexImages/3.0; +http://yandex.com/bots)"
141.8.147.12 - - [23/Jul/2013:21:19:53 +0200] "GET /images/Regie02.jpg HTTP/1.1" 304 - "-" "Mozilla/5.0 (compatible; YandexImages/3.0; +http://yandex.com/bots)"
141.8.147.12 - - [23/Jul/2013:21:30:47 +0200] "GET /images/Beratungsraum.jpg HTTP/1.1" 304 - "-" "Mozilla/5.0 (compatible; YandexImages/3.0; +http://yandex.com/bots)"
141.8.147.12 - - [23/Jul/2013:21:35:29 +0200] "GET /images/pfeil_top.gif HTTP/1.1" 304 - "-" "Mozilla/5.0 (compatible; YandexImages/3.0; +http://yandex.com/bots)"
141.8.147.12 - - [23/Jul/2013:21:48:53 +0200] "GET /images/Beratungsraum01.jpg HTTP/1.1" 304 - "-" "Mozilla/5.0 (compatible; YandexImages/3.0; +http://yandex.com/bots)"
66.249.78.103 - - [23/Jul/2013:22:15:19 +0200] "GET /robots.txt HTTP/1.1" 404 1256 "-" "Mozilla/5.0 (compatible; Googlebot/2.1; +http://www.google.com/bot.html)"
66.249.78.103 - - [23/Jul/2013:22:15:19 +0200] "GET /service.php HTTP/1.1" 200 5642 "-" "Mozilla/5.0 (iPhone; U; CPU iPhone OS 4_1 like Mac OS X; en-us) AppleWebKit/532.9 (KHTML, like Gecko) Version/4.0.5 Mobile/8B117 Safari/6531.22.7 (compatible; Googlebot-Mobile/2.1; +http://www.google.com/bot.html)"
141.8.147.12 - - [23/Jul/2013:22:16:13 +0200] "GET /images/AKB_QMS_Liskow_2006_gross.jpg HTTP/1.1" 304 - "-" "Mozilla/5.0 (compatible; YandexImages/3.0; +http://yandex.com/bots)"
141.8.147.12 - - [23/Jul/2013:22:48:16 +0200] "GET /images/Historie.jpg HTTP/1.1" 200 22682 "-" "Mozilla/5.0 (compatible; YandexImages/3.0; +http://yandex.com/bots)"
141.8.147.12 - - [23/Jul/2013:23:20:41 +0200] "GET /images/Historie01.jpg HTTP/1.1" 200 17762 "-" "Mozilla/5.0 (compatible; YandexImages/3.0; +http://yandex.com/bots)"
66.249.78.103 - - [23/Jul/2013:23:34:24 +0200] "GET /images/AKB_QMS_Liskow_2006_mittel.png HTTP/1.1" 304 - "-" "Googlebot-Image/1.0"
141.8.147.12 - - [24/Jul/2013:01:08:20 +0200] "GET /images/Warenlager_gross.jpg HTTP/1.1" 304 - "-" "Mozilla/5.0 (compatible; YandexImages/3.0; +http://yandex.com/bots)"
141.8.147.12 - - [24/Jul/2013:01:10:52 +0200] "GET /images/Warenlager01_gross.jpg HTTP/1.1" 304 - "-" "Mozilla/5.0 (compatible; YandexImages/3.0; +http://yandex.com/bots)"
141.8.147.12 - - [24/Jul/2013:01:14:33 +0200] "GET /images/Beratungsraum01_gross.jpg HTTP/1.1" 304 - "-" "Mozilla/5.0 (compatible; YandexImages/3.0; +http://yandex.com/bots)"
66.249.72.77 - - [24/Jul/2013:01:27:01 +0200] "GET /aerzteadressen.php HTTP/1.1" 200 5232 "-" "DoCoMo/2.0 N905i(c100;TB;W24H16) (compatible; Googlebot-Mobile/2.1; +http://www.google.com/bot.html)"
141.8.147.12 - - [24/Jul/2013:02:22:48 +0200] "GET /images/pfeil_top.gif HTTP/1.1" 304 - "-" "Mozilla/5.0 (compatible; YandexImages/3.0; +http://yandex.com/bots)"
141.8.147.12 - - [24/Jul/2013:02:22:53 +0200] "GET /images/Warenlager.jpg HTTP/1.1" 304 - "-" "Mozilla/5.0 (compatible; YandexImages/3.0; +http://yandex.com/bots)"
66.249.78.103 - - [24/Jul/2013:02:32:48 +0200] "GET /mitarbeiter.php HTTP/1.1" 200 6811 "-" "SAMSUNG-SGH-E250/1.0 Profile/MIDP-2.0 Configuration/CLDC-1.1 UP.Browser/6.2.3.3.c.1.101 (GUI) MMP/2.0 (compatible; Googlebot-Mobile/2.1; +http://www.google.com/bot.html)"
141.8.147.12 - - [24/Jul/2013:02:48:24 +0200] "GET /images/Beratungsraum01.jpg HTTP/1.1" 304 - "-" "Mozilla/5.0 (compatible; YandexImages/3.0; +http://yandex.com/bots)"
141.8.147.12 - - [24/Jul/2013:02:57:04 +0200] "GET /images/pfeil_weiter.gif HTTP/1.1" 304 - "-" "Mozilla/5.0 (compatible; YandexImages/3.0; +http://yandex.com/bots)"
141.8.147.12 - - [24/Jul/2013:03:20:42 +0200] "GET /images/Historie01.jpg HTTP/1.1" 200 17762 "-" "Mozilla/5.0 (compatible; YandexImages/3.0; +http://yandex.com/bots)"
141.8.147.12 - - [24/Jul/2013:03:22:24 +0200] "GET /images/Sterilabteilung04_gross.jpg HTTP/1.1" 304 - "-" "Mozilla/5.0 (compatible; YandexImages/3.0; +http://yandex.com/bots)"
141.8.147.12 - - [24/Jul/2013:04:05:54 +0200] "GET /robots.txt HTTP/1.1" 404 1256 "-" "Mozilla/5.0 (compatible; YandexBot/3.0; +http://yandex.com/bots)"
141.8.147.12 - - [24/Jul/2013:04:05:56 +0200] "GET /images/AKB_QMS_Liskow_2006_gross.jpg HTTP/1.1" 304 - "-" "Mozilla/5.0 (compatible; YandexImages/3.0; +http://yandex.com/bots)"
141.8.147.12 - - [24/Jul/2013:04:17:45 +0200] "GET /images/Sterilabteilung04.jpg HTTP/1.1" 304 - "-" "Mozilla/5.0 (compatible; YandexImages/3.0; +http://yandex.com/bots)"
141.8.147.12 - - [24/Jul/2013:04:30:07 +0200] "GET /images/quapos-zertifikat.jpg HTTP/1.1" 304 - "-" "Mozilla/5.0 (compatible; YandexImages/3.0; +http://yandex.com/bots)"
199.30.20.67 - - [24/Jul/2013:05:18:09 +0200] "GET /robots.txt HTTP/1.1" 404 1256 "-" "msnbot-media/1.1 (+http://search.msn.com/msnbot.htm)"
199.30.20.67 - - [24/Jul/2013:05:18:09 +0200] "GET /images/Sterilabteilung03.jpg HTTP/1.1" 200 34797 "-" "msnbot-media/1.1 (+http://search.msn.com/msnbot.htm)"
141.8.147.12 - - [24/Jul/2013:05:20:38 +0200] "GET /images/Regie02.jpg HTTP/1.1" 304 - "-" "Mozilla/5.0 (compatible; YandexImages/3.0; +http://yandex.com/bots)"
141.8.147.12 - - [24/Jul/2013:05:45:32 +0200] "GET /images/AKB_QMS_Liskow_2006.png HTTP/1.1" 304 - "-" "Mozilla/5.0 (compatible; YandexImages/3.0; +http://yandex.com/bots)"
141.8.147.12 - - [24/Jul/2013:05:46:28 +0200] "GET /images/Warenlager01.jpg HTTP/1.1" 304 - "-" "Mozilla/5.0 (compatible; YandexImages/3.0; +http://yandex.com/bots)"
141.8.147.12 - - [24/Jul/2013:05:46:38 +0200] "GET /images/Beratungsraum.jpg HTTP/1.1" 304 - "-" "Mozilla/5.0 (compatible; YandexImages/3.0; +http://yandex.com/bots)"
193.111.141.44 - - [24/Jul/2013:05:49:25 +0200] "GET /aerzteadressen.php HTTP/1.1" 200 5232 "-" "Mozilla/5.0 (X11; Linux i686; rv:6.0) Gecko/20100101 Firefox/6.0"
141.8.147.12 - - [24/Jul/2013:05:58:59 +0200] "GET /images/Sterilabteilung03.jpg HTTP/1.1" 304 - "-" "Mozilla/5.0 (compatible; YandexImages/3.0; +http://yandex.com/bots)"
141.8.147.12 - - [24/Jul/2013:06:05:22 +0200] "GET /images/Sterilabteilung03_gross.jpg HTTP/1.1" 304 - "-" "Mozilla/5.0 (compatible; YandexImages/3.0; +http://yandex.com/bots)"
141.8.147.12 - - [24/Jul/2013:06:06:47 +0200] "GET /images/pfeil_zurueck.gif HTTP/1.1" 304 - "-" "Mozilla/5.0 (compatible; YandexImages/3.0; +http://yandex.com/bots)"
141.8.147.12 - - [24/Jul/2013:06:17:52 +0200] "GET /images/Regie_gross.jpg HTTP/1.1" 304 - "-" "Mozilla/5.0 (compatible; YandexImages/3.0; +http://yandex.com/bots)"
141.8.147.12 - - [24/Jul/2013:06:45:36 +0200] "GET /images/Regie02_gross.jpg HTTP/1.1" 304 - "-" "Mozilla/5.0 (compatible; YandexImages/3.0; +http://yandex.com/bots)"
157.55.33.80 - - [24/Jul/2013:07:07:46 +0200] "GET /robots.txt HTTP/1.1" 404 1256 "-" "Mozilla/5.0 (compatible; bingbot/2.0; +http://www.bing.com/bingbot.htm)"
141.8.147.12 - - [24/Jul/2013:07:07:50 +0200] "GET /images/Historie.jpg HTTP/1.1" 200 22682 "-" "Mozilla/5.0 (compatible; YandexImages/3.0; +http://yandex.com/bots)"
157.55.33.80 - - [24/Jul/2013:07:08:30 +0200] "GET /home.htm HTTP/1.1" 404 1256 "-" "Mozilla/5.0 (compatible; bingbot/2.0; +http://www.bing.com/bingbot.htm)"
141.8.147.12 - - [24/Jul/2013:07:30:23 +0200] "GET /images/Beratungsraum_gross.jpg HTTP/1.1" 304 - "-" "Mozilla/5.0 (compatible; YandexImages/3.0; +http://yandex.com/bots)"
157.55.33.111 - - [24/Jul/2013:10:12:17 +0200] "GET /robots.txt HTTP/1.1" 404 1256 "-" "Mozilla/5.0 (compatible; bingbot/2.0; +http://www.bing.com/bingbot.htm)"
157.55.33.111 - - [24/Jul/2013:10:14:08 +0200] "GET /rundgang_regie.php HTTP/1.1" 200 5041 "-" "Mozilla/5.0 (compatible; bingbot/2.0; +http://www.bing.com/bingbot.htm)"
141.8.147.12 - - [24/Jul/2013:10:43:51 +0200] "GET /images/Regie.jpg HTTP/1.1" 304 - "-" "Mozilla/5.0 (compatible; YandexImages/3.0; +http://yandex.com/bots)"
66.249.78.103 - - [24/Jul/2013:11:20:01 +0200] "GET /robots.txt HTTP/1.1" 404 1256 "-" "Mozilla/5.0 (compatible; Googlebot/2.1; +http://www.google.com/bot.html)"
66.249.72.77 - - [24/Jul/2013:11:20:01 +0200] "GET /mitarbeiter.php HTTP/1.1" 200 6811 "-" "Mozilla/5.0 (iPhone; U; CPU iPhone OS 4_1 like Mac OS X; en-us) AppleWebKit/532.9 (KHTML, like Gecko) Version/4.0.5 Mobile/8B117 Safari/6531.22.7 (compatible; Googlebot-Mobile/2.1; +http://www.google.com/bot.html)"
217.255.135.1 - - [24/Jul/2013:12:14:12 +0200] "GET / HTTP/1.1" 200 4539 "-" "Mozilla/4.0 (compatible; MSIE 8.0; Windows NT 6.1; WOW64; Trident/4.0; SLCC2; Media Center PC 6.0; InfoPath.2; MS-RTC LM 8"
217.255.135.1 - - [24/Jul/2013:12:14:12 +0200] "GET / HTTP/1.0" 200 4539 "-" "-"
141.8.147.12 - - [24/Jul/2013:13:07:18 +0200] "GET /images/pfeil_weiter.gif HTTP/1.1" 304 - "-" "Mozilla/5.0 (compatible; YandexImages/3.0; +http://yandex.com/bots)"
65.55.52.117 - - [24/Jul/2013:13:19:21 +0200] "GET /robots.txt HTTP/1.1" 404 1256 "-" "Mozilla/5.0 (compatible; bingbot/2.0; +http://www.bing.com/bingbot.htm)"
141.8.147.12 - - [24/Jul/2013:13:24:38 +0200] "GET /images/Sterilabteilung04.jpg HTTP/1.1" 304 - "-" "Mozilla/5.0 (compatible; YandexImages/3.0; +http://yandex.com/bots)"
65.55.52.117 - - [24/Jul/2013:13:33:06 +0200] "GET /rundgang_sterilabteilung.php HTTP/1.1" 200 4571 "-" "Mozilla/5.0 (compatible; bingbot/2.0; +http://www.bing.com/bingbot.htm)"
66.249.72.77 - - [24/Jul/2013:13:39:39 +0200] "GET /service.php HTTP/1.1" 200 5642 "http://web2.cylex.de/reviews/viewcompanywebsite.aspx?firmaName=vita-apotheke&companyId=2656308&showUrl=http%3A%2F%2Fwww.vita-apotheke.com%2Fservice.php" "Mozilla/5.0 (compatible; Googlebot/2.1; +http://www.google.com/bot.html)"
66.249.72.77 - - [24/Jul/2013:13:39:41 +0200] "GET /js/fancybox/jquery.fancybox-1.3.4.css HTTP/1.1" 200 8494 "http://www.vita-apotheke.com/service.php" "Mozilla/5.0 (compatible; Googlebot/2.1; +http://www.google.com/bot.html)"
66.249.72.77 - - [24/Jul/2013:13:39:41 +0200] "GET /css/vita.css HTTP/1.1" 200 5485 "http://www.vita-apotheke.com/service.php" "Mozilla/5.0 (compatible; Googlebot/2.1; +http://www.google.com/bot.html)"
141.8.147.12 - - [24/Jul/2013:13:51:03 +0200] "GET /images/Beratungsraum.jpg HTTP/1.1" 304 - "-" "Mozilla/5.0 (compatible; YandexImages/3.0; +http://yandex.com/bots)"
141.8.147.12 - - [24/Jul/2013:13:55:06 +0200] "GET /images/Regie.jpg HTTP/1.1" 304 - "-" "Mozilla/5.0 (compatible; YandexImages/3.0; +http://yandex.com/bots)"
65.55.52.117 - - [24/Jul/2013:14:06:54 +0200] "GET /robots.txt HTTP/1.1" 404 1256 "-" "Mozilla/5.0 (compatible; bingbot/2.0; +http://www.bing.com/bingbot.htm)"
141.8.147.12 - - [24/Jul/2013:14:11:04 +0200] "GET /images/Handverkauf03.jpg HTTP/1.1" 304 - "-" "Mozilla/5.0 (compatible; YandexImages/3.0; +http://yandex.com/bots)"
65.55.52.117 - - [24/Jul/2013:14:11:49 +0200] "GET /impressum.php HTTP/1.1" 200 4696 "-" "Mozilla/5.0 (compatible; bingbot/2.0; +http://www.bing.com/bingbot.htm)"
141.8.147.12 - - [24/Jul/2013:14:27:28 +0200] "GET /images/Regie02.jpg HTTP/1.1" 304 - "-" "Mozilla/5.0 (compatible; YandexImages/3.0; +http://yandex.com/bots)"
176.94.66.251 - - [24/Jul/2013:15:07:04 +0200] "GET / HTTP/1.1" 200 4539 "http://www.google.de/url?sa=t&rct=j&q=&esrc=s&source=web&cd=1&ved=0CDwQFjAA&url=http%3A%2F%2Fwww.vita-apotheke.com%2F&ei=VNHvUfjANszMtAaUmoCIDw&usg=AFQjCNGHscoO06lKwKfUZWpPexrvGv3sxg&bvm=bv.49641647,d.Yms" "Mozilla/5.0 (Windows NT 6.1; WOW64; rv:22.0) Gecko/20100101 Firefox/22.0"
176.94.66.251 - - [24/Jul/2013:15:07:04 +0200] "GET /css/vita.css HTTP/1.1" 200 5485 "http://www.vita-apotheke.com/" "Mozilla/5.0 (Windows NT 6.1; WOW64; rv:22.0) Gecko/20100101 Firefox/22.0"
176.94.66.251 - - [24/Jul/2013:15:07:04 +0200] "GET /js/jquery.cross-slide.js HTTP/1.1" 200 6780 "http://www.vita-apotheke.com/" "Mozilla/5.0 (Windows NT 6.1; WOW64; rv:22.0) Gecko/20100101 Firefox/22.0"
176.94.66.251 - - [24/Jul/2013:15:07:04 +0200] "GET /js/fancybox/jquery.fancybox-1.3.4.pack.js HTTP/1.1" 200 15624 "http://www.vita-apotheke.com/" "Mozilla/5.0 (Windows NT 6.1; WOW64; rv:22.0) Gecko/20100101 Firefox/22.0"
176.94.66.251 - - [24/Jul/2013:15:07:04 +0200] "GET /js/fancybox/jquery.fancybox-1.3.4.css HTTP/1.1" 200 8494 "http://www.vita-apotheke.com/" "Mozilla/5.0 (Windows NT 6.1; WOW64; rv:22.0) Gecko/20100101 Firefox/22.0"
176.94.66.251 - - [24/Jul/2013:15:07:04 +0200] "GET /js/jquery-1.5.1.min.js HTTP/1.1" 200 85260 "http://www.vita-apotheke.com/" "Mozilla/5.0 (Windows NT 6.1; WOW64; rv:22.0) Gecko/20100101 Firefox/22.0"
176.94.66.251 - - [24/Jul/2013:15:07:05 +0200] "GET /images/AKB_QMS_Liskow_2006.png HTTP/1.1" 200 6005 "http://www.vita-apotheke.com/" "Mozilla/5.0 (Windows NT 6.1; WOW64; rv:22.0) Gecko/20100101 Firefox/22.0"
176.94.66.251 - - [24/Jul/2013:15:07:05 +0200] "GET /images/quapos-zertifikat.jpg HTTP/1.1" 200 3804 "http://www.vita-apotheke.com/" "Mozilla/5.0 (Windows NT 6.1; WOW64; rv:22.0) Gecko/20100101 Firefox/22.0"
176.94.66.251 - - [24/Jul/2013:15:07:05 +0200] "GET /images/grafik_navi_mittelgruen.jpg HTTP/1.1" 200 13783 "http://www.vita-apotheke.com/css/vita.css" "Mozilla/5.0 (Windows NT 6.1; WOW64; rv:22.0) Gecko/20100101 Firefox/22.0"
176.94.66.251 - - [24/Jul/2013:15:07:05 +0200] "GET /images/vita-logo-dunkelgruen.jpg HTTP/1.1" 200 7021 "http://www.vita-apotheke.com/css/vita.css" "Mozilla/5.0 (Windows NT 6.1; WOW64; rv:22.0) Gecko/20100101 Firefox/22.0"
176.94.66.251 - - [24/Jul/2013:15:07:05 +0200] "GET /images/MA_MonikaLorenz.jpg HTTP/1.1" 200 46854 "http://www.vita-apotheke.com/" "Mozilla/5.0 (Windows NT 6.1; WOW64; rv:22.0) Gecko/20100101 Firefox/22.0"
176.94.66.251 - - [24/Jul/2013:15:07:05 +0200] "GET /favicon.ico HTTP/1.1" 404 1256 "-" "Mozilla/5.0 (Windows NT 6.1; WOW64; rv:22.0) Gecko/20100101 Firefox/22.0"
176.94.66.251 - - [24/Jul/2013:15:07:10 +0200] "GET /historie.php HTTP/1.1" 200 5111 "http://www.vita-apotheke.com/" "Mozilla/5.0 (Windows NT 6.1; WOW64; rv:22.0) Gecko/20100101 Firefox/22.0"
176.94.66.251 - - [24/Jul/2013:15:07:10 +0200] "GET /images/Historie01.jpg HTTP/1.1" 200 17762 "http://www.vita-apotheke.com/historie.php" "Mozilla/5.0 (Windows NT 6.1; WOW64; rv:22.0) Gecko/20100101 Firefox/22.0"
176.94.66.251 - - [24/Jul/2013:15:07:10 +0200] "GET /images/Historie.jpg HTTP/1.1" 200 22682 "http://www.vita-apotheke.com/historie.php" "Mozilla/5.0 (Windows NT 6.1; WOW64; rv:22.0) Gecko/20100101 Firefox/22.0"
176.94.66.251 - - [24/Jul/2013:15:07:17 +0200] "GET /mitarbeiter.php HTTP/1.1" 200 6811 "http://www.vita-apotheke.com/historie.php" "Mozilla/5.0 (Windows NT 6.1; WOW64; rv:22.0) Gecko/20100101 Firefox/22.0"
176.94.66.251 - - [24/Jul/2013:15:07:17 +0200] "GET /images/MA_Arnim_Apotheke.jpg HTTP/1.1" 200 43855 "http://www.vita-apotheke.com/mitarbeiter.php" "Mozilla/5.0 (Windows NT 6.1; WOW64; rv:22.0) Gecko/20100101 Firefox/22.0"
176.94.66.251 - - [24/Jul/2013:15:07:17 +0200] "GET /images/MA_MonikaLorenz1.jpg HTTP/1.1" 200 48000 "http://www.vita-apotheke.com/mitarbeiter.php" "Mozilla/5.0 (Windows NT 6.1; WOW64; rv:22.0) Gecko/20100101 Firefox/22.0"
176.94.66.251 - - [24/Jul/2013:15:07:17 +0200] "GET /images/MA_Vita_Apotheke_Startseite.jpg HTTP/1.1" 200 45767 "http://www.vita-apotheke.com/mitarbeiter.php" "Mozilla/5.0 (Windows NT 6.1; WOW64; rv:22.0) Gecko/20100101 Firefox/22.0"
176.94.66.251 - - [24/Jul/2013:15:07:17 +0200] "GET /images/MA_AndreasHidde.jpg HTTP/1.1" 200 42347 "http://www.vita-apotheke.com/mitarbeiter.php" "Mozilla/5.0 (Windows NT 6.1; WOW64; rv:22.0) Gecko/20100101 Firefox/22.0"
176.94.66.251 - - [24/Jul/2013:15:07:18 +0200] "GET /images/MA_JuttaLangbein.jpg HTTP/1.1" 200 47891 "http://www.vita-apotheke.com/mitarbeiter.php" "Mozilla/5.0 (Windows NT 6.1; WOW64; rv:22.0) Gecko/20100101 Firefox/22.0"
176.94.66.251 - - [24/Jul/2013:15:07:18 +0200] "GET /images/MA_MarianneRuhnke.jpg HTTP/1.1" 200 39674 "http://www.vita-apotheke.com/mitarbeiter.php" "Mozilla/5.0 (Windows NT 6.1; WOW64; rv:22.0) Gecko/20100101 Firefox/22.0"
176.94.66.251 - - [24/Jul/2013:15:07:18 +0200] "GET /images/MA_Bode.jpg HTTP/1.1" 200 8375 "http://www.vita-apotheke.com/mitarbeiter.php" "Mozilla/5.0 (Windows NT 6.1; WOW64; rv:22.0) Gecko/20100101 Firefox/22.0"
176.94.66.251 - - [24/Jul/2013:15:07:18 +0200] "GET /images/MA_MichaelLeihs.jpg HTTP/1.1" 200 41017 "http://www.vita-apotheke.com/mitarbeiter.php" "Mozilla/5.0 (Windows NT 6.1; WOW64; rv:22.0) Gecko/20100101 Firefox/22.0"
176.94.66.251 - - [24/Jul/2013:15:07:18 +0200] "GET /images/MA_BirgitBurkhardt.jpg HTTP/1.1" 200 39949 "http://www.vita-apotheke.com/mitarbeiter.php" "Mozilla/5.0 (Windows NT 6.1; WOW64; rv:22.0) Gecko/20100101 Firefox/22.0"
176.94.66.251 - - [24/Jul/2013:15:07:18 +0200] "GET /images/MA_DoerteMeinsen.jpg HTTP/1.1" 200 48925 "http://www.vita-apotheke.com/mitarbeiter.php" "Mozilla/5.0 (Windows NT 6.1; WOW64; rv:22.0) Gecko/20100101 Firefox/22.0"
176.94.66.251 - - [24/Jul/2013:15:07:18 +0200] "GET /images/MA_Dieter_Wrusch.jpg HTTP/1.1" 200 11791 "http://www.vita-apotheke.com/mitarbeiter.php" "Mozilla/5.0 (Windows NT 6.1; WOW64; rv:22.0) Gecko/20100101 Firefox/22.0"
176.94.66.251 - - [24/Jul/2013:15:07:18 +0200] "GET /images/MA_AnjaJacob.jpg HTTP/1.1" 200 42072 "http://www.vita-apotheke.com/mitarbeiter.php" "Mozilla/5.0 (Windows NT 6.1; WOW64; rv:22.0) Gecko/20100101 Firefox/22.0"
176.94.66.251 - - [24/Jul/2013:15:07:18 +0200] "GET /images/MA_ChristineSchrade.jpg HTTP/1.1" 200 38398 "http://www.vita-apotheke.com/mitarbeiter.php" "Mozilla/5.0 (Windows NT 6.1; WOW64; rv:22.0) Gecko/20100101 Firefox/22.0"
176.94.66.251 - - [24/Jul/2013:15:07:18 +0200] "GET /images/MA_HeikeGudereit.jpg HTTP/1.1" 200 33826 "http://www.vita-apotheke.com/mitarbeiter.php" "Mozilla/5.0 (Windows NT 6.1; WOW64; rv:22.0) Gecko/20100101 Firefox/22.0"
176.94.66.251 - - [24/Jul/2013:15:07:18 +0200] "GET /images/MA_KarinGroeschner.jpg HTTP/1.1" 200 33459 "http://www.vita-apotheke.com/mitarbeiter.php" "Mozilla/5.0 (Windows NT 6.1; WOW64; rv:22.0) Gecko/20100101 Firefox/22.0"
176.94.66.251 - - [24/Jul/2013:15:07:18 +0200] "GET /images/MA_Marion_Lemke.jpg HTTP/1.1" 200 8394 "http://www.vita-apotheke.com/mitarbeiter.php" "Mozilla/5.0 (Windows NT 6.1; WOW64; rv:22.0) Gecko/20100101 Firefox/22.0"
176.94.66.251 - - [24/Jul/2013:15:07:18 +0200] "GET /images/MA_MagittPilgrim.jpg HTTP/1.1" 200 9139 "http://www.vita-apotheke.com/mitarbeiter.php" "Mozilla/5.0 (Windows NT 6.1; WOW64; rv:22.0) Gecko/20100101 Firefox/22.0"
176.94.66.251 - - [24/Jul/2013:15:07:18 +0200] "GET /images/MA_Ajmic.jpg HTTP/1.1" 200 8577 "http://www.vita-apotheke.com/mitarbeiter.php" "Mozilla/5.0 (Windows NT 6.1; WOW64; rv:22.0) Gecko/20100101 Firefox/22.0"
176.94.66.251 - - [24/Jul/2013:15:07:18 +0200] "GET /images/MA_ArnoBarz.jpg HTTP/1.1" 200 10186 "http://www.vita-apotheke.com/mitarbeiter.php" "Mozilla/5.0 (Windows NT 6.1; WOW64; rv:22.0) Gecko/20100101 Firefox/22.0"
176.94.66.251 - - [24/Jul/2013:15:08:53 +0200] "GET /rundgang_warenlager.php HTTP/1.1" 200 4776 "http://www.google.de/url?sa=t&rct=j&q=&esrc=s&source=web&cd=12&ved=0CHwQqB8wCw&url=http%3A%2F%2Fwww.vita-apotheke.com%2Frundgang_warenlager.php&ei=yNHvUeXaCYrUtAanwoD4Bg&usg=AFQjCNHE_ocGSBIpsXiz2mwqAcmOGjgWyw&bvm=bv.49641647,d.Yms" "Mozilla/5.0 (Windows NT 6.1; WOW64; rv:22.0) Gecko/20100101 Firefox/22.0"
176.94.66.251 - - [24/Jul/2013:15:08:54 +0200] "GET /images/pfeil_zurueck.gif HTTP/1.1" 200 350 "http://www.vita-apotheke.com/rundgang_warenlager.php" "Mozilla/5.0 (Windows NT 6.1; WOW64; rv:22.0) Gecko/20100101 Firefox/22.0"
176.94.66.251 - - [24/Jul/2013:15:08:54 +0200] "GET /images/pfeil_top.gif HTTP/1.1" 200 274 "http://www.vita-apotheke.com/rundgang_warenlager.php" "Mozilla/5.0 (Windows NT 6.1; WOW64; rv:22.0) Gecko/20100101 Firefox/22.0"
176.94.66.251 - - [24/Jul/2013:15:08:54 +0200] "GET /images/pfeil_weiter.gif HTTP/1.1" 200 343 "http://www.vita-apotheke.com/rundgang_warenlager.php" "Mozilla/5.0 (Windows NT 6.1; WOW64; rv:22.0) Gecko/20100101 Firefox/22.0"
176.94.66.251 - - [24/Jul/2013:15:08:54 +0200] "GET /images/Warenlager.jpg HTTP/1.1" 200 40688 "http://www.vita-apotheke.com/rundgang_warenlager.php" "Mozilla/5.0 (Windows NT 6.1; WOW64; rv:22.0) Gecko/20100101 Firefox/22.0"
176.94.66.251 - - [24/Jul/2013:15:08:54 +0200] "GET /images/Warenlager01.jpg HTTP/1.1" 200 39871 "http://www.vita-apotheke.com/rundgang_warenlager.php" "Mozilla/5.0 (Windows NT 6.1; WOW64; rv:22.0) Gecko/20100101 Firefox/22.0"
173.199.114.51 - - [24/Jul/2013:15:11:38 +0200] "GET /images/Sterilabteilung03_gross.jpg HTTP/1.1" 200 1498324 "-" "Mozilla/5.0 (compatible; AhrefsBot/4.0; +http://ahrefs.com/robot/)"
84.163.33.96 - - [24/Jul/2013:15:55:42 +0200] "GET / HTTP/1.1" 200 4539 "http://adresse.gelbeseiten.de/1023483449/vita-apotheke/berlin/prenzlauer-berg" "Mozilla/5.0 (Windows NT 6.1; rv:22.0) Gecko/20100101 Firefox/22.0"
84.163.33.96 - - [24/Jul/2013:15:55:43 +0200] "GET /css/vita.css HTTP/1.1" 200 5485 "http://www.vita-apotheke.com/" "Mozilla/5.0 (Windows NT 6.1; rv:22.0) Gecko/20100101 Firefox/22.0"
84.163.33.96 - - [24/Jul/2013:15:55:43 +0200] "GET /js/jquery.cross-slide.js HTTP/1.1" 200 6780 "http://www.vita-apotheke.com/" "Mozilla/5.0 (Windows NT 6.1; rv:22.0) Gecko/20100101 Firefox/22.0"
84.163.33.96 - - [24/Jul/2013:15:55:43 +0200] "GET /js/fancybox/jquery.fancybox-1.3.4.pack.js HTTP/1.1" 200 15624 "http://www.vita-apotheke.com/" "Mozilla/5.0 (Windows NT 6.1; rv:22.0) Gecko/20100101 Firefox/22.0"
84.163.33.96 - - [24/Jul/2013:15:55:43 +0200] "GET /js/fancybox/jquery.fancybox-1.3.4.css HTTP/1.1" 200 8494 "http://www.vita-apotheke.com/" "Mozilla/5.0 (Windows NT 6.1; rv:22.0) Gecko/20100101 Firefox/22.0"
84.163.33.96 - - [24/Jul/2013:15:55:43 +0200] "GET /js/jquery-1.5.1.min.js HTTP/1.1" 200 85260 "http://www.vita-apotheke.com/" "Mozilla/5.0 (Windows NT 6.1; rv:22.0) Gecko/20100101 Firefox/22.0"
84.163.33.96 - - [24/Jul/2013:15:55:43 +0200] "GET /images/AKB_QMS_Liskow_2006.png HTTP/1.1" 200 6005 "http://www.vita-apotheke.com/" "Mozilla/5.0 (Windows NT 6.1; rv:22.0) Gecko/20100101 Firefox/22.0"
84.163.33.96 - - [24/Jul/2013:15:55:43 +0200] "GET /images/quapos-zertifikat.jpg HTTP/1.1" 200 3804 "http://www.vita-apotheke.com/" "Mozilla/5.0 (Windows NT 6.1; rv:22.0) Gecko/20100101 Firefox/22.0"
84.163.33.96 - - [24/Jul/2013:15:55:44 +0200] "GET /images/vita-logo-dunkelgruen.jpg HTTP/1.1" 200 7021 "http://www.vita-apotheke.com/css/vita.css" "Mozilla/5.0 (Windows NT 6.1; rv:22.0) Gecko/20100101 Firefox/22.0"
84.163.33.96 - - [24/Jul/2013:15:55:44 +0200] "GET /images/grafik_navi_mittelgruen.jpg HTTP/1.1" 200 13783 "http://www.vita-apotheke.com/css/vita.css" "Mozilla/5.0 (Windows NT 6.1; rv:22.0) Gecko/20100101 Firefox/22.0"
84.163.33.96 - - [24/Jul/2013:15:55:43 +0200] "GET /images/MA_MonikaLorenz.jpg HTTP/1.1" 200 46854 "http://www.vita-apotheke.com/" "Mozilla/5.0 (Windows NT 6.1; rv:22.0) Gecko/20100101 Firefox/22.0"
84.163.33.96 - - [24/Jul/2013:15:55:44 +0200] "GET /favicon.ico HTTP/1.1" 404 1256 "-" "Mozilla/5.0 (Windows NT 6.1; rv:22.0) Gecko/20100101 Firefox/22.0"
84.163.33.96 - - [24/Jul/2013:15:55:44 +0200] "GET /favicon.ico HTTP/1.1" 404 1256 "-" "Mozilla/5.0 (Windows NT 6.1; rv:22.0) Gecko/20100101 Firefox/22.0"
84.163.33.96 - - [24/Jul/2013:15:55:46 +0200] "GET /impressum.php HTTP/1.1" 200 4696 "http://www.vita-apotheke.com/" "Mozilla/5.0 (Windows NT 6.1; rv:22.0) Gecko/20100101 Firefox/22.0"
84.163.33.96 - - [24/Jul/2013:15:55:46 +0200] "GET /images/Apotheke_aussen_ohne.Rand_4.jpg HTTP/1.1" 200 49642 "http://www.vita-apotheke.com/impressum.php" "Mozilla/5.0 (Windows NT 6.1; rv:22.0) Gecko/20100101 Firefox/22.0"
84.163.33.96 - - [24/Jul/2013:15:55:46 +0200] "GET /images/mitarbeiter.jpg HTTP/1.1" 200 44826 "http://www.vita-apotheke.com/impressum.php" "Mozilla/5.0 (Windows NT 6.1; rv:22.0) Gecko/20100101 Firefox/22.0"
141.8.147.12 - - [24/Jul/2013:16:02:53 +0200] "GET /images/Historie01.jpg HTTP/1.1" 304 - "-" "Mozilla/5.0 (compatible; YandexImages/3.0; +http://yandex.com/bots)"
173.199.114.51 - - [24/Jul/2013:16:20:23 +0200] "GET /images/MA_MonikaLorenz_gross.jpg HTTP/1.1" 200 2458988 "-" "Mozilla/5.0 (compatible; AhrefsBot/4.0; +http://ahrefs.com/robot/)"
157.55.35.85 - - [24/Jul/2013:16:32:10 +0200] "GET /robots.txt HTTP/1.1" 404 1256 "-" "Mozilla/5.0 (compatible; bingbot/2.0; +http://www.bing.com/bingbot.htm)"
157.55.35.85 - - [24/Jul/2013:16:34:10 +0200] "GET / HTTP/1.1" 200 4539 "-" "Mozilla/5.0 (compatible; bingbot/2.0; +http://www.bing.com/bingbot.htm)"
141.8.147.12 - - [24/Jul/2013:17:11:34 +0200] "GET /robots.txt HTTP/1.1" 404 1256 "-" "Mozilla/5.0 (compatible; YandexBot/3.0; +http://yandex.com/bots)"
141.8.147.12 - - [24/Jul/2013:17:12:23 +0200] "GET /images/quapos-zertifikat-gross.jpg HTTP/1.1" 304 - "-" "Mozilla/5.0 (compatible; YandexImages/3.0; +http://yandex.com/bots)"
157.55.35.85 - - [24/Jul/2013:17:17:36 +0200] "GET /robots.txt HTTP/1.1" 404 1256 "-" "Mozilla/5.0 (compatible; bingbot/2.0; +http://www.bing.com/bingbot.htm)"
157.55.35.85 - - [24/Jul/2013:17:18:08 +0200] "GET / HTTP/1.1" 200 4539 "-" "Mozilla/5.0 (compatible; bingbot/2.0; +http://www.bing.com/bingbot.htm)"
141.8.147.12 - - [24/Jul/2013:17:29:07 +0200] "GET /images/Beratungsraum01.jpg HTTP/1.1" 304 - "-" "Mozilla/5.0 (compatible; YandexImages/3.0; +http://yandex.com/bots)"
89.183.23.15 - - [24/Jul/2013:17:29:27 +0200] "GET / HTTP/1.1" 200 4539 "-" "Mozilla/5.0 (Macintosh; Intel Mac OS X) AppleWebKit/534.34 (KHTML, like Gecko) PhantomJS/1.9.1 Safari/534.34"
89.183.23.15 - - [24/Jul/2013:17:29:27 +0200] "GET /css/vita.css HTTP/1.1" 200 5485 "http://www.vita-apotheke.com/" "Mozilla/5.0 (Macintosh; Intel Mac OS X) AppleWebKit/534.34 (KHTML, like Gecko) PhantomJS/1.9.1 Safari/534.34"
89.183.23.15 - - [24/Jul/2013:17:29:27 +0200] "GET /js/jquery.cross-slide.js HTTP/1.1" 200 6780 "http://www.vita-apotheke.com/" "Mozilla/5.0 (Macintosh; Intel Mac OS X) AppleWebKit/534.34 (KHTML, like Gecko) PhantomJS/1.9.1 Safari/534.34"
89.183.23.15 - - [24/Jul/2013:17:29:27 +0200] "GET /js/fancybox/jquery.fancybox-1.3.4.pack.js HTTP/1.1" 200 15624 "http://www.vita-apotheke.com/" "Mozilla/5.0 (Macintosh; Intel Mac OS X) AppleWebKit/534.34 (KHTML, like Gecko) PhantomJS/1.9.1 Safari/534.34"
89.183.23.15 - - [24/Jul/2013:17:29:27 +0200] "GET /js/fancybox/jquery.fancybox-1.3.4.css HTTP/1.1" 200 8494 "http://www.vita-apotheke.com/" "Mozilla/5.0 (Macintosh; Intel Mac OS X) AppleWebKit/534.34 (KHTML, like Gecko) PhantomJS/1.9.1 Safari/534.34"
89.183.23.15 - - [24/Jul/2013:17:29:27 +0200] "GET /js/jquery-1.5.1.min.js HTTP/1.1" 200 85260 "http://www.vita-apotheke.com/" "Mozilla/5.0 (Macintosh; Intel Mac OS X) AppleWebKit/534.34 (KHTML, like Gecko) PhantomJS/1.9.1 Safari/534.34"
89.183.23.15 - - [24/Jul/2013:17:29:27 +0200] "GET /images/vita-logo-dunkelgruen.jpg HTTP/1.1" 200 7021 "http://www.vita-apotheke.com/" "Mozilla/5.0 (Macintosh; Intel Mac OS X) AppleWebKit/534.34 (KHTML, like Gecko) PhantomJS/1.9.1 Safari/534.34"
89.183.23.15 - - [24/Jul/2013:17:29:27 +0200] "GET /images/grafik_navi_mittelgruen.jpg HTTP/1.1" 200 13783 "http://www.vita-apotheke.com/" "Mozilla/5.0 (Macintosh; Intel Mac OS X) AppleWebKit/534.34 (KHTML, like Gecko) PhantomJS/1.9.1 Safari/534.34"
89.183.23.15 - - [24/Jul/2013:17:29:27 +0200] "GET /images/AKB_QMS_Liskow_2006.png HTTP/1.1" 200 6005 "http://www.vita-apotheke.com/" "Mozilla/5.0 (Macintosh; Intel Mac OS X) AppleWebKit/534.34 (KHTML, like Gecko) PhantomJS/1.9.1 Safari/534.34"
89.183.23.15 - - [24/Jul/2013:17:29:27 +0200] "GET /images/quapos-zertifikat.jpg HTTP/1.1" 200 3804 "http://www.vita-apotheke.com/" "Mozilla/5.0 (Macintosh; Intel Mac OS X) AppleWebKit/534.34 (KHTML, like Gecko) PhantomJS/1.9.1 Safari/534.34"
89.183.23.15 - - [24/Jul/2013:17:29:27 +0200] "GET /images/MA_MonikaLorenz.jpg HTTP/1.1" 200 46854 "http://www.vita-apotheke.com/" "Mozilla/5.0 (Macintosh; Intel Mac OS X) AppleWebKit/534.34 (KHTML, like Gecko) PhantomJS/1.9.1 Safari/534.34"
89.183.23.15 - - [24/Jul/2013:17:29:28 +0200] "GET /js/fancybox/fancybox.png HTTP/1.1" 200 15287 "http://www.vita-apotheke.com/" "Mozilla/5.0 (Macintosh; Intel Mac OS X) AppleWebKit/534.34 (KHTML, like Gecko) PhantomJS/1.9.1 Safari/534.34"
89.183.23.15 - - [24/Jul/2013:17:29:28 +0200] "GET /js/fancybox/blank.gif HTTP/1.1" 200 43 "http://www.vita-apotheke.com/" "Mozilla/5.0 (Macintosh; Intel Mac OS X) AppleWebKit/534.34 (KHTML, like Gecko) PhantomJS/1.9.1 Safari/534.34"
89.183.23.15 - - [24/Jul/2013:17:29:29 +0200] "GET /kontakt.php HTTP/1.1" 200 5102 "-" "Mozilla/5.0 (Macintosh; Intel Mac OS X) AppleWebKit/534.34 (KHTML, like Gecko) PhantomJS/1.9.1 Safari/534.34"
89.183.23.15 - - [24/Jul/2013:17:29:29 +0200] "GET /css/vita.css HTTP/1.1" 200 5485 "http://www.vita-apotheke.com/kontakt.php" "Mozilla/5.0 (Macintosh; Intel Mac OS X) AppleWebKit/534.34 (KHTML, like Gecko) PhantomJS/1.9.1 Safari/534.34"
89.183.23.15 - - [24/Jul/2013:17:29:29 +0200] "GET /js/jquery.cross-slide.js HTTP/1.1" 200 6780 "http://www.vita-apotheke.com/kontakt.php" "Mozilla/5.0 (Macintosh; Intel Mac OS X) AppleWebKit/534.34 (KHTML, like Gecko) PhantomJS/1.9.1 Safari/534.34"
89.183.23.15 - - [24/Jul/2013:17:29:29 +0200] "GET /js/fancybox/jquery.fancybox-1.3.4.pack.js HTTP/1.1" 200 15624 "http://www.vita-apotheke.com/kontakt.php" "Mozilla/5.0 (Macintosh; Intel Mac OS X) AppleWebKit/534.34 (KHTML, like Gecko) PhantomJS/1.9.1 Safari/534.34"
89.183.23.15 - - [24/Jul/2013:17:29:29 +0200] "GET /js/fancybox/jquery.fancybox-1.3.4.css HTTP/1.1" 200 8494 "http://www.vita-apotheke.com/kontakt.php" "Mozilla/5.0 (Macintosh; Intel Mac OS X) AppleWebKit/534.34 (KHTML, like Gecko) PhantomJS/1.9.1 Safari/534.34"
89.183.23.15 - - [24/Jul/2013:17:29:29 +0200] "GET /js/jquery-1.5.1.min.js HTTP/1.1" 200 85260 "http://www.vita-apotheke.com/kontakt.php" "Mozilla/5.0 (Macintosh; Intel Mac OS X) AppleWebKit/534.34 (KHTML, like Gecko) PhantomJS/1.9.1 Safari/534.34"
89.183.23.15 - - [24/Jul/2013:17:29:30 +0200] "GET /images/vita-logo-dunkelgruen.jpg HTTP/1.1" 200 7021 "http://www.vita-apotheke.com/kontakt.php" "Mozilla/5.0 (Macintosh; Intel Mac OS X) AppleWebKit/534.34 (KHTML, like Gecko) PhantomJS/1.9.1 Safari/534.34"
89.183.23.15 - - [24/Jul/2013:17:29:30 +0200] "GET /images/grafik_navi_mittelgruen.jpg HTTP/1.1" 200 13783 "http://www.vita-apotheke.com/kontakt.php" "Mozilla/5.0 (Macintosh; Intel Mac OS X) AppleWebKit/534.34 (KHTML, like Gecko) PhantomJS/1.9.1 Safari/534.34"
89.183.23.15 - - [24/Jul/2013:17:29:30 +0200] "GET /images/AKB_QMS_Liskow_2006.png HTTP/1.1" 200 6005 "http://www.vita-apotheke.com/kontakt.php" "Mozilla/5.0 (Macintosh; Intel Mac OS X) AppleWebKit/534.34 (KHTML, like Gecko) PhantomJS/1.9.1 Safari/534.34"
89.183.23.15 - - [24/Jul/2013:17:29:30 +0200] "GET /images/quapos-zertifikat.jpg HTTP/1.1" 200 3804 "http://www.vita-apotheke.com/kontakt.php" "Mozilla/5.0 (Macintosh; Intel Mac OS X) AppleWebKit/534.34 (KHTML, like Gecko) PhantomJS/1.9.1 Safari/534.34"
89.183.23.15 - - [24/Jul/2013:17:29:33 +0200] "GET /js/fancybox/fancybox.png HTTP/1.1" 200 15287 "http://www.vita-apotheke.com/kontakt.php" "Mozilla/5.0 (Macintosh; Intel Mac OS X) AppleWebKit/534.34 (KHTML, like Gecko) PhantomJS/1.9.1 Safari/534.34"
89.183.23.15 - - [24/Jul/2013:17:29:33 +0200] "GET /js/fancybox/blank.gif HTTP/1.1" 200 43 "http://www.vita-apotheke.com/kontakt.php" "Mozilla/5.0 (Macintosh; Intel Mac OS X) AppleWebKit/534.34 (KHTML, like Gecko) PhantomJS/1.9.1 Safari/534.34"
89.183.23.15 - - [24/Jul/2013:17:29:35 +0200] "GET /impressum.php HTTP/1.1" 200 4696 "-" "Mozilla/5.0 (Macintosh; Intel Mac OS X) AppleWebKit/534.34 (KHTML, like Gecko) PhantomJS/1.9.1 Safari/534.34"
89.183.23.15 - - [24/Jul/2013:17:29:35 +0200] "GET /css/vita.css HTTP/1.1" 200 5485 "http://www.vita-apotheke.com/impressum.php" "Mozilla/5.0 (Macintosh; Intel Mac OS X) AppleWebKit/534.34 (KHTML, like Gecko) PhantomJS/1.9.1 Safari/534.34"
89.183.23.15 - - [24/Jul/2013:17:29:35 +0200] "GET /js/jquery.cross-slide.js HTTP/1.1" 200 6780 "http://www.vita-apotheke.com/impressum.php" "Mozilla/5.0 (Macintosh; Intel Mac OS X) AppleWebKit/534.34 (KHTML, like Gecko) PhantomJS/1.9.1 Safari/534.34"
89.183.23.15 - - [24/Jul/2013:17:29:35 +0200] "GET /js/fancybox/jquery.fancybox-1.3.4.pack.js HTTP/1.1" 200 15624 "http://www.vita-apotheke.com/impressum.php" "Mozilla/5.0 (Macintosh; Intel Mac OS X) AppleWebKit/534.34 (KHTML, like Gecko) PhantomJS/1.9.1 Safari/534.34"
89.183.23.15 - - [24/Jul/2013:17:29:35 +0200] "GET /js/fancybox/jquery.fancybox-1.3.4.css HTTP/1.1" 200 8494 "http://www.vita-apotheke.com/impressum.php" "Mozilla/5.0 (Macintosh; Intel Mac OS X) AppleWebKit/534.34 (KHTML, like Gecko) PhantomJS/1.9.1 Safari/534.34"
89.183.23.15 - - [24/Jul/2013:17:29:35 +0200] "GET /js/jquery-1.5.1.min.js HTTP/1.1" 200 85260 "http://www.vita-apotheke.com/impressum.php" "Mozilla/5.0 (Macintosh; Intel Mac OS X) AppleWebKit/534.34 (KHTML, like Gecko) PhantomJS/1.9.1 Safari/534.34"
89.183.23.15 - - [24/Jul/2013:17:29:35 +0200] "GET /images/vita-logo-dunkelgruen.jpg HTTP/1.1" 200 7021 "http://www.vita-apotheke.com/impressum.php" "Mozilla/5.0 (Macintosh; Intel Mac OS X) AppleWebKit/534.34 (KHTML, like Gecko) PhantomJS/1.9.1 Safari/534.34"
