85.178.197.32 - - [30/Jan/2010:00:13:02 +0100] "GET /BuiltWithNOF.gif HTTP/1.1" 200 2587 "-" "Opera/9.80 (Windows NT 5.1; U; de) Presto/2.2.15 Version/10.10"
85.178.197.32 - - [30/Jan/2010:00:13:02 +0100] "GET /Home_NnBanner.gif HTTP/1.1" 200 5803 "-" "Opera/9.80 (Windows NT 5.1; U; de) Presto/2.2.15 Version/10.10"
85.178.197.32 - - [30/Jan/2010:00:13:02 +0100] "GET /Sirius-LOGO1.JPG HTTP/1.1" 200 4357 "-" "Opera/9.80 (Windows NT 5.1; U; de) Presto/2.2.15 Version/10.10"
85.178.197.32 - - [30/Jan/2010:00:13:02 +0100] "GET /Impressum_NRp2.gif HTTP/1.1" 200 2011 "-" "Opera/9.80 (Windows NT 5.1; U; de) Presto/2.2.15 Version/10.10"
85.178.197.32 - - [30/Jan/2010:00:13:02 +0100] "GET /DSC0019902.JPG HTTP/1.1" 200 7772 "-" "Opera/9.80 (Windows NT 5.1; U; de) Presto/2.2.15 Version/10.10"
85.178.197.32 - - [30/Jan/2010:00:13:03 +0100] "GET /favicon.ico HTTP/1.1" 404 1256 "-" "Opera/9.80 (Windows NT 5.1; U; de) Presto/2.2.15 Version/10.10"
87.250.255.242 - - [30/Jan/2010:02:41:43 +0100] "GET /Impressum/impressum.html HTTP/1.1" 304 - "-" "Yandex/1.01.001 (compatible; Win16; I)"
66.249.71.197 - - [30/Jan/2010:04:03:11 +0100] "GET /robots.txt HTTP/1.1" 404 1256 "-" "Mozilla/5.0 (compatible; Googlebot/2.1; +http://www.google.com/bot.html)"
66.249.71.197 - - [30/Jan/2010:04:03:11 +0100] "GET /index.html HTTP/1.1" 200 12828 "-" "Mozilla/5.0 (compatible; Googlebot/2.1; +http://www.google.com/bot.html)"
88.131.106.31 - - [30/Jan/2010:05:48:46 +0100] "GET /robots.txt HTTP/1.0" 404 1256 "-" "Speedy Spider (http://www.entireweb.com/about/search_tech/speedy_spider/)"
88.131.106.31 - - [30/Jan/2010:05:48:47 +0100] "GET /Produkte/produkte.html HTTP/1.0" 200 17755 "-" "Speedy Spider (http://www.entireweb.com/about/search_tech/speedy_spider/)"
87.250.255.242 - - [30/Jan/2010:07:34:19 +0100] "GET /Service_Kontakt/service_kontakt.html HTTP/1.1" 304 - "-" "Yandex/1.01.001 (compatible; Win16; I)"
67.195.113.237 - - [30/Jan/2010:09:52:08 +0100] "GET /robots.txt HTTP/1.0" 404 1256 "-" "Mozilla/5.0 (compatible; Yahoo! Slurp; http://help.yahoo.com/help/us/ysearch/slurp)"
67.195.113.237 - - [30/Jan/2010:09:52:08 +0100] "GET /Shop/shop.html HTTP/1.0" 200 59578 "-" "Mozilla/5.0 (compatible; Yahoo! Slurp/3.0; http://help.yahoo.com/help/us/ysearch/slurp)"
88.131.106.31 - - [30/Jan/2010:10:38:41 +0100] "GET /robots.txt HTTP/1.0" 404 1256 "-" "Speedy Spider (http://www.entireweb.com/about/search_tech/speedy_spider/)"
88.131.106.31 - - [30/Jan/2010:10:38:45 +0100] "GET /unternehmen.htm HTTP/1.0" 404 1256 "-" "Speedy Spider (http://www.entireweb.com/about/search_tech/speedy_spider/)"
114.111.36.31 - - [30/Jan/2010:13:06:05 +0100] "GET /robots.txt HTTP/1.1" 404 1256 "-" "Mozilla/4.0 (compatible; NaverBot/1.0; http://help.naver.com/customer_webtxt_02.jsp)"
114.111.36.31 - - [30/Jan/2010:13:06:05 +0100] "GET / HTTP/1.1" 200 12828 "-" "Mozilla/4.0 (compatible; NaverBot/1.0; http://help.naver.com/customer_webtxt_02.jsp)"
87.250.255.242 - - [30/Jan/2010:14:00:47 +0100] "GET /Produkte/produkte.html HTTP/1.1" 304 - "-" "Yandex/1.01.001 (compatible; Win16; I)"
66.249.71.197 - - [30/Jan/2010:15:43:16 +0100] "GET /db_micronair_70a1.jpg HTTP/1.1" 304 - "-" "Googlebot-Image/1.0"
87.250.255.242 - - [30/Jan/2010:16:25:25 +0100] "GET /Shop/shop.html HTTP/1.1" 200 59578 "-" "Yandex/1.01.001 (compatible; Win16; I)"
208.80.193.42 - - [30/Jan/2010:18:36:13 +0100] "GET / HTTP/1.0" 200 12828 "-" "Mozilla/4.0 (compatible; MSIE 7.0; Windows NT 5.1; FunWebProducts; .NET CLR 1.0.3705; .NET CLR 1.1.4322; Media Center PC 4.0; yplus 5.6.04b)"
66.249.71.197 - - [30/Jan/2010:19:32:32 +0100] "GET /robots.txt HTTP/1.1" 404 1256 "-" "Googlebot-Image/1.0"
66.249.71.197 - - [30/Jan/2010:19:32:32 +0100] "GET /Shop_Hp3.gif HTTP/1.1" 304 - "-" "Googlebot-Image/1.0"
87.250.255.242 - - [30/Jan/2010:22:54:19 +0100] "GET /robots.txt HTTP/1.1" 404 1256 "-" "Yandex/1.01.001 (compatible; Win16; I)"
89.248.172.14 - - [31/Jan/2010:02:21:00 +0100] "GET /public_html/ HTTP/1.1" 403 1222 "-" "Mozilla/4.0 (compatible; MSIE 6.0; Windows NT 5.1; SV1)"
88.131.106.31 - - [31/Jan/2010:05:16:16 +0100] "GET /robots.txt HTTP/1.0" 404 1256 "-" "Speedy Spider (http://www.entireweb.com/about/search_tech/speedy_spider/)"
88.131.106.31 - - [31/Jan/2010:05:16:17 +0100] "GET /html/filter_2.html HTTP/1.0" 404 1256 "-" "Speedy Spider (http://www.entireweb.com/about/search_tech/speedy_spider/)"
87.250.255.242 - - [31/Jan/2010:06:17:44 +0100] "GET /index.html HTTP/1.1" 200 12828 "-" "Yandex/1.01.001 (compatible; Win16; I)"
193.47.80.42 - - [31/Jan/2010:08:22:25 +0100] "GET /robots.txt HTTP/1.1" 404 1256 "-" "Mozilla/5.0 (compatible; Exabot/3.0; +http://www.exabot.com/go/robot)"
193.47.80.42 - - [31/Jan/2010:08:22:25 +0100] "GET / HTTP/1.1" 304 - "-" "Mozilla/5.0 (compatible; Exabot/3.0; +http://www.exabot.com/go/robot)"
88.72.202.132 - - [31/Jan/2010:15:59:02 +0100] "GET / HTTP/1.1" 200 12828 "http://www.berlin.city-map.de/01110000/sirius-technischer-buerobedarf" "Mozilla/5.0 (Windows; U; Windows NT 6.0; de; rv:1.9.1.7) Gecko/20091221 Firefox/3.5.7 (.NET CLR 3.5.30729)"
88.72.202.132 - - [31/Jan/2010:15:59:02 +0100] "GET /rollover.js HTTP/1.1" 200 32709 "http://www.sirius-berlin.de/" "Mozilla/5.0 (Windows; U; Windows NT 6.0; de; rv:1.9.1.7) Gecko/20091221 Firefox/3.5.7 (.NET CLR 3.5.30729)"
88.72.202.132 - - [31/Jan/2010:15:59:02 +0100] "GET /background.gif HTTP/1.1" 200 5457 "http://www.sirius-berlin.de/" "Mozilla/5.0 (Windows; U; Windows NT 6.0; de; rv:1.9.1.7) Gecko/20091221 Firefox/3.5.7 (.NET CLR 3.5.30729)"
88.72.202.132 - - [31/Jan/2010:15:59:02 +0100] "GET /clearpixel.gif HTTP/1.1" 200 43 "http://www.sirius-berlin.de/" "Mozilla/5.0 (Windows; U; Windows NT 6.0; de; rv:1.9.1.7) Gecko/20091221 Firefox/3.5.7 (.NET CLR 3.5.30729)"
88.72.202.132 - - [31/Jan/2010:15:59:02 +0100] "GET /Sirius-LOGO21.JPG HTTP/1.1" 200 2563 "http://www.sirius-berlin.de/" "Mozilla/5.0 (Windows; U; Windows NT 6.0; de; rv:1.9.1.7) Gecko/20091221 Firefox/3.5.7 (.NET CLR 3.5.30729)"
88.72.202.132 - - [31/Jan/2010:15:59:02 +0100] "GET /Home_Hp3.gif HTTP/1.1" 200 1773 "http://www.sirius-berlin.de/" "Mozilla/5.0 (Windows; U; Windows NT 6.0; de; rv:1.9.1.7) Gecko/20091221 Firefox/3.5.7 (.NET CLR 3.5.30729)"
88.72.202.132 - - [31/Jan/2010:15:59:02 +0100] "GET /Service_Kontakt_Np1.gif HTTP/1.1" 200 1794 "http://www.sirius-berlin.de/" "Mozilla/5.0 (Windows; U; Windows NT 6.0; de; rv:1.9.1.7) Gecko/20091221 Firefox/3.5.7 (.NET CLR 3.5.30729)"
88.72.202.132 - - [31/Jan/2010:15:59:02 +0100] "GET /Impressum_Np1.gif HTTP/1.1" 200 1750 "http://www.sirius-berlin.de/" "Mozilla/5.0 (Windows; U; Windows NT 6.0; de; rv:1.9.1.7) Gecko/20091221 Firefox/3.5.7 (.NET CLR 3.5.30729)"
88.72.202.132 - - [31/Jan/2010:15:59:02 +0100] "GET /Produkte_Np1.gif HTTP/1.1" 200 1744 "http://www.sirius-berlin.de/" "Mozilla/5.0 (Windows; U; Windows NT 6.0; de; rv:1.9.1.7) Gecko/20091221 Firefox/3.5.7 (.NET CLR 3.5.30729)"
88.72.202.132 - - [31/Jan/2010:15:59:02 +0100] "GET /Feinstaubfilter_Np1.gif HTTP/1.1" 200 1780 "http://www.sirius-berlin.de/" "Mozilla/5.0 (Windows; U; Windows NT 6.0; de; rv:1.9.1.7) Gecko/20091221 Firefox/3.5.7 (.NET CLR 3.5.30729)"
88.72.202.132 - - [31/Jan/2010:15:59:02 +0100] "GET /Shop_Np1.gif HTTP/1.1" 200 1699 "http://www.sirius-berlin.de/" "Mozilla/5.0 (Windows; U; Windows NT 6.0; de; rv:1.9.1.7) Gecko/20091221 Firefox/3.5.7 (.NET CLR 3.5.30729)"
88.72.202.132 - - [31/Jan/2010:15:59:02 +0100] "GET /Home_HRp4.gif HTTP/1.1" 200 2027 "http://www.sirius-berlin.de/" "Mozilla/5.0 (Windows; U; Windows NT 6.0; de; rv:1.9.1.7) Gecko/20091221 Firefox/3.5.7 (.NET CLR 3.5.30729)"
88.72.202.132 - - [31/Jan/2010:15:59:02 +0100] "GET /Service_Kontakt_NRp2.gif HTTP/1.1" 200 2044 "http://www.sirius-berlin.de/" "Mozilla/5.0 (Windows; U; Windows NT 6.0; de; rv:1.9.1.7) Gecko/20091221 Firefox/3.5.7 (.NET CLR 3.5.30729)"
88.72.202.132 - - [31/Jan/2010:15:59:02 +0100] "GET /Impressum_NRp2.gif HTTP/1.1" 200 2011 "http://www.sirius-berlin.de/" "Mozilla/5.0 (Windows; U; Windows NT 6.0; de; rv:1.9.1.7) Gecko/20091221 Firefox/3.5.7 (.NET CLR 3.5.30729)"
88.72.202.132 - - [31/Jan/2010:15:59:02 +0100] "GET /Produkte_NRp2.gif HTTP/1.1" 200 2001 "http://www.sirius-berlin.de/" "Mozilla/5.0 (Windows; U; Windows NT 6.0; de; rv:1.9.1.7) Gecko/20091221 Firefox/3.5.7 (.NET CLR 3.5.30729)"
88.72.202.132 - - [31/Jan/2010:15:59:02 +0100] "GET /Feinstaubfilter_NRp2.gif HTTP/1.1" 200 2034 "http://www.sirius-berlin.de/" "Mozilla/5.0 (Windows; U; Windows NT 6.0; de; rv:1.9.1.7) Gecko/20091221 Firefox/3.5.7 (.NET CLR 3.5.30729)"
88.72.202.132 - - [31/Jan/2010:15:59:02 +0100] "GET /Shop_NRp2.gif HTTP/1.1" 200 1954 "http://www.sirius-berlin.de/" "Mozilla/5.0 (Windows; U; Windows NT 6.0; de; rv:1.9.1.7) Gecko/20091221 Firefox/3.5.7 (.NET CLR 3.5.30729)"
88.72.202.132 - - [31/Jan/2010:15:59:03 +0100] "GET /BuiltWithNOF.gif HTTP/1.1" 200 2587 "http://www.sirius-berlin.de/" "Mozilla/5.0 (Windows; U; Windows NT 6.0; de; rv:1.9.1.7) Gecko/20091221 Firefox/3.5.7 (.NET CLR 3.5.30729)"
88.72.202.132 - - [31/Jan/2010:15:59:03 +0100] "GET /Home_NnBanner.gif HTTP/1.1" 200 5803 "http://www.sirius-berlin.de/" "Mozilla/5.0 (Windows; U; Windows NT 6.0; de; rv:1.9.1.7) Gecko/20091221 Firefox/3.5.7 (.NET CLR 3.5.30729)"
88.72.202.132 - - [31/Jan/2010:15:59:03 +0100] "GET /Sirius-LOGO1.JPG HTTP/1.1" 200 4357 "http://www.sirius-berlin.de/" "Mozilla/5.0 (Windows; U; Windows NT 6.0; de; rv:1.9.1.7) Gecko/20091221 Firefox/3.5.7 (.NET CLR 3.5.30729)"
88.72.202.132 - - [31/Jan/2010:15:59:03 +0100] "GET /DSC0019902.JPG HTTP/1.1" 200 7772 "http://www.sirius-berlin.de/" "Mozilla/5.0 (Windows; U; Windows NT 6.0; de; rv:1.9.1.7) Gecko/20091221 Firefox/3.5.7 (.NET CLR 3.5.30729)"
88.72.202.132 - - [31/Jan/2010:15:59:04 +0100] "GET /favicon.ico HTTP/1.1" 404 1256 "-" "Mozilla/5.0 (Windows; U; Windows NT 6.0; de; rv:1.9.1.7) Gecko/20091221 Firefox/3.5.7 (.NET CLR 3.5.30729)"
88.72.202.132 - - [31/Jan/2010:15:59:07 +0100] "GET /favicon.ico HTTP/1.1" 404 1256 "-" "Mozilla/5.0 (Windows; U; Windows NT 6.0; de; rv:1.9.1.7) Gecko/20091221 Firefox/3.5.7 (.NET CLR 3.5.30729)"
88.72.202.132 - - [31/Jan/2010:15:59:15 +0100] "GET /Impressum/impressum.html HTTP/1.1" 200 11991 "http://www.sirius-berlin.de/" "Mozilla/5.0 (Windows; U; Windows NT 6.0; de; rv:1.9.1.7) Gecko/20091221 Firefox/3.5.7 (.NET CLR 3.5.30729)"
88.72.202.132 - - [31/Jan/2010:15:59:15 +0100] "GET /Home_Np1.gif HTTP/1.1" 200 1706 "http://www.sirius-berlin.de/Impressum/impressum.html" "Mozilla/5.0 (Windows; U; Windows NT 6.0; de; rv:1.9.1.7) Gecko/20091221 Firefox/3.5.7 (.NET CLR 3.5.30729)"
88.72.202.132 - - [31/Jan/2010:15:59:15 +0100] "GET /Impressum_Hp3.gif HTTP/1.1" 200 1876 "http://www.sirius-berlin.de/Impressum/impressum.html" "Mozilla/5.0 (Windows; U; Windows NT 6.0; de; rv:1.9.1.7) Gecko/20091221 Firefox/3.5.7 (.NET CLR 3.5.30729)"
88.72.202.132 - - [31/Jan/2010:15:59:15 +0100] "GET /Home_NRp2.gif HTTP/1.1" 200 1965 "http://www.sirius-berlin.de/Impressum/impressum.html" "Mozilla/5.0 (Windows; U; Windows NT 6.0; de; rv:1.9.1.7) Gecko/20091221 Firefox/3.5.7 (.NET CLR 3.5.30729)"
88.72.202.132 - - [31/Jan/2010:15:59:15 +0100] "GET /Impressum_HRp4.gif HTTP/1.1" 200 2143 "http://www.sirius-berlin.de/Impressum/impressum.html" "Mozilla/5.0 (Windows; U; Windows NT 6.0; de; rv:1.9.1.7) Gecko/20091221 Firefox/3.5.7 (.NET CLR 3.5.30729)"
88.72.202.132 - - [31/Jan/2010:15:59:16 +0100] "GET /Impressum_NnBanner.gif HTTP/1.1" 200 5996 "http://www.sirius-berlin.de/Impressum/impressum.html" "Mozilla/5.0 (Windows; U; Windows NT 6.0; de; rv:1.9.1.7) Gecko/20091221 Firefox/3.5.7 (.NET CLR 3.5.30729)"
88.72.202.132 - - [31/Jan/2010:15:59:16 +0100] "GET /Sirius-LOGO102.JPG HTTP/1.1" 200 4357 "http://www.sirius-berlin.de/Impressum/impressum.html" "Mozilla/5.0 (Windows; U; Windows NT 6.0; de; rv:1.9.1.7) Gecko/20091221 Firefox/3.5.7 (.NET CLR 3.5.30729)"
88.72.202.132 - - [31/Jan/2010:15:59:16 +0100] "GET /Karte02.JPG HTTP/1.1" 200 14958 "http://www.sirius-berlin.de/Impressum/impressum.html" "Mozilla/5.0 (Windows; U; Windows NT 6.0; de; rv:1.9.1.7) Gecko/20091221 Firefox/3.5.7 (.NET CLR 3.5.30729)"
88.72.202.132 - - [31/Jan/2010:15:59:31 +0100] "GET /Service_Kontakt/service_kontakt.html HTTP/1.1" 200 11157 "http://www.sirius-berlin.de/Impressum/impressum.html" "Mozilla/5.0 (Windows; U; Windows NT 6.0; de; rv:1.9.1.7) Gecko/20091221 Firefox/3.5.7 (.NET CLR 3.5.30729)"
88.72.202.132 - - [31/Jan/2010:15:59:32 +0100] "GET /Service_Kontakt_Hp3.gif HTTP/1.1" 200 2451 "http://www.sirius-berlin.de/Service_Kontakt/service_kontakt.html" "Mozilla/5.0 (Windows; U; Windows NT 6.0; de; rv:1.9.1.7) Gecko/20091221 Firefox/3.5.7 (.NET CLR 3.5.30729)"
88.72.202.132 - - [31/Jan/2010:15:59:32 +0100] "GET /Service_Kontakt_HRp4.gif HTTP/1.1" 200 2700 "http://www.sirius-berlin.de/Service_Kontakt/service_kontakt.html" "Mozilla/5.0 (Windows; U; Windows NT 6.0; de; rv:1.9.1.7) Gecko/20091221 Firefox/3.5.7 (.NET CLR 3.5.30729)"
88.72.202.132 - - [31/Jan/2010:15:59:33 +0100] "GET /Service_Kontakt_NnBanner.gif HTTP/1.1" 200 6313 "http://www.sirius-berlin.de/Service_Kontakt/service_kontakt.html" "Mozilla/5.0 (Windows; U; Windows NT 6.0; de; rv:1.9.1.7) Gecko/20091221 Firefox/3.5.7 (.NET CLR 3.5.30729)"
67.218.116.134 - - [31/Jan/2010:18:10:14 +0100] "GET /robots.txt HTTP/1.0" 404 1256 "-" "Mozilla/5.0 (Twiceler-0.9 http://www.cuil.com/twiceler/robot.html)"
67.195.113.237 - - [31/Jan/2010:20:38:09 +0100] "GET /robots.txt HTTP/1.0" 404 1256 "-" "Mozilla/5.0 (compatible; Yahoo! Slurp; http://help.yahoo.com/help/us/ysearch/slurp)"
67.195.113.237 - - [31/Jan/2010:20:38:09 +0100] "GET /log/?M=A HTTP/1.0" 404 1256 "-" "Mozilla/5.0 (compatible; Yahoo! Slurp/3.0; http://help.yahoo.com/help/us/ysearch/slurp)"
88.131.106.31 - - [31/Jan/2010:21:05:01 +0100] "GET /robots.txt HTTP/1.0" 404 1256 "-" "Speedy Spider (http://www.entireweb.com/about/search_tech/speedy_spider/)"
88.131.106.31 - - [31/Jan/2010:21:05:05 +0100] "GET /html/filter_0.html HTTP/1.0" 404 1256 "-" "Speedy Spider (http://www.entireweb.com/about/search_tech/speedy_spider/)"