94.254.176.50 - - [14/Dec/2010:19:46:59 +0100] "GET /favicon.ico HTTP/1.1" 404 1256 "-" "Mozilla/5.0 (Windows; U; Windows NT 5.1; en-US) AppleWebKit/534.10 (KHTML, like Gecko) Chrome/8.0.552.215 Safari/534.10"
77.184.106.10 - - [14/Dec/2010:20:31:43 +0100] "GET / HTTP/1.1" 302 - "http://www.google.de/search?client=firefox-a&rls=org.mozilla%3Ade%3Aofficial&channel=s&hl=de&source=hp&q=personal-dienstleistung.de&meta=&btnG=Google-Suche" "Mozilla/5.0 (Windows; U; Windows NT 5.1; de; rv:1.9.2.13) Gecko/20101203 Firefox/3.6.13"
77.184.106.10 - - [14/Dec/2010:20:31:47 +0100] "GET / HTTP/1.1" 302 - "http://www.google.de/search?client=firefox-a&rls=org.mozilla%3Ade%3Aofficial&channel=s&hl=de&source=hp&q=personal-dienstleistung.de&meta=&btnG=Google-Suche" "Mozilla/5.0 (Windows; U; Windows NT 5.1; de; rv:1.9.2.13) Gecko/20101203 Firefox/3.6.13"
77.184.106.10 - - [14/Dec/2010:20:32:41 +0100] "GET / HTTP/1.1" 302 - "http://www.google.de/search?client=firefox-a&rls=org.mozilla%3Ade%3Aofficial&channel=s&hl=de&source=hp&q=personal-dienstleistung.de&meta=&btnG=Google-Suche" "Mozilla/5.0 (Windows; U; Windows NT 5.1; de; rv:1.9.2.13) Gecko/20101203 Firefox/3.6.13"
94.223.225.157 - - [14/Dec/2010:20:43:00 +0100] "GET / HTTP/1.1" 302 - "-" "Mozilla/5.0 (Windows; U; Windows NT 6.0; en-US) AppleWebKit/534.10 (KHTML, like Gecko) Chrome/8.0.552.215 Safari/534.10"
65.52.49.141 - - [14/Dec/2010:21:44:44 +0100] "GET /robots.txt HTTP/1.1" 404 1256 "-" "Mozilla/5.0 (compatible; bingbot/2.0; +http://www.bing.com/bingbot.htm)"
208.115.111.243 - - [14/Dec/2010:23:38:26 +0100] "GET /robots.txt HTTP/1.1" 404 1256 "-" "Mozilla/5.0 (compatible; DotBot/1.1; http://www.dotnetdotcom.org/, crawler@dotnetdotcom.org)"
208.115.111.243 - - [15/Dec/2010:02:20:11 +0100] "GET /robots.txt HTTP/1.1" 404 1256 "-" "Mozilla/5.0 (compatible; DotBot/1.1; http://www.dotnetdotcom.org/, crawler@dotnetdotcom.org)"
207.46.199.37 - - [15/Dec/2010:04:59:38 +0100] "GET /robots.txt HTTP/1.1" 404 1256 "-" "Mozilla/5.0 (compatible; bingbot/2.0; +http://www.bing.com/bingbot.htm)"
207.46.199.37 - - [15/Dec/2010:05:01:15 +0100] "GET /AnfrageAll.html HTTP/1.1" 304 - "-" "Mozilla/5.0 (compatible; bingbot/2.0; +http://www.bing.com/bingbot.htm)"
207.46.194.147 - - [15/Dec/2010:05:19:08 +0100] "GET /robots.txt HTTP/1.1" 404 1256 "-" "msnbot-media/1.1 (+http://search.msn.com/msnbot.htm)"
207.46.194.147 - - [15/Dec/2010:05:19:08 +0100] "GET /kompetenz/bilder/kastenwerk.jpg HTTP/1.1" 200 52382 "-" "msnbot-media/1.1 (+http://search.msn.com/msnbot.htm)"
207.46.194.147 - - [15/Dec/2010:05:19:09 +0100] "GET /kompetenz/werksvertraege.html HTTP/1.1" 200 6093 "-" "msnbot-media/1.1 (+http://search.msn.com/msnbot.htm)"
207.46.199.171 - - [15/Dec/2010:05:49:46 +0100] "GET /robots.txt HTTP/1.1" 404 1256 "-" "msnbot-media/1.1 (+http://search.msn.com/msnbot.htm)"
207.46.199.171 - - [15/Dec/2010:05:49:46 +0100] "GET /kontakt/Bilder/Mitarbeiter%20Perso/Frauschneider.jpg HTTP/1.1" 200 40713 "-" "msnbot-media/1.1 (+http://search.msn.com/msnbot.htm)"
207.46.199.171 - - [15/Dec/2010:05:49:47 +0100] "GET /kontakt/kontakt%20hannover.html HTTP/1.1" 200 8512 "-" "msnbot-media/1.1 (+http://search.msn.com/msnbot.htm)"
208.115.111.243 - - [15/Dec/2010:05:57:41 +0100] "GET /robots.txt HTTP/1.1" 404 1256 "-" "Mozilla/5.0 (compatible; DotBot/1.1; http://www.dotnetdotcom.org/, crawler@dotnetdotcom.org)"
208.115.111.243 - - [15/Dec/2010:06:39:54 +0100] "GET /Anfahrt/fuer%20bewerber/seite1.html HTTP/1.1" 404 1256 "-" "Mozilla/5.0 (compatible; DotBot/1.1; http://www.dotnetdotcom.org/, crawler@dotnetdotcom.org)"
208.115.111.243 - - [15/Dec/2010:06:40:13 +0100] "GET /Anfahrt/fuer%20unternehmen/seite1.html HTTP/1.1" 404 1256 "-" "Mozilla/5.0 (compatible; DotBot/1.1; http://www.dotnetdotcom.org/, crawler@dotnetdotcom.org)"
208.115.111.243 - - [15/Dec/2010:06:40:19 +0100] "GET /Anfahrt/home/seite1.html HTTP/1.1" 404 1256 "-" "Mozilla/5.0 (compatible; DotBot/1.1; http://www.dotnetdotcom.org/, crawler@dotnetdotcom.org)"
208.115.111.243 - - [15/Dec/2010:06:40:24 +0100] "GET /Anfahrt/kompetenz/seite1.html HTTP/1.1" 404 1256 "-" "Mozilla/5.0 (compatible; DotBot/1.1; http://www.dotnetdotcom.org/, crawler@dotnetdotcom.org)"
207.46.199.198 - - [15/Dec/2010:07:31:57 +0100] "GET /robots.txt HTTP/1.1" 404 1256 "-" "Mozilla/5.0 (compatible; bingbot/2.0; +http://www.bing.com/bingbot.htm)"
217.231.197.140 - - [15/Dec/2010:08:29:07 +0100] "GET / HTTP/1.1" 302 - "-" "Mozilla/4.0 (compatible; MSIE 8.0; Windows NT 5.1; Trident/4.0; .NET CLR 1.1.4322; .NET CLR 2.0.50727; .NET CLR 3.0.4506.2152; .NET CLR 3.5.30729)"
208.115.111.243 - - [15/Dec/2010:09:40:10 +0100] "GET /robots.txt HTTP/1.1" 404 1256 "-" "Mozilla/5.0 (compatible; DotBot/1.1; http://www.dotnetdotcom.org/, crawler@dotnetdotcom.org)"
67.195.115.167 - - [15/Dec/2010:10:08:34 +0100] "GET /robots.txt HTTP/1.0" 404 1256 "-" "Mozilla/5.0 (compatible; Yahoo! Slurp; http://help.yahoo.com/help/us/ysearch/slurp)"
67.195.115.167 - - [15/Dec/2010:10:08:34 +0100] "GET /refall.html HTTP/1.0" 200 10444 "-" "Mozilla/5.0 (compatible; Yahoo! Slurp; http://help.yahoo.com/help/us/ysearch/slurp)"
67.195.115.167 - - [15/Dec/2010:10:08:36 +0100] "GET /referenzen.html HTTP/1.0" 200 6836 "http://www.personal-dienstleistung.de/refall.html" "Mozilla/5.0 (compatible; Yahoo! Slurp; http://help.yahoo.com/help/us/ysearch/slurp)"
208.115.111.243 - - [15/Dec/2010:10:23:04 +0100] "GET /Anfahrt/anfahrt+.html HTTP/1.1" 200 3893 "-" "Mozilla/5.0 (compatible; DotBot/1.1; http://www.dotnetdotcom.org/, crawler@dotnetdotcom.org)"
208.115.111.243 - - [15/Dec/2010:10:23:08 +0100] "GET /Anfahrt/impressum.html HTTP/1.1" 404 1256 "-" "Mozilla/5.0 (compatible; DotBot/1.1; http://www.dotnetdotcom.org/, crawler@dotnetdotcom.org)"
208.115.111.243 - - [15/Dec/2010:10:23:12 +0100] "GET /Anfahrt/index.html HTTP/1.1" 404 1256 "-" "Mozilla/5.0 (compatible; DotBot/1.1; http://www.dotnetdotcom.org/, crawler@dotnetdotcom.org)"
208.115.111.243 - - [15/Dec/2010:10:23:17 +0100] "GET /Anfahrt/kontakt+.html HTTP/1.1" 404 1256 "-" "Mozilla/5.0 (compatible; DotBot/1.1; http://www.dotnetdotcom.org/, crawler@dotnetdotcom.org)"
208.115.111.243 - - [15/Dec/2010:10:23:38 +0100] "GET /Anfahrt/partner.html HTTP/1.1" 404 1256 "-" "Mozilla/5.0 (compatible; DotBot/1.1; http://www.dotnetdotcom.org/, crawler@dotnetdotcom.org)"
208.115.111.243 - - [15/Dec/2010:10:23:42 +0100] "GET /Anfahrt/referenzen.html HTTP/1.1" 404 1256 "-" "Mozilla/5.0 (compatible; DotBot/1.1; http://www.dotnetdotcom.org/, crawler@dotnetdotcom.org)"
208.115.111.243 - - [15/Dec/2010:10:23:48 +0100] "GET /referenz/referenzenberl.html HTTP/1.1" 200 3591 "-" "Mozilla/5.0 (compatible; DotBot/1.1; http://www.dotnetdotcom.org/, crawler@dotnetdotcom.org)"
208.115.111.243 - - [15/Dec/2010:10:23:53 +0100] "GET /referenz/referenzenhannover.html HTTP/1.1" 200 3149 "-" "Mozilla/5.0 (compatible; DotBot/1.1; http://www.dotnetdotcom.org/, crawler@dotnetdotcom.org)"
208.115.111.243 - - [15/Dec/2010:10:23:58 +0100] "GET /referenz/referenzenpolen.html HTTP/1.1" 200 1623 "-" "Mozilla/5.0 (compatible; DotBot/1.1; http://www.dotnetdotcom.org/, crawler@dotnetdotcom.org)"
208.115.111.243 - - [15/Dec/2010:10:24:03 +0100] "GET /referenz/referenzenwaren.html HTTP/1.1" 200 2928 "-" "Mozilla/5.0 (compatible; DotBot/1.1; http://www.dotnetdotcom.org/, crawler@dotnetdotcom.org)"
62.220.30.162 - - [15/Dec/2010:10:25:26 +0100] "GET / HTTP/1.1" 302 - "http://www.gelbeseiten.de/yp/subscriberlist_pageAction.yp?sessionDataString=H4sIAAAAAAAAAJWQ3WrcMBCFn2YvHaw/O0bMxSZhS8jSDbGh7VWQpcnGrSqnGhnSPn1nTRdaaAqVbmaOZkbfGd8j0TSn2xtQT0qPQraVMJdNpZVrqlH6rhpDLdHUDXZSVW1og2tcbf0DfuMmyVFfXC737oiwkTvMRxzTRHGigpy/6x//kKzfDvD9hbuW8TP6AveYaU4uhgkTlYhctKQjJuv3s3eF2eAKc5xY2C0xDtkFfO-p-p4oCv/2q-p4dAlj1CJEyst8T8Q76YUDk89uuyfoZx-ppDW28TaAUqqx8YRwBot3RwIh6vOxcZvR-pTkgCBsP6csPqBWrH0F0rRHaxk8gWqWb1sa9K2DkhZG65to9uxXqQgth6s7GB4yuYOAp53X1i39GeHnLNu12W5CWVqvC0iEHzEBzLo-prDUvXS85sQtSmUUZ3DLtK61oZSjeXv2pSwFcQhkfSadLv-p6QPcw7DfOXobZSN2v79adNeWxrm4iLo1npQkm/XSE5-pAoZX-pYONAgAA&page=2&filterTrade=-&filterFunction=Web-Link;&sortBy=sort_trade&availableLetters=ABCEFGHIJKMNOPRSTUW" "Mozilla/5.0 (Windows; U; Windows NT 5.1; de; rv:1.9.2.7) Gecko/20100713 Firefox/3.6.7 ( .NET CLR 3.5.30729; .NET4.0C)"
119.63.198.45 - - [15/Dec/2010:10:58:58 +0100] "GET /robots.txt HTTP/1.1" 404 1256 "-" "Baiduspider+(+http://www.baidu.com/search/spider.htm)"
87.159.136.123 - - [15/Dec/2010:11:08:19 +0100] "GET / HTTP/1.1" 302 - "http://maps.google.de/maps?hl=de&tab=wl" "Mozilla/5.0 (Windows; U; Windows NT 6.1; de; rv:1.9.2.13) Gecko/20101203 Firefox/3.6.13"
217.6.255.130 - - [15/Dec/2010:11:18:36 +0100] "GET / HTTP/1.0" 302 - "http://www.mv-ernaehrung.de/index.php?mod=foerdermitglieder" "Mozilla/4.0 (compatible; MSIE 8.0; Windows NT 5.2; Trident/4.0; .NET CLR 1.1.4322)"
207.46.195.233 - - [15/Dec/2010:11:26:22 +0100] "GET /robots.txt HTTP/1.1" 404 1256 "-" "Mozilla/5.0 (compatible; bingbot/2.0; +http://www.bing.com/bingbot.htm)"
78.53.36.241 - - [15/Dec/2010:11:35:07 +0100] "GET / HTTP/1.1" 302 - "http://www.google.de/search?q=Karlshorst%2C+Berlin+Zeitarbeit&ie=utf-8&oe=utf-8&aq=t&rls=org.mozilla:de:official&client=firefox-a" "Mozilla/5.0 (Windows; U; Windows NT 5.1; de; rv:1.9.2.13) Gecko/20101203 Firefox/3.6.13"
207.46.195.233 - - [15/Dec/2010:11:48:02 +0100] "GET / HTTP/1.1" 302 - "-" "Mozilla/5.0 (compatible; bingbot/2.0; +http://www.bing.com/bingbot.htm)"
212.23.104.147 - - [15/Dec/2010:12:00:38 +0100] "GET / HTTP/1.1" 302 - "http://www.google.de/search?hl=de&source=hp&q=k+und+k+hannover&aq=f&aqi=g1&aql=&oq=&gs_rfai=" "Mozilla/5.0 (Windows; U; Windows NT 5.1; de; rv:1.8.1.20) Gecko/20081217 Firefox/2.0.0.20 (.NET CLR 3.5.30729)"
212.23.104.147 - - [15/Dec/2010:12:01:06 +0100] "GET / HTTP/1.1" 302 - "http://www.google.de/search?hl=de&source=hp&q=k+und+k+hannover&aq=f&aqi=g1&aql=&oq=&gs_rfai=" "Mozilla/5.0 (Windows; U; Windows NT 5.1; de; rv:1.8.1.20) Gecko/20081217 Firefox/2.0.0.20 (.NET CLR 3.5.30729)"
84.188.97.27 - - [15/Dec/2010:12:08:27 +0100] "GET / HTTP/1.1" 302 - "http://www.agentur-zeitarbeit.de/component/option,com_afz_category/id,96/subcat,142/" "Mozilla/4.0 (compatible; MSIE 8.0; Windows NT 5.1; Trident/4.0; Mozilla/4.0 (compatible; MSIE 7.0; Win32; 1&1); BTRS26068; GTB6.6; .NET CLR 2.0.50727; .NET CLR 3.0.4506.2152; .NET CLR 3.5.30729)"
80.237.254.171 - - [15/Dec/2010:12:19:54 +0100] "GET / HTTP/1.1" 302 - "-" "Mozilla/4.0 (compatible; MSIE 7.0; Windows NT 5.2; .NET CLR 1.1.4322; .NET4.0C; .NET4.0E)"
212.87.44.90 - - [15/Dec/2010:12:53:07 +0100] "GET /Bilder/referenzen/referenzen_07.gif HTTP/1.0" 200 6421 "http://www.personal-dienstleistung.de/" "-"
212.87.44.90 - - [15/Dec/2010:12:53:07 +0100] "GET /Bilder/referenzen/referenzen_03.gif HTTP/1.0" 200 3633 "http://www.personal-dienstleistung.de/" "-"
212.87.44.90 - - [15/Dec/2010:12:53:07 +0100] "GET /Bilder/referenzen/referenzen_11.gif HTTP/1.0" 200 5274 "http://www.personal-dienstleistung.de/" "-"
208.115.111.243 - - [15/Dec/2010:13:19:45 +0100] "GET /robots.txt HTTP/1.1" 404 1256 "-" "Mozilla/5.0 (compatible; DotBot/1.1; http://www.dotnetdotcom.org/, crawler@dotnetdotcom.org)"
217.173.199.139 - - [15/Dec/2010:13:22:11 +0100] "GET / HTTP/1.1" 302 - "http://www.wlw.de/sse/MainServlet?anzeige=vollanzeige&land=DE&sprache=de&firmaid=980111&klobjid=94878&ccode=1725808852130&kostenlos=true&suchbegriff=personal-vermittlung" "Mozilla/4.0 (compatible; MSIE 7.0; Windows NT 6.0; GTB6.6; SLCC1; .NET CLR 2.0.50727; Media Center PC 5.0; .NET CLR 3.5.30729; .NET CLR 3.0.30618; .NET4.0C)"
217.173.199.139 - - [15/Dec/2010:13:22:11 +0100] "GET /favicon.ico HTTP/1.1" 404 1256 "-" "Mozilla/4.0 (compatible; MSIE 7.0; Windows NT 6.0; GTB6.6; SLCC1; .NET CLR 2.0.50727; Media Center PC 5.0; .NET CLR 3.5.30729; .NET CLR 3.0.30618; .NET4.0C)"
67.195.115.167 - - [15/Dec/2010:13:29:41 +0100] "GET /kompetenz/service.html HTTP/1.0" 200 4628 "-" "Mozilla/5.0 (compatible; Yahoo! Slurp; http://help.yahoo.com/help/us/ysearch/slurp)"
77.7.140.45 - - [15/Dec/2010:13:32:14 +0100] "GET / HTTP/1.1" 302 - "http://www.google.de/search?sourceid=navclient&aq=0&oq=www.personal-d&hl=de&ie=UTF-8&rlz=1T4SVEC_de___DE395&q=www.personal-dienstleistung.de" "Mozilla/4.0 (compatible; MSIE 8.0; Windows NT 6.1; WOW64; Trident/4.0; GTB6.6; SLCC2; .NET CLR 2.0.50727; .NET CLR 3.5.30729; .NET CLR 3.0.30729; Media Center PC 6.0; .NET4.0C)"
77.7.140.45 - - [15/Dec/2010:13:34:55 +0100] "GET / HTTP/1.1" 302 - "-" "Mozilla/4.0 (compatible; MSIE 8.0; Windows NT 6.1; WOW64; Trident/4.0; GTB6.6; SLCC2; .NET CLR 2.0.50727; .NET CLR 3.5.30729; .NET CLR 3.0.30729; Media Center PC 6.0; .NET4.0C)"
77.7.140.45 - - [15/Dec/2010:13:35:00 +0100] "GET / HTTP/1.1" 302 - "-" "Mozilla/4.0 (compatible; MSIE 8.0; Windows NT 6.1; WOW64; Trident/4.0; GTB6.6; SLCC2; .NET CLR 2.0.50727; .NET CLR 3.5.30729; .NET CLR 3.0.30729; Media Center PC 6.0; .NET4.0C)"
77.7.140.45 - - [15/Dec/2010:13:35:11 +0100] "GET / HTTP/1.1" 302 - "-" "Mozilla/4.0 (compatible; MSIE 8.0; Windows NT 6.1; WOW64; Trident/4.0; GTB6.6; SLCC2; .NET CLR 2.0.50727; .NET CLR 3.5.30729; .NET CLR 3.0.30729; Media Center PC 6.0; .NET4.0C)"
77.7.140.45 - - [15/Dec/2010:13:35:10 +0100] "GET / HTTP/1.1" 302 - "-" "Mozilla/4.0 (compatible; MSIE 8.0; Windows NT 6.1; WOW64; Trident/4.0; GTB6.6; SLCC2; .NET CLR 2.0.50727; .NET CLR 3.5.30729; .NET CLR 3.0.30729; Media Center PC 6.0; .NET4.0C)"
77.7.140.45 - - [15/Dec/2010:13:35:18 +0100] "GET / HTTP/1.1" 302 - "-" "Mozilla/4.0 (compatible; MSIE 8.0; Windows NT 6.1; WOW64; Trident/4.0; GTB6.6; SLCC2; .NET CLR 2.0.50727; .NET CLR 3.5.30729; .NET CLR 3.0.30729; Media Center PC 6.0; .NET4.0C)"
208.115.111.243 - - [15/Dec/2010:14:06:16 +0100] "GET /Anfahrt/anfahrtHannover2.html HTTP/1.1" 200 14481 "-" "Mozilla/5.0 (compatible; DotBot/1.1; http://www.dotnetdotcom.org/, crawler@dotnetdotcom.org)"
208.115.111.243 - - [15/Dec/2010:14:06:20 +0100] "GET /Anfahrt/anfahrtpolen2.html HTTP/1.1" 200 14479 "-" "Mozilla/5.0 (compatible; DotBot/1.1; http://www.dotnetdotcom.org/, crawler@dotnetdotcom.org)"
208.115.111.243 - - [15/Dec/2010:14:06:24 +0100] "GET /Anfahrt/anfahrtwaren2.html HTTP/1.1" 200 14370 "-" "Mozilla/5.0 (compatible; DotBot/1.1; http://www.dotnetdotcom.org/, crawler@dotnetdotcom.org)"
208.115.111.243 - - [15/Dec/2010:14:06:28 +0100] "GET /kompetenz/Hotelservicedienstl.html HTTP/1.1" 200 5322 "-" "Mozilla/5.0 (compatible; DotBot/1.1; http://www.dotnetdotcom.org/, crawler@dotnetdotcom.org)"
208.115.111.243 - - [15/Dec/2010:14:06:33 +0100] "GET /kompetenz/getraenkelog.html HTTP/1.1" 200 5224 "-" "Mozilla/5.0 (compatible; DotBot/1.1; http://www.dotnetdotcom.org/, crawler@dotnetdotcom.org)"
208.115.111.243 - - [15/Dec/2010:14:06:38 +0100] "GET /kompetenz/konfektionierung.html HTTP/1.1" 200 6064 "-" "Mozilla/5.0 (compatible; DotBot/1.1; http://www.dotnetdotcom.org/, crawler@dotnetdotcom.org)"
208.115.111.243 - - [15/Dec/2010:14:06:43 +0100] "GET /kompetenz/personalberatung.html HTTP/1.1" 200 5520 "-" "Mozilla/5.0 (compatible; DotBot/1.1; http://www.dotnetdotcom.org/, crawler@dotnetdotcom.org)"
208.115.111.243 - - [15/Dec/2010:14:06:49 +0100] "GET /kompetenz/personalleasing.html HTTP/1.1" 200 5302 "-" "Mozilla/5.0 (compatible; DotBot/1.1; http://www.dotnetdotcom.org/, crawler@dotnetdotcom.org)"
208.115.111.243 - - [15/Dec/2010:14:06:54 +0100] "GET /kompetenz/service.html HTTP/1.1" 200 4628 "-" "Mozilla/5.0 (compatible; DotBot/1.1; http://www.dotnetdotcom.org/, crawler@dotnetdotcom.org)"
208.115.111.243 - - [15/Dec/2010:14:06:59 +0100] "GET /kompetenz/werksvertraege.html HTTP/1.1" 200 6093 "-" "Mozilla/5.0 (compatible; DotBot/1.1; http://www.dotnetdotcom.org/, crawler@dotnetdotcom.org)"
65.52.109.61 - - [15/Dec/2010:15:34:53 +0100] "GET /robots.txt HTTP/1.1" 404 1256 "-" "Mozilla/5.0 (compatible; bingbot/2.0; +http://www.bing.com/bingbot.htm)"
65.52.109.61 - - [15/Dec/2010:15:48:08 +0100] "GET /kontaKTalllay.html HTTP/1.1" 304 - "-" "Mozilla/5.0 (compatible; bingbot/2.0; +http://www.bing.com/bingbot.htm)"
84.139.168.133 - - [15/Dec/2010:16:23:20 +0100] "GET / HTTP/1.1" 302 - "http://jobboerse.arbeitsagentur.de/vamJB/stellenangeboteFinden.html?execution=e1s6&_eventId_detailView&benc=UrWRT2XjmB8FK2DJvd%2FleUEtlgx4YD%2B7hv2Zc7QICj5gOYKRp0goGA%3D%3D&benc=i4fJCrL%2F8f1klIhRvR0aFqrijKGga%2BY%2BtZ%2B9LkSevtOz8MGqsa8VUhtGYWd9pgZr27gXffOrRFY%3D&benc=%2F18Stz4wIkm77apKEyx08I6nev5pUTn2dcYodJP3ueUF0Z3NKuuE8A%3D%3D" "Mozilla/5.0 (Windows; U; Windows NT 6.0; de; rv:1.9.2.13) Gecko/20101203 Firefox/3.6.13 GTB7.1 ( .NET CLR 3.5.30729; .NET4.0C)"
67.195.115.167 - - [15/Dec/2010:16:56:22 +0100] "GET /robots.txt HTTP/1.0" 404 1256 "-" "Mozilla/5.0 (compatible; Yahoo! Slurp; http://help.yahoo.com/help/us/ysearch/slurp)"
67.195.115.167 - - [15/Dec/2010:16:56:23 +0100] "GET /Bilder/Thumbs.db HTTP/1.0" 200 255488 "-" "Mozilla/5.0 (compatible; Yahoo! Slurp; http://help.yahoo.com/help/us/ysearch/slurp)"
65.52.51.178 - - [15/Dec/2010:17:04:01 +0100] "GET /robots.txt HTTP/1.1" 404 1256 "-" "Mozilla/5.0 (compatible; bingbot/2.0; +http://www.bing.com/bingbot.htm)"
208.115.111.243 - - [15/Dec/2010:17:15:20 +0100] "GET /robots.txt HTTP/1.1" 404 1256 "-" "Mozilla/5.0 (compatible; DotBot/1.1; http://www.dotnetdotcom.org/, crawler@dotnetdotcom.org)"
208.115.111.243 - - [15/Dec/2010:18:00:29 +0100] "GET /kontakt/kontakt%20berlin.html HTTP/1.1" 200 15986 "-" "Mozilla/5.0 (compatible; DotBot/1.1; http://www.dotnetdotcom.org/, crawler@dotnetdotcom.org)"
208.115.111.243 - - [15/Dec/2010:18:00:34 +0100] "GET /kontakt/kontakt%20hannover.html HTTP/1.1" 200 8512 "-" "Mozilla/5.0 (compatible; DotBot/1.1; http://www.dotnetdotcom.org/, crawler@dotnetdotcom.org)"
208.115.111.243 - - [15/Dec/2010:18:00:39 +0100] "GET /kontakt/kontakt%20polen.html HTTP/1.1" 200 10393 "-" "Mozilla/5.0 (compatible; DotBot/1.1; http://www.dotnetdotcom.org/, crawler@dotnetdotcom.org)"
208.115.111.243 - - [15/Dec/2010:18:00:57 +0100] "GET /kontakt/kontakt%20waren.html HTTP/1.1" 200 8546 "-" "Mozilla/5.0 (compatible; DotBot/1.1; http://www.dotnetdotcom.org/, crawler@dotnetdotcom.org)"
208.115.111.243 - - [15/Dec/2010:18:01:02 +0100] "GET /news/oeffentlichkeitsarbeit.html HTTP/1.1" 404 1256 "-" "Mozilla/5.0 (compatible; DotBot/1.1; http://www.dotnetdotcom.org/, crawler@dotnetdotcom.org)"
208.115.111.243 - - [15/Dec/2010:18:01:08 +0100] "GET /news/presse.html HTTP/1.1" 404 1256 "-" "Mozilla/5.0 (compatible; DotBot/1.1; http://www.dotnetdotcom.org/, crawler@dotnetdotcom.org)"
208.115.111.243 - - [15/Dec/2010:18:01:13 +0100] "GET /news/sponsoring.html HTTP/1.1" 404 1256 "-" "Mozilla/5.0 (compatible; DotBot/1.1; http://www.dotnetdotcom.org/, crawler@dotnetdotcom.org)"
213.123.225.131 - - [15/Dec/2010:18:11:16 +0100] "GET / HTTP/1.1" 302 - "http://www.agentur-zeitarbeit.de/component/option,com_afz_category/id,96/subcat,142/" "Mozilla/5.0 (Windows; U; Windows NT 6.0; en-US) AppleWebKit/534.10 (KHTML, like Gecko) Chrome/8.0.552.224 Safari/534.10"
213.123.225.131 - - [15/Dec/2010:18:21:13 +0100] "GET / HTTP/1.1" 302 - "http://www.agentur-zeitarbeit.de/component/option,com_afz_category/id,96/subcat,142/" "Mozilla/5.0 (Windows; U; Windows NT 6.0; en-US) AppleWebKit/534.10 (KHTML, like Gecko) Chrome/8.0.552.224 Safari/534.10"
88.131.106.6 - - [15/Dec/2010:20:34:19 +0100] "GET /robots.txt HTTP/1.0" 404 1256 "-" "Mozilla/5.0 (Windows; U; Windows NT 5.1; en-US) Speedy Spider (http://www.entireweb.com/about/search_tech/speedy_spider/)"
88.131.106.4 - - [15/Dec/2010:20:34:19 +0100] "GET /NewsAll.html HTTP/1.0" 200 9246 "-" "Mozilla/5.0 (Windows; U; Windows NT 5.1; en-US) Speedy Spider (http://www.entireweb.com/about/search_tech/speedy_spider/)"
89.247.60.13 - - [15/Dec/2010:20:34:23 +0100] "GET / HTTP/1.1" 302 - "-" "Mozilla/4.0 (compatible; MSIE 8.0; Windows NT 6.1; WOW64; Trident/4.0; SLCC2; .NET CLR 2.0.50727; .NET CLR 3.5.30729; .NET CLR 3.0.30729; Media Center PC 6.0; .NET4.0C)"
65.52.49.140 - - [15/Dec/2010:20:40:41 +0100] "GET /robots.txt HTTP/1.1" 404 1256 "-" "Mozilla/5.0 (compatible; bingbot/2.0; +http://www.bing.com/bingbot.htm)"
208.115.111.243 - - [15/Dec/2010:21:06:52 +0100] "GET /robots.txt HTTP/1.1" 404 1256 "-" "Mozilla/5.0 (compatible; DotBot/1.1; http://www.dotnetdotcom.org/, crawler@dotnetdotcom.org)"
208.115.111.243 - - [15/Dec/2010:21:46:10 +0100] "GET /Anfahrt/anfahrtHannover.html HTTP/1.1" 200 3172 "-" "Mozilla/5.0 (compatible; DotBot/1.1; http://www.dotnetdotcom.org/, crawler@dotnetdotcom.org)"
208.115.111.243 - - [15/Dec/2010:21:46:14 +0100] "GET /Anfahrt/anfahrtberlin.html HTTP/1.1" 200 3572 "-" "Mozilla/5.0 (compatible; DotBot/1.1; http://www.dotnetdotcom.org/, crawler@dotnetdotcom.org)"
208.115.111.243 - - [15/Dec/2010:21:46:19 +0100] "GET /Anfahrt/anfahrtpolen.html HTTP/1.1" 200 3753 "-" "Mozilla/5.0 (compatible; DotBot/1.1; http://www.dotnetdotcom.org/, crawler@dotnetdotcom.org)"
208.115.111.243 - - [15/Dec/2010:21:46:24 +0100] "GET /Anfahrt/anfahrtwaren.html HTTP/1.1" 200 3404 "-" "Mozilla/5.0 (compatible; DotBot/1.1; http://www.dotnetdotcom.org/, crawler@dotnetdotcom.org)"
208.115.111.243 - - [15/Dec/2010:21:46:29 +0100] "GET /AnfrageAll.html HTTP/1.1" 200 8274 "-" "Mozilla/5.0 (compatible; DotBot/1.1; http://www.dotnetdotcom.org/, crawler@dotnetdotcom.org)"
208.115.111.243 - - [15/Dec/2010:21:46:34 +0100] "GET /impressum.html HTTP/1.1" 200 8245 "-" "Mozilla/5.0 (compatible; DotBot/1.1; http://www.dotnetdotcom.org/, crawler@dotnetdotcom.org)"
208.115.111.243 - - [15/Dec/2010:21:46:39 +0100] "GET /index.html HTTP/1.1" 404 1256 "-" "Mozilla/5.0 (compatible; DotBot/1.1; http://www.dotnetdotcom.org/, crawler@dotnetdotcom.org)"
208.115.111.243 - - [15/Dec/2010:21:46:44 +0100] "GET /refall.html HTTP/1.1" 200 10444 "-" "Mozilla/5.0 (compatible; DotBot/1.1; http://www.dotnetdotcom.org/, crawler@dotnetdotcom.org)"
208.115.111.243 - - [15/Dec/2010:21:46:50 +0100] "GET /referenzen.html HTTP/1.1" 200 6836 "-" "Mozilla/5.0 (compatible; DotBot/1.1; http://www.dotnetdotcom.org/, crawler@dotnetdotcom.org)"
66.249.66.77 - - [15/Dec/2010:22:18:51 +0100] "GET /robots.txt HTTP/1.1" 404 1256 "-" "Mozilla/5.0 (compatible; Googlebot/2.1; +http://www.google.com/bot.html)"
66.249.66.77 - - [15/Dec/2010:22:18:51 +0100] "GET /kontakt/kontakt%20berlin.html HTTP/1.1" 304 - "-" "Mozilla/5.0 (compatible; Googlebot/2.1; +http://www.google.com/bot.html)"
66.249.66.77 - - [15/Dec/2010:22:41:12 +0100] "GET /kontakt/mitarbeiter/zietal.jpg HTTP/1.1" 200 13399 "-" "Mozilla/5.0 (compatible; Googlebot/2.1; +http://www.google.com/bot.html)"
66.249.66.77 - - [15/Dec/2010:22:41:13 +0100] "GET /kontakt/Bilder/Mitarbeiter%20Perso/FrauEngel.jpg HTTP/1.1" 200 14742 "-" "Mozilla/5.0 (compatible; Googlebot/2.1; +http://www.google.com/bot.html)"
66.249.67.25 - - [15/Dec/2010:22:41:13 +0100] "GET /kontakt/mitarbeiter/Ramona%20Greenhalgh.JPG HTTP/1.1" 200 23273 "-" "Mozilla/5.0 (compatible; Googlebot/2.1; +http://www.google.com/bot.html)"
66.249.67.25 - - [15/Dec/2010:22:41:14 +0100] "GET /kontakt/mitarbeiter/kretzschmar.jpg HTTP/1.1" 200 18462 "-" "Mozilla/5.0 (compatible; Googlebot/2.1; +http://www.google.com/bot.html)"
66.249.66.77 - - [15/Dec/2010:22:41:14 +0100] "GET /kontakt/mitarbeiter/Lietzenberger.jpg HTTP/1.1" 200 22418 "-" "Mozilla/5.0 (compatible; Googlebot/2.1; +http://www.google.com/bot.html)"
66.249.67.25 - - [15/Dec/2010:22:41:15 +0100] "GET /kontakt/Bilder/ziehnert.jpg HTTP/1.1" 200 34204 "-" "Mozilla/5.0 (compatible; Googlebot/2.1; +http://www.google.com/bot.html)"
66.249.66.77 - - [15/Dec/2010:22:41:16 +0100] "GET /kontakt/mitarbeiter/karp.jpg HTTP/1.1" 200 13372 "-" "Mozilla/5.0 (compatible; Googlebot/2.1; +http://www.google.com/bot.html)"
66.249.66.77 - - [15/Dec/2010:22:41:16 +0100] "GET /kontakt/mitarbeiter/wegner.jpg HTTP/1.1" 200 15316 "-" "Mozilla/5.0 (compatible; Googlebot/2.1; +http://www.google.com/bot.html)"
66.249.66.77 - - [15/Dec/2010:22:41:17 +0100] "GET /kontakt/mitarbeiter/Bredow.jpg HTTP/1.1" 200 13359 "-" "Mozilla/5.0 (compatible; Googlebot/2.1; +http://www.google.com/bot.html)"
66.249.66.77 - - [15/Dec/2010:22:41:18 +0100] "GET /kontakt/mitarbeiter/sucrow.jpg HTTP/1.1" 200 13378 "-" "Mozilla/5.0 (compatible; Googlebot/2.1; +http://www.google.com/bot.html)"
66.249.66.77 - - [15/Dec/2010:22:41:18 +0100] "GET /kontakt/Bilder/Mitarbeiter%20Perso/FrauStammbergerneu.jpg HTTP/1.1" 200 32601 "-" "Mozilla/5.0 (compatible; Googlebot/2.1; +http://www.google.com/bot.html)"
92.206.104.54 - - [15/Dec/2010:22:54:51 +0100] "GET /favicon.ico HTTP/1.1" 404 1256 "-" "Mozilla/4.0 (compatible; MSIE 7.0; Windows NT 6.1; WOW64; Trident/4.0; SLCC2; .NET CLR 2.0.50727; .NET CLR 3.5.30729; .NET CLR 3.0.30729; Media Center PC 6.0; InfoPath.2)"
207.46.199.182 - - [15/Dec/2010:23:24:50 +0100] "GET /robots.txt HTTP/1.1" 404 1256 "-" "Mozilla/5.0 (compatible; bingbot/2.0; +http://www.bing.com/bingbot.htm)"
67.16.94.2 - - [15/Dec/2010:23:38:10 +0100] "GET /robots.txt HTTP/1.0" 404 1256 "-" "Gigabot/3.0 (http://www.gigablast.com/spider.html)"
67.16.94.2 - - [15/Dec/2010:23:38:11 +0100] "GET / HTTP/1.0" 302 - "-" "Gigabot/3.0 (http://www.gigablast.com/spider.html)"
66.249.66.77 - - [16/Dec/2010:01:08:42 +0100] "GET /referenz/referenzenberl.html HTTP/1.1" 200 3591 "-" "Mozilla/5.0 (compatible; Googlebot/2.1; +http://www.google.com/bot.html)"
208.115.111.243 - - [16/Dec/2010:01:24:53 +0100] "GET / HTTP/1.1" 302 - "-" "Mozilla/5.0 (compatible; DotBot/1.1; http://www.dotnetdotcom.org/, crawler@dotnetdotcom.org)"
208.115.111.243 - - [16/Dec/2010:01:24:57 +0100] "GET /NewsAll.html HTTP/1.1" 200 9246 "-" "Mozilla/5.0 (compatible; DotBot/1.1; http://www.dotnetdotcom.org/, crawler@dotnetdotcom.org)"
208.115.111.243 - - [16/Dec/2010:01:25:02 +0100] "GET /anfahrtalllay.html HTTP/1.1" 200 10071 "-" "Mozilla/5.0 (compatible; DotBot/1.1; http://www.dotnetdotcom.org/, crawler@dotnetdotcom.org)"
208.115.111.243 - - [16/Dec/2010:01:25:07 +0100] "GET /kompetalllay.html HTTP/1.1" 200 11702 "-" "Mozilla/5.0 (compatible; DotBot/1.1; http://www.dotnetdotcom.org/, crawler@dotnetdotcom.org)"
208.115.111.243 - - [16/Dec/2010:01:25:13 +0100] "GET /kontaKTalllay.html HTTP/1.1" 200 10606 "-" "Mozilla/5.0 (compatible; DotBot/1.1; http://www.dotnetdotcom.org/, crawler@dotnetdotcom.org)"
208.115.111.243 - - [16/Dec/2010:01:25:17 +0100] "GET /linksAll.html HTTP/1.1" 200 8990 "-" "Mozilla/5.0 (compatible; DotBot/1.1; http://www.dotnetdotcom.org/, crawler@dotnetdotcom.org)"
95.108.158.134 - - [16/Dec/2010:03:21:30 +0100] "GET /robots.txt HTTP/1.1" 404 1256 "-" "Mozilla/5.0 (compatible; YandexBot/3.0; +http://yandex.com/bots)"
67.195.115.167 - - [16/Dec/2010:05:11:05 +0100] "GET /robots.txt HTTP/1.0" 404 1256 "-" "Mozilla/5.0 (compatible; Yahoo! Slurp; http://help.yahoo.com/help/us/ysearch/slurp)"
67.195.115.167 - - [16/Dec/2010:05:11:06 +0100] "GET /Erlaubnis.pdf HTTP/1.0" 200 118510 "-" "Mozilla/5.0 (compatible; Yahoo! Slurp; http://help.yahoo.com/help/us/ysearch/slurp)"
77.184.90.163 - - [16/Dec/2010:06:03:35 +0100] "GET /favicon.ico HTTP/1.1" 404 1256 "-" "Mozilla/5.0 (Windows; U; Windows NT 6.1; en-US) AppleWebKit/534.10 (KHTML, like Gecko) Chrome/8.0.552.215 Safari/534.10"
207.46.199.191 - - [16/Dec/2010:06:57:20 +0100] "GET /robots.txt HTTP/1.1" 404 1256 "-" "Mozilla/5.0 (compatible; bingbot/2.0; +http://www.bing.com/bingbot.htm)"
65.52.53.243 - - [16/Dec/2010:07:01:47 +0100] "GET /robots.txt HTTP/1.1" 404 1256 "-" "Mozilla/5.0 (compatible; bingbot/2.0; +http://www.bing.com/bingbot.htm)"
208.80.194.29 - - [16/Dec/2010:08:04:55 +0100] "GET / HTTP/1.0" 302 - "-" "Mozilla/4.0 (compatible; MSIE 7.0; Windows NT 5.1; SpamBlockerUtility 4.8.0; .NET CLR 2.0.50727; .NET CLR 3.0.04506.30)"
66.249.66.77 - - [16/Dec/2010:09:01:01 +0100] "GET /robots.txt HTTP/1.1" 404 1256 "-" "Mozilla/5.0 (compatible; Googlebot/2.1; +http://www.google.com/bot.html)"
66.249.66.77 - - [16/Dec/2010:09:01:01 +0100] "GET /Anfahrt/anfahrtwaren2.html HTTP/1.1" 304 - "-" "Mozilla/5.0 (compatible; Googlebot/2.1; +http://www.google.com/bot.html)"
79.194.130.119 - - [16/Dec/2010:09:08:54 +0100] "GET / HTTP/1.1" 302 - "http://www.rwi-mvost.de/index.php?option=com_sobi2&sobi2Task=sobi2Details&catid=4&sobi2Id=30&Itemid=70" "Mozilla/5.0 (Windows; U; Windows NT 5.1; de; rv:1.9.2.13) Gecko/20101203 Firefox/3.6.13 ( .NET CLR 3.5.30729)"
207.46.199.48 - - [16/Dec/2010:09:13:06 +0100] "GET /robots.txt HTTP/1.1" 404 1256 "-" "Mozilla/5.0 (compatible; bingbot/2.0; +http://www.bing.com/bingbot.htm)"
87.168.169.61 - - [16/Dec/2010:09:15:02 +0100] "GET / HTTP/1.1" 302 - "http://misterjob.de/ba_azgen/generator_v3.php?id=10000-1061316103-S&tpl=fulda" "Mozilla/5.0 (Windows; U; Windows NT 5.1; de; rv:1.9.2.13) Gecko/20101203 Firefox/3.6.13"
207.46.199.48 - - [16/Dec/2010:09:18:34 +0100] "GET /kompetalllay.html HTTP/1.1" 304 - "-" "Mozilla/5.0 (compatible; bingbot/2.0; +http://www.bing.com/bingbot.htm)"
207.46.199.44 - - [16/Dec/2010:09:28:05 +0100] "GET /NewsAll.html HTTP/1.1" 304 - "-" "Mozilla/5.0 (compatible; bingbot/2.0; +http://www.bing.com/bingbot.htm)"
95.108.158.134 - - [16/Dec/2010:10:22:40 +0100] "GET / HTTP/1.1" 302 - "-" "Mozilla/5.0 (compatible; YandexBot/3.0; +http://yandex.com/bots)"
83.30.17.49 - - [16/Dec/2010:10:28:49 +0100] "GET / HTTP/1.0" 302 - "-" "Mozilla/5.0 (Windows; U; Windows NT 5.1; pl; rv:1.9.1.16) Gecko/20101130 Firefox/3.5.16 GTB7.1 (.NET CLR 3.5.30729)"
67.195.115.167 - - [16/Dec/2010:10:46:35 +0100] "GET /robots.txt HTTP/1.0" 404 1256 "-" "Mozilla/5.0 (compatible; Yahoo! Slurp; http://help.yahoo.com/help/us/ysearch/slurp)"
67.195.115.167 - - [16/Dec/2010:10:46:35 +0100] "GET /referenzen.html HTTP/1.0" 200 6836 "-" "Mozilla/5.0 (compatible; Yahoo! Slurp; http://help.yahoo.com/help/us/ysearch/slurp)"
119.63.198.39 - - [16/Dec/2010:11:06:09 +0100] "GET /robots.txt HTTP/1.1" 404 1256 "-" "Baiduspider+(+http://www.baidu.com/search/spider.htm)"
207.46.199.44 - - [16/Dec/2010:11:41:27 +0100] "GET /robots.txt HTTP/1.1" 404 1256 "-" "Mozilla/5.0 (compatible; bingbot/2.0; +http://www.bing.com/bingbot.htm)"
207.46.199.44 - - [16/Dec/2010:11:43:35 +0100] "GET / HTTP/1.1" 302 - "-" "Mozilla/5.0 (compatible; bingbot/2.0; +http://www.bing.com/bingbot.htm)"
92.230.122.119 - - [16/Dec/2010:13:06:20 +0100] "GET / HTTP/1.1" 302 - "http://www.xn--kuk-objektservice-gebudemanagement-v4c.de/" "Mozilla/5.0 (Windows; U; Windows NT 5.1; de; rv:1.9.2.13) Gecko/20101203 Firefox/3.6.13 ( .NET CLR 3.5.30729; .NET4.0C)"
84.188.242.95 - - [16/Dec/2010:13:30:26 +0100] "GET / HTTP/1.1" 302 - "http://www.agentur-zeitarbeit.de/component/option,com_afz_category/id,96/subcat,142/" "Mozilla/5.0 (Windows NT 5.1; rv:2.0b7) Gecko/20100101 Firefox/4.0b7"
66.235.124.12 - - [16/Dec/2010:15:22:11 +0100] "GET /robots.txt HTTP/1.1" 404 1256 "-" "Mozilla/5.0 (compatible; Ask Jeeves/Teoma; +http://about.ask.com/en/docs/about/webmasters.shtml)"
66.235.124.12 - - [16/Dec/2010:15:22:11 +0100] "GET / HTTP/1.1" 302 - "-" "Mozilla/5.0 (compatible; Ask Jeeves/Teoma; +http://about.ask.com/en/docs/about/webmasters.shtml)"
207.46.13.86 - - [16/Dec/2010:16:09:37 +0100] "GET /robots.txt HTTP/1.1" 404 1256 "-" "Mozilla/5.0 (compatible; bingbot/2.0; +http://www.bing.com/bingbot.htm)"
207.46.13.86 - - [16/Dec/2010:16:12:34 +0100] "GET /impressum.html HTTP/1.1" 304 - "-" "Mozilla/5.0 (compatible; bingbot/2.0; +http://www.bing.com/bingbot.htm)"
207.46.199.185 - - [16/Dec/2010:16:52:06 +0100] "GET /robots.txt HTTP/1.1" 404 1256 "-" "Mozilla/5.0 (compatible; bingbot/2.0; +http://www.bing.com/bingbot.htm)"
92.225.87.108 - - [16/Dec/2010:17:22:13 +0100] "GET / HTTP/1.1" 302 - "http://www.jobpoint-berlin.de/jobboerse/details.php?kennziffer=91500" "Mozilla/5.0 (Windows; U; Windows NT 5.1; en-US) AppleWebKit/533.4 (KHTML, like Gecko) Chrome/5.0.375.99 Safari/533.4"
80.226.21.248 - - [16/Dec/2010:17:25:20 +0100] "GET /kontakt/kontakt%20waren.html HTTP/1.1" 200 8546 "http://www.google.de/url?sa=t&source=web&cd=7&ved=0CEUQFjAG&url=http%3A%2F%2Fwww.personal-dienstleistung.de%2Fkontakt%2Fkontakt%2520waren.html&rct=j&q=K%20K%20Personalvermittlung%20waren%20M%C3%BCritz&ei=YT0KTajvCsbG4gagneyQAQ&usg=AFQjCNHO3VGRBOfc-9f2hBrwPlVkW1jB4g" "Mozilla/5.0 (Windows; U; Windows NT 6.1; en-US) AppleWebKit/534.10 (KHTML, like Gecko) Chrome/8.0.552.224 Safari/534.10"
80.226.21.248 - - [16/Dec/2010:17:25:20 +0100] "GET /kontakt/Bilder/Mitarbeiter%20Perso/FrauMuhsalneu.jpg HTTP/1.1" 200 31185 "http://www.personal-dienstleistung.de/kontakt/kontakt%20waren.html" "Mozilla/5.0 (Windows; U; Windows NT 6.1; en-US) AppleWebKit/534.10 (KHTML, like Gecko) Chrome/8.0.552.224 Safari/534.10"
80.226.21.248 - - [16/Dec/2010:17:25:20 +0100] "GET /kontakt/Bilder/Mitarbeiter%20Perso/FrauBroecker.jpg HTTP/1.1" 200 42993 "http://www.personal-dienstleistung.de/kontakt/kontakt%20waren.html" "Mozilla/5.0 (Windows; U; Windows NT 6.1; en-US) AppleWebKit/534.10 (KHTML, like Gecko) Chrome/8.0.552.224 Safari/534.10"
80.226.21.248 - - [16/Dec/2010:17:25:21 +0100] "GET /kontakt/Bilder/Nancy_Schmidtke.jpg HTTP/1.1" 200 20589 "http://www.personal-dienstleistung.de/kontakt/kontakt%20waren.html" "Mozilla/5.0 (Windows; U; Windows NT 6.1; en-US) AppleWebKit/534.10 (KHTML, like Gecko) Chrome/8.0.552.224 Safari/534.10"
80.226.21.248 - - [16/Dec/2010:17:25:21 +0100] "GET /kontakt/Bilder/Mitarbeiter%20Perso/no.jpg HTTP/1.1" 200 7381 "http://www.personal-dienstleistung.de/kontakt/kontakt%20waren.html" "Mozilla/5.0 (Windows; U; Windows NT 6.1; en-US) AppleWebKit/534.10 (KHTML, like Gecko) Chrome/8.0.552.224 Safari/534.10"
80.226.21.248 - - [16/Dec/2010:17:25:21 +0100] "GET /favicon.ico HTTP/1.1" 404 1256 "-" "Mozilla/5.0 (Windows; U; Windows NT 6.1; en-US) AppleWebKit/534.10 (KHTML, like Gecko) Chrome/8.0.552.224 Safari/534.10"
80.226.21.248 - - [16/Dec/2010:17:26:57 +0100] "GET / HTTP/1.1" 302 - "http://www.stadtbranchenbuch.com/waren-mueritz/1410/ms___5422025.html" "Mozilla/5.0 (Windows; U; Windows NT 6.1; en-US) AppleWebKit/534.10 (KHTML, like Gecko) Chrome/8.0.552.224 Safari/534.10"
89.198.67.53 - - [16/Dec/2010:17:55:35 +0100] "GET / HTTP/1.1" 302 - "http://www.google.de/search?q=personal-dienstleistung.de&ie=utf-8&oe=utf-8&aq=t&rls=org.mozilla:de:official&client=firefox-a" "Mozilla/5.0 (Windows; U; Windows NT 6.1; de; rv:1.9.2.13) Gecko/20101203 Firefox/3.6.13"
89.198.67.53 - - [16/Dec/2010:17:55:59 +0100] "GET / HTTP/1.1" 302 - "http://www.google.de/search?q=personal-dienstleistung.de&ie=utf-8&oe=utf-8&aq=t&rls=org.mozilla:de:official&client=firefox-a" "Mozilla/5.0 (Windows; U; Windows NT 6.1; de; rv:1.9.2.13) Gecko/20101203 Firefox/3.6.13"
95.88.88.216 - - [16/Dec/2010:18:00:54 +0100] "GET / HTTP/1.1" 302 - "http://mv-stellenboerse.de/zeit2.html" "Mozilla/4.0 (compatible; MSIE 8.0; Windows NT 6.1; Win64; x64; Trident/4.0; GTB6.6; .NET CLR 2.0.50727; SLCC2; .NET CLR 3.5.30729; .NET CLR 3.0.30729; Media Center PC 6.0; Tablet PC 2.0; .NET4.0C)"
95.88.88.216 - - [16/Dec/2010:18:14:57 +0100] "GET / HTTP/1.1" 302 - "http://www.xn--kuk-objektservice-gebudemanagement-v4c.de/kauf-immobilien.html" "Mozilla/4.0 (compatible; MSIE 8.0; Windows NT 6.1; Win64; x64; Trident/4.0; GTB6.6; .NET CLR 2.0.50727; SLCC2; .NET CLR 3.5.30729; .NET CLR 3.0.30729; Media Center PC 6.0; Tablet PC 2.0; .NET4.0C)"
84.188.43.225 - - [16/Dec/2010:18:21:30 +0100] "GET / HTTP/1.1" 302 - "-" "Mozilla/5.0 (Windows; U; Windows NT 5.1; de; rv:1.9.2.13) Gecko/20101203 Firefox/3.6.13 ( .NET CLR 3.5.30729)"
84.188.43.225 - - [16/Dec/2010:18:32:34 +0100] "GET / HTTP/1.1" 302 - "-" "Mozilla/5.0 (Windows; U; Windows NT 5.1; de; rv:1.9.2.13) Gecko/20101203 Firefox/3.6.13 ( .NET CLR 3.5.30729)"
95.88.88.216 - - [16/Dec/2010:18:56:07 +0100] "GET / HTTP/1.1" 302 - "http://www.xn--kuk-objektservice-gebudemanagement-v4c.de/" "Mozilla/4.0 (compatible; MSIE 8.0; Windows NT 6.1; Win64; x64; Trident/4.0; GTB6.6; .NET CLR 2.0.50727; SLCC2; .NET CLR 3.5.30729; .NET CLR 3.0.30729; Media Center PC 6.0; Tablet PC 2.0; .NET4.0C)"
89.166.204.167 - - [16/Dec/2010:19:21:25 +0100] "GET /kontakt/Bilder/Mitarbeiter%20Perso/FrauBroecker.jpg HTTP/1.1" 200 42993 "http://www.123people.de/s/kerstin+br%C3%B6cker" "Mozilla/5.0 (Windows; U; Windows NT 6.1; de; rv:1.9.2.6) Gecko/20100625 AskTbCDS/3.8.1.11880 Firefox/3.6.6 FBSMTWB"
217.231.176.187 - - [16/Dec/2010:19:28:02 +0100] "GET / HTTP/1.1" 302 - "-" "Mozilla/4.0 (compatible; MSIE 8.0; Windows NT 5.1; Trident/4.0; .NET CLR 1.1.4322; .NET CLR 2.0.50727; .NET CLR 3.0.4506.2152; .NET CLR 3.5.30729)"
139.30.252.145 - - [16/Dec/2010:20:26:09 +0100] "GET / HTTP/1.0" 302 - "-" "Mozilla/4.0 (compatible; MSIE 7.0; Windows NT 5.1; GTB5; .NET CLR 1.1.4322; .NET CLR 2.0.50727; .NET CLR 3.0.4506.2152; .NET CLR 3.5.30729; AskTbNDV/5.9.1.14019)"
207.46.195.234 - - [16/Dec/2010:20:56:09 +0100] "GET /robots.txt HTTP/1.1" 404 1256 "-" "Mozilla/5.0 (compatible; bingbot/2.0; +http://www.bing.com/bingbot.htm)"
207.46.195.234 - - [16/Dec/2010:20:59:15 +0100] "GET /kompetenz/service.html HTTP/1.1" 304 - "-" "Mozilla/5.0 (compatible; bingbot/2.0; +http://www.bing.com/bingbot.htm)"
77.185.212.14 - - [16/Dec/2010:22:56:51 +0100] "GET /kontakt/kontakt%20berlin.html HTTP/1.1" 200 15986 "http://www.google.de/search?as_q=ziehnert+doreen&hl=de&num=10&btnG=Google-Suche&as_epq=&as_oq=&as_eq=&lr=lang_de&cr=&as_ft=i&as_filetype=&as_qdr=all&as_occt=any&as_dt=i&as_sitesearch=&as_rights=&safe=images" "Mozilla/5.0 (Windows; U; Windows NT 5.1; de; rv:1.9.2.13) Gecko/20101203 Firefox/3.6.13 ( .NET CLR 3.5.30729)"
77.185.212.14 - - [16/Dec/2010:22:56:54 +0100] "GET /kontakt/Bilder/Mitarbeiter%20Perso/FrauMuhsalneu.jpg HTTP/1.1" 200 31185 "http://www.personal-dienstleistung.de/kontakt/kontakt%20berlin.html" "Mozilla/5.0 (Windows; U; Windows NT 5.1; de; rv:1.9.2.13) Gecko/20101203 Firefox/3.6.13 ( .NET CLR 3.5.30729)"
77.185.212.14 - - [16/Dec/2010:22:56:54 +0100] "GET /kontakt/Bilder/Mitarbeiter%20Perso/FrauStammbergerneu.jpg HTTP/1.1" 200 32601 "http://www.personal-dienstleistung.de/kontakt/kontakt%20berlin.html" "Mozilla/5.0 (Windows; U; Windows NT 5.1; de; rv:1.9.2.13) Gecko/20101203 Firefox/3.6.13 ( .NET CLR 3.5.30729)"
77.185.212.14 - - [16/Dec/2010:22:56:54 +0100] "GET /kontakt/Bilder/ziehnert.jpg HTTP/1.1" 200 34204 "http://www.personal-dienstleistung.de/kontakt/kontakt%20berlin.html" "Mozilla/5.0 (Windows; U; Windows NT 5.1; de; rv:1.9.2.13) Gecko/20101203 Firefox/3.6.13 ( .NET CLR 3.5.30729)"
77.185.212.14 - - [16/Dec/2010:22:56:54 +0100] "GET /kontakt/mitarbeiter/sucrow.jpg HTTP/1.1" 200 13378 "http://www.personal-dienstleistung.de/kontakt/kontakt%20berlin.html" "Mozilla/5.0 (Windows; U; Windows NT 5.1; de; rv:1.9.2.13) Gecko/20101203 Firefox/3.6.13 ( .NET CLR 3.5.30729)"
77.185.212.14 - - [16/Dec/2010:22:56:55 +0100] "GET /kontakt/mitarbeiter/Bredow.jpg HTTP/1.1" 200 13359 "http://www.personal-dienstleistung.de/kontakt/kontakt%20berlin.html" "Mozilla/5.0 (Windows; U; Windows NT 5.1; de; rv:1.9.2.13) Gecko/20101203 Firefox/3.6.13 ( .NET CLR 3.5.30729)"
77.185.212.14 - - [16/Dec/2010:22:56:55 +0100] "GET /kontakt/mitarbeiter/Lietzenberger.jpg HTTP/1.1" 200 22418 "http://www.personal-dienstleistung.de/kontakt/kontakt%20berlin.html" "Mozilla/5.0 (Windows; U; Windows NT 5.1; de; rv:1.9.2.13) Gecko/20101203 Firefox/3.6.13 ( .NET CLR 3.5.30729)"
77.185.212.14 - - [16/Dec/2010:22:56:55 +0100] "GET /kontakt/Bilder/Mitarbeiter%20Perso/FrauEngel.jpg HTTP/1.1" 200 14742 "http://www.personal-dienstleistung.de/kontakt/kontakt%20berlin.html" "Mozilla/5.0 (Windows; U; Windows NT 5.1; de; rv:1.9.2.13) Gecko/20101203 Firefox/3.6.13 ( .NET CLR 3.5.30729)"
77.185.212.14 - - [16/Dec/2010:22:56:57 +0100] "GET /kontakt/mitarbeiter/wegner.jpg HTTP/1.1" 200 15316 "http://www.personal-dienstleistung.de/kontakt/kontakt%20berlin.html" "Mozilla/5.0 (Windows; U; Windows NT 5.1; de; rv:1.9.2.13) Gecko/20101203 Firefox/3.6.13 ( .NET CLR 3.5.30729)"
77.185.212.14 - - [16/Dec/2010:22:56:57 +0100] "GET /kontakt/mitarbeiter/zietal.jpg HTTP/1.1" 200 13399 "http://www.personal-dienstleistung.de/kontakt/kontakt%20berlin.html" "Mozilla/5.0 (Windows; U; Windows NT 5.1; de; rv:1.9.2.13) Gecko/20101203 Firefox/3.6.13 ( .NET CLR 3.5.30729)"
77.185.212.14 - - [16/Dec/2010:22:56:57 +0100] "GET /kontakt/mitarbeiter/Ramona%20Greenhalgh.JPG HTTP/1.1" 200 23273 "http://www.personal-dienstleistung.de/kontakt/kontakt%20berlin.html" "Mozilla/5.0 (Windows; U; Windows NT 5.1; de; rv:1.9.2.13) Gecko/20101203 Firefox/3.6.13 ( .NET CLR 3.5.30729)"
77.185.212.14 - - [16/Dec/2010:22:56:57 +0100] "GET /kontakt/mitarbeiter/kretzschmar.jpg HTTP/1.1" 200 18462 "http://www.personal-dienstleistung.de/kontakt/kontakt%20berlin.html" "Mozilla/5.0 (Windows; U; Windows NT 5.1; de; rv:1.9.2.13) Gecko/20101203 Firefox/3.6.13 ( .NET CLR 3.5.30729)"
77.185.212.14 - - [16/Dec/2010:22:56:57 +0100] "GET /kontakt/mitarbeiter/karp.jpg HTTP/1.1" 200 13372 "http://www.personal-dienstleistung.de/kontakt/kontakt%20berlin.html" "Mozilla/5.0 (Windows; U; Windows NT 5.1; de; rv:1.9.2.13) Gecko/20101203 Firefox/3.6.13 ( .NET CLR 3.5.30729)"
77.185.212.14 - - [16/Dec/2010:22:56:58 +0100] "GET /favicon.ico HTTP/1.1" 404 1256 "-" "Mozilla/5.0 (Windows; U; Windows NT 5.1; de; rv:1.9.2.13) Gecko/20101203 Firefox/3.6.13 ( .NET CLR 3.5.30729)"
77.185.212.14 - - [16/Dec/2010:22:57:01 +0100] "GET /favicon.ico HTTP/1.1" 404 1256 "-" "Mozilla/5.0 (Windows; U; Windows NT 5.1; de; rv:1.9.2.13) Gecko/20101203 Firefox/3.6.13 ( .NET CLR 3.5.30729)"
65.52.53.243 - - [16/Dec/2010:23:54:03 +0100] "GET /robots.txt HTTP/1.1" 404 1256 "-" "Mozilla/5.0 (compatible; bingbot/2.0; +http://www.bing.com/bingbot.htm)"
207.46.204.243 - - [17/Dec/2010:00:04:02 +0100] "GET /robots.txt HTTP/1.1" 404 1256 "-" "Mozilla/5.0 (compatible; bingbot/2.0; +http://www.bing.com/bingbot.htm)"
207.46.204.243 - - [17/Dec/2010:00:14:13 +0100] "GET /refall.html HTTP/1.1" 304 - "-" "Mozilla/5.0 (compatible; bingbot/2.0; +http://www.bing.com/bingbot.htm)"
67.195.115.167 - - [17/Dec/2010:00:18:26 +0100] "GET /robots.txt HTTP/1.0" 404 1256 "-" "Mozilla/5.0 (compatible; Yahoo! Slurp; http://help.yahoo.com/help/us/ysearch/slurp)"
67.195.115.167 - - [17/Dec/2010:00:18:26 +0100] "GET / HTTP/1.0" 302 - "-" "Mozilla/5.0 (compatible; Yahoo! Slurp; http://help.yahoo.com/help/us/ysearch/slurp)"
65.52.49.140 - - [17/Dec/2010:00:57:57 +0100] "GET /robots.txt HTTP/1.1" 404 1256 "-" "Mozilla/5.0 (compatible; bingbot/2.0; +http://www.bing.com/bingbot.htm)"
67.195.115.167 - - [17/Dec/2010:07:55:52 +0100] "GET /robots.txt HTTP/1.0" 404 1256 "-" "Mozilla/5.0 (compatible; Yahoo! Slurp; http://help.yahoo.com/help/us/ysearch/slurp)"
67.195.115.167 - - [17/Dec/2010:07:55:52 +0100] "GET /impressum.html HTTP/1.0" 200 8245 "-" "Mozilla/5.0 (compatible; Yahoo! Slurp; http://help.yahoo.com/help/us/ysearch/slurp)"
67.195.115.167 - - [17/Dec/2010:07:55:53 +0100] "GET /impressuminframe.html HTTP/1.0" 200 8032 "http://www.personal-dienstleistung.de/impressum.html" "Mozilla/5.0 (compatible; Yahoo! Slurp; http://help.yahoo.com/help/us/ysearch/slurp)"
85.25.71.15 - - [17/Dec/2010:08:06:56 +0100] "GET /robots.txt HTTP/1.1" 404 1256 "-" "Mozilla/5.0 (X11; U; Linux i686; de; rv:1.9.0.1; compatible; iCjobs Stellenangebote Jobs; http://www.icjobs.de) Gecko/20100401 iCjobs/3.2.3"
85.25.71.15 - - [17/Dec/2010:08:06:56 +0100] "GET / HTTP/1.1" 302 - "-" "Mozilla/5.0 (X11; U; Linux i686; de; rv:1.9.0.1; compatible; iCjobs Stellenangebote Jobs; http://www.icjobs.de) Gecko/20100401 iCjobs/3.2.3"
84.182.234.134 - - [17/Dec/2010:09:22:32 +0100] "GET /kontaKTalllay.html HTTP/1.1" 200 10606 "-" "Mozilla/5.0 (Windows; U; Windows NT 5.1; de; rv:1.9.2.13) Gecko/20101203 BTRS26718 Firefox/3.6.13 (.NET CLR 3.5.30729)"
84.182.234.134 - - [17/Dec/2010:09:22:32 +0100] "GET /images/hg1_02.gif HTTP/1.1" 200 32178 "http://www.personal-dienstleistung.de/kontaKTalllay.html" "Mozilla/5.0 (Windows; U; Windows NT 5.1; de; rv:1.9.2.13) Gecko/20101203 BTRS26718 Firefox/3.6.13 (.NET CLR 3.5.30729)"
84.182.234.134 - - [17/Dec/2010:09:22:32 +0100] "GET /images/hg1_04.gif HTTP/1.1" 200 6715 "http://www.personal-dienstleistung.de/kontaKTalllay.html" "Mozilla/5.0 (Windows; U; Windows NT 5.1; de; rv:1.9.2.13) Gecko/20101203 BTRS26718 Firefox/3.6.13 (.NET CLR 3.5.30729)"
84.182.234.134 - - [17/Dec/2010:09:22:32 +0100] "GET /images/hg1_13.gif HTTP/1.1" 200 3972 "http://www.personal-dienstleistung.de/kontaKTalllay.html" "Mozilla/5.0 (Windows; U; Windows NT 5.1; de; rv:1.9.2.13) Gecko/20101203 BTRS26718 Firefox/3.6.13 (.NET CLR 3.5.30729)"
84.182.234.134 - - [17/Dec/2010:09:22:32 +0100] "GET /images/hg1_14.gif HTTP/1.1" 200 10344 "http://www.personal-dienstleistung.de/kontaKTalllay.html" "Mozilla/5.0 (Windows; U; Windows NT 5.1; de; rv:1.9.2.13) Gecko/20101203 BTRS26718 Firefox/3.6.13 (.NET CLR 3.5.30729)"
84.182.234.134 - - [17/Dec/2010:09:22:32 +0100] "GET /CSScriptLib.js HTTP/1.1" 200 74417 "http://www.personal-dienstleistung.de/kontaKTalllay.html" "Mozilla/5.0 (Windows; U; Windows NT 5.1; de; rv:1.9.2.13) Gecko/20101203 BTRS26718 Firefox/3.6.13 (.NET CLR 3.5.30729)"
84.182.234.134 - - [17/Dec/2010:09:22:33 +0100] "GET /images/hg1_15.gif HTTP/1.1" 200 789 "http://www.personal-dienstleistung.de/kontaKTalllay.html" "Mozilla/5.0 (Windows; U; Windows NT 5.1; de; rv:1.9.2.13) Gecko/20101203 BTRS26718 Firefox/3.6.13 (.NET CLR 3.5.30729)"
84.182.234.134 - - [17/Dec/2010:09:22:33 +0100] "GET /images/hg1_16.gif HTTP/1.1" 200 1417 "http://www.personal-dienstleistung.de/kontaKTalllay.html" "Mozilla/5.0 (Windows; U; Windows NT 5.1; de; rv:1.9.2.13) Gecko/20101203 BTRS26718 Firefox/3.6.13 (.NET CLR 3.5.30729)"
84.182.234.134 - - [17/Dec/2010:09:22:33 +0100] "GET /images/hg1_17.gif HTTP/1.1" 200 1597 "http://www.personal-dienstleistung.de/kontaKTalllay.html" "Mozilla/5.0 (Windows; U; Windows NT 5.1; de; rv:1.9.2.13) Gecko/20101203 BTRS26718 Firefox/3.6.13 (.NET CLR 3.5.30729)"
84.182.234.134 - - [17/Dec/2010:09:22:33 +0100] "GET /images/hg1_18.gif HTTP/1.1" 200 1911 "http://www.personal-dienstleistung.de/kontaKTalllay.html" "Mozilla/5.0 (Windows; U; Windows NT 5.1; de; rv:1.9.2.13) Gecko/20101203 BTRS26718 Firefox/3.6.13 (.NET CLR 3.5.30729)"
84.182.234.134 - - [17/Dec/2010:09:22:32 +0100] "GET /images/hg1_01.gif HTTP/1.1" 200 54550 "http://www.personal-dienstleistung.de/kontaKTalllay.html" "Mozilla/5.0 (Windows; U; Windows NT 5.1; de; rv:1.9.2.13) Gecko/20101203 BTRS26718 Firefox/3.6.13 (.NET CLR 3.5.30729)"
84.182.234.134 - - [17/Dec/2010:09:22:33 +0100] "GET /images/hg1_19.gif HTTP/1.1" 200 1883 "http://www.personal-dienstleistung.de/kontaKTalllay.html" "Mozilla/5.0 (Windows; U; Windows NT 5.1; de; rv:1.9.2.13) Gecko/20101203 BTRS26718 Firefox/3.6.13 (.NET CLR 3.5.30729)"
84.182.234.134 - - [17/Dec/2010:09:22:33 +0100] "GET /images/hg1_20.gif HTTP/1.1" 200 1423 "http://www.personal-dienstleistung.de/kontaKTalllay.html" "Mozilla/5.0 (Windows; U; Windows NT 5.1; de; rv:1.9.2.13) Gecko/20101203 BTRS26718 Firefox/3.6.13 (.NET CLR 3.5.30729)"
84.182.234.134 - - [17/Dec/2010:09:22:33 +0100] "GET /images/hg1_21.gif HTTP/1.1" 200 3374 "http://www.personal-dienstleistung.de/kontaKTalllay.html" "Mozilla/5.0 (Windows; U; Windows NT 5.1; de; rv:1.9.2.13) Gecko/20101203 BTRS26718 Firefox/3.6.13 (.NET CLR 3.5.30729)"
84.182.234.134 - - [17/Dec/2010:09:22:33 +0100] "GET /images/hg1_22.gif HTTP/1.1" 200 4975 "http://www.personal-dienstleistung.de/kontaKTalllay.html" "Mozilla/5.0 (Windows; U; Windows NT 5.1; de; rv:1.9.2.13) Gecko/20101203 BTRS26718 Firefox/3.6.13 (.NET CLR 3.5.30729)"
84.182.234.134 - - [17/Dec/2010:09:22:33 +0100] "GET /images/hg1_23.gif HTTP/1.1" 200 5581 "http://www.personal-dienstleistung.de/kontaKTalllay.html" "Mozilla/5.0 (Windows; U; Windows NT 5.1; de; rv:1.9.2.13) Gecko/20101203 BTRS26718 Firefox/3.6.13 (.NET CLR 3.5.30729)"
84.182.234.134 - - [17/Dec/2010:09:22:33 +0100] "GET /images/hg1_06.gif HTTP/1.1" 200 5512 "http://www.personal-dienstleistung.de/kontaKTalllay.html" "Mozilla/5.0 (Windows; U; Windows NT 5.1; de; rv:1.9.2.13) Gecko/20101203 BTRS26718 Firefox/3.6.13 (.NET CLR 3.5.30729)"
84.182.234.134 - - [17/Dec/2010:09:22:33 +0100] "GET /images/hg1_07.gif HTTP/1.1" 200 5126 "http://www.personal-dienstleistung.de/kontaKTalllay.html" "Mozilla/5.0 (Windows; U; Windows NT 5.1; de; rv:1.9.2.13) Gecko/20101203 BTRS26718 Firefox/3.6.13 (.NET CLR 3.5.30729)"
84.182.234.134 - - [17/Dec/2010:09:22:33 +0100] "GET /images/hg1_08.gif HTTP/1.1" 200 4931 "http://www.personal-dienstleistung.de/kontaKTalllay.html" "Mozilla/5.0 (Windows; U; Windows NT 5.1; de; rv:1.9.2.13) Gecko/20101203 BTRS26718 Firefox/3.6.13 (.NET CLR 3.5.30729)"
84.182.234.134 - - [17/Dec/2010:09:22:33 +0100] "GET /images/hg1_09.gif HTTP/1.1" 200 4780 "http://www.personal-dienstleistung.de/kontaKTalllay.html" "Mozilla/5.0 (Windows; U; Windows NT 5.1; de; rv:1.9.2.13) Gecko/20101203 BTRS26718 Firefox/3.6.13 (.NET CLR 3.5.30729)"
84.182.234.134 - - [17/Dec/2010:09:22:33 +0100] "GET /images/hg1_10.gif HTTP/1.1" 200 4586 "http://www.personal-dienstleistung.de/kontaKTalllay.html" "Mozilla/5.0 (Windows; U; Windows NT 5.1; de; rv:1.9.2.13) Gecko/20101203 BTRS26718 Firefox/3.6.13 (.NET CLR 3.5.30729)"
84.182.234.134 - - [17/Dec/2010:09:22:33 +0100] "GET /images/hg1_11.gif HTTP/1.1" 200 4699 "http://www.personal-dienstleistung.de/kontaKTalllay.html" "Mozilla/5.0 (Windows; U; Windows NT 5.1; de; rv:1.9.2.13) Gecko/20101203 BTRS26718 Firefox/3.6.13 (.NET CLR 3.5.30729)"
84.182.234.134 - - [17/Dec/2010:09:22:33 +0100] "GET /images/hg1_over_12.gif HTTP/1.1" 200 5834 "http://www.personal-dienstleistung.de/kontaKTalllay.html" "Mozilla/5.0 (Windows; U; Windows NT 5.1; de; rv:1.9.2.13) Gecko/20101203 BTRS26718 Firefox/3.6.13 (.NET CLR 3.5.30729)"
84.182.234.134 - - [17/Dec/2010:09:22:33 +0100] "GET /images/hg1_lkontakt_07.gif HTTP/1.1" 200 4813 "http://www.personal-dienstleistung.de/kontaKTalllay.html" "Mozilla/5.0 (Windows; U; Windows NT 5.1; de; rv:1.9.2.13) Gecko/20101203 BTRS26718 Firefox/3.6.13 (.NET CLR 3.5.30729)"
84.182.234.134 - - [17/Dec/2010:09:22:33 +0100] "GET /images/hg1_lkontakt_08.gif HTTP/1.1" 200 4243 "http://www.personal-dienstleistung.de/kontaKTalllay.html" "Mozilla/5.0 (Windows; U; Windows NT 5.1; de; rv:1.9.2.13) Gecko/20101203 BTRS26718 Firefox/3.6.13 (.NET CLR 3.5.30729)"
