85.25.120.252 - - [02/Sep/2010:16:15:35 +0200] "GET /content/assets/Stellenanzeigen/stellenausschreibungpflegehelfer082010.pdf HTTP/1.1" 200 23852 "-" "Mozilla/5.0 (X11; U; Linux i686; de; rv:1.9.0.1; compatible; iCjobs Stellenangebote Jobs; http://www.icjobs.de) Gecko/20100401 iCjobs/3.2.3"
85.25.120.252 - - [02/Sep/2010:16:15:54 +0200] "GET /content/kontakt-und-beratungsstelle/ HTTP/1.1" 200 17493 "-" "Mozilla/5.0 (X11; U; Linux i686; de; rv:1.9.0.1; compatible; iCjobs Stellenangebote Jobs; http://www.icjobs.de) Gecko/20100401 iCjobs/3.2.3"
85.25.120.252 - - [02/Sep/2010:16:15:55 +0200] "GET /content/beratungsstellen/ HTTP/1.1" 200 7938 "-" "Mozilla/5.0 (X11; U; Linux i686; de; rv:1.9.0.1; compatible; iCjobs Stellenangebote Jobs; http://www.icjobs.de) Gecko/20100401 iCjobs/3.2.3"
85.25.120.252 - - [02/Sep/2010:16:15:57 +0200] "GET /content/ueberregionale-fruehfoerder-und-beratungsstelle-hoeren/ HTTP/1.1" 200 11990 "-" "Mozilla/5.0 (X11; U; Linux i686; de; rv:1.9.0.1; compatible; iCjobs Stellenangebote Jobs; http://www.icjobs.de) Gecko/20100401 iCjobs/3.2.3"
85.25.120.252 - - [02/Sep/2010:16:15:58 +0200] "GET /content/fruehfoerder-und-beratungsstelle-barnim/ HTTP/1.1" 200 14535 "-" "Mozilla/5.0 (X11; U; Linux i686; de; rv:1.9.0.1; compatible; iCjobs Stellenangebote Jobs; http://www.icjobs.de) Gecko/20100401 iCjobs/3.2.3"
85.25.120.252 - - [02/Sep/2010:16:16:00 +0200] "GET /content/vorstand/ HTTP/1.1" 200 9356 "-" "Mozilla/5.0 (X11; U; Linux i686; de; rv:1.9.0.1; compatible; iCjobs Stellenangebote Jobs; http://www.icjobs.de) Gecko/20100401 iCjobs/3.2.3"
85.25.120.252 - - [02/Sep/2010:16:16:01 +0200] "GET /content/kooperationspartner/ HTTP/1.1" 200 7538 "-" "Mozilla/5.0 (X11; U; Linux i686; de; rv:1.9.0.1; compatible; iCjobs Stellenangebote Jobs; http://www.icjobs.de) Gecko/20100401 iCjobs/3.2.3"
85.25.120.252 - - [02/Sep/2010:16:16:03 +0200] "GET /content/jugendarbeit/ HTTP/1.1" 200 12211 "-" "Mozilla/5.0 (X11; U; Linux i686; de; rv:1.9.0.1; compatible; iCjobs Stellenangebote Jobs; http://www.icjobs.de) Gecko/20100401 iCjobs/3.2.3"
66.249.71.40 - - [02/Sep/2010:16:18:09 +0200] "GET /content/kalender/jax_calendar.php?Y=1567&m=6&d=29&cal_id=0&language=german&gmt_ofs=-1&view=d1 HTTP/1.1" 200 11703 "-" "Mozilla/5.0 (compatible; Googlebot/2.1; +http://www.google.com/bot.html)"
66.249.71.40 - - [02/Sep/2010:16:20:38 +0200] "GET /content/rappelkiste/ HTTP/1.1" 200 18477 "-" "Mozilla/5.0 (compatible; Googlebot/2.1; +http://www.google.com/bot.html)"
66.249.71.40 - - [02/Sep/2010:16:21:26 +0200] "GET /content/kalender/jax_calendar.php?Y=-9913&m=12&d=1&cal_id=0&language=english&gmt_ofs=0&view=d1 HTTP/1.1" 200 11765 "-" "Mozilla/5.0 (compatible; Googlebot/2.1; +http://www.google.com/bot.html)"
66.249.71.40 - - [02/Sep/2010:16:23:13 +0200] "GET /content/kalender/jax_calendar.php?Y=1580&m=8&d=29&cal_id=0&language=german&gmt_ofs=-1&view=d1 HTTP/1.1" 200 11705 "-" "Mozilla/5.0 (compatible; Googlebot/2.1; +http://www.google.com/bot.html)"
66.249.71.40 - - [02/Sep/2010:16:23:13 +0200] "GET /content/kalender/jax_calendar.php?Y=4257&m=1&d=30&view=d1 HTTP/1.1" 200 11806 "-" "Mozilla/5.0 (compatible; Googlebot/2.1; +http://www.google.com/bot.html)"
66.249.71.40 - - [02/Sep/2010:16:25:27 +0200] "GET /content/kalender/jax_calendar.php?Y=-10102&m=8&d=1&cal_id=0&language=english&gmt_ofs=0&view=d1 HTTP/1.1" 200 11799 "-" "Mozilla/5.0 (compatible; Googlebot/2.1; +http://www.google.com/bot.html)"
66.249.71.40 - - [02/Sep/2010:16:28:03 +0200] "GET /content/kalender/jax_calendar.php?Y=1582&m=6&d=26&view=d1 HTTP/1.1" 200 11803 "-" "Mozilla/5.0 (compatible; Googlebot/2.1; +http://www.google.com/bot.html)"
66.249.71.40 - - [02/Sep/2010:16:30:39 +0200] "GET /content/kalender/jax_calendar.php?Y=4244&m=7&d=1&cal_id=0&language=german&gmt_ofs=-1&view=d1 HTTP/1.1" 200 11667 "-" "Mozilla/5.0 (compatible; Googlebot/2.1; +http://www.google.com/bot.html)"
66.249.71.40 - - [02/Sep/2010:16:33:16 +0200] "GET /content/kalender/jax_calendar.php?Y=4255&m=1&d=39&view=d1 HTTP/1.1" 200 11806 "-" "Mozilla/5.0 (compatible; Googlebot/2.1; +http://www.google.com/bot.html)"
66.249.71.40 - - [02/Sep/2010:16:35:52 +0200] "GET /content/kalender/jax_calendar.php?Y=4234&m=6&d=1&cal_id=0&language=german&gmt_ofs=-1&view=d1 HTTP/1.1" 200 11667 "-" "Mozilla/5.0 (compatible; Googlebot/2.1; +http://www.google.com/bot.html)"
66.249.71.40 - - [02/Sep/2010:16:38:28 +0200] "GET /content/kalender/jax_calendar.php?Y=1582&m=2&d=29&cal_id=0&language=german&gmt_ofs=-1&view=d1 HTTP/1.1" 200 11706 "-" "Mozilla/5.0 (compatible; Googlebot/2.1; +http://www.google.com/bot.html)"
66.249.71.40 - - [02/Sep/2010:16:41:04 +0200] "GET /content/kalender/jax_calendar.php?Y=-9916&m=12&d=1&cal_id=0&language=english&gmt_ofs=0&view=d1 HTTP/1.1" 200 11765 "-" "Mozilla/5.0 (compatible; Googlebot/2.1; +http://www.google.com/bot.html)"
66.249.71.40 - - [02/Sep/2010:16:43:40 +0200] "GET /content/kalender/jax_calendar.php?Y=4253&m=5&d=18&view=d1 HTTP/1.1" 200 11802 "-" "Mozilla/5.0 (compatible; Googlebot/2.1; +http://www.google.com/bot.html)"
66.249.71.40 - - [02/Sep/2010:16:46:32 +0200] "GET /content/kalender/jax_calendar.php?Y=4243&m=8&d=8&cal_id=0&language=german&gmt_ofs=-1&view=d1 HTTP/1.1" 200 11669 "-" "Mozilla/5.0 (compatible; Googlebot/2.1; +http://www.google.com/bot.html)"
66.249.71.40 - - [02/Sep/2010:16:48:51 +0200] "GET /content/kalender/jax_calendar.php?Y=4258&m=12&d=21&view=d1 HTTP/1.1" 200 11869 "-" "Mozilla/5.0 (compatible; Googlebot/2.1; +http://www.google.com/bot.html)"
207.46.195.215 - - [02/Sep/2010:16:50:52 +0200] "GET /content/stellenangebote/ HTTP/1.1" 200 8411 "-" "Mozilla/4.0 (compatible; MSIE 7.0; Windows NT 5.1; SLCC1; .NET CLR 1.1.4322; .NET CLR 2.0.50727; .NET CLR 3.0.30729; .NET CLR 3.5.30707)"
207.46.195.215 - - [02/Sep/2010:16:50:53 +0200] "GET /content/themes/blackcandy/css/ie7.css HTTP/1.1" 200 610 "http://www.awo-kv-bernau.de/content/stellenangebote/" "Mozilla/4.0 (compatible; MSIE 7.0; Windows NT 5.1; SLCC1; .NET CLR 1.1.4322; .NET CLR 2.0.50727; .NET CLR 3.0.30729; .NET CLR 3.5.30707)"
207.46.195.215 - - [02/Sep/2010:16:50:54 +0200] "GET /content/themes/blackcandy/css/layout.css?m=1281258825 HTTP/1.1" 200 9945 "http://www.awo-kv-bernau.de/content/stellenangebote/" "Mozilla/4.0 (compatible; MSIE 7.0; Windows NT 5.1; SLCC1; .NET CLR 1.1.4322; .NET CLR 2.0.50727; .NET CLR 3.0.30729; .NET CLR 3.5.30707)"
207.46.195.215 - - [02/Sep/2010:16:50:54 +0200] "GET /content/themes/blackcandy/css/typography.css?m=1281262824 HTTP/1.1" 200 5090 "http://www.awo-kv-bernau.de/content/stellenangebote/" "Mozilla/4.0 (compatible; MSIE 7.0; Windows NT 5.1; SLCC1; .NET CLR 1.1.4322; .NET CLR 2.0.50727; .NET CLR 3.0.30729; .NET CLR 3.5.30707)"
207.46.195.215 - - [02/Sep/2010:16:50:54 +0200] "GET /content/themes/blackcandy/css/form.css?m=1277278133 HTTP/1.1" 200 1856 "http://www.awo-kv-bernau.de/content/stellenangebote/" "Mozilla/4.0 (compatible; MSIE 7.0; Windows NT 5.1; SLCC1; .NET CLR 1.1.4322; .NET CLR 2.0.50727; .NET CLR 3.0.30729; .NET CLR 3.5.30707)"
82.83.230.233 - - [02/Sep/2010:16:51:09 +0200] "GET /content/awo-ortsverein-basdorf/ HTTP/1.1" 200 11425 "http://www.google.de/search?q=awo+basdorf&ie=utf-8&oe=utf-8&aq=t&rls=org.mozilla:de:official&client=firefox-a" "Mozilla/5.0 (Windows; U; Windows NT 5.1; de; rv:1.9.2) Gecko/20100115 Firefox/3.6"
82.83.230.233 - - [02/Sep/2010:16:51:09 +0200] "GET /content/themes/blackcandy/css/layout.css?m=1281258825 HTTP/1.1" 200 9945 "http://www.awo-kv-bernau.de/content/awo-ortsverein-basdorf/" "Mozilla/5.0 (Windows; U; Windows NT 5.1; de; rv:1.9.2) Gecko/20100115 Firefox/3.6"
82.83.230.233 - - [02/Sep/2010:16:51:09 +0200] "GET /content/themes/blackcandy/css/typography.css?m=1281262824 HTTP/1.1" 200 5090 "http://www.awo-kv-bernau.de/content/awo-ortsverein-basdorf/" "Mozilla/5.0 (Windows; U; Windows NT 5.1; de; rv:1.9.2) Gecko/20100115 Firefox/3.6"
82.83.230.233 - - [02/Sep/2010:16:51:09 +0200] "GET /favicon.ico HTTP/1.1" 404 1256 "-" "Mozilla/5.0 (Windows; U; Windows NT 5.1; de; rv:1.9.2) Gecko/20100115 Firefox/3.6"
82.83.230.233 - - [02/Sep/2010:16:51:09 +0200] "GET /content/themes/blackcandy/css/form.css?m=1277278133 HTTP/1.1" 200 1856 "http://www.awo-kv-bernau.de/content/awo-ortsverein-basdorf/" "Mozilla/5.0 (Windows; U; Windows NT 5.1; de; rv:1.9.2) Gecko/20100115 Firefox/3.6"
82.83.230.233 - - [02/Sep/2010:16:51:09 +0200] "GET /content/assets/Ortsvereine/OV-Basdorf/ovbasdorf1209.jpg HTTP/1.1" 200 27415 "http://www.awo-kv-bernau.de/content/awo-ortsverein-basdorf/" "Mozilla/5.0 (Windows; U; Windows NT 5.1; de; rv:1.9.2) Gecko/20100115 Firefox/3.6"
82.83.230.233 - - [02/Sep/2010:16:51:09 +0200] "GET /content/themes/blackcandy/images/headerRounded.png HTTP/1.1" 200 763 "http://www.awo-kv-bernau.de/content/themes/blackcandy/css/layout.css?m=1281258825" "Mozilla/5.0 (Windows; U; Windows NT 5.1; de; rv:1.9.2) Gecko/20100115 Firefox/3.6"
82.83.230.233 - - [02/Sep/2010:16:51:09 +0200] "GET /content/themes/blackcandy/images/activeTabLeft.png HTTP/1.1" 200 433 "http://www.awo-kv-bernau.de/content/themes/blackcandy/css/layout.css?m=1281258825" "Mozilla/5.0 (Windows; U; Windows NT 5.1; de; rv:1.9.2) Gecko/20100115 Firefox/3.6"
82.83.230.233 - - [02/Sep/2010:16:51:09 +0200] "GET /content/themes/blackcandy/images/activeTabRight.png HTTP/1.1" 200 433 "http://www.awo-kv-bernau.de/content/themes/blackcandy/css/layout.css?m=1281258825" "Mozilla/5.0 (Windows; U; Windows NT 5.1; de; rv:1.9.2) Gecko/20100115 Firefox/3.6"
82.83.230.233 - - [02/Sep/2010:16:51:09 +0200] "GET /content/themes/blackcandy/images/herz.png HTTP/1.1" 200 344 "http://www.awo-kv-bernau.de/content/themes/blackcandy/css/layout.css?m=1281258825" "Mozilla/5.0 (Windows; U; Windows NT 5.1; de; rv:1.9.2) Gecko/20100115 Firefox/3.6"
82.83.230.233 - - [02/Sep/2010:16:51:09 +0200] "GET /content/themes/blackcandy/images/footer.png HTTP/1.1" 200 884 "http://www.awo-kv-bernau.de/content/themes/blackcandy/css/layout.css?m=1281258825" "Mozilla/5.0 (Windows; U; Windows NT 5.1; de; rv:1.9.2) Gecko/20100115 Firefox/3.6"
82.83.230.233 - - [02/Sep/2010:16:51:09 +0200] "GET /content/themes/blackcandy/images/header.jpg HTTP/1.1" 200 45038 "http://www.awo-kv-bernau.de/content/themes/blackcandy/css/layout.css?m=1281258825" "Mozilla/5.0 (Windows; U; Windows NT 5.1; de; rv:1.9.2) Gecko/20100115 Firefox/3.6"
82.83.230.233 - - [02/Sep/2010:16:51:10 +0200] "GET /content/themes/blackcandy/images/subheader.jpg HTTP/1.1" 200 52576 "http://www.awo-kv-bernau.de/content/themes/blackcandy/css/layout.css?m=1281258825" "Mozilla/5.0 (Windows; U; Windows NT 5.1; de; rv:1.9.2) Gecko/20100115 Firefox/3.6"
82.83.230.233 - - [02/Sep/2010:16:51:12 +0200] "GET /favicon.ico HTTP/1.1" 404 1256 "-" "Mozilla/5.0 (Windows; U; Windows NT 5.1; de; rv:1.9.2) Gecko/20100115 Firefox/3.6"
66.249.71.40 - - [02/Sep/2010:16:51:27 +0200] "GET /content/kalender/jax_calendar.php?Y=4255&m=4&d=35&view=d1 HTTP/1.1" 200 11804 "-" "Mozilla/5.0 (compatible; Googlebot/2.1; +http://www.google.com/bot.html)"
91.67.51.136 - - [02/Sep/2010:16:51:28 +0200] "GET / HTTP/1.1" 302 - "http://www.awo.org/index.php?ka_id=14367&q=16321&officeeingabe=&no_cache=1&id=awo-vor-ort&aufrufseite=formular&q=16321&absenden=Suchen" "Mozilla/5.0 (Windows; U; Windows NT 5.1; de; rv:1.9.2.8) Gecko/20100722 Firefox/3.6.8"
91.67.51.136 - - [02/Sep/2010:16:51:28 +0200] "GET /content/aktuelles/ HTTP/1.1" 200 10044 "http://www.awo.org/index.php?ka_id=14367&q=16321&officeeingabe=&no_cache=1&id=awo-vor-ort&aufrufseite=formular&q=16321&absenden=Suchen" "Mozilla/5.0 (Windows; U; Windows NT 5.1; de; rv:1.9.2.8) Gecko/20100722 Firefox/3.6.8"
91.67.51.136 - - [02/Sep/2010:16:51:29 +0200] "GET /content/themes/blackcandy/css/layout.css?m=1281258825 HTTP/1.1" 200 9945 "http://www.awo-kv-bernau.de/content/aktuelles/" "Mozilla/5.0 (Windows; U; Windows NT 5.1; de; rv:1.9.2.8) Gecko/20100722 Firefox/3.6.8"
91.67.51.136 - - [02/Sep/2010:16:51:29 +0200] "GET /content/assets/Aktuelles/aktuelles160710.jpg HTTP/1.1" 200 17303 "http://www.awo-kv-bernau.de/content/aktuelles/" "Mozilla/5.0 (Windows; U; Windows NT 5.1; de; rv:1.9.2.8) Gecko/20100722 Firefox/3.6.8"
91.67.51.136 - - [02/Sep/2010:16:51:29 +0200] "GET /content/themes/blackcandy/css/typography.css?m=1281262824 HTTP/1.1" 200 5090 "http://www.awo-kv-bernau.de/content/aktuelles/" "Mozilla/5.0 (Windows; U; Windows NT 5.1; de; rv:1.9.2.8) Gecko/20100722 Firefox/3.6.8"
91.67.51.136 - - [02/Sep/2010:16:51:29 +0200] "GET /content/themes/blackcandy/css/form.css?m=1277278133 HTTP/1.1" 200 1856 "http://www.awo-kv-bernau.de/content/aktuelles/" "Mozilla/5.0 (Windows; U; Windows NT 5.1; de; rv:1.9.2.8) Gecko/20100722 Firefox/3.6.8"
91.67.51.136 - - [02/Sep/2010:16:51:29 +0200] "GET /content/assets/Aktuelles/aktuelles010910.jpg HTTP/1.1" 200 29458 "http://www.awo-kv-bernau.de/content/aktuelles/" "Mozilla/5.0 (Windows; U; Windows NT 5.1; de; rv:1.9.2.8) Gecko/20100722 Firefox/3.6.8"
91.67.51.136 - - [02/Sep/2010:16:51:29 +0200] "GET /content/assets/Aktuelles/aktuelles140810.jpg HTTP/1.1" 200 20737 "http://www.awo-kv-bernau.de/content/aktuelles/" "Mozilla/5.0 (Windows; U; Windows NT 5.1; de; rv:1.9.2.8) Gecko/20100722 Firefox/3.6.8"
91.67.51.136 - - [02/Sep/2010:16:51:29 +0200] "GET /favicon.ico HTTP/1.1" 404 1256 "-" "Mozilla/5.0 (Windows; U; Windows NT 5.1; de; rv:1.9.2.8) Gecko/20100722 Firefox/3.6.8"
91.67.51.136 - - [02/Sep/2010:16:51:29 +0200] "GET /content/assets/Aktuelles/awologo.jpg HTTP/1.1" 200 2292 "http://www.awo-kv-bernau.de/content/aktuelles/" "Mozilla/5.0 (Windows; U; Windows NT 5.1; de; rv:1.9.2.8) Gecko/20100722 Firefox/3.6.8"
91.67.51.136 - - [02/Sep/2010:16:51:29 +0200] "GET /content/themes/blackcandy/images/headerRounded.png HTTP/1.1" 200 763 "http://www.awo-kv-bernau.de/content/themes/blackcandy/css/layout.css?m=1281258825" "Mozilla/5.0 (Windows; U; Windows NT 5.1; de; rv:1.9.2.8) Gecko/20100722 Firefox/3.6.8"
91.67.51.136 - - [02/Sep/2010:16:51:29 +0200] "GET /content/themes/blackcandy/images/activeTabRight.png HTTP/1.1" 200 433 "http://www.awo-kv-bernau.de/content/themes/blackcandy/css/layout.css?m=1281258825" "Mozilla/5.0 (Windows; U; Windows NT 5.1; de; rv:1.9.2.8) Gecko/20100722 Firefox/3.6.8"
91.67.51.136 - - [02/Sep/2010:16:51:29 +0200] "GET /content/themes/blackcandy/images/activeTabLeft.png HTTP/1.1" 200 433 "http://www.awo-kv-bernau.de/content/themes/blackcandy/css/layout.css?m=1281258825" "Mozilla/5.0 (Windows; U; Windows NT 5.1; de; rv:1.9.2.8) Gecko/20100722 Firefox/3.6.8"
91.67.51.136 - - [02/Sep/2010:16:51:29 +0200] "GET /content/themes/blackcandy/images/herz.png HTTP/1.1" 200 344 "http://www.awo-kv-bernau.de/content/themes/blackcandy/css/layout.css?m=1281258825" "Mozilla/5.0 (Windows; U; Windows NT 5.1; de; rv:1.9.2.8) Gecko/20100722 Firefox/3.6.8"
91.67.51.136 - - [02/Sep/2010:16:51:29 +0200] "GET /content/themes/blackcandy/images/footer.png HTTP/1.1" 200 884 "http://www.awo-kv-bernau.de/content/themes/blackcandy/css/layout.css?m=1281258825" "Mozilla/5.0 (Windows; U; Windows NT 5.1; de; rv:1.9.2.8) Gecko/20100722 Firefox/3.6.8"
91.67.51.136 - - [02/Sep/2010:16:51:29 +0200] "GET /content/themes/blackcandy/images/header.jpg HTTP/1.1" 200 45038 "http://www.awo-kv-bernau.de/content/themes/blackcandy/css/layout.css?m=1281258825" "Mozilla/5.0 (Windows; U; Windows NT 5.1; de; rv:1.9.2.8) Gecko/20100722 Firefox/3.6.8"
91.67.51.136 - - [02/Sep/2010:16:51:29 +0200] "GET /content/themes/blackcandy/images/subheader.jpg HTTP/1.1" 200 52576 "http://www.awo-kv-bernau.de/content/themes/blackcandy/css/layout.css?m=1281258825" "Mozilla/5.0 (Windows; U; Windows NT 5.1; de; rv:1.9.2.8) Gecko/20100722 Firefox/3.6.8"
91.67.51.136 - - [02/Sep/2010:16:51:29 +0200] "GET /content/assets/Aktuelles/aktuelles110810.jpg HTTP/1.1" 200 73350 "http://www.awo-kv-bernau.de/content/aktuelles/" "Mozilla/5.0 (Windows; U; Windows NT 5.1; de; rv:1.9.2.8) Gecko/20100722 Firefox/3.6.8"
91.67.51.136 - - [02/Sep/2010:16:51:32 +0200] "GET /favicon.ico HTTP/1.1" 404 1256 "-" "Mozilla/5.0 (Windows; U; Windows NT 5.1; de; rv:1.9.2.8) Gecko/20100722 Firefox/3.6.8"
91.67.51.136 - - [02/Sep/2010:16:51:34 +0200] "GET /content/jugendarbeit/ HTTP/1.1" 200 12211 "http://www.awo-kv-bernau.de/content/aktuelles/" "Mozilla/5.0 (Windows; U; Windows NT 5.1; de; rv:1.9.2.8) Gecko/20100722 Firefox/3.6.8"
91.67.51.136 - - [02/Sep/2010:16:51:35 +0200] "GET /content/themes/blackcandy/css/layout.css?m=1281258825 HTTP/1.1" 304 - "http://www.awo-kv-bernau.de/content/jugendarbeit/" "Mozilla/5.0 (Windows; U; Windows NT 5.1; de; rv:1.9.2.8) Gecko/20100722 Firefox/3.6.8"
91.67.51.136 - - [02/Sep/2010:16:51:35 +0200] "GET /content/themes/blackcandy/css/typography.css?m=1281262824 HTTP/1.1" 304 - "http://www.awo-kv-bernau.de/content/jugendarbeit/" "Mozilla/5.0 (Windows; U; Windows NT 5.1; de; rv:1.9.2.8) Gecko/20100722 Firefox/3.6.8"
91.67.51.136 - - [02/Sep/2010:16:51:35 +0200] "GET /content/themes/blackcandy/css/form.css?m=1277278133 HTTP/1.1" 304 - "http://www.awo-kv-bernau.de/content/jugendarbeit/" "Mozilla/5.0 (Windows; U; Windows NT 5.1; de; rv:1.9.2.8) Gecko/20100722 Firefox/3.6.8"
91.67.51.136 - - [02/Sep/2010:16:51:35 +0200] "GET /content/assets/Jugendarbeit/eissfeldt.jpg HTTP/1.1" 200 6027 "http://www.awo-kv-bernau.de/content/jugendarbeit/" "Mozilla/5.0 (Windows; U; Windows NT 5.1; de; rv:1.9.2.8) Gecko/20100722 Firefox/3.6.8"
91.67.51.136 - - [02/Sep/2010:16:51:35 +0200] "GET /content/assets/Jugendarbeit/packetat.jpg HTTP/1.1" 200 6336 "http://www.awo-kv-bernau.de/content/jugendarbeit/" "Mozilla/5.0 (Windows; U; Windows NT 5.1; de; rv:1.9.2.8) Gecko/20100722 Firefox/3.6.8"
82.83.230.233 - - [02/Sep/2010:16:51:43 +0200] "GET /content/awo-treff/ HTTP/1.1" 200 8216 "http://www.awo-kv-bernau.de/content/awo-ortsverein-basdorf/" "Mozilla/5.0 (Windows; U; Windows NT 5.1; de; rv:1.9.2) Gecko/20100115 Firefox/3.6"
82.83.230.233 - - [02/Sep/2010:16:51:43 +0200] "GET /content/themes/blackcandy/css/typography.css?m=1281262824 HTTP/1.1" 304 - "http://www.awo-kv-bernau.de/content/awo-treff/" "Mozilla/5.0 (Windows; U; Windows NT 5.1; de; rv:1.9.2) Gecko/20100115 Firefox/3.6"
82.83.230.233 - - [02/Sep/2010:16:51:43 +0200] "GET /content/themes/blackcandy/css/layout.css?m=1281258825 HTTP/1.1" 304 - "http://www.awo-kv-bernau.de/content/awo-treff/" "Mozilla/5.0 (Windows; U; Windows NT 5.1; de; rv:1.9.2) Gecko/20100115 Firefox/3.6"
82.83.230.233 - - [02/Sep/2010:16:51:43 +0200] "GET /content/themes/blackcandy/css/form.css?m=1277278133 HTTP/1.1" 304 - "http://www.awo-kv-bernau.de/content/awo-treff/" "Mozilla/5.0 (Windows; U; Windows NT 5.1; de; rv:1.9.2) Gecko/20100115 Firefox/3.6"
82.83.230.233 - - [02/Sep/2010:16:51:43 +0200] "GET /content/assets/Awo-Treff/_resampled/ResizedImage300225-start.jpg HTTP/1.1" 200 13680 "http://www.awo-kv-bernau.de/content/awo-treff/" "Mozilla/5.0 (Windows; U; Windows NT 5.1; de; rv:1.9.2) Gecko/20100115 Firefox/3.6"
82.83.230.233 - - [02/Sep/2010:16:51:46 +0200] "GET /content/stellenangebote/ HTTP/1.1" 200 8411 "http://www.awo-kv-bernau.de/content/awo-treff/" "Mozilla/5.0 (Windows; U; Windows NT 5.1; de; rv:1.9.2) Gecko/20100115 Firefox/3.6"
82.83.230.233 - - [02/Sep/2010:16:51:46 +0200] "GET /content/themes/blackcandy/css/layout.css?m=1281258825 HTTP/1.1" 304 - "http://www.awo-kv-bernau.de/content/stellenangebote/" "Mozilla/5.0 (Windows; U; Windows NT 5.1; de; rv:1.9.2) Gecko/20100115 Firefox/3.6"
82.83.230.233 - - [02/Sep/2010:16:51:46 +0200] "GET /content/themes/blackcandy/css/form.css?m=1277278133 HTTP/1.1" 304 - "http://www.awo-kv-bernau.de/content/stellenangebote/" "Mozilla/5.0 (Windows; U; Windows NT 5.1; de; rv:1.9.2) Gecko/20100115 Firefox/3.6"
82.83.230.233 - - [02/Sep/2010:16:51:46 +0200] "GET /content/themes/blackcandy/css/typography.css?m=1281262824 HTTP/1.1" 304 - "http://www.awo-kv-bernau.de/content/stellenangebote/" "Mozilla/5.0 (Windows; U; Windows NT 5.1; de; rv:1.9.2) Gecko/20100115 Firefox/3.6"
82.83.230.233 - - [02/Sep/2010:16:51:46 +0200] "GET /content/themes/blackcandy/images/icons/page_white_acrobat.png HTTP/1.1" 200 591 "http://www.awo-kv-bernau.de/content/themes/blackcandy/css/typography.css?m=1281262824" "Mozilla/5.0 (Windows; U; Windows NT 5.1; de; rv:1.9.2) Gecko/20100115 Firefox/3.6"
91.67.51.136 - - [02/Sep/2010:16:51:46 +0200] "GET /content/stellenangebote/ HTTP/1.1" 200 8411 "http://www.awo-kv-bernau.de/content/jugendarbeit/" "Mozilla/5.0 (Windows; U; Windows NT 5.1; de; rv:1.9.2.8) Gecko/20100722 Firefox/3.6.8"
91.67.51.136 - - [02/Sep/2010:16:51:47 +0200] "GET /content/themes/blackcandy/css/layout.css?m=1281258825 HTTP/1.1" 304 - "http://www.awo-kv-bernau.de/content/stellenangebote/" "Mozilla/5.0 (Windows; U; Windows NT 5.1; de; rv:1.9.2.8) Gecko/20100722 Firefox/3.6.8"
91.67.51.136 - - [02/Sep/2010:16:51:47 +0200] "GET /content/themes/blackcandy/css/typography.css?m=1281262824 HTTP/1.1" 304 - "http://www.awo-kv-bernau.de/content/stellenangebote/" "Mozilla/5.0 (Windows; U; Windows NT 5.1; de; rv:1.9.2.8) Gecko/20100722 Firefox/3.6.8"
91.67.51.136 - - [02/Sep/2010:16:51:47 +0200] "GET /content/themes/blackcandy/css/form.css?m=1277278133 HTTP/1.1" 304 - "http://www.awo-kv-bernau.de/content/stellenangebote/" "Mozilla/5.0 (Windows; U; Windows NT 5.1; de; rv:1.9.2.8) Gecko/20100722 Firefox/3.6.8"
91.67.51.136 - - [02/Sep/2010:16:51:47 +0200] "GET /content/themes/blackcandy/images/icons/page_white_acrobat.png HTTP/1.1" 200 591 "http://www.awo-kv-bernau.de/content/themes/blackcandy/css/typography.css?m=1281262824" "Mozilla/5.0 (Windows; U; Windows NT 5.1; de; rv:1.9.2.8) Gecko/20100722 Firefox/3.6.8"
82.83.230.233 - - [02/Sep/2010:16:51:47 +0200] "GET /content/themes/blackcandy/images/hoverTabLeft.png HTTP/1.1" 200 400 "http://www.awo-kv-bernau.de/content/themes/blackcandy/css/layout.css?m=1281258825" "Mozilla/5.0 (Windows; U; Windows NT 5.1; de; rv:1.9.2) Gecko/20100115 Firefox/3.6"
82.83.230.233 - - [02/Sep/2010:16:51:47 +0200] "GET /content/themes/blackcandy/images/hoverTabRight.png HTTP/1.1" 200 429 "http://www.awo-kv-bernau.de/content/themes/blackcandy/css/layout.css?m=1281258825" "Mozilla/5.0 (Windows; U; Windows NT 5.1; de; rv:1.9.2) Gecko/20100115 Firefox/3.6"
82.83.230.233 - - [02/Sep/2010:16:51:51 +0200] "GET /content/assets/Stellenanzeigen/stellejugendkoordinatorin082010.pdf HTTP/1.1" 200 27204 "http://www.awo-kv-bernau.de/content/stellenangebote/" "Mozilla/5.0 (Windows; U; Windows NT 5.1; de; rv:1.9.2) Gecko/20100115 Firefox/3.6"
91.67.51.136 - - [02/Sep/2010:16:52:05 +0200] "GET /content/assets/Stellenanzeigen/ausschreibungpraesenzkraft.pdf HTTP/1.1" 200 13559 "http://www.awo-kv-bernau.de/content/stellenangebote/" "Mozilla/5.0 (Windows; U; Windows NT 5.1; de; rv:1.9.2.8) Gecko/20100722 Firefox/3.6.8"
82.83.230.233 - - [02/Sep/2010:16:52:20 +0200] "GET /content/assets/Stellenanzeigen/stellenbeschreibungffhoeren012010.pdf HTTP/1.1" 200 46362 "http://www.awo-kv-bernau.de/content/stellenangebote/" "Mozilla/5.0 (Windows; U; Windows NT 5.1; de; rv:1.9.2) Gecko/20100115 Firefox/3.6"
82.83.230.233 - - [02/Sep/2010:16:52:20 +0200] "GET /content/assets/Stellenanzeigen/stellenbeschreibungffhoeren012010.pdf HTTP/1.1" 206 38184 "-" "Mozilla/5.0 (Windows; U; Windows NT 5.1; de; rv:1.9.2) Gecko/20100115 Firefox/3.6"
82.83.230.233 - - [02/Sep/2010:16:52:26 +0200] "GET /content/assets/Stellenanzeigen/stellenausschreibungpflegefachkraftaph.pdf HTTP/1.1" 200 37765 "http://www.awo-kv-bernau.de/content/stellenangebote/" "Mozilla/5.0 (Windows; U; Windows NT 5.1; de; rv:1.9.2) Gecko/20100115 Firefox/3.6"
82.83.230.233 - - [02/Sep/2010:16:52:26 +0200] "GET /content/assets/Stellenanzeigen/stellenausschreibungpflegefachkraftaph.pdf HTTP/1.1" 206 29586 "-" "Mozilla/5.0 (Windows; U; Windows NT 5.1; de; rv:1.9.2) Gecko/20100115 Firefox/3.6"
82.83.230.233 - - [02/Sep/2010:16:52:36 +0200] "GET /content/ortsvereine/ HTTP/1.1" 200 7881 "http://www.awo-kv-bernau.de/content/stellenangebote/" "Mozilla/5.0 (Windows; U; Windows NT 5.1; de; rv:1.9.2) Gecko/20100115 Firefox/3.6"
82.83.230.233 - - [02/Sep/2010:16:52:36 +0200] "GET /content/themes/blackcandy/css/typography.css?m=1281262824 HTTP/1.1" 304 - "http://www.awo-kv-bernau.de/content/ortsvereine/" "Mozilla/5.0 (Windows; U; Windows NT 5.1; de; rv:1.9.2) Gecko/20100115 Firefox/3.6"
82.83.230.233 - - [02/Sep/2010:16:52:36 +0200] "GET /content/themes/blackcandy/css/layout.css?m=1281258825 HTTP/1.1" 304 - "http://www.awo-kv-bernau.de/content/ortsvereine/" "Mozilla/5.0 (Windows; U; Windows NT 5.1; de; rv:1.9.2) Gecko/20100115 Firefox/3.6"
82.83.230.233 - - [02/Sep/2010:16:52:36 +0200] "GET /content/themes/blackcandy/css/form.css?m=1277278133 HTTP/1.1" 304 - "http://www.awo-kv-bernau.de/content/ortsvereine/" "Mozilla/5.0 (Windows; U; Windows NT 5.1; de; rv:1.9.2) Gecko/20100115 Firefox/3.6"
91.67.51.136 - - [02/Sep/2010:16:52:38 +0200] "GET /content/themes/blackcandy/images/hoverTabLeft.png HTTP/1.1" 200 400 "http://www.awo-kv-bernau.de/content/themes/blackcandy/css/layout.css?m=1281258825" "Mozilla/5.0 (Windows; U; Windows NT 5.1; de; rv:1.9.2.8) Gecko/20100722 Firefox/3.6.8"
91.67.51.136 - - [02/Sep/2010:16:52:38 +0200] "GET /content/themes/blackcandy/images/hoverTabRight.png HTTP/1.1" 200 429 "http://www.awo-kv-bernau.de/content/themes/blackcandy/css/layout.css?m=1281258825" "Mozilla/5.0 (Windows; U; Windows NT 5.1; de; rv:1.9.2.8) Gecko/20100722 Firefox/3.6.8"
82.83.230.233 - - [02/Sep/2010:16:52:39 +0200] "GET /content/awo-ortsverein-basdorf/ HTTP/1.1" 200 11425 "http://www.awo-kv-bernau.de/content/ortsvereine/" "Mozilla/5.0 (Windows; U; Windows NT 5.1; de; rv:1.9.2) Gecko/20100115 Firefox/3.6"
82.83.230.233 - - [02/Sep/2010:16:52:39 +0200] "GET /content/themes/blackcandy/css/layout.css?m=1281258825 HTTP/1.1" 304 - "http://www.awo-kv-bernau.de/content/awo-ortsverein-basdorf/" "Mozilla/5.0 (Windows; U; Windows NT 5.1; de; rv:1.9.2) Gecko/20100115 Firefox/3.6"
82.83.230.233 - - [02/Sep/2010:16:52:39 +0200] "GET /content/themes/blackcandy/css/typography.css?m=1281262824 HTTP/1.1" 304 - "http://www.awo-kv-bernau.de/content/awo-ortsverein-basdorf/" "Mozilla/5.0 (Windows; U; Windows NT 5.1; de; rv:1.9.2) Gecko/20100115 Firefox/3.6"
82.83.230.233 - - [02/Sep/2010:16:52:39 +0200] "GET /content/themes/blackcandy/css/form.css?m=1277278133 HTTP/1.1" 304 - "http://www.awo-kv-bernau.de/content/awo-ortsverein-basdorf/" "Mozilla/5.0 (Windows; U; Windows NT 5.1; de; rv:1.9.2) Gecko/20100115 Firefox/3.6"
91.67.51.136 - - [02/Sep/2010:16:52:39 +0200] "GET /content/assets/Stellenanzeigen/stellenbeschreibungerzieher012010.pdf HTTP/1.1" 200 38159 "http://www.awo-kv-bernau.de/content/stellenangebote/" "Mozilla/5.0 (Windows; U; Windows NT 5.1; de; rv:1.9.2.8) Gecko/20100722 Firefox/3.6.8"
91.67.51.136 - - [02/Sep/2010:16:52:39 +0200] "GET /content/assets/Stellenanzeigen/stellenbeschreibungerzieher012010.pdf HTTP/1.1" 206 24093 "-" "Mozilla/5.0 (Windows; U; Windows NT 5.1; de; rv:1.9.2.8) Gecko/20100722 Firefox/3.6.8"
91.67.51.136 - - [02/Sep/2010:16:52:57 +0200] "GET /content/assets/Stellenanzeigen/stellenausschreibungpflegefachkraftaph.pdf HTTP/1.1" 200 37765 "http://www.awo-kv-bernau.de/content/stellenangebote/" "Mozilla/5.0 (Windows; U; Windows NT 5.1; de; rv:1.9.2.8) Gecko/20100722 Firefox/3.6.8"
91.67.51.136 - - [02/Sep/2010:16:52:57 +0200] "GET /content/assets/Stellenanzeigen/stellenausschreibungpflegefachkraftaph.pdf HTTP/1.1" 206 20780 "-" "Mozilla/5.0 (Windows; U; Windows NT 5.1; de; rv:1.9.2.8) Gecko/20100722 Firefox/3.6.8"
66.249.71.40 - - [02/Sep/2010:16:54:04 +0200] "GET /content/kalender/jax_calendar.php?Y=4245&m=6&d=25&view=d1 HTTP/1.1" 200 11803 "-" "Mozilla/5.0 (compatible; Googlebot/2.1; +http://www.google.com/bot.html)"
82.83.230.233 - - [02/Sep/2010:16:55:56 +0200] "GET /content/awo-ortsverein-wandlitz/ HTTP/1.1" 200 12650 "http://www.awo-kv-bernau.de/content/awo-ortsverein-basdorf/" "Mozilla/5.0 (Windows; U; Windows NT 5.1; de; rv:1.9.2) Gecko/20100115 Firefox/3.6"
82.83.230.233 - - [02/Sep/2010:16:55:57 +0200] "GET /content/themes/blackcandy/css/form.css?m=1277278133 HTTP/1.1" 304 - "http://www.awo-kv-bernau.de/content/awo-ortsverein-wandlitz/" "Mozilla/5.0 (Windows; U; Windows NT 5.1; de; rv:1.9.2) Gecko/20100115 Firefox/3.6"
82.83.230.233 - - [02/Sep/2010:16:55:57 +0200] "GET /content/themes/blackcandy/css/layout.css?m=1281258825 HTTP/1.1" 304 - "http://www.awo-kv-bernau.de/content/awo-ortsverein-wandlitz/" "Mozilla/5.0 (Windows; U; Windows NT 5.1; de; rv:1.9.2) Gecko/20100115 Firefox/3.6"
82.83.230.233 - - [02/Sep/2010:16:55:57 +0200] "GET /content/themes/blackcandy/css/typography.css?m=1281262824 HTTP/1.1" 304 - "http://www.awo-kv-bernau.de/content/awo-ortsverein-wandlitz/" "Mozilla/5.0 (Windows; U; Windows NT 5.1; de; rv:1.9.2) Gecko/20100115 Firefox/3.6"
66.249.71.40 - - [02/Sep/2010:16:59:30 +0200] "GET /content/kalender/jax_calendar.php?Y=-9909&m=5&d=1&cal_id=0&language=english&gmt_ofs=0&view=d1 HTTP/1.1" 200 11703 "-" "Mozilla/5.0 (compatible; Googlebot/2.1; +http://www.google.com/bot.html)"
66.249.71.40 - - [02/Sep/2010:17:02:16 +0200] "GET /content/kalender/jax_calendar.php?Y=-9908&m=12&d=1&cal_id=0&language=english&gmt_ofs=0&view=d1 HTTP/1.1" 200 11765 "-" "Mozilla/5.0 (compatible; Googlebot/2.1; +http://www.google.com/bot.html)"
207.46.13.131 - - [02/Sep/2010:17:03:25 +0200] "GET /robots.txt HTTP/1.1" 404 1256 "-" "msnbot/2.0b (+http://search.msn.com/msnbot.htm)"
66.249.71.40 - - [02/Sep/2010:17:05:04 +0200] "GET /content/kalender/jax_calendar.php?Y=4249&m=10&d=21&view=d1 HTTP/1.1" 200 11868 "-" "Mozilla/5.0 (compatible; Googlebot/2.1; +http://www.google.com/bot.html)"
66.249.71.40 - - [02/Sep/2010:17:07:51 +0200] "GET /content/kalender/jax_calendar.php?Y=-9914&m=11&d=1&cal_id=0&language=english&gmt_ofs=0&view=d1 HTTP/1.1" 200 11766 "-" "Mozilla/5.0 (compatible; Googlebot/2.1; +http://www.google.com/bot.html)"
87.162.126.80 - - [02/Sep/2010:17:10:33 +0200] "GET /content/kinderland/ HTTP/1.1" 200 20474 "http://www.google.de/url?sa=t&source=web&cd=9&ved=0CDYQFjAI&url=http%3A%2F%2Fwww.awo-kv-bernau.de%2Fcontent%2Fkinderland%2F&rct=j&q=integrationskita%20eberswalde&ei=Vb5_TLXKKcaoONG_2cUO&usg=AFQjCNGtBxxHLPu1DH_6N8bkGWnCz4AGAg" "Mozilla/5.0 (Windows; U; Windows NT 6.0; de; rv:1.9.2.8) Gecko/20100722 Firefox/3.6.8 (.NET CLR 3.5.30729)"
87.162.126.80 - - [02/Sep/2010:17:10:34 +0200] "GET /content/themes/blackcandy/css/layout.css?m=1281258825 HTTP/1.1" 200 9945 "http://www.awo-kv-bernau.de/content/kinderland/" "Mozilla/5.0 (Windows; U; Windows NT 6.0; de; rv:1.9.2.8) Gecko/20100722 Firefox/3.6.8 (.NET CLR 3.5.30729)"
87.162.126.80 - - [02/Sep/2010:17:10:34 +0200] "GET /content/themes/blackcandy/css/typography.css?m=1281262824 HTTP/1.1" 200 5090 "http://www.awo-kv-bernau.de/content/kinderland/" "Mozilla/5.0 (Windows; U; Windows NT 6.0; de; rv:1.9.2.8) Gecko/20100722 Firefox/3.6.8 (.NET CLR 3.5.30729)"
87.162.126.80 - - [02/Sep/2010:17:10:34 +0200] "GET /content/themes/blackcandy/css/form.css?m=1277278133 HTTP/1.1" 200 1856 "http://www.awo-kv-bernau.de/content/kinderland/" "Mozilla/5.0 (Windows; U; Windows NT 6.0; de; rv:1.9.2.8) Gecko/20100722 Firefox/3.6.8 (.NET CLR 3.5.30729)"
87.162.126.80 - - [02/Sep/2010:17:10:34 +0200] "GET /content/assets/Kitas/KitaKinderland/kinderland300810.jpg HTTP/1.1" 200 14482 "http://www.awo-kv-bernau.de/content/kinderland/" "Mozilla/5.0 (Windows; U; Windows NT 6.0; de; rv:1.9.2.8) Gecko/20100722 Firefox/3.6.8 (.NET CLR 3.5.30729)"
87.162.126.80 - - [02/Sep/2010:17:10:34 +0200] "GET /content/assets/Kitas/KitaKinderland/foerderung.jpg HTTP/1.1" 200 32495 "http://www.awo-kv-bernau.de/content/kinderland/" "Mozilla/5.0 (Windows; U; Windows NT 6.0; de; rv:1.9.2.8) Gecko/20100722 Firefox/3.6.8 (.NET CLR 3.5.30729)"
87.162.126.80 - - [02/Sep/2010:17:10:34 +0200] "GET /content/assets/Kitas/KitaKinderland/kinderlandtop2.jpg HTTP/1.1" 200 34631 "http://www.awo-kv-bernau.de/content/kinderland/" "Mozilla/5.0 (Windows; U; Windows NT 6.0; de; rv:1.9.2.8) Gecko/20100722 Firefox/3.6.8 (.NET CLR 3.5.30729)"
87.162.126.80 - - [02/Sep/2010:17:10:35 +0200] "GET /content/assets/Kitas/KitaKinderland/kinderland2.jpg HTTP/1.1" 200 55721 "http://www.awo-kv-bernau.de/content/kinderland/" "Mozilla/5.0 (Windows; U; Windows NT 6.0; de; rv:1.9.2.8) Gecko/20100722 Firefox/3.6.8 (.NET CLR 3.5.30729)"
87.162.126.80 - - [02/Sep/2010:17:10:34 +0200] "GET /content/assets/Kitas/KitaKinderland/english.jpg HTTP/1.1" 200 30588 "http://www.awo-kv-bernau.de/content/kinderland/" "Mozilla/5.0 (Windows; U; Windows NT 6.0; de; rv:1.9.2.8) Gecko/20100722 Firefox/3.6.8 (.NET CLR 3.5.30729)"
87.162.126.80 - - [02/Sep/2010:17:10:34 +0200] "GET /content/assets/Kitas/KitaKinderland/kinderland0.jpg HTTP/1.1" 200 63798 "http://www.awo-kv-bernau.de/content/kinderland/" "Mozilla/5.0 (Windows; U; Windows NT 6.0; de; rv:1.9.2.8) Gecko/20100722 Firefox/3.6.8 (.NET CLR 3.5.30729)"
87.162.126.80 - - [02/Sep/2010:17:10:35 +0200] "GET /content/themes/blackcandy/images/headerRounded.png HTTP/1.1" 200 763 "http://www.awo-kv-bernau.de/content/themes/blackcandy/css/layout.css?m=1281258825" "Mozilla/5.0 (Windows; U; Windows NT 6.0; de; rv:1.9.2.8) Gecko/20100722 Firefox/3.6.8 (.NET CLR 3.5.30729)"
87.162.126.80 - - [02/Sep/2010:17:10:34 +0200] "GET /content/assets/Kitas/KitaKinderland/kinderland1.jpg HTTP/1.1" 200 58178 "http://www.awo-kv-bernau.de/content/kinderland/" "Mozilla/5.0 (Windows; U; Windows NT 6.0; de; rv:1.9.2.8) Gecko/20100722 Firefox/3.6.8 (.NET CLR 3.5.30729)"
87.162.126.80 - - [02/Sep/2010:17:10:35 +0200] "GET /content/assets/Kitas/KitaKinderland/kinderland3.jpg HTTP/1.1" 200 81117 "http://www.awo-kv-bernau.de/content/kinderland/" "Mozilla/5.0 (Windows; U; Windows NT 6.0; de; rv:1.9.2.8) Gecko/20100722 Firefox/3.6.8 (.NET CLR 3.5.30729)"
87.162.126.80 - - [02/Sep/2010:17:10:35 +0200] "GET /content/themes/blackcandy/images/header.jpg HTTP/1.1" 200 45038 "http://www.awo-kv-bernau.de/content/themes/blackcandy/css/layout.css?m=1281258825" "Mozilla/5.0 (Windows; U; Windows NT 6.0; de; rv:1.9.2.8) Gecko/20100722 Firefox/3.6.8 (.NET CLR 3.5.30729)"
87.162.126.80 - - [02/Sep/2010:17:10:35 +0200] "GET /content/themes/blackcandy/images/activeTabLeft.png HTTP/1.1" 200 433 "http://www.awo-kv-bernau.de/content/themes/blackcandy/css/layout.css?m=1281258825" "Mozilla/5.0 (Windows; U; Windows NT 6.0; de; rv:1.9.2.8) Gecko/20100722 Firefox/3.6.8 (.NET CLR 3.5.30729)"
87.162.126.80 - - [02/Sep/2010:17:10:35 +0200] "GET /content/themes/blackcandy/images/activeTabRight.png HTTP/1.1" 200 433 "http://www.awo-kv-bernau.de/content/themes/blackcandy/css/layout.css?m=1281258825" "Mozilla/5.0 (Windows; U; Windows NT 6.0; de; rv:1.9.2.8) Gecko/20100722 Firefox/3.6.8 (.NET CLR 3.5.30729)"
87.162.126.80 - - [02/Sep/2010:17:10:35 +0200] "GET /content/themes/blackcandy/images/subheader.jpg HTTP/1.1" 200 52576 "http://www.awo-kv-bernau.de/content/themes/blackcandy/css/layout.css?m=1281258825" "Mozilla/5.0 (Windows; U; Windows NT 6.0; de; rv:1.9.2.8) Gecko/20100722 Firefox/3.6.8 (.NET CLR 3.5.30729)"
87.162.126.80 - - [02/Sep/2010:17:10:36 +0200] "GET /content/themes/blackcandy/images/icons/page_white_acrobat.png HTTP/1.1" 200 591 "http://www.awo-kv-bernau.de/content/themes/blackcandy/css/typography.css?m=1281262824" "Mozilla/5.0 (Windows; U; Windows NT 6.0; de; rv:1.9.2.8) Gecko/20100722 Firefox/3.6.8 (.NET CLR 3.5.30729)"
87.162.126.80 - - [02/Sep/2010:17:10:36 +0200] "GET /content/themes/blackcandy/images/herz.png HTTP/1.1" 200 344 "http://www.awo-kv-bernau.de/content/themes/blackcandy/css/layout.css?m=1281258825" "Mozilla/5.0 (Windows; U; Windows NT 6.0; de; rv:1.9.2.8) Gecko/20100722 Firefox/3.6.8 (.NET CLR 3.5.30729)"
87.162.126.80 - - [02/Sep/2010:17:10:36 +0200] "GET /content/themes/blackcandy/images/footer.png HTTP/1.1" 200 884 "http://www.awo-kv-bernau.de/content/themes/blackcandy/css/layout.css?m=1281258825" "Mozilla/5.0 (Windows; U; Windows NT 6.0; de; rv:1.9.2.8) Gecko/20100722 Firefox/3.6.8 (.NET CLR 3.5.30729)"
87.162.126.80 - - [02/Sep/2010:17:10:36 +0200] "GET /favicon.ico HTTP/1.1" 404 1256 "-" "Mozilla/5.0 (Windows; U; Windows NT 6.0; de; rv:1.9.2.8) Gecko/20100722 Firefox/3.6.8 (.NET CLR 3.5.30729)"
87.162.126.80 - - [02/Sep/2010:17:10:37 +0200] "GET /favicon.ico HTTP/1.1" 404 1256 "-" "Mozilla/5.0 (Windows; U; Windows NT 6.0; de; rv:1.9.2.8) Gecko/20100722 Firefox/3.6.8 (.NET CLR 3.5.30729)"
66.249.71.40 - - [02/Sep/2010:17:10:45 +0200] "GET /content/kalender/jax_calendar.php?Y=-10105&m=12&d=1&cal_id=0&language=english&gmt_ofs=0&view=d1 HTTP/1.1" 200 11861 "-" "Mozilla/5.0 (compatible; Googlebot/2.1; +http://www.google.com/bot.html)"
66.249.71.40 - - [02/Sep/2010:17:13:27 +0200] "GET /content/kalender/jax_calendar.php?Y=-9913&m=2&d=1&cal_id=0&language=english&gmt_ofs=0&view=d1 HTTP/1.1" 200 11703 "-" "Mozilla/5.0 (compatible; Googlebot/2.1; +http://www.google.com/bot.html)"
87.162.126.80 - - [02/Sep/2010:17:14:12 +0200] "GET /content/kontakt-impressum/ HTTP/1.1" 200 14542 "http://www.awo-kv-bernau.de/content/kinderland/" "Mozilla/5.0 (Windows; U; Windows NT 6.0; de; rv:1.9.2.8) Gecko/20100722 Firefox/3.6.8 (.NET CLR 3.5.30729)"
87.162.126.80 - - [02/Sep/2010:17:14:13 +0200] "GET /content/themes/blackcandy/css/layout.css?m=1281258825 HTTP/1.1" 304 - "http://www.awo-kv-bernau.de/content/kontakt-impressum/" "Mozilla/5.0 (Windows; U; Windows NT 6.0; de; rv:1.9.2.8) Gecko/20100722 Firefox/3.6.8 (.NET CLR 3.5.30729)"
87.162.126.80 - - [02/Sep/2010:17:14:13 +0200] "GET /content/themes/blackcandy/css/typography.css?m=1281262824 HTTP/1.1" 304 - "http://www.awo-kv-bernau.de/content/kontakt-impressum/" "Mozilla/5.0 (Windows; U; Windows NT 6.0; de; rv:1.9.2.8) Gecko/20100722 Firefox/3.6.8 (.NET CLR 3.5.30729)"
87.162.126.80 - - [02/Sep/2010:17:14:13 +0200] "GET /content/themes/blackcandy/css/form.css?m=1277278133 HTTP/1.1" 304 - "http://www.awo-kv-bernau.de/content/kontakt-impressum/" "Mozilla/5.0 (Windows; U; Windows NT 6.0; de; rv:1.9.2.8) Gecko/20100722 Firefox/3.6.8 (.NET CLR 3.5.30729)"
87.162.126.80 - - [02/Sep/2010:17:14:13 +0200] "GET /content/kontakt-impressum/ HTTP/1.1" 200 14542 "http://www.awo-kv-bernau.de/content/kinderland/" "Mozilla/5.0 (Windows; U; Windows NT 6.0; de; rv:1.9.2.8) Gecko/20100722 Firefox/3.6.8 (.NET CLR 3.5.30729)"
87.162.126.80 - - [02/Sep/2010:17:14:14 +0200] "GET /content/themes/blackcandy/css/layout.css?m=1281258825 HTTP/1.1" 304 - "http://www.awo-kv-bernau.de/content/kontakt-impressum/" "Mozilla/5.0 (Windows; U; Windows NT 6.0; de; rv:1.9.2.8) Gecko/20100722 Firefox/3.6.8 (.NET CLR 3.5.30729)"
87.162.126.80 - - [02/Sep/2010:17:14:14 +0200] "GET /content/themes/blackcandy/css/typography.css?m=1281262824 HTTP/1.1" 304 - "http://www.awo-kv-bernau.de/content/kontakt-impressum/" "Mozilla/5.0 (Windows; U; Windows NT 6.0; de; rv:1.9.2.8) Gecko/20100722 Firefox/3.6.8 (.NET CLR 3.5.30729)"
87.162.126.80 - - [02/Sep/2010:17:14:14 +0200] "GET /content/themes/blackcandy/css/form.css?m=1277278133 HTTP/1.1" 304 - "http://www.awo-kv-bernau.de/content/kontakt-impressum/" "Mozilla/5.0 (Windows; U; Windows NT 6.0; de; rv:1.9.2.8) Gecko/20100722 Firefox/3.6.8 (.NET CLR 3.5.30729)"
87.162.126.80 - - [02/Sep/2010:17:14:14 +0200] "GET /content/themes/blackcandy/images/hoverTabLeft.png HTTP/1.1" 200 400 "http://www.awo-kv-bernau.de/content/themes/blackcandy/css/layout.css?m=1281258825" "Mozilla/5.0 (Windows; U; Windows NT 6.0; de; rv:1.9.2.8) Gecko/20100722 Firefox/3.6.8 (.NET CLR 3.5.30729)"
87.162.126.80 - - [02/Sep/2010:17:14:14 +0200] "GET /content/themes/blackcandy/images/hoverTabRight.png HTTP/1.1" 200 429 "http://www.awo-kv-bernau.de/content/themes/blackcandy/css/layout.css?m=1281258825" "Mozilla/5.0 (Windows; U; Windows NT 6.0; de; rv:1.9.2.8) Gecko/20100722 Firefox/3.6.8 (.NET CLR 3.5.30729)"
66.249.71.40 - - [02/Sep/2010:17:16:14 +0200] "GET /content/kalender/jax_calendar.php?Y=4258&m=1&d=31&view=d1 HTTP/1.1" 200 11806 "-" "Mozilla/5.0 (compatible; Googlebot/2.1; +http://www.google.com/bot.html)"
207.46.13.131 - - [02/Sep/2010:17:16:19 +0200] "GET / HTTP/1.1" 302 - "-" "msnbot/2.0b (+http://search.msn.com/msnbot.htm)"
66.249.71.40 - - [02/Sep/2010:17:19:02 +0200] "GET /content/kalender/jax_calendar.php?Y=-9917&m=9&d=25&view=d1 HTTP/1.1" 200 11905 "-" "Mozilla/5.0 (compatible; Googlebot/2.1; +http://www.google.com/bot.html)"
66.249.71.40 - - [02/Sep/2010:17:21:50 +0200] "GET /content/kalender/jax_calendar.php?Y=1579&m=1&d=29&cal_id=0&language=german&gmt_ofs=-1&view=d1 HTTP/1.1" 200 11706 "-" "Mozilla/5.0 (compatible; Googlebot/2.1; +http://www.google.com/bot.html)"
66.249.71.40 - - [02/Sep/2010:17:24:38 +0200] "GET /content/kalender/jax_calendar.php?Y=-9906&m=1&d=1&cal_id=0&language=english&gmt_ofs=0&view=d1 HTTP/1.1" 200 11704 "-" "Mozilla/5.0 (compatible; Googlebot/2.1; +http://www.google.com/bot.html)"
87.162.126.80 - - [02/Sep/2010:17:24:56 +0200] "GET /content/pusteblume/ HTTP/1.1" 200 17716 "http://www.awo-kv-bernau.de/content/kinderland/" "Mozilla/5.0 (Windows; U; Windows NT 6.0; de; rv:1.9.2.8) Gecko/20100722 Firefox/3.6.8 (.NET CLR 3.5.30729)"
87.162.126.80 - - [02/Sep/2010:17:24:57 +0200] "GET /content/themes/blackcandy/css/layout.css?m=1281258825 HTTP/1.1" 304 - "http://www.awo-kv-bernau.de/content/pusteblume/" "Mozilla/5.0 (Windows; U; Windows NT 6.0; de; rv:1.9.2.8) Gecko/20100722 Firefox/3.6.8 (.NET CLR 3.5.30729)"
87.162.126.80 - - [02/Sep/2010:17:24:57 +0200] "GET /content/themes/blackcandy/css/typography.css?m=1281262824 HTTP/1.1" 304 - "http://www.awo-kv-bernau.de/content/pusteblume/" "Mozilla/5.0 (Windows; U; Windows NT 6.0; de; rv:1.9.2.8) Gecko/20100722 Firefox/3.6.8 (.NET CLR 3.5.30729)"
87.162.126.80 - - [02/Sep/2010:17:24:57 +0200] "GET /content/themes/blackcandy/css/form.css?m=1277278133 HTTP/1.1" 304 - "http://www.awo-kv-bernau.de/content/pusteblume/" "Mozilla/5.0 (Windows; U; Windows NT 6.0; de; rv:1.9.2.8) Gecko/20100722 Firefox/3.6.8 (.NET CLR 3.5.30729)"
87.162.126.80 - - [02/Sep/2010:17:24:57 +0200] "GET /content/assets/Kitas/Pusteblume/pusteblume050710.jpg HTTP/1.1" 200 19543 "http://www.awo-kv-bernau.de/content/pusteblume/" "Mozilla/5.0 (Windows; U; Windows NT 6.0; de; rv:1.9.2.8) Gecko/20100722 Firefox/3.6.8 (.NET CLR 3.5.30729)"
87.162.126.80 - - [02/Sep/2010:17:24:57 +0200] "GET /content/assets/Kitas/Pusteblume/pusteblume00.jpg HTTP/1.1" 200 125969 "http://www.awo-kv-bernau.de/content/pusteblume/" "Mozilla/5.0 (Windows; U; Windows NT 6.0; de; rv:1.9.2.8) Gecko/20100722 Firefox/3.6.8 (.NET CLR 3.5.30729)"
87.162.126.80 - - [02/Sep/2010:17:24:57 +0200] "GET /content/assets/Kitas/Pusteblume/logo.jpg HTTP/1.1" 200 74548 "http://www.awo-kv-bernau.de/content/pusteblume/" "Mozilla/5.0 (Windows; U; Windows NT 6.0; de; rv:1.9.2.8) Gecko/20100722 Firefox/3.6.8 (.NET CLR 3.5.30729)"
87.162.126.80 - - [02/Sep/2010:17:24:58 +0200] "GET /content/assets/Kitas/Pusteblume/pusteblume3.jpg HTTP/1.1" 200 54226 "http://www.awo-kv-bernau.de/content/pusteblume/" "Mozilla/5.0 (Windows; U; Windows NT 6.0; de; rv:1.9.2.8) Gecko/20100722 Firefox/3.6.8 (.NET CLR 3.5.30729)"
87.162.126.80 - - [02/Sep/2010:17:24:57 +0200] "GET /content/assets/Kitas/Pusteblume/pusteblume0.jpg HTTP/1.1" 200 63160 "http://www.awo-kv-bernau.de/content/pusteblume/" "Mozilla/5.0 (Windows; U; Windows NT 6.0; de; rv:1.9.2.8) Gecko/20100722 Firefox/3.6.8 (.NET CLR 3.5.30729)"
87.162.126.80 - - [02/Sep/2010:17:24:58 +0200] "GET /content/assets/Kitas/Pusteblume/pusteblume2.jpg HTTP/1.1" 200 68921 "http://www.awo-kv-bernau.de/content/pusteblume/" "Mozilla/5.0 (Windows; U; Windows NT 6.0; de; rv:1.9.2.8) Gecko/20100722 Firefox/3.6.8 (.NET CLR 3.5.30729)"
87.162.126.80 - - [02/Sep/2010:17:24:57 +0200] "GET /content/assets/Kitas/Pusteblume/pusteblume01.jpg HTTP/1.1" 200 54220 "http://www.awo-kv-bernau.de/content/pusteblume/" "Mozilla/5.0 (Windows; U; Windows NT 6.0; de; rv:1.9.2.8) Gecko/20100722 Firefox/3.6.8 (.NET CLR 3.5.30729)"
87.162.126.80 - - [02/Sep/2010:17:24:58 +0200] "GET /content/assets/Kitas/Pusteblume/pusteblume4.jpg HTTP/1.1" 200 65909 "http://www.awo-kv-bernau.de/content/pusteblume/" "Mozilla/5.0 (Windows; U; Windows NT 6.0; de; rv:1.9.2.8) Gecko/20100722 Firefox/3.6.8 (.NET CLR 3.5.30729)"
87.162.126.80 - - [02/Sep/2010:17:24:57 +0200] "GET /content/assets/Kitas/Pusteblume/pusteblume11.jpg HTTP/1.1" 200 99506 "http://www.awo-kv-bernau.de/content/pusteblume/" "Mozilla/5.0 (Windows; U; Windows NT 6.0; de; rv:1.9.2.8) Gecko/20100722 Firefox/3.6.8 (.NET CLR 3.5.30729)"
87.162.126.80 - - [02/Sep/2010:17:25:34 +0200] "GET /content/rappelkiste/ HTTP/1.1" 200 18477 "http://www.awo-kv-bernau.de/content/kinderland/" "Mozilla/5.0 (Windows; U; Windows NT 6.0; de; rv:1.9.2.8) Gecko/20100722 Firefox/3.6.8 (.NET CLR 3.5.30729)"
87.162.126.80 - - [02/Sep/2010:17:25:35 +0200] "GET /content/themes/blackcandy/css/layout.css?m=1281258825 HTTP/1.1" 304 - "http://www.awo-kv-bernau.de/content/rappelkiste/" "Mozilla/5.0 (Windows; U; Windows NT 6.0; de; rv:1.9.2.8) Gecko/20100722 Firefox/3.6.8 (.NET CLR 3.5.30729)"
87.162.126.80 - - [02/Sep/2010:17:25:35 +0200] "GET /content/themes/blackcandy/css/typography.css?m=1281262824 HTTP/1.1" 304 - "http://www.awo-kv-bernau.de/content/rappelkiste/" "Mozilla/5.0 (Windows; U; Windows NT 6.0; de; rv:1.9.2.8) Gecko/20100722 Firefox/3.6.8 (.NET CLR 3.5.30729)"
87.162.126.80 - - [02/Sep/2010:17:25:35 +0200] "GET /content/themes/blackcandy/css/form.css?m=1277278133 HTTP/1.1" 304 - "http://www.awo-kv-bernau.de/content/rappelkiste/" "Mozilla/5.0 (Windows; U; Windows NT 6.0; de; rv:1.9.2.8) Gecko/20100722 Firefox/3.6.8 (.NET CLR 3.5.30729)"
87.162.126.80 - - [02/Sep/2010:17:25:35 +0200] "GET /content/assets/Kitas/Rappelkiste/rappelkiste0.jpg HTTP/1.1" 200 61201 "http://www.awo-kv-bernau.de/content/rappelkiste/" "Mozilla/5.0 (Windows; U; Windows NT 6.0; de; rv:1.9.2.8) Gecko/20100722 Firefox/3.6.8 (.NET CLR 3.5.30729)"
87.162.126.80 - - [02/Sep/2010:17:25:35 +0200] "GET /content/assets/Kitas/Rappelkiste/rappelkiste110610.jpg HTTP/1.1" 200 52468 "http://www.awo-kv-bernau.de/content/rappelkiste/" "Mozilla/5.0 (Windows; U; Windows NT 6.0; de; rv:1.9.2.8) Gecko/20100722 Firefox/3.6.8 (.NET CLR 3.5.30729)"
87.162.126.80 - - [02/Sep/2010:17:25:35 +0200] "GET /content/assets/Kitas/Rappelkiste/logo.jpg HTTP/1.1" 200 63885 "http://www.awo-kv-bernau.de/content/rappelkiste/" "Mozilla/5.0 (Windows; U; Windows NT 6.0; de; rv:1.9.2.8) Gecko/20100722 Firefox/3.6.8 (.NET CLR 3.5.30729)"
87.162.126.80 - - [02/Sep/2010:17:25:35 +0200] "GET /content/assets/Kitas/Rappelkiste/rappelkiste250410.jpg HTTP/1.1" 200 61552 "http://www.awo-kv-bernau.de/content/rappelkiste/" "Mozilla/5.0 (Windows; U; Windows NT 6.0; de; rv:1.9.2.8) Gecko/20100722 Firefox/3.6.8 (.NET CLR 3.5.30729)"
87.162.126.80 - - [02/Sep/2010:17:25:35 +0200] "GET /content/assets/Kitas/Rappelkiste/rappelkiste2.jpg HTTP/1.1" 200 65847 "http://www.awo-kv-bernau.de/content/rappelkiste/" "Mozilla/5.0 (Windows; U; Windows NT 6.0; de; rv:1.9.2.8) Gecko/20100722 Firefox/3.6.8 (.NET CLR 3.5.30729)"
87.162.126.80 - - [02/Sep/2010:17:25:36 +0200] "GET /content/assets/Kitas/Rappelkiste/rappelkiste3.jpg HTTP/1.1" 200 71987 "http://www.awo-kv-bernau.de/content/rappelkiste/" "Mozilla/5.0 (Windows; U; Windows NT 6.0; de; rv:1.9.2.8) Gecko/20100722 Firefox/3.6.8 (.NET CLR 3.5.30729)"
87.162.126.80 - - [02/Sep/2010:17:25:35 +0200] "GET /content/assets/Kitas/Rappelkiste/rap2.jpg HTTP/1.1" 200 90147 "http://www.awo-kv-bernau.de/content/rappelkiste/" "Mozilla/5.0 (Windows; U; Windows NT 6.0; de; rv:1.9.2.8) Gecko/20100722 Firefox/3.6.8 (.NET CLR 3.5.30729)"
87.162.126.80 - - [02/Sep/2010:17:25:36 +0200] "GET /content/assets/Kitas/Rappelkiste/rappelkiste6.jpg HTTP/1.1" 200 47021 "http://www.awo-kv-bernau.de/content/rappelkiste/" "Mozilla/5.0 (Windows; U; Windows NT 6.0; de; rv:1.9.2.8) Gecko/20100722 Firefox/3.6.8 (.NET CLR 3.5.30729)"
87.162.126.80 - - [02/Sep/2010:17:25:36 +0200] "GET /content/assets/Kitas/Rappelkiste/rappelkiste4.jpg HTTP/1.1" 200 53974 "http://www.awo-kv-bernau.de/content/rappelkiste/" "Mozilla/5.0 (Windows; U; Windows NT 6.0; de; rv:1.9.2.8) Gecko/20100722 Firefox/3.6.8 (.NET CLR 3.5.30729)"
87.162.126.80 - - [02/Sep/2010:17:25:36 +0200] "GET /content/assets/Kitas/Rappelkiste/rappelkiste5.jpg HTTP/1.1" 200 59895 "http://www.awo-kv-bernau.de/content/rappelkiste/" "Mozilla/5.0 (Windows; U; Windows NT 6.0; de; rv:1.9.2.8) Gecko/20100722 Firefox/3.6.8 (.NET CLR 3.5.30729)"
87.162.126.80 - - [02/Sep/2010:17:26:11 +0200] "GET /content/traumland/ HTTP/1.1" 200 18574 "http://www.awo-kv-bernau.de/content/kinderland/" "Mozilla/5.0 (Windows; U; Windows NT 6.0; de; rv:1.9.2.8) Gecko/20100722 Firefox/3.6.8 (.NET CLR 3.5.30729)"
87.162.126.80 - - [02/Sep/2010:17:26:12 +0200] "GET /content/themes/blackcandy/css/layout.css?m=1281258825 HTTP/1.1" 304 - "http://www.awo-kv-bernau.de/content/traumland/" "Mozilla/5.0 (Windows; U; Windows NT 6.0; de; rv:1.9.2.8) Gecko/20100722 Firefox/3.6.8 (.NET CLR 3.5.30729)"
87.162.126.80 - - [02/Sep/2010:17:26:12 +0200] "GET /content/themes/blackcandy/css/typography.css?m=1281262824 HTTP/1.1" 304 - "http://www.awo-kv-bernau.de/content/traumland/" "Mozilla/5.0 (Windows; U; Windows NT 6.0; de; rv:1.9.2.8) Gecko/20100722 Firefox/3.6.8 (.NET CLR 3.5.30729)"
87.162.126.80 - - [02/Sep/2010:17:26:12 +0200] "GET /content/themes/blackcandy/css/form.css?m=1277278133 HTTP/1.1" 304 - "http://www.awo-kv-bernau.de/content/traumland/" "Mozilla/5.0 (Windows; U; Windows NT 6.0; de; rv:1.9.2.8) Gecko/20100722 Firefox/3.6.8 (.NET CLR 3.5.30729)"
87.162.126.80 - - [02/Sep/2010:17:26:12 +0200] "GET /content/assets/Kitas/Traumland/traumlandleiter.jpg HTTP/1.1" 200 15600 "http://www.awo-kv-bernau.de/content/traumland/" "Mozilla/5.0 (Windows; U; Windows NT 6.0; de; rv:1.9.2.8) Gecko/20100722 Firefox/3.6.8 (.NET CLR 3.5.30729)"
87.162.126.80 - - [02/Sep/2010:17:26:12 +0200] "GET /content/assets/Kitas/Traumland/traumland01.jpg HTTP/1.1" 200 67469 "http://www.awo-kv-bernau.de/content/traumland/" "Mozilla/5.0 (Windows; U; Windows NT 6.0; de; rv:1.9.2.8) Gecko/20100722 Firefox/3.6.8 (.NET CLR 3.5.30729)"
