66.249.67.8 - - [01/Sep/2010:00:01:26 +0200] "GET /content/kalender/jax_calendar.php?Y=3024&m=6&d=14&cal_id=0&language=german&gmt_ofs=-1&view=d1 HTTP/1.1" 200 11704 "-" "Mozilla/5.0 (compatible; Googlebot/2.1; +http://www.google.com/bot.html)"
207.46.199.191 - - [01/Sep/2010:00:02:34 +0200] "GET /robots.txt HTTP/1.1" 404 1256 "-" "msnbot/2.0b (+http://search.msn.com/msnbot.htm)"
66.249.67.8 - - [01/Sep/2010:00:08:23 +0200] "GET /content/kalender/jax_calendar.php?Y=-9911&m=7&d=21&view=d1 HTTP/1.1" 200 11900 "-" "Mozilla/5.0 (compatible; Googlebot/2.1; +http://www.google.com/bot.html)"
66.249.67.8 - - [01/Sep/2010:00:08:24 +0200] "GET /content/kalender/jax_calendar.php?Y=3019&m=3&d=1&view=d1 HTTP/1.1" 200 11768 "-" "Mozilla/5.0 (compatible; Googlebot/2.1; +http://www.google.com/bot.html)"
66.249.67.8 - - [01/Sep/2010:00:08:24 +0200] "GET /content/kalender/jax_calendar.php?Y=3032&m=12&d=14&cal_id=0&language=german&gmt_ofs=-1&view=d1 HTTP/1.1" 200 11770 "-" "Mozilla/5.0 (compatible; Googlebot/2.1; +http://www.google.com/bot.html)"
66.249.67.8 - - [01/Sep/2010:00:08:25 +0200] "GET /content/kalender/jax_calendar.php?Y=-9912&m=10&d=29&view=d1 HTTP/1.1" 200 11965 "-" "Mozilla/5.0 (compatible; Googlebot/2.1; +http://www.google.com/bot.html)"
207.46.195.223 - - [01/Sep/2010:00:10:17 +0200] "GET /content/rappelkiste/ HTTP/1.1" 200 18477 "-" "msnbot/2.0b (+http://search.msn.com/msnbot.htm)"
66.249.67.8 - - [01/Sep/2010:00:11:22 +0200] "GET /content/kalender/jax_calendar.php?Y=3027&m=8&d=14&cal_id=0&language=german&gmt_ofs=-1&view=d1 HTTP/1.1" 200 11706 "-" "Mozilla/5.0 (compatible; Googlebot/2.1; +http://www.google.com/bot.html)"
66.249.67.8 - - [01/Sep/2010:00:15:20 +0200] "GET /content/kalender/jax_calendar.php?Y=3024&m=2&d=14&cal_id=0&language=german&gmt_ofs=-1&view=d1 HTTP/1.1" 200 11707 "-" "Mozilla/5.0 (compatible; Googlebot/2.1; +http://www.google.com/bot.html)"
66.249.67.8 - - [01/Sep/2010:00:19:19 +0200] "GET /content/kalender/jax_calendar.php?Y=-9904&m=6&d=4&cal_id=0&language=german&gmt_ofs=-1&view=d1 HTTP/1.1" 200 11764 "-" "Mozilla/5.0 (compatible; Googlebot/2.1; +http://www.google.com/bot.html)"
66.249.67.8 - - [01/Sep/2010:00:23:55 +0200] "GET /content/kalender/jax_calendar.php?Y=-9902&m=2&d=5&cal_id=0&language=german&gmt_ofs=-1&view=d1 HTTP/1.1" 200 11767 "-" "Mozilla/5.0 (compatible; Googlebot/2.1; +http://www.google.com/bot.html)"
66.249.67.8 - - [01/Sep/2010:00:27:12 +0200] "GET /content/kalender/jax_calendar.php?Y=3022&m=9&d=36&view=d1 HTTP/1.1" 200 11810 "-" "Mozilla/5.0 (compatible; Googlebot/2.1; +http://www.google.com/bot.html)"
207.46.194.37 - - [01/Sep/2010:00:28:35 +0200] "GET /robots.txt HTTP/1.1" 404 1256 "-" "msnbot-media/1.1 (+http://search.msn.com/msnbot.htm)"
207.46.194.37 - - [01/Sep/2010:00:28:35 +0200] "GET /content/assets/Beratung/Frueh1/fbs1209.jpg HTTP/1.1" 200 18918 "-" "msnbot-media/1.1 (+http://search.msn.com/msnbot.htm)"
66.249.67.8 - - [01/Sep/2010:00:31:10 +0200] "GET /content/kalender/jax_calendar.php?Y=3029&m=2&d=14&cal_id=0&language=german&gmt_ofs=-1&view=d1 HTTP/1.1" 200 11707 "-" "Mozilla/5.0 (compatible; Googlebot/2.1; +http://www.google.com/bot.html)"
66.249.67.8 - - [01/Sep/2010:00:35:10 +0200] "GET /content/kalender/jax_calendar.php?Y=-9912&m=12&d=35&view=d1 HTTP/1.1" 200 11966 "-" "Mozilla/5.0 (compatible; Googlebot/2.1; +http://www.google.com/bot.html)"
66.249.67.8 - - [01/Sep/2010:00:39:11 +0200] "GET /content/kalender/jax_calendar.php?Y=3027&m=6&d=14&cal_id=0&language=german&gmt_ofs=-1&view=d1 HTTP/1.1" 200 11704 "-" "Mozilla/5.0 (compatible; Googlebot/2.1; +http://www.google.com/bot.html)"
66.249.67.8 - - [01/Sep/2010:00:40:59 +0200] "GET /content/kalender/jax_calendar.php?Y=-9908&m=8&d=4&cal_id=0&language=german&gmt_ofs=-1&view=d1 HTTP/1.1" 200 11766 "-" "Mozilla/5.0 (compatible; Googlebot/2.1; +http://www.google.com/bot.html)"
207.46.13.44 - - [01/Sep/2010:00:41:56 +0200] "GET /robots.txt HTTP/1.1" 404 1256 "-" "msnbot/2.0b (+http://search.msn.com/msnbot.htm)"
66.249.67.8 - - [01/Sep/2010:00:43:08 +0200] "GET /content/kalender/jax_calendar.php?Y=-10106&m=7&d=27&view=d1 HTTP/1.1" 200 11996 "-" "Mozilla/5.0 (compatible; Googlebot/2.1; +http://www.google.com/bot.html)"
66.249.67.8 - - [01/Sep/2010:00:46:16 +0200] "GET /content/kalender/jax_calendar.php?Y=-10096&m=5&d=11&view=d1 HTTP/1.1" 200 11995 "-" "Mozilla/5.0 (compatible; Googlebot/2.1; +http://www.google.com/bot.html)"
93.192.144.235 - - [01/Sep/2010:00:47:27 +0200] "GET / HTTP/1.1" 302 - "-" "Mozilla/5.0 (Macintosh; U; Intel Mac OS X 10_5_6; en-us) AppleWebKit/528.16 (KHTML, like Gecko) Version/4.0 Safari/528.16"
66.249.67.8 - - [01/Sep/2010:00:47:38 +0200] "GET /content/kalender/jax_calendar.php?Y=2002&m=7&d=11&view=d1&language=english HTTP/1.1" 200 11125 "-" "Mozilla/5.0 (compatible; Googlebot/2.1; +http://www.google.com/bot.html)"
207.46.13.44 - - [01/Sep/2010:00:49:01 +0200] "GET /content/mitglied-werden/ HTTP/1.1" 200 8785 "-" "msnbot/2.0b (+http://search.msn.com/msnbot.htm)"
66.249.67.8 - - [01/Sep/2010:00:49:33 +0200] "GET /content/kalender/jax_calendar.php?Y=1595&m=3&d=19&view=d1 HTTP/1.1" 200 11804 "-" "Mozilla/5.0 (compatible; Googlebot/2.1; +http://www.google.com/bot.html)"
66.249.67.8 - - [01/Sep/2010:00:52:33 +0200] "GET /content/kalender/jax_calendar.php?Y=-9912&m=2&d=18&view=d1 HTTP/1.1" 200 11903 "-" "Mozilla/5.0 (compatible; Googlebot/2.1; +http://www.google.com/bot.html)"
66.249.67.8 - - [01/Sep/2010:00:55:42 +0200] "GET /content/kalender/jax_calendar.php?Y=-9902&m=4&d=10&view=d1 HTTP/1.1" 200 11901 "-" "Mozilla/5.0 (compatible; Googlebot/2.1; +http://www.google.com/bot.html)"
66.249.67.8 - - [01/Sep/2010:00:58:51 +0200] "GET /content/kalender/jax_calendar.php?Y=1591&m=11&d=18&view=d1 HTTP/1.1" 200 11871 "-" "Mozilla/5.0 (compatible; Googlebot/2.1; +http://www.google.com/bot.html)"
66.249.67.8 - - [01/Sep/2010:01:02:00 +0200] "GET /content/kalender/jax_calendar.php?Y=1591&m=7&d=10&view=d1 HTTP/1.1" 200 11804 "-" "Mozilla/5.0 (compatible; Googlebot/2.1; +http://www.google.com/bot.html)"
66.249.67.8 - - [01/Sep/2010:01:05:09 +0200] "GET /content/kalender/jax_calendar.php?Y=-9904&m=1&d=4&cal_id=0&language=german&gmt_ofs=-1&view=d1 HTTP/1.1" 200 11767 "-" "Mozilla/5.0 (compatible; Googlebot/2.1; +http://www.google.com/bot.html)"
66.249.67.8 - - [01/Sep/2010:01:08:18 +0200] "GET /content/kalender/jax_calendar.php?Y=3026&m=5&d=14&cal_id=0&language=german&gmt_ofs=-1&view=d1 HTTP/1.1" 200 11703 "-" "Mozilla/5.0 (compatible; Googlebot/2.1; +http://www.google.com/bot.html)"
66.249.67.8 - - [01/Sep/2010:01:11:27 +0200] "GET /content/kalender/jax_calendar.php?Y=-9903&m=5&d=26&view=d1 HTTP/1.1" 200 11899 "-" "Mozilla/5.0 (compatible; Googlebot/2.1; +http://www.google.com/bot.html)"
67.195.115.117 - - [01/Sep/2010:01:13:33 +0200] "GET /robots.txt HTTP/1.0" 404 1256 "-" "Mozilla/5.0 (compatible; Yahoo! Slurp; http://help.yahoo.com/help/us/ysearch/slurp)"
67.195.115.117 - - [01/Sep/2010:01:13:33 +0200] "GET /content/rappelkiste/ HTTP/1.0" 200 18477 "-" "Mozilla/5.0 (compatible; Yahoo! Slurp/3.0; http://help.yahoo.com/help/us/ysearch/slurp)"
67.195.115.117 - - [01/Sep/2010:01:13:34 +0200] "GET /content/themes/blackcandy/css/layout.css?m=1281258825 HTTP/1.0" 200 9945 "http://www.awo-kv-bernau.de/content/rappelkiste/" "Mozilla/5.0 (compatible; Yahoo! Slurp/3.0; http://help.yahoo.com/help/us/ysearch/slurp)"
67.195.115.117 - - [01/Sep/2010:01:13:35 +0200] "GET /content/themes/blackcandy/css/typography.css?m=1281262824 HTTP/1.0" 200 5090 "http://www.awo-kv-bernau.de/content/rappelkiste/" "Mozilla/5.0 (compatible; Yahoo! Slurp/3.0; http://help.yahoo.com/help/us/ysearch/slurp)"
67.195.115.117 - - [01/Sep/2010:01:13:35 +0200] "GET /content/themes/blackcandy/css/form.css?m=1277278133 HTTP/1.0" 304 - "http://www.awo-kv-bernau.de/content/rappelkiste/" "Mozilla/5.0 (compatible; Yahoo! Slurp/3.0; http://help.yahoo.com/help/us/ysearch/slurp)"
66.249.67.8 - - [01/Sep/2010:01:13:36 +0200] "GET /content/kalender/jax_calendar.php?Y=1590&m=4&d=18&view=d1 HTTP/1.1" 200 11805 "-" "Mozilla/5.0 (compatible; Googlebot/2.1; +http://www.google.com/bot.html)"
66.249.67.8 - - [01/Sep/2010:01:15:41 +0200] "GET /content/kalender/jax_calendar.php?Y=-10089&m=6&d=30&view=d1 HTTP/1.1" 200 11996 "-" "Mozilla/5.0 (compatible; Googlebot/2.1; +http://www.google.com/bot.html)"
66.249.67.8 - - [01/Sep/2010:01:17:54 +0200] "GET /content/kalender/jax_calendar.php?Y=-9906&m=8&d=4&cal_id=0&language=german&gmt_ofs=-1&view=d1 HTTP/1.1" 200 11766 "-" "Mozilla/5.0 (compatible; Googlebot/2.1; +http://www.google.com/bot.html)"
66.249.67.8 - - [01/Sep/2010:01:19:55 +0200] "GET /content/kalender/jax_calendar.php?Y=3032&m=2&d=14&cal_id=0&language=german&gmt_ofs=-1&view=d1 HTTP/1.1" 200 11707 "-" "Mozilla/5.0 (compatible; Googlebot/2.1; +http://www.google.com/bot.html)"
66.249.67.8 - - [01/Sep/2010:01:22:02 +0200] "GET /content/kalender/jax_calendar.php?Y=-10095&m=2&d=1&view=d1 HTTP/1.1" 200 11963 "-" "Mozilla/5.0 (compatible; Googlebot/2.1; +http://www.google.com/bot.html)"
66.249.67.8 - - [01/Sep/2010:01:24:09 +0200] "GET /content/kalender/jax_calendar.php?Y=-9912&m=7&d=29&view=d1 HTTP/1.1" 200 11900 "-" "Mozilla/5.0 (compatible; Googlebot/2.1; +http://www.google.com/bot.html)"
66.249.67.8 - - [01/Sep/2010:01:26:16 +0200] "GET /content/kalender/jax_calendar.php?Y=-10097&m=9&d=10&view=d1 HTTP/1.1" 200 12002 "-" "Mozilla/5.0 (compatible; Googlebot/2.1; +http://www.google.com/bot.html)"
66.249.67.8 - - [01/Sep/2010:01:28:23 +0200] "GET /content/kalender/jax_calendar.php?Y=-9899&m=5&d=39&cal_id=0&language=german&gmt_ofs=-1&view=d1 HTTP/1.1" 200 11799 "-" "Mozilla/5.0 (compatible; Googlebot/2.1; +http://www.google.com/bot.html)"
66.249.67.8 - - [01/Sep/2010:01:30:31 +0200] "GET /content/kalender/jax_calendar.php?Y=-9906&m=2&d=4&cal_id=0&language=german&gmt_ofs=-1&view=d1 HTTP/1.1" 200 11767 "-" "Mozilla/5.0 (compatible; Googlebot/2.1; +http://www.google.com/bot.html)"
66.249.67.8 - - [01/Sep/2010:01:32:38 +0200] "GET /content/kalender/jax_calendar.php?Y=-9909&m=12&d=39&cal_id=0&language=german&gmt_ofs=-1&view=d1 HTTP/1.1" 200 11866 "-" "Mozilla/5.0 (compatible; Googlebot/2.1; +http://www.google.com/bot.html)"
66.249.67.8 - - [01/Sep/2010:01:34:58 +0200] "GET /content/kalender/jax_calendar.php?Y=3030&m=9&d=14&cal_id=0&language=german&gmt_ofs=-1&view=d1 HTTP/1.1" 200 11710 "-" "Mozilla/5.0 (compatible; Googlebot/2.1; +http://www.google.com/bot.html)"
66.249.67.8 - - [01/Sep/2010:01:36:51 +0200] "GET /content/kalender/jax_calendar.php?Y=3024&m=3&d=14&cal_id=0&language=german&gmt_ofs=-1&view=d1 HTTP/1.1" 200 11704 "-" "Mozilla/5.0 (compatible; Googlebot/2.1; +http://www.google.com/bot.html)"
66.249.67.8 - - [01/Sep/2010:01:38:58 +0200] "GET /content/kalender/jax_calendar.php?Y=3025&m=8&d=14&cal_id=0&language=german&gmt_ofs=-1&view=d1 HTTP/1.1" 200 11706 "-" "Mozilla/5.0 (compatible; Googlebot/2.1; +http://www.google.com/bot.html)"
66.249.67.8 - - [01/Sep/2010:01:41:05 +0200] "GET /content/kalender/jax_calendar.php?Y=-9902&m=10&d=5&cal_id=0&language=german&gmt_ofs=-1&view=d1 HTTP/1.1" 200 11829 "-" "Mozilla/5.0 (compatible; Googlebot/2.1; +http://www.google.com/bot.html)"
66.249.67.8 - - [01/Sep/2010:01:43:13 +0200] "GET /content/kalender/jax_calendar.php?Y=3032&m=9&d=14&cal_id=0&language=german&gmt_ofs=-1&view=d1 HTTP/1.1" 200 11710 "-" "Mozilla/5.0 (compatible; Googlebot/2.1; +http://www.google.com/bot.html)"
66.249.67.8 - - [01/Sep/2010:01:45:33 +0200] "GET /content/kalender/jax_calendar.php?Y=3028&m=2&d=14&cal_id=0&language=german&gmt_ofs=-1&view=d1 HTTP/1.1" 200 11707 "-" "Mozilla/5.0 (compatible; Googlebot/2.1; +http://www.google.com/bot.html)"
66.249.67.8 - - [01/Sep/2010:01:47:45 +0200] "GET /content/kalender/jax_calendar.php?Y=1589&m=11&d=10&view=d1 HTTP/1.1" 200 11871 "-" "Mozilla/5.0 (compatible; Googlebot/2.1; +http://www.google.com/bot.html)"
66.249.67.8 - - [01/Sep/2010:01:50:02 +0200] "GET /content/kalender/jax_calendar.php?Y=3030&m=8&d=14&cal_id=0&language=german&gmt_ofs=-1&view=d1 HTTP/1.1" 200 11706 "-" "Mozilla/5.0 (compatible; Googlebot/2.1; +http://www.google.com/bot.html)"
66.249.67.52 - - [01/Sep/2010:01:52:18 +0200] "GET /content/kalender/jax_calendar.php?Y=-9902&m=12&d=5&cal_id=0&language=german&gmt_ofs=-1&view=d1 HTTP/1.1" 200 11830 "-" "Mozilla/5.0 (compatible; Googlebot/2.1; +http://www.google.com/bot.html)"
66.249.67.52 - - [01/Sep/2010:01:54:35 +0200] "GET /content/kalender/jax_calendar.php?Y=-9890&m=5&d=39&cal_id=0&language=german&gmt_ofs=-1&view=d1 HTTP/1.1" 200 11799 "-" "Mozilla/5.0 (compatible; Googlebot/2.1; +http://www.google.com/bot.html)"
207.46.204.196 - - [01/Sep/2010:01:55:10 +0200] "GET /content/ueberregionale-fruehfoerder-und-beratungsstelle-hoeren/ HTTP/1.1" 200 11990 "-" "msnbot/2.0b (+http://search.msn.com/msnbot.htm)"
66.249.67.52 - - [01/Sep/2010:01:56:52 +0200] "GET /content/kalender/jax_calendar.php?Y=1592&m=12&d=39&view=d1 HTTP/1.1" 200 11870 "-" "Mozilla/5.0 (compatible; Googlebot/2.1; +http://www.google.com/bot.html)"
66.249.67.52 - - [01/Sep/2010:01:59:08 +0200] "GET /content/kalender/jax_calendar.php?Y=1594&m=1&d=5&view=d1 HTTP/1.1" 200 11771 "-" "Mozilla/5.0 (compatible; Googlebot/2.1; +http://www.google.com/bot.html)"
66.249.67.52 - - [01/Sep/2010:02:17:48 +0200] "GET /content/kalender/jax_calendar.php?Y=-10096&m=4&d=4&view=d1 HTTP/1.1" 200 11960 "-" "Mozilla/5.0 (compatible; Googlebot/2.1; +http://www.google.com/bot.html)"
66.249.67.52 - - [01/Sep/2010:02:18:56 +0200] "GET /content/kalender/jax_calendar.php?Y=2010&m=8&d=12&cal_id=0&language=german&gmt_ofs=-1&view=d1&view=d1 HTTP/1.1" 200 28265 "-" "Mozilla/5.0 (compatible; Googlebot/2.1; +http://www.google.com/bot.html)"
66.249.67.52 - - [01/Sep/2010:02:20:19 +0200] "GET /content/kalender/jax_calendar.php?Y=3032&m=8&d=14&cal_id=0&language=german&gmt_ofs=-1&view=d1 HTTP/1.1" 200 11705 "-" "Mozilla/5.0 (compatible; Googlebot/2.1; +http://www.google.com/bot.html)"
66.249.67.52 - - [01/Sep/2010:02:22:22 +0200] "GET /content/kalender/jax_calendar.php?Y=-9909&m=2&d=4&cal_id=0&language=german&gmt_ofs=-1&view=d1 HTTP/1.1" 200 11766 "-" "Mozilla/5.0 (compatible; Googlebot/2.1; +http://www.google.com/bot.html)"
66.249.67.52 - - [01/Sep/2010:02:24:46 +0200] "GET /content/kalender/jax_calendar.php?Y=-9897&m=5&d=39&cal_id=0&language=german&gmt_ofs=-1&view=d1 HTTP/1.1" 200 11798 "-" "Mozilla/5.0 (compatible; Googlebot/2.1; +http://www.google.com/bot.html)"
66.249.67.52 - - [01/Sep/2010:02:27:10 +0200] "GET /content/kalender/jax_calendar.php?Y=-9907&m=9&d=5&cal_id=0&language=german&gmt_ofs=-1&view=d1 HTTP/1.1" 200 11769 "-" "Mozilla/5.0 (compatible; Googlebot/2.1; +http://www.google.com/bot.html)"
66.249.67.52 - - [01/Sep/2010:02:29:35 +0200] "GET /content/kalender/jax_calendar.php?Y=3025&m=1&d=14&cal_id=0&language=german&gmt_ofs=-1&view=d1 HTTP/1.1" 200 11706 "-" "Mozilla/5.0 (compatible; Googlebot/2.1; +http://www.google.com/bot.html)"
66.249.67.52 - - [01/Sep/2010:02:31:59 +0200] "GET /content/kalender/jax_calendar.php?Y=1594&m=3&d=15&view=d1 HTTP/1.1" 200 11803 "-" "Mozilla/5.0 (compatible; Googlebot/2.1; +http://www.google.com/bot.html)"
66.249.67.52 - - [01/Sep/2010:02:34:23 +0200] "GET /content/kalender/jax_calendar.php?Y=3024&m=1&d=14&cal_id=0&language=german&gmt_ofs=-1&view=d1 HTTP/1.1" 200 11706 "-" "Mozilla/5.0 (compatible; Googlebot/2.1; +http://www.google.com/bot.html)"
66.249.67.52 - - [01/Sep/2010:02:36:47 +0200] "GET /content/kalender/jax_calendar.php?Y=-9904&m=11&d=4&cal_id=0&language=german&gmt_ofs=-1&view=d1 HTTP/1.1" 200 11830 "-" "Mozilla/5.0 (compatible; Googlebot/2.1; +http://www.google.com/bot.html)"
66.249.67.52 - - [01/Sep/2010:02:39:11 +0200] "GET /robots.txt HTTP/1.1" 404 1256 "-" "Mozilla/5.0 (compatible; Googlebot/2.1; +http://www.google.com/bot.html)"
66.249.67.52 - - [01/Sep/2010:02:39:11 +0200] "GET /content/kalender/jax_calendar.php?Y=-9890&m=4&d=5&cal_id=0&language=german&gmt_ofs=-1&view=d1 HTTP/1.1" 200 11764 "-" "Mozilla/5.0 (compatible; Googlebot/2.1; +http://www.google.com/bot.html)"
66.249.67.52 - - [01/Sep/2010:02:41:56 +0200] "GET /content/kalender/jax_calendar.php?Y=-10108&m=8&d=1&cal_id=0&language=english&gmt_ofs=0&view=d1 HTTP/1.1" 200 11799 "-" "Mozilla/5.0 (compatible; Googlebot/2.1; +http://www.google.com/bot.html)"
66.249.67.52 - - [01/Sep/2010:02:44:10 +0200] "GET /content/kalender/jax_calendar.php?Y=3025&m=2&d=14&cal_id=0&language=german&gmt_ofs=-1&view=d1 HTTP/1.1" 200 11706 "-" "Mozilla/5.0 (compatible; Googlebot/2.1; +http://www.google.com/bot.html)"
66.249.67.52 - - [01/Sep/2010:02:50:20 +0200] "GET /content/kalender/jax_calendar.php?Y=2000&m=6&d=1&cal_id=0&language=german&gmt_ofs=-1&view=d1&view=d1 HTTP/1.1" 200 11084 "-" "Mozilla/5.0 (compatible; Googlebot/2.1; +http://www.google.com/bot.html)"
66.249.67.52 - - [01/Sep/2010:02:50:21 +0200] "GET /content/kalender/jax_calendar.php?Y=1592&m=10&d=1&view=d1 HTTP/1.1" 200 11832 "-" "Mozilla/5.0 (compatible; Googlebot/2.1; +http://www.google.com/bot.html)"
66.249.67.52 - - [01/Sep/2010:02:52:36 +0200] "GET /content/kalender/jax_calendar.php?Y=3030&m=6&d=14&cal_id=0&language=german&gmt_ofs=-1&view=d1 HTTP/1.1" 200 11703 "-" "Mozilla/5.0 (compatible; Googlebot/2.1; +http://www.google.com/bot.html)"
66.249.67.52 - - [01/Sep/2010:02:55:22 +0200] "GET /content/kalender/jax_calendar.php?Y=3028&m=1&d=14&cal_id=0&language=german&gmt_ofs=-1&view=d1 HTTP/1.1" 200 11706 "-" "Mozilla/5.0 (compatible; Googlebot/2.1; +http://www.google.com/bot.html)"
207.46.13.133 - - [01/Sep/2010:02:55:42 +0200] "GET /robots.txt HTTP/1.1" 404 1256 "-" "msnbot/2.0b (+http://search.msn.com/msnbot.htm)"
66.249.67.52 - - [01/Sep/2010:02:58:02 +0200] "GET /content/kalender/jax_calendar.php?Y=3023&m=2&d=23&view=d1 HTTP/1.1" 200 11806 "-" "Mozilla/5.0 (compatible; Googlebot/2.1; +http://www.google.com/bot.html)"
66.249.67.52 - - [01/Sep/2010:03:00:45 +0200] "GET /content/kalender/jax_calendar.php?Y=-9904&m=2&d=4&cal_id=0&language=german&gmt_ofs=-1&view=d1 HTTP/1.1" 200 11766 "-" "Mozilla/5.0 (compatible; Googlebot/2.1; +http://www.google.com/bot.html)"
66.249.67.52 - - [01/Sep/2010:03:03:29 +0200] "GET /content/kalender/jax_calendar.php?Y=1588&m=4&d=11&view=d1 HTTP/1.1" 200 11804 "-" "Mozilla/5.0 (compatible; Googlebot/2.1; +http://www.google.com/bot.html)"
66.249.67.52 - - [01/Sep/2010:03:06:32 +0200] "GET /content/kalender/jax_calendar.php?Y=3024&m=8&d=14&cal_id=0&language=german&gmt_ofs=-1&view=d1 HTTP/1.1" 200 11705 "-" "Mozilla/5.0 (compatible; Googlebot/2.1; +http://www.google.com/bot.html)"
66.249.67.52 - - [01/Sep/2010:03:08:54 +0200] "GET /content/kalender/jax_calendar.php?Y=3025&m=6&d=14&cal_id=0&language=german&gmt_ofs=-1&view=d1 HTTP/1.1" 200 11703 "-" "Mozilla/5.0 (compatible; Googlebot/2.1; +http://www.google.com/bot.html)"
207.46.13.133 - - [01/Sep/2010:03:09:00 +0200] "GET /content/kalender/jax_calendar.php?Y=2010&m=7&d=27&view=d1 HTTP/1.1" 200 29570 "-" "msnbot/2.0b (+http://search.msn.com/msnbot.htm)"
66.249.67.52 - - [01/Sep/2010:03:11:37 +0200] "GET /content/kalender/jax_calendar.php?Y=-9906&m=11&d=4&cal_id=0&language=german&gmt_ofs=-1&view=d1 HTTP/1.1" 200 11830 "-" "Mozilla/5.0 (compatible; Googlebot/2.1; +http://www.google.com/bot.html)"
66.249.67.52 - - [01/Sep/2010:03:14:21 +0200] "GET /content/kalender/jax_calendar.php?Y=-10095&m=12&d=17&view=d1 HTTP/1.1" 200 12061 "-" "Mozilla/5.0 (compatible; Googlebot/2.1; +http://www.google.com/bot.html)"
66.249.67.52 - - [01/Sep/2010:03:17:04 +0200] "GET /content/kalender/jax_calendar.php?Y=-10089&m=10&d=32&view=d1 HTTP/1.1" 200 12060 "-" "Mozilla/5.0 (compatible; Googlebot/2.1; +http://www.google.com/bot.html)"
66.249.67.52 - - [01/Sep/2010:03:19:49 +0200] "GET /content/kalender/jax_calendar.php?Y=1595&m=9&d=27&view=d1 HTTP/1.1" 200 11809 "-" "Mozilla/5.0 (compatible; Googlebot/2.1; +http://www.google.com/bot.html)"
66.249.67.52 - - [01/Sep/2010:03:24:20 +0200] "GET /content/kalender/jax_calendar.php?Y=2000&m=4&d=1&cal_id=0&language=german&gmt_ofs=-1&view=d1&view=d1 HTTP/1.1" 200 11087 "-" "Mozilla/5.0 (compatible; Googlebot/2.1; +http://www.google.com/bot.html)"
66.249.67.52 - - [01/Sep/2010:03:24:22 +0200] "GET /content/kalender/jax_calendar.php?Y=-9906&m=7&d=5&cal_id=0&language=german&gmt_ofs=-1&view=d1 HTTP/1.1" 200 11763 "-" "Mozilla/5.0 (compatible; Googlebot/2.1; +http://www.google.com/bot.html)"
66.249.67.52 - - [01/Sep/2010:03:25:58 +0200] "GET /content/kalender/jax_calendar.php?Y=1580&m=5&d=16&view=d1 HTTP/1.1" 200 11802 "-" "Mozilla/5.0 (compatible; Googlebot/2.1; +http://www.google.com/bot.html)"
66.249.67.52 - - [01/Sep/2010:03:28:35 +0200] "GET /content/kalender/jax_calendar.php?Y=1595&m=12&d=34&view=d1 HTTP/1.1" 200 11869 "-" "Mozilla/5.0 (compatible; Googlebot/2.1; +http://www.google.com/bot.html)"
66.249.67.52 - - [01/Sep/2010:03:31:12 +0200] "GET /content/kalender/jax_calendar.php?Y=1588&m=1&d=18&view=d1 HTTP/1.1" 200 11806 "-" "Mozilla/5.0 (compatible; Googlebot/2.1; +http://www.google.com/bot.html)"
66.249.67.52 - - [01/Sep/2010:03:33:48 +0200] "GET /content/kalender/jax_calendar.php?Y=-10092&m=4&d=21&view=d1 HTTP/1.1" 200 11996 "-" "Mozilla/5.0 (compatible; Googlebot/2.1; +http://www.google.com/bot.html)"
66.249.67.52 - - [01/Sep/2010:03:36:25 +0200] "GET /content/kalender/jax_calendar.php?Y=-9901&m=6&d=5&cal_id=0&language=german&gmt_ofs=-1&view=d1 HTTP/1.1" 200 11763 "-" "Mozilla/5.0 (compatible; Googlebot/2.1; +http://www.google.com/bot.html)"
66.249.67.52 - - [01/Sep/2010:03:39:19 +0200] "GET /content/kalender/jax_calendar.php?Y=-10098&m=12&d=9&view=d1 HTTP/1.1" 200 12025 "-" "Mozilla/5.0 (compatible; Googlebot/2.1; +http://www.google.com/bot.html)"
66.249.67.52 - - [01/Sep/2010:03:41:37 +0200] "GET /content/kalender/jax_calendar.php?Y=-10089&m=12&d=35&view=d1 HTTP/1.1" 200 12061 "-" "Mozilla/5.0 (compatible; Googlebot/2.1; +http://www.google.com/bot.html)"
66.249.67.52 - - [01/Sep/2010:03:44:14 +0200] "GET /content/kalender/jax_calendar.php?Y=-9908&m=10&d=4&cal_id=0&language=german&gmt_ofs=-1&view=d1 HTTP/1.1" 200 11828 "-" "Mozilla/5.0 (compatible; Googlebot/2.1; +http://www.google.com/bot.html)"
66.249.67.52 - - [01/Sep/2010:03:49:28 +0200] "GET /content/kalender/jax_calendar.php?Y=1595&m=11&d=29&view=d1 HTTP/1.1" 200 11870 "-" "Mozilla/5.0 (compatible; Googlebot/2.1; +http://www.google.com/bot.html)"
66.249.67.52 - - [01/Sep/2010:03:51:07 +0200] "GET /content/kalender/jax_calendar.php?Y=-10098&m=8&d=2&view=d1 HTTP/1.1" 200 11961 "-" "Mozilla/5.0 (compatible; Googlebot/2.1; +http://www.google.com/bot.html)"
66.249.67.52 - - [01/Sep/2010:03:53:05 +0200] "GET /content/kalender/jax_calendar.php?Y=-10096&m=12&d=20&view=d1 HTTP/1.1" 200 12061 "-" "Mozilla/5.0 (compatible; Googlebot/2.1; +http://www.google.com/bot.html)"
66.249.67.52 - - [01/Sep/2010:03:53:38 +0200] "GET /content/kalender/jax_calendar.php?Y=-9918&m=11&d=1&view=d1 HTTP/1.1" 200 11930 "-" "Mozilla/5.0 (compatible; Googlebot/2.1; +http://www.google.com/bot.html)"
66.249.67.52 - - [01/Sep/2010:03:55:45 +0200] "GET /content/kalender/jax_calendar.php?Y=3016&m=2&d=21&view=d1 HTTP/1.1" 200 11806 "-" "Mozilla/5.0 (compatible; Googlebot/2.1; +http://www.google.com/bot.html)"
66.249.67.52 - - [01/Sep/2010:03:55:47 +0200] "GET /content/kalender/jax_calendar.php?Y=-10100&m=7&d=31&view=d1 HTTP/1.1" 200 11995 "-" "Mozilla/5.0 (compatible; Googlebot/2.1; +http://www.google.com/bot.html)"
66.249.67.52 - - [01/Sep/2010:03:55:47 +0200] "GET /content/kalender/jax_calendar.php?Y=3029&m=8&d=14&cal_id=0&language=german&gmt_ofs=-1&view=d1 HTTP/1.1" 200 11705 "-" "Mozilla/5.0 (compatible; Googlebot/2.1; +http://www.google.com/bot.html)"
66.249.67.52 - - [01/Sep/2010:03:58:05 +0200] "GET /content/kalender/jax_calendar.php?Y=-10108&m=9&d=1&cal_id=0&language=english&gmt_ofs=0&view=d1 HTTP/1.1" 200 11800 "-" "Mozilla/5.0 (compatible; Googlebot/2.1; +http://www.google.com/bot.html)"
66.249.67.52 - - [01/Sep/2010:04:01:11 +0200] "GET /content/kalender/jax_calendar.php?Y=-9900&m=8&d=39&cal_id=0&language=german&gmt_ofs=-1&view=d1 HTTP/1.1" 200 11801 "-" "Mozilla/5.0 (compatible; Googlebot/2.1; +http://www.google.com/bot.html)"
66.249.67.52 - - [01/Sep/2010:04:04:16 +0200] "GET /content/kalender/jax_calendar.php?Y=-10092&m=10&d=13&view=d1 HTTP/1.1" 200 12060 "-" "Mozilla/5.0 (compatible; Googlebot/2.1; +http://www.google.com/bot.html)"
66.249.67.52 - - [01/Sep/2010:04:07:41 +0200] "GET /content/kalender/jax_calendar.php?Y=1588&m=2&d=30&view=d1 HTTP/1.1" 200 11806 "-" "Mozilla/5.0 (compatible; Googlebot/2.1; +http://www.google.com/bot.html)"
66.249.67.52 - - [01/Sep/2010:04:10:26 +0200] "GET /content/kalender/jax_calendar.php?Y=-9904&m=7&d=5&cal_id=0&language=german&gmt_ofs=-1&view=d1 HTTP/1.1" 200 11763 "-" "Mozilla/5.0 (compatible; Googlebot/2.1; +http://www.google.com/bot.html)"
66.249.67.52 - - [01/Sep/2010:04:13:32 +0200] "GET /content/kalender/jax_calendar.php?Y=-9912&m=6&d=37&view=d1 HTTP/1.1" 200 11899 "-" "Mozilla/5.0 (compatible; Googlebot/2.1; +http://www.google.com/bot.html)"
66.249.67.52 - - [01/Sep/2010:04:16:39 +0200] "GET /content/kalender/jax_calendar.php?Y=-10090&m=8&d=8&view=d1 HTTP/1.1" 200 11961 "-" "Mozilla/5.0 (compatible; Googlebot/2.1; +http://www.google.com/bot.html)"
66.249.67.52 - - [01/Sep/2010:04:19:45 +0200] "GET /content/kalender/jax_calendar.php?Y=-9908&m=6&d=4&cal_id=0&language=german&gmt_ofs=-1&view=d1 HTTP/1.1" 200 11763 "-" "Mozilla/5.0 (compatible; Googlebot/2.1; +http://www.google.com/bot.html)"
66.249.67.52 - - [01/Sep/2010:04:22:51 +0200] "GET /content/kalender/jax_calendar.php?Y=-9904&m=10&d=4&cal_id=0&language=german&gmt_ofs=-1&view=d1 HTTP/1.1" 200 11828 "-" "Mozilla/5.0 (compatible; Googlebot/2.1; +http://www.google.com/bot.html)"
95.108.158.134 - - [01/Sep/2010:04:25:20 +0200] "GET /content/kalender/jax_calendar.php?Y=2010&m=8&d=18&do=show_event&key=1fdf865fd31d2bb91d798a2c60710dda&cal_id=0&language=german&gmt_ofs=-1&view=d30&evt_date=%3Cb%3E16.08.2010%3C%2Fb%3E+15%3A30&evt_title=Grundlagen+des+Strickens HTTP/1.1" 200 12376 "-" "Mozilla/5.0 (compatible; YandexBot/3.0; +http://yandex.com/bots)"
66.249.67.52 - - [01/Sep/2010:04:25:58 +0200] "GET /content/kalender/jax_calendar.php?Y=-9905&m=6&d=39&cal_id=0&language=german&gmt_ofs=-1&view=d1 HTTP/1.1" 200 11799 "-" "Mozilla/5.0 (compatible; Googlebot/2.1; +http://www.google.com/bot.html)"
207.46.13.88 - - [01/Sep/2010:04:31:37 +0200] "GET /robots.txt HTTP/1.1" 404 1256 "-" "msnbot/2.0b (+http://search.msn.com/msnbot.htm)"
66.249.67.52 - - [01/Sep/2010:04:34:02 +0200] "GET /content/kalender/jax_calendar.php?Y=3033&m=4&d=14&cal_id=0&language=german&gmt_ofs=-1&view=d1 HTTP/1.1" 200 11704 "-" "Mozilla/5.0 (compatible; Googlebot/2.1; +http://www.google.com/bot.html)"
66.249.67.52 - - [01/Sep/2010:04:35:22 +0200] "GET /content/kalender/jax_calendar.php?Y=2006&m=9&d=19&view=d1 HTTP/1.1" 200 11227 "-" "Mozilla/5.0 (compatible; Googlebot/2.1; +http://www.google.com/bot.html)"
66.249.67.52 - - [01/Sep/2010:04:36:06 +0200] "GET /content/kalender/jax_calendar.php?Y=1587&m=2&d=36&view=d1 HTTP/1.1" 200 11806 "-" "Mozilla/5.0 (compatible; Googlebot/2.1; +http://www.google.com/bot.html)"
66.249.67.52 - - [01/Sep/2010:04:38:53 +0200] "GET /content/kalender/jax_calendar.php?Y=-10092&m=5&d=13&view=d1 HTTP/1.1" 200 11994 "-" "Mozilla/5.0 (compatible; Googlebot/2.1; +http://www.google.com/bot.html)"
66.249.67.52 - - [01/Sep/2010:04:41:44 +0200] "GET /content/kalender/jax_calendar.php?Y=-10094&m=3&d=33&view=d1 HTTP/1.1" 200 11995 "-" "Mozilla/5.0 (compatible; Googlebot/2.1; +http://www.google.com/bot.html)"
207.46.13.88 - - [01/Sep/2010:04:44:27 +0200] "GET /content/stellenangebote/ HTTP/1.1" 200 8411 "-" "msnbot/2.0b (+http://search.msn.com/msnbot.htm)"
66.249.67.52 - - [01/Sep/2010:04:44:35 +0200] "GET /content/kalender/jax_calendar.php?Y=3021&m=2&d=19&view=d1 HTTP/1.1" 200 11806 "-" "Mozilla/5.0 (compatible; Googlebot/2.1; +http://www.google.com/bot.html)"
66.249.67.52 - - [01/Sep/2010:04:47:26 +0200] "GET /content/kalender/jax_calendar.php?Y=-10098&m=2&d=35&view=d1 HTTP/1.1" 200 11998 "-" "Mozilla/5.0 (compatible; Googlebot/2.1; +http://www.google.com/bot.html)"
207.46.199.185 - - [01/Sep/2010:04:47:53 +0200] "GET /robots.txt HTTP/1.1" 404 1256 "-" "msnbot/2.0b (+http://search.msn.com/msnbot.htm)"
66.249.67.52 - - [01/Sep/2010:04:50:17 +0200] "GET /content/kalender/jax_calendar.php?Y=3026&m=3&d=14&cal_id=0&language=german&gmt_ofs=-1&view=d1 HTTP/1.1" 200 11703 "-" "Mozilla/5.0 (compatible; Googlebot/2.1; +http://www.google.com/bot.html)"
66.249.67.52 - - [01/Sep/2010:04:53:07 +0200] "GET /content/kalender/jax_calendar.php?Y=3016&m=3&d=38&view=d1 HTTP/1.1" 200 11803 "-" "Mozilla/5.0 (compatible; Googlebot/2.1; +http://www.google.com/bot.html)"
66.249.67.52 - - [01/Sep/2010:04:55:58 +0200] "GET /content/kalender/jax_calendar.php?Y=1592&m=7&d=7&view=d1 HTTP/1.1" 200 11767 "-" "Mozilla/5.0 (compatible; Googlebot/2.1; +http://www.google.com/bot.html)"
66.249.67.52 - - [01/Sep/2010:04:58:49 +0200] "GET /content/kalender/jax_calendar.php?Y=-10104&m=5&d=39&cal_id=0&language=german&gmt_ofs=-1&view=d1 HTTP/1.1" 200 11894 "-" "Mozilla/5.0 (compatible; Googlebot/2.1; +http://www.google.com/bot.html)"
207.46.195.105 - - [01/Sep/2010:04:59:19 +0200] "GET /content/kalender/jax_calendar.php?Y=2010&m=7&d=2&view=d1 HTTP/1.1" 200 18445 "-" "msnbot/2.0b (+http://search.msn.com/msnbot.htm)"
66.249.67.52 - - [01/Sep/2010:05:01:41 +0200] "GET /content/kalender/jax_calendar.php?Y=-10098&m=6&d=27&view=d1 HTTP/1.1" 200 11995 "-" "Mozilla/5.0 (compatible; Googlebot/2.1; +http://www.google.com/bot.html)"
66.249.67.52 - - [01/Sep/2010:05:04:32 +0200] "GET /content/kalender/jax_calendar.php?Y=3026&m=2&d=14&cal_id=0&language=german&gmt_ofs=-1&view=d1 HTTP/1.1" 200 11706 "-" "Mozilla/5.0 (compatible; Googlebot/2.1; +http://www.google.com/bot.html)"
66.249.67.52 - - [01/Sep/2010:05:11:27 +0200] "GET /content/kalender/jax_calendar.php?Y=3031&m=2&d=14&cal_id=0&language=german&gmt_ofs=-1&view=d1 HTTP/1.1" 200 11706 "-" "Mozilla/5.0 (compatible; Googlebot/2.1; +http://www.google.com/bot.html)"
66.249.67.52 - - [01/Sep/2010:05:13:56 +0200] "GET /content/kalender/jax_calendar.php?Y=-9911&m=12&d=38&view=d1 HTTP/1.1" 200 11965 "-" "Mozilla/5.0 (compatible; Googlebot/2.1; +http://www.google.com/bot.html)"
66.249.67.52 - - [01/Sep/2010:05:16:25 +0200] "GET /content/kalender/jax_calendar.php?Y=3030&m=1&d=14&cal_id=0&language=german&gmt_ofs=-1&view=d1 HTTP/1.1" 200 11706 "-" "Mozilla/5.0 (compatible; Googlebot/2.1; +http://www.google.com/bot.html)"
66.249.67.52 - - [01/Sep/2010:05:18:54 +0200] "GET /content/kalender/jax_calendar.php?Y=3015&m=5&d=33&view=d1 HTTP/1.1" 200 11802 "-" "Mozilla/5.0 (compatible; Googlebot/2.1; +http://www.google.com/bot.html)"
66.249.67.52 - - [01/Sep/2010:05:21:26 +0200] "GET /content/kalender/jax_calendar.php?Y=3020&m=1&d=5&view=d1 HTTP/1.1" 200 11770 "-" "Mozilla/5.0 (compatible; Googlebot/2.1; +http://www.google.com/bot.html)"
66.249.67.52 - - [01/Sep/2010:05:23:52 +0200] "GET /content/kalender/jax_calendar.php?Y=-10102&m=7&d=20&view=d1 HTTP/1.1" 200 11995 "-" "Mozilla/5.0 (compatible; Googlebot/2.1; +http://www.google.com/bot.html)"
66.249.67.52 - - [01/Sep/2010:05:26:22 +0200] "GET /content/kalender/jax_calendar.php?Y=-10108&m=11&d=1&cal_id=0&language=english&gmt_ofs=0&view=d1 HTTP/1.1" 200 11862 "-" "Mozilla/5.0 (compatible; Googlebot/2.1; +http://www.google.com/bot.html)"
66.249.67.52 - - [01/Sep/2010:05:28:51 +0200] "GET /content/kalender/jax_calendar.php?Y=-9900&m=9&d=39&cal_id=0&language=german&gmt_ofs=-1&view=d1 HTTP/1.1" 200 11805 "-" "Mozilla/5.0 (compatible; Googlebot/2.1; +http://www.google.com/bot.html)"
66.249.67.52 - - [01/Sep/2010:05:31:43 +0200] "GET /content/kalender/jax_calendar.php?Y=-9909&m=7&d=5&cal_id=0&language=german&gmt_ofs=-1&view=d1 HTTP/1.1" 200 11763 "-" "Mozilla/5.0 (compatible; Googlebot/2.1; +http://www.google.com/bot.html)"
66.249.67.52 - - [01/Sep/2010:05:33:47 +0200] "GET /content/kalender/jax_calendar.php?Y=-10096&m=10&d=16&view=d1 HTTP/1.1" 200 12060 "-" "Mozilla/5.0 (compatible; Googlebot/2.1; +http://www.google.com/bot.html)"
66.249.67.52 - - [01/Sep/2010:05:36:16 +0200] "GET /content/kalender/jax_calendar.php?Y=1585&m=5&d=30&view=d1 HTTP/1.1" 200 11802 "-" "Mozilla/5.0 (compatible; Googlebot/2.1; +http://www.google.com/bot.html)"
66.249.67.52 - - [01/Sep/2010:05:38:46 +0200] "GET /content/kalender/jax_calendar.php?Y=-10098&m=9&d=10&view=d1 HTTP/1.1" 200 12001 "-" "Mozilla/5.0 (compatible; Googlebot/2.1; +http://www.google.com/bot.html)"
66.249.67.52 - - [01/Sep/2010:05:41:17 +0200] "GET /content/kalender/jax_calendar.php?Y=-9907&m=8&d=5&cal_id=0&language=german&gmt_ofs=-1&view=d1 HTTP/1.1" 200 11765 "-" "Mozilla/5.0 (compatible; Googlebot/2.1; +http://www.google.com/bot.html)"
66.249.67.52 - - [01/Sep/2010:05:43:59 +0200] "GET /content/kalender/jax_calendar.php?Y=3033&m=11&d=14&cal_id=0&language=german&gmt_ofs=-1&view=d1 HTTP/1.1" 200 11770 "-" "Mozilla/5.0 (compatible; Googlebot/2.1; +http://www.google.com/bot.html)"
66.249.67.52 - - [01/Sep/2010:05:46:07 +0200] "GET /content/kalender/jax_calendar.php?Y=-9894&m=5&d=39&cal_id=0&language=german&gmt_ofs=-1&view=d1 HTTP/1.1" 200 11798 "-" "Mozilla/5.0 (compatible; Googlebot/2.1; +http://www.google.com/bot.html)"
66.249.67.52 - - [01/Sep/2010:05:48:55 +0200] "GET /content/kalender/jax_calendar.php?Y=-9906&m=6&d=4&cal_id=0&language=german&gmt_ofs=-1&view=d1 HTTP/1.1" 200 11763 "-" "Mozilla/5.0 (compatible; Googlebot/2.1; +http://www.google.com/bot.html)"
66.249.67.52 - - [01/Sep/2010:05:51:44 +0200] "GET /content/kalender/jax_calendar.php?Y=-10097&m=8&d=13&view=d1 HTTP/1.1" 200 11997 "-" "Mozilla/5.0 (compatible; Googlebot/2.1; +http://www.google.com/bot.html)"
66.249.67.52 - - [01/Sep/2010:05:54:32 +0200] "GET /content/kalender/jax_calendar.php?Y=4479&m=6&d=2&view=d1 HTTP/1.1" 200 11767 "-" "Mozilla/5.0 (compatible; Googlebot/2.1; +http://www.google.com/bot.html)"
66.249.67.52 - - [01/Sep/2010:05:57:21 +0200] "GET /content/kalender/jax_calendar.php?Y=3022&m=8&d=35&view=d1 HTTP/1.1" 200 11805 "-" "Mozilla/5.0 (compatible; Googlebot/2.1; +http://www.google.com/bot.html)"
67.195.115.117 - - [01/Sep/2010:05:57:28 +0200] "GET /content/awo-treff/ HTTP/1.0" 200 8216 "-" "Mozilla/5.0 (compatible; Yahoo! Slurp/3.0; http://help.yahoo.com/help/us/ysearch/slurp)"
67.195.115.117 - - [01/Sep/2010:05:57:29 +0200] "GET /content/themes/blackcandy/css/layout.css?m=1281258825 HTTP/1.0" 304 - "http://www.awo-kv-bernau.de/content/awo-treff/" "Mozilla/5.0 (compatible; Yahoo! Slurp/3.0; http://help.yahoo.com/help/us/ysearch/slurp)"
67.195.115.117 - - [01/Sep/2010:05:57:30 +0200] "GET /content/themes/blackcandy/css/typography.css?m=1281262824 HTTP/1.0" 304 - "http://www.awo-kv-bernau.de/content/awo-treff/" "Mozilla/5.0 (compatible; Yahoo! Slurp/3.0; http://help.yahoo.com/help/us/ysearch/slurp)"
67.195.115.117 - - [01/Sep/2010:05:57:30 +0200] "GET /content/themes/blackcandy/css/form.css?m=1277278133 HTTP/1.0" 304 - "http://www.awo-kv-bernau.de/content/awo-treff/" "Mozilla/5.0 (compatible; Yahoo! Slurp/3.0; http://help.yahoo.com/help/us/ysearch/slurp)"
66.249.67.52 - - [01/Sep/2010:06:00:32 +0200] "GET /content/kalender/jax_calendar.php?Y=1594&m=7&d=27&view=d1 HTTP/1.1" 200 11803 "-" "Mozilla/5.0 (compatible; Googlebot/2.1; +http://www.google.com/bot.html)"
66.249.67.52 - - [01/Sep/2010:06:05:45 +0200] "GET /content/kalender/jax_calendar.php?Y=1592&m=4&d=32&view=d1 HTTP/1.1" 200 11804 "-" "Mozilla/5.0 (compatible; Googlebot/2.1; +http://www.google.com/bot.html)"
66.249.67.52 - - [01/Sep/2010:06:09:06 +0200] "GET /content/kalender/jax_calendar.php?Y=3043&m=10&d=14&cal_id=0&language=german&gmt_ofs=-1&view=d1 HTTP/1.1" 200 11768 "-" "Mozilla/5.0 (compatible; Googlebot/2.1; +http://www.google.com/bot.html)"
66.249.67.52 - - [01/Sep/2010:06:11:21 +0200] "GET /content/kalender/jax_calendar.php?Y=-10108&m=2&d=1&cal_id=0&language=english&gmt_ofs=0&view=d1 HTTP/1.1" 200 11799 "-" "Mozilla/5.0 (compatible; Googlebot/2.1; +http://www.google.com/bot.html)"
66.249.67.52 - - [01/Sep/2010:06:14:09 +0200] "GET /content/kalender/jax_calendar.php?Y=-9900&m=5&d=14&view=d1 HTTP/1.1" 200 11898 "-" "Mozilla/5.0 (compatible; Googlebot/2.1; +http://www.google.com/bot.html)"
66.249.67.52 - - [01/Sep/2010:06:17:00 +0200] "GET /content/kalender/jax_calendar.php?Y=-10091&m=10&d=9&view=d1 HTTP/1.1" 200 12024 "-" "Mozilla/5.0 (compatible; Googlebot/2.1; +http://www.google.com/bot.html)"
66.249.67.52 - - [01/Sep/2010:06:18:11 +0200] "GET /content/kalender/jax_calendar.php?Y=-10098&m=12&d=5&cal_id=0&language=german&gmt_ofs=-1&view=d1 HTTP/1.1" 200 11925 "-" "Mozilla/5.0 (compatible; Googlebot/2.1; +http://www.google.com/bot.html)"
66.249.67.52 - - [01/Sep/2010:06:20:34 +0200] "GET /content/kalender/jax_calendar.php?Y=1587&m=3&d=35&view=d1 HTTP/1.1" 200 11803 "-" "Mozilla/5.0 (compatible; Googlebot/2.1; +http://www.google.com/bot.html)"
66.249.67.52 - - [01/Sep/2010:06:23:22 +0200] "GET /content/kalender/jax_calendar.php?Y=1569&m=5&d=6&cal_id=0&language=german&gmt_ofs=-1&view=d1 HTTP/1.1" 200 11666 "-" "Mozilla/5.0 (compatible; Googlebot/2.1; +http://www.google.com/bot.html)"
66.249.67.52 - - [01/Sep/2010:06:26:09 +0200] "GET /content/kalender/jax_calendar.php?Y=-9898&m=4&d=5&cal_id=0&language=german&gmt_ofs=-1&view=d1 HTTP/1.1" 200 11764 "-" "Mozilla/5.0 (compatible; Googlebot/2.1; +http://www.google.com/bot.html)"
66.249.67.52 - - [01/Sep/2010:06:29:15 +0200] "GET /content/kalender/jax_calendar.php?Y=1588&m=7&d=12&view=d1 HTTP/1.1" 200 11803 "-" "Mozilla/5.0 (compatible; Googlebot/2.1; +http://www.google.com/bot.html)"
66.249.67.52 - - [01/Sep/2010:06:31:42 +0200] "GET /content/kalender/jax_calendar.php?Y=3027&m=1&d=14&cal_id=0&language=german&gmt_ofs=-1&view=d1 HTTP/1.1" 200 11706 "-" "Mozilla/5.0 (compatible; Googlebot/2.1; +http://www.google.com/bot.html)"
66.249.67.52 - - [01/Sep/2010:06:34:30 +0200] "GET /content/kalender/jax_calendar.php?Y=-9892&m=5&d=39&cal_id=0&language=german&gmt_ofs=-1&view=d1 HTTP/1.1" 200 11798 "-" "Mozilla/5.0 (compatible; Googlebot/2.1; +http://www.google.com/bot.html)"
66.249.67.52 - - [01/Sep/2010:06:37:17 +0200] "GET /content/kalender/jax_calendar.php?Y=-10094&m=2&d=37&view=d1 HTTP/1.1" 200 11998 "-" "Mozilla/5.0 (compatible; Googlebot/2.1; +http://www.google.com/bot.html)"
66.249.67.52 - - [01/Sep/2010:06:40:04 +0200] "GET /content/kalender/jax_calendar.php?Y=3033&m=3&d=14&cal_id=0&language=german&gmt_ofs=-1&view=d1 HTTP/1.1" 200 11703 "-" "Mozilla/5.0 (compatible; Googlebot/2.1; +http://www.google.com/bot.html)"
66.249.67.52 - - [01/Sep/2010:06:42:52 +0200] "GET /content/kalender/jax_calendar.php?Y=-9897&m=4&d=5&cal_id=0&language=german&gmt_ofs=-1&view=d1 HTTP/1.1" 200 11764 "-" "Mozilla/5.0 (compatible; Googlebot/2.1; +http://www.google.com/bot.html)"
66.249.67.52 - - [01/Sep/2010:06:45:39 +0200] "GET /content/kalender/jax_calendar.php?Y=1568&m=5&d=6&cal_id=0&language=german&gmt_ofs=-1&view=d1 HTTP/1.1" 200 11666 "-" "Mozilla/5.0 (compatible; Googlebot/2.1; +http://www.google.com/bot.html)"
66.249.67.52 - - [01/Sep/2010:06:48:27 +0200] "GET /content/kalender/jax_calendar.php?Y=-10114&m=7&d=1&cal_id=0&language=english&gmt_ofs=0&view=d1 HTTP/1.1" 200 11799 "-" "Mozilla/5.0 (compatible; Googlebot/2.1; +http://www.google.com/bot.html)"
66.249.67.52 - - [01/Sep/2010:06:51:15 +0200] "GET /content/kalender/jax_calendar.php?Y=1593&m=12&d=39&view=d1 HTTP/1.1" 200 11869 "-" "Mozilla/5.0 (compatible; Googlebot/2.1; +http://www.google.com/bot.html)"
66.249.67.52 - - [01/Sep/2010:06:56:16 +0200] "GET /content/kalender/jax_calendar.php?Y=-9896&m=4&d=5&cal_id=0&language=german&gmt_ofs=-1&view=d1 HTTP/1.1" 200 11764 "-" "Mozilla/5.0 (compatible; Googlebot/2.1; +http://www.google.com/bot.html)"
66.249.67.52 - - [01/Sep/2010:06:59:14 +0200] "GET /content/kalender/jax_calendar.php?Y=-9904&m=12&d=39&cal_id=0&language=german&gmt_ofs=-1&view=d1 HTTP/1.1" 200 11865 "-" "Mozilla/5.0 (compatible; Googlebot/2.1; +http://www.google.com/bot.html)"
62.157.211.242 - - [01/Sep/2010:06:59:36 +0200] "GET / HTTP/1.1" 302 - "http://www.google.de/url?sa=t&source=web&cd=1&ved=0CBYQFjAA&url=http%3A%2F%2Fwww.awo-kv-bernau.de%2F&rct=j&q=awo%20kreisverband%20bernau&ei=tt19TM72KqGWOLGCjYIE&usg=AFQjCNFY6jRp0cyjK4eLe9CtgjDN1c4Vuw" "Mozilla/4.0 (compatible; MSIE 8.0; Windows NT 5.1; Trident/4.0; GTB6.5; .NET CLR 2.0.50727; .NET CLR 1.1.4322)"
62.157.211.242 - - [01/Sep/2010:06:59:36 +0200] "GET /content/aktuelles/ HTTP/1.1" 200 9028 "http://www.google.de/url?sa=t&source=web&cd=1&ved=0CBYQFjAA&url=http%3A%2F%2Fwww.awo-kv-bernau.de%2F&rct=j&q=awo%20kreisverband%20bernau&ei=tt19TM72KqGWOLGCjYIE&usg=AFQjCNFY6jRp0cyjK4eLe9CtgjDN1c4Vuw" "Mozilla/4.0 (compatible; MSIE 8.0; Windows NT 5.1; Trident/4.0; GTB6.5; .NET CLR 2.0.50727; .NET CLR 1.1.4322)"
62.157.211.242 - - [01/Sep/2010:06:59:37 +0200] "GET /content/themes/blackcandy/css/typography.css?m=1281262824 HTTP/1.1" 200 5090 "http://www.awo-kv-bernau.de/content/aktuelles/" "Mozilla/4.0 (compatible; MSIE 8.0; Windows NT 5.1; Trident/4.0; GTB6.5; .NET CLR 2.0.50727; .NET CLR 1.1.4322)"
62.157.211.242 - - [01/Sep/2010:06:59:37 +0200] "GET /content/themes/blackcandy/css/layout.css?m=1281258825 HTTP/1.1" 200 9945 "http://www.awo-kv-bernau.de/content/aktuelles/" "Mozilla/4.0 (compatible; MSIE 8.0; Windows NT 5.1; Trident/4.0; GTB6.5; .NET CLR 2.0.50727; .NET CLR 1.1.4322)"
62.157.211.242 - - [01/Sep/2010:06:59:37 +0200] "GET /content/themes/blackcandy/css/form.css?m=1277278133 HTTP/1.1" 200 1856 "http://www.awo-kv-bernau.de/content/aktuelles/" "Mozilla/4.0 (compatible; MSIE 8.0; Windows NT 5.1; Trident/4.0; GTB6.5; .NET CLR 2.0.50727; .NET CLR 1.1.4322)"
62.157.211.242 - - [01/Sep/2010:06:59:37 +0200] "GET /content/assets/Aktuelles/awologo.jpg HTTP/1.1" 200 2292 "http://www.awo-kv-bernau.de/content/aktuelles/" "Mozilla/4.0 (compatible; MSIE 8.0; Windows NT 5.1; Trident/4.0; GTB6.5; .NET CLR 2.0.50727; .NET CLR 1.1.4322)"
62.157.211.242 - - [01/Sep/2010:06:59:37 +0200] "GET /content/assets/Aktuelles/aktuelles140810.jpg HTTP/1.1" 200 20737 "http://www.awo-kv-bernau.de/content/aktuelles/" "Mozilla/4.0 (compatible; MSIE 8.0; Windows NT 5.1; Trident/4.0; GTB6.5; .NET CLR 2.0.50727; .NET CLR 1.1.4322)"
62.157.211.242 - - [01/Sep/2010:06:59:37 +0200] "GET /content/assets/Aktuelles/aktuelles110810.jpg HTTP/1.1" 200 73350 "http://www.awo-kv-bernau.de/content/aktuelles/" "Mozilla/4.0 (compatible; MSIE 8.0; Windows NT 5.1; Trident/4.0; GTB6.5; .NET CLR 2.0.50727; .NET CLR 1.1.4322)"
62.157.211.242 - - [01/Sep/2010:06:59:37 +0200] "GET /content/assets/Aktuelles/aktuelles160710.jpg HTTP/1.1" 200 17303 "http://www.awo-kv-bernau.de/content/aktuelles/" "Mozilla/4.0 (compatible; MSIE 8.0; Windows NT 5.1; Trident/4.0; GTB6.5; .NET CLR 2.0.50727; .NET CLR 1.1.4322)"
62.157.211.242 - - [01/Sep/2010:06:59:37 +0200] "GET /content/themes/blackcandy/images/activeTabLeft.png HTTP/1.1" 200 433 "http://www.awo-kv-bernau.de/content/aktuelles/" "Mozilla/4.0 (compatible; MSIE 8.0; Windows NT 5.1; Trident/4.0; GTB6.5; .NET CLR 2.0.50727; .NET CLR 1.1.4322)"
62.157.211.242 - - [01/Sep/2010:06:59:37 +0200] "GET /content/themes/blackcandy/images/headerRounded.png HTTP/1.1" 200 763 "http://www.awo-kv-bernau.de/content/aktuelles/" "Mozilla/4.0 (compatible; MSIE 8.0; Windows NT 5.1; Trident/4.0; GTB6.5; .NET CLR 2.0.50727; .NET CLR 1.1.4322)"
62.157.211.242 - - [01/Sep/2010:06:59:38 +0200] "GET /content/themes/blackcandy/images/activeTabRight.png HTTP/1.1" 200 433 "http://www.awo-kv-bernau.de/content/aktuelles/" "Mozilla/4.0 (compatible; MSIE 8.0; Windows NT 5.1; Trident/4.0; GTB6.5; .NET CLR 2.0.50727; .NET CLR 1.1.4322)"
62.157.211.242 - - [01/Sep/2010:06:59:38 +0200] "GET /content/themes/blackcandy/images/herz.png HTTP/1.1" 200 344 "http://www.awo-kv-bernau.de/content/aktuelles/" "Mozilla/4.0 (compatible; MSIE 8.0; Windows NT 5.1; Trident/4.0; GTB6.5; .NET CLR 2.0.50727; .NET CLR 1.1.4322)"
62.157.211.242 - - [01/Sep/2010:06:59:38 +0200] "GET /content/themes/blackcandy/images/footer.png HTTP/1.1" 200 884 "http://www.awo-kv-bernau.de/content/aktuelles/" "Mozilla/4.0 (compatible; MSIE 8.0; Windows NT 5.1; Trident/4.0; GTB6.5; .NET CLR 2.0.50727; .NET CLR 1.1.4322)"
62.157.211.242 - - [01/Sep/2010:06:59:37 +0200] "GET /content/themes/blackcandy/images/header.jpg HTTP/1.1" 200 45038 "http://www.awo-kv-bernau.de/content/aktuelles/" "Mozilla/4.0 (compatible; MSIE 8.0; Windows NT 5.1; Trident/4.0; GTB6.5; .NET CLR 2.0.50727; .NET CLR 1.1.4322)"
62.157.211.242 - - [01/Sep/2010:06:59:38 +0200] "GET /content/themes/blackcandy/images/subheader.jpg HTTP/1.1" 200 52576 "http://www.awo-kv-bernau.de/content/aktuelles/" "Mozilla/4.0 (compatible; MSIE 8.0; Windows NT 5.1; Trident/4.0; GTB6.5; .NET CLR 2.0.50727; .NET CLR 1.1.4322)"
62.157.211.242 - - [01/Sep/2010:06:59:38 +0200] "GET /favicon.ico HTTP/1.1" 404 1256 "-" "Mozilla/4.0 (compatible; MSIE 8.0; Windows NT 5.1; Trident/4.0; GTB6.5; .NET CLR 2.0.50727; .NET CLR 1.1.4322)"
62.157.211.242 - - [01/Sep/2010:06:59:39 +0200] "GET /content/themes/blackcandy/images/hoverTabRight.png HTTP/1.1" 200 429 "http://www.awo-kv-bernau.de/content/aktuelles/" "Mozilla/4.0 (compatible; MSIE 8.0; Windows NT 5.1; Trident/4.0; GTB6.5; .NET CLR 2.0.50727; .NET CLR 1.1.4322)"
62.157.211.242 - - [01/Sep/2010:06:59:39 +0200] "GET /content/themes/blackcandy/images/hoverTabLeft.png HTTP/1.1" 200 400 "http://www.awo-kv-bernau.de/content/aktuelles/" "Mozilla/4.0 (compatible; MSIE 8.0; Windows NT 5.1; Trident/4.0; GTB6.5; .NET CLR 2.0.50727; .NET CLR 1.1.4322)"
62.157.211.242 - - [01/Sep/2010:06:59:39 +0200] "GET /content/kontakt-impressum/ HTTP/1.1" 200 14542 "http://www.awo-kv-bernau.de/content/aktuelles/" "Mozilla/4.0 (compatible; MSIE 8.0; Windows NT 5.1; Trident/4.0; GTB6.5; .NET CLR 2.0.50727; .NET CLR 1.1.4322)"
62.157.211.242 - - [01/Sep/2010:06:59:40 +0200] "GET /favicon.ico HTTP/1.1" 404 1256 "-" "Mozilla/4.0 (compatible; MSIE 8.0; Windows NT 5.1; Trident/4.0; GTB6.5; .NET CLR 2.0.50727; .NET CLR 1.1.4322)"
62.157.211.242 - - [01/Sep/2010:07:00:26 +0200] "GET /content/aktuelles/ HTTP/1.1" 200 9028 "http://www.awo-kv-bernau.de/content/kontakt-impressum/" "Mozilla/4.0 (compatible; MSIE 8.0; Windows NT 5.1; Trident/4.0; GTB6.5; .NET CLR 2.0.50727; .NET CLR 1.1.4322)"
66.249.67.52 - - [01/Sep/2010:07:02:12 +0200] "GET /content/kalender/jax_calendar.php?Y=-10103&m=10&d=1&cal_id=0&language=english&gmt_ofs=0&view=d1 HTTP/1.1" 200 11861 "-" "Mozilla/5.0 (compatible; Googlebot/2.1; +http://www.google.com/bot.html)"
207.46.204.182 - - [01/Sep/2010:07:04:31 +0200] "GET /robots.txt HTTP/1.1" 404 1256 "-" "msnbot/2.0b (+http://search.msn.com/msnbot.htm)"
66.249.67.52 - - [01/Sep/2010:07:05:10 +0200] "GET /content/kalender/jax_calendar.php?Y=1589&m=4&d=15&view=d1 HTTP/1.1" 200 11804 "-" "Mozilla/5.0 (compatible; Googlebot/2.1; +http://www.google.com/bot.html)"
66.249.67.52 - - [01/Sep/2010:07:08:08 +0200] "GET /content/kalender/jax_calendar.php?Y=1590&m=11&d=2&view=d1 HTTP/1.1" 200 11834 "-" "Mozilla/5.0 (compatible; Googlebot/2.1; +http://www.google.com/bot.html)"
66.249.67.52 - - [01/Sep/2010:07:11:07 +0200] "GET /content/kalender/jax_calendar.php?Y=-9903&m=8&d=5&cal_id=0&language=german&gmt_ofs=-1&view=d1 HTTP/1.1" 200 11765 "-" "Mozilla/5.0 (compatible; Googlebot/2.1; +http://www.google.com/bot.html)"
66.249.67.52 - - [01/Sep/2010:07:14:05 +0200] "GET /content/kalender/jax_calendar.php?Y=-9918&m=12&d=38&view=d1 HTTP/1.1" 200 11965 "-" "Mozilla/5.0 (compatible; Googlebot/2.1; +http://www.google.com/bot.html)"
66.249.67.52 - - [01/Sep/2010:07:17:03 +0200] "GET /content/kalender/jax_calendar.php?Y=-9908&m=7&d=5&cal_id=0&language=german&gmt_ofs=-1&view=d1 HTTP/1.1" 200 11763 "-" "Mozilla/5.0 (compatible; Googlebot/2.1; +http://www.google.com/bot.html)"
66.249.67.52 - - [01/Sep/2010:07:20:01 +0200] "GET /content/kalender/jax_calendar.php?Y=-10103&m=6&d=1&cal_id=0&language=english&gmt_ofs=0&view=d1 HTTP/1.1" 200 11799 "-" "Mozilla/5.0 (compatible; Googlebot/2.1; +http://www.google.com/bot.html)"
66.249.67.52 - - [01/Sep/2010:07:23:00 +0200] "GET /content/kalender/jax_calendar.php?Y=1590&m=2&d=30&view=d1 HTTP/1.1" 200 11806 "-" "Mozilla/5.0 (compatible; Googlebot/2.1; +http://www.google.com/bot.html)"
65.52.49.139 - - [01/Sep/2010:07:23:04 +0200] "GET /robots.txt HTTP/1.1" 404 1256 "-" "msnbot/2.0b (+http://search.msn.com/msnbot.htm)"
66.249.67.52 - - [01/Sep/2010:07:25:58 +0200] "GET /content/kalender/jax_calendar.php?Y=1587&m=9&d=26&view=d1 HTTP/1.1" 200 11809 "-" "Mozilla/5.0 (compatible; Googlebot/2.1; +http://www.google.com/bot.html)"
66.249.67.52 - - [01/Sep/2010:07:28:49 +0200] "GET /content/kalender/jax_calendar.php?Y=-9900&m=6&d=39&cal_id=0&language=german&gmt_ofs=-1&view=d1 HTTP/1.1" 200 11799 "-" "Mozilla/5.0 (compatible; Googlebot/2.1; +http://www.google.com/bot.html)"
66.249.67.52 - - [01/Sep/2010:07:28:50 +0200] "GET /content/kalender/jax_calendar.php?Y=-10099&m=2&d=5&cal_id=0&language=german&gmt_ofs=-1&view=d1 HTTP/1.1" 200 11862 "-" "Mozilla/5.0 (compatible; Googlebot/2.1; +http://www.google.com/bot.html)"
66.249.67.52 - - [01/Sep/2010:07:28:51 +0200] "GET /content/kalender/jax_calendar.php?Y=1591&m=12&d=39&view=d1 HTTP/1.1" 200 11869 "-" "Mozilla/5.0 (compatible; Googlebot/2.1; +http://www.google.com/bot.html)"
207.46.204.182 - - [01/Sep/2010:07:30:08 +0200] "GET / HTTP/1.1" 302 - "-" "msnbot/2.0b (+http://search.msn.com/msnbot.htm)"
66.249.67.52 - - [01/Sep/2010:07:31:26 +0200] "GET /content/kalender/jax_calendar.php?Y=3037&m=10&d=14&cal_id=0&language=german&gmt_ofs=-1&view=d1 HTTP/1.1" 200 11768 "-" "Mozilla/5.0 (compatible; Googlebot/2.1; +http://www.google.com/bot.html)"
95.108.158.134 - - [01/Sep/2010:07:32:41 +0200] "GET /content/kalender/jax_calendar.php?Y=2010&m=8&d=18&do=show_event&key=bd9158b8054cccb2f43338ff76c56fe4&cal_id=0&language=german&gmt_ofs=-1&view=d30&evt_date=%3Cb%3E14.09.2010%3C%2Fb%3E+15%3A00&evt_title=Unkr%E4uter+als+Kr%E4uter HTTP/1.1" 200 12377 "-" "Mozilla/5.0 (compatible; YandexBot/3.0; +http://yandex.com/bots)"
95.108.158.134 - - [01/Sep/2010:07:32:44 +0200] "GET /content/aktuelles/ HTTP/1.1" 200 9028 "-" "Mozilla/5.0 (compatible; YandexBot/3.0; +http://yandex.com/bots)"
