66.249.71.40 - - [02/Sep/2010:22:59:11 +0200] "GET /content/kalender/jax_calendar.php?Y=4241&m=7&d=1&cal_id=0&language=german&gmt_ofs=-1&view=d1 HTTP/1.1" 200 11667 "-" "Mozilla/5.0 (compatible; Googlebot/2.1; +http://www.google.com/bot.html)"
66.249.71.40 - - [02/Sep/2010:23:01:44 +0200] "GET /content/kalender/jax_calendar.php?Y=4242&m=9&d=8&cal_id=0&language=german&gmt_ofs=-1&view=d1 HTTP/1.1" 200 11673 "-" "Mozilla/5.0 (compatible; Googlebot/2.1; +http://www.google.com/bot.html)"
81.17.208.4 - - [02/Sep/2010:23:03:10 +0200] "HEAD /content/assets/Stellenanzeigen/stellejugendkoordinatorin082010.pdf HTTP/1.1" 200 - "-" "Mozilla/5.0 (compatible; jobs.de-Robot +http://www.jobs.de)"
66.249.71.40 - - [02/Sep/2010:23:04:18 +0200] "GET /content/kalender/jax_calendar.php?Y=-10143&m=10&d=13&view=d1 HTTP/1.1" 200 12060 "-" "Mozilla/5.0 (compatible; Googlebot/2.1; +http://www.google.com/bot.html)"
66.249.71.40 - - [02/Sep/2010:23:06:53 +0200] "GET /content/kalender/jax_calendar.php?Y=4245&m=1&d=8&cal_id=0&language=german&gmt_ofs=-1&view=d1 HTTP/1.1" 200 11670 "-" "Mozilla/5.0 (compatible; Googlebot/2.1; +http://www.google.com/bot.html)"
66.249.71.40 - - [02/Sep/2010:23:09:28 +0200] "GET /content/kalender/jax_calendar.php?Y=4251&m=8&d=15&view=d1 HTTP/1.1" 200 11805 "-" "Mozilla/5.0 (compatible; Googlebot/2.1; +http://www.google.com/bot.html)"
66.249.71.40 - - [02/Sep/2010:23:15:51 +0200] "GET /content/kalender/jax_calendar.php?Y=2011&m=2&d=6&cal_id=0&language=german&gmt_ofs=-1&view=d1&view=d1 HTTP/1.1" 200 10959 "-" "Mozilla/5.0 (compatible; Googlebot/2.1; +http://www.google.com/bot.html)"
66.249.71.40 - - [02/Sep/2010:23:15:53 +0200] "GET /content/kalender/jax_calendar.php?Y=4243&m=10&d=36&view=d1 HTTP/1.1" 200 11868 "-" "Mozilla/5.0 (compatible; Googlebot/2.1; +http://www.google.com/bot.html)"
66.249.71.40 - - [02/Sep/2010:23:18:14 +0200] "GET /content/kalender/jax_calendar.php?Y=-10102&m=1&d=1&cal_id=0&language=german&gmt_ofs=-1&view=d1 HTTP/1.1" 200 11862 "-" "Mozilla/5.0 (compatible; Googlebot/2.1; +http://www.google.com/bot.html)"
66.249.71.40 - - [02/Sep/2010:23:19:04 +0200] "GET /content/kalender/jax_calendar.php?Y=2010&m=5&d=1&do=show_event&key=7c125fdee0f0f81e48b495c8b714881b&cal_id=0&language=german&gmt_ofs=-1&view=d1&evt_date=%3Cb%3E12.05.2010%3C%2Fb%3E+18%3A00&evt_title=Vergebungstraining HTTP/1.1" 200 11371 "-" "Mozilla/5.0 (compatible; Googlebot/2.1; +http://www.google.com/bot.html)"
66.249.71.40 - - [02/Sep/2010:23:21:12 +0200] "GET /content/kalender/jax_calendar.php?Y=-9909&m=12&d=1&cal_id=0&language=english&gmt_ofs=0&view=d1 HTTP/1.1" 200 11765 "-" "Mozilla/5.0 (compatible; Googlebot/2.1; +http://www.google.com/bot.html)"
66.249.71.40 - - [02/Sep/2010:23:23:47 +0200] "GET /content/kalender/jax_calendar.php?Y=4243&m=9&d=8&cal_id=0&language=german&gmt_ofs=-1&view=d1 HTTP/1.1" 200 11673 "-" "Mozilla/5.0 (compatible; Googlebot/2.1; +http://www.google.com/bot.html)"
66.249.71.40 - - [02/Sep/2010:23:29:21 +0200] "GET /content/kalender/jax_calendar.php?Y=-10105&m=5&d=1&cal_id=0&language=english&gmt_ofs=0&view=d1 HTTP/1.1" 200 11799 "-" "Mozilla/5.0 (compatible; Googlebot/2.1; +http://www.google.com/bot.html)"
207.46.195.223 - - [02/Sep/2010:23:30:28 +0200] "GET /content/stellenangebote/ HTTP/1.1" 200 8411 "-" "msnbot/2.0b (+http://search.msn.com/msnbot.htm)"
66.249.71.40 - - [02/Sep/2010:23:32:08 +0200] "GET /content/kalender/jax_calendar.php?Y=4241&m=6&d=20&view=d1 HTTP/1.1" 200 11803 "-" "Mozilla/5.0 (compatible; Googlebot/2.1; +http://www.google.com/bot.html)"
207.46.199.50 - - [02/Sep/2010:23:34:18 +0200] "GET /robots.txt HTTP/1.1" 404 1256 "-" "msnbot/2.0b (+http://search.msn.com/msnbot.htm)"
66.249.71.40 - - [02/Sep/2010:23:34:55 +0200] "GET /content/kalender/jax_calendar.php?Y=1580&m=2&d=29&cal_id=0&language=german&gmt_ofs=-1&view=d1 HTTP/1.1" 200 11706 "-" "Mozilla/5.0 (compatible; Googlebot/2.1; +http://www.google.com/bot.html)"
66.249.71.40 - - [02/Sep/2010:23:37:42 +0200] "GET /content/kalender/jax_calendar.php?Y=1578&m=12&d=29&cal_id=0&language=german&gmt_ofs=-1&view=d1 HTTP/1.1" 200 11769 "-" "Mozilla/5.0 (compatible; Googlebot/2.1; +http://www.google.com/bot.html)"
66.249.71.40 - - [02/Sep/2010:23:40:29 +0200] "GET /content/kalender/jax_calendar.php?Y=-10092&m=6&d=1&cal_id=0&language=german&gmt_ofs=-1&view=d1 HTTP/1.1" 200 11859 "-" "Mozilla/5.0 (compatible; Googlebot/2.1; +http://www.google.com/bot.html)"
81.17.208.4 - - [02/Sep/2010:23:40:58 +0200] "HEAD /content/assets/Stellenanzeigen/stellenbeschreibungpflegefachkraft1209.pdf HTTP/1.1" 200 - "-" "Mozilla/5.0 (compatible; jobs.de-Robot +http://www.jobs.de)"
207.46.199.50 - - [02/Sep/2010:23:42:00 +0200] "GET /content/kalender/jax_calendar.php?Y=2010&m=7&d=14&view=d1 HTTP/1.1" 200 15122 "-" "msnbot/2.0b (+http://search.msn.com/msnbot.htm)"
66.249.71.40 - - [02/Sep/2010:23:43:17 +0200] "GET /content/kalender/jax_calendar.php?Y=1584&m=4&d=29&cal_id=0&language=german&gmt_ofs=-1&view=d1 HTTP/1.1" 200 11704 "-" "Mozilla/5.0 (compatible; Googlebot/2.1; +http://www.google.com/bot.html)"
66.249.71.40 - - [02/Sep/2010:23:48:26 +0200] "GET /content/kalender/jax_calendar.php?Y=1581&m=2&d=29&cal_id=0&language=german&gmt_ofs=-1&view=d1 HTTP/1.1" 200 11706 "-" "Mozilla/5.0 (compatible; Googlebot/2.1; +http://www.google.com/bot.html)"
66.249.71.40 - - [02/Sep/2010:23:50:28 +0200] "GET /content/kalender/jax_calendar.php?Y=2010&m=7&d=17&cal_id=0&language=english&gmt_ofs=0&view=d1&view=d1 HTTP/1.1" 200 30642 "-" "Mozilla/5.0 (compatible; Googlebot/2.1; +http://www.google.com/bot.html)"
66.249.71.40 - - [02/Sep/2010:23:50:29 +0200] "GET /content/kalender/jax_calendar.php?Y=-10095&m=10&d=24&cal_id=0&language=german&gmt_ofs=-1&view=d1 HTTP/1.1" 200 11960 "-" "Mozilla/5.0 (compatible; Googlebot/2.1; +http://www.google.com/bot.html)"
66.249.71.40 - - [02/Sep/2010:23:50:30 +0200] "GET /content/kalender/jax_calendar.php?Y=4248&m=9&d=18&view=d1 HTTP/1.1" 200 11809 "-" "Mozilla/5.0 (compatible; Googlebot/2.1; +http://www.google.com/bot.html)"
66.249.71.40 - - [02/Sep/2010:23:52:19 +0200] "GET /content/kalender/jax_calendar.php?Y=1573&m=10&d=29&cal_id=0&language=german&gmt_ofs=-1&view=d1 HTTP/1.1" 200 11768 "-" "Mozilla/5.0 (compatible; Googlebot/2.1; +http://www.google.com/bot.html)"
66.249.71.40 - - [02/Sep/2010:23:54:55 +0200] "GET /content/kalender/jax_calendar.php?Y=4254&m=4&d=15&view=d1 HTTP/1.1" 200 11804 "-" "Mozilla/5.0 (compatible; Googlebot/2.1; +http://www.google.com/bot.html)"
66.249.71.40 - - [02/Sep/2010:23:57:30 +0200] "GET /content/kalender/jax_calendar.php?Y=1580&m=4&d=29&cal_id=0&language=german&gmt_ofs=-1&view=d1 HTTP/1.1" 200 11704 "-" "Mozilla/5.0 (compatible; Googlebot/2.1; +http://www.google.com/bot.html)"
66.249.71.40 - - [03/Sep/2010:00:00:06 +0200] "GET /content/kalender/jax_calendar.php?Y=1566&m=6&d=29&cal_id=0&language=german&gmt_ofs=-1&view=d1 HTTP/1.1" 200 11703 "-" "Mozilla/5.0 (compatible; Googlebot/2.1; +http://www.google.com/bot.html)"
66.249.71.40 - - [03/Sep/2010:00:02:42 +0200] "GET /content/kalender/jax_calendar.php?Y=4246&m=4&d=8&cal_id=0&language=german&gmt_ofs=-1&view=d1 HTTP/1.1" 200 11668 "-" "Mozilla/5.0 (compatible; Googlebot/2.1; +http://www.google.com/bot.html)"
66.249.71.40 - - [03/Sep/2010:00:05:17 +0200] "GET /content/kalender/jax_calendar.php?Y=4256&m=11&d=36&view=d1 HTTP/1.1" 200 11870 "-" "Mozilla/5.0 (compatible; Googlebot/2.1; +http://www.google.com/bot.html)"
66.249.71.40 - - [03/Sep/2010:00:07:53 +0200] "GET /content/kalender/jax_calendar.php?Y=-10138&m=6&d=8&cal_id=0&language=german&gmt_ofs=-1&view=d1 HTTP/1.1" 200 11859 "-" "Mozilla/5.0 (compatible; Googlebot/2.1; +http://www.google.com/bot.html)"
66.249.71.40 - - [03/Sep/2010:00:10:55 +0200] "GET /content/kalender/jax_calendar.php?Y=1579&m=9&d=29&cal_id=0&language=german&gmt_ofs=-1&view=d1 HTTP/1.1" 200 11709 "-" "Mozilla/5.0 (compatible; Googlebot/2.1; +http://www.google.com/bot.html)"
66.249.71.40 - - [03/Sep/2010:00:13:02 +0200] "GET /content/kalender/jax_calendar.php?Y=4239&m=6&d=1&cal_id=0&language=german&gmt_ofs=-1&view=d1 HTTP/1.1" 200 11667 "-" "Mozilla/5.0 (compatible; Googlebot/2.1; +http://www.google.com/bot.html)"
66.249.71.40 - - [03/Sep/2010:00:15:37 +0200] "GET /content/kalender/jax_calendar.php?Y=-10153&m=12&d=31&view=d1 HTTP/1.1" 200 12061 "-" "Mozilla/5.0 (compatible; Googlebot/2.1; +http://www.google.com/bot.html)"
66.249.71.40 - - [03/Sep/2010:00:18:13 +0200] "GET /content/kalender/jax_calendar.php?Y=4259&m=4&d=6&view=d1 HTTP/1.1" 200 11768 "-" "Mozilla/5.0 (compatible; Googlebot/2.1; +http://www.google.com/bot.html)"
66.249.71.40 - - [03/Sep/2010:00:20:50 +0200] "GET /content/kalender/jax_calendar.php?Y=1581&m=6&d=38&view=d1 HTTP/1.1" 200 11803 "-" "Mozilla/5.0 (compatible; Googlebot/2.1; +http://www.google.com/bot.html)"
66.249.71.40 - - [03/Sep/2010:00:26:31 +0200] "GET /content/kalender/jax_calendar.php?Y=-10143&m=7&d=8&cal_id=0&language=german&gmt_ofs=-1&view=d1 HTTP/1.1" 200 11859 "-" "Mozilla/5.0 (compatible; Googlebot/2.1; +http://www.google.com/bot.html)"
66.249.71.40 - - [03/Sep/2010:00:28:01 +0200] "GET /content/kalender/jax_calendar.php?Y=4259&m=12&d=22&view=d1 HTTP/1.1" 200 11869 "-" "Mozilla/5.0 (compatible; Googlebot/2.1; +http://www.google.com/bot.html)"
66.249.71.40 - - [03/Sep/2010:00:30:43 +0200] "GET /content/kalender/jax_calendar.php?Y=-9910&m=6&d=1&cal_id=0&language=english&gmt_ofs=0&view=d1 HTTP/1.1" 200 11703 "-" "Mozilla/5.0 (compatible; Googlebot/2.1; +http://www.google.com/bot.html)"
66.249.71.40 - - [03/Sep/2010:00:31:26 +0200] "GET /content/kalender/jax_calendar.php?Y=2010&m=5&d=1&do=show_event&key=274e1e81d4893507d709ad45de9561e8&cal_id=0&language=german&gmt_ofs=-1&view=d1&evt_date=%3Cb%3E12.05.2010%3C%2Fb%3E+18%3A00&evt_title=Lachwerkstatt HTTP/1.1" 200 11366 "-" "Mozilla/5.0 (compatible; Googlebot/2.1; +http://www.google.com/bot.html)"
66.249.71.40 - - [03/Sep/2010:00:32:58 +0200] "GET /content/kinder-und-familienzentrum-regenbogen HTTP/1.1" 200 31212 "-" "Mozilla/5.0 (compatible; Googlebot/2.1; +http://www.google.com/bot.html)"
66.249.71.40 - - [03/Sep/2010:00:33:28 +0200] "GET /content/kalender/jax_calendar.php?Y=1579&m=3&d=29&cal_id=0&language=german&gmt_ofs=-1&view=d1 HTTP/1.1" 200 11703 "-" "Mozilla/5.0 (compatible; Googlebot/2.1; +http://www.google.com/bot.html)"
66.249.71.40 - - [03/Sep/2010:00:36:08 +0200] "GET /content/kalender/jax_calendar.php?Y=-10100&m=1&d=1&cal_id=0&language=german&gmt_ofs=-1&view=d1 HTTP/1.1" 200 11862 "-" "Mozilla/5.0 (compatible; Googlebot/2.1; +http://www.google.com/bot.html)"
66.249.71.40 - - [03/Sep/2010:00:38:51 +0200] "GET /content/kalender/jax_calendar.php?Y=4258&m=4&d=23&view=d1 HTTP/1.1" 200 11804 "-" "Mozilla/5.0 (compatible; Googlebot/2.1; +http://www.google.com/bot.html)"
66.249.71.40 - - [03/Sep/2010:00:41:34 +0200] "GET /content/kalender/jax_calendar.php?Y=4258&m=11&d=5&view=d1 HTTP/1.1" 200 11834 "-" "Mozilla/5.0 (compatible; Googlebot/2.1; +http://www.google.com/bot.html)"
66.249.71.40 - - [03/Sep/2010:00:44:17 +0200] "GET /content/kalender/jax_calendar.php?Y=1580&m=7&d=29&cal_id=0&language=german&gmt_ofs=-1&view=d1 HTTP/1.1" 200 11703 "-" "Mozilla/5.0 (compatible; Googlebot/2.1; +http://www.google.com/bot.html)"
66.249.71.40 - - [03/Sep/2010:00:47:00 +0200] "GET /content/kalender/jax_calendar.php?Y=1569&m=6&d=29&cal_id=0&language=german&gmt_ofs=-1&view=d1 HTTP/1.1" 200 11703 "-" "Mozilla/5.0 (compatible; Googlebot/2.1; +http://www.google.com/bot.html)"
66.249.71.40 - - [03/Sep/2010:00:49:43 +0200] "GET /content/kalender/jax_calendar.php?Y=-10153&m=3&d=11&view=d1 HTTP/1.1" 200 11995 "-" "Mozilla/5.0 (compatible; Googlebot/2.1; +http://www.google.com/bot.html)"
66.249.71.40 - - [03/Sep/2010:00:52:25 +0200] "GET /content/kalender/jax_calendar.php?Y=-10154&m=11&d=35&view=d1 HTTP/1.1" 200 12062 "-" "Mozilla/5.0 (compatible; Googlebot/2.1; +http://www.google.com/bot.html)"
66.249.71.40 - - [03/Sep/2010:00:55:08 +0200] "GET /content/kalender/jax_calendar.php?Y=4247&m=7&d=8&cal_id=0&language=german&gmt_ofs=-1&view=d1 HTTP/1.1" 200 11667 "-" "Mozilla/5.0 (compatible; Googlebot/2.1; +http://www.google.com/bot.html)"
41.202.74.44 - - [03/Sep/2010:00:57:25 +0200] "GET / HTTP/1.1" 302 - "http://www.ipage24.com/deutschland/region/12/ort/Bernau" "Mozilla/4.0 (compatible; MSIE 7.0; Windows NT 6.0; SLCC1; .NET CLR 2.0.50727; Media Center PC 5.0; .NET CLR 3.0.04506; .NET CLR 1.1.4322)"
41.202.74.44 - - [03/Sep/2010:00:57:26 +0200] "GET /content/aktuelles/ HTTP/1.1" 200 10044 "http://www.ipage24.com/deutschland/region/12/ort/Bernau" "Mozilla/4.0 (compatible; MSIE 7.0; Windows NT 6.0; SLCC1; .NET CLR 2.0.50727; Media Center PC 5.0; .NET CLR 3.0.04506; .NET CLR 1.1.4322)"
66.249.71.40 - - [03/Sep/2010:00:58:01 +0200] "GET /content/kalender/jax_calendar.php?Y=4247&m=4&d=8&cal_id=0&language=german&gmt_ofs=-1&view=d1 HTTP/1.1" 200 11668 "-" "Mozilla/5.0 (compatible; Googlebot/2.1; +http://www.google.com/bot.html)"
66.249.71.40 - - [03/Sep/2010:01:00:30 +0200] "GET /content/kalender/jax_calendar.php?Y=4245&m=9&d=1&cal_id=0&language=german&gmt_ofs=-1&view=d1 HTTP/1.1" 200 11673 "-" "Mozilla/5.0 (compatible; Googlebot/2.1; +http://www.google.com/bot.html)"
66.249.71.40 - - [03/Sep/2010:01:03:14 +0200] "GET /content/kalender/jax_calendar.php?Y=4239&m=9&d=8&cal_id=0&language=german&gmt_ofs=-1&view=d1 HTTP/1.1" 200 11673 "-" "Mozilla/5.0 (compatible; Googlebot/2.1; +http://www.google.com/bot.html)"
66.249.71.40 - - [03/Sep/2010:01:06:03 +0200] "GET /content/kalender/jax_calendar.php?Y=1583&m=8&d=29&cal_id=0&language=german&gmt_ofs=-1&view=d1 HTTP/1.1" 200 11705 "-" "Mozilla/5.0 (compatible; Googlebot/2.1; +http://www.google.com/bot.html)"
66.249.71.40 - - [03/Sep/2010:01:08:51 +0200] "GET /content/kalender/jax_calendar.php?Y=-10143&m=11&d=8&cal_id=0&language=german&gmt_ofs=-1&view=d1 HTTP/1.1" 200 11926 "-" "Mozilla/5.0 (compatible; Googlebot/2.1; +http://www.google.com/bot.html)"
66.249.71.40 - - [03/Sep/2010:01:11:40 +0200] "GET /content/kalender/jax_calendar.php?Y=4250&m=4&d=35&view=d1 HTTP/1.1" 200 11804 "-" "Mozilla/5.0 (compatible; Googlebot/2.1; +http://www.google.com/bot.html)"
207.46.195.237 - - [03/Sep/2010:01:11:50 +0200] "GET /content/veranstaltungskalender/ HTTP/1.1" 200 7393 "-" "msnbot/2.0b (+http://search.msn.com/msnbot.htm)"
66.249.71.40 - - [03/Sep/2010:01:13:58 +0200] "GET /content/kalender/jax_calendar.php?Y=2015&m=4&d=1&cal_id=0&language=german&gmt_ofs=-1&view=d1 HTTP/1.1" 200 11085 "-" "Mozilla/5.0 (compatible; Googlebot/2.1; +http://www.google.com/bot.html)"
66.249.71.40 - - [03/Sep/2010:01:14:33 +0200] "GET /content/kalender/jax_calendar.php?Y=-10149&m=7&d=26&view=d1 HTTP/1.1" 200 11995 "-" "Mozilla/5.0 (compatible; Googlebot/2.1; +http://www.google.com/bot.html)"
66.249.71.40 - - [03/Sep/2010:01:17:17 +0200] "GET /content/kalender/jax_calendar.php?Y=4241&m=9&d=8&cal_id=0&language=german&gmt_ofs=-1&view=d1 HTTP/1.1" 200 11673 "-" "Mozilla/5.0 (compatible; Googlebot/2.1; +http://www.google.com/bot.html)"
67.195.115.117 - - [03/Sep/2010:01:19:07 +0200] "GET /robots.txt HTTP/1.0" 404 1256 "-" "Mozilla/5.0 (compatible; Yahoo! Slurp; http://help.yahoo.com/help/us/ysearch/slurp)"
67.195.115.117 - - [03/Sep/2010:01:19:08 +0200] "GET /content/awotreff-ueber-uns/ HTTP/1.0" 200 8988 "-" "Mozilla/5.0 (compatible; Yahoo! Slurp/3.0; http://help.yahoo.com/help/us/ysearch/slurp)"
67.195.115.117 - - [03/Sep/2010:01:19:09 +0200] "GET /content/themes/blackcandy/css/layout.css?m=1281258825 HTTP/1.0" 200 9945 "http://www.awo-kv-bernau.de/content/awotreff-ueber-uns/" "Mozilla/5.0 (compatible; Yahoo! Slurp/3.0; http://help.yahoo.com/help/us/ysearch/slurp)"
67.195.115.117 - - [03/Sep/2010:01:19:09 +0200] "GET /content/themes/blackcandy/css/typography.css?m=1281262824 HTTP/1.0" 200 5090 "http://www.awo-kv-bernau.de/content/awotreff-ueber-uns/" "Mozilla/5.0 (compatible; Yahoo! Slurp/3.0; http://help.yahoo.com/help/us/ysearch/slurp)"
67.195.115.117 - - [03/Sep/2010:01:19:10 +0200] "GET /content/themes/blackcandy/css/form.css?m=1277278133 HTTP/1.0" 304 - "http://www.awo-kv-bernau.de/content/awotreff-ueber-uns/" "Mozilla/5.0 (compatible; Yahoo! Slurp/3.0; http://help.yahoo.com/help/us/ysearch/slurp)"
66.249.71.40 - - [03/Sep/2010:01:20:06 +0200] "GET /content/kalender/jax_calendar.php?Y=1583&m=10&d=9&view=d1 HTTP/1.1" 200 11832 "-" "Mozilla/5.0 (compatible; Googlebot/2.1; +http://www.google.com/bot.html)"
66.249.71.40 - - [03/Sep/2010:01:23:03 +0200] "GET /content/kalender/jax_calendar.php?Y=4253&m=7&d=33&view=d1 HTTP/1.1" 200 11803 "-" "Mozilla/5.0 (compatible; Googlebot/2.1; +http://www.google.com/bot.html)"
66.249.71.40 - - [03/Sep/2010:01:25:43 +0200] "GET /content/kalender/jax_calendar.php?Y=-10133&m=10&d=8&cal_id=0&language=german&gmt_ofs=-1&view=d1 HTTP/1.1" 200 11924 "-" "Mozilla/5.0 (compatible; Googlebot/2.1; +http://www.google.com/bot.html)"
66.249.71.40 - - [03/Sep/2010:01:28:31 +0200] "GET /content/kalender/jax_calendar.php?Y=1576&m=3&d=29&cal_id=0&language=german&gmt_ofs=-1&view=d1 HTTP/1.1" 200 11703 "-" "Mozilla/5.0 (compatible; Googlebot/2.1; +http://www.google.com/bot.html)"
66.249.71.40 - - [03/Sep/2010:01:31:21 +0200] "GET /content/kalender/jax_calendar.php?Y=-10154&m=3&d=28&view=d1 HTTP/1.1" 200 11995 "-" "Mozilla/5.0 (compatible; Googlebot/2.1; +http://www.google.com/bot.html)"
66.249.71.40 - - [03/Sep/2010:01:34:10 +0200] "GET /content/kalender/jax_calendar.php?Y=4240&m=5&d=8&cal_id=0&language=german&gmt_ofs=-1&view=d1 HTTP/1.1" 200 11666 "-" "Mozilla/5.0 (compatible; Googlebot/2.1; +http://www.google.com/bot.html)"
66.249.71.40 - - [03/Sep/2010:01:35:34 +0200] "GET /content/kalender/jax_calendar.php?Y=1581&m=9&d=29&cal_id=0&language=german&gmt_ofs=-1&view=d1 HTTP/1.1" 200 11709 "-" "Mozilla/5.0 (compatible; Googlebot/2.1; +http://www.google.com/bot.html)"
66.249.71.40 - - [03/Sep/2010:01:38:05 +0200] "GET /content/kalender/jax_calendar.php?Y=4230&m=10&d=8&cal_id=0&language=german&gmt_ofs=-1&view=d1 HTTP/1.1" 200 11732 "-" "Mozilla/5.0 (compatible; Googlebot/2.1; +http://www.google.com/bot.html)"
66.249.71.40 - - [03/Sep/2010:01:40:42 +0200] "GET /content/kalender/jax_calendar.php?Y=-10151&m=4&d=22&view=d1 HTTP/1.1" 200 11996 "-" "Mozilla/5.0 (compatible; Googlebot/2.1; +http://www.google.com/bot.html)"
207.46.195.233 - - [03/Sep/2010:01:41:05 +0200] "GET /content/kinder-und-familienzentrum-regenbogen/ HTTP/1.1" 200 31229 "-" "msnbot/2.0b (+http://search.msn.com/msnbot.htm)"
207.46.13.50 - - [03/Sep/2010:01:41:43 +0200] "GET /robots.txt HTTP/1.1" 404 1256 "-" "msnbot/2.0b (+http://search.msn.com/msnbot.htm)"
66.249.71.40 - - [03/Sep/2010:01:43:20 +0200] "GET /content/kalender/jax_calendar.php?Y=4246&m=9&d=24&view=d1 HTTP/1.1" 200 11809 "-" "Mozilla/5.0 (compatible; Googlebot/2.1; +http://www.google.com/bot.html)"
66.249.71.40 - - [03/Sep/2010:01:45:58 +0200] "GET /robots.txt HTTP/1.1" 404 1256 "-" "Mozilla/5.0 (compatible; Googlebot/2.1; +http://www.google.com/bot.html)"
66.249.71.40 - - [03/Sep/2010:01:45:58 +0200] "GET /content/kalender/jax_calendar.php?Y=4244&m=9&d=1&cal_id=0&language=german&gmt_ofs=-1&view=d1 HTTP/1.1" 200 11673 "-" "Mozilla/5.0 (compatible; Googlebot/2.1; +http://www.google.com/bot.html)"
66.249.71.40 - - [03/Sep/2010:01:51:11 +0200] "GET /content/kalender/jax_calendar.php?Y=-10095&m=9&d=24&cal_id=0&language=german&gmt_ofs=-1&view=d1 HTTP/1.1" 200 11901 "-" "Mozilla/5.0 (compatible; Googlebot/2.1; +http://www.google.com/bot.html)"
66.249.71.40 - - [03/Sep/2010:01:53:49 +0200] "GET /content/kalender/jax_calendar.php?Y=1576&m=4&d=29&cal_id=0&language=german&gmt_ofs=-1&view=d1 HTTP/1.1" 200 11704 "-" "Mozilla/5.0 (compatible; Googlebot/2.1; +http://www.google.com/bot.html)"
207.46.13.50 - - [03/Sep/2010:01:55:33 +0200] "GET /content/kalender/jax_calendar.php?Y=2010&m=7&d=31&view=d1 HTTP/1.1" 200 27942 "-" "msnbot/2.0b (+http://search.msn.com/msnbot.htm)"
66.249.71.40 - - [03/Sep/2010:01:56:13 +0200] "GET /content/kalender/jax_calendar.php?Y=2010&m=8&d=12&cal_id=0&language=german&gmt_ofs=-1&view=d1&view=d1 HTTP/1.1" 200 28265 "-" "Mozilla/5.0 (compatible; Googlebot/2.1; +http://www.google.com/bot.html)"
66.249.71.40 - - [03/Sep/2010:01:56:13 +0200] "GET /content/kalender/jax_calendar.php?Y=-10142&m=6&d=8&cal_id=0&language=german&gmt_ofs=-1&view=d1 HTTP/1.1" 200 11859 "-" "Mozilla/5.0 (compatible; Googlebot/2.1; +http://www.google.com/bot.html)"
66.249.71.40 - - [03/Sep/2010:01:58:50 +0200] "GET /content/kalender/jax_calendar.php?Y=1576&m=8&d=29&cal_id=0&language=german&gmt_ofs=-1&view=d1 HTTP/1.1" 200 11705 "-" "Mozilla/5.0 (compatible; Googlebot/2.1; +http://www.google.com/bot.html)"
66.249.71.40 - - [03/Sep/2010:01:59:39 +0200] "GET /content/assets/Beratung/Insolvenz/demant.jpg HTTP/1.1" 304 - "-" "Googlebot-Image/1.0"
207.46.199.51 - - [03/Sep/2010:02:00:47 +0200] "GET /content/aktuelles/ HTTP/1.1" 200 10044 "-" "msnbot/2.0b (+http://search.msn.com/msnbot.htm)"
66.249.71.40 - - [03/Sep/2010:02:01:28 +0200] "GET /content/kalender/jax_calendar.php?Y=4242&m=7&d=1&cal_id=0&language=german&gmt_ofs=-1&view=d1 HTTP/1.1" 200 11667 "-" "Mozilla/5.0 (compatible; Googlebot/2.1; +http://www.google.com/bot.html)"
66.249.71.40 - - [03/Sep/2010:02:04:13 +0200] "GET /content/kalender/jax_calendar.php?Y=-10150&m=4&d=37&view=d1 HTTP/1.1" 200 11996 "-" "Mozilla/5.0 (compatible; Googlebot/2.1; +http://www.google.com/bot.html)"
66.249.71.40 - - [03/Sep/2010:02:06:48 +0200] "GET /content/kalender/jax_calendar.php?Y=1581&m=8&d=29&cal_id=0&language=german&gmt_ofs=-1&view=d1 HTTP/1.1" 200 11705 "-" "Mozilla/5.0 (compatible; Googlebot/2.1; +http://www.google.com/bot.html)"
66.249.71.40 - - [03/Sep/2010:02:10:42 +0200] "GET /content/kalender/jax_calendar.php?Y=4241&m=5&d=8&cal_id=0&language=german&gmt_ofs=-1&view=d1 HTTP/1.1" 200 11666 "-" "Mozilla/5.0 (compatible; Googlebot/2.1; +http://www.google.com/bot.html)"
66.249.71.40 - - [03/Sep/2010:02:10:43 +0200] "GET /content/kalender/jax_calendar.php?Y=4236&m=6&d=1&cal_id=0&language=german&gmt_ofs=-1&view=d1 HTTP/1.1" 200 11667 "-" "Mozilla/5.0 (compatible; Googlebot/2.1; +http://www.google.com/bot.html)"
66.249.71.40 - - [03/Sep/2010:02:12:43 +0200] "GET /content/kalender/jax_calendar.php?Y=4246&m=3&d=8&cal_id=0&language=german&gmt_ofs=-1&view=d1 HTTP/1.1" 200 11667 "-" "Mozilla/5.0 (compatible; Googlebot/2.1; +http://www.google.com/bot.html)"
66.249.71.40 - - [03/Sep/2010:02:15:35 +0200] "GET /content/kalender/jax_calendar.php?Y=-10114&m=1&d=1&cal_id=0&language=english&gmt_ofs=0&view=d1 HTTP/1.1" 200 11800 "-" "Mozilla/5.0 (compatible; Googlebot/2.1; +http://www.google.com/bot.html)"
66.249.71.40 - - [03/Sep/2010:02:18:35 +0200] "GET /content/kalender/jax_calendar.php?Y=1576&m=5&d=29&cal_id=0&language=german&gmt_ofs=-1&view=d1 HTTP/1.1" 200 11702 "-" "Mozilla/5.0 (compatible; Googlebot/2.1; +http://www.google.com/bot.html)"
66.249.71.40 - - [03/Sep/2010:02:21:36 +0200] "GET /content/kalender/jax_calendar.php?Y=4250&m=3&d=2&view=d1 HTTP/1.1" 200 11767 "-" "Mozilla/5.0 (compatible; Googlebot/2.1; +http://www.google.com/bot.html)"
66.249.71.40 - - [03/Sep/2010:02:24:36 +0200] "GET /content/kalender/jax_calendar.php?Y=4481&m=12&d=11&view=d1 HTTP/1.1" 200 11869 "-" "Mozilla/5.0 (compatible; Googlebot/2.1; +http://www.google.com/bot.html)"
66.249.71.40 - - [03/Sep/2010:02:27:37 +0200] "GET /content/kalender/jax_calendar.php?Y=4255&m=9&d=31&view=d1 HTTP/1.1" 200 11809 "-" "Mozilla/5.0 (compatible; Googlebot/2.1; +http://www.google.com/bot.html)"
66.249.71.40 - - [03/Sep/2010:02:30:37 +0200] "GET /content/kalender/jax_calendar.php?Y=1574&m=10&d=29&cal_id=0&language=german&gmt_ofs=-1&view=d1 HTTP/1.1" 200 11768 "-" "Mozilla/5.0 (compatible; Googlebot/2.1; +http://www.google.com/bot.html)"
66.249.71.40 - - [03/Sep/2010:02:33:38 +0200] "GET /content/kalender/jax_calendar.php?Y=4237&m=9&d=8&cal_id=0&language=german&gmt_ofs=-1&view=d1 HTTP/1.1" 200 11673 "-" "Mozilla/5.0 (compatible; Googlebot/2.1; +http://www.google.com/bot.html)"
66.249.71.40 - - [03/Sep/2010:02:36:52 +0200] "GET /content/kalender/jax_calendar.php?Y=-10107&m=9&d=1&cal_id=0&language=english&gmt_ofs=0&view=d1 HTTP/1.1" 200 11800 "-" "Mozilla/5.0 (compatible; Googlebot/2.1; +http://www.google.com/bot.html)"
66.249.71.40 - - [03/Sep/2010:02:38:41 +0200] "GET /content/kalender/jax_calendar.php?Y=2015&m=4&d=24&view=d1 HTTP/1.1" 200 11221 "-" "Mozilla/5.0 (compatible; Googlebot/2.1; +http://www.google.com/bot.html)"
66.249.71.40 - - [03/Sep/2010:02:40:02 +0200] "GET /content/kalender/jax_calendar.php?Y=4243&m=2&d=8&cal_id=0&language=german&gmt_ofs=-1&view=d1 HTTP/1.1" 200 11670 "-" "Mozilla/5.0 (compatible; Googlebot/2.1; +http://www.google.com/bot.html)"
66.249.71.40 - - [03/Sep/2010:02:42:51 +0200] "GET /content/kalender/jax_calendar.php?Y=-10153&m=11&d=20&view=d1 HTTP/1.1" 200 12062 "-" "Mozilla/5.0 (compatible; Googlebot/2.1; +http://www.google.com/bot.html)"
95.108.158.134 - - [03/Sep/2010:02:48:51 +0200] "GET / HTTP/1.1" 302 - "-" "Mozilla/5.0 (compatible; YandexBot/3.0; +http://yandex.com/bots)"
95.108.158.134 - - [03/Sep/2010:02:48:53 +0200] "GET /content/aktuelles/ HTTP/1.1" 200 10044 "-" "Mozilla/5.0 (compatible; YandexBot/3.0; +http://yandex.com/bots)"
66.249.71.40 - - [03/Sep/2010:03:00:29 +0200] "GET /content/kalender/jax_calendar.php?Y=4245&m=11&d=8&cal_id=0&language=german&gmt_ofs=-1&view=d1 HTTP/1.1" 200 11734 "-" "Mozilla/5.0 (compatible; Googlebot/2.1; +http://www.google.com/bot.html)"
65.52.49.140 - - [03/Sep/2010:03:02:17 +0200] "GET /robots.txt HTTP/1.1" 404 1256 "-" "msnbot/2.0b (+http://search.msn.com/msnbot.htm)"
66.249.71.40 - - [03/Sep/2010:03:03:00 +0200] "GET /content/kalender/jax_calendar.php?Y=-10095&m=2&d=24&cal_id=0&language=german&gmt_ofs=-1&view=d1 HTTP/1.1" 200 11898 "-" "Mozilla/5.0 (compatible; Googlebot/2.1; +http://www.google.com/bot.html)"
66.249.71.40 - - [03/Sep/2010:03:05:20 +0200] "GET /content/kalender/jax_calendar.php?Y=-10143&m=1&d=8&cal_id=0&language=german&gmt_ofs=-1&view=d1 HTTP/1.1" 200 11862 "-" "Mozilla/5.0 (compatible; Googlebot/2.1; +http://www.google.com/bot.html)"
66.249.71.40 - - [03/Sep/2010:03:07:51 +0200] "GET /content/kalender/jax_calendar.php?Y=-10155&m=9&d=2&view=d1 HTTP/1.1" 200 11965 "-" "Mozilla/5.0 (compatible; Googlebot/2.1; +http://www.google.com/bot.html)"
66.249.71.40 - - [03/Sep/2010:03:10:21 +0200] "GET /content/kalender/jax_calendar.php?Y=1585&m=12&d=29&cal_id=0&language=german&gmt_ofs=-1&view=d1 HTTP/1.1" 200 11769 "-" "Mozilla/5.0 (compatible; Googlebot/2.1; +http://www.google.com/bot.html)"
66.249.71.40 - - [03/Sep/2010:03:12:52 +0200] "GET /content/kalender/jax_calendar.php?Y=4238&m=5&d=8&cal_id=0&language=german&gmt_ofs=-1&view=d1 HTTP/1.1" 200 11666 "-" "Mozilla/5.0 (compatible; Googlebot/2.1; +http://www.google.com/bot.html)"
66.249.71.40 - - [03/Sep/2010:03:15:22 +0200] "GET /content/kalender/jax_calendar.php?Y=4233&m=6&d=1&cal_id=0&language=german&gmt_ofs=-1&view=d1 HTTP/1.1" 200 11667 "-" "Mozilla/5.0 (compatible; Googlebot/2.1; +http://www.google.com/bot.html)"
66.249.71.40 - - [03/Sep/2010:03:20:24 +0200] "GET /content/kalender/jax_calendar.php?Y=4243&m=5&d=8&cal_id=0&language=german&gmt_ofs=-1&view=d1 HTTP/1.1" 200 11666 "-" "Mozilla/5.0 (compatible; Googlebot/2.1; +http://www.google.com/bot.html)"
67.195.115.117 - - [03/Sep/2010:03:22:18 +0200] "GET /content/traumland/ HTTP/1.0" 200 18574 "-" "Mozilla/5.0 (compatible; Yahoo! Slurp/3.0; http://help.yahoo.com/help/us/ysearch/slurp)"
67.195.115.117 - - [03/Sep/2010:03:22:20 +0200] "GET /content/themes/blackcandy/css/layout.css?m=1281258825 HTTP/1.0" 304 - "http://www.awo-kv-bernau.de/content/traumland/" "Mozilla/5.0 (compatible; Yahoo! Slurp/3.0; http://help.yahoo.com/help/us/ysearch/slurp)"
67.195.115.117 - - [03/Sep/2010:03:22:21 +0200] "GET /content/themes/blackcandy/css/typography.css?m=1281262824 HTTP/1.0" 304 - "http://www.awo-kv-bernau.de/content/traumland/" "Mozilla/5.0 (compatible; Yahoo! Slurp/3.0; http://help.yahoo.com/help/us/ysearch/slurp)"
67.195.115.117 - - [03/Sep/2010:03:22:22 +0200] "GET /content/themes/blackcandy/css/form.css?m=1277278133 HTTP/1.0" 304 - "http://www.awo-kv-bernau.de/content/traumland/" "Mozilla/5.0 (compatible; Yahoo! Slurp/3.0; http://help.yahoo.com/help/us/ysearch/slurp)"
66.249.71.40 - - [03/Sep/2010:03:23:13 +0200] "GET /content/kalender/jax_calendar.php?Y=4237&m=2&d=8&cal_id=0&language=german&gmt_ofs=-1&view=d1 HTTP/1.1" 200 11670 "-" "Mozilla/5.0 (compatible; Googlebot/2.1; +http://www.google.com/bot.html)"
66.249.71.40 - - [03/Sep/2010:03:25:23 +0200] "GET /content/kalender/jax_calendar.php?Y=4249&m=1&d=8&cal_id=0&language=german&gmt_ofs=-1&view=d1 HTTP/1.1" 200 11670 "-" "Mozilla/5.0 (compatible; Googlebot/2.1; +http://www.google.com/bot.html)"
66.249.71.40 - - [03/Sep/2010:03:27:54 +0200] "GET /content/kalender/jax_calendar.php?Y=4248&m=5&d=7&view=d1 HTTP/1.1" 200 11766 "-" "Mozilla/5.0 (compatible; Googlebot/2.1; +http://www.google.com/bot.html)"
66.249.71.40 - - [03/Sep/2010:03:30:25 +0200] "GET /content/kalender/jax_calendar.php?Y=1572&m=6&d=29&cal_id=0&language=german&gmt_ofs=-1&view=d1 HTTP/1.1" 200 11703 "-" "Mozilla/5.0 (compatible; Googlebot/2.1; +http://www.google.com/bot.html)"
66.249.71.40 - - [03/Sep/2010:03:32:57 +0200] "GET /content/kalender/jax_calendar.php?Y=4254&m=11&d=18&view=d1 HTTP/1.1" 200 11870 "-" "Mozilla/5.0 (compatible; Googlebot/2.1; +http://www.google.com/bot.html)"
66.249.71.40 - - [03/Sep/2010:03:35:24 +0200] "GET /content/kalender/jax_calendar.php?Y=4250&m=1&d=32&view=d1 HTTP/1.1" 200 11806 "-" "Mozilla/5.0 (compatible; Googlebot/2.1; +http://www.google.com/bot.html)"
66.249.71.40 - - [03/Sep/2010:03:35:25 +0200] "GET /content/kalender/jax_calendar.php?Y=4240&m=9&d=8&cal_id=0&language=german&gmt_ofs=-1&view=d1 HTTP/1.1" 200 11673 "-" "Mozilla/5.0 (compatible; Googlebot/2.1; +http://www.google.com/bot.html)"
65.52.49.77 - - [03/Sep/2010:03:36:30 +0200] "GET /robots.txt HTTP/1.1" 404 1256 "-" "msnbot/2.0b (+http://search.msn.com/msnbot.htm)"
66.249.71.40 - - [03/Sep/2010:03:37:35 +0200] "GET /content/kalender/jax_calendar.php?Y=-10147&m=5&d=20&view=d1 HTTP/1.1" 200 11994 "-" "Mozilla/5.0 (compatible; Googlebot/2.1; +http://www.google.com/bot.html)"
66.249.71.40 - - [03/Sep/2010:03:39:52 +0200] "GET /content/kalender/jax_calendar.php?Y=4233&m=10&d=8&cal_id=0&language=german&gmt_ofs=-1&view=d1 HTTP/1.1" 200 11732 "-" "Mozilla/5.0 (compatible; Googlebot/2.1; +http://www.google.com/bot.html)"
66.249.71.40 - - [03/Sep/2010:03:42:09 +0200] "GET /content/kalender/jax_calendar.php?Y=1586&m=2&d=32&view=d1 HTTP/1.1" 200 11806 "-" "Mozilla/5.0 (compatible; Googlebot/2.1; +http://www.google.com/bot.html)"
66.249.71.40 - - [03/Sep/2010:03:44:25 +0200] "GET /content/kalender/jax_calendar.php?Y=1574&m=6&d=29&cal_id=0&language=german&gmt_ofs=-1&view=d1 HTTP/1.1" 200 11703 "-" "Mozilla/5.0 (compatible; Googlebot/2.1; +http://www.google.com/bot.html)"
207.46.13.138 - - [03/Sep/2010:03:46:14 +0200] "GET /robots.txt HTTP/1.1" 404 1256 "-" "msnbot/2.0b (+http://search.msn.com/msnbot.htm)"
66.249.71.40 - - [03/Sep/2010:03:46:42 +0200] "GET /content/kalender/jax_calendar.php?Y=4241&m=8&d=8&cal_id=0&language=german&gmt_ofs=-1&view=d1 HTTP/1.1" 200 11669 "-" "Mozilla/5.0 (compatible; Googlebot/2.1; +http://www.google.com/bot.html)"
66.249.71.40 - - [03/Sep/2010:03:48:59 +0200] "GET /content/kalender/jax_calendar.php?Y=1582&m=3&d=29&cal_id=0&language=german&gmt_ofs=-1&view=d1 HTTP/1.1" 200 11703 "-" "Mozilla/5.0 (compatible; Googlebot/2.1; +http://www.google.com/bot.html)"
66.249.71.40 - - [03/Sep/2010:03:51:25 +0200] "GET /content/kalender/jax_calendar.php?Y=4238&m=8&d=8&cal_id=0&language=german&gmt_ofs=-1&view=d1 HTTP/1.1" 200 11669 "-" "Mozilla/5.0 (compatible; Googlebot/2.1; +http://www.google.com/bot.html)"
66.249.71.40 - - [03/Sep/2010:03:53:31 +0200] "GET /content/kalender/jax_calendar.php?Y=1577&m=8&d=29&cal_id=0&language=german&gmt_ofs=-1&view=d1 HTTP/1.1" 200 11705 "-" "Mozilla/5.0 (compatible; Googlebot/2.1; +http://www.google.com/bot.html)"
66.249.71.40 - - [03/Sep/2010:03:55:48 +0200] "GET /content/kalender/jax_calendar.php?Y=-10130&m=10&d=8&cal_id=0&language=german&gmt_ofs=-1&view=d1 HTTP/1.1" 200 11924 "-" "Mozilla/5.0 (compatible; Googlebot/2.1; +http://www.google.com/bot.html)"
66.249.71.40 - - [03/Sep/2010:03:58:05 +0200] "GET /content/kalender/jax_calendar.php?Y=1583&m=12&d=29&cal_id=0&language=german&gmt_ofs=-1&view=d1 HTTP/1.1" 200 11769 "-" "Mozilla/5.0 (compatible; Googlebot/2.1; +http://www.google.com/bot.html)"
207.46.199.200 - - [03/Sep/2010:03:58:28 +0200] "GET /robots.txt HTTP/1.1" 404 1256 "-" "msnbot/2.0b (+http://search.msn.com/msnbot.htm)"
207.46.13.138 - - [03/Sep/2010:03:59:54 +0200] "GET / HTTP/1.1" 302 - "-" "msnbot/2.0b (+http://search.msn.com/msnbot.htm)"
66.249.71.40 - - [03/Sep/2010:04:00:22 +0200] "GET /content/kalender/jax_calendar.php?Y=1579&m=10&d=29&cal_id=0&language=german&gmt_ofs=-1&view=d1 HTTP/1.1" 200 11768 "-" "Mozilla/5.0 (compatible; Googlebot/2.1; +http://www.google.com/bot.html)"
66.249.71.40 - - [03/Sep/2010:04:02:39 +0200] "GET /content/kalender/jax_calendar.php?Y=1577&m=3&d=29&cal_id=0&language=german&gmt_ofs=-1&view=d1 HTTP/1.1" 200 11703 "-" "Mozilla/5.0 (compatible; Googlebot/2.1; +http://www.google.com/bot.html)"
66.249.71.40 - - [03/Sep/2010:04:05:16 +0200] "GET /content/kalender/jax_calendar.php?Y=-9913&m=7&d=1&cal_id=0&language=english&gmt_ofs=0&view=d1 HTTP/1.1" 200 11703 "-" "Mozilla/5.0 (compatible; Googlebot/2.1; +http://www.google.com/bot.html)"
66.249.71.40 - - [03/Sep/2010:04:07:12 +0200] "GET /content/kalender/jax_calendar.php?Y=1583&m=2&d=29&cal_id=0&language=german&gmt_ofs=-1&view=d1 HTTP/1.1" 200 11706 "-" "Mozilla/5.0 (compatible; Googlebot/2.1; +http://www.google.com/bot.html)"
66.249.71.40 - - [03/Sep/2010:04:09:29 +0200] "GET /content/kalender/jax_calendar.php?Y=-9911&m=5&d=1&cal_id=0&language=english&gmt_ofs=0&view=d1 HTTP/1.1" 200 11703 "-" "Mozilla/5.0 (compatible; Googlebot/2.1; +http://www.google.com/bot.html)"
66.249.71.40 - - [03/Sep/2010:04:13:31 +0200] "GET /content/kalender/jax_calendar.php?Y=4239&m=2&d=8&cal_id=0&language=german&gmt_ofs=-1&view=d1 HTTP/1.1" 200 11670 "-" "Mozilla/5.0 (compatible; Googlebot/2.1; +http://www.google.com/bot.html)"
66.249.71.40 - - [03/Sep/2010:04:15:41 +0200] "GET /content/kalender/jax_calendar.php?Y=-10142&m=3&d=8&cal_id=0&language=german&gmt_ofs=-1&view=d1 HTTP/1.1" 200 11859 "-" "Mozilla/5.0 (compatible; Googlebot/2.1; +http://www.google.com/bot.html)"
66.249.71.40 - - [03/Sep/2010:04:18:27 +0200] "GET /content/kalender/jax_calendar.php?Y=-10156&m=11&d=15&view=d1 HTTP/1.1" 200 12062 "-" "Mozilla/5.0 (compatible; Googlebot/2.1; +http://www.google.com/bot.html)"
66.249.71.40 - - [03/Sep/2010:04:21:18 +0200] "GET /content/kalender/jax_calendar.php?Y=-10129&m=10&d=8&cal_id=0&language=german&gmt_ofs=-1&view=d1 HTTP/1.1" 200 11924 "-" "Mozilla/5.0 (compatible; Googlebot/2.1; +http://www.google.com/bot.html)"
66.249.71.40 - - [03/Sep/2010:04:24:15 +0200] "GET /content/kalender/jax_calendar.php?Y=4250&m=5&d=14&view=d1 HTTP/1.1" 200 11802 "-" "Mozilla/5.0 (compatible; Googlebot/2.1; +http://www.google.com/bot.html)"
66.249.71.40 - - [03/Sep/2010:04:27:02 +0200] "GET /content/kalender/jax_calendar.php?Y=4247&m=3&d=8&cal_id=0&language=german&gmt_ofs=-1&view=d1 HTTP/1.1" 200 11667 "-" "Mozilla/5.0 (compatible; Googlebot/2.1; +http://www.google.com/bot.html)"
66.249.71.40 - - [03/Sep/2010:04:29:53 +0200] "GET /content/kalender/jax_calendar.php?Y=4249&m=5&d=6&view=d1 HTTP/1.1" 200 11766 "-" "Mozilla/5.0 (compatible; Googlebot/2.1; +http://www.google.com/bot.html)"
66.249.71.40 - - [03/Sep/2010:04:32:45 +0200] "GET /content/kalender/jax_calendar.php?Y=1582&m=8&d=29&cal_id=0&language=german&gmt_ofs=-1&view=d1 HTTP/1.1" 200 11705 "-" "Mozilla/5.0 (compatible; Googlebot/2.1; +http://www.google.com/bot.html)"
66.249.71.40 - - [03/Sep/2010:04:35:37 +0200] "GET /content/kalender/jax_calendar.php?Y=4242&m=11&d=8&cal_id=0&language=german&gmt_ofs=-1&view=d1 HTTP/1.1" 200 11734 "-" "Mozilla/5.0 (compatible; Googlebot/2.1; +http://www.google.com/bot.html)"
66.249.71.40 - - [03/Sep/2010:04:38:29 +0200] "GET /content/kalender/jax_calendar.php?Y=-10142&m=2&d=8&cal_id=0&language=german&gmt_ofs=-1&view=d1 HTTP/1.1" 200 11862 "-" "Mozilla/5.0 (compatible; Googlebot/2.1; +http://www.google.com/bot.html)"
66.249.71.40 - - [03/Sep/2010:04:42:05 +0200] "GET /content/kalender/jax_calendar.php?Y=1578&m=1&d=29&cal_id=0&language=german&gmt_ofs=-1&view=d1 HTTP/1.1" 200 11706 "-" "Mozilla/5.0 (compatible; Googlebot/2.1; +http://www.google.com/bot.html)"
207.46.13.143 - - [03/Sep/2010:04:43:39 +0200] "GET / HTTP/1.1" 302 - "-" "msnbot/2.0b (+http://search.msn.com/msnbot.htm)"
66.249.71.40 - - [03/Sep/2010:04:44:12 +0200] "GET /content/kalender/jax_calendar.php?Y=4248&m=1&d=8&cal_id=0&language=german&gmt_ofs=-1&view=d1 HTTP/1.1" 200 11670 "-" "Mozilla/5.0 (compatible; Googlebot/2.1; +http://www.google.com/bot.html)"
66.249.71.40 - - [03/Sep/2010:04:47:29 +0200] "GET /content/kalender/jax_calendar.php?Y=1571&m=6&d=29&cal_id=0&language=german&gmt_ofs=-1&view=d1 HTTP/1.1" 200 11703 "-" "Mozilla/5.0 (compatible; Googlebot/2.1; +http://www.google.com/bot.html)"
66.249.71.40 - - [03/Sep/2010:04:52:11 +0200] "GET /content/kalender/jax_calendar.php?Y=2011&m=5&d=19&cal_id=0&language=german&gmt_ofs=-1&view=d1&view=d1 HTTP/1.1" 200 11187 "-" "Mozilla/5.0 (compatible; Googlebot/2.1; +http://www.google.com/bot.html)"
66.249.71.40 - - [03/Sep/2010:04:52:12 +0200] "GET /content/kalender/jax_calendar.php?Y=-10153&m=4&d=23&view=d1 HTTP/1.1" 200 11996 "-" "Mozilla/5.0 (compatible; Googlebot/2.1; +http://www.google.com/bot.html)"
66.249.71.40 - - [03/Sep/2010:04:54:49 +0200] "GET /content/kalender/jax_calendar.php?Y=-10153&m=1&d=17&view=d1 HTTP/1.1" 200 11998 "-" "Mozilla/5.0 (compatible; Googlebot/2.1; +http://www.google.com/bot.html)"
66.249.71.40 - - [03/Sep/2010:04:57:44 +0200] "GET /content/kalender/jax_calendar.php?Y=-10092&m=9&d=1&cal_id=0&language=german&gmt_ofs=-1&view=d1 HTTP/1.1" 200 11865 "-" "Mozilla/5.0 (compatible; Googlebot/2.1; +http://www.google.com/bot.html)"
66.249.71.40 - - [03/Sep/2010:05:00:38 +0200] "GET /content/kalender/jax_calendar.php?Y=1585&m=7&d=29&cal_id=0&language=german&gmt_ofs=-1&view=d1 HTTP/1.1" 200 11703 "-" "Mozilla/5.0 (compatible; Googlebot/2.1; +http://www.google.com/bot.html)"
66.249.71.40 - - [03/Sep/2010:05:03:33 +0200] "GET /content/kalender/jax_calendar.php?Y=1578&m=4&d=29&cal_id=0&language=german&gmt_ofs=-1&view=d1 HTTP/1.1" 200 11704 "-" "Mozilla/5.0 (compatible; Googlebot/2.1; +http://www.google.com/bot.html)"
207.46.204.19 - - [03/Sep/2010:05:03:52 +0200] "GET /robots.txt HTTP/1.1" 404 1256 "-" "msnbot-media/1.1 (+http://search.msn.com/msnbot.htm)"
207.46.204.19 - - [03/Sep/2010:05:03:52 +0200] "GET /content/assets/Beratung/Frueh1/stahl.jpg HTTP/1.1" 200 15341 "-" "msnbot-media/1.1 (+http://search.msn.com/msnbot.htm)"
207.46.204.19 - - [03/Sep/2010:05:03:53 +0200] "GET /content/fruehfoerder-und-beratungsstelle-barnim/ HTTP/1.1" 200 14535 "-" "msnbot-media/1.1 (+http://search.msn.com/msnbot.htm)"
66.249.71.40 - - [03/Sep/2010:05:09:21 +0200] "GET /content/kalender/jax_calendar.php?Y=4241&m=4&d=1&cal_id=0&language=german&gmt_ofs=-1&view=d1 HTTP/1.1" 200 11668 "-" "Mozilla/5.0 (compatible; Googlebot/2.1; +http://www.google.com/bot.html)"
66.249.71.40 - - [03/Sep/2010:05:12:16 +0200] "GET /content/kalender/jax_calendar.php?Y=-10156&m=2&d=30&view=d1 HTTP/1.1" 200 11998 "-" "Mozilla/5.0 (compatible; Googlebot/2.1; +http://www.google.com/bot.html)"
207.46.13.143 - - [03/Sep/2010:05:14:55 +0200] "GET /content/aktuelles/ HTTP/1.1" 200 10044 "-" "msnbot/2.0b (+http://search.msn.com/msnbot.htm)"
66.249.71.40 - - [03/Sep/2010:05:15:11 +0200] "GET /content/kalender/jax_calendar.php?Y=-10148&m=3&d=33&view=d1 HTTP/1.1" 200 11995 "-" "Mozilla/5.0 (compatible; Googlebot/2.1; +http://www.google.com/bot.html)"
66.249.71.40 - - [03/Sep/2010:05:18:06 +0200] "GET /content/kalender/jax_calendar.php?Y=1584&m=2&d=29&cal_id=0&language=german&gmt_ofs=-1&view=d1 HTTP/1.1" 200 11706 "-" "Mozilla/5.0 (compatible; Googlebot/2.1; +http://www.google.com/bot.html)"
66.249.71.40 - - [03/Sep/2010:05:21:01 +0200] "GET /content/kalender/jax_calendar.php?Y=4235&m=6&d=1&cal_id=0&language=german&gmt_ofs=-1&view=d1 HTTP/1.1" 200 11667 "-" "Mozilla/5.0 (compatible; Googlebot/2.1; +http://www.google.com/bot.html)"
66.249.71.40 - - [03/Sep/2010:05:23:56 +0200] "GET /content/kalender/jax_calendar.php?Y=1583&m=1&d=29&cal_id=0&language=german&gmt_ofs=-1&view=d1 HTTP/1.1" 200 11706 "-" "Mozilla/5.0 (compatible; Googlebot/2.1; +http://www.google.com/bot.html)"
66.249.71.40 - - [03/Sep/2010:05:26:33 +0200] "GET /content/kalender/jax_calendar.php?Y=-10152&m=6&d=20&view=d1 HTTP/1.1" 200 11995 "-" "Mozilla/5.0 (compatible; Googlebot/2.1; +http://www.google.com/bot.html)"
66.249.71.40 - - [03/Sep/2010:05:26:34 +0200] "GET /content/kalender/jax_calendar.php?Y=2011&m=6&d=23&cal_id=0&language=german&gmt_ofs=-1&view=d1&view=d1 HTTP/1.1" 200 11120 "-" "Mozilla/5.0 (compatible; Googlebot/2.1; +http://www.google.com/bot.html)"
66.249.71.40 - - [03/Sep/2010:05:26:35 +0200] "GET /content/kalender/jax_calendar.php?Y=4241&m=3&d=1&cal_id=0&language=german&gmt_ofs=-1&view=d1 HTTP/1.1" 200 11667 "-" "Mozilla/5.0 (compatible; Googlebot/2.1; +http://www.google.com/bot.html)"
66.249.71.40 - - [03/Sep/2010:05:26:36 +0200] "GET /content/kalender/jax_calendar.php?Y=-10152&m=4&d=25&view=d1 HTTP/1.1" 200 11996 "-" "Mozilla/5.0 (compatible; Googlebot/2.1; +http://www.google.com/bot.html)"
66.249.71.40 - - [03/Sep/2010:05:28:50 +0200] "GET /content/kalender/jax_calendar.php?Y=1579&m=12&d=29&cal_id=0&language=german&gmt_ofs=-1&view=d1 HTTP/1.1" 200 11769 "-" "Mozilla/5.0 (compatible; Googlebot/2.1; +http://www.google.com/bot.html)"
66.249.71.40 - - [03/Sep/2010:05:31:21 +0200] "GET /content/kalender/jax_calendar.php?Y=1586&m=4&d=11&view=d1 HTTP/1.1" 200 11804 "-" "Mozilla/5.0 (compatible; Googlebot/2.1; +http://www.google.com/bot.html)"
66.249.71.40 - - [03/Sep/2010:05:33:53 +0200] "GET /content/kalender/jax_calendar.php?Y=-10156&m=3&d=22&view=d1 HTTP/1.1" 200 11995 "-" "Mozilla/5.0 (compatible; Googlebot/2.1; +http://www.google.com/bot.html)"
66.249.71.40 - - [03/Sep/2010:05:36:24 +0200] "GET /content/kalender/jax_calendar.php?Y=-10148&m=7&d=28&view=d1 HTTP/1.1" 200 11995 "-" "Mozilla/5.0 (compatible; Googlebot/2.1; +http://www.google.com/bot.html)"
207.46.13.138 - - [03/Sep/2010:05:36:44 +0200] "GET /content/aktuelles/ HTTP/1.1" 200 10044 "-" "msnbot/2.0b (+http://search.msn.com/msnbot.htm)"
66.249.71.40 - - [03/Sep/2010:05:38:55 +0200] "GET /content/kalender/jax_calendar.php?Y=-10139&m=1&d=8&cal_id=0&language=german&gmt_ofs=-1&view=d1 HTTP/1.1" 200 11862 "-" "Mozilla/5.0 (compatible; Googlebot/2.1; +http://www.google.com/bot.html)"
66.249.71.40 - - [03/Sep/2010:05:41:27 +0200] "GET /content/kalender/jax_calendar.php?Y=-10156&m=6&d=13&view=d1 HTTP/1.1" 200 11995 "-" "Mozilla/5.0 (compatible; Googlebot/2.1; +http://www.google.com/bot.html)"
66.249.71.40 - - [03/Sep/2010:05:43:58 +0200] "GET /content/kalender/jax_calendar.php?Y=-10154&m=8&d=22&view=d1 HTTP/1.1" 200 11997 "-" "Mozilla/5.0 (compatible; Googlebot/2.1; +http://www.google.com/bot.html)"
66.249.71.40 - - [03/Sep/2010:05:46:29 +0200] "GET /content/kalender/jax_calendar.php?Y=1576&m=7&d=29&cal_id=0&language=german&gmt_ofs=-1&view=d1 HTTP/1.1" 200 11703 "-" "Mozilla/5.0 (compatible; Googlebot/2.1; +http://www.google.com/bot.html)"
66.249.71.40 - - [03/Sep/2010:05:49:01 +0200] "GET /content/kalender/jax_calendar.php?Y=1580&m=3&d=29&cal_id=0&language=german&gmt_ofs=-1&view=d1 HTTP/1.1" 200 11703 "-" "Mozilla/5.0 (compatible; Googlebot/2.1; +http://www.google.com/bot.html)"
66.249.71.40 - - [03/Sep/2010:05:51:32 +0200] "GET /content/kalender/jax_calendar.php?Y=-10150&m=8&d=27&view=d1 HTTP/1.1" 200 11997 "-" "Mozilla/5.0 (compatible; Googlebot/2.1; +http://www.google.com/bot.html)"
66.249.71.40 - - [03/Sep/2010:05:54:15 +0200] "GET /content/kalender/jax_calendar.php?Y=4246&m=7&d=8&cal_id=0&language=german&gmt_ofs=-1&view=d1 HTTP/1.1" 200 11667 "-" "Mozilla/5.0 (compatible; Googlebot/2.1; +http://www.google.com/bot.html)"
66.249.71.40 - - [03/Sep/2010:05:56:34 +0200] "GET /content/kalender/jax_calendar.php?Y=-10137&m=8&d=8&cal_id=0&language=german&gmt_ofs=-1&view=d1 HTTP/1.1" 200 11861 "-" "Mozilla/5.0 (compatible; Googlebot/2.1; +http://www.google.com/bot.html)"
66.249.71.40 - - [03/Sep/2010:05:59:05 +0200] "GET /content/kalender/jax_calendar.php?Y=-10140&m=9&d=8&cal_id=0&language=german&gmt_ofs=-1&view=d1 HTTP/1.1" 200 11865 "-" "Mozilla/5.0 (compatible; Googlebot/2.1; +http://www.google.com/bot.html)"
66.249.71.40 - - [03/Sep/2010:06:01:45 +0200] "GET /content/kalender/jax_calendar.php?Y=1577&m=1&d=29&cal_id=0&language=german&gmt_ofs=-1&view=d1 HTTP/1.1" 200 11706 "-" "Mozilla/5.0 (compatible; Googlebot/2.1; +http://www.google.com/bot.html)"
193.47.80.37 - - [03/Sep/2010:06:02:01 +0200] "GET /robots.txt HTTP/1.1" 404 1256 "-" "Mozilla/5.0 (compatible; Exabot/3.0; +http://www.exabot.com/go/robot)"
193.47.80.37 - - [03/Sep/2010:06:02:01 +0200] "GET / HTTP/1.1" 302 - "-" "Mozilla/5.0 (compatible; Exabot/3.0; +http://www.exabot.com/go/robot)"
193.47.80.37 - - [03/Sep/2010:06:02:23 +0200] "GET /content/aktuelles/ HTTP/1.1" 200 10044 "-" "Mozilla/5.0 (compatible; Exabot/3.0; +http://www.exabot.com/go/robot)"
66.249.71.40 - - [03/Sep/2010:06:04:16 +0200] "GET /content/kalender/jax_calendar.php?Y=-10148&m=4&d=21&view=d1 HTTP/1.1" 200 11996 "-" "Mozilla/5.0 (compatible; Googlebot/2.1; +http://www.google.com/bot.html)"
66.249.71.40 - - [03/Sep/2010:06:06:52 +0200] "GET /content/kalender/jax_calendar.php?Y=1576&m=2&d=29&cal_id=0&language=german&gmt_ofs=-1&view=d1 HTTP/1.1" 200 11706 "-" "Mozilla/5.0 (compatible; Googlebot/2.1; +http://www.google.com/bot.html)"
66.249.71.40 - - [03/Sep/2010:06:09:29 +0200] "GET /content/kalender/jax_calendar.php?Y=4242&m=8&d=8&cal_id=0&language=german&gmt_ofs=-1&view=d1 HTTP/1.1" 200 11669 "-" "Mozilla/5.0 (compatible; Googlebot/2.1; +http://www.google.com/bot.html)"
66.249.71.40 - - [03/Sep/2010:06:12:09 +0200] "GET /content/kalender/jax_calendar.php?Y=-10146&m=1&d=8&cal_id=0&language=german&gmt_ofs=-1&view=d1 HTTP/1.1" 200 11862 "-" "Mozilla/5.0 (compatible; Googlebot/2.1; +http://www.google.com/bot.html)"
66.249.71.40 - - [03/Sep/2010:06:14:41 +0200] "GET /content/kalender/jax_calendar.php?Y=-10155&m=4&d=30&view=d1 HTTP/1.1" 200 11996 "-" "Mozilla/5.0 (compatible; Googlebot/2.1; +http://www.google.com/bot.html)"
66.249.71.40 - - [03/Sep/2010:06:17:17 +0200] "GET /content/kalender/jax_calendar.php?Y=4248&m=3&d=8&cal_id=0&language=german&gmt_ofs=-1&view=d1 HTTP/1.1" 200 11667 "-" "Mozilla/5.0 (compatible; Googlebot/2.1; +http://www.google.com/bot.html)"
66.249.71.40 - - [03/Sep/2010:06:20:15 +0200] "GET /content/kalender/jax_calendar.php?Y=4251&m=12&d=9&view=d1 HTTP/1.1" 200 11833 "-" "Mozilla/5.0 (compatible; Googlebot/2.1; +http://www.google.com/bot.html)"
66.249.71.40 - - [03/Sep/2010:06:22:28 +0200] "GET /content/kalender/jax_calendar.php?Y=4245&m=5&d=34&view=d1 HTTP/1.1" 200 11802 "-" "Mozilla/5.0 (compatible; Googlebot/2.1; +http://www.google.com/bot.html)"
66.249.71.40 - - [03/Sep/2010:06:25:04 +0200] "GET /content/kalender/jax_calendar.php?Y=4247&m=1&d=8&cal_id=0&language=german&gmt_ofs=-1&view=d1 HTTP/1.1" 200 11670 "-" "Mozilla/5.0 (compatible; Googlebot/2.1; +http://www.google.com/bot.html)"
66.249.71.40 - - [03/Sep/2010:06:27:41 +0200] "GET /content/kalender/jax_calendar.php?Y=4250&m=9&d=2&view=d1 HTTP/1.1" 200 11773 "-" "Mozilla/5.0 (compatible; Googlebot/2.1; +http://www.google.com/bot.html)"
66.249.71.40 - - [03/Sep/2010:06:30:17 +0200] "GET /content/kalender/jax_calendar.php?Y=-10139&m=10&d=29&view=d1 HTTP/1.1" 200 12060 "-" "Mozilla/5.0 (compatible; Googlebot/2.1; +http://www.google.com/bot.html)"
66.249.66.148 - - [03/Sep/2010:06:32:54 +0200] "GET /content/kalender/jax_calendar.php?Y=-10156&m=8&d=12&view=d1 HTTP/1.1" 200 11997 "-" "Mozilla/5.0 (compatible; Googlebot/2.1; +http://www.google.com/bot.html)"
66.249.71.40 - - [03/Sep/2010:06:35:23 +0200] "GET /content/kalender/jax_calendar.php?Y=-10152&m=1&d=18&view=d1 HTTP/1.1" 200 11998 "-" "Mozilla/5.0 (compatible; Googlebot/2.1; +http://www.google.com/bot.html)"
66.249.71.40 - - [03/Sep/2010:06:37:45 +0200] "GET /content/kalender/jax_calendar.php?Y=-10148&m=6&d=4&view=d1 HTTP/1.1" 200 11959 "-" "Mozilla/5.0 (compatible; Googlebot/2.1; +http://www.google.com/bot.html)"
66.249.71.40 - - [03/Sep/2010:06:40:11 +0200] "GET /content/kalender/jax_calendar.php?Y=-10139&m=3&d=8&cal_id=0&language=german&gmt_ofs=-1&view=d1 HTTP/1.1" 200 11859 "-" "Mozilla/5.0 (compatible; Googlebot/2.1; +http://www.google.com/bot.html)"
66.249.71.40 - - [03/Sep/2010:06:42:37 +0200] "GET /content/kalender/jax_calendar.php?Y=4244&m=2&d=8&cal_id=0&language=german&gmt_ofs=-1&view=d1 HTTP/1.1" 200 11670 "-" "Mozilla/5.0 (compatible; Googlebot/2.1; +http://www.google.com/bot.html)"
66.249.71.40 - - [03/Sep/2010:06:45:02 +0200] "GET /content/kalender/jax_calendar.php?Y=-9910&m=8&d=1&cal_id=0&language=english&gmt_ofs=0&view=d1 HTTP/1.1" 200 11703 "-" "Mozilla/5.0 (compatible; Googlebot/2.1; +http://www.google.com/bot.html)"
66.249.71.40 - - [03/Sep/2010:06:47:28 +0200] "GET /content/kalender/jax_calendar.php?Y=1585&m=8&d=29&cal_id=0&language=german&gmt_ofs=-1&view=d1 HTTP/1.1" 200 11705 "-" "Mozilla/5.0 (compatible; Googlebot/2.1; +http://www.google.com/bot.html)"
66.249.71.40 - - [03/Sep/2010:06:52:19 +0200] "GET /content/kalender/jax_calendar.php?Y=-10146&m=9&d=8&cal_id=0&language=german&gmt_ofs=-1&view=d1 HTTP/1.1" 200 11865 "-" "Mozilla/5.0 (compatible; Googlebot/2.1; +http://www.google.com/bot.html)"
66.249.71.40 - - [03/Sep/2010:06:54:54 +0200] "GET /content/kalender/jax_calendar.php?Y=-10145&m=3&d=8&cal_id=0&language=german&gmt_ofs=-1&view=d1 HTTP/1.1" 200 11859 "-" "Mozilla/5.0 (compatible; Googlebot/2.1; +http://www.google.com/bot.html)"
