84.190.138.98 - - [02/Sep/2010:12:37:28 +0200] "GET /content/themes/blackcandy/images/herz.png HTTP/1.1" 200 344 "http://www.awo-kv-bernau.de/content/themes/blackcandy/css/layout.css?m=1281258825" "Mozilla/5.0 (Windows; U; Windows NT 5.1; de; rv:1.9.1.11) Gecko/20100701 Firefox/3.5.11 (.NET CLR 3.5.30729)"
84.190.138.98 - - [02/Sep/2010:12:37:28 +0200] "GET /content/themes/blackcandy/images/icons/page_white_acrobat.png HTTP/1.1" 200 591 "http://www.awo-kv-bernau.de/content/themes/blackcandy/css/typography.css?m=1281262824" "Mozilla/5.0 (Windows; U; Windows NT 5.1; de; rv:1.9.1.11) Gecko/20100701 Firefox/3.5.11 (.NET CLR 3.5.30729)"
84.190.138.98 - - [02/Sep/2010:12:37:29 +0200] "GET /content/themes/blackcandy/images/footer.png HTTP/1.1" 200 884 "http://www.awo-kv-bernau.de/content/themes/blackcandy/css/layout.css?m=1281258825" "Mozilla/5.0 (Windows; U; Windows NT 5.1; de; rv:1.9.1.11) Gecko/20100701 Firefox/3.5.11 (.NET CLR 3.5.30729)"
84.190.138.98 - - [02/Sep/2010:12:37:27 +0200] "GET /content/assets/Kitas/Traumland/traumland7.jpg HTTP/1.1" 200 84584 "http://www.awo-kv-bernau.de/content/traumland/" "Mozilla/5.0 (Windows; U; Windows NT 5.1; de; rv:1.9.1.11) Gecko/20100701 Firefox/3.5.11 (.NET CLR 3.5.30729)"
87.187.152.174 - - [02/Sep/2010:12:38:13 +0200] "GET /content/spenden/ HTTP/1.1" 200 9302 "http://www.awo-kv-bernau.de/content/aktuelles/" "Mozilla/4.0 (compatible; MSIE 8.0; Windows NT 5.1; Trident/4.0; .NET CLR 2.0.50727; .NET CLR 3.0.4506.2152; .NET CLR 3.5.30729; InfoPath.2)"
66.249.71.40 - - [02/Sep/2010:12:39:29 +0200] "GET /content/kalender/jax_calendar.php?Y=-9898&m=1&d=1&cal_id=0&language=english&gmt_ofs=0&view=d1 HTTP/1.1" 200 11704 "-" "Mozilla/5.0 (compatible; Googlebot/2.1; +http://www.google.com/bot.html)"
67.195.115.117 - - [02/Sep/2010:12:44:14 +0200] "GET /robots.txt HTTP/1.0" 404 1256 "-" "Mozilla/5.0 (compatible; Yahoo! Slurp; http://help.yahoo.com/help/us/ysearch/slurp)"
67.195.115.117 - - [02/Sep/2010:12:44:15 +0200] "GET /content/kinderland/ HTTP/1.0" 200 20474 "-" "Mozilla/5.0 (compatible; Yahoo! Slurp/3.0; http://help.yahoo.com/help/us/ysearch/slurp)"
67.195.115.117 - - [02/Sep/2010:12:44:18 +0200] "GET /content/themes/blackcandy/css/layout.css?m=1281258825 HTTP/1.0" 200 9945 "http://www.awo-kv-bernau.de/content/kinderland/" "Mozilla/5.0 (compatible; Yahoo! Slurp/3.0; http://help.yahoo.com/help/us/ysearch/slurp)"
67.195.115.117 - - [02/Sep/2010:12:44:20 +0200] "GET /content/themes/blackcandy/css/typography.css?m=1281262824 HTTP/1.0" 200 5090 "http://www.awo-kv-bernau.de/content/kinderland/" "Mozilla/5.0 (compatible; Yahoo! Slurp/3.0; http://help.yahoo.com/help/us/ysearch/slurp)"
67.195.115.117 - - [02/Sep/2010:12:44:22 +0200] "GET /content/themes/blackcandy/css/form.css?m=1277278133 HTTP/1.0" 304 - "http://www.awo-kv-bernau.de/content/kinderland/" "Mozilla/5.0 (compatible; Yahoo! Slurp/3.0; http://help.yahoo.com/help/us/ysearch/slurp)"
66.249.71.40 - - [02/Sep/2010:12:45:29 +0200] "GET /content/kalender/jax_calendar.php?Y=-10155&m=8&d=9&view=d1 HTTP/1.1" 200 11961 "-" "Mozilla/5.0 (compatible; Googlebot/2.1; +http://www.google.com/bot.html)"
66.249.71.40 - - [02/Sep/2010:12:52:53 +0200] "GET /content/kalender/jax_calendar.php?Y=4255&m=3&d=15&view=d1 HTTP/1.1" 200 11803 "-" "Mozilla/5.0 (compatible; Googlebot/2.1; +http://www.google.com/bot.html)"
87.187.152.174 - - [02/Sep/2010:12:54:16 +0200] "GET /content/aktuelles/ HTTP/1.1" 200 10044 "-" "Mozilla/4.0 (compatible; MSIE 6.0; Windows NT 5.1; SV1; .NET CLR 2.0.50727; .NET CLR 3.0.04506.30; .NET CLR 3.0.4506.2152; .NET CLR 3.5.30729)"
87.187.152.174 - - [02/Sep/2010:12:54:16 +0200] "GET /content/themes/blackcandy/css/ie6.css HTTP/1.1" 304 - "http://www.awo-kv-bernau.de/content/aktuelles/" "Mozilla/4.0 (compatible; MSIE 6.0; Windows NT 5.1; SV1; .NET CLR 2.0.50727; .NET CLR 3.0.04506.30; .NET CLR 3.0.4506.2152; .NET CLR 3.5.30729)"
87.187.152.174 - - [02/Sep/2010:12:54:16 +0200] "GET /content/themes/blackcandy/css/layout.css?m=1281258825 HTTP/1.1" 304 - "http://www.awo-kv-bernau.de/content/aktuelles/" "Mozilla/4.0 (compatible; MSIE 6.0; Windows NT 5.1; SV1; .NET CLR 2.0.50727; .NET CLR 3.0.04506.30; .NET CLR 3.0.4506.2152; .NET CLR 3.5.30729)"
87.187.152.174 - - [02/Sep/2010:12:54:16 +0200] "GET /content/themes/blackcandy/css/typography.css?m=1281262824 HTTP/1.1" 304 - "http://www.awo-kv-bernau.de/content/aktuelles/" "Mozilla/4.0 (compatible; MSIE 6.0; Windows NT 5.1; SV1; .NET CLR 2.0.50727; .NET CLR 3.0.04506.30; .NET CLR 3.0.4506.2152; .NET CLR 3.5.30729)"
87.187.152.174 - - [02/Sep/2010:12:54:16 +0200] "GET /content/themes/blackcandy/css/form.css?m=1277278133 HTTP/1.1" 304 - "http://www.awo-kv-bernau.de/content/aktuelles/" "Mozilla/4.0 (compatible; MSIE 6.0; Windows NT 5.1; SV1; .NET CLR 2.0.50727; .NET CLR 3.0.04506.30; .NET CLR 3.0.4506.2152; .NET CLR 3.5.30729)"
87.187.152.174 - - [02/Sep/2010:12:54:16 +0200] "GET /content/assets/Aktuelles/aktuelles010910.jpg HTTP/1.1" 304 - "http://www.awo-kv-bernau.de/content/aktuelles/" "Mozilla/4.0 (compatible; MSIE 6.0; Windows NT 5.1; SV1; .NET CLR 2.0.50727; .NET CLR 3.0.04506.30; .NET CLR 3.0.4506.2152; .NET CLR 3.5.30729)"
87.187.152.174 - - [02/Sep/2010:12:54:16 +0200] "GET /content/themes/blackcandy/images/sidebarBottomBg.gif HTTP/1.1" 404 1256 "http://www.awo-kv-bernau.de/content/aktuelles/" "Mozilla/4.0 (compatible; MSIE 6.0; Windows NT 5.1; SV1; .NET CLR 2.0.50727; .NET CLR 3.0.04506.30; .NET CLR 3.0.4506.2152; .NET CLR 3.5.30729)"
66.249.71.40 - - [02/Sep/2010:12:54:37 +0200] "GET /content/kalender/jax_calendar.php?Y=1584&m=7&d=29&cal_id=0&language=german&gmt_ofs=-1&view=d1 HTTP/1.1" 200 11703 "-" "Mozilla/5.0 (compatible; Googlebot/2.1; +http://www.google.com/bot.html)"
87.187.152.174 - - [02/Sep/2010:12:55:30 +0200] "GET /content/spenden/ HTTP/1.1" 200 9302 "http://www.awo-kv-bernau.de/content/spenden/" "Mozilla/4.0 (compatible; MSIE 8.0; Windows NT 5.1; Trident/4.0; .NET CLR 2.0.50727; .NET CLR 3.0.4506.2152; .NET CLR 3.5.30729; InfoPath.2)"
66.249.71.40 - - [02/Sep/2010:12:57:27 +0200] "GET /content/kalender/jax_calendar.php?Y=1576&m=6&d=18&view=d1 HTTP/1.1" 200 11803 "-" "Mozilla/5.0 (compatible; Googlebot/2.1; +http://www.google.com/bot.html)"
66.249.71.40 - - [02/Sep/2010:13:00:18 +0200] "GET /content/kalender/jax_calendar.php?Y=4247&m=10&d=3&view=d1 HTTP/1.1" 200 11832 "-" "Mozilla/5.0 (compatible; Googlebot/2.1; +http://www.google.com/bot.html)"
66.249.71.40 - - [02/Sep/2010:13:03:07 +0200] "GET /content/kalender/jax_calendar.php?Y=-9910&m=9&d=1&cal_id=0&language=english&gmt_ofs=0&view=d1 HTTP/1.1" 200 11704 "-" "Mozilla/5.0 (compatible; Googlebot/2.1; +http://www.google.com/bot.html)"
66.249.71.40 - - [02/Sep/2010:13:06:14 +0200] "GET /content/kalender/jax_calendar.php?Y=4248&m=8&d=28&view=d1 HTTP/1.1" 200 11805 "-" "Mozilla/5.0 (compatible; Googlebot/2.1; +http://www.google.com/bot.html)"
207.46.195.233 - - [02/Sep/2010:13:07:02 +0200] "GET /robots.txt HTTP/1.1" 404 1256 "-" "msnbot/2.0b (+http://search.msn.com/msnbot.htm)"
66.249.71.40 - - [02/Sep/2010:13:08:45 +0200] "GET /content/kalender/jax_calendar.php?Y=4235&m=10&d=8&cal_id=0&language=german&gmt_ofs=-1&view=d1 HTTP/1.1" 200 11732 "-" "Mozilla/5.0 (compatible; Googlebot/2.1; +http://www.google.com/bot.html)"
66.249.71.40 - - [02/Sep/2010:13:11:35 +0200] "GET /content/kalender/jax_calendar.php?Y=4242&m=3&d=1&cal_id=0&language=german&gmt_ofs=-1&view=d1 HTTP/1.1" 200 11667 "-" "Mozilla/5.0 (compatible; Googlebot/2.1; +http://www.google.com/bot.html)"
66.249.71.40 - - [02/Sep/2010:13:14:25 +0200] "GET /content/kalender/jax_calendar.php?Y=4485&m=5&d=33&cal_id=0&language=german&gmt_ofs=-1&view=d1 HTTP/1.1" 200 11702 "-" "Mozilla/5.0 (compatible; Googlebot/2.1; +http://www.google.com/bot.html)"
66.249.71.40 - - [02/Sep/2010:13:17:16 +0200] "GET /content/kalender/jax_calendar.php?Y=1581&m=1&d=29&cal_id=0&language=german&gmt_ofs=-1&view=d1 HTTP/1.1" 200 11706 "-" "Mozilla/5.0 (compatible; Googlebot/2.1; +http://www.google.com/bot.html)"
66.249.71.40 - - [02/Sep/2010:13:20:06 +0200] "GET /content/kalender/jax_calendar.php?Y=-9908&m=1&d=3&cal_id=0&language=german&gmt_ofs=-1&view=d1 HTTP/1.1" 200 11766 "-" "Mozilla/5.0 (compatible; Googlebot/2.1; +http://www.google.com/bot.html)"
66.249.71.40 - - [02/Sep/2010:13:22:56 +0200] "GET /content/kalender/jax_calendar.php?Y=-10092&m=10&d=1&cal_id=0&language=german&gmt_ofs=-1&view=d1 HTTP/1.1" 200 11924 "-" "Mozilla/5.0 (compatible; Googlebot/2.1; +http://www.google.com/bot.html)"
66.249.71.40 - - [02/Sep/2010:13:25:47 +0200] "GET /content/kalender/jax_calendar.php?Y=-10101&m=1&d=24&cal_id=0&language=german&gmt_ofs=-1&view=d1 HTTP/1.1" 200 11898 "-" "Mozilla/5.0 (compatible; Googlebot/2.1; +http://www.google.com/bot.html)"
66.249.71.40 - - [02/Sep/2010:13:28:18 +0200] "GET /content/pusteblume/ HTTP/1.1" 200 17716 "-" "Mozilla/5.0 (compatible; Googlebot/2.1; +http://www.google.com/bot.html)"
66.249.71.40 - - [02/Sep/2010:13:29:46 +0200] "GET /content/assets/Stellenanzeigen/stellenausschreibungpflegehelfer082010.pdf HTTP/1.1" 200 23852 "-" "Mozilla/5.0 (compatible; Googlebot/2.1; +http://www.google.com/bot.html)"
66.249.71.40 - - [02/Sep/2010:13:31:28 +0200] "GET /content/kalender/jax_calendar.php?Y=-9911&m=11&d=1&cal_id=0&language=english&gmt_ofs=0&view=d1 HTTP/1.1" 200 11766 "-" "Mozilla/5.0 (compatible; Googlebot/2.1; +http://www.google.com/bot.html)"
207.46.13.140 - - [02/Sep/2010:13:33:30 +0200] "GET / HTTP/1.1" 302 - "-" "msnbot/2.0b (+http://search.msn.com/msnbot.htm)"
66.249.71.40 - - [02/Sep/2010:13:34:18 +0200] "GET /content/kalender/jax_calendar.php?Y=-10097&m=12&d=39&view=d1 HTTP/1.1" 200 12061 "-" "Mozilla/5.0 (compatible; Googlebot/2.1; +http://www.google.com/bot.html)"
66.249.71.40 - - [02/Sep/2010:13:37:09 +0200] "GET /content/kalender/jax_calendar.php?Y=1584&m=9&d=29&cal_id=0&language=german&gmt_ofs=-1&view=d1 HTTP/1.1" 200 11709 "-" "Mozilla/5.0 (compatible; Googlebot/2.1; +http://www.google.com/bot.html)"
66.249.71.40 - - [02/Sep/2010:13:40:00 +0200] "GET /content/kalender/jax_calendar.php?Y=4489&m=7&d=33&cal_id=0&language=german&gmt_ofs=-1&view=d1 HTTP/1.1" 200 11703 "-" "Mozilla/5.0 (compatible; Googlebot/2.1; +http://www.google.com/bot.html)"
207.46.13.44 - - [02/Sep/2010:13:40:58 +0200] "GET /content/assets/Stellenanzeigen/stellenbeschreibungerzieher012010.pdf HTTP/1.1" 200 38159 "-" "msnbot/2.0b (+http://search.msn.com/msnbot.htm)"
66.249.71.40 - - [02/Sep/2010:13:42:51 +0200] "GET /content/kalender/jax_calendar.php?Y=4478&m=4&d=33&cal_id=0&language=german&gmt_ofs=-1&view=d1 HTTP/1.1" 200 11704 "-" "Mozilla/5.0 (compatible; Googlebot/2.1; +http://www.google.com/bot.html)"
95.108.158.134 - - [02/Sep/2010:13:44:31 +0200] "GET /content/kalender/jax_calendar.php?Y=2010&m=8&d=18&do=show_event&key=c3e0cbcccf026a11e8801598a7499487&cal_id=0&language=german&gmt_ofs=-1&view=d30&evt_date=%3Cb%3E28.09.2010%3C%2Fb%3E+10%3A00&evt_title=Sprechstundes+des+Integrationsfachdienstes HTTP/1.1" 200 12201 "-" "Mozilla/5.0 (compatible; YandexBot/3.0; +http://yandex.com/bots)"
66.249.71.40 - - [02/Sep/2010:13:45:42 +0200] "GET /robots.txt HTTP/1.1" 404 1256 "-" "Mozilla/5.0 (compatible; Googlebot/2.1; +http://www.google.com/bot.html)"
66.249.71.40 - - [02/Sep/2010:13:45:43 +0200] "GET /content/kalender/jax_calendar.php?Y=1580&m=6&d=32&view=d1 HTTP/1.1" 200 11803 "-" "Mozilla/5.0 (compatible; Googlebot/2.1; +http://www.google.com/bot.html)"
66.249.71.40 - - [02/Sep/2010:13:48:34 +0200] "GET /content/kalender/jax_calendar.php?Y=-10100&m=4&d=15&view=d1 HTTP/1.1" 200 11996 "-" "Mozilla/5.0 (compatible; Googlebot/2.1; +http://www.google.com/bot.html)"
87.187.152.174 - - [02/Sep/2010:13:49:06 +0200] "GET /content/assets/Aktuelles/aktuelles010910.jpg HTTP/1.1" 200 29458 "http://www.sozialedienste-awo.de/content/aktuelles/" "Mozilla/4.0 (compatible; MSIE 7.0; Windows NT 5.1; .NET CLR 1.1.4322)"
87.187.152.174 - - [02/Sep/2010:13:49:06 +0200] "GET /content/assets/Aktuelles/aktuelles160710.jpg HTTP/1.1" 304 - "http://www.sozialedienste-awo.de/content/aktuelles/" "Mozilla/4.0 (compatible; MSIE 7.0; Windows NT 5.1; .NET CLR 1.1.4322)"
66.249.71.40 - - [02/Sep/2010:13:51:25 +0200] "GET /content/kalender/jax_calendar.php?Y=1586&m=7&d=32&view=d1 HTTP/1.1" 200 11803 "-" "Mozilla/5.0 (compatible; Googlebot/2.1; +http://www.google.com/bot.html)"
66.249.71.40 - - [02/Sep/2010:13:54:36 +0200] "GET /content/kalender/jax_calendar.php?Y=4256&m=3&d=23&view=d1 HTTP/1.1" 200 11803 "-" "Mozilla/5.0 (compatible; Googlebot/2.1; +http://www.google.com/bot.html)"
66.249.71.40 - - [02/Sep/2010:13:57:05 +0200] "GET /content/kalender/jax_calendar.php?Y=4231&m=6&d=1&cal_id=0&language=german&gmt_ofs=-1&view=d1 HTTP/1.1" 200 11667 "-" "Mozilla/5.0 (compatible; Googlebot/2.1; +http://www.google.com/bot.html)"
207.46.13.140 - - [02/Sep/2010:13:57:27 +0200] "GET /content/aktuelles/ HTTP/1.1" 200 10044 "-" "msnbot/2.0b (+http://search.msn.com/msnbot.htm)"
66.249.71.40 - - [02/Sep/2010:13:59:55 +0200] "GET /content/kalender/jax_calendar.php?Y=1585&m=3&d=29&cal_id=0&language=german&gmt_ofs=-1&view=d1 HTTP/1.1" 200 11703 "-" "Mozilla/5.0 (compatible; Googlebot/2.1; +http://www.google.com/bot.html)"
66.249.71.40 - - [02/Sep/2010:14:02:48 +0200] "GET /content/kalender/jax_calendar.php?Y=4485&m=7&d=33&cal_id=0&language=german&gmt_ofs=-1&view=d1 HTTP/1.1" 200 11703 "-" "Mozilla/5.0 (compatible; Googlebot/2.1; +http://www.google.com/bot.html)"
66.249.71.40 - - [02/Sep/2010:14:03:18 +0200] "GET /content/kalender/jax_calendar.php?Y=4239&m=7&d=1&cal_id=0&language=german&gmt_ofs=-1&view=d1 HTTP/1.1" 200 11667 "-" "Mozilla/5.0 (compatible; Googlebot/2.1; +http://www.google.com/bot.html)"
66.249.71.40 - - [02/Sep/2010:14:03:19 +0200] "GET /content/kalender/jax_calendar.php?Y=4244&m=5&d=8&cal_id=0&language=german&gmt_ofs=-1&view=d1 HTTP/1.1" 200 11666 "-" "Mozilla/5.0 (compatible; Googlebot/2.1; +http://www.google.com/bot.html)"
66.249.71.40 - - [02/Sep/2010:14:03:19 +0200] "GET /content/kalender/jax_calendar.php?Y=4242&m=5&d=8&cal_id=0&language=german&gmt_ofs=-1&view=d1 HTTP/1.1" 200 11666 "-" "Mozilla/5.0 (compatible; Googlebot/2.1; +http://www.google.com/bot.html)"
66.249.71.40 - - [02/Sep/2010:14:03:20 +0200] "GET /content/kalender/jax_calendar.php?Y=-9911&m=6&d=1&cal_id=0&language=english&gmt_ofs=0&view=d1 HTTP/1.1" 200 11703 "-" "Mozilla/5.0 (compatible; Googlebot/2.1; +http://www.google.com/bot.html)"
66.249.71.40 - - [02/Sep/2010:14:05:34 +0200] "GET /content/kalender/jax_calendar.php?Y=4258&m=3&d=18&view=d1 HTTP/1.1" 200 11803 "-" "Mozilla/5.0 (compatible; Googlebot/2.1; +http://www.google.com/bot.html)"
66.249.71.40 - - [02/Sep/2010:14:08:57 +0200] "GET /content/kalender/jax_calendar.php?Y=1583&m=11&d=29&cal_id=0&language=german&gmt_ofs=-1&view=d1 HTTP/1.1" 200 11770 "-" "Mozilla/5.0 (compatible; Googlebot/2.1; +http://www.google.com/bot.html)"
66.249.71.40 - - [02/Sep/2010:14:12:22 +0200] "GET /content/kalender/jax_calendar.php?Y=4249&m=2&d=9&view=d1 HTTP/1.1" 200 11770 "-" "Mozilla/5.0 (compatible; Googlebot/2.1; +http://www.google.com/bot.html)"
66.249.71.40 - - [02/Sep/2010:14:15:46 +0200] "GET /content/kalender/jax_calendar.php?Y=-9909&m=6&d=1&cal_id=0&language=english&gmt_ofs=0&view=d1 HTTP/1.1" 200 11703 "-" "Mozilla/5.0 (compatible; Googlebot/2.1; +http://www.google.com/bot.html)"
207.46.13.89 - - [02/Sep/2010:14:18:23 +0200] "GET /content/assets/Mitglied-werden/beitrittsformularawobernau.pdf HTTP/1.1" 200 14062 "-" "msnbot/2.0b (+http://search.msn.com/msnbot.htm)"
66.249.71.40 - - [02/Sep/2010:14:19:27 +0200] "GET /content/kalender/jax_calendar.php?Y=1578&m=9&d=29&cal_id=0&language=german&gmt_ofs=-1&view=d1 HTTP/1.1" 200 11709 "-" "Mozilla/5.0 (compatible; Googlebot/2.1; +http://www.google.com/bot.html)"
66.249.71.40 - - [02/Sep/2010:14:22:33 +0200] "GET /content/kalender/jax_calendar.php?Y=-10102&m=9&d=1&cal_id=0&language=english&gmt_ofs=0&view=d1 HTTP/1.1" 200 11800 "-" "Mozilla/5.0 (compatible; Googlebot/2.1; +http://www.google.com/bot.html)"
66.249.71.40 - - [02/Sep/2010:14:25:57 +0200] "GET /content/kalender/jax_calendar.php?Y=-10091&m=6&d=17&cal_id=0&language=german&gmt_ofs=-1&view=d1 HTTP/1.1" 200 11895 "-" "Mozilla/5.0 (compatible; Googlebot/2.1; +http://www.google.com/bot.html)"
67.195.115.117 - - [02/Sep/2010:14:26:29 +0200] "GET /content/assets/Stellenanzeigen/stellenausschreibungpflegehelfer082010.pdf HTTP/1.0" 200 23852 "-" "Mozilla/5.0 (compatible; Yahoo! Slurp/3.0; http://help.yahoo.com/help/us/ysearch/slurp)"
66.249.71.40 - - [02/Sep/2010:14:29:22 +0200] "GET /content/kalender/jax_calendar.php?Y=4487&m=3&d=33&cal_id=0&language=german&gmt_ofs=-1&view=d1 HTTP/1.1" 200 11703 "-" "Mozilla/5.0 (compatible; Googlebot/2.1; +http://www.google.com/bot.html)"
66.249.71.40 - - [02/Sep/2010:14:32:47 +0200] "GET /content/kalender/jax_calendar.php?Y=4251&m=3&d=32&view=d1 HTTP/1.1" 200 11803 "-" "Mozilla/5.0 (compatible; Googlebot/2.1; +http://www.google.com/bot.html)"
66.249.71.40 - - [02/Sep/2010:14:36:12 +0200] "GET /content/kalender/jax_calendar.php?Y=-10099&m=8&d=1&cal_id=0&language=english&gmt_ofs=0&view=d1 HTTP/1.1" 200 11799 "-" "Mozilla/5.0 (compatible; Googlebot/2.1; +http://www.google.com/bot.html)"
193.158.45.80 - - [02/Sep/2010:14:37:23 +0200] "GET /content/jugendarbeit/themes/blackcandy/css/ie7.css HTTP/1.0" 404 1256 "http://webcache.googleusercontent.com/search?q=cache:7_SHPB_EdMgJ:www.awo-kv-bernau.de/content/jugendarbeit/+%22Miriam+Levy,+Bernau%22&cd=1&hl=de&ct=clnk&gl=de" "Mozilla/4.0 (compatible; MSIE 7.0; Windows NT 5.1; .NET CLR 1.1.4322)"
193.158.45.80 - - [02/Sep/2010:14:37:23 +0200] "GET /content/themes/blackcandy/css/layout.css?m=1281258825 HTTP/1.0" 200 9945 "http://webcache.googleusercontent.com/search?q=cache:7_SHPB_EdMgJ:www.awo-kv-bernau.de/content/jugendarbeit/+%22Miriam+Levy,+Bernau%22&cd=1&hl=de&ct=clnk&gl=de" "Mozilla/4.0 (compatible; MSIE 7.0; Windows NT 5.1; .NET CLR 1.1.4322)"
193.158.45.80 - - [02/Sep/2010:14:37:24 +0200] "GET /content/themes/blackcandy/css/typography.css?m=1281262824 HTTP/1.0" 200 5090 "http://webcache.googleusercontent.com/search?q=cache:7_SHPB_EdMgJ:www.awo-kv-bernau.de/content/jugendarbeit/+%22Miriam+Levy,+Bernau%22&cd=1&hl=de&ct=clnk&gl=de" "Mozilla/4.0 (compatible; MSIE 7.0; Windows NT 5.1; .NET CLR 1.1.4322)"
193.158.45.80 - - [02/Sep/2010:14:37:24 +0200] "GET /content/themes/blackcandy/css/form.css?m=1277278133 HTTP/1.0" 200 1856 "http://webcache.googleusercontent.com/search?q=cache:7_SHPB_EdMgJ:www.awo-kv-bernau.de/content/jugendarbeit/+%22Miriam+Levy,+Bernau%22&cd=1&hl=de&ct=clnk&gl=de" "Mozilla/4.0 (compatible; MSIE 7.0; Windows NT 5.1; .NET CLR 1.1.4322)"
193.158.45.80 - - [02/Sep/2010:14:37:24 +0200] "GET /content/themes/blackcandy/images/headerRounded.png HTTP/1.0" 200 763 "http://webcache.googleusercontent.com/search?q=cache:7_SHPB_EdMgJ:www.awo-kv-bernau.de/content/jugendarbeit/+%22Miriam+Levy,+Bernau%22&cd=1&hl=de&ct=clnk&gl=de" "Mozilla/4.0 (compatible; MSIE 7.0; Windows NT 5.1; .NET CLR 1.1.4322)"
193.158.45.80 - - [02/Sep/2010:14:37:24 +0200] "GET /content/jugendarbeit/assets/Jugendarbeit/eissfeldt.jpg HTTP/1.0" 404 1256 "http://webcache.googleusercontent.com/search?q=cache:7_SHPB_EdMgJ:www.awo-kv-bernau.de/content/jugendarbeit/+%22Miriam+Levy,+Bernau%22&cd=1&hl=de&ct=clnk&gl=de" "Mozilla/4.0 (compatible; MSIE 7.0; Windows NT 5.1; .NET CLR 1.1.4322)"
193.158.45.80 - - [02/Sep/2010:14:37:24 +0200] "GET /content/jugendarbeit/assets/Jugendarbeit/packetat.jpg HTTP/1.0" 404 1256 "http://webcache.googleusercontent.com/search?q=cache:7_SHPB_EdMgJ:www.awo-kv-bernau.de/content/jugendarbeit/+%22Miriam+Levy,+Bernau%22&cd=1&hl=de&ct=clnk&gl=de" "Mozilla/4.0 (compatible; MSIE 7.0; Windows NT 5.1; .NET CLR 1.1.4322)"
193.158.45.80 - - [02/Sep/2010:14:37:24 +0200] "GET /content/themes/blackcandy/images/activeTabRight.png HTTP/1.0" 200 433 "http://webcache.googleusercontent.com/search?q=cache:7_SHPB_EdMgJ:www.awo-kv-bernau.de/content/jugendarbeit/+%22Miriam+Levy,+Bernau%22&cd=1&hl=de&ct=clnk&gl=de" "Mozilla/4.0 (compatible; MSIE 7.0; Windows NT 5.1; .NET CLR 1.1.4322)"
193.158.45.80 - - [02/Sep/2010:14:37:24 +0200] "GET /content/themes/blackcandy/images/activeTabLeft.png HTTP/1.0" 200 433 "http://webcache.googleusercontent.com/search?q=cache:7_SHPB_EdMgJ:www.awo-kv-bernau.de/content/jugendarbeit/+%22Miriam+Levy,+Bernau%22&cd=1&hl=de&ct=clnk&gl=de" "Mozilla/4.0 (compatible; MSIE 7.0; Windows NT 5.1; .NET CLR 1.1.4322)"
193.158.45.80 - - [02/Sep/2010:14:37:24 +0200] "GET /content/themes/blackcandy/images/herz.png HTTP/1.0" 200 344 "http://webcache.googleusercontent.com/search?q=cache:7_SHPB_EdMgJ:www.awo-kv-bernau.de/content/jugendarbeit/+%22Miriam+Levy,+Bernau%22&cd=1&hl=de&ct=clnk&gl=de" "Mozilla/4.0 (compatible; MSIE 7.0; Windows NT 5.1; .NET CLR 1.1.4322)"
193.158.45.80 - - [02/Sep/2010:14:37:24 +0200] "GET /content/themes/blackcandy/images/subheader.jpg HTTP/1.0" 200 52576 "http://webcache.googleusercontent.com/search?q=cache:7_SHPB_EdMgJ:www.awo-kv-bernau.de/content/jugendarbeit/+%22Miriam+Levy,+Bernau%22&cd=1&hl=de&ct=clnk&gl=de" "Mozilla/4.0 (compatible; MSIE 7.0; Windows NT 5.1; .NET CLR 1.1.4322)"
193.158.45.80 - - [02/Sep/2010:14:37:24 +0200] "GET /content/themes/blackcandy/images/footer.png HTTP/1.0" 200 884 "http://webcache.googleusercontent.com/search?q=cache:7_SHPB_EdMgJ:www.awo-kv-bernau.de/content/jugendarbeit/+%22Miriam+Levy,+Bernau%22&cd=1&hl=de&ct=clnk&gl=de" "Mozilla/4.0 (compatible; MSIE 7.0; Windows NT 5.1; .NET CLR 1.1.4322)"
193.158.45.80 - - [02/Sep/2010:14:37:24 +0200] "GET /content/themes/blackcandy/images/header.jpg HTTP/1.0" 200 45038 "http://webcache.googleusercontent.com/search?q=cache:7_SHPB_EdMgJ:www.awo-kv-bernau.de/content/jugendarbeit/+%22Miriam+Levy,+Bernau%22&cd=1&hl=de&ct=clnk&gl=de" "Mozilla/4.0 (compatible; MSIE 7.0; Windows NT 5.1; .NET CLR 1.1.4322)"
66.249.71.40 - - [02/Sep/2010:14:40:52 +0200] "GET /content/kalender/jax_calendar.php?Y=-10104&m=1&d=24&cal_id=0&language=german&gmt_ofs=-1&view=d1 HTTP/1.1" 200 11898 "-" "Mozilla/5.0 (compatible; Googlebot/2.1; +http://www.google.com/bot.html)"
66.249.71.40 - - [02/Sep/2010:14:43:49 +0200] "GET /content/kalender/jax_calendar.php?Y=-9907&m=1&d=27&view=d1 HTTP/1.1" 200 11902 "-" "Mozilla/5.0 (compatible; Googlebot/2.1; +http://www.google.com/bot.html)"
66.249.71.40 - - [02/Sep/2010:14:46:28 +0200] "GET /content/kalender/jax_calendar.php?Y=4484&m=7&d=33&cal_id=0&language=german&gmt_ofs=-1&view=d1 HTTP/1.1" 200 11703 "-" "Mozilla/5.0 (compatible; Googlebot/2.1; +http://www.google.com/bot.html)"
66.249.71.40 - - [02/Sep/2010:14:49:16 +0200] "GET /content/kalender/jax_calendar.php?Y=-10095&m=8&d=24&cal_id=0&language=german&gmt_ofs=-1&view=d1 HTTP/1.1" 200 11897 "-" "Mozilla/5.0 (compatible; Googlebot/2.1; +http://www.google.com/bot.html)"
66.249.71.40 - - [02/Sep/2010:14:52:04 +0200] "GET /content/kalender/jax_calendar.php?Y=-9907&m=7&d=1&cal_id=0&language=english&gmt_ofs=0&view=d1 HTTP/1.1" 200 11703 "-" "Mozilla/5.0 (compatible; Googlebot/2.1; +http://www.google.com/bot.html)"
66.249.71.40 - - [02/Sep/2010:14:54:53 +0200] "GET /content/kalender/jax_calendar.php?Y=1578&m=7&d=29&cal_id=0&language=german&gmt_ofs=-1&view=d1 HTTP/1.1" 200 11703 "-" "Mozilla/5.0 (compatible; Googlebot/2.1; +http://www.google.com/bot.html)"
66.249.71.40 - - [02/Sep/2010:14:57:41 +0200] "GET /content/kalender/jax_calendar.php?Y=-9908&m=5&d=1&cal_id=0&language=english&gmt_ofs=0&view=d1 HTTP/1.1" 200 11703 "-" "Mozilla/5.0 (compatible; Googlebot/2.1; +http://www.google.com/bot.html)"
66.249.71.40 - - [02/Sep/2010:15:00:30 +0200] "GET /content/kalender/jax_calendar.php?Y=4256&m=1&d=23&view=d1 HTTP/1.1" 200 11806 "-" "Mozilla/5.0 (compatible; Googlebot/2.1; +http://www.google.com/bot.html)"
66.249.71.40 - - [02/Sep/2010:15:03:18 +0200] "GET /content/kalender/jax_calendar.php?Y=4247&m=6&d=23&view=d1 HTTP/1.1" 200 11803 "-" "Mozilla/5.0 (compatible; Googlebot/2.1; +http://www.google.com/bot.html)"
66.249.71.40 - - [02/Sep/2010:15:06:06 +0200] "GET /content/kalender/jax_calendar.php?Y=4244&m=1&d=8&cal_id=0&language=german&gmt_ofs=-1&view=d1 HTTP/1.1" 200 11670 "-" "Mozilla/5.0 (compatible; Googlebot/2.1; +http://www.google.com/bot.html)"
66.249.71.40 - - [02/Sep/2010:15:09:59 +0200] "GET /content/kalender/jax_calendar.php?Y=1576&m=1&d=29&cal_id=0&language=german&gmt_ofs=-1&view=d1 HTTP/1.1" 200 11706 "-" "Mozilla/5.0 (compatible; Googlebot/2.1; +http://www.google.com/bot.html)"
66.249.71.40 - - [02/Sep/2010:15:11:33 +0200] "GET /content/kalender/jax_calendar.php?Y=4239&m=8&d=8&cal_id=0&language=german&gmt_ofs=-1&view=d1 HTTP/1.1" 200 11669 "-" "Mozilla/5.0 (compatible; Googlebot/2.1; +http://www.google.com/bot.html)"
87.187.152.174 - - [02/Sep/2010:15:11:57 +0200] "GET / HTTP/1.1" 302 - "-" "Mozilla/4.0 (compatible; MSIE 8.0; Windows NT 5.1; Trident/4.0; .NET CLR 2.0.50727; .NET CLR 3.0.4506.2152; .NET CLR 3.5.30729; InfoPath.2)"
87.187.152.174 - - [02/Sep/2010:15:11:57 +0200] "GET /content/aktuelles/ HTTP/1.1" 200 10044 "-" "Mozilla/4.0 (compatible; MSIE 8.0; Windows NT 5.1; Trident/4.0; .NET CLR 2.0.50727; .NET CLR 3.0.4506.2152; .NET CLR 3.5.30729; InfoPath.2)"
87.187.152.174 - - [02/Sep/2010:15:11:58 +0200] "GET /content/themes/blackcandy/css/layout.css?m=1281258825 HTTP/1.1" 200 9945 "http://www.awo-kv-bernau.de/content/aktuelles/" "Mozilla/4.0 (compatible; MSIE 8.0; Windows NT 5.1; Trident/4.0; .NET CLR 2.0.50727; .NET CLR 3.0.4506.2152; .NET CLR 3.5.30729; InfoPath.2)"
87.187.152.174 - - [02/Sep/2010:15:11:58 +0200] "GET /content/themes/blackcandy/css/typography.css?m=1281262824 HTTP/1.1" 200 5090 "http://www.awo-kv-bernau.de/content/aktuelles/" "Mozilla/4.0 (compatible; MSIE 8.0; Windows NT 5.1; Trident/4.0; .NET CLR 2.0.50727; .NET CLR 3.0.4506.2152; .NET CLR 3.5.30729; InfoPath.2)"
87.187.152.174 - - [02/Sep/2010:15:11:58 +0200] "GET /content/assets/Aktuelles/aktuelles010910.jpg HTTP/1.1" 200 29458 "http://www.awo-kv-bernau.de/content/aktuelles/" "Mozilla/4.0 (compatible; MSIE 8.0; Windows NT 5.1; Trident/4.0; .NET CLR 2.0.50727; .NET CLR 3.0.4506.2152; .NET CLR 3.5.30729; InfoPath.2)"
87.187.152.174 - - [02/Sep/2010:15:11:58 +0200] "GET /content/assets/Aktuelles/aktuelles140810.jpg HTTP/1.1" 200 20737 "http://www.awo-kv-bernau.de/content/aktuelles/" "Mozilla/4.0 (compatible; MSIE 8.0; Windows NT 5.1; Trident/4.0; .NET CLR 2.0.50727; .NET CLR 3.0.4506.2152; .NET CLR 3.5.30729; InfoPath.2)"
87.187.152.174 - - [02/Sep/2010:15:11:58 +0200] "GET /content/assets/Aktuelles/awologo.jpg HTTP/1.1" 200 2292 "http://www.awo-kv-bernau.de/content/aktuelles/" "Mozilla/4.0 (compatible; MSIE 8.0; Windows NT 5.1; Trident/4.0; .NET CLR 2.0.50727; .NET CLR 3.0.4506.2152; .NET CLR 3.5.30729; InfoPath.2)"
87.187.152.174 - - [02/Sep/2010:15:11:58 +0200] "GET /content/assets/Aktuelles/aktuelles160710.jpg HTTP/1.1" 200 17303 "http://www.awo-kv-bernau.de/content/aktuelles/" "Mozilla/4.0 (compatible; MSIE 8.0; Windows NT 5.1; Trident/4.0; .NET CLR 2.0.50727; .NET CLR 3.0.4506.2152; .NET CLR 3.5.30729; InfoPath.2)"
87.187.152.174 - - [02/Sep/2010:15:11:58 +0200] "GET /content/themes/blackcandy/css/form.css?m=1277278133 HTTP/1.1" 200 1856 "http://www.awo-kv-bernau.de/content/aktuelles/" "Mozilla/4.0 (compatible; MSIE 8.0; Windows NT 5.1; Trident/4.0; .NET CLR 2.0.50727; .NET CLR 3.0.4506.2152; .NET CLR 3.5.30729; InfoPath.2)"
87.187.152.174 - - [02/Sep/2010:15:11:58 +0200] "GET /content/themes/blackcandy/images/headerRounded.png HTTP/1.1" 200 763 "http://www.awo-kv-bernau.de/content/aktuelles/" "Mozilla/4.0 (compatible; MSIE 8.0; Windows NT 5.1; Trident/4.0; .NET CLR 2.0.50727; .NET CLR 3.0.4506.2152; .NET CLR 3.5.30729; InfoPath.2)"
87.187.152.174 - - [02/Sep/2010:15:11:58 +0200] "GET /content/themes/blackcandy/images/activeTabRight.png HTTP/1.1" 200 433 "http://www.awo-kv-bernau.de/content/aktuelles/" "Mozilla/4.0 (compatible; MSIE 8.0; Windows NT 5.1; Trident/4.0; .NET CLR 2.0.50727; .NET CLR 3.0.4506.2152; .NET CLR 3.5.30729; InfoPath.2)"
87.187.152.174 - - [02/Sep/2010:15:11:58 +0200] "GET /content/themes/blackcandy/images/activeTabLeft.png HTTP/1.1" 200 433 "http://www.awo-kv-bernau.de/content/aktuelles/" "Mozilla/4.0 (compatible; MSIE 8.0; Windows NT 5.1; Trident/4.0; .NET CLR 2.0.50727; .NET CLR 3.0.4506.2152; .NET CLR 3.5.30729; InfoPath.2)"
87.187.152.174 - - [02/Sep/2010:15:11:58 +0200] "GET /content/themes/blackcandy/images/herz.png HTTP/1.1" 200 344 "http://www.awo-kv-bernau.de/content/aktuelles/" "Mozilla/4.0 (compatible; MSIE 8.0; Windows NT 5.1; Trident/4.0; .NET CLR 2.0.50727; .NET CLR 3.0.4506.2152; .NET CLR 3.5.30729; InfoPath.2)"
87.187.152.174 - - [02/Sep/2010:15:11:59 +0200] "GET /content/themes/blackcandy/images/footer.png HTTP/1.1" 200 884 "http://www.awo-kv-bernau.de/content/aktuelles/" "Mozilla/4.0 (compatible; MSIE 8.0; Windows NT 5.1; Trident/4.0; .NET CLR 2.0.50727; .NET CLR 3.0.4506.2152; .NET CLR 3.5.30729; InfoPath.2)"
87.187.152.174 - - [02/Sep/2010:15:11:58 +0200] "GET /content/assets/Aktuelles/aktuelles110810.jpg HTTP/1.1" 200 73350 "http://www.awo-kv-bernau.de/content/aktuelles/" "Mozilla/4.0 (compatible; MSIE 8.0; Windows NT 5.1; Trident/4.0; .NET CLR 2.0.50727; .NET CLR 3.0.4506.2152; .NET CLR 3.5.30729; InfoPath.2)"
87.187.152.174 - - [02/Sep/2010:15:11:58 +0200] "GET /content/themes/blackcandy/images/header.jpg HTTP/1.1" 200 45038 "http://www.awo-kv-bernau.de/content/aktuelles/" "Mozilla/4.0 (compatible; MSIE 8.0; Windows NT 5.1; Trident/4.0; .NET CLR 2.0.50727; .NET CLR 3.0.4506.2152; .NET CLR 3.5.30729; InfoPath.2)"
87.187.152.174 - - [02/Sep/2010:15:11:58 +0200] "GET /content/themes/blackcandy/images/subheader.jpg HTTP/1.1" 200 52576 "http://www.awo-kv-bernau.de/content/aktuelles/" "Mozilla/4.0 (compatible; MSIE 8.0; Windows NT 5.1; Trident/4.0; .NET CLR 2.0.50727; .NET CLR 3.0.4506.2152; .NET CLR 3.5.30729; InfoPath.2)"
87.187.152.174 - - [02/Sep/2010:15:11:59 +0200] "GET /favicon.ico HTTP/1.1" 404 1256 "-" "Mozilla/4.0 (compatible; MSIE 8.0; Windows NT 5.1; Trident/4.0; .NET CLR 2.0.50727; .NET CLR 3.0.4506.2152; .NET CLR 3.5.30729; InfoPath.2)"
66.249.71.40 - - [02/Sep/2010:15:13:47 +0200] "GET /content/kalender/jax_calendar.php?Y=-10106&m=1&d=26&cal_id=0&language=german&gmt_ofs=-1&view=d1 HTTP/1.1" 200 11898 "-" "Mozilla/5.0 (compatible; Googlebot/2.1; +http://www.google.com/bot.html)"
66.249.71.40 - - [02/Sep/2010:15:16:31 +0200] "GET /content/kalender/jax_calendar.php?Y=4490&m=8&d=33&cal_id=0&language=german&gmt_ofs=-1&view=d1 HTTP/1.1" 200 11705 "-" "Mozilla/5.0 (compatible; Googlebot/2.1; +http://www.google.com/bot.html)"
79.192.179.49 - - [02/Sep/2010:15:17:28 +0200] "GET /content/pusteblume/ HTTP/1.1" 200 17716 "http://www.google.de/search?q=kita+pusteblume+wandlitz+th%C3%A4lmannstr.&ie=utf-8&oe=utf-8&aq=t&rls=org.mozilla:de:official&client=firefox-a" "Mozilla/5.0 (Windows; U; Windows NT 5.1; de; rv:1.9.2.8) Gecko/20100722 Firefox/3.6.8"
79.192.179.49 - - [02/Sep/2010:15:17:28 +0200] "GET /content/themes/blackcandy/css/layout.css?m=1281258825 HTTP/1.1" 200 9945 "http://www.awo-kv-bernau.de/content/pusteblume/" "Mozilla/5.0 (Windows; U; Windows NT 5.1; de; rv:1.9.2.8) Gecko/20100722 Firefox/3.6.8"
79.192.179.49 - - [02/Sep/2010:15:17:29 +0200] "GET /content/themes/blackcandy/css/typography.css?m=1281262824 HTTP/1.1" 200 5090 "http://www.awo-kv-bernau.de/content/pusteblume/" "Mozilla/5.0 (Windows; U; Windows NT 5.1; de; rv:1.9.2.8) Gecko/20100722 Firefox/3.6.8"
79.192.179.49 - - [02/Sep/2010:15:17:29 +0200] "GET /content/themes/blackcandy/css/form.css?m=1277278133 HTTP/1.1" 200 1856 "http://www.awo-kv-bernau.de/content/pusteblume/" "Mozilla/5.0 (Windows; U; Windows NT 5.1; de; rv:1.9.2.8) Gecko/20100722 Firefox/3.6.8"
79.192.179.49 - - [02/Sep/2010:15:17:29 +0200] "GET /favicon.ico HTTP/1.1" 404 1256 "-" "Mozilla/5.0 (Windows; U; Windows NT 5.1; de; rv:1.9.2.8) Gecko/20100722 Firefox/3.6.8"
79.192.179.49 - - [02/Sep/2010:15:17:29 +0200] "GET /content/assets/Kitas/Pusteblume/pusteblume050710.jpg HTTP/1.1" 200 19543 "http://www.awo-kv-bernau.de/content/pusteblume/" "Mozilla/5.0 (Windows; U; Windows NT 5.1; de; rv:1.9.2.8) Gecko/20100722 Firefox/3.6.8"
79.192.179.49 - - [02/Sep/2010:15:17:29 +0200] "GET /content/assets/Kitas/Pusteblume/logo.jpg HTTP/1.1" 200 74548 "http://www.awo-kv-bernau.de/content/pusteblume/" "Mozilla/5.0 (Windows; U; Windows NT 5.1; de; rv:1.9.2.8) Gecko/20100722 Firefox/3.6.8"
79.192.179.49 - - [02/Sep/2010:15:17:29 +0200] "GET /content/assets/Kitas/Pusteblume/pusteblume0.jpg HTTP/1.1" 200 63160 "http://www.awo-kv-bernau.de/content/pusteblume/" "Mozilla/5.0 (Windows; U; Windows NT 5.1; de; rv:1.9.2.8) Gecko/20100722 Firefox/3.6.8"
79.192.179.49 - - [02/Sep/2010:15:17:29 +0200] "GET /content/assets/Kitas/Pusteblume/pusteblume3.jpg HTTP/1.1" 200 54226 "http://www.awo-kv-bernau.de/content/pusteblume/" "Mozilla/5.0 (Windows; U; Windows NT 5.1; de; rv:1.9.2.8) Gecko/20100722 Firefox/3.6.8"
79.192.179.49 - - [02/Sep/2010:15:17:29 +0200] "GET /content/assets/Kitas/Pusteblume/pusteblume00.jpg HTTP/1.1" 200 125969 "http://www.awo-kv-bernau.de/content/pusteblume/" "Mozilla/5.0 (Windows; U; Windows NT 5.1; de; rv:1.9.2.8) Gecko/20100722 Firefox/3.6.8"
79.192.179.49 - - [02/Sep/2010:15:17:29 +0200] "GET /content/assets/Kitas/Pusteblume/pusteblume01.jpg HTTP/1.1" 200 54220 "http://www.awo-kv-bernau.de/content/pusteblume/" "Mozilla/5.0 (Windows; U; Windows NT 5.1; de; rv:1.9.2.8) Gecko/20100722 Firefox/3.6.8"
79.192.179.49 - - [02/Sep/2010:15:17:29 +0200] "GET /content/assets/Kitas/Pusteblume/pusteblume2.jpg HTTP/1.1" 200 68921 "http://www.awo-kv-bernau.de/content/pusteblume/" "Mozilla/5.0 (Windows; U; Windows NT 5.1; de; rv:1.9.2.8) Gecko/20100722 Firefox/3.6.8"
79.192.179.49 - - [02/Sep/2010:15:17:30 +0200] "GET /content/themes/blackcandy/images/header.jpg HTTP/1.1" 200 45038 "http://www.awo-kv-bernau.de/content/themes/blackcandy/css/layout.css?m=1281258825" "Mozilla/5.0 (Windows; U; Windows NT 5.1; de; rv:1.9.2.8) Gecko/20100722 Firefox/3.6.8"
79.192.179.49 - - [02/Sep/2010:15:17:30 +0200] "GET /content/themes/blackcandy/images/headerRounded.png HTTP/1.1" 200 763 "http://www.awo-kv-bernau.de/content/themes/blackcandy/css/layout.css?m=1281258825" "Mozilla/5.0 (Windows; U; Windows NT 5.1; de; rv:1.9.2.8) Gecko/20100722 Firefox/3.6.8"
79.192.179.49 - - [02/Sep/2010:15:17:30 +0200] "GET /content/themes/blackcandy/images/activeTabLeft.png HTTP/1.1" 200 433 "http://www.awo-kv-bernau.de/content/themes/blackcandy/css/layout.css?m=1281258825" "Mozilla/5.0 (Windows; U; Windows NT 5.1; de; rv:1.9.2.8) Gecko/20100722 Firefox/3.6.8"
79.192.179.49 - - [02/Sep/2010:15:17:30 +0200] "GET /content/themes/blackcandy/images/activeTabRight.png HTTP/1.1" 200 433 "http://www.awo-kv-bernau.de/content/themes/blackcandy/css/layout.css?m=1281258825" "Mozilla/5.0 (Windows; U; Windows NT 5.1; de; rv:1.9.2.8) Gecko/20100722 Firefox/3.6.8"
79.192.179.49 - - [02/Sep/2010:15:17:30 +0200] "GET /content/assets/Kitas/Pusteblume/pusteblume4.jpg HTTP/1.1" 200 65909 "http://www.awo-kv-bernau.de/content/pusteblume/" "Mozilla/5.0 (Windows; U; Windows NT 5.1; de; rv:1.9.2.8) Gecko/20100722 Firefox/3.6.8"
79.192.179.49 - - [02/Sep/2010:15:17:30 +0200] "GET /content/themes/blackcandy/images/herz.png HTTP/1.1" 200 344 "http://www.awo-kv-bernau.de/content/themes/blackcandy/css/layout.css?m=1281258825" "Mozilla/5.0 (Windows; U; Windows NT 5.1; de; rv:1.9.2.8) Gecko/20100722 Firefox/3.6.8"
79.192.179.49 - - [02/Sep/2010:15:17:30 +0200] "GET /content/themes/blackcandy/images/icons/page_white_acrobat.png HTTP/1.1" 200 591 "http://www.awo-kv-bernau.de/content/themes/blackcandy/css/typography.css?m=1281262824" "Mozilla/5.0 (Windows; U; Windows NT 5.1; de; rv:1.9.2.8) Gecko/20100722 Firefox/3.6.8"
79.192.179.49 - - [02/Sep/2010:15:17:30 +0200] "GET /content/themes/blackcandy/images/footer.png HTTP/1.1" 200 884 "http://www.awo-kv-bernau.de/content/themes/blackcandy/css/layout.css?m=1281258825" "Mozilla/5.0 (Windows; U; Windows NT 5.1; de; rv:1.9.2.8) Gecko/20100722 Firefox/3.6.8"
79.192.179.49 - - [02/Sep/2010:15:17:30 +0200] "GET /content/themes/blackcandy/images/subheader.jpg HTTP/1.1" 200 52576 "http://www.awo-kv-bernau.de/content/themes/blackcandy/css/layout.css?m=1281258825" "Mozilla/5.0 (Windows; U; Windows NT 5.1; de; rv:1.9.2.8) Gecko/20100722 Firefox/3.6.8"
79.192.179.49 - - [02/Sep/2010:15:17:29 +0200] "GET /content/assets/Kitas/Pusteblume/pusteblume11.jpg HTTP/1.1" 200 99506 "http://www.awo-kv-bernau.de/content/pusteblume/" "Mozilla/5.0 (Windows; U; Windows NT 5.1; de; rv:1.9.2.8) Gecko/20100722 Firefox/3.6.8"
66.249.71.40 - - [02/Sep/2010:15:19:15 +0200] "GET /content/kalender/jax_calendar.php?Y=-9916&m=7&d=1&cal_id=0&language=english&gmt_ofs=0&view=d1 HTTP/1.1" 200 11703 "-" "Mozilla/5.0 (compatible; Googlebot/2.1; +http://www.google.com/bot.html)"
207.46.195.233 - - [02/Sep/2010:15:20:06 +0200] "GET /content/assets/Stellenanzeigen/stellejugendkoordinatorin082010.pdf HTTP/1.1" 200 27204 "-" "msnbot/2.0b (+http://search.msn.com/msnbot.htm)"
66.249.71.40 - - [02/Sep/2010:15:21:59 +0200] "GET /content/kalender/jax_calendar.php?Y=-9913&m=1&d=26&view=d1 HTTP/1.1" 200 11902 "-" "Mozilla/5.0 (compatible; Googlebot/2.1; +http://www.google.com/bot.html)"
66.249.71.40 - - [02/Sep/2010:15:24:43 +0200] "GET /content/kalender/jax_calendar.php?Y=-9916&m=8&d=1&cal_id=0&language=english&gmt_ofs=0&view=d1 HTTP/1.1" 200 11703 "-" "Mozilla/5.0 (compatible; Googlebot/2.1; +http://www.google.com/bot.html)"
66.249.71.40 - - [02/Sep/2010:15:27:27 +0200] "GET /content/kalender/jax_calendar.php?Y=4257&m=12&d=39&view=d1 HTTP/1.1" 200 11869 "-" "Mozilla/5.0 (compatible; Googlebot/2.1; +http://www.google.com/bot.html)"
66.249.71.40 - - [02/Sep/2010:15:30:11 +0200] "GET /content/kalender/jax_calendar.php?Y=-9911&m=7&d=1&cal_id=0&language=english&gmt_ofs=0&view=d1 HTTP/1.1" 200 11703 "-" "Mozilla/5.0 (compatible; Googlebot/2.1; +http://www.google.com/bot.html)"
66.249.71.40 - - [02/Sep/2010:15:33:14 +0200] "GET /content/kalender/jax_calendar.php?Y=-9914&m=6&d=1&cal_id=0&language=english&gmt_ofs=0&view=d1 HTTP/1.1" 200 11703 "-" "Mozilla/5.0 (compatible; Googlebot/2.1; +http://www.google.com/bot.html)"
66.249.71.40 - - [02/Sep/2010:15:35:38 +0200] "GET /content/kalender/jax_calendar.php?Y=4487&m=7&d=33&cal_id=0&language=german&gmt_ofs=-1&view=d1 HTTP/1.1" 200 11703 "-" "Mozilla/5.0 (compatible; Googlebot/2.1; +http://www.google.com/bot.html)"
66.249.71.40 - - [02/Sep/2010:15:38:21 +0200] "GET /content/kalender/jax_calendar.php?Y=-9912&m=9&d=1&cal_id=0&language=english&gmt_ofs=0&view=d1 HTTP/1.1" 200 11704 "-" "Mozilla/5.0 (compatible; Googlebot/2.1; +http://www.google.com/bot.html)"
66.249.71.40 - - [02/Sep/2010:15:41:06 +0200] "GET /content/kalender/jax_calendar.php?Y=4243&m=6&d=33&view=d1 HTTP/1.1" 200 11803 "-" "Mozilla/5.0 (compatible; Googlebot/2.1; +http://www.google.com/bot.html)"
66.249.71.40 - - [02/Sep/2010:15:43:51 +0200] "GET /content/kalender/jax_calendar.php?Y=4239&m=5&d=8&cal_id=0&language=german&gmt_ofs=-1&view=d1 HTTP/1.1" 200 11666 "-" "Mozilla/5.0 (compatible; Googlebot/2.1; +http://www.google.com/bot.html)"
94.23.211.138 - - [02/Sep/2010:15:44:54 +0200] "HEAD / HTTP/1.1" 302 - "-" "Mozilla/4.0 (compatible; MSIE 5.01; Windows NT 5.0)"
62.109.85.218 - - [02/Sep/2010:15:47:32 +0200] "GET / HTTP/1.1" 302 - "http://www.google.de/url?sa=t&source=web&cd=1&ved=0CBcQFjAA&url=http%3A%2F%2Fwww.awo-kv-bernau.de%2F&rct=j&q=arbeiterwohlfahrt%20kreisverband%20bernau%20e.v.&ei=8Kp_TMm5B9OVOM7gudwO&usg=AFQjCNFY6jRp0cyjK4eLe9CtgjDN1c4Vuw" "Mozilla/5.0 (Windows; U; Windows NT 5.1; de; rv:1.9.2.8) Gecko/20100722 Firefox/3.6.8 ( .NET CLR 3.5.30729; .NET4.0E)"
62.109.85.218 - - [02/Sep/2010:15:47:32 +0200] "GET /content/aktuelles/ HTTP/1.1" 200 10044 "http://www.google.de/url?sa=t&source=web&cd=1&ved=0CBcQFjAA&url=http%3A%2F%2Fwww.awo-kv-bernau.de%2F&rct=j&q=arbeiterwohlfahrt%20kreisverband%20bernau%20e.v.&ei=8Kp_TMm5B9OVOM7gudwO&usg=AFQjCNFY6jRp0cyjK4eLe9CtgjDN1c4Vuw" "Mozilla/5.0 (Windows; U; Windows NT 5.1; de; rv:1.9.2.8) Gecko/20100722 Firefox/3.6.8 ( .NET CLR 3.5.30729; .NET4.0E)"
62.109.85.218 - - [02/Sep/2010:15:47:32 +0200] "GET /content/themes/blackcandy/css/layout.css?m=1281258825 HTTP/1.1" 200 9945 "http://www.awo-kv-bernau.de/content/aktuelles/" "Mozilla/5.0 (Windows; U; Windows NT 5.1; de; rv:1.9.2.8) Gecko/20100722 Firefox/3.6.8 ( .NET CLR 3.5.30729; .NET4.0E)"
62.109.85.218 - - [02/Sep/2010:15:47:32 +0200] "GET /content/themes/blackcandy/css/typography.css?m=1281262824 HTTP/1.1" 200 5090 "http://www.awo-kv-bernau.de/content/aktuelles/" "Mozilla/5.0 (Windows; U; Windows NT 5.1; de; rv:1.9.2.8) Gecko/20100722 Firefox/3.6.8 ( .NET CLR 3.5.30729; .NET4.0E)"
62.109.85.218 - - [02/Sep/2010:15:47:32 +0200] "GET /content/themes/blackcandy/css/form.css?m=1277278133 HTTP/1.1" 200 1856 "http://www.awo-kv-bernau.de/content/aktuelles/" "Mozilla/5.0 (Windows; U; Windows NT 5.1; de; rv:1.9.2.8) Gecko/20100722 Firefox/3.6.8 ( .NET CLR 3.5.30729; .NET4.0E)"
62.109.85.218 - - [02/Sep/2010:15:47:32 +0200] "GET /favicon.ico HTTP/1.1" 404 1256 "-" "Mozilla/5.0 (Windows; U; Windows NT 5.1; de; rv:1.9.2.8) Gecko/20100722 Firefox/3.6.8 ( .NET CLR 3.5.30729; .NET4.0E)"
62.109.85.218 - - [02/Sep/2010:15:47:32 +0200] "GET /content/assets/Aktuelles/aktuelles140810.jpg HTTP/1.1" 200 20737 "http://www.awo-kv-bernau.de/content/aktuelles/" "Mozilla/5.0 (Windows; U; Windows NT 5.1; de; rv:1.9.2.8) Gecko/20100722 Firefox/3.6.8 ( .NET CLR 3.5.30729; .NET4.0E)"
62.109.85.218 - - [02/Sep/2010:15:47:32 +0200] "GET /content/assets/Aktuelles/aktuelles010910.jpg HTTP/1.1" 200 29458 "http://www.awo-kv-bernau.de/content/aktuelles/" "Mozilla/5.0 (Windows; U; Windows NT 5.1; de; rv:1.9.2.8) Gecko/20100722 Firefox/3.6.8 ( .NET CLR 3.5.30729; .NET4.0E)"
62.109.85.218 - - [02/Sep/2010:15:47:32 +0200] "GET /content/assets/Aktuelles/aktuelles160710.jpg HTTP/1.1" 200 17303 "http://www.awo-kv-bernau.de/content/aktuelles/" "Mozilla/5.0 (Windows; U; Windows NT 5.1; de; rv:1.9.2.8) Gecko/20100722 Firefox/3.6.8 ( .NET CLR 3.5.30729; .NET4.0E)"
62.109.85.218 - - [02/Sep/2010:15:47:32 +0200] "GET /content/assets/Aktuelles/awologo.jpg HTTP/1.1" 200 2292 "http://www.awo-kv-bernau.de/content/aktuelles/" "Mozilla/5.0 (Windows; U; Windows NT 5.1; de; rv:1.9.2.8) Gecko/20100722 Firefox/3.6.8 ( .NET CLR 3.5.30729; .NET4.0E)"
62.109.85.218 - - [02/Sep/2010:15:47:32 +0200] "GET /content/assets/Aktuelles/aktuelles110810.jpg HTTP/1.1" 200 73350 "http://www.awo-kv-bernau.de/content/aktuelles/" "Mozilla/5.0 (Windows; U; Windows NT 5.1; de; rv:1.9.2.8) Gecko/20100722 Firefox/3.6.8 ( .NET CLR 3.5.30729; .NET4.0E)"
62.109.85.218 - - [02/Sep/2010:15:47:32 +0200] "GET /content/themes/blackcandy/images/headerRounded.png HTTP/1.1" 200 763 "http://www.awo-kv-bernau.de/content/themes/blackcandy/css/layout.css?m=1281258825" "Mozilla/5.0 (Windows; U; Windows NT 5.1; de; rv:1.9.2.8) Gecko/20100722 Firefox/3.6.8 ( .NET CLR 3.5.30729; .NET4.0E)"
62.109.85.218 - - [02/Sep/2010:15:47:32 +0200] "GET /content/themes/blackcandy/images/activeTabLeft.png HTTP/1.1" 200 433 "http://www.awo-kv-bernau.de/content/themes/blackcandy/css/layout.css?m=1281258825" "Mozilla/5.0 (Windows; U; Windows NT 5.1; de; rv:1.9.2.8) Gecko/20100722 Firefox/3.6.8 ( .NET CLR 3.5.30729; .NET4.0E)"
62.109.85.218 - - [02/Sep/2010:15:47:32 +0200] "GET /content/themes/blackcandy/images/activeTabRight.png HTTP/1.1" 200 433 "http://www.awo-kv-bernau.de/content/themes/blackcandy/css/layout.css?m=1281258825" "Mozilla/5.0 (Windows; U; Windows NT 5.1; de; rv:1.9.2.8) Gecko/20100722 Firefox/3.6.8 ( .NET CLR 3.5.30729; .NET4.0E)"
62.109.85.218 - - [02/Sep/2010:15:47:32 +0200] "GET /content/themes/blackcandy/images/herz.png HTTP/1.1" 200 344 "http://www.awo-kv-bernau.de/content/themes/blackcandy/css/layout.css?m=1281258825" "Mozilla/5.0 (Windows; U; Windows NT 5.1; de; rv:1.9.2.8) Gecko/20100722 Firefox/3.6.8 ( .NET CLR 3.5.30729; .NET4.0E)"
62.109.85.218 - - [02/Sep/2010:15:47:32 +0200] "GET /content/themes/blackcandy/images/footer.png HTTP/1.1" 200 884 "http://www.awo-kv-bernau.de/content/themes/blackcandy/css/layout.css?m=1281258825" "Mozilla/5.0 (Windows; U; Windows NT 5.1; de; rv:1.9.2.8) Gecko/20100722 Firefox/3.6.8 ( .NET CLR 3.5.30729; .NET4.0E)"
62.109.85.218 - - [02/Sep/2010:15:47:32 +0200] "GET /content/themes/blackcandy/images/header.jpg HTTP/1.1" 200 45038 "http://www.awo-kv-bernau.de/content/themes/blackcandy/css/layout.css?m=1281258825" "Mozilla/5.0 (Windows; U; Windows NT 5.1; de; rv:1.9.2.8) Gecko/20100722 Firefox/3.6.8 ( .NET CLR 3.5.30729; .NET4.0E)"
62.109.85.218 - - [02/Sep/2010:15:47:32 +0200] "GET /content/themes/blackcandy/images/subheader.jpg HTTP/1.1" 200 52576 "http://www.awo-kv-bernau.de/content/themes/blackcandy/css/layout.css?m=1281258825" "Mozilla/5.0 (Windows; U; Windows NT 5.1; de; rv:1.9.2.8) Gecko/20100722 Firefox/3.6.8 ( .NET CLR 3.5.30729; .NET4.0E)"
62.109.85.218 - - [02/Sep/2010:15:47:35 +0200] "GET /favicon.ico HTTP/1.1" 404 1256 "-" "Mozilla/5.0 (Windows; U; Windows NT 5.1; de; rv:1.9.2.8) Gecko/20100722 Firefox/3.6.8 ( .NET CLR 3.5.30729; .NET4.0E)"
66.249.71.40 - - [02/Sep/2010:15:50:24 +0200] "GET /content/kalender/jax_calendar.php?Y=-9899&m=1&d=1&cal_id=0&language=english&gmt_ofs=0&view=d1 HTTP/1.1" 200 11704 "-" "Mozilla/5.0 (compatible; Googlebot/2.1; +http://www.google.com/bot.html)"
66.249.71.40 - - [02/Sep/2010:15:52:10 +0200] "GET /content/kalender/jax_calendar.php?Y=1581&m=3&d=29&cal_id=0&language=german&gmt_ofs=-1&view=d1 HTTP/1.1" 200 11703 "-" "Mozilla/5.0 (compatible; Googlebot/2.1; +http://www.google.com/bot.html)"
66.249.71.40 - - [02/Sep/2010:15:55:03 +0200] "GET /content/kalender/jax_calendar.php?Y=-9910&m=10&d=1&cal_id=0&language=english&gmt_ofs=0&view=d1 HTTP/1.1" 200 11765 "-" "Mozilla/5.0 (compatible; Googlebot/2.1; +http://www.google.com/bot.html)"
66.249.71.40 - - [02/Sep/2010:15:58:09 +0200] "GET /content/kalender/jax_calendar.php?Y=-10097&m=2&d=26&cal_id=0&language=german&gmt_ofs=-1&view=d1 HTTP/1.1" 200 11898 "-" "Mozilla/5.0 (compatible; Googlebot/2.1; +http://www.google.com/bot.html)"
66.249.71.40 - - [02/Sep/2010:16:00:48 +0200] "GET /content/kalender/jax_calendar.php?Y=4254&m=8&d=9&view=d1 HTTP/1.1" 200 11769 "-" "Mozilla/5.0 (compatible; Googlebot/2.1; +http://www.google.com/bot.html)"
66.249.71.40 - - [02/Sep/2010:16:03:42 +0200] "GET /content/kalender/jax_calendar.php?Y=4490&m=5&d=33&cal_id=0&language=german&gmt_ofs=-1&view=d1 HTTP/1.1" 200 11702 "-" "Mozilla/5.0 (compatible; Googlebot/2.1; +http://www.google.com/bot.html)"
66.249.71.40 - - [02/Sep/2010:16:06:35 +0200] "GET /content/kalender/jax_calendar.php?Y=4480&m=4&d=33&cal_id=0&language=german&gmt_ofs=-1&view=d1 HTTP/1.1" 200 11704 "-" "Mozilla/5.0 (compatible; Googlebot/2.1; +http://www.google.com/bot.html)"
85.25.120.252 - - [02/Sep/2010:16:08:05 +0200] "GET /robots.txt HTTP/1.1" 404 1256 "-" "Mozilla/5.0 (X11; U; Linux i686; de; rv:1.9.0.1; compatible; iCjobs Stellenangebote Jobs; http://www.icjobs.de) Gecko/20100401 iCjobs/3.2.3"
85.25.120.252 - - [02/Sep/2010:16:08:05 +0200] "GET / HTTP/1.1" 302 - "-" "Mozilla/5.0 (X11; U; Linux i686; de; rv:1.9.0.1; compatible; iCjobs Stellenangebote Jobs; http://www.icjobs.de) Gecko/20100401 iCjobs/3.2.3"
85.25.120.252 - - [02/Sep/2010:16:08:05 +0200] "GET /content/aktuelles/ HTTP/1.1" 200 10044 "-" "Mozilla/5.0 (X11; U; Linux i686; de; rv:1.9.0.1; compatible; iCjobs Stellenangebote Jobs; http://www.icjobs.de) Gecko/20100401 iCjobs/3.2.3"
85.25.120.252 - - [02/Sep/2010:16:08:06 +0200] "GET /content/stellenangebote/ HTTP/1.1" 200 8411 "-" "Mozilla/5.0 (X11; U; Linux i686; de; rv:1.9.0.1; compatible; iCjobs Stellenangebote Jobs; http://www.icjobs.de) Gecko/20100401 iCjobs/3.2.3"
85.25.120.252 - - [02/Sep/2010:16:09:10 +0200] "GET /content/assets/Stellenanzeigen/stellejugendkoordinatorin082010.pdf HTTP/1.1" 200 27204 "-" "Mozilla/5.0 (X11; U; Linux i686; de; rv:1.9.0.1; compatible; iCjobs Stellenangebote Jobs; http://www.icjobs.de) Gecko/20100401 iCjobs/3.2.3"
66.249.71.40 - - [02/Sep/2010:16:09:28 +0200] "GET /content/kalender/jax_calendar.php?Y=4251&m=2&d=2&view=d1 HTTP/1.1" 200 11770 "-" "Mozilla/5.0 (compatible; Googlebot/2.1; +http://www.google.com/bot.html)"
207.46.194.125 - - [02/Sep/2010:16:09:31 +0200] "GET /robots.txt HTTP/1.1" 404 1256 "-" "msnbot-media/1.1 (+http://search.msn.com/msnbot.htm)"
207.46.194.125 - - [02/Sep/2010:16:09:31 +0200] "GET /content/assets/Kitas/Traumland/traumland4.jpg HTTP/1.1" 200 49487 "-" "msnbot-media/1.1 (+http://search.msn.com/msnbot.htm)"
85.25.120.252 - - [02/Sep/2010:16:09:40 +0200] "GET /content/assets/Stellenanzeigen/ausschreibungpraesenzkraft.pdf HTTP/1.1" 200 13559 "-" "Mozilla/5.0 (X11; U; Linux i686; de; rv:1.9.0.1; compatible; iCjobs Stellenangebote Jobs; http://www.icjobs.de) Gecko/20100401 iCjobs/3.2.3"
85.25.120.252 - - [02/Sep/2010:16:10:35 +0200] "GET /content/assets/Stellenanzeigen/stellenbeschreibungerzieher012010.pdf HTTP/1.1" 200 38159 "-" "Mozilla/5.0 (X11; U; Linux i686; de; rv:1.9.0.1; compatible; iCjobs Stellenangebote Jobs; http://www.icjobs.de) Gecko/20100401 iCjobs/3.2.3"
66.249.71.40 - - [02/Sep/2010:16:12:22 +0200] "GET /content/kalender/jax_calendar.php?Y=-9904&m=1&d=1&cal_id=0&language=english&gmt_ofs=0&view=d1 HTTP/1.1" 200 11704 "-" "Mozilla/5.0 (compatible; Googlebot/2.1; +http://www.google.com/bot.html)"
85.25.120.252 - - [02/Sep/2010:16:13:00 +0200] "GET /content/assets/Stellenanzeigen/stellenbeschreibungffhoeren012010.pdf HTTP/1.1" 200 46362 "-" "Mozilla/5.0 (X11; U; Linux i686; de; rv:1.9.0.1; compatible; iCjobs Stellenangebote Jobs; http://www.icjobs.de) Gecko/20100401 iCjobs/3.2.3"
85.25.120.252 - - [02/Sep/2010:16:14:08 +0200] "GET /content/assets/Stellenanzeigen/stellenausschreibungpflegefachkraftaph.pdf HTTP/1.1" 200 37765 "-" "Mozilla/5.0 (X11; U; Linux i686; de; rv:1.9.0.1; compatible; iCjobs Stellenangebote Jobs; http://www.icjobs.de) Gecko/20100401 iCjobs/3.2.3"
66.249.71.40 - - [02/Sep/2010:16:15:15 +0200] "GET /content/kalender/jax_calendar.php?Y=-9908&m=3&d=1&cal_id=0&language=english&gmt_ofs=0&view=d1 HTTP/1.1" 200 11703 "-" "Mozilla/5.0 (compatible; Googlebot/2.1; +http://www.google.com/bot.html)"
