93.240.249.55 - - [01/Sep/2010:11:12:23 +0200] "GET /content/pusteblume/ HTTP/1.1" 200 17716 "http://www.google.de/url?sa=t&source=web&cd=34&ved=0CCAQFjADOB4&url=http%3A%2F%2Fwww.awo-kv-bernau.de%2Fcontent%2Fpusteblume%2F&rct=j&q=H%C3%BCpfburg%20kindergarten&ei=7Rh-TObqEpDKswaFkfCUCQ&usg=AFQjCNHjuVoyywMUNUaz0FeLzvveBmj9JQ" "Mozilla/4.0 (compatible; MSIE 8.0; Windows NT 5.1; Trident/4.0; InfoPath.2; .NET CLR 1.1.4322)"
93.240.249.55 - - [01/Sep/2010:11:12:24 +0200] "GET /content/themes/blackcandy/css/layout.css?m=1281258825 HTTP/1.1" 200 9945 "http://www.awo-kv-bernau.de/content/pusteblume/" "Mozilla/4.0 (compatible; MSIE 8.0; Windows NT 5.1; Trident/4.0; InfoPath.2; .NET CLR 1.1.4322)"
93.240.249.55 - - [01/Sep/2010:11:12:24 +0200] "GET /content/themes/blackcandy/css/form.css?m=1277278133 HTTP/1.1" 200 1856 "http://www.awo-kv-bernau.de/content/pusteblume/" "Mozilla/4.0 (compatible; MSIE 8.0; Windows NT 5.1; Trident/4.0; InfoPath.2; .NET CLR 1.1.4322)"
93.240.249.55 - - [01/Sep/2010:11:12:24 +0200] "GET /content/themes/blackcandy/css/typography.css?m=1281262824 HTTP/1.1" 200 5090 "http://www.awo-kv-bernau.de/content/pusteblume/" "Mozilla/4.0 (compatible; MSIE 8.0; Windows NT 5.1; Trident/4.0; InfoPath.2; .NET CLR 1.1.4322)"
93.240.249.55 - - [01/Sep/2010:11:12:24 +0200] "GET /content/assets/Kitas/Pusteblume/pusteblume050710.jpg HTTP/1.1" 200 19543 "http://www.awo-kv-bernau.de/content/pusteblume/" "Mozilla/4.0 (compatible; MSIE 8.0; Windows NT 5.1; Trident/4.0; InfoPath.2; .NET CLR 1.1.4322)"
93.240.249.55 - - [01/Sep/2010:11:12:24 +0200] "GET /content/assets/Kitas/Pusteblume/pusteblume01.jpg HTTP/1.1" 200 54220 "http://www.awo-kv-bernau.de/content/pusteblume/" "Mozilla/4.0 (compatible; MSIE 8.0; Windows NT 5.1; Trident/4.0; InfoPath.2; .NET CLR 1.1.4322)"
93.240.249.55 - - [01/Sep/2010:11:12:25 +0200] "GET /content/assets/Kitas/Pusteblume/pusteblume3.jpg HTTP/1.1" 200 54226 "http://www.awo-kv-bernau.de/content/pusteblume/" "Mozilla/4.0 (compatible; MSIE 8.0; Windows NT 5.1; Trident/4.0; InfoPath.2; .NET CLR 1.1.4322)"
93.240.249.55 - - [01/Sep/2010:11:12:24 +0200] "GET /content/assets/Kitas/Pusteblume/pusteblume00.jpg HTTP/1.1" 200 125969 "http://www.awo-kv-bernau.de/content/pusteblume/" "Mozilla/4.0 (compatible; MSIE 8.0; Windows NT 5.1; Trident/4.0; InfoPath.2; .NET CLR 1.1.4322)"
93.240.249.55 - - [01/Sep/2010:11:12:24 +0200] "GET /content/assets/Kitas/Pusteblume/logo.jpg HTTP/1.1" 200 74548 "http://www.awo-kv-bernau.de/content/pusteblume/" "Mozilla/4.0 (compatible; MSIE 8.0; Windows NT 5.1; Trident/4.0; InfoPath.2; .NET CLR 1.1.4322)"
93.240.249.55 - - [01/Sep/2010:11:12:24 +0200] "GET /content/assets/Kitas/Pusteblume/pusteblume0.jpg HTTP/1.1" 200 63160 "http://www.awo-kv-bernau.de/content/pusteblume/" "Mozilla/4.0 (compatible; MSIE 8.0; Windows NT 5.1; Trident/4.0; InfoPath.2; .NET CLR 1.1.4322)"
93.240.249.55 - - [01/Sep/2010:11:12:25 +0200] "GET /content/assets/Kitas/Pusteblume/pusteblume2.jpg HTTP/1.1" 200 68921 "http://www.awo-kv-bernau.de/content/pusteblume/" "Mozilla/4.0 (compatible; MSIE 8.0; Windows NT 5.1; Trident/4.0; InfoPath.2; .NET CLR 1.1.4322)"
93.240.249.55 - - [01/Sep/2010:11:12:24 +0200] "GET /content/assets/Kitas/Pusteblume/pusteblume11.jpg HTTP/1.1" 200 99506 "http://www.awo-kv-bernau.de/content/pusteblume/" "Mozilla/4.0 (compatible; MSIE 8.0; Windows NT 5.1; Trident/4.0; InfoPath.2; .NET CLR 1.1.4322)"
93.240.249.55 - - [01/Sep/2010:11:12:26 +0200] "GET /content/assets/Kitas/Pusteblume/pusteblume4.jpg HTTP/1.1" 200 65909 "http://www.awo-kv-bernau.de/content/pusteblume/" "Mozilla/4.0 (compatible; MSIE 8.0; Windows NT 5.1; Trident/4.0; InfoPath.2; .NET CLR 1.1.4322)"
93.240.249.55 - - [01/Sep/2010:11:12:26 +0200] "GET /content/themes/blackcandy/images/headerRounded.png HTTP/1.1" 200 763 "http://www.awo-kv-bernau.de/content/pusteblume/" "Mozilla/4.0 (compatible; MSIE 8.0; Windows NT 5.1; Trident/4.0; InfoPath.2; .NET CLR 1.1.4322)"
93.240.249.55 - - [01/Sep/2010:11:12:26 +0200] "GET /content/themes/blackcandy/images/header.jpg HTTP/1.1" 200 45038 "http://www.awo-kv-bernau.de/content/pusteblume/" "Mozilla/4.0 (compatible; MSIE 8.0; Windows NT 5.1; Trident/4.0; InfoPath.2; .NET CLR 1.1.4322)"
93.240.249.55 - - [01/Sep/2010:11:12:26 +0200] "GET /content/themes/blackcandy/images/activeTabLeft.png HTTP/1.1" 200 433 "http://www.awo-kv-bernau.de/content/pusteblume/" "Mozilla/4.0 (compatible; MSIE 8.0; Windows NT 5.1; Trident/4.0; InfoPath.2; .NET CLR 1.1.4322)"
93.240.249.55 - - [01/Sep/2010:11:12:26 +0200] "GET /content/themes/blackcandy/images/activeTabRight.png HTTP/1.1" 200 433 "http://www.awo-kv-bernau.de/content/pusteblume/" "Mozilla/4.0 (compatible; MSIE 8.0; Windows NT 5.1; Trident/4.0; InfoPath.2; .NET CLR 1.1.4322)"
93.240.249.55 - - [01/Sep/2010:11:12:26 +0200] "GET /content/themes/blackcandy/images/herz.png HTTP/1.1" 200 344 "http://www.awo-kv-bernau.de/content/pusteblume/" "Mozilla/4.0 (compatible; MSIE 8.0; Windows NT 5.1; Trident/4.0; InfoPath.2; .NET CLR 1.1.4322)"
93.240.249.55 - - [01/Sep/2010:11:12:26 +0200] "GET /content/themes/blackcandy/images/icons/page_white_acrobat.png HTTP/1.1" 200 591 "http://www.awo-kv-bernau.de/content/pusteblume/" "Mozilla/4.0 (compatible; MSIE 8.0; Windows NT 5.1; Trident/4.0; InfoPath.2; .NET CLR 1.1.4322)"
93.240.249.55 - - [01/Sep/2010:11:12:26 +0200] "GET /content/themes/blackcandy/images/footer.png HTTP/1.1" 200 884 "http://www.awo-kv-bernau.de/content/pusteblume/" "Mozilla/4.0 (compatible; MSIE 8.0; Windows NT 5.1; Trident/4.0; InfoPath.2; .NET CLR 1.1.4322)"
93.240.249.55 - - [01/Sep/2010:11:12:26 +0200] "GET /content/themes/blackcandy/images/subheader.jpg HTTP/1.1" 200 52576 "http://www.awo-kv-bernau.de/content/pusteblume/" "Mozilla/4.0 (compatible; MSIE 8.0; Windows NT 5.1; Trident/4.0; InfoPath.2; .NET CLR 1.1.4322)"
93.240.249.55 - - [01/Sep/2010:11:12:26 +0200] "GET /favicon.ico HTTP/1.1" 404 1256 "-" "Mozilla/4.0 (compatible; MSIE 8.0; Windows NT 5.1; Trident/4.0; InfoPath.2; .NET CLR 1.1.4322)"
195.127.203.185 - - [01/Sep/2010:11:13:31 +0200] "GET /content/assets/Aktuelles/awologo.jpg HTTP/1.0" 200 2292 "http://www.sozialedienste-awo.de/content/aktuelles/" "Mozilla/4.0 (compatible; MSIE 6.0; Windows NT 5.1; SV1; i-NavFourF; .NET CLR 1.1.4322; .NET CLR 2.0.50727)"
195.127.203.185 - - [01/Sep/2010:11:13:31 +0200] "GET /content/assets/Aktuelles/aktuelles160710.jpg HTTP/1.0" 200 17303 "http://www.sozialedienste-awo.de/content/aktuelles/" "Mozilla/4.0 (compatible; MSIE 6.0; Windows NT 5.1; SV1; i-NavFourF; .NET CLR 1.1.4322; .NET CLR 2.0.50727)"
195.127.203.185 - - [01/Sep/2010:11:13:31 +0200] "GET /content/assets/Aktuelles/aktuelles140810.jpg HTTP/1.0" 200 20737 "http://www.sozialedienste-awo.de/content/aktuelles/" "Mozilla/4.0 (compatible; MSIE 6.0; Windows NT 5.1; SV1; i-NavFourF; .NET CLR 1.1.4322; .NET CLR 2.0.50727)"
195.127.203.185 - - [01/Sep/2010:11:13:31 +0200] "GET /content/assets/Aktuelles/aktuelles110810.jpg HTTP/1.0" 200 73350 "http://www.sozialedienste-awo.de/content/aktuelles/" "Mozilla/4.0 (compatible; MSIE 6.0; Windows NT 5.1; SV1; i-NavFourF; .NET CLR 1.1.4322; .NET CLR 2.0.50727)"
66.249.67.52 - - [01/Sep/2010:11:14:55 +0200] "GET /content/kalender/jax_calendar.php?Y=1590&m=9&d=16&view=d1 HTTP/1.1" 200 11809 "-" "Mozilla/5.0 (compatible; Googlebot/2.1; +http://www.google.com/bot.html)"
66.249.67.52 - - [01/Sep/2010:11:17:49 +0200] "GET /content/kalender/jax_calendar.php?Y=-10105&m=7&d=3&view=d1 HTTP/1.1" 200 11959 "-" "Mozilla/5.0 (compatible; Googlebot/2.1; +http://www.google.com/bot.html)"
66.249.67.52 - - [01/Sep/2010:11:20:43 +0200] "GET /content/kalender/jax_calendar.php?Y=3019&m=2&d=2&view=d1 HTTP/1.1" 200 11770 "-" "Mozilla/5.0 (compatible; Googlebot/2.1; +http://www.google.com/bot.html)"
87.187.152.101 - - [01/Sep/2010:11:23:36 +0200] "GET / HTTP/1.1" 302 - "-" "Mozilla/4.0 (compatible; MSIE 8.0; Windows NT 5.1; Trident/4.0; .NET CLR 2.0.50727; .NET CLR 3.0.4506.2152; .NET CLR 3.5.30729; InfoPath.2)"
66.249.67.52 - - [01/Sep/2010:11:23:36 +0200] "GET /content/kalender/jax_calendar.php?Y=1592&m=3&d=3&view=d1 HTTP/1.1" 200 11767 "-" "Mozilla/5.0 (compatible; Googlebot/2.1; +http://www.google.com/bot.html)"
87.187.152.101 - - [01/Sep/2010:11:23:36 +0200] "GET /content/aktuelles/ HTTP/1.1" 200 9028 "-" "Mozilla/4.0 (compatible; MSIE 8.0; Windows NT 5.1; Trident/4.0; .NET CLR 2.0.50727; .NET CLR 3.0.4506.2152; .NET CLR 3.5.30729; InfoPath.2)"
87.187.152.101 - - [01/Sep/2010:11:23:37 +0200] "GET /content/themes/blackcandy/css/typography.css?m=1281262824 HTTP/1.1" 200 5090 "http://www.awo-kv-bernau.de/content/aktuelles/" "Mozilla/4.0 (compatible; MSIE 8.0; Windows NT 5.1; Trident/4.0; .NET CLR 2.0.50727; .NET CLR 3.0.4506.2152; .NET CLR 3.5.30729; InfoPath.2)"
87.187.152.101 - - [01/Sep/2010:11:23:37 +0200] "GET /content/themes/blackcandy/css/layout.css?m=1281258825 HTTP/1.1" 200 9945 "http://www.awo-kv-bernau.de/content/aktuelles/" "Mozilla/4.0 (compatible; MSIE 8.0; Windows NT 5.1; Trident/4.0; .NET CLR 2.0.50727; .NET CLR 3.0.4506.2152; .NET CLR 3.5.30729; InfoPath.2)"
87.187.152.101 - - [01/Sep/2010:11:23:37 +0200] "GET /content/assets/Aktuelles/awologo.jpg HTTP/1.1" 200 2292 "http://www.awo-kv-bernau.de/content/aktuelles/" "Mozilla/4.0 (compatible; MSIE 8.0; Windows NT 5.1; Trident/4.0; .NET CLR 2.0.50727; .NET CLR 3.0.4506.2152; .NET CLR 3.5.30729; InfoPath.2)"
87.187.152.101 - - [01/Sep/2010:11:23:37 +0200] "GET /content/assets/Aktuelles/aktuelles160710.jpg HTTP/1.1" 200 17303 "http://www.awo-kv-bernau.de/content/aktuelles/" "Mozilla/4.0 (compatible; MSIE 8.0; Windows NT 5.1; Trident/4.0; .NET CLR 2.0.50727; .NET CLR 3.0.4506.2152; .NET CLR 3.5.30729; InfoPath.2)"
87.187.152.101 - - [01/Sep/2010:11:23:37 +0200] "GET /content/themes/blackcandy/css/form.css?m=1277278133 HTTP/1.1" 200 1856 "http://www.awo-kv-bernau.de/content/aktuelles/" "Mozilla/4.0 (compatible; MSIE 8.0; Windows NT 5.1; Trident/4.0; .NET CLR 2.0.50727; .NET CLR 3.0.4506.2152; .NET CLR 3.5.30729; InfoPath.2)"
87.187.152.101 - - [01/Sep/2010:11:23:37 +0200] "GET /content/assets/Aktuelles/aktuelles140810.jpg HTTP/1.1" 200 20737 "http://www.awo-kv-bernau.de/content/aktuelles/" "Mozilla/4.0 (compatible; MSIE 8.0; Windows NT 5.1; Trident/4.0; .NET CLR 2.0.50727; .NET CLR 3.0.4506.2152; .NET CLR 3.5.30729; InfoPath.2)"
87.187.152.101 - - [01/Sep/2010:11:23:37 +0200] "GET /content/themes/blackcandy/images/headerRounded.png HTTP/1.1" 200 763 "http://www.awo-kv-bernau.de/content/aktuelles/" "Mozilla/4.0 (compatible; MSIE 8.0; Windows NT 5.1; Trident/4.0; .NET CLR 2.0.50727; .NET CLR 3.0.4506.2152; .NET CLR 3.5.30729; InfoPath.2)"
87.187.152.101 - - [01/Sep/2010:11:23:37 +0200] "GET /content/themes/blackcandy/images/activeTabLeft.png HTTP/1.1" 200 433 "http://www.awo-kv-bernau.de/content/aktuelles/" "Mozilla/4.0 (compatible; MSIE 8.0; Windows NT 5.1; Trident/4.0; .NET CLR 2.0.50727; .NET CLR 3.0.4506.2152; .NET CLR 3.5.30729; InfoPath.2)"
87.187.152.101 - - [01/Sep/2010:11:23:37 +0200] "GET /content/themes/blackcandy/images/activeTabRight.png HTTP/1.1" 200 433 "http://www.awo-kv-bernau.de/content/aktuelles/" "Mozilla/4.0 (compatible; MSIE 8.0; Windows NT 5.1; Trident/4.0; .NET CLR 2.0.50727; .NET CLR 3.0.4506.2152; .NET CLR 3.5.30729; InfoPath.2)"
87.187.152.101 - - [01/Sep/2010:11:23:37 +0200] "GET /content/themes/blackcandy/images/herz.png HTTP/1.1" 200 344 "http://www.awo-kv-bernau.de/content/aktuelles/" "Mozilla/4.0 (compatible; MSIE 8.0; Windows NT 5.1; Trident/4.0; .NET CLR 2.0.50727; .NET CLR 3.0.4506.2152; .NET CLR 3.5.30729; InfoPath.2)"
87.187.152.101 - - [01/Sep/2010:11:23:37 +0200] "GET /content/themes/blackcandy/images/footer.png HTTP/1.1" 200 884 "http://www.awo-kv-bernau.de/content/aktuelles/" "Mozilla/4.0 (compatible; MSIE 8.0; Windows NT 5.1; Trident/4.0; .NET CLR 2.0.50727; .NET CLR 3.0.4506.2152; .NET CLR 3.5.30729; InfoPath.2)"
87.187.152.101 - - [01/Sep/2010:11:23:37 +0200] "GET /content/assets/Aktuelles/aktuelles110810.jpg HTTP/1.1" 200 73350 "http://www.awo-kv-bernau.de/content/aktuelles/" "Mozilla/4.0 (compatible; MSIE 8.0; Windows NT 5.1; Trident/4.0; .NET CLR 2.0.50727; .NET CLR 3.0.4506.2152; .NET CLR 3.5.30729; InfoPath.2)"
87.187.152.101 - - [01/Sep/2010:11:23:37 +0200] "GET /content/themes/blackcandy/images/header.jpg HTTP/1.1" 200 45038 "http://www.awo-kv-bernau.de/content/aktuelles/" "Mozilla/4.0 (compatible; MSIE 8.0; Windows NT 5.1; Trident/4.0; .NET CLR 2.0.50727; .NET CLR 3.0.4506.2152; .NET CLR 3.5.30729; InfoPath.2)"
87.187.152.101 - - [01/Sep/2010:11:23:37 +0200] "GET /content/themes/blackcandy/images/subheader.jpg HTTP/1.1" 200 52576 "http://www.awo-kv-bernau.de/content/aktuelles/" "Mozilla/4.0 (compatible; MSIE 8.0; Windows NT 5.1; Trident/4.0; .NET CLR 2.0.50727; .NET CLR 3.0.4506.2152; .NET CLR 3.5.30729; InfoPath.2)"
87.187.152.101 - - [01/Sep/2010:11:23:38 +0200] "GET /favicon.ico HTTP/1.1" 404 1256 "-" "Mozilla/4.0 (compatible; MSIE 8.0; Windows NT 5.1; Trident/4.0; .NET CLR 2.0.50727; .NET CLR 3.0.4506.2152; .NET CLR 3.5.30729; InfoPath.2)"
66.249.67.52 - - [01/Sep/2010:11:27:00 +0200] "GET /content/kalender/jax_calendar.php?Y=-10098&m=8&d=5&cal_id=0&language=german&gmt_ofs=-1&view=d1 HTTP/1.1" 200 11861 "-" "Mozilla/5.0 (compatible; Googlebot/2.1; +http://www.google.com/bot.html)"
66.249.67.52 - - [01/Sep/2010:11:29:39 +0200] "GET /content/kalender/jax_calendar.php?Y=3033&m=12&d=14&cal_id=0&language=german&gmt_ofs=-1&view=d1 HTTP/1.1" 200 11769 "-" "Mozilla/5.0 (compatible; Googlebot/2.1; +http://www.google.com/bot.html)"
87.187.152.101 - - [01/Sep/2010:11:37:45 +0200] "GET / HTTP/1.1" 302 - "-" "Mozilla/4.0 (compatible; MSIE 8.0; Windows NT 5.1; Trident/4.0; .NET CLR 2.0.50727; .NET CLR 3.0.4506.2152; .NET CLR 3.5.30729; InfoPath.2)"
87.187.152.101 - - [01/Sep/2010:11:37:45 +0200] "GET /content/aktuelles/ HTTP/1.1" 200 9028 "-" "Mozilla/4.0 (compatible; MSIE 8.0; Windows NT 5.1; Trident/4.0; .NET CLR 2.0.50727; .NET CLR 3.0.4506.2152; .NET CLR 3.5.30729; InfoPath.2)"
87.187.152.101 - - [01/Sep/2010:11:37:46 +0200] "GET /content/themes/blackcandy/css/layout.css?m=1281258825 HTTP/1.1" 304 - "http://www.awo-kv-bernau.de/content/aktuelles/" "Mozilla/4.0 (compatible; MSIE 8.0; Windows NT 5.1; Trident/4.0; .NET CLR 2.0.50727; .NET CLR 3.0.4506.2152; .NET CLR 3.5.30729; InfoPath.2)"
87.187.152.101 - - [01/Sep/2010:11:37:46 +0200] "GET /content/assets/Aktuelles/aktuelles140810.jpg HTTP/1.1" 304 - "http://www.awo-kv-bernau.de/content/aktuelles/" "Mozilla/4.0 (compatible; MSIE 8.0; Windows NT 5.1; Trident/4.0; .NET CLR 2.0.50727; .NET CLR 3.0.4506.2152; .NET CLR 3.5.30729; InfoPath.2)"
87.187.152.101 - - [01/Sep/2010:11:37:46 +0200] "GET /content/themes/blackcandy/css/typography.css?m=1281262824 HTTP/1.1" 304 - "http://www.awo-kv-bernau.de/content/aktuelles/" "Mozilla/4.0 (compatible; MSIE 8.0; Windows NT 5.1; Trident/4.0; .NET CLR 2.0.50727; .NET CLR 3.0.4506.2152; .NET CLR 3.5.30729; InfoPath.2)"
87.187.152.101 - - [01/Sep/2010:11:37:46 +0200] "GET /content/themes/blackcandy/css/form.css?m=1277278133 HTTP/1.1" 304 - "http://www.awo-kv-bernau.de/content/aktuelles/" "Mozilla/4.0 (compatible; MSIE 8.0; Windows NT 5.1; Trident/4.0; .NET CLR 2.0.50727; .NET CLR 3.0.4506.2152; .NET CLR 3.5.30729; InfoPath.2)"
87.187.152.101 - - [01/Sep/2010:11:37:46 +0200] "GET /content/assets/Aktuelles/aktuelles160710.jpg HTTP/1.1" 304 - "http://www.awo-kv-bernau.de/content/aktuelles/" "Mozilla/4.0 (compatible; MSIE 8.0; Windows NT 5.1; Trident/4.0; .NET CLR 2.0.50727; .NET CLR 3.0.4506.2152; .NET CLR 3.5.30729; InfoPath.2)"
87.187.152.101 - - [01/Sep/2010:11:37:46 +0200] "GET /content/assets/Aktuelles/awologo.jpg HTTP/1.1" 304 - "http://www.awo-kv-bernau.de/content/aktuelles/" "Mozilla/4.0 (compatible; MSIE 8.0; Windows NT 5.1; Trident/4.0; .NET CLR 2.0.50727; .NET CLR 3.0.4506.2152; .NET CLR 3.5.30729; InfoPath.2)"
87.187.152.101 - - [01/Sep/2010:11:37:46 +0200] "GET /content/assets/Aktuelles/aktuelles110810.jpg HTTP/1.1" 304 - "http://www.awo-kv-bernau.de/content/aktuelles/" "Mozilla/4.0 (compatible; MSIE 8.0; Windows NT 5.1; Trident/4.0; .NET CLR 2.0.50727; .NET CLR 3.0.4506.2152; .NET CLR 3.5.30729; InfoPath.2)"
87.187.152.101 - - [01/Sep/2010:11:37:46 +0200] "GET /content/themes/blackcandy/images/headerRounded.png HTTP/1.1" 304 - "http://www.awo-kv-bernau.de/content/aktuelles/" "Mozilla/4.0 (compatible; MSIE 8.0; Windows NT 5.1; Trident/4.0; .NET CLR 2.0.50727; .NET CLR 3.0.4506.2152; .NET CLR 3.5.30729; InfoPath.2)"
87.187.152.101 - - [01/Sep/2010:11:37:46 +0200] "GET /content/themes/blackcandy/images/header.jpg HTTP/1.1" 304 - "http://www.awo-kv-bernau.de/content/aktuelles/" "Mozilla/4.0 (compatible; MSIE 8.0; Windows NT 5.1; Trident/4.0; .NET CLR 2.0.50727; .NET CLR 3.0.4506.2152; .NET CLR 3.5.30729; InfoPath.2)"
87.187.152.101 - - [01/Sep/2010:11:37:46 +0200] "GET /content/themes/blackcandy/images/activeTabLeft.png HTTP/1.1" 304 - "http://www.awo-kv-bernau.de/content/aktuelles/" "Mozilla/4.0 (compatible; MSIE 8.0; Windows NT 5.1; Trident/4.0; .NET CLR 2.0.50727; .NET CLR 3.0.4506.2152; .NET CLR 3.5.30729; InfoPath.2)"
87.187.152.101 - - [01/Sep/2010:11:37:46 +0200] "GET /content/themes/blackcandy/images/activeTabRight.png HTTP/1.1" 304 - "http://www.awo-kv-bernau.de/content/aktuelles/" "Mozilla/4.0 (compatible; MSIE 8.0; Windows NT 5.1; Trident/4.0; .NET CLR 2.0.50727; .NET CLR 3.0.4506.2152; .NET CLR 3.5.30729; InfoPath.2)"
87.187.152.101 - - [01/Sep/2010:11:37:46 +0200] "GET /content/themes/blackcandy/images/subheader.jpg HTTP/1.1" 304 - "http://www.awo-kv-bernau.de/content/aktuelles/" "Mozilla/4.0 (compatible; MSIE 8.0; Windows NT 5.1; Trident/4.0; .NET CLR 2.0.50727; .NET CLR 3.0.4506.2152; .NET CLR 3.5.30729; InfoPath.2)"
87.187.152.101 - - [01/Sep/2010:11:37:46 +0200] "GET /content/themes/blackcandy/images/herz.png HTTP/1.1" 304 - "http://www.awo-kv-bernau.de/content/aktuelles/" "Mozilla/4.0 (compatible; MSIE 8.0; Windows NT 5.1; Trident/4.0; .NET CLR 2.0.50727; .NET CLR 3.0.4506.2152; .NET CLR 3.5.30729; InfoPath.2)"
87.187.152.101 - - [01/Sep/2010:11:37:46 +0200] "GET /content/themes/blackcandy/images/footer.png HTTP/1.1" 304 - "http://www.awo-kv-bernau.de/content/aktuelles/" "Mozilla/4.0 (compatible; MSIE 8.0; Windows NT 5.1; Trident/4.0; .NET CLR 2.0.50727; .NET CLR 3.0.4506.2152; .NET CLR 3.5.30729; InfoPath.2)"
87.187.152.101 - - [01/Sep/2010:11:37:46 +0200] "GET /favicon.ico HTTP/1.1" 404 1256 "-" "Mozilla/4.0 (compatible; MSIE 8.0; Windows NT 5.1; Trident/4.0; .NET CLR 2.0.50727; .NET CLR 3.0.4506.2152; .NET CLR 3.5.30729; InfoPath.2)"
66.249.67.52 - - [01/Sep/2010:11:37:48 +0200] "GET /content/pusteblume/ HTTP/1.1" 200 17716 "-" "Mozilla/5.0 (compatible; Googlebot/2.1; +http://www.google.com/bot.html)"
66.249.67.52 - - [01/Sep/2010:11:37:49 +0200] "GET /content/kalender/jax_calendar.php?Y=-10095&m=9&d=15&view=d1 HTTP/1.1" 200 12001 "-" "Mozilla/5.0 (compatible; Googlebot/2.1; +http://www.google.com/bot.html)"
83.41.53.50 - - [01/Sep/2010:11:38:50 +0200] "GET / HTTP/1.1" 302 - "-" "Java/1.4.1_04"
83.41.53.50 - - [01/Sep/2010:11:38:50 +0200] "GET /content/aktuelles/ HTTP/1.1" 200 9028 "-" "Java/1.4.1_04"
83.41.53.50 - - [01/Sep/2010:11:38:51 +0200] "GET /aktuelles HTTP/1.1" 404 1256 "-" "Java/1.4.1_04"
89.247.28.153 - - [01/Sep/2010:11:38:51 +0200] "GET /content/awo-treff-angebote/ HTTP/1.1" 200 12642 "http://www.google.de/search?q=Gesundheitsberatung+AWo+Stellenangebote&ie=utf-8&oe=utf-8&aq=t&rls=org.mozilla:de:official&client=firefox-a" "Mozilla/5.0 (Windows; U; Windows NT 5.1; de; rv:1.9.2.8) Gecko/20100722 Firefox/3.6.8 ( .NET CLR 3.5.30729)"
89.247.28.153 - - [01/Sep/2010:11:38:51 +0200] "GET /content/themes/blackcandy/css/layout.css?m=1281258825 HTTP/1.1" 200 9945 "http://www.awo-kv-bernau.de/content/awo-treff-angebote/" "Mozilla/5.0 (Windows; U; Windows NT 5.1; de; rv:1.9.2.8) Gecko/20100722 Firefox/3.6.8 ( .NET CLR 3.5.30729)"
89.247.28.153 - - [01/Sep/2010:11:38:51 +0200] "GET /content/themes/blackcandy/css/typography.css?m=1281262824 HTTP/1.1" 200 5090 "http://www.awo-kv-bernau.de/content/awo-treff-angebote/" "Mozilla/5.0 (Windows; U; Windows NT 5.1; de; rv:1.9.2.8) Gecko/20100722 Firefox/3.6.8 ( .NET CLR 3.5.30729)"
89.247.28.153 - - [01/Sep/2010:11:38:51 +0200] "GET /favicon.ico HTTP/1.1" 404 1256 "-" "Mozilla/5.0 (Windows; U; Windows NT 5.1; de; rv:1.9.2.8) Gecko/20100722 Firefox/3.6.8 ( .NET CLR 3.5.30729)"
83.41.53.50 - - [01/Sep/2010:11:38:51 +0200] "GET /content HTTP/1.1" 301 358 "-" "Java/1.4.1_04"
89.247.28.153 - - [01/Sep/2010:11:38:51 +0200] "GET /content/themes/blackcandy/css/form.css?m=1277278133 HTTP/1.1" 200 1856 "http://www.awo-kv-bernau.de/content/awo-treff-angebote/" "Mozilla/5.0 (Windows; U; Windows NT 5.1; de; rv:1.9.2.8) Gecko/20100722 Firefox/3.6.8 ( .NET CLR 3.5.30729)"
89.247.28.153 - - [01/Sep/2010:11:38:51 +0200] "GET /content/assets/Awo-Treff/_resampled/ResizedImage300225-Spiele.jpg HTTP/1.1" 200 13350 "http://www.awo-kv-bernau.de/content/awo-treff-angebote/" "Mozilla/5.0 (Windows; U; Windows NT 5.1; de; rv:1.9.2.8) Gecko/20100722 Firefox/3.6.8 ( .NET CLR 3.5.30729)"
89.247.28.153 - - [01/Sep/2010:11:38:51 +0200] "GET /content/assets/Awo-Treff/mittag.jpg HTTP/1.1" 200 13071 "http://www.awo-kv-bernau.de/content/awo-treff-angebote/" "Mozilla/5.0 (Windows; U; Windows NT 5.1; de; rv:1.9.2.8) Gecko/20100722 Firefox/3.6.8 ( .NET CLR 3.5.30729)"
89.247.28.153 - - [01/Sep/2010:11:38:51 +0200] "GET /content/assets/Awo-Treff/_resampled/ResizedImage300225-Sport.jpg HTTP/1.1" 200 13858 "http://www.awo-kv-bernau.de/content/awo-treff-angebote/" "Mozilla/5.0 (Windows; U; Windows NT 5.1; de; rv:1.9.2.8) Gecko/20100722 Firefox/3.6.8 ( .NET CLR 3.5.30729)"
89.247.28.153 - - [01/Sep/2010:11:38:51 +0200] "GET /content/assets/Awo-Treff/_resampled/ResizedImage300225-Tanz.jpg HTTP/1.1" 200 14066 "http://www.awo-kv-bernau.de/content/awo-treff-angebote/" "Mozilla/5.0 (Windows; U; Windows NT 5.1; de; rv:1.9.2.8) Gecko/20100722 Firefox/3.6.8 ( .NET CLR 3.5.30729)"
89.247.28.153 - - [01/Sep/2010:11:38:51 +0200] "GET /content/assets/Awo-Treff/_resampled/ResizedImage300225-Bildung.jpg HTTP/1.1" 200 13637 "http://www.awo-kv-bernau.de/content/awo-treff-angebote/" "Mozilla/5.0 (Windows; U; Windows NT 5.1; de; rv:1.9.2.8) Gecko/20100722 Firefox/3.6.8 ( .NET CLR 3.5.30729)"
89.247.28.153 - - [01/Sep/2010:11:38:51 +0200] "GET /content/assets/Awo-Treff/_resampled/ResizedImage300225-Kunst.jpg HTTP/1.1" 200 16139 "http://www.awo-kv-bernau.de/content/awo-treff-angebote/" "Mozilla/5.0 (Windows; U; Windows NT 5.1; de; rv:1.9.2.8) Gecko/20100722 Firefox/3.6.8 ( .NET CLR 3.5.30729)"
89.247.28.153 - - [01/Sep/2010:11:38:51 +0200] "GET /content/assets/Awo-Treff/Kreatives.jpg HTTP/1.1" 200 32197 "http://www.awo-kv-bernau.de/content/awo-treff-angebote/" "Mozilla/5.0 (Windows; U; Windows NT 5.1; de; rv:1.9.2.8) Gecko/20100722 Firefox/3.6.8 ( .NET CLR 3.5.30729)"
89.247.28.153 - - [01/Sep/2010:11:38:51 +0200] "GET /content/themes/blackcandy/images/headerRounded.png HTTP/1.1" 200 763 "http://www.awo-kv-bernau.de/content/themes/blackcandy/css/layout.css?m=1281258825" "Mozilla/5.0 (Windows; U; Windows NT 5.1; de; rv:1.9.2.8) Gecko/20100722 Firefox/3.6.8 ( .NET CLR 3.5.30729)"
89.247.28.153 - - [01/Sep/2010:11:38:51 +0200] "GET /content/themes/blackcandy/images/activeTabLeft.png HTTP/1.1" 200 433 "http://www.awo-kv-bernau.de/content/themes/blackcandy/css/layout.css?m=1281258825" "Mozilla/5.0 (Windows; U; Windows NT 5.1; de; rv:1.9.2.8) Gecko/20100722 Firefox/3.6.8 ( .NET CLR 3.5.30729)"
89.247.28.153 - - [01/Sep/2010:11:38:51 +0200] "GET /content/themes/blackcandy/images/activeTabRight.png HTTP/1.1" 200 433 "http://www.awo-kv-bernau.de/content/themes/blackcandy/css/layout.css?m=1281258825" "Mozilla/5.0 (Windows; U; Windows NT 5.1; de; rv:1.9.2.8) Gecko/20100722 Firefox/3.6.8 ( .NET CLR 3.5.30729)"
89.247.28.153 - - [01/Sep/2010:11:38:51 +0200] "GET /content/themes/blackcandy/images/herz.png HTTP/1.1" 200 344 "http://www.awo-kv-bernau.de/content/themes/blackcandy/css/layout.css?m=1281258825" "Mozilla/5.0 (Windows; U; Windows NT 5.1; de; rv:1.9.2.8) Gecko/20100722 Firefox/3.6.8 ( .NET CLR 3.5.30729)"
89.247.28.153 - - [01/Sep/2010:11:38:51 +0200] "GET /content/themes/blackcandy/images/footer.png HTTP/1.1" 200 884 "http://www.awo-kv-bernau.de/content/themes/blackcandy/css/layout.css?m=1281258825" "Mozilla/5.0 (Windows; U; Windows NT 5.1; de; rv:1.9.2.8) Gecko/20100722 Firefox/3.6.8 ( .NET CLR 3.5.30729)"
89.247.28.153 - - [01/Sep/2010:11:38:51 +0200] "GET /content/themes/blackcandy/images/header.jpg HTTP/1.1" 200 45038 "http://www.awo-kv-bernau.de/content/themes/blackcandy/css/layout.css?m=1281258825" "Mozilla/5.0 (Windows; U; Windows NT 5.1; de; rv:1.9.2.8) Gecko/20100722 Firefox/3.6.8 ( .NET CLR 3.5.30729)"
89.247.28.153 - - [01/Sep/2010:11:38:51 +0200] "GET /content/themes/blackcandy/images/subheader.jpg HTTP/1.1" 200 52576 "http://www.awo-kv-bernau.de/content/themes/blackcandy/css/layout.css?m=1281258825" "Mozilla/5.0 (Windows; U; Windows NT 5.1; de; rv:1.9.2.8) Gecko/20100722 Firefox/3.6.8 ( .NET CLR 3.5.30729)"
83.41.53.50 - - [01/Sep/2010:11:38:51 +0200] "GET /content/ HTTP/1.1" 301 - "-" "Java/1.4.1_04"
83.41.53.50 - - [01/Sep/2010:11:38:52 +0200] "GET /kinder-und-familienzentrum-regenbogen HTTP/1.1" 404 1256 "-" "Java/1.4.1_04"
83.41.53.50 - - [01/Sep/2010:11:38:52 +0200] "GET /content/aktuelles HTTP/1.1" 200 9027 "-" "Java/1.4.1_04"
83.41.53.50 - - [01/Sep/2010:11:38:53 +0200] "GET /content/awo-treff HTTP/1.1" 200 8216 "-" "Java/1.4.1_04"
89.247.28.153 - - [01/Sep/2010:11:38:54 +0200] "GET /favicon.ico HTTP/1.1" 404 1256 "-" "Mozilla/5.0 (Windows; U; Windows NT 5.1; de; rv:1.9.2.8) Gecko/20100722 Firefox/3.6.8 ( .NET CLR 3.5.30729)"
83.41.53.50 - - [01/Sep/2010:11:38:54 +0200] "GET /content/beratungsstellen HTTP/1.1" 200 7938 "-" "Java/1.4.1_04"
83.41.53.50 - - [01/Sep/2010:11:38:54 +0200] "GET /content/ehrenamt HTTP/1.1" 200 13070 "-" "Java/1.4.1_04"
89.247.28.153 - - [01/Sep/2010:11:38:55 +0200] "GET /content/stellenangebote/ HTTP/1.1" 200 8411 "http://www.awo-kv-bernau.de/content/awo-treff-angebote/" "Mozilla/5.0 (Windows; U; Windows NT 5.1; de; rv:1.9.2.8) Gecko/20100722 Firefox/3.6.8 ( .NET CLR 3.5.30729)"
89.247.28.153 - - [01/Sep/2010:11:38:55 +0200] "GET /content/themes/blackcandy/css/layout.css?m=1281258825 HTTP/1.1" 304 - "http://www.awo-kv-bernau.de/content/stellenangebote/" "Mozilla/5.0 (Windows; U; Windows NT 5.1; de; rv:1.9.2.8) Gecko/20100722 Firefox/3.6.8 ( .NET CLR 3.5.30729)"
89.247.28.153 - - [01/Sep/2010:11:38:55 +0200] "GET /content/themes/blackcandy/css/typography.css?m=1281262824 HTTP/1.1" 304 - "http://www.awo-kv-bernau.de/content/stellenangebote/" "Mozilla/5.0 (Windows; U; Windows NT 5.1; de; rv:1.9.2.8) Gecko/20100722 Firefox/3.6.8 ( .NET CLR 3.5.30729)"
89.247.28.153 - - [01/Sep/2010:11:38:55 +0200] "GET /content/themes/blackcandy/css/form.css?m=1277278133 HTTP/1.1" 304 - "http://www.awo-kv-bernau.de/content/stellenangebote/" "Mozilla/5.0 (Windows; U; Windows NT 5.1; de; rv:1.9.2.8) Gecko/20100722 Firefox/3.6.8 ( .NET CLR 3.5.30729)"
89.247.28.153 - - [01/Sep/2010:11:38:55 +0200] "GET /content/themes/blackcandy/images/icons/page_white_acrobat.png HTTP/1.1" 200 591 "http://www.awo-kv-bernau.de/content/themes/blackcandy/css/typography.css?m=1281262824" "Mozilla/5.0 (Windows; U; Windows NT 5.1; de; rv:1.9.2.8) Gecko/20100722 Firefox/3.6.8 ( .NET CLR 3.5.30729)"
83.41.53.50 - - [01/Sep/2010:11:38:56 +0200] "GET /content/jugendarbeit HTTP/1.1" 200 12210 "-" "Java/1.4.1_04"
83.41.53.50 - - [01/Sep/2010:11:38:57 +0200] "GET /content/jugendfeiern HTTP/1.1" 200 14785 "-" "Java/1.4.1_04"
83.41.53.50 - - [01/Sep/2010:11:38:58 +0200] "GET /content/kinder-und-familienzentrum-regenbogen HTTP/1.1" 200 31212 "-" "Java/1.4.1_04"
83.41.53.50 - - [01/Sep/2010:11:38:59 +0200] "GET /content/kindertagesstaetten HTTP/1.1" 200 8043 "-" "Java/1.4.1_04"
83.41.53.50 - - [01/Sep/2010:11:38:59 +0200] "GET /content/kontakt-impressum HTTP/1.1" 200 14542 "-" "Java/1.4.1_04"
83.41.53.50 - - [01/Sep/2010:11:39:01 +0200] "GET /content/kontakt-und-beratungsstelle HTTP/1.1" 200 17492 "-" "Java/1.4.1_04"
83.41.53.50 - - [01/Sep/2010:11:39:02 +0200] "GET /content/kooperationspartner HTTP/1.1" 200 7538 "-" "Java/1.4.1_04"
83.41.53.50 - - [01/Sep/2010:11:39:02 +0200] "GET /content/mitglied-werden HTTP/1.1" 200 8785 "-" "Java/1.4.1_04"
83.41.53.50 - - [01/Sep/2010:11:39:03 +0200] "GET /content/ortsvereine HTTP/1.1" 200 7881 "-" "Java/1.4.1_04"
83.41.53.50 - - [01/Sep/2010:11:39:04 +0200] "GET /content/satzung HTTP/1.1" 200 21949 "-" "Java/1.4.1_04"
89.247.28.153 - - [01/Sep/2010:11:39:05 +0200] "GET /content/assets/Stellenanzeigen/stellenbeschreibungffhoeren012010.pdf HTTP/1.1" 200 46362 "http://www.awo-kv-bernau.de/content/stellenangebote/" "Mozilla/5.0 (Windows; U; Windows NT 5.1; de; rv:1.9.2.8) Gecko/20100722 Firefox/3.6.8 ( .NET CLR 3.5.30729)"
83.41.53.50 - - [01/Sep/2010:11:39:05 +0200] "GET /content/spenden HTTP/1.1" 200 9094 "-" "Java/1.4.1_04"
83.41.53.50 - - [01/Sep/2010:11:39:06 +0200] "GET /content/stellenangebote HTTP/1.1" 200 8411 "-" "Java/1.4.1_04"
83.41.53.50 - - [01/Sep/2010:11:39:07 +0200] "GET /content/veranstaltungskalender HTTP/1.1" 200 7393 "-" "Java/1.4.1_04"
89.247.28.153 - - [01/Sep/2010:11:39:07 +0200] "GET /content/assets/Stellenanzeigen/stellenbeschreibungffhoeren012010.pdf HTTP/1.1" 206 30188 "-" "Mozilla/5.0 (Windows; U; Windows NT 5.1; de; rv:1.9.2.8) Gecko/20100722 Firefox/3.6.8 ( .NET CLR 3.5.30729)"
83.41.53.50 - - [01/Sep/2010:11:39:08 +0200] "GET /content/vorstand HTTP/1.1" 200 9356 "-" "Java/1.4.1_04"
83.41.53.50 - - [01/Sep/2010:11:39:09 +0200] "GET /content/aktuelles/aktuelles HTTP/1.1" 200 9037 "-" "Java/1.4.1_04"
83.41.53.50 - - [01/Sep/2010:11:39:09 +0200] "GET /content/aktuelles/kinder-und-familienzentrum-regenbogen HTTP/1.1" 200 9065 "-" "Java/1.4.1_04"
83.41.53.50 - - [01/Sep/2010:11:39:10 +0200] "GET /content/awo-treff/awo-treff-aktuelles HTTP/1.1" 200 8216 "-" "Java/1.4.1_04"
83.41.53.50 - - [01/Sep/2010:11:39:11 +0200] "GET /content/awo-treff/awo-treff-angebote HTTP/1.1" 200 8216 "-" "Java/1.4.1_04"
83.41.53.50 - - [01/Sep/2010:11:39:12 +0200] "GET /content/awo-treff/awotreff-kontakt HTTP/1.1" 200 8216 "-" "Java/1.4.1_04"
83.41.53.50 - - [01/Sep/2010:11:39:13 +0200] "GET /content/awo-treff/awotreff-ueber-uns HTTP/1.1" 200 8216 "-" "Java/1.4.1_04"
83.41.53.50 - - [01/Sep/2010:11:39:13 +0200] "GET /content/beratungsstellen/erziehungs-und-familienberatung HTTP/1.1" 200 7938 "-" "Java/1.4.1_04"
83.41.53.50 - - [01/Sep/2010:11:39:14 +0200] "GET /content/beratungsstellen/fruehfoerder-und-beratungsstelle-barnim HTTP/1.1" 200 7938 "-" "Java/1.4.1_04"
83.41.53.50 - - [01/Sep/2010:11:39:15 +0200] "GET /content/beratungsstellen/insolvenzberatung HTTP/1.1" 200 7938 "-" "Java/1.4.1_04"
66.249.67.52 - - [01/Sep/2010:11:39:15 +0200] "GET /content/kalender/jax_calendar.php?Y=-10091&m=11&d=30&view=d1 HTTP/1.1" 200 12062 "-" "Mozilla/5.0 (compatible; Googlebot/2.1; +http://www.google.com/bot.html)"
83.41.53.50 - - [01/Sep/2010:11:39:15 +0200] "GET /content/beratungsstellen/schuldnerberatung HTTP/1.1" 200 7938 "-" "Java/1.4.1_04"
83.41.53.50 - - [01/Sep/2010:11:39:16 +0200] "GET /content/beratungsstellen/ueberregionale-fruehfoerder-und-beratungsstelle-hoeren HTTP/1.1" 200 7938 "-" "Java/1.4.1_04"
83.41.53.50 - - [01/Sep/2010:11:39:17 +0200] "GET /content/jugendarbeit/jugendarbeit HTTP/1.1" 200 12223 "-" "Java/1.4.1_04"
83.41.53.50 - - [01/Sep/2010:11:39:18 +0200] "GET /content/jugendfeiern/jugendfeiern HTTP/1.1" 200 14824 "-" "Java/1.4.1_04"
83.41.53.50 - - [01/Sep/2010:11:39:19 +0200] "GET /content/kinder-und-familienzentrum-regenbogen/erziehungs-und-familienberatung HTTP/1.1" 200 31756 "-" "Java/1.4.1_04"
83.41.53.50 - - [01/Sep/2010:11:39:20 +0200] "GET /content/kinder-und-familienzentrum-regenbogen/fruehfoerder-und-beratungsstelle-barnim HTTP/1.1" 200 31892 "-" "Java/1.4.1_04"
83.41.53.50 - - [01/Sep/2010:11:39:21 +0200] "GET /content/kinder-und-familienzentrum-regenbogen/kinder-und-familienzentrum-regenbogen HTTP/1.1" 200 31858 "-" "Java/1.4.1_04"
83.41.53.50 - - [01/Sep/2010:11:39:23 +0200] "GET /content/kindertagesstaetten/kinder-und-familienzentrum-regenbogen HTTP/1.1" 200 8043 "-" "Java/1.4.1_04"
83.41.53.50 - - [01/Sep/2010:11:39:23 +0200] "GET /content/kindertagesstaetten/kinderland HTTP/1.1" 200 8043 "-" "Java/1.4.1_04"
83.41.53.50 - - [01/Sep/2010:11:39:24 +0200] "GET /content/kindertagesstaetten/pusteblume HTTP/1.1" 200 8043 "-" "Java/1.4.1_04"
83.41.53.50 - - [01/Sep/2010:11:39:25 +0200] "GET /content/kindertagesstaetten/rappelkiste HTTP/1.1" 200 8043 "-" "Java/1.4.1_04"
83.41.53.50 - - [01/Sep/2010:11:39:26 +0200] "GET /content/kindertagesstaetten/traumland HTTP/1.1" 200 8043 "-" "Java/1.4.1_04"
83.41.53.50 - - [01/Sep/2010:11:39:26 +0200] "GET /content/kontakt-und-beratungsstelle/aktuelles HTTP/1.1" 200 17502 "-" "Java/1.4.1_04"
83.41.53.50 - - [01/Sep/2010:11:39:27 +0200] "GET /content/kontakt-und-beratungsstelle/kontakt-und-beratungsstelle HTTP/1.1" 200 17520 "-" "Java/1.4.1_04"
83.41.53.50 - - [01/Sep/2010:11:39:28 +0200] "GET /content/ortsvereine/awo-ortsverein-basdorf HTTP/1.1" 200 7881 "-" "Java/1.4.1_04"
83.41.53.50 - - [01/Sep/2010:11:39:29 +0200] "GET /content/ortsvereine/awo-ortsverein-bernau HTTP/1.1" 200 7881 "-" "Java/1.4.1_04"
83.41.53.50 - - [01/Sep/2010:11:39:30 +0200] "GET /content/ortsvereine/awo-ortsverein-bernau-waldsiedlung HTTP/1.1" 200 7881 "-" "Java/1.4.1_04"
83.41.53.50 - - [01/Sep/2010:11:39:31 +0200] "GET /content/ortsvereine/awo-ortsverein-gross-schoenebeck HTTP/1.1" 200 7881 "-" "Java/1.4.1_04"
87.187.152.101 - - [01/Sep/2010:11:41:05 +0200] "GET / HTTP/1.1" 302 - "-" "Mozilla/4.0 (compatible; MSIE 8.0; Windows NT 5.1; Trident/4.0; .NET CLR 2.0.50727; .NET CLR 3.0.4506.2152; .NET CLR 3.5.30729; InfoPath.2)"
87.187.152.101 - - [01/Sep/2010:11:41:06 +0200] "GET /content/aktuelles/ HTTP/1.1" 200 9028 "-" "Mozilla/4.0 (compatible; MSIE 8.0; Windows NT 5.1; Trident/4.0; .NET CLR 2.0.50727; .NET CLR 3.0.4506.2152; .NET CLR 3.5.30729; InfoPath.2)"
87.187.152.101 - - [01/Sep/2010:11:41:06 +0200] "GET /content/themes/blackcandy/css/layout.css?m=1281258825 HTTP/1.1" 200 9945 "http://www.awo-kv-bernau.de/content/aktuelles/" "Mozilla/4.0 (compatible; MSIE 8.0; Windows NT 5.1; Trident/4.0; .NET CLR 2.0.50727; .NET CLR 3.0.4506.2152; .NET CLR 3.5.30729; InfoPath.2)"
87.187.152.101 - - [01/Sep/2010:11:41:06 +0200] "GET /content/themes/blackcandy/css/typography.css?m=1281262824 HTTP/1.1" 200 5090 "http://www.awo-kv-bernau.de/content/aktuelles/" "Mozilla/4.0 (compatible; MSIE 8.0; Windows NT 5.1; Trident/4.0; .NET CLR 2.0.50727; .NET CLR 3.0.4506.2152; .NET CLR 3.5.30729; InfoPath.2)"
87.187.152.101 - - [01/Sep/2010:11:41:06 +0200] "GET /content/assets/Aktuelles/aktuelles160710.jpg HTTP/1.1" 200 17303 "http://www.awo-kv-bernau.de/content/aktuelles/" "Mozilla/4.0 (compatible; MSIE 8.0; Windows NT 5.1; Trident/4.0; .NET CLR 2.0.50727; .NET CLR 3.0.4506.2152; .NET CLR 3.5.30729; InfoPath.2)"
87.187.152.101 - - [01/Sep/2010:11:41:06 +0200] "GET /content/assets/Aktuelles/awologo.jpg HTTP/1.1" 200 2292 "http://www.awo-kv-bernau.de/content/aktuelles/" "Mozilla/4.0 (compatible; MSIE 8.0; Windows NT 5.1; Trident/4.0; .NET CLR 2.0.50727; .NET CLR 3.0.4506.2152; .NET CLR 3.5.30729; InfoPath.2)"
87.187.152.101 - - [01/Sep/2010:11:41:06 +0200] "GET /content/themes/blackcandy/css/form.css?m=1277278133 HTTP/1.1" 200 1856 "http://www.awo-kv-bernau.de/content/aktuelles/" "Mozilla/4.0 (compatible; MSIE 8.0; Windows NT 5.1; Trident/4.0; .NET CLR 2.0.50727; .NET CLR 3.0.4506.2152; .NET CLR 3.5.30729; InfoPath.2)"
87.187.152.101 - - [01/Sep/2010:11:41:06 +0200] "GET /content/assets/Aktuelles/aktuelles140810.jpg HTTP/1.1" 200 20737 "http://www.awo-kv-bernau.de/content/aktuelles/" "Mozilla/4.0 (compatible; MSIE 8.0; Windows NT 5.1; Trident/4.0; .NET CLR 2.0.50727; .NET CLR 3.0.4506.2152; .NET CLR 3.5.30729; InfoPath.2)"
87.187.152.101 - - [01/Sep/2010:11:41:06 +0200] "GET /content/themes/blackcandy/images/headerRounded.png HTTP/1.1" 200 763 "http://www.awo-kv-bernau.de/content/aktuelles/" "Mozilla/4.0 (compatible; MSIE 8.0; Windows NT 5.1; Trident/4.0; .NET CLR 2.0.50727; .NET CLR 3.0.4506.2152; .NET CLR 3.5.30729; InfoPath.2)"
87.187.152.101 - - [01/Sep/2010:11:41:06 +0200] "GET /content/themes/blackcandy/images/activeTabLeft.png HTTP/1.1" 200 433 "http://www.awo-kv-bernau.de/content/aktuelles/" "Mozilla/4.0 (compatible; MSIE 8.0; Windows NT 5.1; Trident/4.0; .NET CLR 2.0.50727; .NET CLR 3.0.4506.2152; .NET CLR 3.5.30729; InfoPath.2)"
87.187.152.101 - - [01/Sep/2010:11:41:07 +0200] "GET /content/themes/blackcandy/images/activeTabRight.png HTTP/1.1" 200 433 "http://www.awo-kv-bernau.de/content/aktuelles/" "Mozilla/4.0 (compatible; MSIE 8.0; Windows NT 5.1; Trident/4.0; .NET CLR 2.0.50727; .NET CLR 3.0.4506.2152; .NET CLR 3.5.30729; InfoPath.2)"
87.187.152.101 - - [01/Sep/2010:11:41:07 +0200] "GET /content/themes/blackcandy/images/herz.png HTTP/1.1" 200 344 "http://www.awo-kv-bernau.de/content/aktuelles/" "Mozilla/4.0 (compatible; MSIE 8.0; Windows NT 5.1; Trident/4.0; .NET CLR 2.0.50727; .NET CLR 3.0.4506.2152; .NET CLR 3.5.30729; InfoPath.2)"
87.187.152.101 - - [01/Sep/2010:11:41:07 +0200] "GET /content/themes/blackcandy/images/footer.png HTTP/1.1" 200 884 "http://www.awo-kv-bernau.de/content/aktuelles/" "Mozilla/4.0 (compatible; MSIE 8.0; Windows NT 5.1; Trident/4.0; .NET CLR 2.0.50727; .NET CLR 3.0.4506.2152; .NET CLR 3.5.30729; InfoPath.2)"
87.187.152.101 - - [01/Sep/2010:11:41:06 +0200] "GET /content/assets/Aktuelles/aktuelles110810.jpg HTTP/1.1" 200 73350 "http://www.awo-kv-bernau.de/content/aktuelles/" "Mozilla/4.0 (compatible; MSIE 8.0; Windows NT 5.1; Trident/4.0; .NET CLR 2.0.50727; .NET CLR 3.0.4506.2152; .NET CLR 3.5.30729; InfoPath.2)"
87.187.152.101 - - [01/Sep/2010:11:41:06 +0200] "GET /content/themes/blackcandy/images/header.jpg HTTP/1.1" 200 45038 "http://www.awo-kv-bernau.de/content/aktuelles/" "Mozilla/4.0 (compatible; MSIE 8.0; Windows NT 5.1; Trident/4.0; .NET CLR 2.0.50727; .NET CLR 3.0.4506.2152; .NET CLR 3.5.30729; InfoPath.2)"
87.187.152.101 - - [01/Sep/2010:11:41:07 +0200] "GET /content/themes/blackcandy/images/subheader.jpg HTTP/1.1" 200 52576 "http://www.awo-kv-bernau.de/content/aktuelles/" "Mozilla/4.0 (compatible; MSIE 8.0; Windows NT 5.1; Trident/4.0; .NET CLR 2.0.50727; .NET CLR 3.0.4506.2152; .NET CLR 3.5.30729; InfoPath.2)"
87.187.152.101 - - [01/Sep/2010:11:41:07 +0200] "GET /favicon.ico HTTP/1.1" 404 1256 "-" "Mozilla/4.0 (compatible; MSIE 8.0; Windows NT 5.1; Trident/4.0; .NET CLR 2.0.50727; .NET CLR 3.0.4506.2152; .NET CLR 3.5.30729; InfoPath.2)"
84.190.78.19 - - [01/Sep/2010:11:42:32 +0200] "GET / HTTP/1.1" 302 - "http://www.google.de/search?q=awo+bernau&rls=com.microsoft:de:IE-SearchBox&ie=UTF-8&oe=UTF-8&sourceid=ie7&rlz=1I7SUNA_de" "Mozilla/4.0 (compatible; MSIE 8.0; Windows NT 5.1; Trident/4.0; GTB6.5; .NET CLR 2.0.50727; .NET CLR 1.1.4322; .NET CLR 3.0.04506.30; .NET CLR 3.0.4506.2152; .NET CLR 3.5.30729)"
84.190.78.19 - - [01/Sep/2010:11:42:32 +0200] "GET /content/aktuelles/ HTTP/1.1" 200 9028 "http://www.google.de/search?q=awo+bernau&rls=com.microsoft:de:IE-SearchBox&ie=UTF-8&oe=UTF-8&sourceid=ie7&rlz=1I7SUNA_de" "Mozilla/4.0 (compatible; MSIE 8.0; Windows NT 5.1; Trident/4.0; GTB6.5; .NET CLR 2.0.50727; .NET CLR 1.1.4322; .NET CLR 3.0.04506.30; .NET CLR 3.0.4506.2152; .NET CLR 3.5.30729)"
84.190.78.19 - - [01/Sep/2010:11:42:33 +0200] "GET /content/themes/blackcandy/css/layout.css?m=1281258825 HTTP/1.1" 200 9945 "http://www.awo-kv-bernau.de/content/aktuelles/" "Mozilla/4.0 (compatible; MSIE 8.0; Windows NT 5.1; Trident/4.0; GTB6.5; .NET CLR 2.0.50727; .NET CLR 1.1.4322; .NET CLR 3.0.04506.30; .NET CLR 3.0.4506.2152; .NET CLR 3.5.30729)"
84.190.78.19 - - [01/Sep/2010:11:42:33 +0200] "GET /content/themes/blackcandy/css/typography.css?m=1281262824 HTTP/1.1" 200 5090 "http://www.awo-kv-bernau.de/content/aktuelles/" "Mozilla/4.0 (compatible; MSIE 8.0; Windows NT 5.1; Trident/4.0; GTB6.5; .NET CLR 2.0.50727; .NET CLR 1.1.4322; .NET CLR 3.0.04506.30; .NET CLR 3.0.4506.2152; .NET CLR 3.5.30729)"
84.190.78.19 - - [01/Sep/2010:11:42:33 +0200] "GET /content/assets/Aktuelles/aktuelles160710.jpg HTTP/1.1" 200 17303 "http://www.awo-kv-bernau.de/content/aktuelles/" "Mozilla/4.0 (compatible; MSIE 8.0; Windows NT 5.1; Trident/4.0; GTB6.5; .NET CLR 2.0.50727; .NET CLR 1.1.4322; .NET CLR 3.0.04506.30; .NET CLR 3.0.4506.2152; .NET CLR 3.5.30729)"
84.190.78.19 - - [01/Sep/2010:11:42:33 +0200] "GET /content/themes/blackcandy/css/form.css?m=1277278133 HTTP/1.1" 200 1856 "http://www.awo-kv-bernau.de/content/aktuelles/" "Mozilla/4.0 (compatible; MSIE 8.0; Windows NT 5.1; Trident/4.0; GTB6.5; .NET CLR 2.0.50727; .NET CLR 1.1.4322; .NET CLR 3.0.04506.30; .NET CLR 3.0.4506.2152; .NET CLR 3.5.30729)"
84.190.78.19 - - [01/Sep/2010:11:42:33 +0200] "GET /content/assets/Aktuelles/awologo.jpg HTTP/1.1" 200 2292 "http://www.awo-kv-bernau.de/content/aktuelles/" "Mozilla/4.0 (compatible; MSIE 8.0; Windows NT 5.1; Trident/4.0; GTB6.5; .NET CLR 2.0.50727; .NET CLR 1.1.4322; .NET CLR 3.0.04506.30; .NET CLR 3.0.4506.2152; .NET CLR 3.5.30729)"
84.190.78.19 - - [01/Sep/2010:11:42:33 +0200] "GET /content/assets/Aktuelles/aktuelles140810.jpg HTTP/1.1" 200 20737 "http://www.awo-kv-bernau.de/content/aktuelles/" "Mozilla/4.0 (compatible; MSIE 8.0; Windows NT 5.1; Trident/4.0; GTB6.5; .NET CLR 2.0.50727; .NET CLR 1.1.4322; .NET CLR 3.0.04506.30; .NET CLR 3.0.4506.2152; .NET CLR 3.5.30729)"
84.190.78.19 - - [01/Sep/2010:11:42:33 +0200] "GET /content/themes/blackcandy/images/headerRounded.png HTTP/1.1" 200 763 "http://www.awo-kv-bernau.de/content/aktuelles/" "Mozilla/4.0 (compatible; MSIE 8.0; Windows NT 5.1; Trident/4.0; GTB6.5; .NET CLR 2.0.50727; .NET CLR 1.1.4322; .NET CLR 3.0.04506.30; .NET CLR 3.0.4506.2152; .NET CLR 3.5.30729)"
84.190.78.19 - - [01/Sep/2010:11:42:33 +0200] "GET /content/themes/blackcandy/images/header.jpg HTTP/1.1" 200 45038 "http://www.awo-kv-bernau.de/content/aktuelles/" "Mozilla/4.0 (compatible; MSIE 8.0; Windows NT 5.1; Trident/4.0; GTB6.5; .NET CLR 2.0.50727; .NET CLR 1.1.4322; .NET CLR 3.0.04506.30; .NET CLR 3.0.4506.2152; .NET CLR 3.5.30729)"
84.190.78.19 - - [01/Sep/2010:11:42:33 +0200] "GET /content/themes/blackcandy/images/activeTabLeft.png HTTP/1.1" 200 433 "http://www.awo-kv-bernau.de/content/aktuelles/" "Mozilla/4.0 (compatible; MSIE 8.0; Windows NT 5.1; Trident/4.0; GTB6.5; .NET CLR 2.0.50727; .NET CLR 1.1.4322; .NET CLR 3.0.04506.30; .NET CLR 3.0.4506.2152; .NET CLR 3.5.30729)"
84.190.78.19 - - [01/Sep/2010:11:42:33 +0200] "GET /content/themes/blackcandy/images/activeTabRight.png HTTP/1.1" 200 433 "http://www.awo-kv-bernau.de/content/aktuelles/" "Mozilla/4.0 (compatible; MSIE 8.0; Windows NT 5.1; Trident/4.0; GTB6.5; .NET CLR 2.0.50727; .NET CLR 1.1.4322; .NET CLR 3.0.04506.30; .NET CLR 3.0.4506.2152; .NET CLR 3.5.30729)"
84.190.78.19 - - [01/Sep/2010:11:42:33 +0200] "GET /content/themes/blackcandy/images/subheader.jpg HTTP/1.1" 200 52576 "http://www.awo-kv-bernau.de/content/aktuelles/" "Mozilla/4.0 (compatible; MSIE 8.0; Windows NT 5.1; Trident/4.0; GTB6.5; .NET CLR 2.0.50727; .NET CLR 1.1.4322; .NET CLR 3.0.04506.30; .NET CLR 3.0.4506.2152; .NET CLR 3.5.30729)"
84.190.78.19 - - [01/Sep/2010:11:42:33 +0200] "GET /content/themes/blackcandy/images/herz.png HTTP/1.1" 200 344 "http://www.awo-kv-bernau.de/content/aktuelles/" "Mozilla/4.0 (compatible; MSIE 8.0; Windows NT 5.1; Trident/4.0; GTB6.5; .NET CLR 2.0.50727; .NET CLR 1.1.4322; .NET CLR 3.0.04506.30; .NET CLR 3.0.4506.2152; .NET CLR 3.5.30729)"
84.190.78.19 - - [01/Sep/2010:11:42:33 +0200] "GET /content/themes/blackcandy/images/footer.png HTTP/1.1" 200 884 "http://www.awo-kv-bernau.de/content/aktuelles/" "Mozilla/4.0 (compatible; MSIE 8.0; Windows NT 5.1; Trident/4.0; GTB6.5; .NET CLR 2.0.50727; .NET CLR 1.1.4322; .NET CLR 3.0.04506.30; .NET CLR 3.0.4506.2152; .NET CLR 3.5.30729)"
84.190.78.19 - - [01/Sep/2010:11:42:33 +0200] "GET /content/assets/Aktuelles/aktuelles110810.jpg HTTP/1.1" 200 73350 "http://www.awo-kv-bernau.de/content/aktuelles/" "Mozilla/4.0 (compatible; MSIE 8.0; Windows NT 5.1; Trident/4.0; GTB6.5; .NET CLR 2.0.50727; .NET CLR 1.1.4322; .NET CLR 3.0.04506.30; .NET CLR 3.0.4506.2152; .NET CLR 3.5.30729)"
84.190.78.19 - - [01/Sep/2010:11:42:33 +0200] "GET /favicon.ico HTTP/1.1" 404 1256 "-" "Mozilla/4.0 (compatible; MSIE 8.0; Windows NT 5.1; Trident/4.0; GTB6.5; .NET CLR 2.0.50727; .NET CLR 1.1.4322; .NET CLR 3.0.04506.30; .NET CLR 3.0.4506.2152; .NET CLR 3.5.30729)"
84.190.78.19 - - [01/Sep/2010:11:42:42 +0200] "GET /content/themes/blackcandy/images/hoverTabLeft.png HTTP/1.1" 200 400 "http://www.awo-kv-bernau.de/content/aktuelles/" "Mozilla/4.0 (compatible; MSIE 8.0; Windows NT 5.1; Trident/4.0; GTB6.5; .NET CLR 2.0.50727; .NET CLR 1.1.4322; .NET CLR 3.0.04506.30; .NET CLR 3.0.4506.2152; .NET CLR 3.5.30729)"
84.190.78.19 - - [01/Sep/2010:11:42:42 +0200] "GET /content/themes/blackcandy/images/hoverTabRight.png HTTP/1.1" 200 429 "http://www.awo-kv-bernau.de/content/aktuelles/" "Mozilla/4.0 (compatible; MSIE 8.0; Windows NT 5.1; Trident/4.0; GTB6.5; .NET CLR 2.0.50727; .NET CLR 1.1.4322; .NET CLR 3.0.04506.30; .NET CLR 3.0.4506.2152; .NET CLR 3.5.30729)"
66.249.67.52 - - [01/Sep/2010:11:42:43 +0200] "GET /content/kalender/jax_calendar.php?Y=1583&m=5&d=35&view=d1 HTTP/1.1" 200 11802 "-" "Mozilla/5.0 (compatible; Googlebot/2.1; +http://www.google.com/bot.html)"
84.190.78.19 - - [01/Sep/2010:11:42:44 +0200] "GET /content/kontakt-impressum/ HTTP/1.1" 200 14542 "http://www.awo-kv-bernau.de/content/aktuelles/" "Mozilla/4.0 (compatible; MSIE 8.0; Windows NT 5.1; Trident/4.0; GTB6.5; .NET CLR 2.0.50727; .NET CLR 1.1.4322; .NET CLR 3.0.04506.30; .NET CLR 3.0.4506.2152; .NET CLR 3.5.30729)"
84.190.78.19 - - [01/Sep/2010:11:42:45 +0200] "GET /favicon.ico HTTP/1.1" 404 1256 "-" "Mozilla/4.0 (compatible; MSIE 8.0; Windows NT 5.1; Trident/4.0; GTB6.5; .NET CLR 2.0.50727; .NET CLR 1.1.4322; .NET CLR 3.0.04506.30; .NET CLR 3.0.4506.2152; .NET CLR 3.5.30729)"
66.249.67.52 - - [01/Sep/2010:11:44:42 +0200] "GET /content/kalender/jax_calendar.php?Y=3033&m=6&d=14&cal_id=0&language=german&gmt_ofs=-1&view=d1 HTTP/1.1" 200 11703 "-" "Mozilla/5.0 (compatible; Googlebot/2.1; +http://www.google.com/bot.html)"
89.196.46.176 - - [01/Sep/2010:11:44:53 +0200] "GET /content/awo-treff-angebote/ HTTP/1.1" 200 12642 "http://www.google.de/url?sa=t&source=web&cd=5&ved=0CCoQFjAE&url=http%3A%2F%2Fwww.awo-kv-bernau.de%2Fcontent%2Fawo-treff-angebote%2F&rct=j&q=seniorensport%20in%20bernau&ei=cyB-TKHnMtCVswaM74GWCQ&usg=AFQjCNGzdlxiLs7UZdXvhyIylfGjmF6Kmw" "Mozilla/4.0 (compatible; MSIE 8.0; Windows NT 6.0; Trident/4.0; GTB6.5; SLCC1; .NET CLR 2.0.50727; .NET CLR 3.5.30729; .NET CLR 3.0.30729; .NET4.0C)"
89.196.46.176 - - [01/Sep/2010:11:44:54 +0200] "GET /content/themes/blackcandy/css/typography.css?m=1281262824 HTTP/1.1" 200 5090 "http://www.awo-kv-bernau.de/content/awo-treff-angebote/" "Mozilla/4.0 (compatible; MSIE 8.0; Windows NT 6.0; Trident/4.0; GTB6.5; SLCC1; .NET CLR 2.0.50727; .NET CLR 3.5.30729; .NET CLR 3.0.30729; .NET4.0C)"
89.196.46.176 - - [01/Sep/2010:11:44:54 +0200] "GET /content/themes/blackcandy/css/layout.css?m=1281258825 HTTP/1.1" 200 9945 "http://www.awo-kv-bernau.de/content/awo-treff-angebote/" "Mozilla/4.0 (compatible; MSIE 8.0; Windows NT 6.0; Trident/4.0; GTB6.5; SLCC1; .NET CLR 2.0.50727; .NET CLR 3.5.30729; .NET CLR 3.0.30729; .NET4.0C)"
89.196.46.176 - - [01/Sep/2010:11:44:54 +0200] "GET /content/themes/blackcandy/css/form.css?m=1277278133 HTTP/1.1" 200 1856 "http://www.awo-kv-bernau.de/content/awo-treff-angebote/" "Mozilla/4.0 (compatible; MSIE 8.0; Windows NT 6.0; Trident/4.0; GTB6.5; SLCC1; .NET CLR 2.0.50727; .NET CLR 3.5.30729; .NET CLR 3.0.30729; .NET4.0C)"
89.196.46.176 - - [01/Sep/2010:11:44:54 +0200] "GET /content/assets/Awo-Treff/mittag.jpg HTTP/1.1" 200 13071 "http://www.awo-kv-bernau.de/content/awo-treff-angebote/" "Mozilla/4.0 (compatible; MSIE 8.0; Windows NT 6.0; Trident/4.0; GTB6.5; SLCC1; .NET CLR 2.0.50727; .NET CLR 3.5.30729; .NET CLR 3.0.30729; .NET4.0C)"
89.196.46.176 - - [01/Sep/2010:11:44:54 +0200] "GET /content/assets/Awo-Treff/_resampled/ResizedImage300225-Spiele.jpg HTTP/1.1" 200 13350 "http://www.awo-kv-bernau.de/content/awo-treff-angebote/" "Mozilla/4.0 (compatible; MSIE 8.0; Windows NT 6.0; Trident/4.0; GTB6.5; SLCC1; .NET CLR 2.0.50727; .NET CLR 3.5.30729; .NET CLR 3.0.30729; .NET4.0C)"
89.196.46.176 - - [01/Sep/2010:11:44:54 +0200] "GET /content/assets/Awo-Treff/_resampled/ResizedImage300225-Sport.jpg HTTP/1.1" 200 13858 "http://www.awo-kv-bernau.de/content/awo-treff-angebote/" "Mozilla/4.0 (compatible; MSIE 8.0; Windows NT 6.0; Trident/4.0; GTB6.5; SLCC1; .NET CLR 2.0.50727; .NET CLR 3.5.30729; .NET CLR 3.0.30729; .NET4.0C)"
89.196.46.176 - - [01/Sep/2010:11:44:54 +0200] "GET /content/assets/Awo-Treff/_resampled/ResizedImage300225-Tanz.jpg HTTP/1.1" 200 14066 "http://www.awo-kv-bernau.de/content/awo-treff-angebote/" "Mozilla/4.0 (compatible; MSIE 8.0; Windows NT 6.0; Trident/4.0; GTB6.5; SLCC1; .NET CLR 2.0.50727; .NET CLR 3.5.30729; .NET CLR 3.0.30729; .NET4.0C)"
89.196.46.176 - - [01/Sep/2010:11:44:54 +0200] "GET /content/assets/Awo-Treff/_resampled/ResizedImage300225-Bildung.jpg HTTP/1.1" 200 13637 "http://www.awo-kv-bernau.de/content/awo-treff-angebote/" "Mozilla/4.0 (compatible; MSIE 8.0; Windows NT 6.0; Trident/4.0; GTB6.5; SLCC1; .NET CLR 2.0.50727; .NET CLR 3.5.30729; .NET CLR 3.0.30729; .NET4.0C)"
89.196.46.176 - - [01/Sep/2010:11:44:54 +0200] "GET /content/assets/Awo-Treff/_resampled/ResizedImage300225-Kunst.jpg HTTP/1.1" 200 16139 "http://www.awo-kv-bernau.de/content/awo-treff-angebote/" "Mozilla/4.0 (compatible; MSIE 8.0; Windows NT 6.0; Trident/4.0; GTB6.5; SLCC1; .NET CLR 2.0.50727; .NET CLR 3.5.30729; .NET CLR 3.0.30729; .NET4.0C)"
