84.189.139.104 - - [01/Sep/2010:12:49:28 +0200] "GET /content/assets/Kitas/Rappelkiste/rap2.jpg HTTP/1.1" 200 90147 "http://www.awo-kv-bernau.de/content/rappelkiste/" "Mozilla/4.0 (compatible; MSIE 8.0; Windows NT 6.1; WOW64; Trident/4.0; SLCC2; .NET CLR 2.0.50727; .NET CLR 3.5.30729; .NET CLR 3.0.30729; Media Center PC 6.0; eSobiSubscriber 2.0.4.16)"
84.189.139.104 - - [01/Sep/2010:12:49:30 +0200] "GET /content/assets/Kitas/Rappelkiste/rappelkiste3.jpg HTTP/1.1" 200 71987 "http://www.awo-kv-bernau.de/content/rappelkiste/" "Mozilla/4.0 (compatible; MSIE 8.0; Windows NT 6.1; WOW64; Trident/4.0; SLCC2; .NET CLR 2.0.50727; .NET CLR 3.5.30729; .NET CLR 3.0.30729; Media Center PC 6.0; eSobiSubscriber 2.0.4.16)"
84.189.139.104 - - [01/Sep/2010:12:49:31 +0200] "GET /content/assets/Kitas/Rappelkiste/rappelkiste5.jpg HTTP/1.1" 200 59895 "http://www.awo-kv-bernau.de/content/rappelkiste/" "Mozilla/4.0 (compatible; MSIE 8.0; Windows NT 6.1; WOW64; Trident/4.0; SLCC2; .NET CLR 2.0.50727; .NET CLR 3.5.30729; .NET CLR 3.0.30729; Media Center PC 6.0; eSobiSubscriber 2.0.4.16)"
84.189.139.104 - - [01/Sep/2010:12:49:31 +0200] "GET /content/assets/Kitas/Rappelkiste/rappelkiste6.jpg HTTP/1.1" 200 47021 "http://www.awo-kv-bernau.de/content/rappelkiste/" "Mozilla/4.0 (compatible; MSIE 8.0; Windows NT 6.1; WOW64; Trident/4.0; SLCC2; .NET CLR 2.0.50727; .NET CLR 3.5.30729; .NET CLR 3.0.30729; Media Center PC 6.0; eSobiSubscriber 2.0.4.16)"
66.249.67.52 - - [01/Sep/2010:12:50:44 +0200] "GET /content/kalender/jax_calendar.php?Y=-10105&m=9&d=1&cal_id=0&language=english&gmt_ofs=0&view=d1 HTTP/1.1" 200 11800 "-" "Mozilla/5.0 (compatible; Googlebot/2.1; +http://www.google.com/bot.html)"
84.189.139.104 - - [01/Sep/2010:12:50:46 +0200] "GET /content/kinderland/ HTTP/1.1" 200 20474 "http://www.awo-kv-bernau.de/content/kindertagesstaetten/" "Mozilla/4.0 (compatible; MSIE 8.0; Windows NT 6.1; WOW64; Trident/4.0; SLCC2; .NET CLR 2.0.50727; .NET CLR 3.5.30729; .NET CLR 3.0.30729; Media Center PC 6.0; eSobiSubscriber 2.0.4.16)"
84.189.139.104 - - [01/Sep/2010:12:50:57 +0200] "GET /content/rappelkiste/ HTTP/1.1" 200 18477 "http://www.awo-kv-bernau.de/content/kinderland/" "Mozilla/4.0 (compatible; MSIE 8.0; Windows NT 6.1; WOW64; Trident/4.0; SLCC2; .NET CLR 2.0.50727; .NET CLR 3.5.30729; .NET CLR 3.0.30729; Media Center PC 6.0; eSobiSubscriber 2.0.4.16)"
84.189.139.104 - - [01/Sep/2010:12:51:12 +0200] "GET /content/kinderland/ HTTP/1.1" 200 20474 "http://www.awo-kv-bernau.de/content/rappelkiste/" "Mozilla/4.0 (compatible; MSIE 8.0; Windows NT 6.1; WOW64; Trident/4.0; SLCC2; .NET CLR 2.0.50727; .NET CLR 3.5.30729; .NET CLR 3.0.30729; Media Center PC 6.0; eSobiSubscriber 2.0.4.16)"
66.249.67.52 - - [01/Sep/2010:12:53:36 +0200] "GET /content/kalender/jax_calendar.php?Y=-9907&m=7&d=5&cal_id=0&language=german&gmt_ofs=-1&view=d1 HTTP/1.1" 200 11763 "-" "Mozilla/5.0 (compatible; Googlebot/2.1; +http://www.google.com/bot.html)"
67.195.115.117 - - [01/Sep/2010:12:54:07 +0200] "GET /content/vorstand/ HTTP/1.0" 200 9356 "-" "Mozilla/5.0 (compatible; Yahoo! Slurp/3.0; http://help.yahoo.com/help/us/ysearch/slurp)"
207.46.195.242 - - [01/Sep/2010:12:54:35 +0200] "GET /content/kalender/jax_calendar.php?Y=2010&m=7&d=27&cal_id=0&language=german&gmt_ofs=-1&view=d30 HTTP/1.1" 200 34941 "-" "msnbot/2.0b (+http://search.msn.com/msnbot.htm)"
66.249.67.52 - - [01/Sep/2010:12:56:30 +0200] "GET /content/kalender/jax_calendar.php?Y=3034&m=10&d=14&cal_id=0&language=german&gmt_ofs=-1&view=d1 HTTP/1.1" 200 11768 "-" "Mozilla/5.0 (compatible; Googlebot/2.1; +http://www.google.com/bot.html)"
79.193.188.65 - - [01/Sep/2010:12:58:00 +0200] "GET /content/traumland/ HTTP/1.1" 200 18574 "http://www.google.de/search?hl=de&safe=off&q=awo+kita+bernau&aq=f&aqi=g1&aql=&oq=&gs_rfai=" "Mozilla/4.0 (compatible; MSIE 8.0; Windows NT 5.1; Trident/4.0; .NET CLR 2.0.50727; .NET CLR 3.0.4506.2152; .NET CLR 3.5.30729)"
79.193.188.65 - - [01/Sep/2010:12:58:01 +0200] "GET /content/themes/blackcandy/css/layout.css?m=1281258825 HTTP/1.1" 200 9945 "http://www.awo-kv-bernau.de/content/traumland/" "Mozilla/4.0 (compatible; MSIE 8.0; Windows NT 5.1; Trident/4.0; .NET CLR 2.0.50727; .NET CLR 3.0.4506.2152; .NET CLR 3.5.30729)"
79.193.188.65 - - [01/Sep/2010:12:58:01 +0200] "GET /content/themes/blackcandy/css/typography.css?m=1281262824 HTTP/1.1" 200 5090 "http://www.awo-kv-bernau.de/content/traumland/" "Mozilla/4.0 (compatible; MSIE 8.0; Windows NT 5.1; Trident/4.0; .NET CLR 2.0.50727; .NET CLR 3.0.4506.2152; .NET CLR 3.5.30729)"
79.193.188.65 - - [01/Sep/2010:12:58:01 +0200] "GET /content/themes/blackcandy/css/form.css?m=1277278133 HTTP/1.1" 200 1856 "http://www.awo-kv-bernau.de/content/traumland/" "Mozilla/4.0 (compatible; MSIE 8.0; Windows NT 5.1; Trident/4.0; .NET CLR 2.0.50727; .NET CLR 3.0.4506.2152; .NET CLR 3.5.30729)"
79.193.188.65 - - [01/Sep/2010:12:58:01 +0200] "GET /content/assets/Kitas/Traumland/traumland1.jpg HTTP/1.1" 200 51722 "http://www.awo-kv-bernau.de/content/traumland/" "Mozilla/4.0 (compatible; MSIE 8.0; Windows NT 5.1; Trident/4.0; .NET CLR 2.0.50727; .NET CLR 3.0.4506.2152; .NET CLR 3.5.30729)"
79.193.188.65 - - [01/Sep/2010:12:58:01 +0200] "GET /content/assets/Kitas/Traumland/logo.jpg HTTP/1.1" 200 65028 "http://www.awo-kv-bernau.de/content/traumland/" "Mozilla/4.0 (compatible; MSIE 8.0; Windows NT 5.1; Trident/4.0; .NET CLR 2.0.50727; .NET CLR 3.0.4506.2152; .NET CLR 3.5.30729)"
79.193.188.65 - - [01/Sep/2010:12:58:01 +0200] "GET /content/assets/Kitas/Traumland/traumlandleiter.jpg HTTP/1.1" 200 15600 "http://www.awo-kv-bernau.de/content/traumland/" "Mozilla/4.0 (compatible; MSIE 8.0; Windows NT 5.1; Trident/4.0; .NET CLR 2.0.50727; .NET CLR 3.0.4506.2152; .NET CLR 3.5.30729)"
79.193.188.65 - - [01/Sep/2010:12:58:01 +0200] "GET /content/assets/Kitas/Traumland/traumland2.jpg HTTP/1.1" 200 60792 "http://www.awo-kv-bernau.de/content/traumland/" "Mozilla/4.0 (compatible; MSIE 8.0; Windows NT 5.1; Trident/4.0; .NET CLR 2.0.50727; .NET CLR 3.0.4506.2152; .NET CLR 3.5.30729)"
79.193.188.65 - - [01/Sep/2010:12:58:01 +0200] "GET /content/assets/Kitas/Traumland/traumland4.jpg HTTP/1.1" 200 49487 "http://www.awo-kv-bernau.de/content/traumland/" "Mozilla/4.0 (compatible; MSIE 8.0; Windows NT 5.1; Trident/4.0; .NET CLR 2.0.50727; .NET CLR 3.0.4506.2152; .NET CLR 3.5.30729)"
79.193.188.65 - - [01/Sep/2010:12:58:01 +0200] "GET /content/themes/blackcandy/images/headerRounded.png HTTP/1.1" 200 763 "http://www.awo-kv-bernau.de/content/traumland/" "Mozilla/4.0 (compatible; MSIE 8.0; Windows NT 5.1; Trident/4.0; .NET CLR 2.0.50727; .NET CLR 3.0.4506.2152; .NET CLR 3.5.30729)"
79.193.188.65 - - [01/Sep/2010:12:58:02 +0200] "GET /content/themes/blackcandy/images/header.jpg HTTP/1.1" 200 45038 "http://www.awo-kv-bernau.de/content/traumland/" "Mozilla/4.0 (compatible; MSIE 8.0; Windows NT 5.1; Trident/4.0; .NET CLR 2.0.50727; .NET CLR 3.0.4506.2152; .NET CLR 3.5.30729)"
79.193.188.65 - - [01/Sep/2010:12:58:01 +0200] "GET /content/assets/Kitas/Traumland/traumland0.jpg HTTP/1.1" 200 96611 "http://www.awo-kv-bernau.de/content/traumland/" "Mozilla/4.0 (compatible; MSIE 8.0; Windows NT 5.1; Trident/4.0; .NET CLR 2.0.50727; .NET CLR 3.0.4506.2152; .NET CLR 3.5.30729)"
79.193.188.65 - - [01/Sep/2010:12:58:03 +0200] "GET /content/assets/Kitas/Traumland/traumland5.jpg HTTP/1.1" 200 53971 "http://www.awo-kv-bernau.de/content/traumland/" "Mozilla/4.0 (compatible; MSIE 8.0; Windows NT 5.1; Trident/4.0; .NET CLR 2.0.50727; .NET CLR 3.0.4506.2152; .NET CLR 3.5.30729)"
79.193.188.65 - - [01/Sep/2010:12:58:03 +0200] "GET /content/themes/blackcandy/images/activeTabLeft.png HTTP/1.1" 200 433 "http://www.awo-kv-bernau.de/content/traumland/" "Mozilla/4.0 (compatible; MSIE 8.0; Windows NT 5.1; Trident/4.0; .NET CLR 2.0.50727; .NET CLR 3.0.4506.2152; .NET CLR 3.5.30729)"
79.193.188.65 - - [01/Sep/2010:12:58:03 +0200] "GET /content/themes/blackcandy/images/activeTabRight.png HTTP/1.1" 200 433 "http://www.awo-kv-bernau.de/content/traumland/" "Mozilla/4.0 (compatible; MSIE 8.0; Windows NT 5.1; Trident/4.0; .NET CLR 2.0.50727; .NET CLR 3.0.4506.2152; .NET CLR 3.5.30729)"
79.193.188.65 - - [01/Sep/2010:12:58:03 +0200] "GET /content/themes/blackcandy/images/subheader.jpg HTTP/1.1" 200 52576 "http://www.awo-kv-bernau.de/content/traumland/" "Mozilla/4.0 (compatible; MSIE 8.0; Windows NT 5.1; Trident/4.0; .NET CLR 2.0.50727; .NET CLR 3.0.4506.2152; .NET CLR 3.5.30729)"
79.193.188.65 - - [01/Sep/2010:12:58:04 +0200] "GET /content/themes/blackcandy/images/herz.png HTTP/1.1" 200 344 "http://www.awo-kv-bernau.de/content/traumland/" "Mozilla/4.0 (compatible; MSIE 8.0; Windows NT 5.1; Trident/4.0; .NET CLR 2.0.50727; .NET CLR 3.0.4506.2152; .NET CLR 3.5.30729)"
79.193.188.65 - - [01/Sep/2010:12:58:04 +0200] "GET /content/themes/blackcandy/images/icons/page_white_acrobat.png HTTP/1.1" 200 591 "http://www.awo-kv-bernau.de/content/traumland/" "Mozilla/4.0 (compatible; MSIE 8.0; Windows NT 5.1; Trident/4.0; .NET CLR 2.0.50727; .NET CLR 3.0.4506.2152; .NET CLR 3.5.30729)"
79.193.188.65 - - [01/Sep/2010:12:58:04 +0200] "GET /content/themes/blackcandy/images/footer.png HTTP/1.1" 200 884 "http://www.awo-kv-bernau.de/content/traumland/" "Mozilla/4.0 (compatible; MSIE 8.0; Windows NT 5.1; Trident/4.0; .NET CLR 2.0.50727; .NET CLR 3.0.4506.2152; .NET CLR 3.5.30729)"
79.193.188.65 - - [01/Sep/2010:12:58:01 +0200] "GET /content/assets/Kitas/Traumland/traumland01.jpg HTTP/1.1" 200 67469 "http://www.awo-kv-bernau.de/content/traumland/" "Mozilla/4.0 (compatible; MSIE 8.0; Windows NT 5.1; Trident/4.0; .NET CLR 2.0.50727; .NET CLR 3.0.4506.2152; .NET CLR 3.5.30729)"
79.193.188.65 - - [01/Sep/2010:12:58:02 +0200] "GET /content/assets/Kitas/Traumland/traumland6.jpg HTTP/1.1" 200 67715 "http://www.awo-kv-bernau.de/content/traumland/" "Mozilla/4.0 (compatible; MSIE 8.0; Windows NT 5.1; Trident/4.0; .NET CLR 2.0.50727; .NET CLR 3.0.4506.2152; .NET CLR 3.5.30729)"
79.193.188.65 - - [01/Sep/2010:12:58:02 +0200] "GET /content/assets/Kitas/Traumland/traumland7.jpg HTTP/1.1" 200 84584 "http://www.awo-kv-bernau.de/content/traumland/" "Mozilla/4.0 (compatible; MSIE 8.0; Windows NT 5.1; Trident/4.0; .NET CLR 2.0.50727; .NET CLR 3.0.4506.2152; .NET CLR 3.5.30729)"
79.193.188.65 - - [01/Sep/2010:12:58:07 +0200] "GET /favicon.ico HTTP/1.1" 404 1256 "-" "Mozilla/4.0 (compatible; MSIE 8.0; Windows NT 5.1; Trident/4.0; .NET CLR 2.0.50727; .NET CLR 3.0.4506.2152; .NET CLR 3.5.30729)"
207.46.13.48 - - [01/Sep/2010:12:58:54 +0200] "GET / HTTP/1.1" 302 - "-" "msnbot/2.0b (+http://search.msn.com/msnbot.htm)"
66.249.67.52 - - [01/Sep/2010:12:59:22 +0200] "GET /content/kalender/jax_calendar.php?Y=3038&m=10&d=14&cal_id=0&language=german&gmt_ofs=-1&view=d1 HTTP/1.1" 200 11768 "-" "Mozilla/5.0 (compatible; Googlebot/2.1; +http://www.google.com/bot.html)"
80.237.156.112 - - [01/Sep/2010:13:00:03 +0200] "GET /content/awo-ortsverein-wandlitz/ HTTP/1.1" 200 12650 "-" "-"
67.195.115.117 - - [01/Sep/2010:13:02:13 +0200] "GET /content/veranstaltungskalender/ HTTP/1.0" 200 7393 "-" "Mozilla/5.0 (compatible; Yahoo! Slurp/3.0; http://help.yahoo.com/help/us/ysearch/slurp)"
66.249.67.52 - - [01/Sep/2010:13:02:15 +0200] "GET /content/kalender/jax_calendar.php?Y=-9919&m=7&d=30&view=d1 HTTP/1.1" 200 11899 "-" "Mozilla/5.0 (compatible; Googlebot/2.1; +http://www.google.com/bot.html)"
67.195.115.117 - - [01/Sep/2010:13:02:15 +0200] "GET /content/kalender/jax_calendar.php?language=German HTTP/1.0" 200 32607 "http://www.awo-kv-bernau.de/content/veranstaltungskalender/" "Mozilla/5.0 (compatible; Yahoo! Slurp/3.0; http://help.yahoo.com/help/us/ysearch/slurp)"
67.195.115.117 - - [01/Sep/2010:13:02:16 +0200] "GET /content/kalender/css/default.css HTTP/1.0" 200 6070 "http://www.awo-kv-bernau.de/content/kalender/jax_calendar.php?language=German" "Mozilla/5.0 (compatible; Yahoo! Slurp/3.0; http://help.yahoo.com/help/us/ysearch/slurp)"
79.193.188.65 - - [01/Sep/2010:13:02:28 +0200] "GET /content/kinder-und-familienzentrum-regenbogen/ HTTP/1.1" 200 31229 "http://www.awo-kv-bernau.de/content/traumland/" "Mozilla/4.0 (compatible; MSIE 8.0; Windows NT 5.1; Trident/4.0; .NET CLR 2.0.50727; .NET CLR 3.0.4506.2152; .NET CLR 3.5.30729)"
79.193.188.65 - - [01/Sep/2010:13:02:29 +0200] "GET /content/assets/EKZ/kfz110810.jpg HTTP/1.1" 200 38194 "http://www.awo-kv-bernau.de/content/kinder-und-familienzentrum-regenbogen/" "Mozilla/4.0 (compatible; MSIE 8.0; Windows NT 5.1; Trident/4.0; .NET CLR 2.0.50727; .NET CLR 3.0.4506.2152; .NET CLR 3.5.30729)"
79.193.188.65 - - [01/Sep/2010:13:02:29 +0200] "GET /content/assets/EKZ/kfzgalerie.jpg HTTP/1.1" 200 99277 "http://www.awo-kv-bernau.de/content/kinder-und-familienzentrum-regenbogen/" "Mozilla/4.0 (compatible; MSIE 8.0; Windows NT 5.1; Trident/4.0; .NET CLR 2.0.50727; .NET CLR 3.0.4506.2152; .NET CLR 3.5.30729)"
79.193.188.65 - - [01/Sep/2010:13:02:29 +0200] "GET /content/assets/EKZ/ekztop.jpg HTTP/1.1" 200 92781 "http://www.awo-kv-bernau.de/content/kinder-und-familienzentrum-regenbogen/" "Mozilla/4.0 (compatible; MSIE 8.0; Windows NT 5.1; Trident/4.0; .NET CLR 2.0.50727; .NET CLR 3.0.4506.2152; .NET CLR 3.5.30729)"
79.193.188.65 - - [01/Sep/2010:13:02:32 +0200] "GET /favicon.ico HTTP/1.1" 404 1256 "-" "Mozilla/4.0 (compatible; MSIE 8.0; Windows NT 5.1; Trident/4.0; .NET CLR 2.0.50727; .NET CLR 3.0.4506.2152; .NET CLR 3.5.30729)"
66.249.67.52 - - [01/Sep/2010:13:05:22 +0200] "GET /content/kalender/jax_calendar.php?Y=-10095&m=6&d=35&view=d1 HTTP/1.1" 200 11995 "-" "Mozilla/5.0 (compatible; Googlebot/2.1; +http://www.google.com/bot.html)"
66.249.67.52 - - [01/Sep/2010:13:08:00 +0200] "GET /content/kalender/jax_calendar.php?Y=-10102&m=7&d=23&cal_id=0&language=german&gmt_ofs=-1&view=d1 HTTP/1.1" 200 11895 "-" "Mozilla/5.0 (compatible; Googlebot/2.1; +http://www.google.com/bot.html)"
79.193.188.65 - - [01/Sep/2010:13:08:03 +0200] "GET /content/assets/Kitas/kitaaufnahmeantrag.pdf HTTP/1.1" 200 21334 "http://www.awo-kv-bernau.de/content/kinder-und-familienzentrum-regenbogen/" "Mozilla/4.0 (compatible; MSIE 8.0; Windows NT 5.1; Trident/4.0; .NET CLR 2.0.50727; .NET CLR 3.0.4506.2152; .NET CLR 3.5.30729)"
87.187.152.101 - - [01/Sep/2010:13:08:23 +0200] "GET /content/aktuelles/ HTTP/1.1" 200 9028 "-" "Mozilla/4.0 (compatible; MSIE 6.0; Windows NT 5.1; SV1; .NET CLR 2.0.50727; .NET CLR 3.0.04506.30; .NET CLR 3.0.4506.2152; .NET CLR 3.5.30729)"
87.187.152.101 - - [01/Sep/2010:13:08:24 +0200] "GET /content/themes/blackcandy/css/ie6.css HTTP/1.1" 304 - "http://www.awo-kv-bernau.de/content/aktuelles/" "Mozilla/4.0 (compatible; MSIE 6.0; Windows NT 5.1; SV1; .NET CLR 2.0.50727; .NET CLR 3.0.04506.30; .NET CLR 3.0.4506.2152; .NET CLR 3.5.30729)"
87.187.152.101 - - [01/Sep/2010:13:08:24 +0200] "GET /content/themes/blackcandy/css/layout.css?m=1281258825 HTTP/1.1" 304 - "http://www.awo-kv-bernau.de/content/aktuelles/" "Mozilla/4.0 (compatible; MSIE 6.0; Windows NT 5.1; SV1; .NET CLR 2.0.50727; .NET CLR 3.0.04506.30; .NET CLR 3.0.4506.2152; .NET CLR 3.5.30729)"
87.187.152.101 - - [01/Sep/2010:13:08:24 +0200] "GET /content/themes/blackcandy/css/form.css?m=1277278133 HTTP/1.1" 304 - "http://www.awo-kv-bernau.de/content/aktuelles/" "Mozilla/4.0 (compatible; MSIE 6.0; Windows NT 5.1; SV1; .NET CLR 2.0.50727; .NET CLR 3.0.04506.30; .NET CLR 3.0.4506.2152; .NET CLR 3.5.30729)"
87.187.152.101 - - [01/Sep/2010:13:08:24 +0200] "GET /content/themes/blackcandy/css/typography.css?m=1281262824 HTTP/1.1" 304 - "http://www.awo-kv-bernau.de/content/aktuelles/" "Mozilla/4.0 (compatible; MSIE 6.0; Windows NT 5.1; SV1; .NET CLR 2.0.50727; .NET CLR 3.0.04506.30; .NET CLR 3.0.4506.2152; .NET CLR 3.5.30729)"
87.187.152.101 - - [01/Sep/2010:13:08:24 +0200] "GET /content/themes/blackcandy/images/sidebarBottomBg.gif HTTP/1.1" 404 1256 "http://www.awo-kv-bernau.de/content/aktuelles/" "Mozilla/4.0 (compatible; MSIE 6.0; Windows NT 5.1; SV1; .NET CLR 2.0.50727; .NET CLR 3.0.04506.30; .NET CLR 3.0.4506.2152; .NET CLR 3.5.30729)"
66.249.67.52 - - [01/Sep/2010:13:10:53 +0200] "GET /content/kalender/jax_calendar.php?Y=-10104&m=2&d=1&cal_id=0&language=english&gmt_ofs=0&view=d1 HTTP/1.1" 200 11799 "-" "Mozilla/5.0 (compatible; Googlebot/2.1; +http://www.google.com/bot.html)"
84.184.248.167 - - [01/Sep/2010:13:11:36 +0200] "GET /content/kontakt-und-beratungsstelle/ HTTP/1.1" 200 17493 "http://search.conduit.com/Results.aspx?q=AWO%20Fundraising&start=20&ctid=CT2269050&SearchSourceOrigin=1" "Mozilla/5.0 (Windows; U; Windows NT 5.1; de; rv:1.9.1.7) Gecko/20091221 Firefox/3.5.7 (.NET CLR 3.5.30729)"
84.184.248.167 - - [01/Sep/2010:13:11:36 +0200] "GET /content/kontakt-und-beratungsstelle/ HTTP/1.1" 200 17493 "http://search.conduit.com/Results.aspx?q=AWO%20Fundraising&start=20&ctid=CT2269050&SearchSourceOrigin=1" "Mozilla/5.0 (Windows; U; Windows NT 5.1; de; rv:1.9.1.7) Gecko/20091221 Firefox/3.5.7 (.NET CLR 3.5.30729)"
84.184.248.167 - - [01/Sep/2010:13:11:37 +0200] "GET /favicon.ico HTTP/1.1" 404 1256 "-" "Mozilla/5.0 (Windows; U; Windows NT 5.1; de; rv:1.9.1.7) Gecko/20091221 Firefox/3.5.7 (.NET CLR 3.5.30729)"
84.184.248.167 - - [01/Sep/2010:13:11:37 +0200] "GET /content/themes/blackcandy/css/layout.css?m=1281258825 HTTP/1.1" 200 9945 "http://www.awo-kv-bernau.de/content/kontakt-und-beratungsstelle/" "Mozilla/5.0 (Windows; U; Windows NT 5.1; de; rv:1.9.1.7) Gecko/20091221 Firefox/3.5.7 (.NET CLR 3.5.30729)"
84.184.248.167 - - [01/Sep/2010:13:11:37 +0200] "GET /content/themes/blackcandy/css/form.css?m=1277278133 HTTP/1.1" 200 1856 "http://www.awo-kv-bernau.de/content/kontakt-und-beratungsstelle/" "Mozilla/5.0 (Windows; U; Windows NT 5.1; de; rv:1.9.1.7) Gecko/20091221 Firefox/3.5.7 (.NET CLR 3.5.30729)"
84.184.248.167 - - [01/Sep/2010:13:11:37 +0200] "GET /content/themes/blackcandy/css/typography.css?m=1281262824 HTTP/1.1" 200 5090 "http://www.awo-kv-bernau.de/content/kontakt-und-beratungsstelle/" "Mozilla/5.0 (Windows; U; Windows NT 5.1; de; rv:1.9.1.7) Gecko/20091221 Firefox/3.5.7 (.NET CLR 3.5.30729)"
84.184.248.167 - - [01/Sep/2010:13:11:37 +0200] "GET /content/assets/Kontakt-und-Beratungsstelle/logo.jpg HTTP/1.1" 200 25102 "http://www.awo-kv-bernau.de/content/kontakt-und-beratungsstelle/" "Mozilla/5.0 (Windows; U; Windows NT 5.1; de; rv:1.9.1.7) Gecko/20091221 Firefox/3.5.7 (.NET CLR 3.5.30729)"
84.184.248.167 - - [01/Sep/2010:13:11:37 +0200] "GET /content/assets/Kontakt-und-Beratungsstelle/_resampled/ResizedImage130122-logofit211009.jpg HTTP/1.1" 200 3967 "http://www.awo-kv-bernau.de/content/kontakt-und-beratungsstelle/" "Mozilla/5.0 (Windows; U; Windows NT 5.1; de; rv:1.9.1.7) Gecko/20091221 Firefox/3.5.7 (.NET CLR 3.5.30729)"
84.184.248.167 - - [01/Sep/2010:13:11:37 +0200] "GET /content/assets/Kontakt-und-Beratungsstelle/_resampled/ResizedImage225192-kub1.jpg HTTP/1.1" 200 9853 "http://www.awo-kv-bernau.de/content/kontakt-und-beratungsstelle/" "Mozilla/5.0 (Windows; U; Windows NT 5.1; de; rv:1.9.1.7) Gecko/20091221 Firefox/3.5.7 (.NET CLR 3.5.30729)"
84.184.248.167 - - [01/Sep/2010:13:11:38 +0200] "GET /content/assets/Kontakt-und-Beratungsstelle/_resampled/ResizedImage256192-kub2.jpg HTTP/1.1" 200 14511 "http://www.awo-kv-bernau.de/content/kontakt-und-beratungsstelle/" "Mozilla/5.0 (Windows; U; Windows NT 5.1; de; rv:1.9.1.7) Gecko/20091221 Firefox/3.5.7 (.NET CLR 3.5.30729)"
84.184.248.167 - - [01/Sep/2010:13:11:38 +0200] "GET /content/assets/Kontakt-und-Beratungsstelle/_resampled/ResizedImage256192-kub3.jpg HTTP/1.1" 200 13180 "http://www.awo-kv-bernau.de/content/kontakt-und-beratungsstelle/" "Mozilla/5.0 (Windows; U; Windows NT 5.1; de; rv:1.9.1.7) Gecko/20091221 Firefox/3.5.7 (.NET CLR 3.5.30729)"
84.184.248.167 - - [01/Sep/2010:13:11:38 +0200] "GET /content/assets/Kontakt-und-Beratungsstelle/_resampled/ResizedImage225192-kub4.jpg HTTP/1.1" 200 10686 "http://www.awo-kv-bernau.de/content/kontakt-und-beratungsstelle/" "Mozilla/5.0 (Windows; U; Windows NT 5.1; de; rv:1.9.1.7) Gecko/20091221 Firefox/3.5.7 (.NET CLR 3.5.30729)"
84.184.248.167 - - [01/Sep/2010:13:11:38 +0200] "GET /content/assets/Kontakt-und-Beratungsstelle/_resampled/ResizedImage256192-kub5.jpg HTTP/1.1" 200 12971 "http://www.awo-kv-bernau.de/content/kontakt-und-beratungsstelle/" "Mozilla/5.0 (Windows; U; Windows NT 5.1; de; rv:1.9.1.7) Gecko/20091221 Firefox/3.5.7 (.NET CLR 3.5.30729)"
84.184.248.167 - - [01/Sep/2010:13:11:38 +0200] "GET /content/assets/Kontakt-und-Beratungsstelle/_resampled/ResizedImage256192-kub6.jpg HTTP/1.1" 200 10794 "http://www.awo-kv-bernau.de/content/kontakt-und-beratungsstelle/" "Mozilla/5.0 (Windows; U; Windows NT 5.1; de; rv:1.9.1.7) Gecko/20091221 Firefox/3.5.7 (.NET CLR 3.5.30729)"
84.184.248.167 - - [01/Sep/2010:13:11:37 +0200] "GET /content/assets/Kontakt-und-Beratungsstelle/_resampled/ResizedImage377600-job.jpg HTTP/1.1" 200 80490 "http://www.awo-kv-bernau.de/content/kontakt-und-beratungsstelle/" "Mozilla/5.0 (Windows; U; Windows NT 5.1; de; rv:1.9.1.7) Gecko/20091221 Firefox/3.5.7 (.NET CLR 3.5.30729)"
84.184.248.167 - - [01/Sep/2010:13:11:37 +0200] "GET /content/assets/Kontakt-und-Beratungsstelle/kbs261109.jpg HTTP/1.1" 200 97095 "http://www.awo-kv-bernau.de/content/kontakt-und-beratungsstelle/" "Mozilla/5.0 (Windows; U; Windows NT 5.1; de; rv:1.9.1.7) Gecko/20091221 Firefox/3.5.7 (.NET CLR 3.5.30729)"
84.184.248.167 - - [01/Sep/2010:13:11:38 +0200] "GET /content/assets/Kontakt-und-Beratungsstelle/kubg1.jpg HTTP/1.1" 200 46386 "http://www.awo-kv-bernau.de/content/kontakt-und-beratungsstelle/" "Mozilla/5.0 (Windows; U; Windows NT 5.1; de; rv:1.9.1.7) Gecko/20091221 Firefox/3.5.7 (.NET CLR 3.5.30729)"
84.184.248.167 - - [01/Sep/2010:13:11:38 +0200] "GET /content/assets/Kontakt-und-Beratungsstelle/kubg2.jpg HTTP/1.1" 200 53124 "http://www.awo-kv-bernau.de/content/kontakt-und-beratungsstelle/" "Mozilla/5.0 (Windows; U; Windows NT 5.1; de; rv:1.9.1.7) Gecko/20091221 Firefox/3.5.7 (.NET CLR 3.5.30729)"
84.184.248.167 - - [01/Sep/2010:13:11:38 +0200] "GET /content/assets/Kontakt-und-Beratungsstelle/kubg3.jpg HTTP/1.1" 200 51291 "http://www.awo-kv-bernau.de/content/kontakt-und-beratungsstelle/" "Mozilla/5.0 (Windows; U; Windows NT 5.1; de; rv:1.9.1.7) Gecko/20091221 Firefox/3.5.7 (.NET CLR 3.5.30729)"
84.184.248.167 - - [01/Sep/2010:13:11:38 +0200] "GET /content/assets/Kontakt-und-Beratungsstelle/kubg4.jpg HTTP/1.1" 200 46986 "http://www.awo-kv-bernau.de/content/kontakt-und-beratungsstelle/" "Mozilla/5.0 (Windows; U; Windows NT 5.1; de; rv:1.9.1.7) Gecko/20091221 Firefox/3.5.7 (.NET CLR 3.5.30729)"
84.184.248.167 - - [01/Sep/2010:13:11:38 +0200] "GET /content/themes/blackcandy/images/header.jpg HTTP/1.1" 200 45038 "http://www.awo-kv-bernau.de/content/themes/blackcandy/css/layout.css?m=1281258825" "Mozilla/5.0 (Windows; U; Windows NT 5.1; de; rv:1.9.1.7) Gecko/20091221 Firefox/3.5.7 (.NET CLR 3.5.30729)"
84.184.248.167 - - [01/Sep/2010:13:11:38 +0200] "GET /content/themes/blackcandy/images/headerRounded.png HTTP/1.1" 200 763 "http://www.awo-kv-bernau.de/content/themes/blackcandy/css/layout.css?m=1281258825" "Mozilla/5.0 (Windows; U; Windows NT 5.1; de; rv:1.9.1.7) Gecko/20091221 Firefox/3.5.7 (.NET CLR 3.5.30729)"
84.184.248.167 - - [01/Sep/2010:13:11:38 +0200] "GET /content/themes/blackcandy/images/activeTabLeft.png HTTP/1.1" 200 433 "http://www.awo-kv-bernau.de/content/themes/blackcandy/css/layout.css?m=1281258825" "Mozilla/5.0 (Windows; U; Windows NT 5.1; de; rv:1.9.1.7) Gecko/20091221 Firefox/3.5.7 (.NET CLR 3.5.30729)"
84.184.248.167 - - [01/Sep/2010:13:11:38 +0200] "GET /content/themes/blackcandy/images/activeTabRight.png HTTP/1.1" 200 433 "http://www.awo-kv-bernau.de/content/themes/blackcandy/css/layout.css?m=1281258825" "Mozilla/5.0 (Windows; U; Windows NT 5.1; de; rv:1.9.1.7) Gecko/20091221 Firefox/3.5.7 (.NET CLR 3.5.30729)"
84.184.248.167 - - [01/Sep/2010:13:11:38 +0200] "GET /content/themes/blackcandy/images/subheader.jpg HTTP/1.1" 200 52576 "http://www.awo-kv-bernau.de/content/themes/blackcandy/css/layout.css?m=1281258825" "Mozilla/5.0 (Windows; U; Windows NT 5.1; de; rv:1.9.1.7) Gecko/20091221 Firefox/3.5.7 (.NET CLR 3.5.30729)"
84.184.248.167 - - [01/Sep/2010:13:11:38 +0200] "GET /content/themes/blackcandy/images/herz.png HTTP/1.1" 200 344 "http://www.awo-kv-bernau.de/content/themes/blackcandy/css/layout.css?m=1281258825" "Mozilla/5.0 (Windows; U; Windows NT 5.1; de; rv:1.9.1.7) Gecko/20091221 Firefox/3.5.7 (.NET CLR 3.5.30729)"
84.184.248.167 - - [01/Sep/2010:13:11:38 +0200] "GET /content/themes/blackcandy/images/footer.png HTTP/1.1" 200 884 "http://www.awo-kv-bernau.de/content/themes/blackcandy/css/layout.css?m=1281258825" "Mozilla/5.0 (Windows; U; Windows NT 5.1; de; rv:1.9.1.7) Gecko/20091221 Firefox/3.5.7 (.NET CLR 3.5.30729)"
84.184.248.167 - - [01/Sep/2010:13:11:40 +0200] "GET /favicon.ico HTTP/1.1" 404 1256 "-" "Mozilla/5.0 (Windows; U; Windows NT 5.1; de; rv:1.9.1.7) Gecko/20091221 Firefox/3.5.7 (.NET CLR 3.5.30729)"
84.184.248.167 - - [01/Sep/2010:13:11:52 +0200] "GET /content/spenden/ HTTP/1.1" 200 9094 "http://www.awo-kv-bernau.de/content/kontakt-und-beratungsstelle/" "Mozilla/5.0 (Windows; U; Windows NT 5.1; de; rv:1.9.1.7) Gecko/20091221 Firefox/3.5.7 (.NET CLR 3.5.30729)"
84.184.248.167 - - [01/Sep/2010:13:11:52 +0200] "GET /content/spenden/ HTTP/1.1" 200 9094 "http://www.awo-kv-bernau.de/content/kontakt-und-beratungsstelle/" "Mozilla/5.0 (Windows; U; Windows NT 5.1; de; rv:1.9.1.7) Gecko/20091221 Firefox/3.5.7 (.NET CLR 3.5.30729)"
84.184.248.167 - - [01/Sep/2010:13:11:53 +0200] "GET /content/assets/Spenden/spendekochbus.jpg HTTP/1.1" 200 30952 "http://www.awo-kv-bernau.de/content/spenden/" "Mozilla/5.0 (Windows; U; Windows NT 5.1; de; rv:1.9.1.7) Gecko/20091221 Firefox/3.5.7 (.NET CLR 3.5.30729)"
84.184.248.167 - - [01/Sep/2010:13:12:05 +0200] "GET /content/themes/blackcandy/images/hoverTabLeft.png HTTP/1.1" 200 400 "http://www.awo-kv-bernau.de/content/themes/blackcandy/css/layout.css?m=1281258825" "Mozilla/5.0 (Windows; U; Windows NT 5.1; de; rv:1.9.1.7) Gecko/20091221 Firefox/3.5.7 (.NET CLR 3.5.30729)"
84.184.248.167 - - [01/Sep/2010:13:12:05 +0200] "GET /content/themes/blackcandy/images/hoverTabRight.png HTTP/1.1" 200 429 "http://www.awo-kv-bernau.de/content/themes/blackcandy/css/layout.css?m=1281258825" "Mozilla/5.0 (Windows; U; Windows NT 5.1; de; rv:1.9.1.7) Gecko/20091221 Firefox/3.5.7 (.NET CLR 3.5.30729)"
84.184.248.167 - - [01/Sep/2010:13:12:10 +0200] "GET /content/mitglied-werden/ HTTP/1.1" 200 8785 "http://www.awo-kv-bernau.de/content/spenden/" "Mozilla/5.0 (Windows; U; Windows NT 5.1; de; rv:1.9.1.7) Gecko/20091221 Firefox/3.5.7 (.NET CLR 3.5.30729)"
84.184.248.167 - - [01/Sep/2010:13:12:11 +0200] "GET /content/themes/blackcandy/images/icons/page_white_acrobat.png HTTP/1.1" 200 591 "http://www.awo-kv-bernau.de/content/themes/blackcandy/css/typography.css?m=1281262824" "Mozilla/5.0 (Windows; U; Windows NT 5.1; de; rv:1.9.1.7) Gecko/20091221 Firefox/3.5.7 (.NET CLR 3.5.30729)"
84.184.248.167 - - [01/Sep/2010:13:12:21 +0200] "GET /content/ehrenamt/ HTTP/1.1" 200 13070 "http://www.awo-kv-bernau.de/content/mitglied-werden/" "Mozilla/5.0 (Windows; U; Windows NT 5.1; de; rv:1.9.1.7) Gecko/20091221 Firefox/3.5.7 (.NET CLR 3.5.30729)"
79.193.188.65 - - [01/Sep/2010:13:12:35 +0200] "GET /content/traumland/ HTTP/1.1" 200 18574 "http://www.google.de/search?hl=de&safe=off&q=awo+kita+bernau&aq=f&aqi=g1&aql=&oq=&gs_rfai=" "Mozilla/4.0 (compatible; MSIE 8.0; Windows NT 5.1; Trident/4.0; .NET CLR 2.0.50727; .NET CLR 3.0.4506.2152; .NET CLR 3.5.30729)"
79.193.188.65 - - [01/Sep/2010:13:12:36 +0200] "GET /content/themes/blackcandy/css/layout.css?m=1281258825 HTTP/1.1" 304 - "http://www.awo-kv-bernau.de/content/traumland/" "Mozilla/4.0 (compatible; MSIE 8.0; Windows NT 5.1; Trident/4.0; .NET CLR 2.0.50727; .NET CLR 3.0.4506.2152; .NET CLR 3.5.30729)"
79.193.188.65 - - [01/Sep/2010:13:12:36 +0200] "GET /content/themes/blackcandy/css/typography.css?m=1281262824 HTTP/1.1" 304 - "http://www.awo-kv-bernau.de/content/traumland/" "Mozilla/4.0 (compatible; MSIE 8.0; Windows NT 5.1; Trident/4.0; .NET CLR 2.0.50727; .NET CLR 3.0.4506.2152; .NET CLR 3.5.30729)"
79.193.188.65 - - [01/Sep/2010:13:12:36 +0200] "GET /content/themes/blackcandy/css/form.css?m=1277278133 HTTP/1.1" 304 - "http://www.awo-kv-bernau.de/content/traumland/" "Mozilla/4.0 (compatible; MSIE 8.0; Windows NT 5.1; Trident/4.0; .NET CLR 2.0.50727; .NET CLR 3.0.4506.2152; .NET CLR 3.5.30729)"
79.193.188.65 - - [01/Sep/2010:13:12:36 +0200] "GET /content/assets/Kitas/Traumland/logo.jpg HTTP/1.1" 304 - "http://www.awo-kv-bernau.de/content/traumland/" "Mozilla/4.0 (compatible; MSIE 8.0; Windows NT 5.1; Trident/4.0; .NET CLR 2.0.50727; .NET CLR 3.0.4506.2152; .NET CLR 3.5.30729)"
79.193.188.65 - - [01/Sep/2010:13:12:36 +0200] "GET /content/assets/Kitas/Traumland/traumland01.jpg HTTP/1.1" 304 - "http://www.awo-kv-bernau.de/content/traumland/" "Mozilla/4.0 (compatible; MSIE 8.0; Windows NT 5.1; Trident/4.0; .NET CLR 2.0.50727; .NET CLR 3.0.4506.2152; .NET CLR 3.5.30729)"
79.193.188.65 - - [01/Sep/2010:13:12:36 +0200] "GET /content/themes/blackcandy/images/headerRounded.png HTTP/1.1" 304 - "http://www.awo-kv-bernau.de/content/traumland/" "Mozilla/4.0 (compatible; MSIE 8.0; Windows NT 5.1; Trident/4.0; .NET CLR 2.0.50727; .NET CLR 3.0.4506.2152; .NET CLR 3.5.30729)"
79.193.188.65 - - [01/Sep/2010:13:12:36 +0200] "GET /content/assets/Kitas/Traumland/traumlandleiter.jpg HTTP/1.1" 304 - "http://www.awo-kv-bernau.de/content/traumland/" "Mozilla/4.0 (compatible; MSIE 8.0; Windows NT 5.1; Trident/4.0; .NET CLR 2.0.50727; .NET CLR 3.0.4506.2152; .NET CLR 3.5.30729)"
79.193.188.65 - - [01/Sep/2010:13:12:36 +0200] "GET /content/themes/blackcandy/images/header.jpg HTTP/1.1" 304 - "http://www.awo-kv-bernau.de/content/traumland/" "Mozilla/4.0 (compatible; MSIE 8.0; Windows NT 5.1; Trident/4.0; .NET CLR 2.0.50727; .NET CLR 3.0.4506.2152; .NET CLR 3.5.30729)"
79.193.188.65 - - [01/Sep/2010:13:12:36 +0200] "GET /content/themes/blackcandy/images/activeTabLeft.png HTTP/1.1" 304 - "http://www.awo-kv-bernau.de/content/traumland/" "Mozilla/4.0 (compatible; MSIE 8.0; Windows NT 5.1; Trident/4.0; .NET CLR 2.0.50727; .NET CLR 3.0.4506.2152; .NET CLR 3.5.30729)"
79.193.188.65 - - [01/Sep/2010:13:12:36 +0200] "GET /content/assets/Kitas/Traumland/traumland0.jpg HTTP/1.1" 304 - "http://www.awo-kv-bernau.de/content/traumland/" "Mozilla/4.0 (compatible; MSIE 8.0; Windows NT 5.1; Trident/4.0; .NET CLR 2.0.50727; .NET CLR 3.0.4506.2152; .NET CLR 3.5.30729)"
79.193.188.65 - - [01/Sep/2010:13:12:37 +0200] "GET /content/assets/Kitas/Traumland/traumland1.jpg HTTP/1.1" 304 - "http://www.awo-kv-bernau.de/content/traumland/" "Mozilla/4.0 (compatible; MSIE 8.0; Windows NT 5.1; Trident/4.0; .NET CLR 2.0.50727; .NET CLR 3.0.4506.2152; .NET CLR 3.5.30729)"
79.193.188.65 - - [01/Sep/2010:13:12:37 +0200] "GET /content/assets/Kitas/Traumland/traumland2.jpg HTTP/1.1" 304 - "http://www.awo-kv-bernau.de/content/traumland/" "Mozilla/4.0 (compatible; MSIE 8.0; Windows NT 5.1; Trident/4.0; .NET CLR 2.0.50727; .NET CLR 3.0.4506.2152; .NET CLR 3.5.30729)"
79.193.188.65 - - [01/Sep/2010:13:12:37 +0200] "GET /content/assets/Kitas/Traumland/traumland4.jpg HTTP/1.1" 304 - "http://www.awo-kv-bernau.de/content/traumland/" "Mozilla/4.0 (compatible; MSIE 8.0; Windows NT 5.1; Trident/4.0; .NET CLR 2.0.50727; .NET CLR 3.0.4506.2152; .NET CLR 3.5.30729)"
79.193.188.65 - - [01/Sep/2010:13:12:37 +0200] "GET /content/assets/Kitas/Traumland/traumland6.jpg HTTP/1.1" 304 - "http://www.awo-kv-bernau.de/content/traumland/" "Mozilla/4.0 (compatible; MSIE 8.0; Windows NT 5.1; Trident/4.0; .NET CLR 2.0.50727; .NET CLR 3.0.4506.2152; .NET CLR 3.5.30729)"
79.193.188.65 - - [01/Sep/2010:13:12:38 +0200] "GET /content/themes/blackcandy/images/activeTabRight.png HTTP/1.1" 304 - "http://www.awo-kv-bernau.de/content/traumland/" "Mozilla/4.0 (compatible; MSIE 8.0; Windows NT 5.1; Trident/4.0; .NET CLR 2.0.50727; .NET CLR 3.0.4506.2152; .NET CLR 3.5.30729)"
79.193.188.65 - - [01/Sep/2010:13:12:38 +0200] "GET /content/themes/blackcandy/images/subheader.jpg HTTP/1.1" 304 - "http://www.awo-kv-bernau.de/content/traumland/" "Mozilla/4.0 (compatible; MSIE 8.0; Windows NT 5.1; Trident/4.0; .NET CLR 2.0.50727; .NET CLR 3.0.4506.2152; .NET CLR 3.5.30729)"
79.193.188.65 - - [01/Sep/2010:13:12:38 +0200] "GET /content/assets/Kitas/Traumland/traumland5.jpg HTTP/1.1" 304 - "http://www.awo-kv-bernau.de/content/traumland/" "Mozilla/4.0 (compatible; MSIE 8.0; Windows NT 5.1; Trident/4.0; .NET CLR 2.0.50727; .NET CLR 3.0.4506.2152; .NET CLR 3.5.30729)"
79.193.188.65 - - [01/Sep/2010:13:12:38 +0200] "GET /content/themes/blackcandy/images/icons/page_white_acrobat.png HTTP/1.1" 304 - "http://www.awo-kv-bernau.de/content/traumland/" "Mozilla/4.0 (compatible; MSIE 8.0; Windows NT 5.1; Trident/4.0; .NET CLR 2.0.50727; .NET CLR 3.0.4506.2152; .NET CLR 3.5.30729)"
79.193.188.65 - - [01/Sep/2010:13:12:38 +0200] "GET /content/themes/blackcandy/images/footer.png HTTP/1.1" 304 - "http://www.awo-kv-bernau.de/content/traumland/" "Mozilla/4.0 (compatible; MSIE 8.0; Windows NT 5.1; Trident/4.0; .NET CLR 2.0.50727; .NET CLR 3.0.4506.2152; .NET CLR 3.5.30729)"
79.193.188.65 - - [01/Sep/2010:13:12:38 +0200] "GET /content/themes/blackcandy/images/herz.png HTTP/1.1" 304 - "http://www.awo-kv-bernau.de/content/traumland/" "Mozilla/4.0 (compatible; MSIE 8.0; Windows NT 5.1; Trident/4.0; .NET CLR 2.0.50727; .NET CLR 3.0.4506.2152; .NET CLR 3.5.30729)"
79.193.188.65 - - [01/Sep/2010:13:12:38 +0200] "GET /content/assets/Kitas/Traumland/traumland7.jpg HTTP/1.1" 304 - "http://www.awo-kv-bernau.de/content/traumland/" "Mozilla/4.0 (compatible; MSIE 8.0; Windows NT 5.1; Trident/4.0; .NET CLR 2.0.50727; .NET CLR 3.0.4506.2152; .NET CLR 3.5.30729)"
84.184.248.167 - - [01/Sep/2010:13:12:44 +0200] "GET /content/kooperationspartner/ HTTP/1.1" 200 7538 "http://www.awo-kv-bernau.de/content/ehrenamt/" "Mozilla/5.0 (Windows; U; Windows NT 5.1; de; rv:1.9.1.7) Gecko/20091221 Firefox/3.5.7 (.NET CLR 3.5.30729)"
84.184.248.167 - - [01/Sep/2010:13:12:44 +0200] "GET /content/assets/Kooperationspartner/koopkneipp.jpg HTTP/1.1" 200 17649 "http://www.awo-kv-bernau.de/content/kooperationspartner/" "Mozilla/5.0 (Windows; U; Windows NT 5.1; de; rv:1.9.1.7) Gecko/20091221 Firefox/3.5.7 (.NET CLR 3.5.30729)"
79.193.188.65 - - [01/Sep/2010:13:12:44 +0200] "GET /content/pusteblume/ HTTP/1.1" 200 17716 "http://www.awo-kv-bernau.de/content/traumland/" "Mozilla/4.0 (compatible; MSIE 8.0; Windows NT 5.1; Trident/4.0; .NET CLR 2.0.50727; .NET CLR 3.0.4506.2152; .NET CLR 3.5.30729)"
79.193.188.65 - - [01/Sep/2010:13:12:45 +0200] "GET /content/assets/Kitas/Pusteblume/pusteblume050710.jpg HTTP/1.1" 200 19543 "http://www.awo-kv-bernau.de/content/pusteblume/" "Mozilla/4.0 (compatible; MSIE 8.0; Windows NT 5.1; Trident/4.0; .NET CLR 2.0.50727; .NET CLR 3.0.4506.2152; .NET CLR 3.5.30729)"
79.193.188.65 - - [01/Sep/2010:13:12:45 +0200] "GET /content/assets/Kitas/Pusteblume/pusteblume0.jpg HTTP/1.1" 200 63160 "http://www.awo-kv-bernau.de/content/pusteblume/" "Mozilla/4.0 (compatible; MSIE 8.0; Windows NT 5.1; Trident/4.0; .NET CLR 2.0.50727; .NET CLR 3.0.4506.2152; .NET CLR 3.5.30729)"
79.193.188.65 - - [01/Sep/2010:13:12:45 +0200] "GET /content/assets/Kitas/Pusteblume/pusteblume01.jpg HTTP/1.1" 200 54220 "http://www.awo-kv-bernau.de/content/pusteblume/" "Mozilla/4.0 (compatible; MSIE 8.0; Windows NT 5.1; Trident/4.0; .NET CLR 2.0.50727; .NET CLR 3.0.4506.2152; .NET CLR 3.5.30729)"
79.193.188.65 - - [01/Sep/2010:13:12:45 +0200] "GET /content/assets/Kitas/Pusteblume/pusteblume4.jpg HTTP/1.1" 200 65909 "http://www.awo-kv-bernau.de/content/pusteblume/" "Mozilla/4.0 (compatible; MSIE 8.0; Windows NT 5.1; Trident/4.0; .NET CLR 2.0.50727; .NET CLR 3.0.4506.2152; .NET CLR 3.5.30729)"
79.193.188.65 - - [01/Sep/2010:13:12:45 +0200] "GET /content/assets/Kitas/Pusteblume/pusteblume3.jpg HTTP/1.1" 200 54226 "http://www.awo-kv-bernau.de/content/pusteblume/" "Mozilla/4.0 (compatible; MSIE 8.0; Windows NT 5.1; Trident/4.0; .NET CLR 2.0.50727; .NET CLR 3.0.4506.2152; .NET CLR 3.5.30729)"
79.193.188.65 - - [01/Sep/2010:13:12:45 +0200] "GET /content/assets/Kitas/Pusteblume/logo.jpg HTTP/1.1" 200 74548 "http://www.awo-kv-bernau.de/content/pusteblume/" "Mozilla/4.0 (compatible; MSIE 8.0; Windows NT 5.1; Trident/4.0; .NET CLR 2.0.50727; .NET CLR 3.0.4506.2152; .NET CLR 3.5.30729)"
79.193.188.65 - - [01/Sep/2010:13:12:45 +0200] "GET /content/assets/Kitas/Pusteblume/pusteblume2.jpg HTTP/1.1" 200 68921 "http://www.awo-kv-bernau.de/content/pusteblume/" "Mozilla/4.0 (compatible; MSIE 8.0; Windows NT 5.1; Trident/4.0; .NET CLR 2.0.50727; .NET CLR 3.0.4506.2152; .NET CLR 3.5.30729)"
79.193.188.65 - - [01/Sep/2010:13:12:45 +0200] "GET /content/assets/Kitas/Pusteblume/pusteblume11.jpg HTTP/1.1" 200 99506 "http://www.awo-kv-bernau.de/content/pusteblume/" "Mozilla/4.0 (compatible; MSIE 8.0; Windows NT 5.1; Trident/4.0; .NET CLR 2.0.50727; .NET CLR 3.0.4506.2152; .NET CLR 3.5.30729)"
79.193.188.65 - - [01/Sep/2010:13:12:45 +0200] "GET /content/assets/Kitas/Pusteblume/pusteblume00.jpg HTTP/1.1" 200 125969 "http://www.awo-kv-bernau.de/content/pusteblume/" "Mozilla/4.0 (compatible; MSIE 8.0; Windows NT 5.1; Trident/4.0; .NET CLR 2.0.50727; .NET CLR 3.0.4506.2152; .NET CLR 3.5.30729)"
79.193.188.65 - - [01/Sep/2010:13:13:19 +0200] "GET /content/kinderland/ HTTP/1.1" 200 20474 "http://www.awo-kv-bernau.de/content/pusteblume/" "Mozilla/4.0 (compatible; MSIE 8.0; Windows NT 5.1; Trident/4.0; .NET CLR 2.0.50727; .NET CLR 3.0.4506.2152; .NET CLR 3.5.30729)"
79.193.188.65 - - [01/Sep/2010:13:13:20 +0200] "GET /content/assets/Kitas/KitaKinderland/kinderlandtop2.jpg HTTP/1.1" 200 34631 "http://www.awo-kv-bernau.de/content/kinderland/" "Mozilla/4.0 (compatible; MSIE 8.0; Windows NT 5.1; Trident/4.0; .NET CLR 2.0.50727; .NET CLR 3.0.4506.2152; .NET CLR 3.5.30729)"
79.193.188.65 - - [01/Sep/2010:13:13:20 +0200] "GET /content/assets/Kitas/KitaKinderland/kinderland0.jpg HTTP/1.1" 200 63798 "http://www.awo-kv-bernau.de/content/kinderland/" "Mozilla/4.0 (compatible; MSIE 8.0; Windows NT 5.1; Trident/4.0; .NET CLR 2.0.50727; .NET CLR 3.0.4506.2152; .NET CLR 3.5.30729)"
79.193.188.65 - - [01/Sep/2010:13:13:20 +0200] "GET /content/assets/Kitas/KitaKinderland/kinderland300810.jpg HTTP/1.1" 200 14482 "http://www.awo-kv-bernau.de/content/kinderland/" "Mozilla/4.0 (compatible; MSIE 8.0; Windows NT 5.1; Trident/4.0; .NET CLR 2.0.50727; .NET CLR 3.0.4506.2152; .NET CLR 3.5.30729)"
79.193.188.65 - - [01/Sep/2010:13:13:20 +0200] "GET /content/assets/Kitas/KitaKinderland/english.jpg HTTP/1.1" 200 30588 "http://www.awo-kv-bernau.de/content/kinderland/" "Mozilla/4.0 (compatible; MSIE 8.0; Windows NT 5.1; Trident/4.0; .NET CLR 2.0.50727; .NET CLR 3.0.4506.2152; .NET CLR 3.5.30729)"
79.193.188.65 - - [01/Sep/2010:13:13:20 +0200] "GET /content/assets/Kitas/KitaKinderland/foerderung.jpg HTTP/1.1" 200 32495 "http://www.awo-kv-bernau.de/content/kinderland/" "Mozilla/4.0 (compatible; MSIE 8.0; Windows NT 5.1; Trident/4.0; .NET CLR 2.0.50727; .NET CLR 3.0.4506.2152; .NET CLR 3.5.30729)"
79.193.188.65 - - [01/Sep/2010:13:13:20 +0200] "GET /content/assets/Kitas/KitaKinderland/kinderland1.jpg HTTP/1.1" 200 58178 "http://www.awo-kv-bernau.de/content/kinderland/" "Mozilla/4.0 (compatible; MSIE 8.0; Windows NT 5.1; Trident/4.0; .NET CLR 2.0.50727; .NET CLR 3.0.4506.2152; .NET CLR 3.5.30729)"
79.193.188.65 - - [01/Sep/2010:13:13:20 +0200] "GET /content/assets/Kitas/KitaKinderland/kinderland2.jpg HTTP/1.1" 200 55721 "http://www.awo-kv-bernau.de/content/kinderland/" "Mozilla/4.0 (compatible; MSIE 8.0; Windows NT 5.1; Trident/4.0; .NET CLR 2.0.50727; .NET CLR 3.0.4506.2152; .NET CLR 3.5.30729)"
79.193.188.65 - - [01/Sep/2010:13:13:20 +0200] "GET /content/assets/Kitas/KitaKinderland/kinderland3.jpg HTTP/1.1" 200 81117 "http://www.awo-kv-bernau.de/content/kinderland/" "Mozilla/4.0 (compatible; MSIE 8.0; Windows NT 5.1; Trident/4.0; .NET CLR 2.0.50727; .NET CLR 3.0.4506.2152; .NET CLR 3.5.30729)"
66.249.67.52 - - [01/Sep/2010:13:13:46 +0200] "GET /content/kalender/jax_calendar.php?Y=-9907&m=4&d=13&view=d1 HTTP/1.1" 200 11900 "-" "Mozilla/5.0 (compatible; Googlebot/2.1; +http://www.google.com/bot.html)"
79.193.188.65 - - [01/Sep/2010:13:14:42 +0200] "GET /content/pusteblume/ HTTP/1.1" 200 17716 "http://www.awo-kv-bernau.de/content/traumland/" "Mozilla/4.0 (compatible; MSIE 8.0; Windows NT 5.1; Trident/4.0; .NET CLR 2.0.50727; .NET CLR 3.0.4506.2152; .NET CLR 3.5.30729)"
79.193.188.65 - - [01/Sep/2010:13:14:50 +0200] "GET /content/traumland/ HTTP/1.1" 200 18574 "http://www.google.de/search?hl=de&safe=off&q=awo+kita+bernau&aq=f&aqi=g1&aql=&oq=&gs_rfai=" "Mozilla/4.0 (compatible; MSIE 8.0; Windows NT 5.1; Trident/4.0; .NET CLR 2.0.50727; .NET CLR 3.0.4506.2152; .NET CLR 3.5.30729)"
207.46.13.48 - - [01/Sep/2010:13:16:18 +0200] "GET /content/aktuelles/ HTTP/1.1" 200 9028 "-" "msnbot/2.0b (+http://search.msn.com/msnbot.htm)"
66.249.67.52 - - [01/Sep/2010:13:16:39 +0200] "GET /content/kalender/jax_calendar.php?Y=-10105&m=10&d=1&cal_id=0&language=english&gmt_ofs=0&view=d1 HTTP/1.1" 200 11861 "-" "Mozilla/5.0 (compatible; Googlebot/2.1; +http://www.google.com/bot.html)"
77.184.73.134 - - [01/Sep/2010:13:16:58 +0200] "GET / HTTP/1.1" 302 - "http://search.incredimail.com/?q=AWO+Kreisverband+Bernau+e.V.&lang=german&source=011053023105229" "Mozilla/4.0 (compatible; MSIE 8.0; Windows NT 5.1; Trident/4.0; Mozilla/4.0 (compatible; MSIE 6.0; Windows NT 5.1; SV1) ; .NET CLR 1.1.4322; .NET CLR 2.0.50727; IEMB3; .NET CLR 3.0.4506.2152; .NET CLR 3.5.30729; IEMB3)"
77.184.73.134 - - [01/Sep/2010:13:16:58 +0200] "GET /content/aktuelles/ HTTP/1.1" 200 9028 "http://search.incredimail.com/?q=AWO+Kreisverband+Bernau+e.V.&lang=german&source=011053023105229" "Mozilla/4.0 (compatible; MSIE 8.0; Windows NT 5.1; Trident/4.0; Mozilla/4.0 (compatible; MSIE 6.0; Windows NT 5.1; SV1) ; .NET CLR 1.1.4322; .NET CLR 2.0.50727; IEMB3; .NET CLR 3.0.4506.2152; .NET CLR 3.5.30729; IEMB3)"
77.184.73.134 - - [01/Sep/2010:13:16:59 +0200] "GET /content/themes/blackcandy/css/form.css?m=1277278133 HTTP/1.1" 200 1856 "http://www.awo-kv-bernau.de/content/aktuelles/" "Mozilla/4.0 (compatible; MSIE 8.0; Windows NT 5.1; Trident/4.0; Mozilla/4.0 (compatible; MSIE 6.0; Windows NT 5.1; SV1) ; .NET CLR 1.1.4322; .NET CLR 2.0.50727; IEMB3; .NET CLR 3.0.4506.2152; .NET CLR 3.5.30729; IEMB3)"
77.184.73.134 - - [01/Sep/2010:13:16:59 +0200] "GET /content/themes/blackcandy/css/typography.css?m=1281262824 HTTP/1.1" 200 5090 "http://www.awo-kv-bernau.de/content/aktuelles/" "Mozilla/4.0 (compatible; MSIE 8.0; Windows NT 5.1; Trident/4.0; Mozilla/4.0 (compatible; MSIE 6.0; Windows NT 5.1; SV1) ; .NET CLR 1.1.4322; .NET CLR 2.0.50727; IEMB3; .NET CLR 3.0.4506.2152; .NET CLR 3.5.30729; IEMB3)"
77.184.73.134 - - [01/Sep/2010:13:16:59 +0200] "GET /content/themes/blackcandy/css/layout.css?m=1281258825 HTTP/1.1" 200 9945 "http://www.awo-kv-bernau.de/content/aktuelles/" "Mozilla/4.0 (compatible; MSIE 8.0; Windows NT 5.1; Trident/4.0; Mozilla/4.0 (compatible; MSIE 6.0; Windows NT 5.1; SV1) ; .NET CLR 1.1.4322; .NET CLR 2.0.50727; IEMB3; .NET CLR 3.0.4506.2152; .NET CLR 3.5.30729; IEMB3)"
77.184.73.134 - - [01/Sep/2010:13:16:59 +0200] "GET /content/assets/Aktuelles/awologo.jpg HTTP/1.1" 200 2292 "http://www.awo-kv-bernau.de/content/aktuelles/" "Mozilla/4.0 (compatible; MSIE 8.0; Windows NT 5.1; Trident/4.0; Mozilla/4.0 (compatible; MSIE 6.0; Windows NT 5.1; SV1) ; .NET CLR 1.1.4322; .NET CLR 2.0.50727; IEMB3; .NET CLR 3.0.4506.2152; .NET CLR 3.5.30729; IEMB3)"
77.184.73.134 - - [01/Sep/2010:13:16:59 +0200] "GET /content/assets/Aktuelles/aktuelles160710.jpg HTTP/1.1" 200 17303 "http://www.awo-kv-bernau.de/content/aktuelles/" "Mozilla/4.0 (compatible; MSIE 8.0; Windows NT 5.1; Trident/4.0; Mozilla/4.0 (compatible; MSIE 6.0; Windows NT 5.1; SV1) ; .NET CLR 1.1.4322; .NET CLR 2.0.50727; IEMB3; .NET CLR 3.0.4506.2152; .NET CLR 3.5.30729; IEMB3)"
77.184.73.134 - - [01/Sep/2010:13:16:59 +0200] "GET /content/assets/Aktuelles/aktuelles140810.jpg HTTP/1.1" 200 20737 "http://www.awo-kv-bernau.de/content/aktuelles/" "Mozilla/4.0 (compatible; MSIE 8.0; Windows NT 5.1; Trident/4.0; Mozilla/4.0 (compatible; MSIE 6.0; Windows NT 5.1; SV1) ; .NET CLR 1.1.4322; .NET CLR 2.0.50727; IEMB3; .NET CLR 3.0.4506.2152; .NET CLR 3.5.30729; IEMB3)"
77.184.73.134 - - [01/Sep/2010:13:16:59 +0200] "GET /content/themes/blackcandy/images/headerRounded.png HTTP/1.1" 200 763 "http://www.awo-kv-bernau.de/content/aktuelles/" "Mozilla/4.0 (compatible; MSIE 8.0; Windows NT 5.1; Trident/4.0; Mozilla/4.0 (compatible; MSIE 6.0; Windows NT 5.1; SV1) ; .NET CLR 1.1.4322; .NET CLR 2.0.50727; IEMB3; .NET CLR 3.0.4506.2152; .NET CLR 3.5.30729; IEMB3)"
77.184.73.134 - - [01/Sep/2010:13:16:59 +0200] "GET /content/themes/blackcandy/images/header.jpg HTTP/1.1" 200 45038 "http://www.awo-kv-bernau.de/content/aktuelles/" "Mozilla/4.0 (compatible; MSIE 8.0; Windows NT 5.1; Trident/4.0; Mozilla/4.0 (compatible; MSIE 6.0; Windows NT 5.1; SV1) ; .NET CLR 1.1.4322; .NET CLR 2.0.50727; IEMB3; .NET CLR 3.0.4506.2152; .NET CLR 3.5.30729; IEMB3)"
77.184.73.134 - - [01/Sep/2010:13:16:59 +0200] "GET /content/themes/blackcandy/images/activeTabLeft.png HTTP/1.1" 200 433 "http://www.awo-kv-bernau.de/content/aktuelles/" "Mozilla/4.0 (compatible; MSIE 8.0; Windows NT 5.1; Trident/4.0; Mozilla/4.0 (compatible; MSIE 6.0; Windows NT 5.1; SV1) ; .NET CLR 1.1.4322; .NET CLR 2.0.50727; IEMB3; .NET CLR 3.0.4506.2152; .NET CLR 3.5.30729; IEMB3)"
77.184.73.134 - - [01/Sep/2010:13:16:59 +0200] "GET /content/themes/blackcandy/images/activeTabRight.png HTTP/1.1" 200 433 "http://www.awo-kv-bernau.de/content/aktuelles/" "Mozilla/4.0 (compatible; MSIE 8.0; Windows NT 5.1; Trident/4.0; Mozilla/4.0 (compatible; MSIE 6.0; Windows NT 5.1; SV1) ; .NET CLR 1.1.4322; .NET CLR 2.0.50727; IEMB3; .NET CLR 3.0.4506.2152; .NET CLR 3.5.30729; IEMB3)"
77.184.73.134 - - [01/Sep/2010:13:16:59 +0200] "GET /content/assets/Aktuelles/aktuelles110810.jpg HTTP/1.1" 200 73350 "http://www.awo-kv-bernau.de/content/aktuelles/" "Mozilla/4.0 (compatible; MSIE 8.0; Windows NT 5.1; Trident/4.0; Mozilla/4.0 (compatible; MSIE 6.0; Windows NT 5.1; SV1) ; .NET CLR 1.1.4322; .NET CLR 2.0.50727; IEMB3; .NET CLR 3.0.4506.2152; .NET CLR 3.5.30729; IEMB3)"
77.184.73.134 - - [01/Sep/2010:13:16:59 +0200] "GET /content/themes/blackcandy/images/footer.png HTTP/1.1" 200 884 "http://www.awo-kv-bernau.de/content/aktuelles/" "Mozilla/4.0 (compatible; MSIE 8.0; Windows NT 5.1; Trident/4.0; Mozilla/4.0 (compatible; MSIE 6.0; Windows NT 5.1; SV1) ; .NET CLR 1.1.4322; .NET CLR 2.0.50727; IEMB3; .NET CLR 3.0.4506.2152; .NET CLR 3.5.30729; IEMB3)"
77.184.73.134 - - [01/Sep/2010:13:16:59 +0200] "GET /content/themes/blackcandy/images/subheader.jpg HTTP/1.1" 200 52576 "http://www.awo-kv-bernau.de/content/aktuelles/" "Mozilla/4.0 (compatible; MSIE 8.0; Windows NT 5.1; Trident/4.0; Mozilla/4.0 (compatible; MSIE 6.0; Windows NT 5.1; SV1) ; .NET CLR 1.1.4322; .NET CLR 2.0.50727; IEMB3; .NET CLR 3.0.4506.2152; .NET CLR 3.5.30729; IEMB3)"
77.184.73.134 - - [01/Sep/2010:13:17:00 +0200] "GET /content/themes/blackcandy/images/herz.png HTTP/1.1" 200 344 "http://www.awo-kv-bernau.de/content/aktuelles/" "Mozilla/4.0 (compatible; MSIE 8.0; Windows NT 5.1; Trident/4.0; Mozilla/4.0 (compatible; MSIE 6.0; Windows NT 5.1; SV1) ; .NET CLR 1.1.4322; .NET CLR 2.0.50727; IEMB3; .NET CLR 3.0.4506.2152; .NET CLR 3.5.30729; IEMB3)"
77.184.73.134 - - [01/Sep/2010:13:17:00 +0200] "GET /favicon.ico HTTP/1.1" 404 1256 "-" "Mozilla/4.0 (compatible; MSIE 8.0; Windows NT 5.1; Trident/4.0; Mozilla/4.0 (compatible; MSIE 6.0; Windows NT 5.1; SV1) ; .NET CLR 1.1.4322; .NET CLR 2.0.50727; IEMB3; .NET CLR 3.0.4506.2152; .NET CLR 3.5.30729; IEMB3)"
77.184.73.134 - - [01/Sep/2010:13:17:04 +0200] "GET /content/vorstand/ HTTP/1.1" 200 9356 "http://www.awo-kv-bernau.de/content/aktuelles/" "Mozilla/4.0 (compatible; MSIE 8.0; Windows NT 5.1; Trident/4.0; Mozilla/4.0 (compatible; MSIE 6.0; Windows NT 5.1; SV1) ; .NET CLR 1.1.4322; .NET CLR 2.0.50727; IEMB3; .NET CLR 3.0.4506.2152; .NET CLR 3.5.30729; IEMB3)"
77.184.73.134 - - [01/Sep/2010:13:17:04 +0200] "GET /content/assets/Vorstand/frankpeters1.jpg HTTP/1.1" 200 11748 "http://www.awo-kv-bernau.de/content/vorstand/" "Mozilla/4.0 (compatible; MSIE 8.0; Windows NT 5.1; Trident/4.0; Mozilla/4.0 (compatible; MSIE 6.0; Windows NT 5.1; SV1) ; .NET CLR 1.1.4322; .NET CLR 2.0.50727; IEMB3; .NET CLR 3.0.4506.2152; .NET CLR 3.5.30729; IEMB3)"
77.184.73.134 - - [01/Sep/2010:13:17:04 +0200] "GET /content/assets/Vorstand/vorstand0710.jpg HTTP/1.1" 200 35471 "http://www.awo-kv-bernau.de/content/vorstand/" "Mozilla/4.0 (compatible; MSIE 8.0; Windows NT 5.1; Trident/4.0; Mozilla/4.0 (compatible; MSIE 6.0; Windows NT 5.1; SV1) ; .NET CLR 1.1.4322; .NET CLR 2.0.50727; IEMB3; .NET CLR 3.0.4506.2152; .NET CLR 3.5.30729; IEMB3)"
77.184.73.134 - - [01/Sep/2010:13:17:05 +0200] "GET /favicon.ico HTTP/1.1" 404 1256 "-" "Mozilla/4.0 (compatible; MSIE 8.0; Windows NT 5.1; Trident/4.0; Mozilla/4.0 (compatible; MSIE 6.0; Windows NT 5.1; SV1) ; .NET CLR 1.1.4322; .NET CLR 2.0.50727; IEMB3; .NET CLR 3.0.4506.2152; .NET CLR 3.5.30729; IEMB3)"
77.184.73.134 - - [01/Sep/2010:13:17:50 +0200] "GET /content/kontakt-impressum/ HTTP/1.1" 200 14542 "http://www.awo-kv-bernau.de/content/vorstand/" "Mozilla/4.0 (compatible; MSIE 8.0; Windows NT 5.1; Trident/4.0; Mozilla/4.0 (compatible; MSIE 6.0; Windows NT 5.1; SV1) ; .NET CLR 1.1.4322; .NET CLR 2.0.50727; IEMB3; .NET CLR 3.0.4506.2152; .NET CLR 3.5.30729; IEMB3)"
77.184.73.134 - - [01/Sep/2010:13:17:53 +0200] "GET /content/stellenangebote/ HTTP/1.1" 200 8411 "http://www.awo-kv-bernau.de/content/kontakt-impressum/" "Mozilla/4.0 (compatible; MSIE 8.0; Windows NT 5.1; Trident/4.0; Mozilla/4.0 (compatible; MSIE 6.0; Windows NT 5.1; SV1) ; .NET CLR 1.1.4322; .NET CLR 2.0.50727; IEMB3; .NET CLR 3.0.4506.2152; .NET CLR 3.5.30729; IEMB3)"
