91.63.188.93 - - [03/Sep/2010:12:27:08 +0200] "GET /content/themes/blackcandy/css/ie7.css HTTP/1.1" 304 - "http://www.awo-kv-bernau.de/content/aktuelles/" "Mozilla/4.0 (compatible; MSIE 7.0; Windows NT 5.1; GTB6.5; .NET CLR 1.1.4322; .NET CLR 2.0.50727; .NET CLR 3.0.4506.2152; .NET CLR 3.5.30729)"
91.63.188.93 - - [03/Sep/2010:12:27:08 +0200] "GET /content/themes/blackcandy/css/layout.css?m=1281258825 HTTP/1.1" 304 - "http://www.awo-kv-bernau.de/content/aktuelles/" "Mozilla/4.0 (compatible; MSIE 7.0; Windows NT 5.1; GTB6.5; .NET CLR 1.1.4322; .NET CLR 2.0.50727; .NET CLR 3.0.4506.2152; .NET CLR 3.5.30729)"
91.63.188.93 - - [03/Sep/2010:12:27:08 +0200] "GET /content/themes/blackcandy/css/typography.css?m=1281262824 HTTP/1.1" 304 - "http://www.awo-kv-bernau.de/content/aktuelles/" "Mozilla/4.0 (compatible; MSIE 7.0; Windows NT 5.1; GTB6.5; .NET CLR 1.1.4322; .NET CLR 2.0.50727; .NET CLR 3.0.4506.2152; .NET CLR 3.5.30729)"
91.63.188.93 - - [03/Sep/2010:12:27:08 +0200] "GET /content/themes/blackcandy/css/form.css?m=1277278133 HTTP/1.1" 304 - "http://www.awo-kv-bernau.de/content/aktuelles/" "Mozilla/4.0 (compatible; MSIE 7.0; Windows NT 5.1; GTB6.5; .NET CLR 1.1.4322; .NET CLR 2.0.50727; .NET CLR 3.0.4506.2152; .NET CLR 3.5.30729)"
91.63.188.93 - - [03/Sep/2010:12:27:08 +0200] "GET /content/assets/Aktuelles/aktuelles010910.jpg HTTP/1.1" 304 - "http://www.awo-kv-bernau.de/content/aktuelles/" "Mozilla/4.0 (compatible; MSIE 7.0; Windows NT 5.1; GTB6.5; .NET CLR 1.1.4322; .NET CLR 2.0.50727; .NET CLR 3.0.4506.2152; .NET CLR 3.5.30729)"
91.63.188.93 - - [03/Sep/2010:12:27:08 +0200] "GET /content/assets/Aktuelles/aktuelles110810.jpg HTTP/1.1" 304 - "http://www.awo-kv-bernau.de/content/aktuelles/" "Mozilla/4.0 (compatible; MSIE 7.0; Windows NT 5.1; GTB6.5; .NET CLR 1.1.4322; .NET CLR 2.0.50727; .NET CLR 3.0.4506.2152; .NET CLR 3.5.30729)"
91.63.188.93 - - [03/Sep/2010:12:27:08 +0200] "GET /content/assets/Aktuelles/aktuelles140810.jpg HTTP/1.1" 304 - "http://www.awo-kv-bernau.de/content/aktuelles/" "Mozilla/4.0 (compatible; MSIE 7.0; Windows NT 5.1; GTB6.5; .NET CLR 1.1.4322; .NET CLR 2.0.50727; .NET CLR 3.0.4506.2152; .NET CLR 3.5.30729)"
91.63.188.93 - - [03/Sep/2010:12:27:08 +0200] "GET /content/assets/Aktuelles/aktuelles160710.jpg HTTP/1.1" 304 - "http://www.awo-kv-bernau.de/content/aktuelles/" "Mozilla/4.0 (compatible; MSIE 7.0; Windows NT 5.1; GTB6.5; .NET CLR 1.1.4322; .NET CLR 2.0.50727; .NET CLR 3.0.4506.2152; .NET CLR 3.5.30729)"
91.63.188.93 - - [03/Sep/2010:12:27:08 +0200] "GET /content/assets/Aktuelles/awologo.jpg HTTP/1.1" 304 - "http://www.awo-kv-bernau.de/content/aktuelles/" "Mozilla/4.0 (compatible; MSIE 7.0; Windows NT 5.1; GTB6.5; .NET CLR 1.1.4322; .NET CLR 2.0.50727; .NET CLR 3.0.4506.2152; .NET CLR 3.5.30729)"
91.63.188.93 - - [03/Sep/2010:12:27:08 +0200] "GET /content/themes/blackcandy/images/headerRounded.png HTTP/1.1" 304 - "http://www.awo-kv-bernau.de/content/aktuelles/" "Mozilla/4.0 (compatible; MSIE 7.0; Windows NT 5.1; GTB6.5; .NET CLR 1.1.4322; .NET CLR 2.0.50727; .NET CLR 3.0.4506.2152; .NET CLR 3.5.30729)"
91.63.188.93 - - [03/Sep/2010:12:27:08 +0200] "GET /content/themes/blackcandy/images/header.jpg HTTP/1.1" 304 - "http://www.awo-kv-bernau.de/content/aktuelles/" "Mozilla/4.0 (compatible; MSIE 7.0; Windows NT 5.1; GTB6.5; .NET CLR 1.1.4322; .NET CLR 2.0.50727; .NET CLR 3.0.4506.2152; .NET CLR 3.5.30729)"
91.63.188.93 - - [03/Sep/2010:12:27:09 +0200] "GET /content/themes/blackcandy/images/activeTabLeft.png HTTP/1.1" 304 - "http://www.awo-kv-bernau.de/content/aktuelles/" "Mozilla/4.0 (compatible; MSIE 7.0; Windows NT 5.1; GTB6.5; .NET CLR 1.1.4322; .NET CLR 2.0.50727; .NET CLR 3.0.4506.2152; .NET CLR 3.5.30729)"
91.63.188.93 - - [03/Sep/2010:12:27:09 +0200] "GET /content/themes/blackcandy/images/activeTabRight.png HTTP/1.1" 304 - "http://www.awo-kv-bernau.de/content/aktuelles/" "Mozilla/4.0 (compatible; MSIE 7.0; Windows NT 5.1; GTB6.5; .NET CLR 1.1.4322; .NET CLR 2.0.50727; .NET CLR 3.0.4506.2152; .NET CLR 3.5.30729)"
91.63.188.93 - - [03/Sep/2010:12:27:09 +0200] "GET /content/themes/blackcandy/images/subheader.jpg HTTP/1.1" 304 - "http://www.awo-kv-bernau.de/content/aktuelles/" "Mozilla/4.0 (compatible; MSIE 7.0; Windows NT 5.1; GTB6.5; .NET CLR 1.1.4322; .NET CLR 2.0.50727; .NET CLR 3.0.4506.2152; .NET CLR 3.5.30729)"
91.63.188.93 - - [03/Sep/2010:12:27:09 +0200] "GET /content/themes/blackcandy/images/herz.png HTTP/1.1" 304 - "http://www.awo-kv-bernau.de/content/aktuelles/" "Mozilla/4.0 (compatible; MSIE 7.0; Windows NT 5.1; GTB6.5; .NET CLR 1.1.4322; .NET CLR 2.0.50727; .NET CLR 3.0.4506.2152; .NET CLR 3.5.30729)"
91.63.188.93 - - [03/Sep/2010:12:27:09 +0200] "GET /content/themes/blackcandy/images/footer.png HTTP/1.1" 304 - "http://www.awo-kv-bernau.de/content/aktuelles/" "Mozilla/4.0 (compatible; MSIE 7.0; Windows NT 5.1; GTB6.5; .NET CLR 1.1.4322; .NET CLR 2.0.50727; .NET CLR 3.0.4506.2152; .NET CLR 3.5.30729)"
91.63.188.93 - - [03/Sep/2010:12:27:29 +0200] "GET /content/themes/blackcandy/images/hoverTabLeft.png HTTP/1.1" 200 400 "http://www.awo-kv-bernau.de/content/aktuelles/" "Mozilla/4.0 (compatible; MSIE 7.0; Windows NT 5.1; GTB6.5; .NET CLR 1.1.4322; .NET CLR 2.0.50727; .NET CLR 3.0.4506.2152; .NET CLR 3.5.30729)"
91.63.188.93 - - [03/Sep/2010:12:27:29 +0200] "GET /content/themes/blackcandy/images/hoverTabRight.png HTTP/1.1" 200 429 "http://www.awo-kv-bernau.de/content/aktuelles/" "Mozilla/4.0 (compatible; MSIE 7.0; Windows NT 5.1; GTB6.5; .NET CLR 1.1.4322; .NET CLR 2.0.50727; .NET CLR 3.0.4506.2152; .NET CLR 3.5.30729)"
65.52.51.180 - - [03/Sep/2010:12:28:10 +0200] "GET /robots.txt HTTP/1.1" 404 1256 "-" "msnbot/2.0b (+http://search.msn.com/msnbot.htm)"
87.187.151.173 - - [03/Sep/2010:12:28:10 +0200] "GET /content/aktuelles/ HTTP/1.1" 200 10044 "-" "Mozilla/4.0 (compatible; MSIE 6.0; Windows NT 5.1; SV1; .NET CLR 2.0.50727; .NET CLR 3.0.04506.30; .NET CLR 3.0.4506.2152; .NET CLR 3.5.30729)"
87.187.151.173 - - [03/Sep/2010:12:28:11 +0200] "GET /content/themes/blackcandy/images/sidebarBottomBg.gif HTTP/1.1" 404 1256 "http://www.awo-kv-bernau.de/content/aktuelles/" "Mozilla/4.0 (compatible; MSIE 6.0; Windows NT 5.1; SV1; .NET CLR 2.0.50727; .NET CLR 3.0.04506.30; .NET CLR 3.0.4506.2152; .NET CLR 3.5.30729)"
66.249.71.40 - - [03/Sep/2010:12:29:04 +0200] "GET /content/kalender/jax_calendar.php?Y=-10148&m=12&d=27&view=d1 HTTP/1.1" 200 12061 "-" "Mozilla/5.0 (compatible; Googlebot/2.1; +http://www.google.com/bot.html)"
91.63.188.93 - - [03/Sep/2010:12:29:43 +0200] "GET /content/assets/Stellenanzeigen/stellenbeschreibungerzieher012010.pdf HTTP/1.1" 200 38159 "http://www.sozialedienste-awo.de/content/stellenangebote/" "Mozilla/4.0 (compatible; MSIE 7.0; Windows NT 5.1; GTB6.5; .NET CLR 1.1.4322; .NET CLR 2.0.50727; .NET CLR 3.0.4506.2152; .NET CLR 3.5.30729)"
87.187.145.88 - - [03/Sep/2010:12:30:15 +0200] "GET / HTTP/1.1" 302 - "http://www.google.de/search?aq=f&sourceid=chrome&ie=UTF-8&q=awo+bernau" "Mozilla/5.0 (Windows; U; Windows NT 5.1; en-US) AppleWebKit/533.4 (KHTML, like Gecko) Chrome/5.0.375.127 Safari/533.4"
87.187.145.88 - - [03/Sep/2010:12:30:15 +0200] "GET /content/aktuelles/ HTTP/1.1" 200 10044 "http://www.google.de/search?aq=f&sourceid=chrome&ie=UTF-8&q=awo+bernau" "Mozilla/5.0 (Windows; U; Windows NT 5.1; en-US) AppleWebKit/533.4 (KHTML, like Gecko) Chrome/5.0.375.127 Safari/533.4"
87.187.145.88 - - [03/Sep/2010:12:30:16 +0200] "GET /favicon.ico HTTP/1.1" 404 1256 "-" "Mozilla/5.0 (Windows; U; Windows NT 5.1; en-US) AppleWebKit/533.4 (KHTML, like Gecko) Chrome/5.0.375.127 Safari/533.4"
87.187.145.88 - - [03/Sep/2010:12:30:20 +0200] "GET /content/vorstand/ HTTP/1.1" 200 9356 "http://www.awo-kv-bernau.de/content/aktuelles/" "Mozilla/5.0 (Windows; U; Windows NT 5.1; en-US) AppleWebKit/533.4 (KHTML, like Gecko) Chrome/5.0.375.127 Safari/533.4"
87.187.145.88 - - [03/Sep/2010:12:30:20 +0200] "GET /content/assets/Vorstand/vorstand0710.jpg HTTP/1.1" 200 35471 "http://www.awo-kv-bernau.de/content/vorstand/" "Mozilla/5.0 (Windows; U; Windows NT 5.1; en-US) AppleWebKit/533.4 (KHTML, like Gecko) Chrome/5.0.375.127 Safari/533.4"
87.187.145.88 - - [03/Sep/2010:12:30:20 +0200] "GET /content/assets/Vorstand/frankpeters1.jpg HTTP/1.1" 200 11748 "http://www.awo-kv-bernau.de/content/vorstand/" "Mozilla/5.0 (Windows; U; Windows NT 5.1; en-US) AppleWebKit/533.4 (KHTML, like Gecko) Chrome/5.0.375.127 Safari/533.4"
87.187.145.88 - - [03/Sep/2010:12:30:21 +0200] "GET /favicon.ico HTTP/1.1" 404 1256 "-" "Mozilla/5.0 (Windows; U; Windows NT 5.1; en-US) AppleWebKit/533.4 (KHTML, like Gecko) Chrome/5.0.375.127 Safari/533.4"
87.187.145.88 - - [03/Sep/2010:12:30:26 +0200] "GET /content/kontakt-impressum/ HTTP/1.1" 200 14542 "http://www.awo-kv-bernau.de/content/vorstand/" "Mozilla/5.0 (Windows; U; Windows NT 5.1; en-US) AppleWebKit/533.4 (KHTML, like Gecko) Chrome/5.0.375.127 Safari/533.4"
87.187.145.88 - - [03/Sep/2010:12:30:27 +0200] "GET /favicon.ico HTTP/1.1" 404 1256 "-" "Mozilla/5.0 (Windows; U; Windows NT 5.1; en-US) AppleWebKit/533.4 (KHTML, like Gecko) Chrome/5.0.375.127 Safari/533.4"
91.63.188.93 - - [03/Sep/2010:12:30:34 +0200] "GET /content/assets/Stellenanzeigen/ausschreibungpraesenzkraft.pdf HTTP/1.1" 200 13559 "http://www.sozialedienste-awo.de/content/stellenangebote/" "Mozilla/4.0 (compatible; MSIE 7.0; Windows NT 5.1; GTB6.5; .NET CLR 1.1.4322; .NET CLR 2.0.50727; .NET CLR 3.0.4506.2152; .NET CLR 3.5.30729)"
91.63.188.93 - - [03/Sep/2010:12:31:30 +0200] "GET /content/assets/Stellenanzeigen/stellejugendkoordinatorin082010.pdf HTTP/1.1" 200 27204 "http://www.sozialedienste-awo.de/content/stellenangebote/" "Mozilla/4.0 (compatible; MSIE 7.0; Windows NT 5.1; GTB6.5; .NET CLR 1.1.4322; .NET CLR 2.0.50727; .NET CLR 3.0.4506.2152; .NET CLR 3.5.30729)"
66.249.71.40 - - [03/Sep/2010:12:32:33 +0200] "GET /content/kalender/jax_calendar.php?Y=1579&m=6&d=18&view=d1 HTTP/1.1" 200 11803 "-" "Mozilla/5.0 (compatible; Googlebot/2.1; +http://www.google.com/bot.html)"
91.63.188.93 - - [03/Sep/2010:12:32:43 +0200] "GET /content/assets/Spenden/spenden010910.jpg HTTP/1.1" 200 37422 "http://www.sozialedienste-awo.de/content/spenden/" "Mozilla/4.0 (compatible; MSIE 7.0; Windows NT 5.1; GTB6.5; .NET CLR 1.1.4322; .NET CLR 2.0.50727; .NET CLR 3.0.4506.2152; .NET CLR 3.5.30729)"
91.63.188.93 - - [03/Sep/2010:12:32:43 +0200] "GET /content/assets/Spenden/spendekochbus.jpg HTTP/1.1" 200 53828 "http://www.sozialedienste-awo.de/content/spenden/" "Mozilla/4.0 (compatible; MSIE 7.0; Windows NT 5.1; GTB6.5; .NET CLR 1.1.4322; .NET CLR 2.0.50727; .NET CLR 3.0.4506.2152; .NET CLR 3.5.30729)"
66.249.71.40 - - [03/Sep/2010:12:33:40 +0200] "GET /content/kalender/jax_calendar.php?Y=2009&m=11&d=13&view=d1&language=english HTTP/1.1" 200 11117 "-" "Mozilla/5.0 (compatible; Googlebot/2.1; +http://www.google.com/bot.html)"
87.230.47.8 - - [03/Sep/2010:12:36:15 +0200] "HEAD / HTTP/1.1" 302 - "-" "-"
87.230.47.8 - - [03/Sep/2010:12:36:16 +0200] "HEAD /content/aktuelles/ HTTP/1.1" 200 - "-" "-"
66.249.71.40 - - [03/Sep/2010:12:37:12 +0200] "GET /content/kalender/jax_calendar.php?Y=-10149&m=5&d=2&view=d1 HTTP/1.1" 200 11958 "-" "Mozilla/5.0 (compatible; Googlebot/2.1; +http://www.google.com/bot.html)"
66.249.71.40 - - [03/Sep/2010:12:39:47 +0200] "GET /content/kalender/jax_calendar.php?Y=4491&m=8&d=33&cal_id=0&language=german&gmt_ofs=-1&view=d1 HTTP/1.1" 200 11705 "-" "Mozilla/5.0 (compatible; Googlebot/2.1; +http://www.google.com/bot.html)"
188.103.96.246 - - [03/Sep/2010:12:40:45 +0200] "GET / HTTP/1.1" 302 - "http://www.google.de/search?hl=de&source=hp&q=awo+bernau&aq=f&aqi=g2&aql=&oq=&gs_rfai=&fp=b1260c14b9c14870" "Mozilla/5.0 (Windows; U; Windows NT 5.1; de; rv:1.9.2.8) Gecko/20100722 Firefox/3.6.8"
188.103.96.246 - - [03/Sep/2010:12:40:45 +0200] "GET /content/aktuelles/ HTTP/1.1" 200 10044 "http://www.google.de/search?hl=de&source=hp&q=awo+bernau&aq=f&aqi=g2&aql=&oq=&gs_rfai=&fp=b1260c14b9c14870" "Mozilla/5.0 (Windows; U; Windows NT 5.1; de; rv:1.9.2.8) Gecko/20100722 Firefox/3.6.8"
66.249.71.40 - - [03/Sep/2010:12:43:26 +0200] "GET /content/kalender/jax_calendar.php?Y=-10019&m=12&d=2&view=d1&language=english HTTP/1.1" 200 11861 "-" "Mozilla/5.0 (compatible; Googlebot/2.1; +http://www.google.com/bot.html)"
188.103.96.246 - - [03/Sep/2010:12:43:42 +0200] "GET /content/assets/Aktuelles/aktuelles010910.jpg HTTP/1.1" 200 29458 "http://www.sozialedienste-awo.de/content/aktuelles/" "Mozilla/5.0 (Windows; U; Windows NT 5.1; de; rv:1.9.2.8) Gecko/20100722 Firefox/3.6.8"
188.103.96.246 - - [03/Sep/2010:12:43:42 +0200] "GET /content/assets/Aktuelles/aktuelles140810.jpg HTTP/1.1" 200 20737 "http://www.sozialedienste-awo.de/content/aktuelles/" "Mozilla/5.0 (Windows; U; Windows NT 5.1; de; rv:1.9.2.8) Gecko/20100722 Firefox/3.6.8"
188.103.96.246 - - [03/Sep/2010:12:43:42 +0200] "GET /content/assets/Aktuelles/awologo.jpg HTTP/1.1" 200 2292 "http://www.sozialedienste-awo.de/content/aktuelles/" "Mozilla/5.0 (Windows; U; Windows NT 5.1; de; rv:1.9.2.8) Gecko/20100722 Firefox/3.6.8"
188.103.96.246 - - [03/Sep/2010:12:43:42 +0200] "GET /content/assets/Aktuelles/aktuelles160710.jpg HTTP/1.1" 200 17303 "http://www.sozialedienste-awo.de/content/aktuelles/" "Mozilla/5.0 (Windows; U; Windows NT 5.1; de; rv:1.9.2.8) Gecko/20100722 Firefox/3.6.8"
188.103.96.246 - - [03/Sep/2010:12:43:42 +0200] "GET /content/assets/Aktuelles/aktuelles110810.jpg HTTP/1.1" 200 73350 "http://www.sozialedienste-awo.de/content/aktuelles/" "Mozilla/5.0 (Windows; U; Windows NT 5.1; de; rv:1.9.2.8) Gecko/20100722 Firefox/3.6.8"
188.103.96.246 - - [03/Sep/2010:12:44:24 +0200] "GET /content/assets/Stellenanzeigen/stellenbeschreibungffhoeren012010.pdf HTTP/1.1" 200 46362 "http://www.sozialedienste-awo.de/content/stellenangebote/" "Mozilla/5.0 (Windows; U; Windows NT 5.1; de; rv:1.9.2.8) Gecko/20100722 Firefox/3.6.8"
66.249.71.40 - - [03/Sep/2010:12:46:01 +0200] "GET /content/kalender/jax_calendar.php?Y=-10147&m=3&d=35&view=d1 HTTP/1.1" 200 11995 "-" "Mozilla/5.0 (compatible; Googlebot/2.1; +http://www.google.com/bot.html)"
66.249.71.40 - - [03/Sep/2010:12:48:41 +0200] "GET /content/kalender/jax_calendar.php?Y=-10137&m=10&d=4&view=d1 HTTP/1.1" 200 12024 "-" "Mozilla/5.0 (compatible; Googlebot/2.1; +http://www.google.com/bot.html)"
66.249.71.40 - - [03/Sep/2010:12:51:21 +0200] "GET /content/kalender/jax_calendar.php?Y=-10146&m=11&d=8&cal_id=0&language=german&gmt_ofs=-1&view=d1 HTTP/1.1" 200 11926 "-" "Mozilla/5.0 (compatible; Googlebot/2.1; +http://www.google.com/bot.html)"
178.0.25.127 - - [03/Sep/2010:12:51:48 +0200] "GET /content/kinderland/ HTTP/1.1" 200 20474 "http://www.google.de/url?sa=t&source=web&cd=6&ved=0CDAQFjAF&url=http%3A%2F%2Fwww.awo-kv-bernau.de%2Fcontent%2Fkinderland%2F&rct=j&q=intergrationskindergarten%20eberswalde&ei=GdOATJzDL46ROKTKvdoO&usg=AFQjCNGtBxxHLPu1DH_6N8bkGWnCz4AGAg&cad=rja" "Mozilla/5.0 (Windows; U; Windows NT 6.0; de; rv:1.9.0.4) Gecko/2008102920 Firefox/3.0.4 (.NET CLR 3.5.30729)"
178.0.25.127 - - [03/Sep/2010:12:51:49 +0200] "GET /favicon.ico HTTP/1.1" 404 1256 "-" "Mozilla/5.0 (Windows; U; Windows NT 6.0; de; rv:1.9.0.4) Gecko/2008102920 Firefox/3.0.4 (.NET CLR 3.5.30729)"
178.0.25.127 - - [03/Sep/2010:12:51:49 +0200] "GET /content/themes/blackcandy/css/layout.css?m=1281258825 HTTP/1.1" 200 9945 "http://www.awo-kv-bernau.de/content/kinderland/" "Mozilla/5.0 (Windows; U; Windows NT 6.0; de; rv:1.9.0.4) Gecko/2008102920 Firefox/3.0.4 (.NET CLR 3.5.30729)"
178.0.25.127 - - [03/Sep/2010:12:51:49 +0200] "GET /content/themes/blackcandy/css/typography.css?m=1281262824 HTTP/1.1" 200 5090 "http://www.awo-kv-bernau.de/content/kinderland/" "Mozilla/5.0 (Windows; U; Windows NT 6.0; de; rv:1.9.0.4) Gecko/2008102920 Firefox/3.0.4 (.NET CLR 3.5.30729)"
178.0.25.127 - - [03/Sep/2010:12:51:49 +0200] "GET /content/themes/blackcandy/css/form.css?m=1277278133 HTTP/1.1" 200 1856 "http://www.awo-kv-bernau.de/content/kinderland/" "Mozilla/5.0 (Windows; U; Windows NT 6.0; de; rv:1.9.0.4) Gecko/2008102920 Firefox/3.0.4 (.NET CLR 3.5.30729)"
178.0.25.127 - - [03/Sep/2010:12:51:49 +0200] "GET /content/assets/Kitas/KitaKinderland/kinderland300810.jpg HTTP/1.1" 200 14482 "http://www.awo-kv-bernau.de/content/kinderland/" "Mozilla/5.0 (Windows; U; Windows NT 6.0; de; rv:1.9.0.4) Gecko/2008102920 Firefox/3.0.4 (.NET CLR 3.5.30729)"
178.0.25.127 - - [03/Sep/2010:12:51:49 +0200] "GET /content/assets/Kitas/KitaKinderland/english.jpg HTTP/1.1" 200 30588 "http://www.awo-kv-bernau.de/content/kinderland/" "Mozilla/5.0 (Windows; U; Windows NT 6.0; de; rv:1.9.0.4) Gecko/2008102920 Firefox/3.0.4 (.NET CLR 3.5.30729)"
178.0.25.127 - - [03/Sep/2010:12:51:49 +0200] "GET /content/assets/Kitas/KitaKinderland/kinderlandtop2.jpg HTTP/1.1" 200 34631 "http://www.awo-kv-bernau.de/content/kinderland/" "Mozilla/5.0 (Windows; U; Windows NT 6.0; de; rv:1.9.0.4) Gecko/2008102920 Firefox/3.0.4 (.NET CLR 3.5.30729)"
178.0.25.127 - - [03/Sep/2010:12:51:49 +0200] "GET /content/assets/Kitas/KitaKinderland/foerderung.jpg HTTP/1.1" 200 32495 "http://www.awo-kv-bernau.de/content/kinderland/" "Mozilla/5.0 (Windows; U; Windows NT 6.0; de; rv:1.9.0.4) Gecko/2008102920 Firefox/3.0.4 (.NET CLR 3.5.30729)"
178.0.25.127 - - [03/Sep/2010:12:51:49 +0200] "GET /content/assets/Kitas/KitaKinderland/kinderland1.jpg HTTP/1.1" 200 58178 "http://www.awo-kv-bernau.de/content/kinderland/" "Mozilla/5.0 (Windows; U; Windows NT 6.0; de; rv:1.9.0.4) Gecko/2008102920 Firefox/3.0.4 (.NET CLR 3.5.30729)"
178.0.25.127 - - [03/Sep/2010:12:51:49 +0200] "GET /content/assets/Kitas/KitaKinderland/kinderland2.jpg HTTP/1.1" 200 55721 "http://www.awo-kv-bernau.de/content/kinderland/" "Mozilla/5.0 (Windows; U; Windows NT 6.0; de; rv:1.9.0.4) Gecko/2008102920 Firefox/3.0.4 (.NET CLR 3.5.30729)"
178.0.25.127 - - [03/Sep/2010:12:51:49 +0200] "GET /content/themes/blackcandy/images/headerRounded.png HTTP/1.1" 200 763 "http://www.awo-kv-bernau.de/content/themes/blackcandy/css/layout.css?m=1281258825" "Mozilla/5.0 (Windows; U; Windows NT 6.0; de; rv:1.9.0.4) Gecko/2008102920 Firefox/3.0.4 (.NET CLR 3.5.30729)"
178.0.25.127 - - [03/Sep/2010:12:51:49 +0200] "GET /content/themes/blackcandy/images/activeTabLeft.png HTTP/1.1" 200 433 "http://www.awo-kv-bernau.de/content/themes/blackcandy/css/layout.css?m=1281258825" "Mozilla/5.0 (Windows; U; Windows NT 6.0; de; rv:1.9.0.4) Gecko/2008102920 Firefox/3.0.4 (.NET CLR 3.5.30729)"
178.0.25.127 - - [03/Sep/2010:12:51:49 +0200] "GET /content/assets/Kitas/KitaKinderland/kinderland0.jpg HTTP/1.1" 200 63798 "http://www.awo-kv-bernau.de/content/kinderland/" "Mozilla/5.0 (Windows; U; Windows NT 6.0; de; rv:1.9.0.4) Gecko/2008102920 Firefox/3.0.4 (.NET CLR 3.5.30729)"
178.0.25.127 - - [03/Sep/2010:12:51:49 +0200] "GET /content/themes/blackcandy/images/header.jpg HTTP/1.1" 200 45038 "http://www.awo-kv-bernau.de/content/themes/blackcandy/css/layout.css?m=1281258825" "Mozilla/5.0 (Windows; U; Windows NT 6.0; de; rv:1.9.0.4) Gecko/2008102920 Firefox/3.0.4 (.NET CLR 3.5.30729)"
178.0.25.127 - - [03/Sep/2010:12:51:49 +0200] "GET /content/themes/blackcandy/images/activeTabRight.png HTTP/1.1" 200 433 "http://www.awo-kv-bernau.de/content/themes/blackcandy/css/layout.css?m=1281258825" "Mozilla/5.0 (Windows; U; Windows NT 6.0; de; rv:1.9.0.4) Gecko/2008102920 Firefox/3.0.4 (.NET CLR 3.5.30729)"
178.0.25.127 - - [03/Sep/2010:12:51:49 +0200] "GET /content/themes/blackcandy/images/subheader.jpg HTTP/1.1" 200 52576 "http://www.awo-kv-bernau.de/content/themes/blackcandy/css/layout.css?m=1281258825" "Mozilla/5.0 (Windows; U; Windows NT 6.0; de; rv:1.9.0.4) Gecko/2008102920 Firefox/3.0.4 (.NET CLR 3.5.30729)"
178.0.25.127 - - [03/Sep/2010:12:51:49 +0200] "GET /content/themes/blackcandy/images/herz.png HTTP/1.1" 200 344 "http://www.awo-kv-bernau.de/content/themes/blackcandy/css/layout.css?m=1281258825" "Mozilla/5.0 (Windows; U; Windows NT 6.0; de; rv:1.9.0.4) Gecko/2008102920 Firefox/3.0.4 (.NET CLR 3.5.30729)"
178.0.25.127 - - [03/Sep/2010:12:51:49 +0200] "GET /content/assets/Kitas/KitaKinderland/kinderland3.jpg HTTP/1.1" 200 81117 "http://www.awo-kv-bernau.de/content/kinderland/" "Mozilla/5.0 (Windows; U; Windows NT 6.0; de; rv:1.9.0.4) Gecko/2008102920 Firefox/3.0.4 (.NET CLR 3.5.30729)"
178.0.25.127 - - [03/Sep/2010:12:51:49 +0200] "GET /content/themes/blackcandy/images/icons/page_white_acrobat.png HTTP/1.1" 200 591 "http://www.awo-kv-bernau.de/content/themes/blackcandy/css/typography.css?m=1281262824" "Mozilla/5.0 (Windows; U; Windows NT 6.0; de; rv:1.9.0.4) Gecko/2008102920 Firefox/3.0.4 (.NET CLR 3.5.30729)"
178.0.25.127 - - [03/Sep/2010:12:51:49 +0200] "GET /content/themes/blackcandy/images/footer.png HTTP/1.1" 200 884 "http://www.awo-kv-bernau.de/content/themes/blackcandy/css/layout.css?m=1281258825" "Mozilla/5.0 (Windows; U; Windows NT 6.0; de; rv:1.9.0.4) Gecko/2008102920 Firefox/3.0.4 (.NET CLR 3.5.30729)"
178.0.25.127 - - [03/Sep/2010:12:51:51 +0200] "GET /favicon.ico HTTP/1.1" 404 1256 "-" "Mozilla/5.0 (Windows; U; Windows NT 6.0; de; rv:1.9.0.4) Gecko/2008102920 Firefox/3.0.4 (.NET CLR 3.5.30729)"
87.187.151.173 - - [03/Sep/2010:12:52:57 +0200] "GET /content/kalender/jax_calendar.php?language=German HTTP/1.1" 200 32607 "http://www.sozialedienste-awo.de/content/veranstaltungskalender/" "Mozilla/4.0 (compatible; MSIE 6.0; Windows NT 5.1; SV1; .NET CLR 1.1.4322)"
87.187.151.173 - - [03/Sep/2010:12:52:58 +0200] "GET /content/kalender/css/default.css HTTP/1.1" 200 6070 "http://www.awo-kv-bernau.de/content/kalender/jax_calendar.php?language=German" "Mozilla/4.0 (compatible; MSIE 6.0; Windows NT 5.1; SV1; .NET CLR 1.1.4322)"
87.187.151.173 - - [03/Sep/2010:12:52:58 +0200] "GET /content/kalender/modules/quick_select_popup.js HTTP/1.1" 200 2660 "http://www.awo-kv-bernau.de/content/kalender/jax_calendar.php?language=German" "Mozilla/4.0 (compatible; MSIE 6.0; Windows NT 5.1; SV1; .NET CLR 1.1.4322)"
87.187.151.173 - - [03/Sep/2010:12:52:58 +0200] "GET /content/kalender/images/prev_year_wb.gif HTTP/1.1" 200 91 "http://www.awo-kv-bernau.de/content/kalender/jax_calendar.php?language=German" "Mozilla/4.0 (compatible; MSIE 6.0; Windows NT 5.1; SV1; .NET CLR 1.1.4322)"
87.187.151.173 - - [03/Sep/2010:12:52:58 +0200] "GET /content/kalender/images/prev_month_wb.gif HTTP/1.1" 200 92 "http://www.awo-kv-bernau.de/content/kalender/jax_calendar.php?language=German" "Mozilla/4.0 (compatible; MSIE 6.0; Windows NT 5.1; SV1; .NET CLR 1.1.4322)"
87.187.151.173 - - [03/Sep/2010:12:52:58 +0200] "GET /content/kalender/images/next_month_wb.gif HTTP/1.1" 200 95 "http://www.awo-kv-bernau.de/content/kalender/jax_calendar.php?language=German" "Mozilla/4.0 (compatible; MSIE 6.0; Windows NT 5.1; SV1; .NET CLR 1.1.4322)"
87.187.151.173 - - [03/Sep/2010:12:52:58 +0200] "GET /content/kalender/images/next_year_wb.gif HTTP/1.1" 200 93 "http://www.awo-kv-bernau.de/content/kalender/jax_calendar.php?language=German" "Mozilla/4.0 (compatible; MSIE 6.0; Windows NT 5.1; SV1; .NET CLR 1.1.4322)"
87.187.151.173 - - [03/Sep/2010:12:52:58 +0200] "GET /content/kalender/images/back_today.gif HTTP/1.1" 200 78 "http://www.awo-kv-bernau.de/content/kalender/jax_calendar.php?language=German" "Mozilla/4.0 (compatible; MSIE 6.0; Windows NT 5.1; SV1; .NET CLR 1.1.4322)"
66.249.71.40 - - [03/Sep/2010:12:54:02 +0200] "GET /content/kalender/jax_calendar.php?Y=-10154&m=5&d=10&view=d1 HTTP/1.1" 200 11994 "-" "Mozilla/5.0 (compatible; Googlebot/2.1; +http://www.google.com/bot.html)"
85.16.221.195 - - [03/Sep/2010:12:55:12 +0200] "GET / HTTP/1.1" 302 - "http://www.awo-brandenburg.de/public/677140/" "Mozilla/5.0 (Windows; U; Windows NT 5.1; de; rv:1.9.2.8) Gecko/20100722 Firefox/3.6.8"
85.16.221.195 - - [03/Sep/2010:12:55:13 +0200] "GET /content/aktuelles/ HTTP/1.1" 200 10044 "http://www.awo-brandenburg.de/public/677140/" "Mozilla/5.0 (Windows; U; Windows NT 5.1; de; rv:1.9.2.8) Gecko/20100722 Firefox/3.6.8"
85.16.221.195 - - [03/Sep/2010:12:55:13 +0200] "GET /content/themes/blackcandy/css/layout.css?m=1281258825 HTTP/1.1" 200 9945 "http://www.awo-kv-bernau.de/content/aktuelles/" "Mozilla/5.0 (Windows; U; Windows NT 5.1; de; rv:1.9.2.8) Gecko/20100722 Firefox/3.6.8"
85.16.221.195 - - [03/Sep/2010:12:55:13 +0200] "GET /content/themes/blackcandy/css/typography.css?m=1281262824 HTTP/1.1" 200 5090 "http://www.awo-kv-bernau.de/content/aktuelles/" "Mozilla/5.0 (Windows; U; Windows NT 5.1; de; rv:1.9.2.8) Gecko/20100722 Firefox/3.6.8"
85.16.221.195 - - [03/Sep/2010:12:55:13 +0200] "GET /content/themes/blackcandy/css/form.css?m=1277278133 HTTP/1.1" 200 1856 "http://www.awo-kv-bernau.de/content/aktuelles/" "Mozilla/5.0 (Windows; U; Windows NT 5.1; de; rv:1.9.2.8) Gecko/20100722 Firefox/3.6.8"
85.16.221.195 - - [03/Sep/2010:12:55:13 +0200] "GET /favicon.ico HTTP/1.1" 404 1256 "-" "Mozilla/5.0 (Windows; U; Windows NT 5.1; de; rv:1.9.2.8) Gecko/20100722 Firefox/3.6.8"
85.16.221.195 - - [03/Sep/2010:12:55:13 +0200] "GET /content/assets/Aktuelles/aktuelles010910.jpg HTTP/1.1" 200 29458 "http://www.awo-kv-bernau.de/content/aktuelles/" "Mozilla/5.0 (Windows; U; Windows NT 5.1; de; rv:1.9.2.8) Gecko/20100722 Firefox/3.6.8"
85.16.221.195 - - [03/Sep/2010:12:55:13 +0200] "GET /content/assets/Aktuelles/aktuelles140810.jpg HTTP/1.1" 200 20737 "http://www.awo-kv-bernau.de/content/aktuelles/" "Mozilla/5.0 (Windows; U; Windows NT 5.1; de; rv:1.9.2.8) Gecko/20100722 Firefox/3.6.8"
85.16.221.195 - - [03/Sep/2010:12:55:13 +0200] "GET /content/assets/Aktuelles/aktuelles160710.jpg HTTP/1.1" 200 17303 "http://www.awo-kv-bernau.de/content/aktuelles/" "Mozilla/5.0 (Windows; U; Windows NT 5.1; de; rv:1.9.2.8) Gecko/20100722 Firefox/3.6.8"
85.16.221.195 - - [03/Sep/2010:12:55:13 +0200] "GET /content/assets/Aktuelles/awologo.jpg HTTP/1.1" 200 2292 "http://www.awo-kv-bernau.de/content/aktuelles/" "Mozilla/5.0 (Windows; U; Windows NT 5.1; de; rv:1.9.2.8) Gecko/20100722 Firefox/3.6.8"
85.16.221.195 - - [03/Sep/2010:12:55:14 +0200] "GET /content/themes/blackcandy/images/header.jpg HTTP/1.1" 200 45038 "http://www.awo-kv-bernau.de/content/themes/blackcandy/css/layout.css?m=1281258825" "Mozilla/5.0 (Windows; U; Windows NT 5.1; de; rv:1.9.2.8) Gecko/20100722 Firefox/3.6.8"
85.16.221.195 - - [03/Sep/2010:12:55:14 +0200] "GET /content/themes/blackcandy/images/headerRounded.png HTTP/1.1" 200 763 "http://www.awo-kv-bernau.de/content/themes/blackcandy/css/layout.css?m=1281258825" "Mozilla/5.0 (Windows; U; Windows NT 5.1; de; rv:1.9.2.8) Gecko/20100722 Firefox/3.6.8"
85.16.221.195 - - [03/Sep/2010:12:55:14 +0200] "GET /content/themes/blackcandy/images/activeTabLeft.png HTTP/1.1" 200 433 "http://www.awo-kv-bernau.de/content/themes/blackcandy/css/layout.css?m=1281258825" "Mozilla/5.0 (Windows; U; Windows NT 5.1; de; rv:1.9.2.8) Gecko/20100722 Firefox/3.6.8"
85.16.221.195 - - [03/Sep/2010:12:55:13 +0200] "GET /content/assets/Aktuelles/aktuelles110810.jpg HTTP/1.1" 200 73350 "http://www.awo-kv-bernau.de/content/aktuelles/" "Mozilla/5.0 (Windows; U; Windows NT 5.1; de; rv:1.9.2.8) Gecko/20100722 Firefox/3.6.8"
85.16.221.195 - - [03/Sep/2010:12:55:14 +0200] "GET /content/themes/blackcandy/images/activeTabRight.png HTTP/1.1" 200 433 "http://www.awo-kv-bernau.de/content/themes/blackcandy/css/layout.css?m=1281258825" "Mozilla/5.0 (Windows; U; Windows NT 5.1; de; rv:1.9.2.8) Gecko/20100722 Firefox/3.6.8"
85.16.221.195 - - [03/Sep/2010:12:55:14 +0200] "GET /content/themes/blackcandy/images/subheader.jpg HTTP/1.1" 200 52576 "http://www.awo-kv-bernau.de/content/themes/blackcandy/css/layout.css?m=1281258825" "Mozilla/5.0 (Windows; U; Windows NT 5.1; de; rv:1.9.2.8) Gecko/20100722 Firefox/3.6.8"
85.16.221.195 - - [03/Sep/2010:12:55:14 +0200] "GET /content/themes/blackcandy/images/herz.png HTTP/1.1" 200 344 "http://www.awo-kv-bernau.de/content/themes/blackcandy/css/layout.css?m=1281258825" "Mozilla/5.0 (Windows; U; Windows NT 5.1; de; rv:1.9.2.8) Gecko/20100722 Firefox/3.6.8"
85.16.221.195 - - [03/Sep/2010:12:55:14 +0200] "GET /content/themes/blackcandy/images/footer.png HTTP/1.1" 200 884 "http://www.awo-kv-bernau.de/content/themes/blackcandy/css/layout.css?m=1281258825" "Mozilla/5.0 (Windows; U; Windows NT 5.1; de; rv:1.9.2.8) Gecko/20100722 Firefox/3.6.8"
66.249.71.40 - - [03/Sep/2010:12:56:42 +0200] "GET /content/kalender/jax_calendar.php?Y=-10092&m=8&d=1&cal_id=0&language=german&gmt_ofs=-1&view=d1 HTTP/1.1" 200 11861 "-" "Mozilla/5.0 (compatible; Googlebot/2.1; +http://www.google.com/bot.html)"
88.131.106.22 - - [03/Sep/2010:12:58:16 +0200] "GET /robots.txt HTTP/1.0" 404 1256 "-" "Mozilla/5.0 (Windows; U; Windows NT 5.1; en-US) Speedy Spider (http://www.entireweb.com/about/search_tech/speedy_spider/)"
88.131.106.22 - - [03/Sep/2010:12:58:19 +0200] "GET / HTTP/1.0" 302 - "-" "Mozilla/5.0 (Windows; U; Windows NT 5.1; en-US) Speedy Spider (http://www.entireweb.com/about/search_tech/speedy_spider/)"
88.131.106.22 - - [03/Sep/2010:12:58:23 +0200] "GET /content/aktuelles/ HTTP/1.0" 200 10044 "-" "Mozilla/5.0 (Windows; U; Windows NT 5.1; en-US) Speedy Spider (http://www.entireweb.com/about/search_tech/speedy_spider/)"
66.249.71.40 - - [03/Sep/2010:12:59:29 +0200] "GET /content/kalender/jax_calendar.php?Y=-10154&m=7&d=15&view=d1 HTTP/1.1" 200 11995 "-" "Mozilla/5.0 (compatible; Googlebot/2.1; +http://www.google.com/bot.html)"
66.249.71.40 - - [03/Sep/2010:13:02:02 +0200] "GET /content/kalender/jax_calendar.php?Y=-10147&m=8&d=16&view=d1 HTTP/1.1" 200 11997 "-" "Mozilla/5.0 (compatible; Googlebot/2.1; +http://www.google.com/bot.html)"
66.249.71.40 - - [03/Sep/2010:13:04:43 +0200] "GET /content/kalender/jax_calendar.php?Y=-10141&m=2&d=8&cal_id=0&language=german&gmt_ofs=-1&view=d1 HTTP/1.1" 200 11862 "-" "Mozilla/5.0 (compatible; Googlebot/2.1; +http://www.google.com/bot.html)"
66.249.71.40 - - [03/Sep/2010:13:07:23 +0200] "GET /content/kalender/jax_calendar.php?Y=-10139&m=12&d=8&cal_id=0&language=german&gmt_ofs=-1&view=d1 HTTP/1.1" 200 11925 "-" "Mozilla/5.0 (compatible; Googlebot/2.1; +http://www.google.com/bot.html)"
66.249.71.40 - - [03/Sep/2010:13:10:04 +0200] "GET /content/kalender/jax_calendar.php?Y=4247&m=11&d=8&cal_id=0&language=german&gmt_ofs=-1&view=d1 HTTP/1.1" 200 11734 "-" "Mozilla/5.0 (compatible; Googlebot/2.1; +http://www.google.com/bot.html)"
66.249.71.40 - - [03/Sep/2010:13:12:44 +0200] "GET /content/kalender/jax_calendar.php?Y=-10154&m=1&d=5&view=d1 HTTP/1.1" 200 11962 "-" "Mozilla/5.0 (compatible; Googlebot/2.1; +http://www.google.com/bot.html)"
66.249.71.40 - - [03/Sep/2010:13:15:25 +0200] "GET /content/kalender/jax_calendar.php?Y=-10151&m=9&d=8&view=d1 HTTP/1.1" 200 11965 "-" "Mozilla/5.0 (compatible; Googlebot/2.1; +http://www.google.com/bot.html)"
66.249.71.40 - - [03/Sep/2010:13:16:07 +0200] "GET /content/kalender/jax_calendar.php?Y=2007&m=4&d=26&view=d1&language=english HTTP/1.1" 200 11063 "-" "Mozilla/5.0 (compatible; Googlebot/2.1; +http://www.google.com/bot.html)"
66.249.71.40 - - [03/Sep/2010:13:17:54 +0200] "GET /content/kalender/jax_calendar.php?Y=-10153&m=2&d=38&view=d1 HTTP/1.1" 200 11998 "-" "Mozilla/5.0 (compatible; Googlebot/2.1; +http://www.google.com/bot.html)"
109.42.241.231 - - [03/Sep/2010:13:21:28 +0200] "GET /content/assets/Stellenanzeigen/ausschreibungpraesenzkraft.pdf HTTP/1.1" 200 13559 "http://www.awo-kv-bernau.de/content/stellenangebote/" "Mozilla/5.0 (SymbianOS/9.4; Series60/5.0 Nokia5800d-1/50.0.005; Profile/MIDP-2.1 Configuration/CLDC-1.1 ) AppleWebKit/525 (KHTML, like Gecko) Version/3.0 BrowserNG/7.2.3"
66.249.71.40 - - [03/Sep/2010:13:22:47 +0200] "GET /content/kalender/jax_calendar.php?Y=-10152&m=2&d=28&view=d1 HTTP/1.1" 200 11998 "-" "Mozilla/5.0 (compatible; Googlebot/2.1; +http://www.google.com/bot.html)"
66.249.71.40 - - [03/Sep/2010:13:25:14 +0200] "GET /content/kalender/jax_calendar.php?Y=-10151&m=2&d=20&view=d1 HTTP/1.1" 200 11998 "-" "Mozilla/5.0 (compatible; Googlebot/2.1; +http://www.google.com/bot.html)"
66.249.71.40 - - [03/Sep/2010:13:27:42 +0200] "GET /content/kalender/jax_calendar.php?Y=1577&m=10&d=29&cal_id=0&language=german&gmt_ofs=-1&view=d1 HTTP/1.1" 200 11768 "-" "Mozilla/5.0 (compatible; Googlebot/2.1; +http://www.google.com/bot.html)"
195.93.60.33 - - [03/Sep/2010:13:27:54 +0200] "GET /content/assets/Aktuelles/aktuelles110810.jpg HTTP/1.1" 200 73350 "http://www.sozialedienste-awo.de/content/aktuelles/" "Mozilla/4.0 (compatible; MSIE 7.0; AOL 9.0; AOLBuild 4327.5201; Windows NT 6.0; SLCC1; .NET CLR 2.0.50727; Media Center PC 5.0; .NET CLR 3.5.30729; InfoPath.2; .NET CLR 3.0.30729; .NET4.0C)"
195.93.60.33 - - [03/Sep/2010:13:27:54 +0200] "GET /content/assets/Aktuelles/aktuelles010910.jpg HTTP/1.1" 200 29458 "http://www.sozialedienste-awo.de/content/aktuelles/" "Mozilla/4.0 (compatible; MSIE 7.0; AOL 9.0; AOLBuild 4327.5201; Windows NT 6.0; SLCC1; .NET CLR 2.0.50727; Media Center PC 5.0; .NET CLR 3.5.30729; InfoPath.2; .NET CLR 3.0.30729; .NET4.0C)"
195.93.60.37 - - [03/Sep/2010:13:27:54 +0200] "GET /content/assets/Aktuelles/aktuelles160710.jpg HTTP/1.1" 200 17303 "http://www.sozialedienste-awo.de/content/aktuelles/" "Mozilla/4.0 (compatible; MSIE 7.0; AOL 9.0; AOLBuild 4327.5201; Windows NT 6.0; SLCC1; .NET CLR 2.0.50727; Media Center PC 5.0; .NET CLR 3.5.30729; InfoPath.2; .NET CLR 3.0.30729; .NET4.0C)"
195.93.60.2 - - [03/Sep/2010:13:27:55 +0200] "GET /content/assets/Aktuelles/awologo.jpg HTTP/1.1" 200 2292 "http://www.sozialedienste-awo.de/content/aktuelles/" "Mozilla/4.0 (compatible; MSIE 7.0; AOL 9.0; AOLBuild 4327.5201; Windows NT 6.0; SLCC1; .NET CLR 2.0.50727; Media Center PC 5.0; .NET CLR 3.5.30729; InfoPath.2; .NET CLR 3.0.30729; .NET4.0C)"
195.93.60.36 - - [03/Sep/2010:13:27:55 +0200] "GET /content/assets/Aktuelles/aktuelles140810.jpg HTTP/1.1" 200 20737 "http://www.sozialedienste-awo.de/content/aktuelles/" "Mozilla/4.0 (compatible; MSIE 7.0; AOL 9.0; AOLBuild 4327.5201; Windows NT 6.0; SLCC1; .NET CLR 2.0.50727; Media Center PC 5.0; .NET CLR 3.5.30729; InfoPath.2; .NET CLR 3.0.30729; .NET4.0C)"
66.249.71.40 - - [03/Sep/2010:13:30:09 +0200] "GET /content/kalender/jax_calendar.php?Y=-10138&m=11&d=8&cal_id=0&language=german&gmt_ofs=-1&view=d1 HTTP/1.1" 200 11926 "-" "Mozilla/5.0 (compatible; Googlebot/2.1; +http://www.google.com/bot.html)"
66.249.71.40 - - [03/Sep/2010:13:32:37 +0200] "GET /content/kalender/jax_calendar.php?Y=-10138&m=3&d=8&cal_id=0&language=german&gmt_ofs=-1&view=d1 HTTP/1.1" 200 11859 "-" "Mozilla/5.0 (compatible; Googlebot/2.1; +http://www.google.com/bot.html)"
66.249.71.40 - - [03/Sep/2010:13:35:22 +0200] "GET /content/kalender/jax_calendar.php?Y=-10147&m=11&d=33&view=d1 HTTP/1.1" 200 12062 "-" "Mozilla/5.0 (compatible; Googlebot/2.1; +http://www.google.com/bot.html)"
66.249.71.40 - - [03/Sep/2010:13:37:30 +0200] "GET /content/kalender/jax_calendar.php?Y=4241&m=2&d=8&cal_id=0&language=german&gmt_ofs=-1&view=d1 HTTP/1.1" 200 11670 "-" "Mozilla/5.0 (compatible; Googlebot/2.1; +http://www.google.com/bot.html)"
66.249.71.40 - - [03/Sep/2010:13:39:57 +0200] "GET /content/kalender/jax_calendar.php?Y=-10139&m=5&d=8&cal_id=0&language=german&gmt_ofs=-1&view=d1 HTTP/1.1" 200 11858 "-" "Mozilla/5.0 (compatible; Googlebot/2.1; +http://www.google.com/bot.html)"
217.92.188.129 - - [03/Sep/2010:13:41:58 +0200] "GET / HTTP/1.1" 302 - "-" "Mozilla/4.0 (compatible; MSIE 7.0; Windows NT 5.1; Trident/4.0; GTB6.5; .NET CLR 2.0.50727; .NET CLR 3.0.4506.2152; .NET CLR 3.5.30729)"
217.92.188.129 - - [03/Sep/2010:13:41:58 +0200] "GET /content/aktuelles/ HTTP/1.1" 200 10044 "-" "Mozilla/4.0 (compatible; MSIE 7.0; Windows NT 5.1; Trident/4.0; GTB6.5; .NET CLR 2.0.50727; .NET CLR 3.0.4506.2152; .NET CLR 3.5.30729)"
217.92.188.129 - - [03/Sep/2010:13:42:02 +0200] "GET /content/aktuelles/ HTTP/1.1" 200 10044 "-" "Mozilla/4.0 (compatible; MSIE 8.0; Windows NT 5.1; Trident/4.0; GTB6.5; .NET CLR 2.0.50727; .NET CLR 3.0.4506.2152; .NET CLR 3.5.30729)"
217.92.188.129 - - [03/Sep/2010:13:42:02 +0200] "GET /content/themes/blackcandy/css/layout.css?m=1281258825 HTTP/1.1" 200 9945 "http://www.awo-kv-bernau.de/content/aktuelles/" "Mozilla/4.0 (compatible; MSIE 8.0; Windows NT 5.1; Trident/4.0; GTB6.5; .NET CLR 2.0.50727; .NET CLR 3.0.4506.2152; .NET CLR 3.5.30729)"
217.92.188.129 - - [03/Sep/2010:13:42:02 +0200] "GET /content/themes/blackcandy/css/typography.css?m=1281262824 HTTP/1.1" 200 5090 "http://www.awo-kv-bernau.de/content/aktuelles/" "Mozilla/4.0 (compatible; MSIE 8.0; Windows NT 5.1; Trident/4.0; GTB6.5; .NET CLR 2.0.50727; .NET CLR 3.0.4506.2152; .NET CLR 3.5.30729)"
217.92.188.129 - - [03/Sep/2010:13:42:02 +0200] "GET /content/assets/Aktuelles/aktuelles140810.jpg HTTP/1.1" 200 20737 "http://www.awo-kv-bernau.de/content/aktuelles/" "Mozilla/4.0 (compatible; MSIE 8.0; Windows NT 5.1; Trident/4.0; GTB6.5; .NET CLR 2.0.50727; .NET CLR 3.0.4506.2152; .NET CLR 3.5.30729)"
217.92.188.129 - - [03/Sep/2010:13:42:02 +0200] "GET /content/assets/Aktuelles/aktuelles010910.jpg HTTP/1.1" 200 29458 "http://www.awo-kv-bernau.de/content/aktuelles/" "Mozilla/4.0 (compatible; MSIE 8.0; Windows NT 5.1; Trident/4.0; GTB6.5; .NET CLR 2.0.50727; .NET CLR 3.0.4506.2152; .NET CLR 3.5.30729)"
217.92.188.129 - - [03/Sep/2010:13:42:03 +0200] "GET /content/themes/blackcandy/css/form.css?m=1277278133 HTTP/1.1" 304 - "http://www.awo-kv-bernau.de/content/aktuelles/" "Mozilla/4.0 (compatible; MSIE 8.0; Windows NT 5.1; Trident/4.0; GTB6.5; .NET CLR 2.0.50727; .NET CLR 3.0.4506.2152; .NET CLR 3.5.30729)"
217.92.188.129 - - [03/Sep/2010:13:42:03 +0200] "GET /content/assets/Aktuelles/aktuelles160710.jpg HTTP/1.1" 304 - "http://www.awo-kv-bernau.de/content/aktuelles/" "Mozilla/4.0 (compatible; MSIE 8.0; Windows NT 5.1; Trident/4.0; GTB6.5; .NET CLR 2.0.50727; .NET CLR 3.0.4506.2152; .NET CLR 3.5.30729)"
217.92.188.129 - - [03/Sep/2010:13:42:03 +0200] "GET /content/assets/Aktuelles/awologo.jpg HTTP/1.1" 200 2292 "http://www.awo-kv-bernau.de/content/aktuelles/" "Mozilla/4.0 (compatible; MSIE 8.0; Windows NT 5.1; Trident/4.0; GTB6.5; .NET CLR 2.0.50727; .NET CLR 3.0.4506.2152; .NET CLR 3.5.30729)"
217.92.188.129 - - [03/Sep/2010:13:42:03 +0200] "GET /content/themes/blackcandy/images/headerRounded.png HTTP/1.1" 304 - "http://www.awo-kv-bernau.de/content/aktuelles/" "Mozilla/4.0 (compatible; MSIE 8.0; Windows NT 5.1; Trident/4.0; GTB6.5; .NET CLR 2.0.50727; .NET CLR 3.0.4506.2152; .NET CLR 3.5.30729)"
217.92.188.129 - - [03/Sep/2010:13:42:03 +0200] "GET /content/themes/blackcandy/images/header.jpg HTTP/1.1" 304 - "http://www.awo-kv-bernau.de/content/aktuelles/" "Mozilla/4.0 (compatible; MSIE 8.0; Windows NT 5.1; Trident/4.0; GTB6.5; .NET CLR 2.0.50727; .NET CLR 3.0.4506.2152; .NET CLR 3.5.30729)"
217.92.188.129 - - [03/Sep/2010:13:42:03 +0200] "GET /content/themes/blackcandy/images/activeTabLeft.png HTTP/1.1" 304 - "http://www.awo-kv-bernau.de/content/aktuelles/" "Mozilla/4.0 (compatible; MSIE 8.0; Windows NT 5.1; Trident/4.0; GTB6.5; .NET CLR 2.0.50727; .NET CLR 3.0.4506.2152; .NET CLR 3.5.30729)"
217.92.188.129 - - [03/Sep/2010:13:42:03 +0200] "GET /content/themes/blackcandy/images/activeTabRight.png HTTP/1.1" 304 - "http://www.awo-kv-bernau.de/content/aktuelles/" "Mozilla/4.0 (compatible; MSIE 8.0; Windows NT 5.1; Trident/4.0; GTB6.5; .NET CLR 2.0.50727; .NET CLR 3.0.4506.2152; .NET CLR 3.5.30729)"
217.92.188.129 - - [03/Sep/2010:13:42:03 +0200] "GET /content/themes/blackcandy/images/subheader.jpg HTTP/1.1" 304 - "http://www.awo-kv-bernau.de/content/aktuelles/" "Mozilla/4.0 (compatible; MSIE 8.0; Windows NT 5.1; Trident/4.0; GTB6.5; .NET CLR 2.0.50727; .NET CLR 3.0.4506.2152; .NET CLR 3.5.30729)"
217.92.188.129 - - [03/Sep/2010:13:42:03 +0200] "GET /content/themes/blackcandy/images/herz.png HTTP/1.1" 304 - "http://www.awo-kv-bernau.de/content/aktuelles/" "Mozilla/4.0 (compatible; MSIE 8.0; Windows NT 5.1; Trident/4.0; GTB6.5; .NET CLR 2.0.50727; .NET CLR 3.0.4506.2152; .NET CLR 3.5.30729)"
217.92.188.129 - - [03/Sep/2010:13:42:03 +0200] "GET /content/themes/blackcandy/images/footer.png HTTP/1.1" 304 - "http://www.awo-kv-bernau.de/content/aktuelles/" "Mozilla/4.0 (compatible; MSIE 8.0; Windows NT 5.1; Trident/4.0; GTB6.5; .NET CLR 2.0.50727; .NET CLR 3.0.4506.2152; .NET CLR 3.5.30729)"
217.92.188.129 - - [03/Sep/2010:13:42:02 +0200] "GET /content/assets/Aktuelles/aktuelles110810.jpg HTTP/1.1" 200 73350 "http://www.awo-kv-bernau.de/content/aktuelles/" "Mozilla/4.0 (compatible; MSIE 8.0; Windows NT 5.1; Trident/4.0; GTB6.5; .NET CLR 2.0.50727; .NET CLR 3.0.4506.2152; .NET CLR 3.5.30729)"
217.92.188.129 - - [03/Sep/2010:13:42:04 +0200] "GET /favicon.ico HTTP/1.1" 404 1256 "-" "Mozilla/4.0 (compatible; MSIE 8.0; Windows NT 5.1; Trident/4.0; GTB6.5; .NET CLR 2.0.50727; .NET CLR 3.0.4506.2152; .NET CLR 3.5.30729)"
217.92.188.129 - - [03/Sep/2010:13:42:20 +0200] "GET /content/themes/blackcandy/images/hoverTabLeft.png HTTP/1.1" 304 - "http://www.awo-kv-bernau.de/content/aktuelles/" "Mozilla/4.0 (compatible; MSIE 8.0; Windows NT 5.1; Trident/4.0; GTB6.5; .NET CLR 2.0.50727; .NET CLR 3.0.4506.2152; .NET CLR 3.5.30729)"
217.92.188.129 - - [03/Sep/2010:13:42:21 +0200] "GET /content/themes/blackcandy/images/hoverTabRight.png HTTP/1.1" 304 - "http://www.awo-kv-bernau.de/content/aktuelles/" "Mozilla/4.0 (compatible; MSIE 8.0; Windows NT 5.1; Trident/4.0; GTB6.5; .NET CLR 2.0.50727; .NET CLR 3.0.4506.2152; .NET CLR 3.5.30729)"
66.249.71.40 - - [03/Sep/2010:13:42:25 +0200] "GET /content/kalender/jax_calendar.php?Y=-10134&m=10&d=8&cal_id=0&language=german&gmt_ofs=-1&view=d1 HTTP/1.1" 200 11924 "-" "Mozilla/5.0 (compatible; Googlebot/2.1; +http://www.google.com/bot.html)"
80.78.166.114 - - [03/Sep/2010:13:43:56 +0200] "GET /content/themes/blackcandy/css/ie7.css HTTP/1.0" 200 610 "http://www.awo-kv-bernau.de/content/kinder-und-familienzentrum-regenbogen/" "Mozilla/4.0 (compatible; MSIE 7.0; Windows NT 5.1; .NET CLR 2.0.50727; InfoPath.1)"
80.78.166.114 - - [03/Sep/2010:13:43:56 +0200] "GET /content/themes/blackcandy/css/layout.css?m=1281258825 HTTP/1.0" 200 9945 "http://www.awo-kv-bernau.de/content/kinder-und-familienzentrum-regenbogen/" "Mozilla/4.0 (compatible; MSIE 7.0; Windows NT 5.1; .NET CLR 2.0.50727; InfoPath.1)"
80.78.166.114 - - [03/Sep/2010:13:43:56 +0200] "GET /content/themes/blackcandy/css/typography.css?m=1281262824 HTTP/1.0" 200 5090 "http://www.awo-kv-bernau.de/content/kinder-und-familienzentrum-regenbogen/" "Mozilla/4.0 (compatible; MSIE 7.0; Windows NT 5.1; .NET CLR 2.0.50727; InfoPath.1)"
80.78.166.114 - - [03/Sep/2010:13:43:56 +0200] "GET /content/themes/blackcandy/css/form.css?m=1277278133 HTTP/1.0" 200 1856 "http://www.awo-kv-bernau.de/content/kinder-und-familienzentrum-regenbogen/" "Mozilla/4.0 (compatible; MSIE 7.0; Windows NT 5.1; .NET CLR 2.0.50727; InfoPath.1)"
80.78.166.114 - - [03/Sep/2010:13:43:55 +0200] "GET /content/kinder-und-familienzentrum-regenbogen/ HTTP/1.0" 200 31229 "http://www.google.de/search?hl=de&q=Kindertagesst%C3%A4tte+Regenbogen+bernau&aq=f&aqi=&aql=&oq=&gs_rfai=" "Mozilla/4.0 (compatible; MSIE 7.0; Windows NT 5.1; .NET CLR 2.0.50727; InfoPath.1)"
80.78.166.114 - - [03/Sep/2010:13:43:56 +0200] "GET /content/themes/blackcandy/images/headerRounded.png HTTP/1.0" 200 763 "http://www.awo-kv-bernau.de/content/kinder-und-familienzentrum-regenbogen/" "Mozilla/4.0 (compatible; MSIE 7.0; Windows NT 5.1; .NET CLR 2.0.50727; InfoPath.1)"
80.78.166.114 - - [03/Sep/2010:13:43:56 +0200] "GET /content/assets/EKZ/kfz110810.jpg HTTP/1.0" 200 38194 "http://www.awo-kv-bernau.de/content/kinder-und-familienzentrum-regenbogen/" "Mozilla/4.0 (compatible; MSIE 7.0; Windows NT 5.1; .NET CLR 2.0.50727; InfoPath.1)"
80.78.166.114 - - [03/Sep/2010:13:43:56 +0200] "GET /content/themes/blackcandy/images/header.jpg HTTP/1.0" 200 45038 "http://www.awo-kv-bernau.de/content/kinder-und-familienzentrum-regenbogen/" "Mozilla/4.0 (compatible; MSIE 7.0; Windows NT 5.1; .NET CLR 2.0.50727; InfoPath.1)"
80.78.166.114 - - [03/Sep/2010:13:43:57 +0200] "GET /content/themes/blackcandy/images/activeTabLeft.png HTTP/1.0" 200 433 "http://www.awo-kv-bernau.de/content/kinder-und-familienzentrum-regenbogen/" "Mozilla/4.0 (compatible; MSIE 7.0; Windows NT 5.1; .NET CLR 2.0.50727; InfoPath.1)"
80.78.166.114 - - [03/Sep/2010:13:43:57 +0200] "GET /content/themes/blackcandy/images/activeTabRight.png HTTP/1.0" 200 433 "http://www.awo-kv-bernau.de/content/kinder-und-familienzentrum-regenbogen/" "Mozilla/4.0 (compatible; MSIE 7.0; Windows NT 5.1; .NET CLR 2.0.50727; InfoPath.1)"
80.78.166.114 - - [03/Sep/2010:13:43:58 +0200] "GET /content/themes/blackcandy/images/herz.png HTTP/1.0" 200 344 "http://www.awo-kv-bernau.de/content/kinder-und-familienzentrum-regenbogen/" "Mozilla/4.0 (compatible; MSIE 7.0; Windows NT 5.1; .NET CLR 2.0.50727; InfoPath.1)"
80.78.166.114 - - [03/Sep/2010:13:43:58 +0200] "GET /content/themes/blackcandy/images/icons/page_white_acrobat.png HTTP/1.0" 200 591 "http://www.awo-kv-bernau.de/content/kinder-und-familienzentrum-regenbogen/" "Mozilla/4.0 (compatible; MSIE 7.0; Windows NT 5.1; .NET CLR 2.0.50727; InfoPath.1)"
80.78.166.114 - - [03/Sep/2010:13:43:57 +0200] "GET /content/themes/blackcandy/images/subheader.jpg HTTP/1.0" 200 52576 "http://www.awo-kv-bernau.de/content/kinder-und-familienzentrum-regenbogen/" "Mozilla/4.0 (compatible; MSIE 7.0; Windows NT 5.1; .NET CLR 2.0.50727; InfoPath.1)"
80.78.166.114 - - [03/Sep/2010:13:43:58 +0200] "GET /content/themes/blackcandy/images/footer.png HTTP/1.0" 200 884 "http://www.awo-kv-bernau.de/content/kinder-und-familienzentrum-regenbogen/" "Mozilla/4.0 (compatible; MSIE 7.0; Windows NT 5.1; .NET CLR 2.0.50727; InfoPath.1)"
80.78.166.114 - - [03/Sep/2010:13:43:56 +0200] "GET /content/assets/EKZ/ekztop.jpg HTTP/1.0" 200 92781 "http://www.awo-kv-bernau.de/content/kinder-und-familienzentrum-regenbogen/" "Mozilla/4.0 (compatible; MSIE 7.0; Windows NT 5.1; .NET CLR 2.0.50727; InfoPath.1)"
80.78.166.114 - - [03/Sep/2010:13:43:58 +0200] "GET /content/assets/EKZ/kfzgalerie.jpg HTTP/1.0" 200 99277 "http://www.awo-kv-bernau.de/content/kinder-und-familienzentrum-regenbogen/" "Mozilla/4.0 (compatible; MSIE 7.0; Windows NT 5.1; .NET CLR 2.0.50727; InfoPath.1)"
80.78.166.114 - - [03/Sep/2010:13:44:01 +0200] "GET /favicon.ico HTTP/1.0" 404 1256 "-" "Mozilla/4.0 (compatible; MSIE 7.0; Windows NT 5.1; .NET CLR 2.0.50727; InfoPath.1)"
66.249.71.40 - - [03/Sep/2010:13:44:53 +0200] "GET /content/kalender/jax_calendar.php?Y=-10145&m=9&d=8&cal_id=0&language=german&gmt_ofs=-1&view=d1 HTTP/1.1" 200 11865 "-" "Mozilla/5.0 (compatible; Googlebot/2.1; +http://www.google.com/bot.html)"
217.92.188.129 - - [03/Sep/2010:13:46:47 +0200] "GET /content/assets/Aktuelles/aktuelles110810.jpg HTTP/1.1" 304 - "http://www.sozialedienste-awo.de/content/aktuelles/" "Mozilla/4.0 (compatible; MSIE 8.0; Windows NT 5.1; Trident/4.0; GTB6.5; .NET CLR 2.0.50727; .NET CLR 3.0.4506.2152; .NET CLR 3.5.30729)"
217.92.188.129 - - [03/Sep/2010:13:46:47 +0200] "GET /content/assets/Aktuelles/aktuelles010910.jpg HTTP/1.1" 304 - "http://www.sozialedienste-awo.de/content/aktuelles/" "Mozilla/4.0 (compatible; MSIE 8.0; Windows NT 5.1; Trident/4.0; GTB6.5; .NET CLR 2.0.50727; .NET CLR 3.0.4506.2152; .NET CLR 3.5.30729)"
217.92.188.129 - - [03/Sep/2010:13:46:47 +0200] "GET /content/assets/Aktuelles/aktuelles160710.jpg HTTP/1.1" 304 - "http://www.sozialedienste-awo.de/content/aktuelles/" "Mozilla/4.0 (compatible; MSIE 8.0; Windows NT 5.1; Trident/4.0; GTB6.5; .NET CLR 2.0.50727; .NET CLR 3.0.4506.2152; .NET CLR 3.5.30729)"
217.92.188.129 - - [03/Sep/2010:13:46:47 +0200] "GET /content/assets/Aktuelles/aktuelles140810.jpg HTTP/1.1" 304 - "http://www.sozialedienste-awo.de/content/aktuelles/" "Mozilla/4.0 (compatible; MSIE 8.0; Windows NT 5.1; Trident/4.0; GTB6.5; .NET CLR 2.0.50727; .NET CLR 3.0.4506.2152; .NET CLR 3.5.30729)"
217.92.188.129 - - [03/Sep/2010:13:46:47 +0200] "GET /content/assets/Aktuelles/awologo.jpg HTTP/1.1" 304 - "http://www.sozialedienste-awo.de/content/aktuelles/" "Mozilla/4.0 (compatible; MSIE 8.0; Windows NT 5.1; Trident/4.0; GTB6.5; .NET CLR 2.0.50727; .NET CLR 3.0.4506.2152; .NET CLR 3.5.30729)"
217.92.188.129 - - [03/Sep/2010:13:46:55 +0200] "GET /content/kalender/jax_calendar.php?language=German HTTP/1.1" 200 32607 "http://www.sozialedienste-awo.de/content/veranstaltungskalender/" "Mozilla/4.0 (compatible; MSIE 8.0; Windows NT 5.1; Trident/4.0; GTB6.5; .NET CLR 2.0.50727; .NET CLR 3.0.4506.2152; .NET CLR 3.5.30729)"
66.249.71.40 - - [03/Sep/2010:13:47:21 +0200] "GET /robots.txt HTTP/1.1" 404 1256 "-" "Mozilla/5.0 (compatible; Googlebot/2.1; +http://www.google.com/bot.html)"
66.249.71.40 - - [03/Sep/2010:13:47:21 +0200] "GET /content/kalender/jax_calendar.php?Y=-10150&m=3&d=25&view=d1 HTTP/1.1" 200 11995 "-" "Mozilla/5.0 (compatible; Googlebot/2.1; +http://www.google.com/bot.html)"
66.249.71.40 - - [03/Sep/2010:13:49:48 +0200] "GET /content/kalender/jax_calendar.php?Y=-10147&m=12&d=12&view=d1 HTTP/1.1" 200 12061 "-" "Mozilla/5.0 (compatible; Googlebot/2.1; +http://www.google.com/bot.html)"
178.0.25.127 - - [03/Sep/2010:13:50:31 +0200] "GET /content/rappelkiste/ HTTP/1.1" 200 18477 "http://www.awo-kv-bernau.de/content/kinderland/" "Mozilla/5.0 (Windows; U; Windows NT 6.0; de; rv:1.9.0.4) Gecko/2008102920 Firefox/3.0.4 (.NET CLR 3.5.30729)"
178.0.25.127 - - [03/Sep/2010:13:50:31 +0200] "GET /content/assets/Kitas/Rappelkiste/logo.jpg HTTP/1.1" 200 63885 "http://www.awo-kv-bernau.de/content/rappelkiste/" "Mozilla/5.0 (Windows; U; Windows NT 6.0; de; rv:1.9.0.4) Gecko/2008102920 Firefox/3.0.4 (.NET CLR 3.5.30729)"
178.0.25.127 - - [03/Sep/2010:13:50:31 +0200] "GET /content/assets/Kitas/Rappelkiste/rappelkiste110610.jpg HTTP/1.1" 200 52468 "http://www.awo-kv-bernau.de/content/rappelkiste/" "Mozilla/5.0 (Windows; U; Windows NT 6.0; de; rv:1.9.0.4) Gecko/2008102920 Firefox/3.0.4 (.NET CLR 3.5.30729)"
178.0.25.127 - - [03/Sep/2010:13:50:32 +0200] "GET /content/assets/Kitas/Rappelkiste/rappelkiste3.jpg HTTP/1.1" 200 71987 "http://www.awo-kv-bernau.de/content/rappelkiste/" "Mozilla/5.0 (Windows; U; Windows NT 6.0; de; rv:1.9.0.4) Gecko/2008102920 Firefox/3.0.4 (.NET CLR 3.5.30729)"
