66.249.71.40 - - [01/Sep/2010:23:19:10 +0200] "GET /content/kalender/jax_calendar.php?Y=-9908&m=11&d=1&cal_id=0&language=english&gmt_ofs=0&view=d1 HTTP/1.1" 200 11766 "-" "Mozilla/5.0 (compatible; Googlebot/2.1; +http://www.google.com/bot.html)"
66.249.71.40 - - [01/Sep/2010:23:21:54 +0200] "GET /content/kalender/jax_calendar.php?Y=-10092&m=12&d=6&view=d1 HTTP/1.1" 200 12025 "-" "Mozilla/5.0 (compatible; Googlebot/2.1; +http://www.google.com/bot.html)"
66.249.71.40 - - [01/Sep/2010:23:24:43 +0200] "GET /content/kalender/jax_calendar.php?Y=-10099&m=1&d=17&view=d1 HTTP/1.1" 200 11998 "-" "Mozilla/5.0 (compatible; Googlebot/2.1; +http://www.google.com/bot.html)"
66.249.71.40 - - [01/Sep/2010:23:26:28 +0200] "GET /content/kalender/jax_calendar.php?Y=2010&m=5&d=1&do=show_event&key=885cf503fa7ace307a116a370727cc55&cal_id=0&language=german&gmt_ofs=-1&view=d1&evt_date=%3Cb%3E13.05.2010%3C%2Fb%3E+18%3A00&evt_title=Entspannungstraining HTTP/1.1" 200 11373 "-" "Mozilla/5.0 (compatible; Googlebot/2.1; +http://www.google.com/bot.html)"
66.249.71.40 - - [01/Sep/2010:23:27:31 +0200] "GET /content/kalender/jax_calendar.php?Y=4487&m=5&d=33&cal_id=0&language=german&gmt_ofs=-1&view=d1 HTTP/1.1" 200 11702 "-" "Mozilla/5.0 (compatible; Googlebot/2.1; +http://www.google.com/bot.html)"
66.249.71.40 - - [01/Sep/2010:23:30:07 +0200] "GET /content/kalender/jax_calendar.php?Y=-9910&m=7&d=1&cal_id=0&language=english&gmt_ofs=0&view=d1 HTTP/1.1" 200 11703 "-" "Mozilla/5.0 (compatible; Googlebot/2.1; +http://www.google.com/bot.html)"
66.249.71.40 - - [01/Sep/2010:23:32:52 +0200] "GET /content/kalender/jax_calendar.php?Y=-10099&m=11&d=1&cal_id=0&language=english&gmt_ofs=0&view=d1 HTTP/1.1" 200 11862 "-" "Mozilla/5.0 (compatible; Googlebot/2.1; +http://www.google.com/bot.html)"
66.249.71.40 - - [01/Sep/2010:23:35:36 +0200] "GET /content/kalender/jax_calendar.php?Y=-9909&m=10&d=1&cal_id=0&language=english&gmt_ofs=0&view=d1 HTTP/1.1" 200 11765 "-" "Mozilla/5.0 (compatible; Googlebot/2.1; +http://www.google.com/bot.html)"
66.249.71.40 - - [01/Sep/2010:23:38:21 +0200] "GET /content/kalender/jax_calendar.php?Y=-10104&m=12&d=1&cal_id=0&language=english&gmt_ofs=0&view=d1 HTTP/1.1" 200 11861 "-" "Mozilla/5.0 (compatible; Googlebot/2.1; +http://www.google.com/bot.html)"
66.249.71.40 - - [01/Sep/2010:23:41:06 +0200] "GET /content/kalender/jax_calendar.php?Y=-9915&m=4&d=1&cal_id=0&language=english&gmt_ofs=0&view=d1 HTTP/1.1" 200 11703 "-" "Mozilla/5.0 (compatible; Googlebot/2.1; +http://www.google.com/bot.html)"
66.249.71.40 - - [01/Sep/2010:23:43:51 +0200] "GET /content/kalender/jax_calendar.php?Y=-10106&m=12&d=1&cal_id=0&language=english&gmt_ofs=0&view=d1 HTTP/1.1" 200 11861 "-" "Mozilla/5.0 (compatible; Googlebot/2.1; +http://www.google.com/bot.html)"
81.17.208.4 - - [01/Sep/2010:23:44:42 +0200] "HEAD /content/assets/Stellenanzeigen/stellenbeschreibungpflegefachkraft1209.pdf HTTP/1.1" 200 - "-" "Mozilla/5.0 (compatible; jobs.de-Robot +http://www.jobs.de)"
66.249.71.40 - - [01/Sep/2010:23:45:33 +0200] "GET /content/kalender/jax_calendar.php?Y=2010&m=8&d=29&do=show_event&key=cbec4a0e58cb11deab663e3ec6da6327&cal_id=0&language=english&gmt_ofs=0&view=d1&evt_date=%3Cb%3E28.09.2010%3C%2Fb%3E+19%3A35&evt_title=Yoga HTTP/1.1" 200 12413 "-" "Mozilla/5.0 (compatible; Googlebot/2.1; +http://www.google.com/bot.html)"
66.249.71.40 - - [01/Sep/2010:23:47:17 +0200] "GET /content/kalender/jax_calendar.php?Y=2010&m=8&d=29&do=show_event&key=412c0f44fc7485b90a727382921638e7&cal_id=0&language=english&gmt_ofs=0&view=d1&evt_date=%3Cb%3E28.09.2010%3C%2Fb%3E+16%3A25&evt_title=Pilates HTTP/1.1" 200 12282 "-" "Mozilla/5.0 (compatible; Googlebot/2.1; +http://www.google.com/bot.html)"
66.249.71.40 - - [01/Sep/2010:23:50:15 +0200] "GET /content/kalender/jax_calendar.php?Y=2010&m=8&d=29&do=show_event&key=52d30f42bc03b4881c05ef92e8f7a0fc&cal_id=0&language=english&gmt_ofs=0&view=d1&evt_date=%3Cb%3E29.09.2010%3C%2Fb%3E+09%3A30+-+10%3A30&evt_title=Gemeinsames+Fr%FChst%FCck+-+Kontakt-+und+Beratungsstelle HTTP/1.1" 200 12172 "-" "Mozilla/5.0 (compatible; Googlebot/2.1; +http://www.google.com/bot.html)"
66.249.71.40 - - [01/Sep/2010:23:53:13 +0200] "GET /content/kalender/jax_calendar.php?Y=2010&m=8&d=29&do=show_event&key=9ddc4575560d1a57adf5b6b8744675a8&cal_id=0&language=english&gmt_ofs=0&view=d1&evt_date=%3Cb%3E27.09.2010%3C%2Fb%3E+15%3A30&evt_title=Grundlage+des+Stricken HTTP/1.1" 200 12263 "-" "Mozilla/5.0 (compatible; Googlebot/2.1; +http://www.google.com/bot.html)"
66.249.71.40 - - [01/Sep/2010:23:56:11 +0200] "GET /content/kalender/jax_calendar.php?Y=2010&m=8&d=29&do=show_event&key=26290bfe2b968990c549c44e5fe47bbd&cal_id=0&language=english&gmt_ofs=0&view=d1&evt_date=%3Cb%3E27.09.2010%3C%2Fb%3E+16%3A00&evt_title=Tanzgruppe+f%FCr+Junggebliebene HTTP/1.1" 200 12242 "-" "Mozilla/5.0 (compatible; Googlebot/2.1; +http://www.google.com/bot.html)"
66.249.71.40 - - [01/Sep/2010:23:59:10 +0200] "GET /content/kalender/jax_calendar.php?Y=2010&m=8&d=29&do=show_event&key=b8c4ac0208a71d2a8a5bc23c283cd6ed&cal_id=0&language=english&gmt_ofs=0&view=d1&evt_date=%3Cb%3E29.09.2010%3C%2Fb%3E+17%3A30&evt_title=Probe+des+AWO-Chors HTTP/1.1" 200 12371 "-" "Mozilla/5.0 (compatible; Googlebot/2.1; +http://www.google.com/bot.html)"
207.46.13.44 - - [02/Sep/2010:00:00:32 +0200] "GET /robots.txt HTTP/1.1" 404 1256 "-" "msnbot/2.0b (+http://search.msn.com/msnbot.htm)"
66.249.71.40 - - [02/Sep/2010:00:02:09 +0200] "GET /content/kalender/jax_calendar.php?Y=2010&m=8&d=29&do=show_event&key=c3e0cbcccf026a11e8801598a7499487&cal_id=0&language=english&gmt_ofs=0&view=d1&evt_date=%3Cb%3E28.09.2010%3C%2Fb%3E+10%3A00&evt_title=Sprechstundes+des+Integrationsfachdienstes HTTP/1.1" 200 12125 "-" "Mozilla/5.0 (compatible; Googlebot/2.1; +http://www.google.com/bot.html)"
207.46.199.199 - - [02/Sep/2010:00:04:24 +0200] "GET /robots.txt HTTP/1.1" 404 1256 "-" "msnbot/2.0b (+http://search.msn.com/msnbot.htm)"
66.249.71.40 - - [02/Sep/2010:00:05:07 +0200] "GET /content/kalender/jax_calendar.php?Y=2010&m=8&d=29&do=show_event&key=b96e1549669cc6fb4dc5055f8fe0ad05&cal_id=0&language=english&gmt_ofs=0&view=d1&evt_date=%3Cb%3E28.09.2010%3C%2Fb%3E+18%3A00&evt_title=Yoga HTTP/1.1" 200 12413 "-" "Mozilla/5.0 (compatible; Googlebot/2.1; +http://www.google.com/bot.html)"
66.249.71.40 - - [02/Sep/2010:00:08:05 +0200] "GET /content/kalender/jax_calendar.php?Y=2010&m=8&d=29&do=show_event&key=faf7136c75b892aeefbe6455602b7e00&cal_id=0&language=english&gmt_ofs=0&view=d1&evt_date=%3Cb%3E29.09.2010%3C%2Fb%3E+15%3A00&evt_title=Skatrunde+f%FCr+Anf%E4nger+und+Fortgeschrittene HTTP/1.1" 200 12182 "-" "Mozilla/5.0 (compatible; Googlebot/2.1; +http://www.google.com/bot.html)"
66.249.66.180 - - [02/Sep/2010:00:11:04 +0200] "GET /content/kalender/jax_calendar.php?Y=2010&m=8&d=29&do=show_event&key=cf4e1e03309b4ae905ccb8cb293f49cf&cal_id=0&language=english&gmt_ofs=0&view=d1&evt_date=%3Cb%3E27.09.2010%3C%2Fb%3E+19%3A00&evt_title=Erlernen+Sie+Gesellschaftst%E4nze HTTP/1.1" 200 12278 "-" "Mozilla/5.0 (compatible; Googlebot/2.1; +http://www.google.com/bot.html)"
207.46.13.44 - - [02/Sep/2010:00:11:24 +0200] "GET /content/schuldnerberatung/ HTTP/1.1" 200 11481 "-" "msnbot/2.0b (+http://search.msn.com/msnbot.htm)"
79.194.46.7 - - [02/Sep/2010:00:14:00 +0200] "GET /content/schuldnerberatung/ HTTP/1.1" 200 11481 "http://www.bing.com/search?q=Schuldnerberatung+bernau&src=IE-SearchBox" "Mozilla/4.0 (compatible; MSIE 7.0; Windows NT 5.1; .NET CLR 1.1.4322; T-Online IE7; InfoPath.2; .NET CLR 2.0.50727)"
79.194.46.7 - - [02/Sep/2010:00:14:01 +0200] "GET /content/themes/blackcandy/css/ie7.css HTTP/1.1" 200 610 "http://www.awo-kv-bernau.de/content/schuldnerberatung/" "Mozilla/4.0 (compatible; MSIE 7.0; Windows NT 5.1; .NET CLR 1.1.4322; T-Online IE7; InfoPath.2; .NET CLR 2.0.50727)"
79.194.46.7 - - [02/Sep/2010:00:14:01 +0200] "GET /content/themes/blackcandy/css/layout.css?m=1281258825 HTTP/1.1" 200 9945 "http://www.awo-kv-bernau.de/content/schuldnerberatung/" "Mozilla/4.0 (compatible; MSIE 7.0; Windows NT 5.1; .NET CLR 1.1.4322; T-Online IE7; InfoPath.2; .NET CLR 2.0.50727)"
79.194.46.7 - - [02/Sep/2010:00:14:01 +0200] "GET /content/themes/blackcandy/css/typography.css?m=1281262824 HTTP/1.1" 200 5090 "http://www.awo-kv-bernau.de/content/schuldnerberatung/" "Mozilla/4.0 (compatible; MSIE 7.0; Windows NT 5.1; .NET CLR 1.1.4322; T-Online IE7; InfoPath.2; .NET CLR 2.0.50727)"
79.194.46.7 - - [02/Sep/2010:00:14:01 +0200] "GET /content/themes/blackcandy/css/form.css?m=1277278133 HTTP/1.1" 200 1856 "http://www.awo-kv-bernau.de/content/schuldnerberatung/" "Mozilla/4.0 (compatible; MSIE 7.0; Windows NT 5.1; .NET CLR 1.1.4322; T-Online IE7; InfoPath.2; .NET CLR 2.0.50727)"
79.194.46.7 - - [02/Sep/2010:00:14:01 +0200] "GET /content/assets/Beratung/Schuldner/beratung.jpg HTTP/1.1" 200 33105 "http://www.awo-kv-bernau.de/content/schuldnerberatung/" "Mozilla/4.0 (compatible; MSIE 7.0; Windows NT 5.1; .NET CLR 1.1.4322; T-Online IE7; InfoPath.2; .NET CLR 2.0.50727)"
79.194.46.7 - - [02/Sep/2010:00:14:01 +0200] "GET /content/assets/Beratung/Schuldner/urbschat.jpg HTTP/1.1" 200 12627 "http://www.awo-kv-bernau.de/content/schuldnerberatung/" "Mozilla/4.0 (compatible; MSIE 7.0; Windows NT 5.1; .NET CLR 1.1.4322; T-Online IE7; InfoPath.2; .NET CLR 2.0.50727)"
79.194.46.7 - - [02/Sep/2010:00:14:01 +0200] "GET /content/assets/Beratung/Schuldner/spreu.jpg HTTP/1.1" 200 12438 "http://www.awo-kv-bernau.de/content/schuldnerberatung/" "Mozilla/4.0 (compatible; MSIE 7.0; Windows NT 5.1; .NET CLR 1.1.4322; T-Online IE7; InfoPath.2; .NET CLR 2.0.50727)"
79.194.46.7 - - [02/Sep/2010:00:14:01 +0200] "GET /content/themes/blackcandy/images/headerRounded.png HTTP/1.1" 200 763 "http://www.awo-kv-bernau.de/content/schuldnerberatung/" "Mozilla/4.0 (compatible; MSIE 7.0; Windows NT 5.1; .NET CLR 1.1.4322; T-Online IE7; InfoPath.2; .NET CLR 2.0.50727)"
79.194.46.7 - - [02/Sep/2010:00:14:01 +0200] "GET /content/themes/blackcandy/images/activeTabLeft.png HTTP/1.1" 200 433 "http://www.awo-kv-bernau.de/content/schuldnerberatung/" "Mozilla/4.0 (compatible; MSIE 7.0; Windows NT 5.1; .NET CLR 1.1.4322; T-Online IE7; InfoPath.2; .NET CLR 2.0.50727)"
79.194.46.7 - - [02/Sep/2010:00:14:02 +0200] "GET /content/themes/blackcandy/images/activeTabRight.png HTTP/1.1" 200 433 "http://www.awo-kv-bernau.de/content/schuldnerberatung/" "Mozilla/4.0 (compatible; MSIE 7.0; Windows NT 5.1; .NET CLR 1.1.4322; T-Online IE7; InfoPath.2; .NET CLR 2.0.50727)"
79.194.46.7 - - [02/Sep/2010:00:14:02 +0200] "GET /content/themes/blackcandy/images/subheader.jpg HTTP/1.1" 200 52576 "http://www.awo-kv-bernau.de/content/schuldnerberatung/" "Mozilla/4.0 (compatible; MSIE 7.0; Windows NT 5.1; .NET CLR 1.1.4322; T-Online IE7; InfoPath.2; .NET CLR 2.0.50727)"
79.194.46.7 - - [02/Sep/2010:00:14:01 +0200] "GET /content/themes/blackcandy/images/header.jpg HTTP/1.1" 200 45038 "http://www.awo-kv-bernau.de/content/schuldnerberatung/" "Mozilla/4.0 (compatible; MSIE 7.0; Windows NT 5.1; .NET CLR 1.1.4322; T-Online IE7; InfoPath.2; .NET CLR 2.0.50727)"
79.194.46.7 - - [02/Sep/2010:00:14:02 +0200] "GET /content/themes/blackcandy/images/herz.png HTTP/1.1" 200 344 "http://www.awo-kv-bernau.de/content/schuldnerberatung/" "Mozilla/4.0 (compatible; MSIE 7.0; Windows NT 5.1; .NET CLR 1.1.4322; T-Online IE7; InfoPath.2; .NET CLR 2.0.50727)"
79.194.46.7 - - [02/Sep/2010:00:14:02 +0200] "GET /content/themes/blackcandy/images/footer.png HTTP/1.1" 200 884 "http://www.awo-kv-bernau.de/content/schuldnerberatung/" "Mozilla/4.0 (compatible; MSIE 7.0; Windows NT 5.1; .NET CLR 1.1.4322; T-Online IE7; InfoPath.2; .NET CLR 2.0.50727)"
79.194.46.7 - - [02/Sep/2010:00:14:02 +0200] "GET /favicon.ico HTTP/1.1" 404 1256 "-" "Mozilla/4.0 (compatible; MSIE 7.0; Windows NT 5.1; .NET CLR 1.1.4322; T-Online IE7; InfoPath.2; .NET CLR 2.0.50727)"
66.249.71.40 - - [02/Sep/2010:00:14:02 +0200] "GET /content/kalender/jax_calendar.php?Y=-9911&m=1&d=4&view=d1 HTTP/1.1" 200 11866 "-" "Mozilla/5.0 (compatible; Googlebot/2.1; +http://www.google.com/bot.html)"
79.194.46.7 - - [02/Sep/2010:00:15:19 +0200] "GET /content/insolvenzberatung/ HTTP/1.1" 200 10812 "http://www.awo-kv-bernau.de/content/schuldnerberatung/" "Mozilla/4.0 (compatible; MSIE 7.0; Windows NT 5.1; .NET CLR 1.1.4322; T-Online IE7; InfoPath.2; .NET CLR 2.0.50727)"
79.194.46.7 - - [02/Sep/2010:00:15:20 +0200] "GET /content/assets/Beratung/Insolvenz/demant.jpg HTTP/1.1" 200 12015 "http://www.awo-kv-bernau.de/content/insolvenzberatung/" "Mozilla/4.0 (compatible; MSIE 7.0; Windows NT 5.1; .NET CLR 1.1.4322; T-Online IE7; InfoPath.2; .NET CLR 2.0.50727)"
79.194.46.7 - - [02/Sep/2010:00:16:50 +0200] "GET /content/themes/blackcandy/css/ie7.css HTTP/1.1" 304 - "-" "Mozilla/4.0 (compatible; MSIE 7.0; Windows NT 5.1; .NET CLR 1.1.4322; T-Online IE7; InfoPath.2; .NET CLR 2.0.50727; MSOffice 12)"
79.194.46.7 - - [02/Sep/2010:00:16:50 +0200] "GET /content/themes/blackcandy/css/layout.css?m=1281258825 HTTP/1.1" 304 - "-" "Mozilla/4.0 (compatible; MSIE 7.0; Windows NT 5.1; .NET CLR 1.1.4322; T-Online IE7; InfoPath.2; .NET CLR 2.0.50727; MSOffice 12)"
79.194.46.7 - - [02/Sep/2010:00:16:50 +0200] "GET /content/themes/blackcandy/css/typography.css?m=1281262824 HTTP/1.1" 304 - "-" "Mozilla/4.0 (compatible; MSIE 7.0; Windows NT 5.1; .NET CLR 1.1.4322; T-Online IE7; InfoPath.2; .NET CLR 2.0.50727; MSOffice 12)"
79.194.46.7 - - [02/Sep/2010:00:16:50 +0200] "GET /content/themes/blackcandy/css/form.css?m=1277278133 HTTP/1.1" 304 - "-" "Mozilla/4.0 (compatible; MSIE 7.0; Windows NT 5.1; .NET CLR 1.1.4322; T-Online IE7; InfoPath.2; .NET CLR 2.0.50727; MSOffice 12)"
66.249.71.40 - - [02/Sep/2010:00:17:01 +0200] "GET /content/kalender/jax_calendar.php?Y=-10101&m=4&d=1&cal_id=0&language=english&gmt_ofs=0&view=d1 HTTP/1.1" 200 11799 "-" "Mozilla/5.0 (compatible; Googlebot/2.1; +http://www.google.com/bot.html)"
79.194.46.7 - - [02/Sep/2010:00:17:10 +0200] "GET /content/themes/blackcandy/css/ie7.css HTTP/1.1" 304 - "-" "Mozilla/4.0 (compatible; MSIE 7.0; Windows NT 5.1; .NET CLR 1.1.4322; T-Online IE7; InfoPath.2; .NET CLR 2.0.50727; MSOffice 12)"
79.194.46.7 - - [02/Sep/2010:00:17:10 +0200] "GET /content/themes/blackcandy/css/layout.css?m=1281258825 HTTP/1.1" 304 - "-" "Mozilla/4.0 (compatible; MSIE 7.0; Windows NT 5.1; .NET CLR 1.1.4322; T-Online IE7; InfoPath.2; .NET CLR 2.0.50727; MSOffice 12)"
79.194.46.7 - - [02/Sep/2010:00:17:10 +0200] "GET /content/themes/blackcandy/css/typography.css?m=1281262824 HTTP/1.1" 304 - "-" "Mozilla/4.0 (compatible; MSIE 7.0; Windows NT 5.1; .NET CLR 1.1.4322; T-Online IE7; InfoPath.2; .NET CLR 2.0.50727; MSOffice 12)"
79.194.46.7 - - [02/Sep/2010:00:17:10 +0200] "GET /content/themes/blackcandy/css/form.css?m=1277278133 HTTP/1.1" 304 - "-" "Mozilla/4.0 (compatible; MSIE 7.0; Windows NT 5.1; .NET CLR 1.1.4322; T-Online IE7; InfoPath.2; .NET CLR 2.0.50727; MSOffice 12)"
66.249.71.40 - - [02/Sep/2010:00:17:12 +0200] "GET /content/kalender/jax_calendar.php?Y=2010&m=5&d=1&do=show_event&key=6c43e21a323ce366361357669edfff47&cal_id=0&language=german&gmt_ofs=-1&view=d1&evt_date=%3Cb%3E06.05.2010%3C%2Fb%3E+18%3A00&evt_title=Entspannungstraining+mit+Beate+M%FChlbach HTTP/1.1" 200 11392 "-" "Mozilla/5.0 (compatible; Googlebot/2.1; +http://www.google.com/bot.html)"
79.194.46.7 - - [02/Sep/2010:00:17:37 +0200] "GET /content/ehrenamt/ HTTP/1.1" 200 13070 "http://www.awo-kv-bernau.de/content/insolvenzberatung/" "Mozilla/4.0 (compatible; MSIE 7.0; Windows NT 5.1; .NET CLR 1.1.4322; T-Online IE7; InfoPath.2; .NET CLR 2.0.50727)"
66.249.71.40 - - [02/Sep/2010:00:20:19 +0200] "GET /content/kalender/jax_calendar.php?Y=-10099&m=9&d=1&cal_id=0&language=english&gmt_ofs=0&view=d1 HTTP/1.1" 200 11800 "-" "Mozilla/5.0 (compatible; Googlebot/2.1; +http://www.google.com/bot.html)"
66.249.71.40 - - [02/Sep/2010:00:20:20 +0200] "GET /content/kalender/jax_calendar.php?Y=-10100&m=6&d=5&cal_id=0&language=german&gmt_ofs=-1&view=d1 HTTP/1.1" 200 11859 "-" "Mozilla/5.0 (compatible; Googlebot/2.1; +http://www.google.com/bot.html)"
66.249.71.40 - - [02/Sep/2010:00:22:08 +0200] "GET /content/kalender/jax_calendar.php?Y=-10094&m=9&d=8&cal_id=0&language=german&gmt_ofs=-1&view=d1 HTTP/1.1" 200 11865 "-" "Mozilla/5.0 (compatible; Googlebot/2.1; +http://www.google.com/bot.html)"
66.249.71.40 - - [02/Sep/2010:00:24:53 +0200] "GET /content/kalender/jax_calendar.php?Y=-10097&m=2&d=14&view=d1 HTTP/1.1" 200 11998 "-" "Mozilla/5.0 (compatible; Googlebot/2.1; +http://www.google.com/bot.html)"
66.249.71.40 - - [02/Sep/2010:00:27:39 +0200] "GET /content/kalender/jax_calendar.php?Y=-10105&m=7&d=23&cal_id=0&language=german&gmt_ofs=-1&view=d1 HTTP/1.1" 200 11895 "-" "Mozilla/5.0 (compatible; Googlebot/2.1; +http://www.google.com/bot.html)"
66.249.71.40 - - [02/Sep/2010:00:30:25 +0200] "GET /content/kalender/jax_calendar.php?Y=-10096&m=12&d=16&cal_id=0&language=german&gmt_ofs=-1&view=d1 HTTP/1.1" 200 11961 "-" "Mozilla/5.0 (compatible; Googlebot/2.1; +http://www.google.com/bot.html)"
66.249.71.40 - - [02/Sep/2010:00:33:11 +0200] "GET /content/kalender/jax_calendar.php?Y=1584&m=1&d=29&cal_id=0&language=german&gmt_ofs=-1&view=d1 HTTP/1.1" 200 11706 "-" "Mozilla/5.0 (compatible; Googlebot/2.1; +http://www.google.com/bot.html)"
66.249.71.40 - - [02/Sep/2010:00:35:58 +0200] "GET /content/kalender/jax_calendar.php?Y=-10092&m=6&d=30&view=d1 HTTP/1.1" 200 11995 "-" "Mozilla/5.0 (compatible; Googlebot/2.1; +http://www.google.com/bot.html)"
66.249.71.40 - - [02/Sep/2010:00:38:43 +0200] "GET /content/kalender/jax_calendar.php?Y=-10100&m=8&d=1&cal_id=0&language=english&gmt_ofs=0&view=d1 HTTP/1.1" 200 11799 "-" "Mozilla/5.0 (compatible; Googlebot/2.1; +http://www.google.com/bot.html)"
66.249.71.40 - - [02/Sep/2010:00:41:29 +0200] "GET /content/kalender/jax_calendar.php?Y=1575&m=5&d=6&cal_id=0&language=german&gmt_ofs=-1&view=d1 HTTP/1.1" 200 11666 "-" "Mozilla/5.0 (compatible; Googlebot/2.1; +http://www.google.com/bot.html)"
66.249.71.40 - - [02/Sep/2010:00:44:16 +0200] "GET /content/kalender/jax_calendar.php?Y=-9897&m=1&d=1&cal_id=0&language=english&gmt_ofs=0&view=d1 HTTP/1.1" 200 11704 "-" "Mozilla/5.0 (compatible; Googlebot/2.1; +http://www.google.com/bot.html)"
66.249.71.40 - - [02/Sep/2010:00:47:02 +0200] "GET /content/kalender/jax_calendar.php?Y=-10093&m=2&d=35&cal_id=0&language=german&gmt_ofs=-1&view=d1 HTTP/1.1" 200 11898 "-" "Mozilla/5.0 (compatible; Googlebot/2.1; +http://www.google.com/bot.html)"
66.249.71.40 - - [02/Sep/2010:00:49:48 +0200] "GET /content/kalender/jax_calendar.php?Y=-9911&m=2&d=1&cal_id=0&language=english&gmt_ofs=0&view=d1 HTTP/1.1" 200 11703 "-" "Mozilla/5.0 (compatible; Googlebot/2.1; +http://www.google.com/bot.html)"
66.249.71.40 - - [02/Sep/2010:00:52:53 +0200] "GET /content/kalender/jax_calendar.php?Y=-10105&m=6&d=1&cal_id=0&language=english&gmt_ofs=0&view=d1 HTTP/1.1" 200 11799 "-" "Mozilla/5.0 (compatible; Googlebot/2.1; +http://www.google.com/bot.html)"
66.249.71.40 - - [02/Sep/2010:00:57:48 +0200] "GET /content/kalender/jax_calendar.php?Y=-9914&m=2&d=1&cal_id=0&language=english&gmt_ofs=0&view=d1 HTTP/1.1" 200 11703 "-" "Mozilla/5.0 (compatible; Googlebot/2.1; +http://www.google.com/bot.html)"
66.249.71.40 - - [02/Sep/2010:00:59:38 +0200] "GET /content/kalender/jax_calendar.php?Y=-9913&m=10&d=1&cal_id=0&language=english&gmt_ofs=0&view=d1 HTTP/1.1" 200 11765 "-" "Mozilla/5.0 (compatible; Googlebot/2.1; +http://www.google.com/bot.html)"
207.46.195.237 - - [02/Sep/2010:01:01:56 +0200] "GET /robots.txt HTTP/1.1" 404 1256 "-" "msnbot/2.0b (+http://search.msn.com/msnbot.htm)"
66.249.71.40 - - [02/Sep/2010:01:02:22 +0200] "GET /content/kalender/jax_calendar.php?Y=1591&m=4&d=27&view=d1 HTTP/1.1" 200 11804 "-" "Mozilla/5.0 (compatible; Googlebot/2.1; +http://www.google.com/bot.html)"
66.249.71.40 - - [02/Sep/2010:01:05:06 +0200] "GET /content/kalender/jax_calendar.php?Y=4488&m=7&d=33&cal_id=0&language=german&gmt_ofs=-1&view=d1 HTTP/1.1" 200 11703 "-" "Mozilla/5.0 (compatible; Googlebot/2.1; +http://www.google.com/bot.html)"
207.46.195.237 - - [02/Sep/2010:01:05:43 +0200] "GET /content/aktuelles/ HTTP/1.1" 200 10031 "-" "msnbot/2.0b (+http://search.msn.com/msnbot.htm)"
66.249.71.40 - - [02/Sep/2010:01:07:51 +0200] "GET /content/kalender/jax_calendar.php?Y=-10104&m=3&d=1&cal_id=0&language=english&gmt_ofs=0&view=d1 HTTP/1.1" 200 11799 "-" "Mozilla/5.0 (compatible; Googlebot/2.1; +http://www.google.com/bot.html)"
66.249.71.40 - - [02/Sep/2010:01:08:02 +0200] "GET /content/kalender/jax_calendar.php?Y=2001&m=5&d=2&view=d1&language=english HTTP/1.1" 200 11088 "-" "Mozilla/5.0 (compatible; Googlebot/2.1; +http://www.google.com/bot.html)"
66.249.71.40 - - [02/Sep/2010:01:10:54 +0200] "GET /content/kalender/jax_calendar.php?Y=1587&m=4&d=37&view=d1 HTTP/1.1" 200 11804 "-" "Mozilla/5.0 (compatible; Googlebot/2.1; +http://www.google.com/bot.html)"
66.249.71.40 - - [02/Sep/2010:01:13:18 +0200] "GET /content/kalender/jax_calendar.php?Y=-10106&m=4&d=5&cal_id=0&language=german&gmt_ofs=-1&view=d1 HTTP/1.1" 200 11860 "-" "Mozilla/5.0 (compatible; Googlebot/2.1; +http://www.google.com/bot.html)"
66.249.71.40 - - [02/Sep/2010:01:16:03 +0200] "GET /content/kalender/jax_calendar.php?Y=4252&m=11&d=8&view=d1 HTTP/1.1" 200 11834 "-" "Mozilla/5.0 (compatible; Googlebot/2.1; +http://www.google.com/bot.html)"
66.249.71.40 - - [02/Sep/2010:01:18:48 +0200] "GET /content/kalender/jax_calendar.php?Y=-10093&m=10&d=32&view=d1 HTTP/1.1" 200 12060 "-" "Mozilla/5.0 (compatible; Googlebot/2.1; +http://www.google.com/bot.html)"
66.249.71.40 - - [02/Sep/2010:01:21:32 +0200] "GET /content/kalender/jax_calendar.php?Y=-10094&m=8&d=3&cal_id=0&language=german&gmt_ofs=-1&view=d1 HTTP/1.1" 200 11861 "-" "Mozilla/5.0 (compatible; Googlebot/2.1; +http://www.google.com/bot.html)"
66.249.71.40 - - [02/Sep/2010:01:24:17 +0200] "GET /content/kalender/jax_calendar.php?Y=-9914&m=8&d=1&cal_id=0&language=english&gmt_ofs=0&view=d1 HTTP/1.1" 200 11703 "-" "Mozilla/5.0 (compatible; Googlebot/2.1; +http://www.google.com/bot.html)"
66.249.71.40 - - [02/Sep/2010:01:27:02 +0200] "GET /content/kalender/jax_calendar.php?Y=-9911&m=9&d=1&cal_id=0&language=english&gmt_ofs=0&view=d1 HTTP/1.1" 200 11704 "-" "Mozilla/5.0 (compatible; Googlebot/2.1; +http://www.google.com/bot.html)"
66.249.71.40 - - [02/Sep/2010:01:29:47 +0200] "GET /content/kalender/jax_calendar.php?Y=-9914&m=7&d=1&cal_id=0&language=english&gmt_ofs=0&view=d1 HTTP/1.1" 200 11703 "-" "Mozilla/5.0 (compatible; Googlebot/2.1; +http://www.google.com/bot.html)"
66.249.71.40 - - [02/Sep/2010:01:34:34 +0200] "GET /content/kalender/jax_calendar.php?Y=4252&m=9&d=8&view=d1 HTTP/1.1" 200 11773 "-" "Mozilla/5.0 (compatible; Googlebot/2.1; +http://www.google.com/bot.html)"
66.249.71.40 - - [02/Sep/2010:01:34:35 +0200] "GET /content/kalender/jax_calendar.php?Y=-9914&m=10&d=1&cal_id=0&language=english&gmt_ofs=0&view=d1 HTTP/1.1" 200 11765 "-" "Mozilla/5.0 (compatible; Googlebot/2.1; +http://www.google.com/bot.html)"
66.249.71.40 - - [02/Sep/2010:01:34:36 +0200] "GET /content/kalender/jax_calendar.php?Y=-10090&m=9&d=29&view=d1 HTTP/1.1" 200 12001 "-" "Mozilla/5.0 (compatible; Googlebot/2.1; +http://www.google.com/bot.html)"
66.249.71.40 - - [02/Sep/2010:01:34:36 +0200] "GET /content/kalender/jax_calendar.php?Y=4479&m=5&d=25&view=d1 HTTP/1.1" 200 11802 "-" "Mozilla/5.0 (compatible; Googlebot/2.1; +http://www.google.com/bot.html)"
66.249.71.40 - - [02/Sep/2010:01:37:17 +0200] "GET /content/kalender/jax_calendar.php?Y=-10109&m=1&d=1&cal_id=0&language=english&gmt_ofs=0&view=d1 HTTP/1.1" 200 11800 "-" "Mozilla/5.0 (compatible; Googlebot/2.1; +http://www.google.com/bot.html)"
66.249.71.40 - - [02/Sep/2010:01:40:44 +0200] "GET /content/kalender/jax_calendar.php?Y=-10105&m=8&d=1&cal_id=0&language=english&gmt_ofs=0&view=d1 HTTP/1.1" 200 11799 "-" "Mozilla/5.0 (compatible; Googlebot/2.1; +http://www.google.com/bot.html)"
66.249.71.40 - - [02/Sep/2010:01:44:18 +0200] "GET /robots.txt HTTP/1.1" 404 1256 "-" "Mozilla/5.0 (compatible; Googlebot/2.1; +http://www.google.com/bot.html)"
66.249.71.40 - - [02/Sep/2010:01:44:18 +0200] "GET /content/kalender/jax_calendar.php?Y=-9919&m=6&d=2&view=d1 HTTP/1.1" 200 11863 "-" "Mozilla/5.0 (compatible; Googlebot/2.1; +http://www.google.com/bot.html)"
66.249.71.40 - - [02/Sep/2010:01:47:52 +0200] "GET /content/kalender/jax_calendar.php?Y=4245&m=10&d=12&view=d1 HTTP/1.1" 200 11868 "-" "Mozilla/5.0 (compatible; Googlebot/2.1; +http://www.google.com/bot.html)"
66.249.71.40 - - [02/Sep/2010:01:51:27 +0200] "GET /content/kalender/jax_calendar.php?Y=4237&m=8&d=8&cal_id=0&language=german&gmt_ofs=-1&view=d1 HTTP/1.1" 200 11669 "-" "Mozilla/5.0 (compatible; Googlebot/2.1; +http://www.google.com/bot.html)"
66.249.71.40 - - [02/Sep/2010:01:55:01 +0200] "GET /content/kalender/jax_calendar.php?Y=-10107&m=7&d=13&view=d1 HTTP/1.1" 200 11995 "-" "Mozilla/5.0 (compatible; Googlebot/2.1; +http://www.google.com/bot.html)"
66.249.71.40 - - [02/Sep/2010:01:58:35 +0200] "GET /content/kalender/jax_calendar.php?Y=-10098&m=2&d=5&cal_id=0&language=german&gmt_ofs=-1&view=d1 HTTP/1.1" 200 11862 "-" "Mozilla/5.0 (compatible; Googlebot/2.1; +http://www.google.com/bot.html)"
66.249.71.40 - - [02/Sep/2010:01:58:53 +0200] "GET /content/kalender/jax_calendar.php?Y=2015&m=4&d=24&view=d1&language=english HTTP/1.1" 200 11060 "-" "Mozilla/5.0 (compatible; Googlebot/2.1; +http://www.google.com/bot.html)"
66.249.71.40 - - [02/Sep/2010:02:03:47 +0200] "GET /content/kalender/jax_calendar.php?Y=4472&m=11&d=3&view=d1 HTTP/1.1" 200 11834 "-" "Mozilla/5.0 (compatible; Googlebot/2.1; +http://www.google.com/bot.html)"
66.249.71.40 - - [02/Sep/2010:02:05:51 +0200] "GET /content/kalender/jax_calendar.php?Y=-10103&m=4&d=1&cal_id=0&language=english&gmt_ofs=0&view=d1 HTTP/1.1" 200 11799 "-" "Mozilla/5.0 (compatible; Googlebot/2.1; +http://www.google.com/bot.html)"
66.249.71.40 - - [02/Sep/2010:02:08:59 +0200] "GET /content/kalender/jax_calendar.php?Y=-9917&m=10&d=30&view=d1 HTTP/1.1" 200 11964 "-" "Mozilla/5.0 (compatible; Googlebot/2.1; +http://www.google.com/bot.html)"
66.249.71.40 - - [02/Sep/2010:02:09:00 +0200] "GET /content/kalender/jax_calendar.php?Y=-10096&m=3&d=22&view=d1 HTTP/1.1" 200 11995 "-" "Mozilla/5.0 (compatible; Googlebot/2.1; +http://www.google.com/bot.html)"
66.249.71.40 - - [02/Sep/2010:02:09:00 +0200] "GET /content/kalender/jax_calendar.php?Y=-9915&m=8&d=1&cal_id=0&language=english&gmt_ofs=0&view=d1 HTTP/1.1" 200 11703 "-" "Mozilla/5.0 (compatible; Googlebot/2.1; +http://www.google.com/bot.html)"
66.249.71.40 - - [02/Sep/2010:02:09:01 +0200] "GET /content/kalender/jax_calendar.php?Y=-9917&m=7&d=20&view=d1 HTTP/1.1" 200 11899 "-" "Mozilla/5.0 (compatible; Googlebot/2.1; +http://www.google.com/bot.html)"
66.249.71.40 - - [02/Sep/2010:02:09:02 +0200] "GET /content/kalender/jax_calendar.php?Y=-10099&m=12&d=1&cal_id=0&language=english&gmt_ofs=0&view=d1 HTTP/1.1" 200 11861 "-" "Mozilla/5.0 (compatible; Googlebot/2.1; +http://www.google.com/bot.html)"
66.249.71.40 - - [02/Sep/2010:02:12:22 +0200] "GET /content/assets/Kontakt-und-Beratungsstelle/efblogo.jpg HTTP/1.1" 304 - "-" "Googlebot-Image/1.0"
66.249.71.40 - - [02/Sep/2010:02:15:13 +0200] "GET /content/kalender/jax_calendar.php?Y=-10108&m=4&d=1&cal_id=0&language=english&gmt_ofs=0&view=d1 HTTP/1.1" 200 11799 "-" "Mozilla/5.0 (compatible; Googlebot/2.1; +http://www.google.com/bot.html)"
95.108.158.134 - - [02/Sep/2010:02:18:33 +0200] "GET /content/kalender/jax_calendar.php?Y=2010&m=8&d=18&do=show_event&key=697688b71480c980a87d51256dae0703&cal_id=0&language=german&gmt_ofs=-1&view=d30&evt_date=%3Cb%3E15.09.2010%3C%2Fb%3E+15%3A00&evt_title=Court-Kontakt-und+Beratungsstelle HTTP/1.1" 200 12181 "-" "Mozilla/5.0 (compatible; YandexBot/3.0; +http://yandex.com/bots)"
66.249.71.40 - - [02/Sep/2010:02:21:21 +0200] "GET /content/kalender/jax_calendar.php?Y=-9913&m=8&d=1&cal_id=0&language=english&gmt_ofs=0&view=d1 HTTP/1.1" 200 11703 "-" "Mozilla/5.0 (compatible; Googlebot/2.1; +http://www.google.com/bot.html)"
207.46.199.180 - - [02/Sep/2010:02:26:37 +0200] "GET /robots.txt HTTP/1.1" 404 1256 "-" "msnbot/2.0b (+http://search.msn.com/msnbot.htm)"
65.52.53.243 - - [02/Sep/2010:02:26:59 +0200] "GET /robots.txt HTTP/1.1" 404 1256 "-" "msnbot/2.0b (+http://search.msn.com/msnbot.htm)"
66.249.71.40 - - [02/Sep/2010:02:27:31 +0200] "GET /content/kalender/jax_calendar.php?Y=-9912&m=4&d=1&cal_id=0&language=english&gmt_ofs=0&view=d1 HTTP/1.1" 200 11703 "-" "Mozilla/5.0 (compatible; Googlebot/2.1; +http://www.google.com/bot.html)"
66.249.71.40 - - [02/Sep/2010:02:33:43 +0200] "GET /content/kalender/jax_calendar.php?Y=4256&m=7&d=38&view=d1 HTTP/1.1" 200 11803 "-" "Mozilla/5.0 (compatible; Googlebot/2.1; +http://www.google.com/bot.html)"
67.195.115.117 - - [02/Sep/2010:02:36:43 +0200] "GET /robots.txt HTTP/1.0" 404 1256 "-" "Mozilla/5.0 (compatible; Yahoo! Slurp; http://help.yahoo.com/help/us/ysearch/slurp)"
66.249.71.40 - - [02/Sep/2010:02:40:06 +0200] "GET /content/kalender/jax_calendar.php?Y=-10104&m=7&d=23&cal_id=0&language=german&gmt_ofs=-1&view=d1 HTTP/1.1" 200 11895 "-" "Mozilla/5.0 (compatible; Googlebot/2.1; +http://www.google.com/bot.html)"
66.249.71.40 - - [02/Sep/2010:02:46:50 +0200] "GET /content/kalender/jax_calendar.php?Y=2001&m=7&d=11&cal_id=0&language=english&gmt_ofs=0&view=d1&view=d1 HTTP/1.1" 200 11128 "-" "Mozilla/5.0 (compatible; Googlebot/2.1; +http://www.google.com/bot.html)"
66.249.71.40 - - [02/Sep/2010:02:46:51 +0200] "GET /content/kalender/jax_calendar.php?Y=-10101&m=1&d=3&view=d1 HTTP/1.1" 200 11962 "-" "Mozilla/5.0 (compatible; Googlebot/2.1; +http://www.google.com/bot.html)"
207.46.195.233 - - [02/Sep/2010:02:48:34 +0200] "GET /robots.txt HTTP/1.1" 404 1256 "-" "msnbot/2.0b (+http://search.msn.com/msnbot.htm)"
66.249.71.40 - - [02/Sep/2010:02:48:49 +0200] "GET /content/kalender/jax_calendar.php?Y=4490&m=7&d=33&cal_id=0&language=german&gmt_ofs=-1&view=d1 HTTP/1.1" 200 11703 "-" "Mozilla/5.0 (compatible; Googlebot/2.1; +http://www.google.com/bot.html)"
66.249.71.40 - - [02/Sep/2010:02:49:45 +0200] "GET /content/kalender/jax_calendar.php?Y=2015&m=4&d=24&view=d1 HTTP/1.1" 200 11221 "-" "Mozilla/5.0 (compatible; Googlebot/2.1; +http://www.google.com/bot.html)"
66.249.71.40 - - [02/Sep/2010:02:51:05 +0200] "GET /content/kalender/jax_calendar.php?Y=-9910&m=2&d=1&cal_id=0&language=english&gmt_ofs=0&view=d1 HTTP/1.1" 200 11703 "-" "Mozilla/5.0 (compatible; Googlebot/2.1; +http://www.google.com/bot.html)"
66.249.71.40 - - [02/Sep/2010:02:53:10 +0200] "GET /content/kalender/jax_calendar.php?Y=-10095&m=3&d=15&view=d1 HTTP/1.1" 200 11995 "-" "Mozilla/5.0 (compatible; Googlebot/2.1; +http://www.google.com/bot.html)"
66.249.71.40 - - [02/Sep/2010:02:55:20 +0200] "GET /content/kalender/jax_calendar.php?Y=1585&m=9&d=29&cal_id=0&language=german&gmt_ofs=-1&view=d1 HTTP/1.1" 200 11709 "-" "Mozilla/5.0 (compatible; Googlebot/2.1; +http://www.google.com/bot.html)"
220.181.7.36 - - [02/Sep/2010:02:57:19 +0200] "GET /robots.txt HTTP/1.1" 404 1256 "-" "Baiduspider+(+http://www.baidu.com/search/spider.htm)"
66.249.71.40 - - [02/Sep/2010:02:57:30 +0200] "GET /content/kalender/jax_calendar.php?Y=-9912&m=3&d=1&cal_id=0&language=english&gmt_ofs=0&view=d1 HTTP/1.1" 200 11703 "-" "Mozilla/5.0 (compatible; Googlebot/2.1; +http://www.google.com/bot.html)"
66.249.71.40 - - [02/Sep/2010:02:59:40 +0200] "GET /content/kalender/jax_calendar.php?Y=-10096&m=9&d=13&view=d1 HTTP/1.1" 200 12001 "-" "Mozilla/5.0 (compatible; Googlebot/2.1; +http://www.google.com/bot.html)"
66.249.71.40 - - [02/Sep/2010:03:01:51 +0200] "GET /content/kalender/jax_calendar.php?Y=-10103&m=5&d=1&cal_id=0&language=english&gmt_ofs=0&view=d1 HTTP/1.1" 200 11799 "-" "Mozilla/5.0 (compatible; Googlebot/2.1; +http://www.google.com/bot.html)"
66.249.71.40 - - [02/Sep/2010:03:04:01 +0200] "GET /content/kalender/jax_calendar.php?Y=-9910&m=11&d=1&cal_id=0&language=english&gmt_ofs=0&view=d1 HTTP/1.1" 200 11766 "-" "Mozilla/5.0 (compatible; Googlebot/2.1; +http://www.google.com/bot.html)"
66.249.71.40 - - [02/Sep/2010:03:06:27 +0200] "GET /content/kalender/jax_calendar.php?Y=-9915&m=11&d=1&cal_id=0&language=english&gmt_ofs=0&view=d1 HTTP/1.1" 200 11766 "-" "Mozilla/5.0 (compatible; Googlebot/2.1; +http://www.google.com/bot.html)"
66.249.71.40 - - [02/Sep/2010:03:08:20 +0200] "GET /content/kalender/jax_calendar.php?Y=-9910&m=5&d=1&cal_id=0&language=english&gmt_ofs=0&view=d1 HTTP/1.1" 200 11703 "-" "Mozilla/5.0 (compatible; Googlebot/2.1; +http://www.google.com/bot.html)"
66.249.71.40 - - [02/Sep/2010:03:10:30 +0200] "GET /content/kalender/jax_calendar.php?Y=4493&m=12&d=33&cal_id=0&language=german&gmt_ofs=-1&view=d1 HTTP/1.1" 200 11769 "-" "Mozilla/5.0 (compatible; Googlebot/2.1; +http://www.google.com/bot.html)"
66.249.71.40 - - [02/Sep/2010:03:12:41 +0200] "GET /content/kalender/jax_calendar.php?Y=-9909&m=8&d=1&cal_id=0&language=english&gmt_ofs=0&view=d1 HTTP/1.1" 200 11703 "-" "Mozilla/5.0 (compatible; Googlebot/2.1; +http://www.google.com/bot.html)"
66.249.71.40 - - [02/Sep/2010:03:14:52 +0200] "GET /content/kalender/jax_calendar.php?Y=1584&m=10&d=18&view=d1 HTTP/1.1" 200 11868 "-" "Mozilla/5.0 (compatible; Googlebot/2.1; +http://www.google.com/bot.html)"
66.249.71.40 - - [02/Sep/2010:03:17:02 +0200] "GET /content/kalender/jax_calendar.php?Y=-10094&m=10&d=4&cal_id=0&language=german&gmt_ofs=-1&view=d1 HTTP/1.1" 200 11924 "-" "Mozilla/5.0 (compatible; Googlebot/2.1; +http://www.google.com/bot.html)"
66.249.71.40 - - [02/Sep/2010:03:19:13 +0200] "GET /content/kalender/jax_calendar.php?Y=-10101&m=11&d=1&cal_id=0&language=english&gmt_ofs=0&view=d1 HTTP/1.1" 200 11862 "-" "Mozilla/5.0 (compatible; Googlebot/2.1; +http://www.google.com/bot.html)"
66.249.71.40 - - [02/Sep/2010:03:21:23 +0200] "GET /content/kalender/jax_calendar.php?Y=-9916&m=4&d=1&cal_id=0&language=english&gmt_ofs=0&view=d1 HTTP/1.1" 200 11703 "-" "Mozilla/5.0 (compatible; Googlebot/2.1; +http://www.google.com/bot.html)"
66.249.71.40 - - [02/Sep/2010:03:22:46 +0200] "GET /content/kalender/jax_calendar.php?Y=4255&m=7&d=7&view=d1 HTTP/1.1" 200 11767 "-" "Mozilla/5.0 (compatible; Googlebot/2.1; +http://www.google.com/bot.html)"
207.46.195.233 - - [02/Sep/2010:03:24:43 +0200] "GET /content/assets/Stellenanzeigen/stellejugendkoordinatorin082010.pdf HTTP/1.1" 200 27204 "-" "msnbot/2.0b (+http://search.msn.com/msnbot.htm)"
66.249.71.40 - - [02/Sep/2010:03:25:21 +0200] "GET /content/kalender/jax_calendar.php?Y=-10096&m=9&d=8&cal_id=0&language=german&gmt_ofs=-1&view=d1 HTTP/1.1" 200 11865 "-" "Mozilla/5.0 (compatible; Googlebot/2.1; +http://www.google.com/bot.html)"
65.52.49.140 - - [02/Sep/2010:03:28:11 +0200] "GET /robots.txt HTTP/1.1" 404 1256 "-" "msnbot/2.0b (+http://search.msn.com/msnbot.htm)"
66.249.71.40 - - [02/Sep/2010:03:28:27 +0200] "GET /content/kalender/jax_calendar.php?Y=-9908&m=6&d=1&cal_id=0&language=english&gmt_ofs=0&view=d1 HTTP/1.1" 200 11703 "-" "Mozilla/5.0 (compatible; Googlebot/2.1; +http://www.google.com/bot.html)"
66.249.71.40 - - [02/Sep/2010:03:31:33 +0200] "GET /content/kalender/jax_calendar.php?Y=1585&m=4&d=29&cal_id=0&language=german&gmt_ofs=-1&view=d1 HTTP/1.1" 200 11704 "-" "Mozilla/5.0 (compatible; Googlebot/2.1; +http://www.google.com/bot.html)"
66.249.71.40 - - [02/Sep/2010:03:34:40 +0200] "GET /content/kalender/jax_calendar.php?Y=-9908&m=4&d=1&cal_id=0&language=english&gmt_ofs=0&view=d1 HTTP/1.1" 200 11703 "-" "Mozilla/5.0 (compatible; Googlebot/2.1; +http://www.google.com/bot.html)"
66.249.71.40 - - [02/Sep/2010:03:37:46 +0200] "GET /content/kalender/jax_calendar.php?Y=4240&m=1&d=8&cal_id=0&language=german&gmt_ofs=-1&view=d1 HTTP/1.1" 200 11670 "-" "Mozilla/5.0 (compatible; Googlebot/2.1; +http://www.google.com/bot.html)"
66.249.71.40 - - [02/Sep/2010:03:40:45 +0200] "GET /content/kalender/jax_calendar.php?Y=2021&m=12&d=1&cal_id=0&language=german&gmt_ofs=-1&view=d1&view=d1 HTTP/1.1" 200 11206 "-" "Mozilla/5.0 (compatible; Googlebot/2.1; +http://www.google.com/bot.html)"
66.249.71.40 - - [02/Sep/2010:03:40:53 +0200] "GET /content/kalender/jax_calendar.php?Y=4484&m=5&d=33&cal_id=0&language=german&gmt_ofs=-1&view=d1 HTTP/1.1" 200 11702 "-" "Mozilla/5.0 (compatible; Googlebot/2.1; +http://www.google.com/bot.html)"
66.249.71.40 - - [02/Sep/2010:03:43:58 +0200] "GET /content/kalender/jax_calendar.php?Y=-10098&m=3&d=14&view=d1 HTTP/1.1" 200 11995 "-" "Mozilla/5.0 (compatible; Googlebot/2.1; +http://www.google.com/bot.html)"
66.249.71.40 - - [02/Sep/2010:03:47:04 +0200] "GET /content/kalender/jax_calendar.php?Y=-9907&m=11&d=5&cal_id=0&language=german&gmt_ofs=-1&view=d1 HTTP/1.1" 200 11830 "-" "Mozilla/5.0 (compatible; Googlebot/2.1; +http://www.google.com/bot.html)"
66.249.71.40 - - [02/Sep/2010:03:50:48 +0200] "GET /content/kalender/jax_calendar.php?Y=-10110&m=4&d=5&cal_id=0&language=german&gmt_ofs=-1&view=d1 HTTP/1.1" 200 11860 "-" "Mozilla/5.0 (compatible; Googlebot/2.1; +http://www.google.com/bot.html)"
66.249.71.40 - - [02/Sep/2010:03:53:16 +0200] "GET /content/kalender/jax_calendar.php?Y=-9915&m=10&d=1&cal_id=0&language=english&gmt_ofs=0&view=d1 HTTP/1.1" 200 11765 "-" "Mozilla/5.0 (compatible; Googlebot/2.1; +http://www.google.com/bot.html)"
66.249.71.40 - - [02/Sep/2010:03:56:23 +0200] "GET /content/kalender/jax_calendar.php?Y=-10099&m=2&d=1&cal_id=0&language=english&gmt_ofs=0&view=d1 HTTP/1.1" 200 11799 "-" "Mozilla/5.0 (compatible; Googlebot/2.1; +http://www.google.com/bot.html)"
66.249.71.40 - - [02/Sep/2010:03:57:07 +0200] "GET /content/kalender/jax_calendar.php?Y=2011&m=7&d=29&cal_id=0&language=german&gmt_ofs=-1&view=d1&view=d1 HTTP/1.1" 200 11186 "-" "Mozilla/5.0 (compatible; Googlebot/2.1; +http://www.google.com/bot.html)"
66.249.71.40 - - [02/Sep/2010:03:57:07 +0200] "GET /content/kalender/jax_calendar.php?Y=-9912&m=10&d=1&cal_id=0&language=english&gmt_ofs=0&view=d1 HTTP/1.1" 200 11765 "-" "Mozilla/5.0 (compatible; Googlebot/2.1; +http://www.google.com/bot.html)"
66.249.71.40 - - [02/Sep/2010:03:57:08 +0200] "GET /content/kalender/jax_calendar.php?Y=-9914&m=1&d=26&view=d1 HTTP/1.1" 200 11902 "-" "Mozilla/5.0 (compatible; Googlebot/2.1; +http://www.google.com/bot.html)"
66.249.71.40 - - [02/Sep/2010:03:57:09 +0200] "GET /content/kalender/jax_calendar.php?Y=4486&m=6&d=33&cal_id=0&language=german&gmt_ofs=-1&view=d1 HTTP/1.1" 200 11703 "-" "Mozilla/5.0 (compatible; Googlebot/2.1; +http://www.google.com/bot.html)"
66.249.71.40 - - [02/Sep/2010:03:59:20 +0200] "GET /content/kalender/jax_calendar.php?Y=4494&m=9&d=33&cal_id=0&language=german&gmt_ofs=-1&view=d1 HTTP/1.1" 200 11709 "-" "Mozilla/5.0 (compatible; Googlebot/2.1; +http://www.google.com/bot.html)"
66.249.71.40 - - [02/Sep/2010:04:02:08 +0200] "GET /content/kalender/jax_calendar.php?Y=-10106&m=1&d=28&view=d1 HTTP/1.1" 200 11998 "-" "Mozilla/5.0 (compatible; Googlebot/2.1; +http://www.google.com/bot.html)"
66.249.71.40 - - [02/Sep/2010:04:04:58 +0200] "GET /content/kalender/jax_calendar.php?Y=4487&m=8&d=33&cal_id=0&language=german&gmt_ofs=-1&view=d1 HTTP/1.1" 200 11705 "-" "Mozilla/5.0 (compatible; Googlebot/2.1; +http://www.google.com/bot.html)"
66.249.71.40 - - [02/Sep/2010:04:07:48 +0200] "GET /content/kalender/jax_calendar.php?Y=4247&m=12&d=8&cal_id=0&language=german&gmt_ofs=-1&view=d1 HTTP/1.1" 200 11733 "-" "Mozilla/5.0 (compatible; Googlebot/2.1; +http://www.google.com/bot.html)"
66.249.71.40 - - [02/Sep/2010:04:10:38 +0200] "GET /content/kalender/jax_calendar.php?Y=-10094&m=11&d=8&cal_id=0&language=german&gmt_ofs=-1&view=d1 HTTP/1.1" 200 11926 "-" "Mozilla/5.0 (compatible; Googlebot/2.1; +http://www.google.com/bot.html)"
66.249.71.40 - - [02/Sep/2010:04:13:29 +0200] "GET /content/kalender/jax_calendar.php?Y=-10101&m=12&d=1&cal_id=0&language=english&gmt_ofs=0&view=d1 HTTP/1.1" 200 11861 "-" "Mozilla/5.0 (compatible; Googlebot/2.1; +http://www.google.com/bot.html)"
66.249.71.40 - - [02/Sep/2010:04:16:19 +0200] "GET /content/kalender/jax_calendar.php?Y=4248&m=7&d=14&view=d1 HTTP/1.1" 200 11803 "-" "Mozilla/5.0 (compatible; Googlebot/2.1; +http://www.google.com/bot.html)"
66.249.71.40 - - [02/Sep/2010:04:19:09 +0200] "GET /content/kalender/jax_calendar.php?Y=4251&m=7&d=14&view=d1 HTTP/1.1" 200 11803 "-" "Mozilla/5.0 (compatible; Googlebot/2.1; +http://www.google.com/bot.html)"
66.249.71.40 - - [02/Sep/2010:04:22:00 +0200] "GET /content/kalender/jax_calendar.php?Y=-9912&m=1&d=7&view=d1 HTTP/1.1" 200 11866 "-" "Mozilla/5.0 (compatible; Googlebot/2.1; +http://www.google.com/bot.html)"
66.249.71.40 - - [02/Sep/2010:04:24:50 +0200] "GET /content/kalender/jax_calendar.php?Y=1590&m=8&d=5&view=d1 HTTP/1.1" 200 11769 "-" "Mozilla/5.0 (compatible; Googlebot/2.1; +http://www.google.com/bot.html)"
66.249.71.40 - - [02/Sep/2010:04:27:40 +0200] "GET /content/kalender/jax_calendar.php?Y=-9919&m=2&d=26&view=d1 HTTP/1.1" 200 11902 "-" "Mozilla/5.0 (compatible; Googlebot/2.1; +http://www.google.com/bot.html)"
66.249.71.40 - - [02/Sep/2010:04:30:31 +0200] "GET /content/kalender/jax_calendar.php?Y=4251&m=9&d=12&view=d1 HTTP/1.1" 200 11809 "-" "Mozilla/5.0 (compatible; Googlebot/2.1; +http://www.google.com/bot.html)"
66.249.71.40 - - [02/Sep/2010:04:31:20 +0200] "GET /content/kalender/jax_calendar.php?Y=-10102&m=11&d=1&cal_id=0&language=english&gmt_ofs=0&view=d1 HTTP/1.1" 200 11862 "-" "Mozilla/5.0 (compatible; Googlebot/2.1; +http://www.google.com/bot.html)"
66.249.71.40 - - [02/Sep/2010:04:33:59 +0200] "GET /content/kalender/jax_calendar.php?Y=-9910&m=1&d=7&view=d1 HTTP/1.1" 200 11866 "-" "Mozilla/5.0 (compatible; Googlebot/2.1; +http://www.google.com/bot.html)"
65.52.49.140 - - [02/Sep/2010:04:34:17 +0200] "GET /robots.txt HTTP/1.1" 404 1256 "-" "msnbot/2.0b (+http://search.msn.com/msnbot.htm)"
66.249.71.40 - - [02/Sep/2010:04:37:33 +0200] "GET /content/kalender/jax_calendar.php?Y=4252&m=3&d=37&view=d1 HTTP/1.1" 200 11803 "-" "Mozilla/5.0 (compatible; Googlebot/2.1; +http://www.google.com/bot.html)"
66.249.71.40 - - [02/Sep/2010:04:41:18 +0200] "GET /content/kalender/jax_calendar.php?Y=-10091&m=11&d=26&cal_id=0&language=german&gmt_ofs=-1&view=d1 HTTP/1.1" 200 11962 "-" "Mozilla/5.0 (compatible; Googlebot/2.1; +http://www.google.com/bot.html)"
66.249.71.40 - - [02/Sep/2010:04:45:03 +0200] "GET /content/kalender/jax_calendar.php?Y=-9913&m=11&d=1&cal_id=0&language=english&gmt_ofs=0&view=d1 HTTP/1.1" 200 11766 "-" "Mozilla/5.0 (compatible; Googlebot/2.1; +http://www.google.com/bot.html)"
66.249.71.40 - - [02/Sep/2010:04:48:48 +0200] "GET /content/kalender/jax_calendar.php?Y=4242&m=12&d=8&cal_id=0&language=german&gmt_ofs=-1&view=d1 HTTP/1.1" 200 11733 "-" "Mozilla/5.0 (compatible; Googlebot/2.1; +http://www.google.com/bot.html)"
66.249.71.40 - - [02/Sep/2010:04:52:34 +0200] "GET /content/kalender/jax_calendar.php?Y=-10105&m=1&d=24&cal_id=0&language=german&gmt_ofs=-1&view=d1 HTTP/1.1" 200 11898 "-" "Mozilla/5.0 (compatible; Googlebot/2.1; +http://www.google.com/bot.html)"
66.249.71.40 - - [02/Sep/2010:04:56:19 +0200] "GET /content/kalender/jax_calendar.php?Y=-10113&m=1&d=1&cal_id=0&language=english&gmt_ofs=0&view=d1 HTTP/1.1" 200 11800 "-" "Mozilla/5.0 (compatible; Googlebot/2.1; +http://www.google.com/bot.html)"
207.46.12.236 - - [02/Sep/2010:04:56:51 +0200] "GET /robots.txt HTTP/1.1" 404 1256 "-" "msnbot/2.0b (+http://search.msn.com/msnbot.htm)"
66.249.71.40 - - [02/Sep/2010:05:00:04 +0200] "GET /content/kalender/jax_calendar.php?Y=4247&m=8&d=28&view=d1 HTTP/1.1" 200 11805 "-" "Mozilla/5.0 (compatible; Googlebot/2.1; +http://www.google.com/bot.html)"
66.249.71.40 - - [02/Sep/2010:05:03:49 +0200] "GET /content/kalender/jax_calendar.php?Y=1584&m=3&d=29&cal_id=0&language=german&gmt_ofs=-1&view=d1 HTTP/1.1" 200 11703 "-" "Mozilla/5.0 (compatible; Googlebot/2.1; +http://www.google.com/bot.html)"
66.249.71.40 - - [02/Sep/2010:05:19:24 +0200] "GET /content/kalender/jax_calendar.php?Y=-10105&m=3&d=1&cal_id=0&language=english&gmt_ofs=0&view=d1 HTTP/1.1" 200 11799 "-" "Mozilla/5.0 (compatible; Googlebot/2.1; +http://www.google.com/bot.html)"
207.46.12.236 - - [02/Sep/2010:05:20:40 +0200] "GET / HTTP/1.1" 302 - "-" "msnbot/2.0b (+http://search.msn.com/msnbot.htm)"
66.249.71.40 - - [02/Sep/2010:05:21:00 +0200] "GET /content/kalender/jax_calendar.php?Y=4489&m=12&d=33&cal_id=0&language=german&gmt_ofs=-1&view=d1 HTTP/1.1" 200 11769 "-" "Mozilla/5.0 (compatible; Googlebot/2.1; +http://www.google.com/bot.html)"
66.249.71.40 - - [02/Sep/2010:05:23:36 +0200] "GET /content/kalender/jax_calendar.php?Y=1575&m=10&d=29&cal_id=0&language=german&gmt_ofs=-1&view=d1 HTTP/1.1" 200 11768 "-" "Mozilla/5.0 (compatible; Googlebot/2.1; +http://www.google.com/bot.html)"
66.249.71.40 - - [02/Sep/2010:05:26:00 +0200] "GET /content/kalender/jax_calendar.php?Y=4479&m=7&d=3&view=d1 HTTP/1.1" 200 11767 "-" "Mozilla/5.0 (compatible; Googlebot/2.1; +http://www.google.com/bot.html)"
66.249.71.40 - - [02/Sep/2010:05:28:30 +0200] "GET /content/kalender/jax_calendar.php?Y=1571&m=5&d=6&cal_id=0&language=german&gmt_ofs=-1&view=d1 HTTP/1.1" 200 11666 "-" "Mozilla/5.0 (compatible; Googlebot/2.1; +http://www.google.com/bot.html)"
66.249.71.40 - - [02/Sep/2010:05:31:00 +0200] "GET /content/kalender/jax_calendar.php?Y=-10100&m=10&d=5&cal_id=0&language=german&gmt_ofs=-1&view=d1 HTTP/1.1" 200 11924 "-" "Mozilla/5.0 (compatible; Googlebot/2.1; +http://www.google.com/bot.html)"
66.249.71.40 - - [02/Sep/2010:05:33:30 +0200] "GET /content/kalender/jax_calendar.php?Y=-10104&m=6&d=1&cal_id=0&language=english&gmt_ofs=0&view=d1 HTTP/1.1" 200 11799 "-" "Mozilla/5.0 (compatible; Googlebot/2.1; +http://www.google.com/bot.html)"
66.249.71.40 - - [02/Sep/2010:05:36:00 +0200] "GET /content/kalender/jax_calendar.php?Y=4479&m=2&d=9&view=d1 HTTP/1.1" 200 11770 "-" "Mozilla/5.0 (compatible; Googlebot/2.1; +http://www.google.com/bot.html)"
207.46.13.50 - - [02/Sep/2010:05:36:59 +0200] "GET /content/stellenangebote/ HTTP/1.1" 200 8411 "-" "msnbot/2.0b (+http://search.msn.com/msnbot.htm)"
207.46.13.95 - - [02/Sep/2010:05:37:17 +0200] "GET /content/stellenangebote/ HTTP/1.1" 200 8411 "-" "msnbot/2.0b (+http://search.msn.com/msnbot.htm)"
62.193.225.36 - - [02/Sep/2010:05:37:19 +0200] "GET / HTTP/1.1" 302 - "-" "Java/1.6.0_20"
62.193.225.36 - - [02/Sep/2010:05:37:19 +0200] "GET /content/aktuelles/ HTTP/1.1" 200 10031 "-" "Java/1.6.0_20"
62.193.225.36 - - [02/Sep/2010:05:37:19 +0200] "GET /aktuelles HTTP/1.1" 404 1256 "-" "Java/1.6.0_20"
62.193.225.36 - - [02/Sep/2010:05:37:19 +0200] "GET /content HTTP/1.1" 301 358 "-" "Java/1.6.0_20"
62.193.225.36 - - [02/Sep/2010:05:37:20 +0200] "GET /content/ HTTP/1.1" 301 - "-" "Java/1.6.0_20"
62.193.225.36 - - [02/Sep/2010:05:37:20 +0200] "GET /content/aktuelles/ HTTP/1.1" 200 10031 "-" "Java/1.6.0_20"
62.193.225.36 - - [02/Sep/2010:05:37:20 +0200] "GET /kinder-und-familienzentrum-regenbogen HTTP/1.1" 404 1256 "-" "Java/1.6.0_20"
62.193.225.36 - - [02/Sep/2010:05:37:20 +0200] "GET /spenden HTTP/1.1" 404 1256 "-" "Java/1.6.0_20"
62.193.225.36 - - [02/Sep/2010:05:37:20 +0200] "GET /content/aktuelles HTTP/1.1" 200 10030 "-" "Java/1.6.0_20"
62.193.225.36 - - [02/Sep/2010:05:37:21 +0200] "GET /content/awo-treff HTTP/1.1" 200 8216 "-" "Java/1.6.0_20"
62.193.225.36 - - [02/Sep/2010:05:37:21 +0200] "GET /content/beratungsstellen HTTP/1.1" 200 7938 "-" "Java/1.6.0_20"
62.193.225.36 - - [02/Sep/2010:05:37:22 +0200] "GET /content/ehrenamt HTTP/1.1" 200 13070 "-" "Java/1.6.0_20"
62.193.225.36 - - [02/Sep/2010:05:37:22 +0200] "GET /content/jugendarbeit HTTP/1.1" 200 12210 "-" "Java/1.6.0_20"
62.193.225.36 - - [02/Sep/2010:05:37:22 +0200] "GET /content/jugendfeiern HTTP/1.1" 200 14785 "-" "Java/1.6.0_20"
62.193.225.36 - - [02/Sep/2010:05:37:23 +0200] "GET /content/kinder-und-familienzentrum-regenbogen HTTP/1.1" 200 31212 "-" "Java/1.6.0_20"
62.193.225.36 - - [02/Sep/2010:05:37:23 +0200] "GET /content/kindertagesstaetten HTTP/1.1" 200 8043 "-" "Java/1.6.0_20"
62.193.225.36 - - [02/Sep/2010:05:37:24 +0200] "GET /content/kontakt-impressum HTTP/1.1" 200 14542 "-" "Java/1.6.0_20"
62.193.225.36 - - [02/Sep/2010:05:37:24 +0200] "GET /content/kontakt-und-beratungsstelle HTTP/1.1" 200 17492 "-" "Java/1.6.0_20"
62.193.225.36 - - [02/Sep/2010:05:37:25 +0200] "GET /content/kooperationspartner HTTP/1.1" 200 7538 "-" "Java/1.6.0_20"
62.193.225.36 - - [02/Sep/2010:05:37:25 +0200] "GET /content/mitglied-werden HTTP/1.1" 200 8785 "-" "Java/1.6.0_20"
62.193.225.36 - - [02/Sep/2010:05:37:26 +0200] "GET /content/ortsvereine HTTP/1.1" 200 7881 "-" "Java/1.6.0_20"
62.193.225.36 - - [02/Sep/2010:05:37:26 +0200] "GET /content/satzung HTTP/1.1" 200 21949 "-" "Java/1.6.0_20"
62.193.225.36 - - [02/Sep/2010:05:37:26 +0200] "GET /content/spenden HTTP/1.1" 200 9275 "-" "Java/1.6.0_20"
62.193.225.36 - - [02/Sep/2010:05:37:27 +0200] "GET /content/stellenangebote HTTP/1.1" 200 8411 "-" "Java/1.6.0_20"
62.193.225.36 - - [02/Sep/2010:05:37:27 +0200] "GET /content/veranstaltungskalender HTTP/1.1" 200 7393 "-" "Java/1.6.0_20"
62.193.225.36 - - [02/Sep/2010:05:37:28 +0200] "GET /content/vorstand HTTP/1.1" 200 9356 "-" "Java/1.6.0_20"
62.193.225.36 - - [02/Sep/2010:05:37:28 +0200] "GET /content/aktuelles/aktuelles HTTP/1.1" 200 10040 "-" "Java/1.6.0_20"
62.193.225.36 - - [02/Sep/2010:05:37:28 +0200] "GET /content/aktuelles/kinder-und-familienzentrum-regenbogen HTTP/1.1" 200 10068 "-" "Java/1.6.0_20"
62.193.225.36 - - [02/Sep/2010:05:37:29 +0200] "GET /content/aktuelles/spenden HTTP/1.1" 200 10038 "-" "Java/1.6.0_20"
62.193.225.36 - - [02/Sep/2010:05:37:29 +0200] "GET /content/awo-treff/awo-treff-aktuelles HTTP/1.1" 200 8216 "-" "Java/1.6.0_20"
62.193.225.36 - - [02/Sep/2010:05:37:30 +0200] "GET /content/awo-treff/awo-treff-angebote HTTP/1.1" 200 8216 "-" "Java/1.6.0_20"
62.193.225.36 - - [02/Sep/2010:05:37:30 +0200] "GET /content/awo-treff/awotreff-kontakt HTTP/1.1" 200 8216 "-" "Java/1.6.0_20"
62.193.225.36 - - [02/Sep/2010:05:37:31 +0200] "GET /content/awo-treff/awotreff-ueber-uns HTTP/1.1" 200 8216 "-" "Java/1.6.0_20"
62.193.225.36 - - [02/Sep/2010:05:37:31 +0200] "GET /content/beratungsstellen/erziehungs-und-familienberatung HTTP/1.1" 200 7938 "-" "Java/1.6.0_20"
