87.149.35.13 - - [01/Sep/2010:18:15:10 +0200] "GET /content/assets/Stellenanzeigen/stellenausschreibungpflegehelfer082010.pdf HTTP/1.1" 200 23852 "http://www.sozialedienste-awo.de/content/stellenangebote/" "Mozilla/5.0 (Windows; U; Windows NT 6.0; de; rv:1.9.2.8) Gecko/20100722 Firefox/3.6.8 ( .NET CLR 3.5.30729; .NET4.0C)"
87.149.35.13 - - [01/Sep/2010:18:15:11 +0200] "GET /favicon.ico HTTP/1.1" 404 1256 "-" "Mozilla/5.0 (Windows; U; Windows NT 6.0; de; rv:1.9.2.8) Gecko/20100722 Firefox/3.6.8 ( .NET CLR 3.5.30729; .NET4.0C)"
87.149.35.13 - - [01/Sep/2010:18:15:14 +0200] "GET /favicon.ico HTTP/1.1" 404 1256 "-" "Mozilla/5.0 (Windows; U; Windows NT 6.0; de; rv:1.9.2.8) Gecko/20100722 Firefox/3.6.8 ( .NET CLR 3.5.30729; .NET4.0C)"
66.249.71.40 - - [01/Sep/2010:18:15:15 +0200] "GET /content/kalender/jax_calendar.php?Y=1593&m=9&d=22&view=d1 HTTP/1.1" 200 11809 "-" "Mozilla/5.0 (compatible; Googlebot/2.1; +http://www.google.com/bot.html)"
87.149.35.13 - - [01/Sep/2010:18:16:15 +0200] "GET /content/kalender/jax_calendar.php?language=German HTTP/1.1" 200 32607 "http://www.sozialedienste-awo.de/content/veranstaltungskalender/" "Mozilla/5.0 (Windows; U; Windows NT 6.0; de; rv:1.9.2.8) Gecko/20100722 Firefox/3.6.8 ( .NET CLR 3.5.30729; .NET4.0C)"
87.149.35.13 - - [01/Sep/2010:18:16:15 +0200] "GET /content/kalender/css/default.css HTTP/1.1" 200 6070 "http://www.awo-kv-bernau.de/content/kalender/jax_calendar.php?language=German" "Mozilla/5.0 (Windows; U; Windows NT 6.0; de; rv:1.9.2.8) Gecko/20100722 Firefox/3.6.8 ( .NET CLR 3.5.30729; .NET4.0C)"
87.149.35.13 - - [01/Sep/2010:18:16:15 +0200] "GET /content/kalender/modules/quick_select_popup.js HTTP/1.1" 200 2660 "http://www.awo-kv-bernau.de/content/kalender/jax_calendar.php?language=German" "Mozilla/5.0 (Windows; U; Windows NT 6.0; de; rv:1.9.2.8) Gecko/20100722 Firefox/3.6.8 ( .NET CLR 3.5.30729; .NET4.0C)"
87.149.35.13 - - [01/Sep/2010:18:16:15 +0200] "GET /content/kalender/images/prev_month_wb.gif HTTP/1.1" 200 92 "http://www.awo-kv-bernau.de/content/kalender/jax_calendar.php?language=German" "Mozilla/5.0 (Windows; U; Windows NT 6.0; de; rv:1.9.2.8) Gecko/20100722 Firefox/3.6.8 ( .NET CLR 3.5.30729; .NET4.0C)"
87.149.35.13 - - [01/Sep/2010:18:16:15 +0200] "GET /content/kalender/images/prev_year_wb.gif HTTP/1.1" 200 91 "http://www.awo-kv-bernau.de/content/kalender/jax_calendar.php?language=German" "Mozilla/5.0 (Windows; U; Windows NT 6.0; de; rv:1.9.2.8) Gecko/20100722 Firefox/3.6.8 ( .NET CLR 3.5.30729; .NET4.0C)"
87.149.35.13 - - [01/Sep/2010:18:16:15 +0200] "GET /content/kalender/images/next_month_wb.gif HTTP/1.1" 200 95 "http://www.awo-kv-bernau.de/content/kalender/jax_calendar.php?language=German" "Mozilla/5.0 (Windows; U; Windows NT 6.0; de; rv:1.9.2.8) Gecko/20100722 Firefox/3.6.8 ( .NET CLR 3.5.30729; .NET4.0C)"
87.149.35.13 - - [01/Sep/2010:18:16:15 +0200] "GET /content/kalender/images/next_year_wb.gif HTTP/1.1" 200 93 "http://www.awo-kv-bernau.de/content/kalender/jax_calendar.php?language=German" "Mozilla/5.0 (Windows; U; Windows NT 6.0; de; rv:1.9.2.8) Gecko/20100722 Firefox/3.6.8 ( .NET CLR 3.5.30729; .NET4.0C)"
87.149.35.13 - - [01/Sep/2010:18:16:15 +0200] "GET /content/kalender/images/back_today.gif HTTP/1.1" 200 78 "http://www.awo-kv-bernau.de/content/kalender/jax_calendar.php?language=German" "Mozilla/5.0 (Windows; U; Windows NT 6.0; de; rv:1.9.2.8) Gecko/20100722 Firefox/3.6.8 ( .NET CLR 3.5.30729; .NET4.0C)"
66.249.71.40 - - [01/Sep/2010:18:18:14 +0200] "GET /content/kalender/jax_calendar.php?Y=4484&m=6&d=33&cal_id=0&language=german&gmt_ofs=-1&view=d1 HTTP/1.1" 200 11703 "-" "Mozilla/5.0 (compatible; Googlebot/2.1; +http://www.google.com/bot.html)"
84.148.123.212 - - [01/Sep/2010:18:20:44 +0200] "GET /content/awo-ortsverein-basdorf/ HTTP/1.1" 200 11425 "http://www.google.de/url?sa=t&source=web&cd=8&ved=0CC8QFjAH&url=http%3A%2F%2Fwww.awo-kv-bernau.de%2Fcontent%2Fawo-ortsverein-basdorf%2F&rct=j&q=awo%20basdorf&ei=085zTLbtKIycOMaUrfwI&usg=AFQjCNE5W8wrqGXziDrF18S6HHZVUAe5mQ&cad=rja" "Mozilla/5.0 (Windows; U; Windows NT 6.0; de; rv:1.9.2.8) Gecko/20100722 Firefox/3.6.8 ( .NET CLR 3.5.30729; .NET4.0C)"
84.148.123.212 - - [01/Sep/2010:18:21:19 +0200] "GET /content/themes/blackcandy/css/layout.css?m=1281258825 HTTP/1.1" 200 9945 "http://www.awo-kv-bernau.de/content/awo-ortsverein-basdorf/" "Mozilla/5.0 (Windows; U; Windows NT 6.0; de; rv:1.9.2.8) Gecko/20100722 Firefox/3.6.8 ( .NET CLR 3.5.30729; .NET4.0C)"
84.148.123.212 - - [01/Sep/2010:18:21:19 +0200] "GET /content/themes/blackcandy/css/typography.css?m=1281262824 HTTP/1.1" 200 5090 "http://www.awo-kv-bernau.de/content/awo-ortsverein-basdorf/" "Mozilla/5.0 (Windows; U; Windows NT 6.0; de; rv:1.9.2.8) Gecko/20100722 Firefox/3.6.8 ( .NET CLR 3.5.30729; .NET4.0C)"
84.148.123.212 - - [01/Sep/2010:18:21:19 +0200] "GET /content/themes/blackcandy/css/form.css?m=1277278133 HTTP/1.1" 200 1856 "http://www.awo-kv-bernau.de/content/awo-ortsverein-basdorf/" "Mozilla/5.0 (Windows; U; Windows NT 6.0; de; rv:1.9.2.8) Gecko/20100722 Firefox/3.6.8 ( .NET CLR 3.5.30729; .NET4.0C)"
84.148.123.212 - - [01/Sep/2010:18:21:19 +0200] "GET /content/assets/Ortsvereine/OV-Basdorf/ovbasdorf1209.jpg HTTP/1.1" 200 27415 "http://www.awo-kv-bernau.de/content/awo-ortsverein-basdorf/" "Mozilla/5.0 (Windows; U; Windows NT 6.0; de; rv:1.9.2.8) Gecko/20100722 Firefox/3.6.8 ( .NET CLR 3.5.30729; .NET4.0C)"
66.249.71.40 - - [01/Sep/2010:18:21:25 +0200] "GET /content/kalender/jax_calendar.php?Y=2011&m=5&d=6&view=d1 HTTP/1.1" 200 11251 "-" "Mozilla/5.0 (compatible; Googlebot/2.1; +http://www.google.com/bot.html)"
84.148.123.212 - - [01/Sep/2010:18:22:27 +0200] "GET /favicon.ico HTTP/1.1" 404 1256 "-" "Mozilla/5.0 (Windows; U; Windows NT 6.0; de; rv:1.9.2.8) Gecko/20100722 Firefox/3.6.8 ( .NET CLR 3.5.30729; .NET4.0C)"
84.148.123.212 - - [01/Sep/2010:18:22:29 +0200] "GET /content/themes/blackcandy/images/header.jpg HTTP/1.1" 200 45038 "http://www.awo-kv-bernau.de/content/themes/blackcandy/css/layout.css?m=1281258825" "Mozilla/5.0 (Windows; U; Windows NT 6.0; de; rv:1.9.2.8) Gecko/20100722 Firefox/3.6.8 ( .NET CLR 3.5.30729; .NET4.0C)"
84.148.123.212 - - [01/Sep/2010:18:22:29 +0200] "GET /content/themes/blackcandy/images/headerRounded.png HTTP/1.1" 200 763 "http://www.awo-kv-bernau.de/content/themes/blackcandy/css/layout.css?m=1281258825" "Mozilla/5.0 (Windows; U; Windows NT 6.0; de; rv:1.9.2.8) Gecko/20100722 Firefox/3.6.8 ( .NET CLR 3.5.30729; .NET4.0C)"
84.148.123.212 - - [01/Sep/2010:18:22:29 +0200] "GET /content/themes/blackcandy/images/activeTabLeft.png HTTP/1.1" 200 433 "http://www.awo-kv-bernau.de/content/themes/blackcandy/css/layout.css?m=1281258825" "Mozilla/5.0 (Windows; U; Windows NT 6.0; de; rv:1.9.2.8) Gecko/20100722 Firefox/3.6.8 ( .NET CLR 3.5.30729; .NET4.0C)"
84.148.123.212 - - [01/Sep/2010:18:22:29 +0200] "GET /content/themes/blackcandy/images/activeTabRight.png HTTP/1.1" 200 433 "http://www.awo-kv-bernau.de/content/themes/blackcandy/css/layout.css?m=1281258825" "Mozilla/5.0 (Windows; U; Windows NT 6.0; de; rv:1.9.2.8) Gecko/20100722 Firefox/3.6.8 ( .NET CLR 3.5.30729; .NET4.0C)"
84.148.123.212 - - [01/Sep/2010:18:22:29 +0200] "GET /content/themes/blackcandy/images/herz.png HTTP/1.1" 200 344 "http://www.awo-kv-bernau.de/content/themes/blackcandy/css/layout.css?m=1281258825" "Mozilla/5.0 (Windows; U; Windows NT 6.0; de; rv:1.9.2.8) Gecko/20100722 Firefox/3.6.8 ( .NET CLR 3.5.30729; .NET4.0C)"
84.148.123.212 - - [01/Sep/2010:18:22:29 +0200] "GET /content/themes/blackcandy/images/subheader.jpg HTTP/1.1" 200 52576 "http://www.awo-kv-bernau.de/content/themes/blackcandy/css/layout.css?m=1281258825" "Mozilla/5.0 (Windows; U; Windows NT 6.0; de; rv:1.9.2.8) Gecko/20100722 Firefox/3.6.8 ( .NET CLR 3.5.30729; .NET4.0C)"
84.148.123.212 - - [01/Sep/2010:18:22:30 +0200] "GET /content/themes/blackcandy/images/footer.png HTTP/1.1" 200 884 "http://www.awo-kv-bernau.de/content/themes/blackcandy/css/layout.css?m=1281258825" "Mozilla/5.0 (Windows; U; Windows NT 6.0; de; rv:1.9.2.8) Gecko/20100722 Firefox/3.6.8 ( .NET CLR 3.5.30729; .NET4.0C)"
84.148.123.212 - - [01/Sep/2010:18:22:53 +0200] "GET /favicon.ico HTTP/1.1" 404 1256 "-" "Mozilla/5.0 (Windows; U; Windows NT 6.0; de; rv:1.9.2.8) Gecko/20100722 Firefox/3.6.8 ( .NET CLR 3.5.30729; .NET4.0C)"
66.249.71.40 - - [01/Sep/2010:18:23:48 +0200] "GET /content/kalender/jax_calendar.php?Y=3033&m=10&d=17&view=d1 HTTP/1.1" 200 11868 "-" "Mozilla/5.0 (compatible; Googlebot/2.1; +http://www.google.com/bot.html)"
66.249.71.40 - - [01/Sep/2010:18:26:19 +0200] "GET /content/kalender/jax_calendar.php?Y=-9893&m=4&d=5&cal_id=0&language=german&gmt_ofs=-1&view=d1 HTTP/1.1" 200 11764 "-" "Mozilla/5.0 (compatible; Googlebot/2.1; +http://www.google.com/bot.html)"
66.249.71.40 - - [01/Sep/2010:18:29:06 +0200] "GET /content/kalender/jax_calendar.php?Y=-9907&m=6&d=5&cal_id=0&language=german&gmt_ofs=-1&view=d1 HTTP/1.1" 200 11763 "-" "Mozilla/5.0 (compatible; Googlebot/2.1; +http://www.google.com/bot.html)"
66.249.71.40 - - [01/Sep/2010:18:31:53 +0200] "GET /content/kalender/jax_calendar.php?Y=-10108&m=1&d=1&cal_id=0&language=english&gmt_ofs=0&view=d1 HTTP/1.1" 200 11800 "-" "Mozilla/5.0 (compatible; Googlebot/2.1; +http://www.google.com/bot.html)"
87.149.47.120 - - [01/Sep/2010:18:33:25 +0200] "GET /content/assets/Aktuelles/awologo.jpg HTTP/1.1" 200 2292 "http://www.sozialedienste-awo.de/content/aktuelles/" "Mozilla/5.0 (Windows; U; Windows NT 5.1; de; rv:1.9.0.19) Gecko/2010031422 AskTbDVSV5/3.8.0.12304 Firefox/3.0.19"
87.149.47.120 - - [01/Sep/2010:18:33:25 +0200] "GET /content/assets/Aktuelles/aktuelles140810.jpg HTTP/1.1" 200 20737 "http://www.sozialedienste-awo.de/content/aktuelles/" "Mozilla/5.0 (Windows; U; Windows NT 5.1; de; rv:1.9.0.19) Gecko/2010031422 AskTbDVSV5/3.8.0.12304 Firefox/3.0.19"
87.149.47.120 - - [01/Sep/2010:18:33:25 +0200] "GET /content/assets/Aktuelles/aktuelles160710.jpg HTTP/1.1" 200 17303 "http://www.sozialedienste-awo.de/content/aktuelles/" "Mozilla/5.0 (Windows; U; Windows NT 5.1; de; rv:1.9.0.19) Gecko/2010031422 AskTbDVSV5/3.8.0.12304 Firefox/3.0.19"
87.149.47.120 - - [01/Sep/2010:18:33:25 +0200] "GET /content/assets/Aktuelles/aktuelles110810.jpg HTTP/1.1" 200 73350 "http://www.sozialedienste-awo.de/content/aktuelles/" "Mozilla/5.0 (Windows; U; Windows NT 5.1; de; rv:1.9.0.19) Gecko/2010031422 AskTbDVSV5/3.8.0.12304 Firefox/3.0.19"
66.249.71.40 - - [01/Sep/2010:18:34:39 +0200] "GET /content/kalender/jax_calendar.php?Y=-10104&m=10&d=1&cal_id=0&language=english&gmt_ofs=0&view=d1 HTTP/1.1" 200 11861 "-" "Mozilla/5.0 (compatible; Googlebot/2.1; +http://www.google.com/bot.html)"
66.249.71.40 - - [01/Sep/2010:18:37:26 +0200] "GET /content/kalender/jax_calendar.php?Y=-10101&m=4&d=5&cal_id=0&language=german&gmt_ofs=-1&view=d1 HTTP/1.1" 200 11860 "-" "Mozilla/5.0 (compatible; Googlebot/2.1; +http://www.google.com/bot.html)"
84.148.123.212 - - [01/Sep/2010:18:38:05 +0200] "GET /content/awo-ortsverein-basdorf/ HTTP/1.1" 200 11425 "http://www.google.de/url?sa=t&source=web&cd=8&ved=0CC8QFjAH&url=http%3A%2F%2Fwww.awo-kv-bernau.de%2Fcontent%2Fawo-ortsverein-basdorf%2F&rct=j&q=awo%20basdorf&ei=085zTLbtKIycOMaUrfwI&usg=AFQjCNE5W8wrqGXziDrF18S6HHZVUAe5mQ&cad=rja" "Mozilla/5.0 (Windows; U; Windows NT 6.0; de; rv:1.9.2.8) Gecko/20100722 Firefox/3.6.8 ( .NET CLR 3.5.30729; .NET4.0C)"
84.148.123.212 - - [01/Sep/2010:18:38:07 +0200] "GET /content/themes/blackcandy/css/layout.css?m=1281258825 HTTP/1.1" 200 9945 "http://www.awo-kv-bernau.de/content/awo-ortsverein-basdorf/" "Mozilla/5.0 (Windows; U; Windows NT 6.0; de; rv:1.9.2.8) Gecko/20100722 Firefox/3.6.8 ( .NET CLR 3.5.30729; .NET4.0C)"
84.148.123.212 - - [01/Sep/2010:18:38:07 +0200] "GET /content/themes/blackcandy/css/typography.css?m=1281262824 HTTP/1.1" 200 5090 "http://www.awo-kv-bernau.de/content/awo-ortsverein-basdorf/" "Mozilla/5.0 (Windows; U; Windows NT 6.0; de; rv:1.9.2.8) Gecko/20100722 Firefox/3.6.8 ( .NET CLR 3.5.30729; .NET4.0C)"
84.148.123.212 - - [01/Sep/2010:18:38:07 +0200] "GET /content/themes/blackcandy/css/form.css?m=1277278133 HTTP/1.1" 200 1856 "http://www.awo-kv-bernau.de/content/awo-ortsverein-basdorf/" "Mozilla/5.0 (Windows; U; Windows NT 6.0; de; rv:1.9.2.8) Gecko/20100722 Firefox/3.6.8 ( .NET CLR 3.5.30729; .NET4.0C)"
84.148.123.212 - - [01/Sep/2010:18:38:07 +0200] "GET /content/assets/Ortsvereine/OV-Basdorf/ovbasdorf1209.jpg HTTP/1.1" 200 27415 "http://www.awo-kv-bernau.de/content/awo-ortsverein-basdorf/" "Mozilla/5.0 (Windows; U; Windows NT 6.0; de; rv:1.9.2.8) Gecko/20100722 Firefox/3.6.8 ( .NET CLR 3.5.30729; .NET4.0C)"
84.148.123.212 - - [01/Sep/2010:18:38:08 +0200] "GET /favicon.ico HTTP/1.1" 404 1256 "-" "Mozilla/5.0 (Windows; U; Windows NT 6.0; de; rv:1.9.2.8) Gecko/20100722 Firefox/3.6.8 ( .NET CLR 3.5.30729; .NET4.0C)"
84.148.123.212 - - [01/Sep/2010:18:38:08 +0200] "GET /content/themes/blackcandy/images/headerRounded.png HTTP/1.1" 200 763 "http://www.awo-kv-bernau.de/content/themes/blackcandy/css/layout.css?m=1281258825" "Mozilla/5.0 (Windows; U; Windows NT 6.0; de; rv:1.9.2.8) Gecko/20100722 Firefox/3.6.8 ( .NET CLR 3.5.30729; .NET4.0C)"
84.148.123.212 - - [01/Sep/2010:18:38:08 +0200] "GET /content/themes/blackcandy/images/activeTabLeft.png HTTP/1.1" 200 433 "http://www.awo-kv-bernau.de/content/themes/blackcandy/css/layout.css?m=1281258825" "Mozilla/5.0 (Windows; U; Windows NT 6.0; de; rv:1.9.2.8) Gecko/20100722 Firefox/3.6.8 ( .NET CLR 3.5.30729; .NET4.0C)"
84.148.123.212 - - [01/Sep/2010:18:38:08 +0200] "GET /content/themes/blackcandy/images/activeTabRight.png HTTP/1.1" 200 433 "http://www.awo-kv-bernau.de/content/themes/blackcandy/css/layout.css?m=1281258825" "Mozilla/5.0 (Windows; U; Windows NT 6.0; de; rv:1.9.2.8) Gecko/20100722 Firefox/3.6.8 ( .NET CLR 3.5.30729; .NET4.0C)"
84.148.123.212 - - [01/Sep/2010:18:38:08 +0200] "GET /content/themes/blackcandy/images/footer.png HTTP/1.1" 200 884 "http://www.awo-kv-bernau.de/content/themes/blackcandy/css/layout.css?m=1281258825" "Mozilla/5.0 (Windows; U; Windows NT 6.0; de; rv:1.9.2.8) Gecko/20100722 Firefox/3.6.8 ( .NET CLR 3.5.30729; .NET4.0C)"
84.148.123.212 - - [01/Sep/2010:18:38:08 +0200] "GET /content/themes/blackcandy/images/herz.png HTTP/1.1" 200 344 "http://www.awo-kv-bernau.de/content/themes/blackcandy/css/layout.css?m=1281258825" "Mozilla/5.0 (Windows; U; Windows NT 6.0; de; rv:1.9.2.8) Gecko/20100722 Firefox/3.6.8 ( .NET CLR 3.5.30729; .NET4.0C)"
84.148.123.212 - - [01/Sep/2010:18:38:08 +0200] "GET /content/themes/blackcandy/images/header.jpg HTTP/1.1" 200 45038 "http://www.awo-kv-bernau.de/content/themes/blackcandy/css/layout.css?m=1281258825" "Mozilla/5.0 (Windows; U; Windows NT 6.0; de; rv:1.9.2.8) Gecko/20100722 Firefox/3.6.8 ( .NET CLR 3.5.30729; .NET4.0C)"
84.148.123.212 - - [01/Sep/2010:18:38:08 +0200] "GET /content/themes/blackcandy/images/subheader.jpg HTTP/1.1" 200 52576 "http://www.awo-kv-bernau.de/content/themes/blackcandy/css/layout.css?m=1281258825" "Mozilla/5.0 (Windows; U; Windows NT 6.0; de; rv:1.9.2.8) Gecko/20100722 Firefox/3.6.8 ( .NET CLR 3.5.30729; .NET4.0C)"
84.148.123.212 - - [01/Sep/2010:18:38:13 +0200] "GET /favicon.ico HTTP/1.1" 404 1256 "-" "Mozilla/5.0 (Windows; U; Windows NT 6.0; de; rv:1.9.2.8) Gecko/20100722 Firefox/3.6.8 ( .NET CLR 3.5.30729; .NET4.0C)"
207.46.195.229 - - [01/Sep/2010:18:40:03 +0200] "GET / HTTP/1.1" 302 - "-" "msnbot/2.0b (+http://search.msn.com/msnbot.htm)"
66.249.71.40 - - [01/Sep/2010:18:40:13 +0200] "GET /content/kalender/jax_calendar.php?Y=4487&m=2&d=33&cal_id=0&language=german&gmt_ofs=-1&view=d1 HTTP/1.1" 200 11706 "-" "Mozilla/5.0 (compatible; Googlebot/2.1; +http://www.google.com/bot.html)"
66.249.71.40 - - [01/Sep/2010:18:43:00 +0200] "GET /content/kalender/jax_calendar.php?Y=-10105&m=11&d=1&cal_id=0&language=english&gmt_ofs=0&view=d1 HTTP/1.1" 200 11862 "-" "Mozilla/5.0 (compatible; Googlebot/2.1; +http://www.google.com/bot.html)"
66.249.71.40 - - [01/Sep/2010:18:45:47 +0200] "GET /content/kalender/jax_calendar.php?Y=-10107&m=6&d=1&cal_id=0&language=english&gmt_ofs=0&view=d1 HTTP/1.1" 200 11799 "-" "Mozilla/5.0 (compatible; Googlebot/2.1; +http://www.google.com/bot.html)"
66.249.71.40 - - [01/Sep/2010:18:50:15 +0200] "GET /content/kalender/jax_calendar.php?Y=1593&m=8&d=8&view=d1 HTTP/1.1" 200 11769 "-" "Mozilla/5.0 (compatible; Googlebot/2.1; +http://www.google.com/bot.html)"
66.249.71.40 - - [01/Sep/2010:18:50:16 +0200] "GET /content/kalender/jax_calendar.php?Y=-10100&m=2&d=1&cal_id=0&language=english&gmt_ofs=0&view=d1 HTTP/1.1" 200 11799 "-" "Mozilla/5.0 (compatible; Googlebot/2.1; +http://www.google.com/bot.html)"
66.249.71.40 - - [01/Sep/2010:18:50:16 +0200] "GET /content/kalender/jax_calendar.php?Y=-9907&m=12&d=5&cal_id=0&language=german&gmt_ofs=-1&view=d1 HTTP/1.1" 200 11829 "-" "Mozilla/5.0 (compatible; Googlebot/2.1; +http://www.google.com/bot.html)"
66.249.71.40 - - [01/Sep/2010:18:52:51 +0200] "GET /content/kalender/jax_calendar.php?Y=-10100&m=6&d=1&cal_id=0&language=english&gmt_ofs=0&view=d1 HTTP/1.1" 200 11799 "-" "Mozilla/5.0 (compatible; Googlebot/2.1; +http://www.google.com/bot.html)"
66.249.71.40 - - [01/Sep/2010:18:56:27 +0200] "GET /content/kalender/jax_calendar.php?Y=-10099&m=4&d=3&view=d1 HTTP/1.1" 200 11960 "-" "Mozilla/5.0 (compatible; Googlebot/2.1; +http://www.google.com/bot.html)"
207.46.204.178 - - [01/Sep/2010:18:57:00 +0200] "GET /content/kontakt-impressum/ HTTP/1.1" 200 14542 "-" "msnbot/2.0b (+http://search.msn.com/msnbot.htm)"
207.46.195.229 - - [01/Sep/2010:19:00:02 +0200] "GET /content/aktuelles/ HTTP/1.1" 200 9028 "-" "msnbot/2.0b (+http://search.msn.com/msnbot.htm)"
66.249.71.40 - - [01/Sep/2010:19:00:04 +0200] "GET /content/kalender/jax_calendar.php?Y=-9918&m=10&d=37&view=d1 HTTP/1.1" 200 11964 "-" "Mozilla/5.0 (compatible; Googlebot/2.1; +http://www.google.com/bot.html)"
87.149.47.120 - - [01/Sep/2010:19:03:20 +0200] "GET /content/assets/Aktuelles/aktuelles140810.jpg HTTP/1.1" 200 20737 "http://www.sozialedienste-awo.de/content/aktuelles/" "Mozilla/5.0 (Windows; U; Windows NT 5.1; de; rv:1.9.0.19) Gecko/2010031422 AskTbDVSV5/3.8.0.12304 Firefox/3.0.19"
87.149.47.120 - - [01/Sep/2010:19:03:20 +0200] "GET /content/assets/Aktuelles/awologo.jpg HTTP/1.1" 200 2292 "http://www.sozialedienste-awo.de/content/aktuelles/" "Mozilla/5.0 (Windows; U; Windows NT 5.1; de; rv:1.9.0.19) Gecko/2010031422 AskTbDVSV5/3.8.0.12304 Firefox/3.0.19"
87.149.47.120 - - [01/Sep/2010:19:03:20 +0200] "GET /content/assets/Aktuelles/aktuelles160710.jpg HTTP/1.1" 200 17303 "http://www.sozialedienste-awo.de/content/aktuelles/" "Mozilla/5.0 (Windows; U; Windows NT 5.1; de; rv:1.9.0.19) Gecko/2010031422 AskTbDVSV5/3.8.0.12304 Firefox/3.0.19"
87.149.47.120 - - [01/Sep/2010:19:03:20 +0200] "GET /content/assets/Aktuelles/aktuelles110810.jpg HTTP/1.1" 200 73350 "http://www.sozialedienste-awo.de/content/aktuelles/" "Mozilla/5.0 (Windows; U; Windows NT 5.1; de; rv:1.9.0.19) Gecko/2010031422 AskTbDVSV5/3.8.0.12304 Firefox/3.0.19"
66.249.71.40 - - [01/Sep/2010:19:03:39 +0200] "GET /content/kalender/jax_calendar.php?Y=-10096&m=8&d=16&view=d1 HTTP/1.1" 200 11997 "-" "Mozilla/5.0 (compatible; Googlebot/2.1; +http://www.google.com/bot.html)"
207.46.12.237 - - [01/Sep/2010:19:04:35 +0200] "GET /content/kalender/jax_calendar.php?Y=2010&m=7&d=12&view=d1 HTTP/1.1" 200 16385 "-" "msnbot/2.0b (+http://search.msn.com/msnbot.htm)"
66.249.71.40 - - [01/Sep/2010:19:07:15 +0200] "GET /content/kalender/jax_calendar.php?Y=4479&m=10&d=34&view=d1 HTTP/1.1" 200 11868 "-" "Mozilla/5.0 (compatible; Googlebot/2.1; +http://www.google.com/bot.html)"
66.249.71.40 - - [01/Sep/2010:19:10:52 +0200] "GET /content/kalender/jax_calendar.php?Y=-10105&m=4&d=1&cal_id=0&language=english&gmt_ofs=0&view=d1 HTTP/1.1" 200 11799 "-" "Mozilla/5.0 (compatible; Googlebot/2.1; +http://www.google.com/bot.html)"
79.214.242.155 - - [01/Sep/2010:19:13:20 +0200] "GET /content/traumland/ HTTP/1.1" 200 18574 "http://www.google.de/url?sa=t&source=web&cd=1&ved=0CBYQFjAA&url=http%3A%2F%2Fwww.awo-kv-bernau.de%2Fcontent%2Ftraumland%2F&rct=j&q=kita%20traumland%20sch%C3%B6nwalde&ei=rIl-TM2JEIiLswb1v5CUCQ&usg=AFQjCNHP2WZErSzXuC3eryL2PrX4MPF7lQ" "Mozilla/4.0 (compatible; MSIE 8.0; Windows NT 5.1; Trident/4.0; .NET CLR 2.0.50727; .NET CLR 3.0.4506.2152; .NET CLR 3.5.30729)"
79.214.242.155 - - [01/Sep/2010:19:13:20 +0200] "GET /content/themes/blackcandy/css/layout.css?m=1281258825 HTTP/1.1" 200 9945 "http://www.awo-kv-bernau.de/content/traumland/" "Mozilla/4.0 (compatible; MSIE 8.0; Windows NT 5.1; Trident/4.0; .NET CLR 2.0.50727; .NET CLR 3.0.4506.2152; .NET CLR 3.5.30729)"
79.214.242.155 - - [01/Sep/2010:19:13:20 +0200] "GET /content/themes/blackcandy/css/form.css?m=1277278133 HTTP/1.1" 200 1856 "http://www.awo-kv-bernau.de/content/traumland/" "Mozilla/4.0 (compatible; MSIE 8.0; Windows NT 5.1; Trident/4.0; .NET CLR 2.0.50727; .NET CLR 3.0.4506.2152; .NET CLR 3.5.30729)"
79.214.242.155 - - [01/Sep/2010:19:13:21 +0200] "GET /content/themes/blackcandy/css/typography.css?m=1281262824 HTTP/1.1" 200 5090 "http://www.awo-kv-bernau.de/content/traumland/" "Mozilla/4.0 (compatible; MSIE 8.0; Windows NT 5.1; Trident/4.0; .NET CLR 2.0.50727; .NET CLR 3.0.4506.2152; .NET CLR 3.5.30729)"
79.214.242.155 - - [01/Sep/2010:19:13:21 +0200] "GET /content/assets/Kitas/Traumland/traumlandleiter.jpg HTTP/1.1" 200 15600 "http://www.awo-kv-bernau.de/content/traumland/" "Mozilla/4.0 (compatible; MSIE 8.0; Windows NT 5.1; Trident/4.0; .NET CLR 2.0.50727; .NET CLR 3.0.4506.2152; .NET CLR 3.5.30729)"
79.214.242.155 - - [01/Sep/2010:19:13:21 +0200] "GET /content/assets/Kitas/Traumland/traumland01.jpg HTTP/1.1" 200 67469 "http://www.awo-kv-bernau.de/content/traumland/" "Mozilla/4.0 (compatible; MSIE 8.0; Windows NT 5.1; Trident/4.0; .NET CLR 2.0.50727; .NET CLR 3.0.4506.2152; .NET CLR 3.5.30729)"
79.214.242.155 - - [01/Sep/2010:19:13:21 +0200] "GET /content/assets/Kitas/Traumland/traumland5.jpg HTTP/1.1" 200 53971 "http://www.awo-kv-bernau.de/content/traumland/" "Mozilla/4.0 (compatible; MSIE 8.0; Windows NT 5.1; Trident/4.0; .NET CLR 2.0.50727; .NET CLR 3.0.4506.2152; .NET CLR 3.5.30729)"
79.214.242.155 - - [01/Sep/2010:19:13:21 +0200] "GET /content/assets/Kitas/Traumland/traumland1.jpg HTTP/1.1" 200 51722 "http://www.awo-kv-bernau.de/content/traumland/" "Mozilla/4.0 (compatible; MSIE 8.0; Windows NT 5.1; Trident/4.0; .NET CLR 2.0.50727; .NET CLR 3.0.4506.2152; .NET CLR 3.5.30729)"
79.214.242.155 - - [01/Sep/2010:19:13:21 +0200] "GET /content/assets/Kitas/Traumland/traumland2.jpg HTTP/1.1" 200 60792 "http://www.awo-kv-bernau.de/content/traumland/" "Mozilla/4.0 (compatible; MSIE 8.0; Windows NT 5.1; Trident/4.0; .NET CLR 2.0.50727; .NET CLR 3.0.4506.2152; .NET CLR 3.5.30729)"
79.214.242.155 - - [01/Sep/2010:19:13:21 +0200] "GET /content/assets/Kitas/Traumland/logo.jpg HTTP/1.1" 200 65028 "http://www.awo-kv-bernau.de/content/traumland/" "Mozilla/4.0 (compatible; MSIE 8.0; Windows NT 5.1; Trident/4.0; .NET CLR 2.0.50727; .NET CLR 3.0.4506.2152; .NET CLR 3.5.30729)"
79.214.242.155 - - [01/Sep/2010:19:13:22 +0200] "GET /content/assets/Kitas/Traumland/traumland6.jpg HTTP/1.1" 200 67715 "http://www.awo-kv-bernau.de/content/traumland/" "Mozilla/4.0 (compatible; MSIE 8.0; Windows NT 5.1; Trident/4.0; .NET CLR 2.0.50727; .NET CLR 3.0.4506.2152; .NET CLR 3.5.30729)"
79.214.242.155 - - [01/Sep/2010:19:13:22 +0200] "GET /content/themes/blackcandy/images/headerRounded.png HTTP/1.1" 200 763 "http://www.awo-kv-bernau.de/content/traumland/" "Mozilla/4.0 (compatible; MSIE 8.0; Windows NT 5.1; Trident/4.0; .NET CLR 2.0.50727; .NET CLR 3.0.4506.2152; .NET CLR 3.5.30729)"
79.214.242.155 - - [01/Sep/2010:19:13:22 +0200] "GET /content/themes/blackcandy/images/header.jpg HTTP/1.1" 200 45038 "http://www.awo-kv-bernau.de/content/traumland/" "Mozilla/4.0 (compatible; MSIE 8.0; Windows NT 5.1; Trident/4.0; .NET CLR 2.0.50727; .NET CLR 3.0.4506.2152; .NET CLR 3.5.30729)"
79.214.242.155 - - [01/Sep/2010:19:13:21 +0200] "GET /content/assets/Kitas/Traumland/traumland0.jpg HTTP/1.1" 200 96611 "http://www.awo-kv-bernau.de/content/traumland/" "Mozilla/4.0 (compatible; MSIE 8.0; Windows NT 5.1; Trident/4.0; .NET CLR 2.0.50727; .NET CLR 3.0.4506.2152; .NET CLR 3.5.30729)"
79.214.242.155 - - [01/Sep/2010:19:13:21 +0200] "GET /content/assets/Kitas/Traumland/traumland4.jpg HTTP/1.1" 200 49487 "http://www.awo-kv-bernau.de/content/traumland/" "Mozilla/4.0 (compatible; MSIE 8.0; Windows NT 5.1; Trident/4.0; .NET CLR 2.0.50727; .NET CLR 3.0.4506.2152; .NET CLR 3.5.30729)"
79.214.242.155 - - [01/Sep/2010:19:13:22 +0200] "GET /content/assets/Kitas/Traumland/traumland7.jpg HTTP/1.1" 200 84584 "http://www.awo-kv-bernau.de/content/traumland/" "Mozilla/4.0 (compatible; MSIE 8.0; Windows NT 5.1; Trident/4.0; .NET CLR 2.0.50727; .NET CLR 3.0.4506.2152; .NET CLR 3.5.30729)"
79.214.242.155 - - [01/Sep/2010:19:13:22 +0200] "GET /content/themes/blackcandy/images/activeTabLeft.png HTTP/1.1" 200 433 "http://www.awo-kv-bernau.de/content/traumland/" "Mozilla/4.0 (compatible; MSIE 8.0; Windows NT 5.1; Trident/4.0; .NET CLR 2.0.50727; .NET CLR 3.0.4506.2152; .NET CLR 3.5.30729)"
79.214.242.155 - - [01/Sep/2010:19:13:22 +0200] "GET /content/themes/blackcandy/images/activeTabRight.png HTTP/1.1" 200 433 "http://www.awo-kv-bernau.de/content/traumland/" "Mozilla/4.0 (compatible; MSIE 8.0; Windows NT 5.1; Trident/4.0; .NET CLR 2.0.50727; .NET CLR 3.0.4506.2152; .NET CLR 3.5.30729)"
79.214.242.155 - - [01/Sep/2010:19:13:22 +0200] "GET /content/themes/blackcandy/images/subheader.jpg HTTP/1.1" 200 52576 "http://www.awo-kv-bernau.de/content/traumland/" "Mozilla/4.0 (compatible; MSIE 8.0; Windows NT 5.1; Trident/4.0; .NET CLR 2.0.50727; .NET CLR 3.0.4506.2152; .NET CLR 3.5.30729)"
79.214.242.155 - - [01/Sep/2010:19:13:22 +0200] "GET /content/themes/blackcandy/images/herz.png HTTP/1.1" 200 344 "http://www.awo-kv-bernau.de/content/traumland/" "Mozilla/4.0 (compatible; MSIE 8.0; Windows NT 5.1; Trident/4.0; .NET CLR 2.0.50727; .NET CLR 3.0.4506.2152; .NET CLR 3.5.30729)"
79.214.242.155 - - [01/Sep/2010:19:13:23 +0200] "GET /content/themes/blackcandy/images/icons/page_white_acrobat.png HTTP/1.1" 200 591 "http://www.awo-kv-bernau.de/content/traumland/" "Mozilla/4.0 (compatible; MSIE 8.0; Windows NT 5.1; Trident/4.0; .NET CLR 2.0.50727; .NET CLR 3.0.4506.2152; .NET CLR 3.5.30729)"
79.214.242.155 - - [01/Sep/2010:19:13:23 +0200] "GET /content/themes/blackcandy/images/footer.png HTTP/1.1" 200 884 "http://www.awo-kv-bernau.de/content/traumland/" "Mozilla/4.0 (compatible; MSIE 8.0; Windows NT 5.1; Trident/4.0; .NET CLR 2.0.50727; .NET CLR 3.0.4506.2152; .NET CLR 3.5.30729)"
79.214.242.155 - - [01/Sep/2010:19:13:23 +0200] "GET /favicon.ico HTTP/1.1" 404 1256 "-" "Mozilla/4.0 (compatible; MSIE 8.0; Windows NT 5.1; Trident/4.0; .NET CLR 2.0.50727; .NET CLR 3.0.4506.2152; .NET CLR 3.5.30729)"
88.72.27.20 - - [01/Sep/2010:19:13:30 +0200] "GET /content/aktuelles/ HTTP/1.1" 200 9028 "-" "Mozilla/5.0 (Windows; U; Windows NT 5.1; en-US; rv:1.9.2.8) Gecko/20100722 Firefox/3.6.8 ( .NET CLR 3.5.30729)"
88.72.27.20 - - [01/Sep/2010:19:13:31 +0200] "GET /content/themes/blackcandy/css/layout.css?m=1281258825 HTTP/1.1" 304 - "http://www.awo-kv-bernau.de/content/aktuelles/" "Mozilla/5.0 (Windows; U; Windows NT 5.1; en-US; rv:1.9.2.8) Gecko/20100722 Firefox/3.6.8 ( .NET CLR 3.5.30729)"
88.72.27.20 - - [01/Sep/2010:19:13:31 +0200] "GET /content/assets/Aktuelles/awologo.jpg HTTP/1.1" 304 - "http://www.awo-kv-bernau.de/content/aktuelles/" "Mozilla/5.0 (Windows; U; Windows NT 5.1; en-US; rv:1.9.2.8) Gecko/20100722 Firefox/3.6.8 ( .NET CLR 3.5.30729)"
88.72.27.20 - - [01/Sep/2010:19:13:31 +0200] "GET /content/themes/blackcandy/css/typography.css?m=1281262824 HTTP/1.1" 304 - "http://www.awo-kv-bernau.de/content/aktuelles/" "Mozilla/5.0 (Windows; U; Windows NT 5.1; en-US; rv:1.9.2.8) Gecko/20100722 Firefox/3.6.8 ( .NET CLR 3.5.30729)"
88.72.27.20 - - [01/Sep/2010:19:13:31 +0200] "GET /content/themes/blackcandy/css/form.css?m=1277278133 HTTP/1.1" 304 - "http://www.awo-kv-bernau.de/content/aktuelles/" "Mozilla/5.0 (Windows; U; Windows NT 5.1; en-US; rv:1.9.2.8) Gecko/20100722 Firefox/3.6.8 ( .NET CLR 3.5.30729)"
88.72.27.20 - - [01/Sep/2010:19:13:31 +0200] "GET /content/themes/blackcandy/images/header.jpg HTTP/1.1" 304 - "http://www.awo-kv-bernau.de/content/themes/blackcandy/css/layout.css?m=1281258825" "Mozilla/5.0 (Windows; U; Windows NT 5.1; en-US; rv:1.9.2.8) Gecko/20100722 Firefox/3.6.8 ( .NET CLR 3.5.30729)"
88.72.27.20 - - [01/Sep/2010:19:13:31 +0200] "GET /content/themes/blackcandy/images/headerRounded.png HTTP/1.1" 304 - "http://www.awo-kv-bernau.de/content/themes/blackcandy/css/layout.css?m=1281258825" "Mozilla/5.0 (Windows; U; Windows NT 5.1; en-US; rv:1.9.2.8) Gecko/20100722 Firefox/3.6.8 ( .NET CLR 3.5.30729)"
88.72.27.20 - - [01/Sep/2010:19:13:31 +0200] "GET /content/themes/blackcandy/images/activeTabLeft.png HTTP/1.1" 304 - "http://www.awo-kv-bernau.de/content/themes/blackcandy/css/layout.css?m=1281258825" "Mozilla/5.0 (Windows; U; Windows NT 5.1; en-US; rv:1.9.2.8) Gecko/20100722 Firefox/3.6.8 ( .NET CLR 3.5.30729)"
88.72.27.20 - - [01/Sep/2010:19:13:31 +0200] "GET /content/themes/blackcandy/images/activeTabRight.png HTTP/1.1" 304 - "http://www.awo-kv-bernau.de/content/themes/blackcandy/css/layout.css?m=1281258825" "Mozilla/5.0 (Windows; U; Windows NT 5.1; en-US; rv:1.9.2.8) Gecko/20100722 Firefox/3.6.8 ( .NET CLR 3.5.30729)"
88.72.27.20 - - [01/Sep/2010:19:13:31 +0200] "GET /content/themes/blackcandy/images/subheader.jpg HTTP/1.1" 304 - "http://www.awo-kv-bernau.de/content/themes/blackcandy/css/layout.css?m=1281258825" "Mozilla/5.0 (Windows; U; Windows NT 5.1; en-US; rv:1.9.2.8) Gecko/20100722 Firefox/3.6.8 ( .NET CLR 3.5.30729)"
88.72.27.20 - - [01/Sep/2010:19:13:31 +0200] "GET /content/themes/blackcandy/images/herz.png HTTP/1.1" 304 - "http://www.awo-kv-bernau.de/content/themes/blackcandy/css/layout.css?m=1281258825" "Mozilla/5.0 (Windows; U; Windows NT 5.1; en-US; rv:1.9.2.8) Gecko/20100722 Firefox/3.6.8 ( .NET CLR 3.5.30729)"
88.72.27.20 - - [01/Sep/2010:19:13:31 +0200] "GET /content/themes/blackcandy/images/footer.png HTTP/1.1" 304 - "http://www.awo-kv-bernau.de/content/themes/blackcandy/css/layout.css?m=1281258825" "Mozilla/5.0 (Windows; U; Windows NT 5.1; en-US; rv:1.9.2.8) Gecko/20100722 Firefox/3.6.8 ( .NET CLR 3.5.30729)"
88.72.27.20 - - [01/Sep/2010:19:13:31 +0200] "GET /content/assets/Aktuelles/aktuelles140810.jpg HTTP/1.1" 304 - "http://www.awo-kv-bernau.de/content/aktuelles/" "Mozilla/5.0 (Windows; U; Windows NT 5.1; en-US; rv:1.9.2.8) Gecko/20100722 Firefox/3.6.8 ( .NET CLR 3.5.30729)"
88.72.27.20 - - [01/Sep/2010:19:13:31 +0200] "GET /content/assets/Aktuelles/aktuelles110810.jpg HTTP/1.1" 304 - "http://www.awo-kv-bernau.de/content/aktuelles/" "Mozilla/5.0 (Windows; U; Windows NT 5.1; en-US; rv:1.9.2.8) Gecko/20100722 Firefox/3.6.8 ( .NET CLR 3.5.30729)"
88.72.27.20 - - [01/Sep/2010:19:13:31 +0200] "GET /content/assets/Aktuelles/aktuelles160710.jpg HTTP/1.1" 304 - "http://www.awo-kv-bernau.de/content/aktuelles/" "Mozilla/5.0 (Windows; U; Windows NT 5.1; en-US; rv:1.9.2.8) Gecko/20100722 Firefox/3.6.8 ( .NET CLR 3.5.30729)"
88.72.27.20 - - [01/Sep/2010:19:13:34 +0200] "GET /favicon.ico HTTP/1.1" 404 1256 "-" "Mozilla/5.0 (Windows; U; Windows NT 5.1; en-US; rv:1.9.2.8) Gecko/20100722 Firefox/3.6.8 ( .NET CLR 3.5.30729)"
66.249.71.40 - - [01/Sep/2010:19:15:11 +0200] "GET /content/kalender/jax_calendar.php?Y=-10101&m=7&d=23&cal_id=0&language=german&gmt_ofs=-1&view=d1 HTTP/1.1" 200 11895 "-" "Mozilla/5.0 (compatible; Googlebot/2.1; +http://www.google.com/bot.html)"
79.214.242.155 - - [01/Sep/2010:19:17:31 +0200] "GET /content/stellenangebote/ HTTP/1.1" 200 8411 "http://www.awo-kv-bernau.de/content/traumland/" "Mozilla/4.0 (compatible; MSIE 8.0; Windows NT 5.1; Trident/4.0; .NET CLR 2.0.50727; .NET CLR 3.0.4506.2152; .NET CLR 3.5.30729)"
79.214.242.155 - - [01/Sep/2010:19:17:31 +0200] "GET /favicon.ico HTTP/1.1" 404 1256 "-" "Mozilla/4.0 (compatible; MSIE 8.0; Windows NT 5.1; Trident/4.0; .NET CLR 2.0.50727; .NET CLR 3.0.4506.2152; .NET CLR 3.5.30729)"
79.214.242.155 - - [01/Sep/2010:19:17:49 +0200] "GET /content/kindertagesstaetten/ HTTP/1.1" 200 8043 "http://www.awo-kv-bernau.de/content/stellenangebote/" "Mozilla/4.0 (compatible; MSIE 8.0; Windows NT 5.1; Trident/4.0; .NET CLR 2.0.50727; .NET CLR 3.0.4506.2152; .NET CLR 3.5.30729)"
79.214.242.155 - - [01/Sep/2010:19:17:52 +0200] "GET /content/kinderland/ HTTP/1.1" 200 20474 "http://www.awo-kv-bernau.de/content/kindertagesstaetten/" "Mozilla/4.0 (compatible; MSIE 8.0; Windows NT 5.1; Trident/4.0; .NET CLR 2.0.50727; .NET CLR 3.0.4506.2152; .NET CLR 3.5.30729)"
79.214.242.155 - - [01/Sep/2010:19:17:52 +0200] "GET /content/assets/Kitas/KitaKinderland/kinderlandtop2.jpg HTTP/1.1" 200 34631 "http://www.awo-kv-bernau.de/content/kinderland/" "Mozilla/4.0 (compatible; MSIE 8.0; Windows NT 5.1; Trident/4.0; .NET CLR 2.0.50727; .NET CLR 3.0.4506.2152; .NET CLR 3.5.30729)"
79.214.242.155 - - [01/Sep/2010:19:17:53 +0200] "GET /content/assets/Kitas/KitaKinderland/kinderland300810.jpg HTTP/1.1" 200 14482 "http://www.awo-kv-bernau.de/content/kinderland/" "Mozilla/4.0 (compatible; MSIE 8.0; Windows NT 5.1; Trident/4.0; .NET CLR 2.0.50727; .NET CLR 3.0.4506.2152; .NET CLR 3.5.30729)"
79.214.242.155 - - [01/Sep/2010:19:17:53 +0200] "GET /content/assets/Kitas/KitaKinderland/english.jpg HTTP/1.1" 200 30588 "http://www.awo-kv-bernau.de/content/kinderland/" "Mozilla/4.0 (compatible; MSIE 8.0; Windows NT 5.1; Trident/4.0; .NET CLR 2.0.50727; .NET CLR 3.0.4506.2152; .NET CLR 3.5.30729)"
79.214.242.155 - - [01/Sep/2010:19:17:53 +0200] "GET /content/assets/Kitas/KitaKinderland/foerderung.jpg HTTP/1.1" 200 32495 "http://www.awo-kv-bernau.de/content/kinderland/" "Mozilla/4.0 (compatible; MSIE 8.0; Windows NT 5.1; Trident/4.0; .NET CLR 2.0.50727; .NET CLR 3.0.4506.2152; .NET CLR 3.5.30729)"
79.214.242.155 - - [01/Sep/2010:19:17:53 +0200] "GET /content/assets/Kitas/KitaKinderland/kinderland0.jpg HTTP/1.1" 200 63798 "http://www.awo-kv-bernau.de/content/kinderland/" "Mozilla/4.0 (compatible; MSIE 8.0; Windows NT 5.1; Trident/4.0; .NET CLR 2.0.50727; .NET CLR 3.0.4506.2152; .NET CLR 3.5.30729)"
79.214.242.155 - - [01/Sep/2010:19:17:53 +0200] "GET /content/assets/Kitas/KitaKinderland/kinderland3.jpg HTTP/1.1" 200 81117 "http://www.awo-kv-bernau.de/content/kinderland/" "Mozilla/4.0 (compatible; MSIE 8.0; Windows NT 5.1; Trident/4.0; .NET CLR 2.0.50727; .NET CLR 3.0.4506.2152; .NET CLR 3.5.30729)"
79.214.242.155 - - [01/Sep/2010:19:17:53 +0200] "GET /content/assets/Kitas/KitaKinderland/kinderland1.jpg HTTP/1.1" 200 58178 "http://www.awo-kv-bernau.de/content/kinderland/" "Mozilla/4.0 (compatible; MSIE 8.0; Windows NT 5.1; Trident/4.0; .NET CLR 2.0.50727; .NET CLR 3.0.4506.2152; .NET CLR 3.5.30729)"
79.214.242.155 - - [01/Sep/2010:19:17:53 +0200] "GET /content/assets/Kitas/KitaKinderland/kinderland2.jpg HTTP/1.1" 200 55721 "http://www.awo-kv-bernau.de/content/kinderland/" "Mozilla/4.0 (compatible; MSIE 8.0; Windows NT 5.1; Trident/4.0; .NET CLR 2.0.50727; .NET CLR 3.0.4506.2152; .NET CLR 3.5.30729)"
66.249.71.40 - - [01/Sep/2010:19:18:04 +0200] "GET /content/kalender/jax_calendar.php?Y=1593&m=1&d=18&view=d1 HTTP/1.1" 200 11806 "-" "Mozilla/5.0 (compatible; Googlebot/2.1; +http://www.google.com/bot.html)"
79.214.242.155 - - [01/Sep/2010:19:18:48 +0200] "GET /content/pusteblume/ HTTP/1.1" 200 17716 "http://www.awo-kv-bernau.de/content/kinderland/" "Mozilla/4.0 (compatible; MSIE 8.0; Windows NT 5.1; Trident/4.0; .NET CLR 2.0.50727; .NET CLR 3.0.4506.2152; .NET CLR 3.5.30729)"
79.214.242.155 - - [01/Sep/2010:19:18:48 +0200] "GET /content/assets/Kitas/Pusteblume/pusteblume050710.jpg HTTP/1.1" 200 19543 "http://www.awo-kv-bernau.de/content/pusteblume/" "Mozilla/4.0 (compatible; MSIE 8.0; Windows NT 5.1; Trident/4.0; .NET CLR 2.0.50727; .NET CLR 3.0.4506.2152; .NET CLR 3.5.30729)"
79.214.242.155 - - [01/Sep/2010:19:18:48 +0200] "GET /content/assets/Kitas/Pusteblume/pusteblume01.jpg HTTP/1.1" 200 54220 "http://www.awo-kv-bernau.de/content/pusteblume/" "Mozilla/4.0 (compatible; MSIE 8.0; Windows NT 5.1; Trident/4.0; .NET CLR 2.0.50727; .NET CLR 3.0.4506.2152; .NET CLR 3.5.30729)"
79.214.242.155 - - [01/Sep/2010:19:18:49 +0200] "GET /content/assets/Kitas/Pusteblume/pusteblume2.jpg HTTP/1.1" 200 68921 "http://www.awo-kv-bernau.de/content/pusteblume/" "Mozilla/4.0 (compatible; MSIE 8.0; Windows NT 5.1; Trident/4.0; .NET CLR 2.0.50727; .NET CLR 3.0.4506.2152; .NET CLR 3.5.30729)"
79.214.242.155 - - [01/Sep/2010:19:18:48 +0200] "GET /content/assets/Kitas/Pusteblume/logo.jpg HTTP/1.1" 200 74548 "http://www.awo-kv-bernau.de/content/pusteblume/" "Mozilla/4.0 (compatible; MSIE 8.0; Windows NT 5.1; Trident/4.0; .NET CLR 2.0.50727; .NET CLR 3.0.4506.2152; .NET CLR 3.5.30729)"
79.214.242.155 - - [01/Sep/2010:19:18:48 +0200] "GET /content/assets/Kitas/Pusteblume/pusteblume0.jpg HTTP/1.1" 200 63160 "http://www.awo-kv-bernau.de/content/pusteblume/" "Mozilla/4.0 (compatible; MSIE 8.0; Windows NT 5.1; Trident/4.0; .NET CLR 2.0.50727; .NET CLR 3.0.4506.2152; .NET CLR 3.5.30729)"
79.214.242.155 - - [01/Sep/2010:19:18:49 +0200] "GET /content/assets/Kitas/Pusteblume/pusteblume3.jpg HTTP/1.1" 200 54226 "http://www.awo-kv-bernau.de/content/pusteblume/" "Mozilla/4.0 (compatible; MSIE 8.0; Windows NT 5.1; Trident/4.0; .NET CLR 2.0.50727; .NET CLR 3.0.4506.2152; .NET CLR 3.5.30729)"
79.214.242.155 - - [01/Sep/2010:19:18:48 +0200] "GET /content/assets/Kitas/Pusteblume/pusteblume00.jpg HTTP/1.1" 200 125969 "http://www.awo-kv-bernau.de/content/pusteblume/" "Mozilla/4.0 (compatible; MSIE 8.0; Windows NT 5.1; Trident/4.0; .NET CLR 2.0.50727; .NET CLR 3.0.4506.2152; .NET CLR 3.5.30729)"
79.214.242.155 - - [01/Sep/2010:19:18:48 +0200] "GET /content/assets/Kitas/Pusteblume/pusteblume11.jpg HTTP/1.1" 200 99506 "http://www.awo-kv-bernau.de/content/pusteblume/" "Mozilla/4.0 (compatible; MSIE 8.0; Windows NT 5.1; Trident/4.0; .NET CLR 2.0.50727; .NET CLR 3.0.4506.2152; .NET CLR 3.5.30729)"
79.214.242.155 - - [01/Sep/2010:19:18:49 +0200] "GET /content/assets/Kitas/Pusteblume/pusteblume4.jpg HTTP/1.1" 200 65909 "http://www.awo-kv-bernau.de/content/pusteblume/" "Mozilla/4.0 (compatible; MSIE 8.0; Windows NT 5.1; Trident/4.0; .NET CLR 2.0.50727; .NET CLR 3.0.4506.2152; .NET CLR 3.5.30729)"
79.214.242.155 - - [01/Sep/2010:19:20:34 +0200] "GET /content/rappelkiste/ HTTP/1.1" 200 18477 "http://www.awo-kv-bernau.de/content/pusteblume/" "Mozilla/4.0 (compatible; MSIE 8.0; Windows NT 5.1; Trident/4.0; .NET CLR 2.0.50727; .NET CLR 3.0.4506.2152; .NET CLR 3.5.30729)"
79.214.242.155 - - [01/Sep/2010:19:20:34 +0200] "GET /content/assets/Kitas/Rappelkiste/rappelkiste0.jpg HTTP/1.1" 200 61201 "http://www.awo-kv-bernau.de/content/rappelkiste/" "Mozilla/4.0 (compatible; MSIE 8.0; Windows NT 5.1; Trident/4.0; .NET CLR 2.0.50727; .NET CLR 3.0.4506.2152; .NET CLR 3.5.30729)"
79.214.242.155 - - [01/Sep/2010:19:20:35 +0200] "GET /content/assets/Kitas/Rappelkiste/rappelkiste4.jpg HTTP/1.1" 200 53974 "http://www.awo-kv-bernau.de/content/rappelkiste/" "Mozilla/4.0 (compatible; MSIE 8.0; Windows NT 5.1; Trident/4.0; .NET CLR 2.0.50727; .NET CLR 3.0.4506.2152; .NET CLR 3.5.30729)"
79.214.242.155 - - [01/Sep/2010:19:20:34 +0200] "GET /content/assets/Kitas/Rappelkiste/logo.jpg HTTP/1.1" 200 63885 "http://www.awo-kv-bernau.de/content/rappelkiste/" "Mozilla/4.0 (compatible; MSIE 8.0; Windows NT 5.1; Trident/4.0; .NET CLR 2.0.50727; .NET CLR 3.0.4506.2152; .NET CLR 3.5.30729)"
79.214.242.155 - - [01/Sep/2010:19:20:34 +0200] "GET /content/assets/Kitas/Rappelkiste/rappelkiste110610.jpg HTTP/1.1" 200 52468 "http://www.awo-kv-bernau.de/content/rappelkiste/" "Mozilla/4.0 (compatible; MSIE 8.0; Windows NT 5.1; Trident/4.0; .NET CLR 2.0.50727; .NET CLR 3.0.4506.2152; .NET CLR 3.5.30729)"
79.214.242.155 - - [01/Sep/2010:19:20:34 +0200] "GET /content/assets/Kitas/Rappelkiste/rappelkiste250410.jpg HTTP/1.1" 200 61552 "http://www.awo-kv-bernau.de/content/rappelkiste/" "Mozilla/4.0 (compatible; MSIE 8.0; Windows NT 5.1; Trident/4.0; .NET CLR 2.0.50727; .NET CLR 3.0.4506.2152; .NET CLR 3.5.30729)"
79.214.242.155 - - [01/Sep/2010:19:20:35 +0200] "GET /content/assets/Kitas/Rappelkiste/rappelkiste3.jpg HTTP/1.1" 200 71987 "http://www.awo-kv-bernau.de/content/rappelkiste/" "Mozilla/4.0 (compatible; MSIE 8.0; Windows NT 5.1; Trident/4.0; .NET CLR 2.0.50727; .NET CLR 3.0.4506.2152; .NET CLR 3.5.30729)"
79.214.242.155 - - [01/Sep/2010:19:20:34 +0200] "GET /content/assets/Kitas/Rappelkiste/rappelkiste2.jpg HTTP/1.1" 200 65847 "http://www.awo-kv-bernau.de/content/rappelkiste/" "Mozilla/4.0 (compatible; MSIE 8.0; Windows NT 5.1; Trident/4.0; .NET CLR 2.0.50727; .NET CLR 3.0.4506.2152; .NET CLR 3.5.30729)"
79.214.242.155 - - [01/Sep/2010:19:20:35 +0200] "GET /content/assets/Kitas/Rappelkiste/rappelkiste6.jpg HTTP/1.1" 200 47021 "http://www.awo-kv-bernau.de/content/rappelkiste/" "Mozilla/4.0 (compatible; MSIE 8.0; Windows NT 5.1; Trident/4.0; .NET CLR 2.0.50727; .NET CLR 3.0.4506.2152; .NET CLR 3.5.30729)"
79.214.242.155 - - [01/Sep/2010:19:20:34 +0200] "GET /content/assets/Kitas/Rappelkiste/rap2.jpg HTTP/1.1" 200 90147 "http://www.awo-kv-bernau.de/content/rappelkiste/" "Mozilla/4.0 (compatible; MSIE 8.0; Windows NT 5.1; Trident/4.0; .NET CLR 2.0.50727; .NET CLR 3.0.4506.2152; .NET CLR 3.5.30729)"
79.214.242.155 - - [01/Sep/2010:19:20:35 +0200] "GET /content/assets/Kitas/Rappelkiste/rappelkiste5.jpg HTTP/1.1" 200 59895 "http://www.awo-kv-bernau.de/content/rappelkiste/" "Mozilla/4.0 (compatible; MSIE 8.0; Windows NT 5.1; Trident/4.0; .NET CLR 2.0.50727; .NET CLR 3.0.4506.2152; .NET CLR 3.5.30729)"
79.214.242.155 - - [01/Sep/2010:19:21:15 +0200] "GET /content/traumland/ HTTP/1.1" 200 18574 "http://www.awo-kv-bernau.de/content/rappelkiste/" "Mozilla/4.0 (compatible; MSIE 8.0; Windows NT 5.1; Trident/4.0; .NET CLR 2.0.50727; .NET CLR 3.0.4506.2152; .NET CLR 3.5.30729)"
66.249.71.40 - - [01/Sep/2010:19:21:41 +0200] "GET /content/kalender/jax_calendar.php?Y=1593&m=4&d=15&view=d1 HTTP/1.1" 200 11804 "-" "Mozilla/5.0 (compatible; Googlebot/2.1; +http://www.google.com/bot.html)"
79.214.242.155 - - [01/Sep/2010:19:21:45 +0200] "GET /content/themes/blackcandy/images/hoverTabLeft.png HTTP/1.1" 200 400 "http://www.awo-kv-bernau.de/content/traumland/" "Mozilla/4.0 (compatible; MSIE 8.0; Windows NT 5.1; Trident/4.0; .NET CLR 2.0.50727; .NET CLR 3.0.4506.2152; .NET CLR 3.5.30729)"
79.214.242.155 - - [01/Sep/2010:19:21:45 +0200] "GET /content/themes/blackcandy/images/hoverTabRight.png HTTP/1.1" 200 429 "http://www.awo-kv-bernau.de/content/traumland/" "Mozilla/4.0 (compatible; MSIE 8.0; Windows NT 5.1; Trident/4.0; .NET CLR 2.0.50727; .NET CLR 3.0.4506.2152; .NET CLR 3.5.30729)"
79.214.242.155 - - [01/Sep/2010:19:21:51 +0200] "GET /content/assets/Aktuelles/aktuelles140810.jpg HTTP/1.1" 200 20737 "http://www.sozialedienste-awo.de/content/aktuelles/" "Mozilla/4.0 (compatible; MSIE 8.0; Windows NT 5.1; Trident/4.0; .NET CLR 2.0.50727; .NET CLR 3.0.4506.2152; .NET CLR 3.5.30729)"
79.214.242.155 - - [01/Sep/2010:19:21:51 +0200] "GET /content/assets/Aktuelles/aktuelles160710.jpg HTTP/1.1" 200 17303 "http://www.sozialedienste-awo.de/content/aktuelles/" "Mozilla/4.0 (compatible; MSIE 8.0; Windows NT 5.1; Trident/4.0; .NET CLR 2.0.50727; .NET CLR 3.0.4506.2152; .NET CLR 3.5.30729)"
79.214.242.155 - - [01/Sep/2010:19:21:51 +0200] "GET /content/assets/Aktuelles/awologo.jpg HTTP/1.1" 200 2292 "http://www.sozialedienste-awo.de/content/aktuelles/" "Mozilla/4.0 (compatible; MSIE 8.0; Windows NT 5.1; Trident/4.0; .NET CLR 2.0.50727; .NET CLR 3.0.4506.2152; .NET CLR 3.5.30729)"
79.214.242.155 - - [01/Sep/2010:19:21:51 +0200] "GET /content/assets/Aktuelles/aktuelles110810.jpg HTTP/1.1" 200 73350 "http://www.sozialedienste-awo.de/content/aktuelles/" "Mozilla/4.0 (compatible; MSIE 8.0; Windows NT 5.1; Trident/4.0; .NET CLR 2.0.50727; .NET CLR 3.0.4506.2152; .NET CLR 3.5.30729)"
79.214.242.155 - - [01/Sep/2010:19:21:57 +0200] "GET /content HTTP/1.1" 301 358 "http://www.sozialedienste-awo.de/content/aktuelles/" "Mozilla/4.0 (compatible; MSIE 8.0; Windows NT 5.1; Trident/4.0; .NET CLR 2.0.50727; .NET CLR 3.0.4506.2152; .NET CLR 3.5.30729)"
79.214.242.155 - - [01/Sep/2010:19:21:57 +0200] "GET /content/ HTTP/1.1" 301 - "http://www.sozialedienste-awo.de/content/aktuelles/" "Mozilla/4.0 (compatible; MSIE 8.0; Windows NT 5.1; Trident/4.0; .NET CLR 2.0.50727; .NET CLR 3.0.4506.2152; .NET CLR 3.5.30729)"
79.214.242.155 - - [01/Sep/2010:19:21:58 +0200] "GET /content/aktuelles/ HTTP/1.1" 200 9028 "http://www.sozialedienste-awo.de/content/aktuelles/" "Mozilla/4.0 (compatible; MSIE 8.0; Windows NT 5.1; Trident/4.0; .NET CLR 2.0.50727; .NET CLR 3.0.4506.2152; .NET CLR 3.5.30729)"
79.214.242.155 - - [01/Sep/2010:19:22:04 +0200] "GET /content/jugendarbeit/ HTTP/1.1" 200 12211 "http://www.awo-kv-bernau.de/content/aktuelles/" "Mozilla/4.0 (compatible; MSIE 8.0; Windows NT 5.1; Trident/4.0; .NET CLR 2.0.50727; .NET CLR 3.0.4506.2152; .NET CLR 3.5.30729)"
79.214.242.155 - - [01/Sep/2010:19:22:05 +0200] "GET /content/assets/Jugendarbeit/eissfeldt.jpg HTTP/1.1" 200 6027 "http://www.awo-kv-bernau.de/content/jugendarbeit/" "Mozilla/4.0 (compatible; MSIE 8.0; Windows NT 5.1; Trident/4.0; .NET CLR 2.0.50727; .NET CLR 3.0.4506.2152; .NET CLR 3.5.30729)"
79.214.242.155 - - [01/Sep/2010:19:22:05 +0200] "GET /content/assets/Jugendarbeit/packetat.jpg HTTP/1.1" 200 6336 "http://www.awo-kv-bernau.de/content/jugendarbeit/" "Mozilla/4.0 (compatible; MSIE 8.0; Windows NT 5.1; Trident/4.0; .NET CLR 2.0.50727; .NET CLR 3.0.4506.2152; .NET CLR 3.5.30729)"
79.214.242.155 - - [01/Sep/2010:19:22:16 +0200] "GET /content/kinder-und-familienzentrum-regenbogen/ HTTP/1.1" 200 31229 "http://www.awo-kv-bernau.de/content/jugendarbeit/" "Mozilla/4.0 (compatible; MSIE 8.0; Windows NT 5.1; Trident/4.0; .NET CLR 2.0.50727; .NET CLR 3.0.4506.2152; .NET CLR 3.5.30729)"
79.214.242.155 - - [01/Sep/2010:19:22:17 +0200] "GET /content/assets/EKZ/kfz110810.jpg HTTP/1.1" 200 38194 "http://www.awo-kv-bernau.de/content/kinder-und-familienzentrum-regenbogen/" "Mozilla/4.0 (compatible; MSIE 8.0; Windows NT 5.1; Trident/4.0; .NET CLR 2.0.50727; .NET CLR 3.0.4506.2152; .NET CLR 3.5.30729)"
79.214.242.155 - - [01/Sep/2010:19:22:17 +0200] "GET /content/assets/EKZ/ekztop.jpg HTTP/1.1" 200 92781 "http://www.awo-kv-bernau.de/content/kinder-und-familienzentrum-regenbogen/" "Mozilla/4.0 (compatible; MSIE 8.0; Windows NT 5.1; Trident/4.0; .NET CLR 2.0.50727; .NET CLR 3.0.4506.2152; .NET CLR 3.5.30729)"
79.214.242.155 - - [01/Sep/2010:19:22:17 +0200] "GET /content/assets/EKZ/kfzgalerie.jpg HTTP/1.1" 200 99277 "http://www.awo-kv-bernau.de/content/kinder-und-familienzentrum-regenbogen/" "Mozilla/4.0 (compatible; MSIE 8.0; Windows NT 5.1; Trident/4.0; .NET CLR 2.0.50727; .NET CLR 3.0.4506.2152; .NET CLR 3.5.30729)"
79.214.242.155 - - [01/Sep/2010:19:23:16 +0200] "GET /content/kindertagesstaetten/ HTTP/1.1" 200 8043 "http://www.awo-kv-bernau.de/content/kinder-und-familienzentrum-regenbogen/" "Mozilla/4.0 (compatible; MSIE 8.0; Windows NT 5.1; Trident/4.0; .NET CLR 2.0.50727; .NET CLR 3.0.4506.2152; .NET CLR 3.5.30729)"
79.214.242.155 - - [01/Sep/2010:19:23:22 +0200] "GET /content/traumland/ HTTP/1.1" 200 18574 "http://www.awo-kv-bernau.de/content/kindertagesstaetten/" "Mozilla/4.0 (compatible; MSIE 8.0; Windows NT 5.1; Trident/4.0; .NET CLR 2.0.50727; .NET CLR 3.0.4506.2152; .NET CLR 3.5.30729)"
79.214.242.155 - - [01/Sep/2010:19:23:29 +0200] "GET /content/assets/Kitas/kitaaufnahmeantrag.pdf HTTP/1.1" 200 21334 "http://www.awo-kv-bernau.de/content/traumland/" "Mozilla/4.0 (compatible; MSIE 8.0; Windows NT 5.1; Trident/4.0; .NET CLR 2.0.50727; .NET CLR 3.0.4506.2152; .NET CLR 3.5.30729)"
66.249.71.40 - - [01/Sep/2010:19:24:56 +0200] "GET /content/kalender/jax_calendar.php?Y=-9909&m=4&d=1&cal_id=0&language=english&gmt_ofs=0&view=d1 HTTP/1.1" 200 11703 "-" "Mozilla/5.0 (compatible; Googlebot/2.1; +http://www.google.com/bot.html)"
66.249.71.40 - - [01/Sep/2010:19:24:57 +0200] "GET /content/kalender/jax_calendar.php?Y=1594&m=2&d=6&view=d1 HTTP/1.1" 200 11770 "-" "Mozilla/5.0 (compatible; Googlebot/2.1; +http://www.google.com/bot.html)"
66.249.71.40 - - [01/Sep/2010:19:24:58 +0200] "GET /content/kalender/jax_calendar.php?Y=-9914&m=4&d=1&cal_id=0&language=english&gmt_ofs=0&view=d1 HTTP/1.1" 200 11703 "-" "Mozilla/5.0 (compatible; Googlebot/2.1; +http://www.google.com/bot.html)"
66.249.71.40 - - [01/Sep/2010:19:24:59 +0200] "GET /content/kalender/jax_calendar.php?Y=-10091&m=12&d=5&view=d1 HTTP/1.1" 200 12025 "-" "Mozilla/5.0 (compatible; Googlebot/2.1; +http://www.google.com/bot.html)"
66.249.71.40 - - [01/Sep/2010:19:24:59 +0200] "GET /content/kalender/jax_calendar.php?Y=-10106&m=7&d=9&cal_id=0&language=german&gmt_ofs=-1&view=d1 HTTP/1.1" 200 11859 "-" "Mozilla/5.0 (compatible; Googlebot/2.1; +http://www.google.com/bot.html)"
66.249.71.40 - - [01/Sep/2010:19:25:00 +0200] "GET /content/kalender/jax_calendar.php?Y=4478&m=7&d=26&view=d1 HTTP/1.1" 200 11803 "-" "Mozilla/5.0 (compatible; Googlebot/2.1; +http://www.google.com/bot.html)"
79.214.242.155 - - [01/Sep/2010:19:26:12 +0200] "GET /content/traumland/ HTTP/1.1" 200 18574 "http://www.google.de/" "Mozilla/4.0 (compatible; MSIE 8.0; Windows NT 5.1; Trident/4.0; .NET CLR 2.0.50727; .NET CLR 3.0.4506.2152; .NET CLR 3.5.30729)"
79.214.242.155 - - [01/Sep/2010:19:26:13 +0200] "GET /content/themes/blackcandy/css/layout.css?m=1281258825 HTTP/1.1" 304 - "http://www.awo-kv-bernau.de/content/traumland/" "Mozilla/4.0 (compatible; MSIE 8.0; Windows NT 5.1; Trident/4.0; .NET CLR 2.0.50727; .NET CLR 3.0.4506.2152; .NET CLR 3.5.30729)"
79.214.242.155 - - [01/Sep/2010:19:26:13 +0200] "GET /content/themes/blackcandy/css/form.css?m=1277278133 HTTP/1.1" 304 - "http://www.awo-kv-bernau.de/content/traumland/" "Mozilla/4.0 (compatible; MSIE 8.0; Windows NT 5.1; Trident/4.0; .NET CLR 2.0.50727; .NET CLR 3.0.4506.2152; .NET CLR 3.5.30729)"
