194.6.239.30 - - [03/Sep/2010:22:41:32 +0200] "GET /content/assets/Beratung/EFB/dietzlazar.jpg HTTP/1.1" 200 11977 "http://www.awo-kv-bernau.de/content/erziehungs-und-familienberatung/" "Mozilla/5.0 (Windows; U; Windows NT 5.1; de; rv:1.9.2.8) Gecko/20100722 Firefox/3.6.8 ( .NET CLR 3.5.30729)"
194.6.239.30 - - [03/Sep/2010:22:41:32 +0200] "GET /content/assets/Beratung/EFB/schulz.jpg HTTP/1.1" 200 7793 "http://www.awo-kv-bernau.de/content/erziehungs-und-familienberatung/" "Mozilla/5.0 (Windows; U; Windows NT 5.1; de; rv:1.9.2.8) Gecko/20100722 Firefox/3.6.8 ( .NET CLR 3.5.30729)"
194.6.239.30 - - [03/Sep/2010:22:41:32 +0200] "GET /content/assets/Beratung/EFB/pohl.jpg HTTP/1.1" 200 10639 "http://www.awo-kv-bernau.de/content/erziehungs-und-familienberatung/" "Mozilla/5.0 (Windows; U; Windows NT 5.1; de; rv:1.9.2.8) Gecko/20100722 Firefox/3.6.8 ( .NET CLR 3.5.30729)"
194.6.239.30 - - [03/Sep/2010:22:41:32 +0200] "GET /content/assets/Beratung/EFB/grabert.jpg HTTP/1.1" 200 9871 "http://www.awo-kv-bernau.de/content/erziehungs-und-familienberatung/" "Mozilla/5.0 (Windows; U; Windows NT 5.1; de; rv:1.9.2.8) Gecko/20100722 Firefox/3.6.8 ( .NET CLR 3.5.30729)"
194.6.239.30 - - [03/Sep/2010:22:41:32 +0200] "GET /content/assets/Beratung/EFB/paar.jpg HTTP/1.1" 200 29853 "http://www.awo-kv-bernau.de/content/erziehungs-und-familienberatung/" "Mozilla/5.0 (Windows; U; Windows NT 5.1; de; rv:1.9.2.8) Gecko/20100722 Firefox/3.6.8 ( .NET CLR 3.5.30729)"
66.249.71.116 - - [03/Sep/2010:22:41:46 +0200] "GET /content/kalender/jax_calendar.php?Y=4246&m=1&d=18&view=d1 HTTP/1.1" 200 11806 "-" "Mozilla/5.0 (compatible; Googlebot/2.1; +http://www.google.com/bot.html)"
66.249.71.116 - - [03/Sep/2010:22:44:09 +0200] "GET /content/kalender/jax_calendar.php?Y=4238&m=10&d=19&view=d1 HTTP/1.1" 200 11868 "-" "Mozilla/5.0 (compatible; Googlebot/2.1; +http://www.google.com/bot.html)"
66.249.71.116 - - [03/Sep/2010:22:46:32 +0200] "GET /content/kalender/jax_calendar.php?Y=-10119&m=10&d=8&cal_id=0&language=german&gmt_ofs=-1&view=d1 HTTP/1.1" 200 11924 "-" "Mozilla/5.0 (compatible; Googlebot/2.1; +http://www.google.com/bot.html)"
66.249.71.116 - - [03/Sep/2010:22:48:55 +0200] "GET /content/kalender/jax_calendar.php?Y=-10142&m=4&d=24&view=d1 HTTP/1.1" 200 11996 "-" "Mozilla/5.0 (compatible; Googlebot/2.1; +http://www.google.com/bot.html)"
66.249.71.116 - - [03/Sep/2010:22:51:18 +0200] "GET /content/kalender/jax_calendar.php?Y=-10145&m=11&d=12&view=d1 HTTP/1.1" 200 12062 "-" "Mozilla/5.0 (compatible; Googlebot/2.1; +http://www.google.com/bot.html)"
66.249.71.116 - - [03/Sep/2010:22:53:41 +0200] "GET /content/kalender/jax_calendar.php?Y=4501&m=8&d=33&cal_id=0&language=german&gmt_ofs=-1&view=d1 HTTP/1.1" 200 11705 "-" "Mozilla/5.0 (compatible; Googlebot/2.1; +http://www.google.com/bot.html)"
81.17.208.4 - - [03/Sep/2010:22:55:57 +0200] "HEAD /content/assets/Stellenanzeigen/ausschreibungpraesenzkraft.pdf HTTP/1.1" 200 - "-" "Mozilla/5.0 (compatible; jobs.de-Robot +http://www.jobs.de)"
66.249.71.116 - - [03/Sep/2010:22:56:04 +0200] "GET /content/kalender/jax_calendar.php?Y=4244&m=2&d=23&view=d1 HTTP/1.1" 200 11806 "-" "Mozilla/5.0 (compatible; Googlebot/2.1; +http://www.google.com/bot.html)"
66.249.71.116 - - [03/Sep/2010:22:58:27 +0200] "GET /content/kalender/jax_calendar.php?Y=-10134&m=8&d=8&cal_id=0&language=german&gmt_ofs=-1&view=d1 HTTP/1.1" 200 11861 "-" "Mozilla/5.0 (compatible; Googlebot/2.1; +http://www.google.com/bot.html)"
66.249.71.116 - - [03/Sep/2010:23:00:50 +0200] "GET /content/kalender/jax_calendar.php?Y=-10139&m=6&d=13&view=d1 HTTP/1.1" 200 11995 "-" "Mozilla/5.0 (compatible; Googlebot/2.1; +http://www.google.com/bot.html)"
66.249.71.116 - - [03/Sep/2010:23:05:36 +0200] "GET /content/kalender/jax_calendar.php?Y=4238&m=2&d=16&view=d1 HTTP/1.1" 200 11806 "-" "Mozilla/5.0 (compatible; Googlebot/2.1; +http://www.google.com/bot.html)"
109.42.198.185 - - [03/Sep/2010:23:07:08 +0200] "GET /content/jugendfeiern/ HTTP/1.1" 200 14788 "http://www.jappy.de/mailbox/mail/18346485" "Mozilla/4.0 (compatible; MSIE 8.0; Windows NT 6.0; Trident/4.0; GTB6.5; SLCC1; .NET CLR 2.0.50727; Media Center PC 5.0; eSobiSubscriber 2.0.4.16; .NET CLR 3.5.30729; .NET CLR 3.0.30618)"
109.42.198.185 - - [03/Sep/2010:23:07:09 +0200] "GET /content/themes/blackcandy/css/form.css?m=1277278133 HTTP/1.1" 200 1856 "http://www.awo-kv-bernau.de/content/jugendfeiern/" "Mozilla/4.0 (compatible; MSIE 8.0; Windows NT 6.0; Trident/4.0; GTB6.5; SLCC1; .NET CLR 2.0.50727; Media Center PC 5.0; eSobiSubscriber 2.0.4.16; .NET CLR 3.5.30729; .NET CLR 3.0.30618)"
109.42.198.185 - - [03/Sep/2010:23:07:09 +0200] "GET /content/themes/blackcandy/css/typography.css?m=1281262824 HTTP/1.1" 200 5090 "http://www.awo-kv-bernau.de/content/jugendfeiern/" "Mozilla/4.0 (compatible; MSIE 8.0; Windows NT 6.0; Trident/4.0; GTB6.5; SLCC1; .NET CLR 2.0.50727; Media Center PC 5.0; eSobiSubscriber 2.0.4.16; .NET CLR 3.5.30729; .NET CLR 3.0.30618)"
109.42.198.185 - - [03/Sep/2010:23:07:09 +0200] "GET /content/themes/blackcandy/css/layout.css?m=1281258825 HTTP/1.1" 200 9945 "http://www.awo-kv-bernau.de/content/jugendfeiern/" "Mozilla/4.0 (compatible; MSIE 8.0; Windows NT 6.0; Trident/4.0; GTB6.5; SLCC1; .NET CLR 2.0.50727; Media Center PC 5.0; eSobiSubscriber 2.0.4.16; .NET CLR 3.5.30729; .NET CLR 3.0.30618)"
109.42.198.185 - - [03/Sep/2010:23:07:10 +0200] "GET /favicon.ico HTTP/1.1" 404 1256 "-" "Mozilla/4.0 (compatible; MSIE 8.0; Windows NT 6.0; Trident/4.0; GTB6.5; SLCC1; .NET CLR 2.0.50727; Media Center PC 5.0; eSobiSubscriber 2.0.4.16; .NET CLR 3.5.30729; .NET CLR 3.0.30618)"
207.46.199.180 - - [03/Sep/2010:23:07:42 +0200] "GET /robots.txt HTTP/1.1" 404 1256 "-" "msnbot/2.0b (+http://search.msn.com/msnbot.htm)"
81.17.208.4 - - [03/Sep/2010:23:09:21 +0200] "HEAD /content/assets/Stellenanzeigen/stellejugendkoordinatorin082010.pdf HTTP/1.1" 200 - "-" "Mozilla/5.0 (compatible; jobs.de-Robot +http://www.jobs.de)"
66.249.71.116 - - [03/Sep/2010:23:12:46 +0200] "GET /content/kalender/jax_calendar.php?Y=-10135&m=5&d=8&cal_id=0&language=german&gmt_ofs=-1&view=d1 HTTP/1.1" 200 11858 "-" "Mozilla/5.0 (compatible; Googlebot/2.1; +http://www.google.com/bot.html)"
65.52.49.76 - - [03/Sep/2010:23:25:06 +0200] "GET /robots.txt HTTP/1.1" 404 1256 "-" "msnbot/2.0b (+http://search.msn.com/msnbot.htm)"
66.249.71.116 - - [03/Sep/2010:23:31:00 +0200] "GET /content/kalender/jax_calendar.php?Y=-10020&m=6&d=33&view=d1&language=english HTTP/1.1" 200 11835 "-" "Mozilla/5.0 (compatible; Googlebot/2.1; +http://www.google.com/bot.html)"
66.249.71.116 - - [03/Sep/2010:23:31:01 +0200] "GET /content/kalender/jax_calendar.php?Y=-10127&m=12&d=8&cal_id=0&language=german&gmt_ofs=-1&view=d1 HTTP/1.1" 200 11925 "-" "Mozilla/5.0 (compatible; Googlebot/2.1; +http://www.google.com/bot.html)"
66.249.71.116 - - [03/Sep/2010:23:32:51 +0200] "GET /content/kalender/jax_calendar.php?Y=-10144&m=11&d=11&view=d1 HTTP/1.1" 200 12062 "-" "Mozilla/5.0 (compatible; Googlebot/2.1; +http://www.google.com/bot.html)"
66.249.71.116 - - [03/Sep/2010:23:41:56 +0200] "GET /content/kalender/jax_calendar.php?Y=-10127&m=2&d=8&cal_id=0&language=german&gmt_ofs=-1&view=d1 HTTP/1.1" 200 11862 "-" "Mozilla/5.0 (compatible; Googlebot/2.1; +http://www.google.com/bot.html)"
207.46.13.100 - - [03/Sep/2010:23:44:31 +0200] "GET /robots.txt HTTP/1.1" 404 1256 "-" "msnbot/2.0b (+http://search.msn.com/msnbot.htm)"
66.249.71.116 - - [03/Sep/2010:23:44:57 +0200] "GET /content/kalender/jax_calendar.php?Y=4491&m=8&d=2&view=d1 HTTP/1.1" 200 11769 "-" "Mozilla/5.0 (compatible; Googlebot/2.1; +http://www.google.com/bot.html)"
207.46.199.177 - - [03/Sep/2010:23:47:51 +0200] "GET /robots.txt HTTP/1.1" 404 1256 "-" "msnbot/2.0b (+http://search.msn.com/msnbot.htm)"
66.249.71.116 - - [03/Sep/2010:23:48:00 +0200] "GET /content/kalender/jax_calendar.php?Y=-10132&m=11&d=8&cal_id=0&language=german&gmt_ofs=-1&view=d1 HTTP/1.1" 200 11926 "-" "Mozilla/5.0 (compatible; Googlebot/2.1; +http://www.google.com/bot.html)"
81.17.208.4 - - [03/Sep/2010:23:48:56 +0200] "HEAD /content/assets/Stellenanzeigen/stellenbeschreibungpflegefachkraft1209.pdf HTTP/1.1" 200 - "-" "Mozilla/5.0 (compatible; jobs.de-Robot +http://www.jobs.de)"
66.249.71.116 - - [03/Sep/2010:23:51:01 +0200] "GET /content/kalender/jax_calendar.php?Y=-10144&m=5&d=16&view=d1 HTTP/1.1" 200 11994 "-" "Mozilla/5.0 (compatible; Googlebot/2.1; +http://www.google.com/bot.html)"
207.46.13.100 - - [03/Sep/2010:23:52:09 +0200] "GET /content/kalender/jax_calendar.php?Y=2000&m=7&d=27&cal_id=0&language=german&gmt_ofs=-1&view=d30 HTTP/1.1" 200 11229 "-" "msnbot/2.0b (+http://search.msn.com/msnbot.htm)"
66.249.71.116 - - [04/Sep/2010:00:00:07 +0200] "GET /content/kalender/jax_calendar.php?Y=4237&m=5&d=2&view=d1 HTTP/1.1" 200 11766 "-" "Mozilla/5.0 (compatible; Googlebot/2.1; +http://www.google.com/bot.html)"
66.249.71.116 - - [04/Sep/2010:00:03:09 +0200] "GET /content/kalender/jax_calendar.php?Y=-10131&m=12&d=8&cal_id=0&language=german&gmt_ofs=-1&view=d1 HTTP/1.1" 200 11925 "-" "Mozilla/5.0 (compatible; Googlebot/2.1; +http://www.google.com/bot.html)"
66.249.71.116 - - [04/Sep/2010:00:07:25 +0200] "GET /content/kalender/jax_calendar.php?Y=-10136&m=12&d=8&cal_id=0&language=german&gmt_ofs=-1&view=d1 HTTP/1.1" 200 11925 "-" "Mozilla/5.0 (compatible; Googlebot/2.1; +http://www.google.com/bot.html)"
66.249.71.116 - - [04/Sep/2010:00:08:52 +0200] "GET /content/kalender/jax_calendar.php?Y=-10131&m=10&d=20&view=d1 HTTP/1.1" 200 12060 "-" "Mozilla/5.0 (compatible; Googlebot/2.1; +http://www.google.com/bot.html)"
66.249.71.116 - - [04/Sep/2010:00:10:38 +0200] "GET /content/kalender/jax_calendar.php?Y=4242&m=8&d=8&view=d1 HTTP/1.1" 200 11769 "-" "Mozilla/5.0 (compatible; Googlebot/2.1; +http://www.google.com/bot.html)"
66.249.71.116 - - [04/Sep/2010:00:12:25 +0200] "GET /content/kalender/jax_calendar.php?Y=1573&m=6&d=22&view=d1 HTTP/1.1" 200 11803 "-" "Mozilla/5.0 (compatible; Googlebot/2.1; +http://www.google.com/bot.html)"
66.249.71.116 - - [04/Sep/2010:00:17:44 +0200] "GET /content/kalender/jax_calendar.php?Y=-10128&m=12&d=8&cal_id=0&language=german&gmt_ofs=-1&view=d1 HTTP/1.1" 200 11925 "-" "Mozilla/5.0 (compatible; Googlebot/2.1; +http://www.google.com/bot.html)"
66.249.71.116 - - [04/Sep/2010:00:21:17 +0200] "GET /content/kalender/jax_calendar.php?Y=-10138&m=1&d=30&view=d1 HTTP/1.1" 200 11998 "-" "Mozilla/5.0 (compatible; Googlebot/2.1; +http://www.google.com/bot.html)"
65.52.49.75 - - [04/Sep/2010:00:27:28 +0200] "GET /robots.txt HTTP/1.1" 404 1256 "-" "msnbot/2.0b (+http://search.msn.com/msnbot.htm)"
66.249.71.116 - - [04/Sep/2010:00:28:11 +0200] "GET /content/kalender/jax_calendar.php?Y=-10143&m=6&d=36&view=d1 HTTP/1.1" 200 11995 "-" "Mozilla/5.0 (compatible; Googlebot/2.1; +http://www.google.com/bot.html)"
66.249.71.116 - - [04/Sep/2010:00:28:12 +0200] "GET /content/kalender/jax_calendar.php?Y=4249&m=1&d=3&view=d1 HTTP/1.1" 200 11770 "-" "Mozilla/5.0 (compatible; Googlebot/2.1; +http://www.google.com/bot.html)"
66.249.71.116 - - [04/Sep/2010:00:28:14 +0200] "GET /content/kalender/jax_calendar.php?Y=-10139&m=7&d=19&view=d1 HTTP/1.1" 200 11995 "-" "Mozilla/5.0 (compatible; Googlebot/2.1; +http://www.google.com/bot.html)"
66.249.71.116 - - [04/Sep/2010:00:28:15 +0200] "GET /content/kalender/jax_calendar.php?Y=-10140&m=3&d=4&view=d1 HTTP/1.1" 200 11959 "-" "Mozilla/5.0 (compatible; Googlebot/2.1; +http://www.google.com/bot.html)"
66.249.71.116 - - [04/Sep/2010:00:29:24 +0200] "GET /content/kalender/jax_calendar.php?Y=-10127&m=5&d=8&cal_id=0&language=german&gmt_ofs=-1&view=d1 HTTP/1.1" 200 11858 "-" "Mozilla/5.0 (compatible; Googlebot/2.1; +http://www.google.com/bot.html)"
66.249.71.116 - - [04/Sep/2010:00:31:16 +0200] "GET /content/kalender/jax_calendar.php?Y=-10141&m=3&d=3&view=d1 HTTP/1.1" 200 11959 "-" "Mozilla/5.0 (compatible; Googlebot/2.1; +http://www.google.com/bot.html)"
84.188.38.209 - - [04/Sep/2010:00:33:31 +0200] "GET /content/awo-ortsverein-bernau/ HTTP/1.1" 200 18175 "http://search.incredimail.com/?q=ehrenamtliche+T%C3%A4tigkeiten+in+16321+bernau&lang=german&source=016053023105" "Mozilla/5.0 (Windows; U; Windows NT 5.1; de; rv:1.9.1.11) Gecko/20100701 Firefox/3.5.11"
84.188.38.209 - - [04/Sep/2010:00:33:32 +0200] "GET /favicon.ico HTTP/1.1" 404 1256 "-" "Mozilla/5.0 (Windows; U; Windows NT 5.1; de; rv:1.9.1.11) Gecko/20100701 Firefox/3.5.11"
84.188.38.209 - - [04/Sep/2010:00:33:32 +0200] "GET /content/themes/blackcandy/css/layout.css?m=1281258825 HTTP/1.1" 200 9945 "http://www.awo-kv-bernau.de/content/awo-ortsverein-bernau/" "Mozilla/5.0 (Windows; U; Windows NT 5.1; de; rv:1.9.1.11) Gecko/20100701 Firefox/3.5.11"
84.188.38.209 - - [04/Sep/2010:00:33:32 +0200] "GET /content/themes/blackcandy/css/typography.css?m=1281262824 HTTP/1.1" 200 5090 "http://www.awo-kv-bernau.de/content/awo-ortsverein-bernau/" "Mozilla/5.0 (Windows; U; Windows NT 5.1; de; rv:1.9.1.11) Gecko/20100701 Firefox/3.5.11"
84.188.38.209 - - [04/Sep/2010:00:33:32 +0200] "GET /content/themes/blackcandy/css/form.css?m=1277278133 HTTP/1.1" 200 1856 "http://www.awo-kv-bernau.de/content/awo-ortsverein-bernau/" "Mozilla/5.0 (Windows; U; Windows NT 5.1; de; rv:1.9.1.11) Gecko/20100701 Firefox/3.5.11"
84.188.38.209 - - [04/Sep/2010:00:33:32 +0200] "GET /content/assets/Ortsvereine/OV-Bernau/ovbernau.jpg HTTP/1.1" 200 28914 "http://www.awo-kv-bernau.de/content/awo-ortsverein-bernau/" "Mozilla/5.0 (Windows; U; Windows NT 5.1; de; rv:1.9.1.11) Gecko/20100701 Firefox/3.5.11"
84.188.38.209 - - [04/Sep/2010:00:33:32 +0200] "GET /content/assets/Ortsvereine/OV-Bernau/kinderyoga.jpg HTTP/1.1" 200 13094 "http://www.awo-kv-bernau.de/content/awo-ortsverein-bernau/" "Mozilla/5.0 (Windows; U; Windows NT 5.1; de; rv:1.9.1.11) Gecko/20100701 Firefox/3.5.11"
84.188.38.209 - - [04/Sep/2010:00:33:32 +0200] "GET /content/assets/Ortsvereine/OV-Bernau/awoovbernau211009.jpg HTTP/1.1" 200 53172 "http://www.awo-kv-bernau.de/content/awo-ortsverein-bernau/" "Mozilla/5.0 (Windows; U; Windows NT 5.1; de; rv:1.9.1.11) Gecko/20100701 Firefox/3.5.11"
84.188.38.209 - - [04/Sep/2010:00:33:32 +0200] "GET /content/assets/Ortsvereine/OV-Bernau/seniorentanz.jpg HTTP/1.1" 200 13760 "http://www.awo-kv-bernau.de/content/awo-ortsverein-bernau/" "Mozilla/5.0 (Windows; U; Windows NT 5.1; de; rv:1.9.1.11) Gecko/20100701 Firefox/3.5.11"
84.188.38.209 - - [04/Sep/2010:00:33:33 +0200] "GET /content/assets/Ortsvereine/OV-Bernau/regio.jpg HTTP/1.1" 200 49136 "http://www.awo-kv-bernau.de/content/awo-ortsverein-bernau/" "Mozilla/5.0 (Windows; U; Windows NT 5.1; de; rv:1.9.1.11) Gecko/20100701 Firefox/3.5.11"
84.188.38.209 - - [04/Sep/2010:00:33:32 +0200] "GET /content/assets/Ortsvereine/OV-Bernau/Floristikkurs.jpg HTTP/1.1" 200 49535 "http://www.awo-kv-bernau.de/content/awo-ortsverein-bernau/" "Mozilla/5.0 (Windows; U; Windows NT 5.1; de; rv:1.9.1.11) Gecko/20100701 Firefox/3.5.11"
84.188.38.209 - - [04/Sep/2010:00:33:33 +0200] "GET /content/assets/Ortsvereine/OV-Bernau/ovb2.jpg HTTP/1.1" 200 34384 "http://www.awo-kv-bernau.de/content/awo-ortsverein-bernau/" "Mozilla/5.0 (Windows; U; Windows NT 5.1; de; rv:1.9.1.11) Gecko/20100701 Firefox/3.5.11"
84.188.38.209 - - [04/Sep/2010:00:33:33 +0200] "GET /content/assets/Ortsvereine/OV-Bernau/ovb3.jpg HTTP/1.1" 200 37903 "http://www.awo-kv-bernau.de/content/awo-ortsverein-bernau/" "Mozilla/5.0 (Windows; U; Windows NT 5.1; de; rv:1.9.1.11) Gecko/20100701 Firefox/3.5.11"
84.188.38.209 - - [04/Sep/2010:00:33:33 +0200] "GET /content/assets/Ortsvereine/OV-Bernau/kochbus.jpg HTTP/1.1" 200 46530 "http://www.awo-kv-bernau.de/content/awo-ortsverein-bernau/" "Mozilla/5.0 (Windows; U; Windows NT 5.1; de; rv:1.9.1.11) Gecko/20100701 Firefox/3.5.11"
84.188.38.209 - - [04/Sep/2010:00:33:33 +0200] "GET /content/assets/Ortsvereine/OV-Bernau/ovb4.jpg HTTP/1.1" 200 46019 "http://www.awo-kv-bernau.de/content/awo-ortsverein-bernau/" "Mozilla/5.0 (Windows; U; Windows NT 5.1; de; rv:1.9.1.11) Gecko/20100701 Firefox/3.5.11"
84.188.38.209 - - [04/Sep/2010:00:33:33 +0200] "GET /content/themes/blackcandy/images/header.jpg HTTP/1.1" 200 45038 "http://www.awo-kv-bernau.de/content/themes/blackcandy/css/layout.css?m=1281258825" "Mozilla/5.0 (Windows; U; Windows NT 5.1; de; rv:1.9.1.11) Gecko/20100701 Firefox/3.5.11"
84.188.38.209 - - [04/Sep/2010:00:33:33 +0200] "GET /content/assets/Ortsvereine/OV-Bernau/ovb1.jpg HTTP/1.1" 200 51295 "http://www.awo-kv-bernau.de/content/awo-ortsverein-bernau/" "Mozilla/5.0 (Windows; U; Windows NT 5.1; de; rv:1.9.1.11) Gecko/20100701 Firefox/3.5.11"
84.188.38.209 - - [04/Sep/2010:00:33:34 +0200] "GET /content/themes/blackcandy/images/headerRounded.png HTTP/1.1" 200 763 "http://www.awo-kv-bernau.de/content/themes/blackcandy/css/layout.css?m=1281258825" "Mozilla/5.0 (Windows; U; Windows NT 5.1; de; rv:1.9.1.11) Gecko/20100701 Firefox/3.5.11"
84.188.38.209 - - [04/Sep/2010:00:33:34 +0200] "GET /content/themes/blackcandy/images/activeTabLeft.png HTTP/1.1" 200 433 "http://www.awo-kv-bernau.de/content/themes/blackcandy/css/layout.css?m=1281258825" "Mozilla/5.0 (Windows; U; Windows NT 5.1; de; rv:1.9.1.11) Gecko/20100701 Firefox/3.5.11"
84.188.38.209 - - [04/Sep/2010:00:33:34 +0200] "GET /content/themes/blackcandy/images/activeTabRight.png HTTP/1.1" 200 433 "http://www.awo-kv-bernau.de/content/themes/blackcandy/css/layout.css?m=1281258825" "Mozilla/5.0 (Windows; U; Windows NT 5.1; de; rv:1.9.1.11) Gecko/20100701 Firefox/3.5.11"
84.188.38.209 - - [04/Sep/2010:00:33:34 +0200] "GET /content/themes/blackcandy/images/subheader.jpg HTTP/1.1" 200 52576 "http://www.awo-kv-bernau.de/content/themes/blackcandy/css/layout.css?m=1281258825" "Mozilla/5.0 (Windows; U; Windows NT 5.1; de; rv:1.9.1.11) Gecko/20100701 Firefox/3.5.11"
84.188.38.209 - - [04/Sep/2010:00:33:34 +0200] "GET /content/themes/blackcandy/images/herz.png HTTP/1.1" 200 344 "http://www.awo-kv-bernau.de/content/themes/blackcandy/css/layout.css?m=1281258825" "Mozilla/5.0 (Windows; U; Windows NT 5.1; de; rv:1.9.1.11) Gecko/20100701 Firefox/3.5.11"
84.188.38.209 - - [04/Sep/2010:00:33:34 +0200] "GET /content/themes/blackcandy/images/footer.png HTTP/1.1" 200 884 "http://www.awo-kv-bernau.de/content/themes/blackcandy/css/layout.css?m=1281258825" "Mozilla/5.0 (Windows; U; Windows NT 5.1; de; rv:1.9.1.11) Gecko/20100701 Firefox/3.5.11"
84.188.38.209 - - [04/Sep/2010:00:33:35 +0200] "GET /favicon.ico HTTP/1.1" 404 1256 "-" "Mozilla/5.0 (Windows; U; Windows NT 5.1; de; rv:1.9.1.11) Gecko/20100701 Firefox/3.5.11"
66.249.71.116 - - [04/Sep/2010:00:35:03 +0200] "GET /content/kalender/jax_calendar.php?Y=-10135&m=10&d=27&view=d1 HTTP/1.1" 200 12060 "-" "Mozilla/5.0 (compatible; Googlebot/2.1; +http://www.google.com/bot.html)"
84.188.38.209 - - [04/Sep/2010:00:35:23 +0200] "GET /content/themes/blackcandy/images/hoverTabLeft.png HTTP/1.1" 200 400 "http://www.awo-kv-bernau.de/content/themes/blackcandy/css/layout.css?m=1281258825" "Mozilla/5.0 (Windows; U; Windows NT 5.1; de; rv:1.9.1.11) Gecko/20100701 Firefox/3.5.11"
84.188.38.209 - - [04/Sep/2010:00:35:23 +0200] "GET /content/themes/blackcandy/images/hoverTabRight.png HTTP/1.1" 200 429 "http://www.awo-kv-bernau.de/content/themes/blackcandy/css/layout.css?m=1281258825" "Mozilla/5.0 (Windows; U; Windows NT 5.1; de; rv:1.9.1.11) Gecko/20100701 Firefox/3.5.11"
66.249.71.116 - - [04/Sep/2010:00:36:53 +0200] "GET /content/kalender/jax_calendar.php?Y=-10129&m=4&d=8&cal_id=0&language=german&gmt_ofs=-1&view=d1 HTTP/1.1" 200 11860 "-" "Mozilla/5.0 (compatible; Googlebot/2.1; +http://www.google.com/bot.html)"
66.249.71.116 - - [04/Sep/2010:00:41:45 +0200] "GET /content/kalender/jax_calendar.php?Y=-10127&m=11&d=8&cal_id=0&language=german&gmt_ofs=-1&view=d1 HTTP/1.1" 200 11926 "-" "Mozilla/5.0 (compatible; Googlebot/2.1; +http://www.google.com/bot.html)"
66.249.71.116 - - [04/Sep/2010:00:43:35 +0200] "GET /content/kalender/jax_calendar.php?Y=-10144&m=12&d=16&view=d1 HTTP/1.1" 200 12061 "-" "Mozilla/5.0 (compatible; Googlebot/2.1; +http://www.google.com/bot.html)"
66.249.71.116 - - [04/Sep/2010:00:46:27 +0200] "GET /content/kalender/jax_calendar.php?Y=1584&m=12&d=38&view=d1 HTTP/1.1" 200 11869 "-" "Mozilla/5.0 (compatible; Googlebot/2.1; +http://www.google.com/bot.html)"
66.249.71.116 - - [04/Sep/2010:00:49:20 +0200] "GET /content/kalender/jax_calendar.php?Y=1568&m=6&d=4&view=d1 HTTP/1.1" 200 11767 "-" "Mozilla/5.0 (compatible; Googlebot/2.1; +http://www.google.com/bot.html)"
66.249.71.116 - - [04/Sep/2010:00:54:48 +0200] "GET /content/assets/EKZ/ekz6.jpg HTTP/1.1" 304 - "-" "Googlebot-Image/1.0"
66.249.71.116 - - [04/Sep/2010:00:58:13 +0200] "GET /content/kalender/jax_calendar.php?Y=-10127&m=3&d=8&cal_id=0&language=german&gmt_ofs=-1&view=d1 HTTP/1.1" 200 11859 "-" "Mozilla/5.0 (compatible; Googlebot/2.1; +http://www.google.com/bot.html)"
66.249.71.116 - - [04/Sep/2010:01:03:42 +0200] "GET /content/kalender/jax_calendar.php?Y=-10129&m=10&d=2&view=d1 HTTP/1.1" 200 12024 "-" "Mozilla/5.0 (compatible; Googlebot/2.1; +http://www.google.com/bot.html)"
66.249.71.116 - - [04/Sep/2010:01:06:35 +0200] "GET /content/kalender/jax_calendar.php?Y=1579&m=2&d=32&view=d1 HTTP/1.1" 200 11806 "-" "Mozilla/5.0 (compatible; Googlebot/2.1; +http://www.google.com/bot.html)"
66.249.71.116 - - [04/Sep/2010:01:09:28 +0200] "GET /content/kalender/jax_calendar.php?Y=1580&m=7&d=1&view=d1 HTTP/1.1" 200 11767 "-" "Mozilla/5.0 (compatible; Googlebot/2.1; +http://www.google.com/bot.html)"
207.46.12.237 - - [04/Sep/2010:01:12:09 +0200] "GET /robots.txt HTTP/1.1" 404 1256 "-" "msnbot/2.0b (+http://search.msn.com/msnbot.htm)"
66.249.71.116 - - [04/Sep/2010:01:12:21 +0200] "GET /content/kalender/jax_calendar.php?Y=-10131&m=7&d=8&cal_id=0&language=german&gmt_ofs=-1&view=d1 HTTP/1.1" 200 11859 "-" "Mozilla/5.0 (compatible; Googlebot/2.1; +http://www.google.com/bot.html)"
66.249.71.116 - - [04/Sep/2010:01:15:14 +0200] "GET /content/kalender/jax_calendar.php?Y=-10127&m=7&d=8&cal_id=0&language=german&gmt_ofs=-1&view=d1 HTTP/1.1" 200 11859 "-" "Mozilla/5.0 (compatible; Googlebot/2.1; +http://www.google.com/bot.html)"
66.249.71.116 - - [04/Sep/2010:01:16:02 +0200] "GET /content/kalender/jax_calendar.php?Y=-10132&m=1&d=8&cal_id=0&language=german&gmt_ofs=-1&view=d1 HTTP/1.1" 200 11862 "-" "Mozilla/5.0 (compatible; Googlebot/2.1; +http://www.google.com/bot.html)"
207.46.12.237 - - [04/Sep/2010:01:17:54 +0200] "GET /content/awotreff-ueber-uns/ HTTP/1.1" 200 8988 "-" "msnbot/2.0b (+http://search.msn.com/msnbot.htm)"
66.249.71.116 - - [04/Sep/2010:01:18:50 +0200] "GET /content/kalender/jax_calendar.php?Y=-10128&m=8&d=8&cal_id=0&language=german&gmt_ofs=-1&view=d1 HTTP/1.1" 200 11861 "-" "Mozilla/5.0 (compatible; Googlebot/2.1; +http://www.google.com/bot.html)"
207.46.199.178 - - [04/Sep/2010:01:20:55 +0200] "GET /robots.txt HTTP/1.1" 404 1256 "-" "msnbot/2.0b (+http://search.msn.com/msnbot.htm)"
66.249.71.116 - - [04/Sep/2010:01:22:11 +0200] "GET /content/kalender/jax_calendar.php?Y=-10137&m=12&d=36&view=d1 HTTP/1.1" 200 12061 "-" "Mozilla/5.0 (compatible; Googlebot/2.1; +http://www.google.com/bot.html)"
66.249.71.116 - - [04/Sep/2010:01:25:32 +0200] "GET /content/kalender/jax_calendar.php?Y=-10134&m=11&d=8&cal_id=0&language=german&gmt_ofs=-1&view=d1 HTTP/1.1" 200 11926 "-" "Mozilla/5.0 (compatible; Googlebot/2.1; +http://www.google.com/bot.html)"
66.249.71.116 - - [04/Sep/2010:01:28:54 +0200] "GET /content/kalender/jax_calendar.php?Y=-10142&m=7&d=2&view=d1 HTTP/1.1" 200 11959 "-" "Mozilla/5.0 (compatible; Googlebot/2.1; +http://www.google.com/bot.html)"
66.249.71.116 - - [04/Sep/2010:01:38:56 +0200] "GET /content/kalender/jax_calendar.php?Y=-10129&m=12&d=8&cal_id=0&language=german&gmt_ofs=-1&view=d1 HTTP/1.1" 200 11925 "-" "Mozilla/5.0 (compatible; Googlebot/2.1; +http://www.google.com/bot.html)"
66.249.71.116 - - [04/Sep/2010:01:42:18 +0200] "GET /content/kalender/jax_calendar.php?Y=-10127&m=4&d=8&cal_id=0&language=german&gmt_ofs=-1&view=d1 HTTP/1.1" 200 11860 "-" "Mozilla/5.0 (compatible; Googlebot/2.1; +http://www.google.com/bot.html)"
66.249.71.116 - - [04/Sep/2010:01:45:40 +0200] "GET /content/kalender/jax_calendar.php?Y=2010&m=5&d=1&do=show_event&key=274e1e81d4893507d709ad45de9561e8&cal_id=0&language=german&gmt_ofs=-1&view=d1&evt_date=%3Cb%3E12.05.2010%3C%2Fb%3E+18%3A00&evt_title=Lachwerkstatt HTTP/1.1" 200 11366 "-" "Mozilla/5.0 (compatible; Googlebot/2.1; +http://www.google.com/bot.html)"
66.249.71.116 - - [04/Sep/2010:01:45:40 +0200] "GET /content/kalender/jax_calendar.php?Y=-10134&m=3&d=8&cal_id=0&language=german&gmt_ofs=-1&view=d1 HTTP/1.1" 200 11859 "-" "Mozilla/5.0 (compatible; Googlebot/2.1; +http://www.google.com/bot.html)"
66.249.71.116 - - [04/Sep/2010:01:53:56 +0200] "GET /robots.txt HTTP/1.1" 404 1256 "-" "Googlebot-Image/1.0"
66.249.71.116 - - [04/Sep/2010:01:53:56 +0200] "GET /content/assets/Kitas/Rappelkiste/rappelkiste4.jpg HTTP/1.1" 304 - "-" "Googlebot-Image/1.0"
66.249.71.116 - - [04/Sep/2010:01:57:37 +0200] "GET /content/kalender/jax_calendar.php?Y=-10127&m=10&d=39&view=d1 HTTP/1.1" 200 12060 "-" "Mozilla/5.0 (compatible; Googlebot/2.1; +http://www.google.com/bot.html)"
66.249.71.116 - - [04/Sep/2010:02:00:02 +0200] "GET /content/kalender/jax_calendar.php?Y=-10129&m=11&d=8&cal_id=0&language=german&gmt_ofs=-1&view=d1 HTTP/1.1" 200 11926 "-" "Mozilla/5.0 (compatible; Googlebot/2.1; +http://www.google.com/bot.html)"
66.249.71.116 - - [04/Sep/2010:02:02:32 +0200] "GET /content/kalender/jax_calendar.php?Y=-10139&m=2&d=23&view=d1 HTTP/1.1" 200 11998 "-" "Mozilla/5.0 (compatible; Googlebot/2.1; +http://www.google.com/bot.html)"
66.249.71.116 - - [04/Sep/2010:02:05:04 +0200] "GET /content/kalender/jax_calendar.php?Y=4242&m=9&d=35&view=d1 HTTP/1.1" 200 11809 "-" "Mozilla/5.0 (compatible; Googlebot/2.1; +http://www.google.com/bot.html)"
66.249.71.116 - - [04/Sep/2010:02:07:30 +0200] "GET /content/kalender/jax_calendar.php?Y=1576&m=3&d=34&view=d1 HTTP/1.1" 200 11803 "-" "Mozilla/5.0 (compatible; Googlebot/2.1; +http://www.google.com/bot.html)"
66.249.71.116 - - [04/Sep/2010:02:10:00 +0200] "GET /content/kalender/jax_calendar.php?Y=4241&m=4&d=14&view=d1 HTTP/1.1" 200 11804 "-" "Mozilla/5.0 (compatible; Googlebot/2.1; +http://www.google.com/bot.html)"
66.249.71.116 - - [04/Sep/2010:02:12:29 +0200] "GET /content/kalender/jax_calendar.php?Y=-10128&m=2&d=8&cal_id=0&language=german&gmt_ofs=-1&view=d1 HTTP/1.1" 200 11862 "-" "Mozilla/5.0 (compatible; Googlebot/2.1; +http://www.google.com/bot.html)"
66.249.71.116 - - [04/Sep/2010:02:17:29 +0200] "GET /content/kalender/jax_calendar.php?Y=4248&m=4&d=16&view=d1 HTTP/1.1" 200 11804 "-" "Mozilla/5.0 (compatible; Googlebot/2.1; +http://www.google.com/bot.html)"
66.249.71.116 - - [04/Sep/2010:02:19:58 +0200] "GET /content/kalender/jax_calendar.php?Y=-10135&m=3&d=8&cal_id=0&language=german&gmt_ofs=-1&view=d1 HTTP/1.1" 200 11859 "-" "Mozilla/5.0 (compatible; Googlebot/2.1; +http://www.google.com/bot.html)"
66.249.71.116 - - [04/Sep/2010:02:22:28 +0200] "GET /content/kalender/jax_calendar.php?Y=4239&m=9&d=9&view=d1 HTTP/1.1" 200 11773 "-" "Mozilla/5.0 (compatible; Googlebot/2.1; +http://www.google.com/bot.html)"
66.249.71.116 - - [04/Sep/2010:02:28:06 +0200] "GET /content/kalender/jax_calendar.php?Y=-10129&m=2&d=8&cal_id=0&language=german&gmt_ofs=-1&view=d1 HTTP/1.1" 200 11862 "-" "Mozilla/5.0 (compatible; Googlebot/2.1; +http://www.google.com/bot.html)"
66.249.71.116 - - [04/Sep/2010:02:29:59 +0200] "GET /content/kalender/jax_calendar.php?Y=-10146&m=1&d=34&view=d1 HTTP/1.1" 200 11998 "-" "Mozilla/5.0 (compatible; Googlebot/2.1; +http://www.google.com/bot.html)"
66.249.71.116 - - [04/Sep/2010:02:32:57 +0200] "GET /content/kalender/jax_calendar.php?Y=-10141&m=7&d=9&view=d1 HTTP/1.1" 200 11959 "-" "Mozilla/5.0 (compatible; Googlebot/2.1; +http://www.google.com/bot.html)"
66.249.71.116 - - [04/Sep/2010:02:38:08 +0200] "GET /content/kalender/jax_calendar.php?Y=-10132&m=12&d=8&cal_id=0&language=german&gmt_ofs=-1&view=d1 HTTP/1.1" 200 11925 "-" "Mozilla/5.0 (compatible; Googlebot/2.1; +http://www.google.com/bot.html)"
66.249.71.116 - - [04/Sep/2010:02:43:32 +0200] "GET /content/kalender/jax_calendar.php?Y=-10145&m=1&d=6&view=d1 HTTP/1.1" 200 11962 "-" "Mozilla/5.0 (compatible; Googlebot/2.1; +http://www.google.com/bot.html)"
66.249.71.116 - - [04/Sep/2010:02:48:09 +0200] "GET /content/kalender/jax_calendar.php?Y=-10131&m=11&d=8&cal_id=0&language=german&gmt_ofs=-1&view=d1 HTTP/1.1" 200 11926 "-" "Mozilla/5.0 (compatible; Googlebot/2.1; +http://www.google.com/bot.html)"
66.249.71.116 - - [04/Sep/2010:02:54:54 +0200] "GET /content/kalender/jax_calendar.php?Y=-10128&m=1&d=8&cal_id=0&language=german&gmt_ofs=-1&view=d1 HTTP/1.1" 200 11862 "-" "Mozilla/5.0 (compatible; Googlebot/2.1; +http://www.google.com/bot.html)"
66.249.71.116 - - [04/Sep/2010:02:56:47 +0200] "GET /content/kalender/jax_calendar.php?Y=-10144&m=3&d=9&view=d1 HTTP/1.1" 200 11959 "-" "Mozilla/5.0 (compatible; Googlebot/2.1; +http://www.google.com/bot.html)"
66.249.71.116 - - [04/Sep/2010:02:59:37 +0200] "GET /content/kalender/jax_calendar.php?Y=4247&m=3&d=11&view=d1 HTTP/1.1" 200 11803 "-" "Mozilla/5.0 (compatible; Googlebot/2.1; +http://www.google.com/bot.html)"
66.249.71.116 - - [04/Sep/2010:03:06:46 +0200] "GET /content/kalender/jax_calendar.php?Y=-10143&m=9&d=37&view=d1 HTTP/1.1" 200 12001 "-" "Mozilla/5.0 (compatible; Googlebot/2.1; +http://www.google.com/bot.html)"
66.249.71.116 - - [04/Sep/2010:03:08:06 +0200] "GET /content/kalender/jax_calendar.php?Y=-10132&m=8&d=8&cal_id=0&language=german&gmt_ofs=-1&view=d1 HTTP/1.1" 200 11861 "-" "Mozilla/5.0 (compatible; Googlebot/2.1; +http://www.google.com/bot.html)"
66.249.71.116 - - [04/Sep/2010:03:10:39 +0200] "GET /content/kalender/jax_calendar.php?Y=-10134&m=12&d=8&cal_id=0&language=german&gmt_ofs=-1&view=d1 HTTP/1.1" 200 11925 "-" "Mozilla/5.0 (compatible; Googlebot/2.1; +http://www.google.com/bot.html)"
66.249.71.116 - - [04/Sep/2010:03:13:14 +0200] "GET /content/kalender/jax_calendar.php?Y=4229&m=2&d=8&cal_id=0&language=german&gmt_ofs=-1&view=d1 HTTP/1.1" 200 11670 "-" "Mozilla/5.0 (compatible; Googlebot/2.1; +http://www.google.com/bot.html)"
66.249.71.116 - - [04/Sep/2010:03:23:30 +0200] "GET /content/kalender/jax_calendar.php?Y=4246&m=7&d=33&view=d1 HTTP/1.1" 200 11803 "-" "Mozilla/5.0 (compatible; Googlebot/2.1; +http://www.google.com/bot.html)"
66.249.71.116 - - [04/Sep/2010:03:26:04 +0200] "GET /content/kalender/jax_calendar.php?Y=-10131&m=5&d=8&cal_id=0&language=german&gmt_ofs=-1&view=d1 HTTP/1.1" 200 11858 "-" "Mozilla/5.0 (compatible; Googlebot/2.1; +http://www.google.com/bot.html)"
66.249.71.116 - - [04/Sep/2010:03:28:38 +0200] "GET /content/kalender/jax_calendar.php?Y=-10137&m=5&d=22&view=d1 HTTP/1.1" 200 11994 "-" "Mozilla/5.0 (compatible; Googlebot/2.1; +http://www.google.com/bot.html)"
66.249.71.116 - - [04/Sep/2010:03:31:12 +0200] "GET /content/kalender/jax_calendar.php?Y=4241&m=3&d=12&view=d1 HTTP/1.1" 200 11803 "-" "Mozilla/5.0 (compatible; Googlebot/2.1; +http://www.google.com/bot.html)"
66.249.71.116 - - [04/Sep/2010:03:33:46 +0200] "GET /content/kalender/jax_calendar.php?Y=-10143&m=2&d=25&view=d1 HTTP/1.1" 200 11998 "-" "Mozilla/5.0 (compatible; Googlebot/2.1; +http://www.google.com/bot.html)"
66.249.71.116 - - [04/Sep/2010:03:36:21 +0200] "GET /content/kalender/jax_calendar.php?Y=-10146&m=3&d=11&view=d1 HTTP/1.1" 200 11995 "-" "Mozilla/5.0 (compatible; Googlebot/2.1; +http://www.google.com/bot.html)"
66.249.71.116 - - [04/Sep/2010:03:42:34 +0200] "GET /content/kalender/jax_calendar.php?Y=4240&m=9&d=26&view=d1 HTTP/1.1" 200 11809 "-" "Mozilla/5.0 (compatible; Googlebot/2.1; +http://www.google.com/bot.html)"
66.249.71.116 - - [04/Sep/2010:03:44:59 +0200] "GET /content/kalender/jax_calendar.php?Y=4247&m=1&d=7&view=d1 HTTP/1.1" 200 11770 "-" "Mozilla/5.0 (compatible; Googlebot/2.1; +http://www.google.com/bot.html)"
66.249.71.116 - - [04/Sep/2010:03:50:19 +0200] "GET /content/kalender/jax_calendar.php?Y=4245&m=12&d=7&view=d1 HTTP/1.1" 200 11833 "-" "Mozilla/5.0 (compatible; Googlebot/2.1; +http://www.google.com/bot.html)"
66.249.71.116 - - [04/Sep/2010:03:50:50 +0200] "GET /content/kalender/jax_calendar.php?Y=-10132&m=7&d=8&cal_id=0&language=german&gmt_ofs=-1&view=d1 HTTP/1.1" 200 11859 "-" "Mozilla/5.0 (compatible; Googlebot/2.1; +http://www.google.com/bot.html)"
66.249.71.116 - - [04/Sep/2010:03:52:48 +0200] "GET /content/assets/Kontakt-und-Beratungsstelle/logo.jpg HTTP/1.1" 304 - "-" "Googlebot-Image/1.0"
66.249.71.116 - - [04/Sep/2010:03:53:44 +0200] "GET /content/kalender/jax_calendar.php?Y=-10129&m=1&d=8&cal_id=0&language=german&gmt_ofs=-1&view=d1 HTTP/1.1" 200 11862 "-" "Mozilla/5.0 (compatible; Googlebot/2.1; +http://www.google.com/bot.html)"
66.249.71.116 - - [04/Sep/2010:03:59:33 +0200] "GET /content/kalender/jax_calendar.php?Y=-10127&m=9&d=8&cal_id=0&language=german&gmt_ofs=-1&view=d1 HTTP/1.1" 200 11865 "-" "Mozilla/5.0 (compatible; Googlebot/2.1; +http://www.google.com/bot.html)"
66.249.71.116 - - [04/Sep/2010:04:05:22 +0200] "GET /content/kalender/jax_calendar.php?Y=4248&m=1&d=2&view=d1 HTTP/1.1" 200 11770 "-" "Mozilla/5.0 (compatible; Googlebot/2.1; +http://www.google.com/bot.html)"
66.249.71.116 - - [04/Sep/2010:04:11:13 +0200] "GET /content/kalender/jax_calendar.php?Y=-10139&m=9&d=1&view=d1 HTTP/1.1" 200 11965 "-" "Mozilla/5.0 (compatible; Googlebot/2.1; +http://www.google.com/bot.html)"
66.249.71.116 - - [04/Sep/2010:04:14:09 +0200] "GET /content/kalender/jax_calendar.php?Y=4248&m=3&d=34&view=d1 HTTP/1.1" 200 11803 "-" "Mozilla/5.0 (compatible; Googlebot/2.1; +http://www.google.com/bot.html)"
66.249.71.116 - - [04/Sep/2010:04:17:05 +0200] "GET /content/kalender/jax_calendar.php?Y=-10118&m=10&d=8&cal_id=0&language=german&gmt_ofs=-1&view=d1 HTTP/1.1" 200 11924 "-" "Mozilla/5.0 (compatible; Googlebot/2.1; +http://www.google.com/bot.html)"
66.249.71.116 - - [04/Sep/2010:04:22:41 +0200] "GET /content/kalender/jax_calendar.php?Y=-10132&m=10&d=29&view=d1 HTTP/1.1" 200 12060 "-" "Mozilla/5.0 (compatible; Googlebot/2.1; +http://www.google.com/bot.html)"
66.249.71.116 - - [04/Sep/2010:04:27:48 +0200] "GET /content/kalender/jax_calendar.php?Y=-10132&m=5&d=8&cal_id=0&language=german&gmt_ofs=-1&view=d1 HTTP/1.1" 200 11858 "-" "Mozilla/5.0 (compatible; Googlebot/2.1; +http://www.google.com/bot.html)"
95.108.158.134 - - [04/Sep/2010:04:29:02 +0200] "GET /content/satzung/ HTTP/1.1" 200 21949 "-" "Mozilla/5.0 (compatible; YandexBot/3.0; +http://yandex.com/bots)"
66.249.71.116 - - [04/Sep/2010:04:30:21 +0200] "GET /content/kalender/jax_calendar.php?Y=-10143&m=3&d=27&view=d1 HTTP/1.1" 200 11995 "-" "Mozilla/5.0 (compatible; Googlebot/2.1; +http://www.google.com/bot.html)"
66.249.71.116 - - [04/Sep/2010:04:35:28 +0200] "GET /content/kalender/jax_calendar.php?Y=-10132&m=4&d=8&cal_id=0&language=german&gmt_ofs=-1&view=d1 HTTP/1.1" 200 11860 "-" "Mozilla/5.0 (compatible; Googlebot/2.1; +http://www.google.com/bot.html)"
66.249.71.116 - - [04/Sep/2010:04:38:01 +0200] "GET /content/kalender/jax_calendar.php?Y=4493&m=1&d=4&view=d1 HTTP/1.1" 200 11770 "-" "Mozilla/5.0 (compatible; Googlebot/2.1; +http://www.google.com/bot.html)"
66.249.71.116 - - [04/Sep/2010:04:40:35 +0200] "GET /content/kalender/jax_calendar.php?Y=-10128&m=5&d=8&cal_id=0&language=german&gmt_ofs=-1&view=d1 HTTP/1.1" 200 11858 "-" "Mozilla/5.0 (compatible; Googlebot/2.1; +http://www.google.com/bot.html)"
66.249.71.116 - - [04/Sep/2010:04:43:08 +0200] "GET /content/kalender/jax_calendar.php?Y=-10141&m=11&d=22&view=d1 HTTP/1.1" 200 12062 "-" "Mozilla/5.0 (compatible; Googlebot/2.1; +http://www.google.com/bot.html)"
66.249.71.116 - - [04/Sep/2010:04:45:46 +0200] "GET /content/kalender/jax_calendar.php?Y=-10145&m=3&d=34&view=d1 HTTP/1.1" 200 11995 "-" "Mozilla/5.0 (compatible; Googlebot/2.1; +http://www.google.com/bot.html)"
66.249.71.116 - - [04/Sep/2010:04:48:15 +0200] "GET /content/kalender/jax_calendar.php?Y=4228&m=2&d=8&cal_id=0&language=german&gmt_ofs=-1&view=d1 HTTP/1.1" 200 11670 "-" "Mozilla/5.0 (compatible; Googlebot/2.1; +http://www.google.com/bot.html)"
207.46.199.198 - - [04/Sep/2010:04:49:52 +0200] "GET /robots.txt HTTP/1.1" 404 1256 "-" "msnbot/2.0b (+http://search.msn.com/msnbot.htm)"
66.249.71.116 - - [04/Sep/2010:04:50:48 +0200] "GET /content/kalender/jax_calendar.php?Y=-10137&m=1&d=20&view=d1 HTTP/1.1" 200 11998 "-" "Mozilla/5.0 (compatible; Googlebot/2.1; +http://www.google.com/bot.html)"
207.46.195.228 - - [04/Sep/2010:04:52:48 +0200] "GET /robots.txt HTTP/1.1" 404 1256 "-" "msnbot/2.0b (+http://search.msn.com/msnbot.htm)"
65.55.3.212 - - [04/Sep/2010:04:53:56 +0200] "GET /robots.txt HTTP/1.1" 404 1256 "-" "msnbot/2.0b (+http://search.msn.com/msnbot.htm)._"
65.55.3.212 - - [04/Sep/2010:04:53:56 +0200] "GET /content/aktuelles/ HTTP/1.1" 200 10044 "-" "msnbot/2.0b (+http://search.msn.com/msnbot.htm)._"
65.52.53.243 - - [04/Sep/2010:04:56:56 +0200] "GET /robots.txt HTTP/1.1" 404 1256 "-" "msnbot/2.0b (+http://search.msn.com/msnbot.htm)"
66.249.71.116 - - [04/Sep/2010:04:58:17 +0200] "GET /content/kalender/jax_calendar.php?Y=-10127&m=1&d=8&cal_id=0&language=german&gmt_ofs=-1&view=d1 HTTP/1.1" 200 11862 "-" "Mozilla/5.0 (compatible; Googlebot/2.1; +http://www.google.com/bot.html)"
66.249.71.116 - - [04/Sep/2010:04:58:41 +0200] "GET /content/kalender/jax_calendar.php?Y=4242&m=2&d=34&view=d1 HTTP/1.1" 200 11806 "-" "Mozilla/5.0 (compatible; Googlebot/2.1; +http://www.google.com/bot.html)"
66.249.71.116 - - [04/Sep/2010:05:01:19 +0200] "GET /content/kalender/jax_calendar.php?Y=4235&m=6&d=1&view=d1 HTTP/1.1" 200 11767 "-" "Mozilla/5.0 (compatible; Googlebot/2.1; +http://www.google.com/bot.html)"
66.249.71.116 - - [04/Sep/2010:05:10:54 +0200] "GET /content/kalender/jax_calendar.php?Y=1577&m=11&d=3&view=d1 HTTP/1.1" 200 11834 "-" "Mozilla/5.0 (compatible; Googlebot/2.1; +http://www.google.com/bot.html)"
66.249.71.116 - - [04/Sep/2010:05:14:35 +0200] "GET /content/kalender/jax_calendar.php?Y=1579&m=7&d=11&view=d1 HTTP/1.1" 200 11803 "-" "Mozilla/5.0 (compatible; Googlebot/2.1; +http://www.google.com/bot.html)"
66.249.71.116 - - [04/Sep/2010:05:19:54 +0200] "GET /content/kalender/jax_calendar.php?Y=-10144&m=7&d=11&view=d1 HTTP/1.1" 200 11995 "-" "Mozilla/5.0 (compatible; Googlebot/2.1; +http://www.google.com/bot.html)"
66.249.71.116 - - [04/Sep/2010:05:22:34 +0200] "GET /content/kalender/jax_calendar.php?Y=-10129&m=5&d=8&cal_id=0&language=german&gmt_ofs=-1&view=d1 HTTP/1.1" 200 11858 "-" "Mozilla/5.0 (compatible; Googlebot/2.1; +http://www.google.com/bot.html)"
66.249.71.116 - - [04/Sep/2010:05:25:14 +0200] "GET /content/kalender/jax_calendar.php?Y=4246&m=2&d=5&view=d1 HTTP/1.1" 200 11770 "-" "Mozilla/5.0 (compatible; Googlebot/2.1; +http://www.google.com/bot.html)"
207.46.195.228 - - [04/Sep/2010:05:25:24 +0200] "GET / HTTP/1.1" 302 - "-" "msnbot/2.0b (+http://search.msn.com/msnbot.htm)"
66.249.71.116 - - [04/Sep/2010:05:27:53 +0200] "GET /content/kalender/jax_calendar.php?Y=1583&m=9&d=32&view=d1 HTTP/1.1" 200 11809 "-" "Mozilla/5.0 (compatible; Googlebot/2.1; +http://www.google.com/bot.html)"
66.249.71.116 - - [04/Sep/2010:05:30:03 +0200] "GET /content/kalender/jax_calendar.php?Y=-10020&m=9&d=9&view=d1&language=english HTTP/1.1" 200 11800 "-" "Mozilla/5.0 (compatible; Googlebot/2.1; +http://www.google.com/bot.html)"
66.249.71.116 - - [04/Sep/2010:05:35:06 +0200] "GET /content/kalender/jax_calendar.php?Y=-10144&m=1&d=28&view=d1 HTTP/1.1" 200 11998 "-" "Mozilla/5.0 (compatible; Googlebot/2.1; +http://www.google.com/bot.html)"
66.249.71.116 - - [04/Sep/2010:05:39:54 +0200] "GET /content/kalender/jax_calendar.php?Y=4245&m=9&d=20&view=d1 HTTP/1.1" 200 11809 "-" "Mozilla/5.0 (compatible; Googlebot/2.1; +http://www.google.com/bot.html)"
66.249.71.116 - - [04/Sep/2010:05:42:18 +0200] "GET /content/kalender/jax_calendar.php?Y=-10135&m=4&d=8&cal_id=0&language=german&gmt_ofs=-1&view=d1 HTTP/1.1" 200 11860 "-" "Mozilla/5.0 (compatible; Googlebot/2.1; +http://www.google.com/bot.html)"
67.195.115.117 - - [04/Sep/2010:05:43:16 +0200] "GET /robots.txt HTTP/1.0" 404 1256 "-" "Mozilla/5.0 (compatible; Yahoo! Slurp; http://help.yahoo.com/help/us/ysearch/slurp)"
67.195.115.117 - - [04/Sep/2010:05:43:16 +0200] "GET /content/jugendarbeit/ HTTP/1.0" 200 12211 "-" "Mozilla/5.0 (compatible; Yahoo! Slurp/3.0; http://help.yahoo.com/help/us/ysearch/slurp)"
67.195.115.117 - - [04/Sep/2010:05:43:19 +0200] "GET /content/themes/blackcandy/css/layout.css?m=1281258825 HTTP/1.0" 200 9945 "http://www.awo-kv-bernau.de/content/jugendarbeit/" "Mozilla/5.0 (compatible; Yahoo! Slurp/3.0; http://help.yahoo.com/help/us/ysearch/slurp)"
67.195.115.117 - - [04/Sep/2010:05:43:21 +0200] "GET /content/themes/blackcandy/css/typography.css?m=1281262824 HTTP/1.0" 200 5090 "http://www.awo-kv-bernau.de/content/jugendarbeit/" "Mozilla/5.0 (compatible; Yahoo! Slurp/3.0; http://help.yahoo.com/help/us/ysearch/slurp)"
67.195.115.117 - - [04/Sep/2010:05:43:22 +0200] "GET /content/themes/blackcandy/css/form.css?m=1277278133 HTTP/1.0" 200 1856 "http://www.awo-kv-bernau.de/content/jugendarbeit/" "Mozilla/5.0 (compatible; Yahoo! Slurp/3.0; http://help.yahoo.com/help/us/ysearch/slurp)"
66.249.71.116 - - [04/Sep/2010:05:44:42 +0200] "GET /content/kalender/jax_calendar.php?Y=-10136&m=4&d=8&cal_id=0&language=german&gmt_ofs=-1&view=d1 HTTP/1.1" 200 11860 "-" "Mozilla/5.0 (compatible; Googlebot/2.1; +http://www.google.com/bot.html)"
66.249.71.116 - - [04/Sep/2010:05:47:07 +0200] "GET /content/kalender/jax_calendar.php?Y=1570&m=6&d=20&view=d1 HTTP/1.1" 200 11803 "-" "Mozilla/5.0 (compatible; Googlebot/2.1; +http://www.google.com/bot.html)"
66.249.71.116 - - [04/Sep/2010:05:49:31 +0200] "GET /content/kalender/jax_calendar.php?Y=-10139&m=4&d=1&view=d1 HTTP/1.1" 200 11960 "-" "Mozilla/5.0 (compatible; Googlebot/2.1; +http://www.google.com/bot.html)"
66.249.71.116 - - [04/Sep/2010:05:51:55 +0200] "GET /content/kalender/jax_calendar.php?Y=4248&m=11&d=18&view=d1 HTTP/1.1" 200 11870 "-" "Mozilla/5.0 (compatible; Googlebot/2.1; +http://www.google.com/bot.html)"
66.249.71.116 - - [04/Sep/2010:05:56:43 +0200] "GET /content/kalender/jax_calendar.php?Y=-10143&m=11&d=33&view=d1 HTTP/1.1" 200 12062 "-" "Mozilla/5.0 (compatible; Googlebot/2.1; +http://www.google.com/bot.html)"
207.46.195.228 - - [04/Sep/2010:05:58:57 +0200] "GET /content/aktuelles/ HTTP/1.1" 200 10044 "-" "msnbot/2.0b (+http://search.msn.com/msnbot.htm)"
66.249.71.116 - - [04/Sep/2010:05:59:07 +0200] "GET /content/kalender/jax_calendar.php?Y=1571&m=6&d=21&view=d1 HTTP/1.1" 200 11803 "-" "Mozilla/5.0 (compatible; Googlebot/2.1; +http://www.google.com/bot.html)"
66.249.71.116 - - [04/Sep/2010:06:01:31 +0200] "GET /content/kalender/jax_calendar.php?Y=-10134&m=4&d=8&cal_id=0&language=german&gmt_ofs=-1&view=d1 HTTP/1.1" 200 11860 "-" "Mozilla/5.0 (compatible; Googlebot/2.1; +http://www.google.com/bot.html)"
66.249.71.116 - - [04/Sep/2010:06:03:57 +0200] "GET /content/kalender/jax_calendar.php?Y=4243&m=4&d=6&view=d1 HTTP/1.1" 200 11768 "-" "Mozilla/5.0 (compatible; Googlebot/2.1; +http://www.google.com/bot.html)"
207.46.13.144 - - [04/Sep/2010:06:05:46 +0200] "GET /content/schuldnerberatung/ HTTP/1.1" 200 11481 "-" "msnbot/2.0b (+http://search.msn.com/msnbot.htm)"
66.249.71.116 - - [04/Sep/2010:06:07:35 +0200] "GET /content/kalender/jax_calendar.php?Y=-10020&m=7&d=23&view=d1&language=english HTTP/1.1" 200 11835 "-" "Mozilla/5.0 (compatible; Googlebot/2.1; +http://www.google.com/bot.html)"
207.46.195.107 - - [04/Sep/2010:06:08:53 +0200] "GET /content/kalender/jax_calendar.php?Y=2010&m=7&d=30&view=d1 HTTP/1.1" 200 27942 "-" "msnbot/2.0b (+http://search.msn.com/msnbot.htm)"
66.249.71.116 - - [04/Sep/2010:06:09:08 +0200] "GET /content/kalender/jax_calendar.php?Y=-10141&m=4&d=27&view=d1 HTTP/1.1" 200 11996 "-" "Mozilla/5.0 (compatible; Googlebot/2.1; +http://www.google.com/bot.html)"
66.249.71.116 - - [04/Sep/2010:06:11:53 +0200] "GET /content/kalender/jax_calendar.php?Y=-10139&m=3&d=10&view=d1 HTTP/1.1" 200 11995 "-" "Mozilla/5.0 (compatible; Googlebot/2.1; +http://www.google.com/bot.html)"
67.195.115.117 - - [04/Sep/2010:06:13:09 +0200] "GET /content/jugendfeiern/ HTTP/1.0" 200 14788 "-" "Mozilla/5.0 (compatible; Yahoo! Slurp/3.0; http://help.yahoo.com/help/us/ysearch/slurp)"
66.249.71.116 - - [04/Sep/2010:06:14:39 +0200] "GET /content/kalender/jax_calendar.php?Y=1581&m=2&d=39&view=d1 HTTP/1.1" 200 11806 "-" "Mozilla/5.0 (compatible; Googlebot/2.1; +http://www.google.com/bot.html)"
66.249.71.116 - - [04/Sep/2010:06:15:05 +0200] "GET /content/kalender/jax_calendar.php?Y=2011&m=5&d=6&view=d1 HTTP/1.1" 200 11251 "-" "Mozilla/5.0 (compatible; Googlebot/2.1; +http://www.google.com/bot.html)"
66.249.71.116 - - [04/Sep/2010:06:17:41 +0200] "GET /content/kalender/jax_calendar.php?Y=4242&m=11&d=5&view=d1 HTTP/1.1" 200 11834 "-" "Mozilla/5.0 (compatible; Googlebot/2.1; +http://www.google.com/bot.html)"
66.249.71.116 - - [04/Sep/2010:06:20:09 +0200] "GET /content/kalender/jax_calendar.php?Y=-10141&m=5&d=34&view=d1 HTTP/1.1" 200 11994 "-" "Mozilla/5.0 (compatible; Googlebot/2.1; +http://www.google.com/bot.html)"
66.249.71.116 - - [04/Sep/2010:06:28:27 +0200] "GET /content/kalender/jax_calendar.php?Y=1576&m=2&d=38&view=d1 HTTP/1.1" 200 11806 "-" "Mozilla/5.0 (compatible; Googlebot/2.1; +http://www.google.com/bot.html)"
66.249.71.116 - - [04/Sep/2010:06:31:13 +0200] "GET /content/kalender/jax_calendar.php?Y=1572&m=6&d=14&view=d1 HTTP/1.1" 200 11803 "-" "Mozilla/5.0 (compatible; Googlebot/2.1; +http://www.google.com/bot.html)"
66.249.71.116 - - [04/Sep/2010:06:36:45 +0200] "GET /content/kalender/jax_calendar.php?Y=1577&m=7&d=38&view=d1 HTTP/1.1" 200 11803 "-" "Mozilla/5.0 (compatible; Googlebot/2.1; +http://www.google.com/bot.html)"
66.249.71.116 - - [04/Sep/2010:06:39:31 +0200] "GET /content/kalender/jax_calendar.php?Y=1575&m=6&d=29&view=d1 HTTP/1.1" 200 11803 "-" "Mozilla/5.0 (compatible; Googlebot/2.1; +http://www.google.com/bot.html)"
88.72.27.20 - - [04/Sep/2010:06:48:56 +0200] "GET /content/aktuelles/ HTTP/1.1" 200 10044 "-" "Mozilla/5.0 (Windows; U; Windows NT 5.1; en-US; rv:1.9.2.8) Gecko/20100722 Firefox/3.6.8 ( .NET CLR 3.5.30729)"
88.72.27.20 - - [04/Sep/2010:06:48:57 +0200] "GET /content/themes/blackcandy/css/layout.css?m=1281258825 HTTP/1.1" 304 - "http://www.awo-kv-bernau.de/content/aktuelles/" "Mozilla/5.0 (Windows; U; Windows NT 5.1; en-US; rv:1.9.2.8) Gecko/20100722 Firefox/3.6.8 ( .NET CLR 3.5.30729)"
88.72.27.20 - - [04/Sep/2010:06:48:57 +0200] "GET /content/themes/blackcandy/css/typography.css?m=1281262824 HTTP/1.1" 304 - "http://www.awo-kv-bernau.de/content/aktuelles/" "Mozilla/5.0 (Windows; U; Windows NT 5.1; en-US; rv:1.9.2.8) Gecko/20100722 Firefox/3.6.8 ( .NET CLR 3.5.30729)"
88.72.27.20 - - [04/Sep/2010:06:48:57 +0200] "GET /content/themes/blackcandy/css/form.css?m=1277278133 HTTP/1.1" 304 - "http://www.awo-kv-bernau.de/content/aktuelles/" "Mozilla/5.0 (Windows; U; Windows NT 5.1; en-US; rv:1.9.2.8) Gecko/20100722 Firefox/3.6.8 ( .NET CLR 3.5.30729)"
88.72.27.20 - - [04/Sep/2010:06:48:57 +0200] "GET /content/assets/Aktuelles/aktuelles010910.jpg HTTP/1.1" 304 - "http://www.awo-kv-bernau.de/content/aktuelles/" "Mozilla/5.0 (Windows; U; Windows NT 5.1; en-US; rv:1.9.2.8) Gecko/20100722 Firefox/3.6.8 ( .NET CLR 3.5.30729)"
88.72.27.20 - - [04/Sep/2010:06:48:57 +0200] "GET /content/assets/Aktuelles/awologo.jpg HTTP/1.1" 304 - "http://www.awo-kv-bernau.de/content/aktuelles/" "Mozilla/5.0 (Windows; U; Windows NT 5.1; en-US; rv:1.9.2.8) Gecko/20100722 Firefox/3.6.8 ( .NET CLR 3.5.30729)"
88.72.27.20 - - [04/Sep/2010:06:49:01 +0200] "GET /favicon.ico HTTP/1.1" 404 1256 "-" "Mozilla/5.0 (Windows; U; Windows NT 5.1; en-US; rv:1.9.2.8) Gecko/20100722 Firefox/3.6.8 ( .NET CLR 3.5.30729)"
66.249.71.116 - - [04/Sep/2010:06:53:02 +0200] "GET /content/kalender/jax_calendar.php?Y=1585&m=7&d=8&view=d1 HTTP/1.1" 200 11767 "-" "Mozilla/5.0 (compatible; Googlebot/2.1; +http://www.google.com/bot.html)"
66.249.71.116 - - [04/Sep/2010:06:55:24 +0200] "GET /content/kalender/jax_calendar.php?Y=-10136&m=3&d=8&cal_id=0&language=german&gmt_ofs=-1&view=d1 HTTP/1.1" 200 11859 "-" "Mozilla/5.0 (compatible; Googlebot/2.1; +http://www.google.com/bot.html)"
66.249.71.116 - - [04/Sep/2010:06:57:46 +0200] "GET /content/kalender/jax_calendar.php?Y=1585&m=8&d=16&view=d1 HTTP/1.1" 200 11805 "-" "Mozilla/5.0 (compatible; Googlebot/2.1; +http://www.google.com/bot.html)"
207.46.13.132 - - [04/Sep/2010:06:58:52 +0200] "GET /robots.txt HTTP/1.1" 404 1256 "-" "msnbot/2.0b (+http://search.msn.com/msnbot.htm)"
88.72.27.20 - - [04/Sep/2010:06:58:54 +0200] "GET /content/aktuelles/ HTTP/1.1" 200 10044 "-" "Mozilla/5.0 (Windows; U; Windows NT 5.1; en-US; rv:1.9.2.8) Gecko/20100722 Firefox/3.6.8 ( .NET CLR 3.5.30729)"
88.72.27.20 - - [04/Sep/2010:06:58:55 +0200] "GET /content/themes/blackcandy/css/layout.css?m=1281258825 HTTP/1.1" 304 - "http://www.awo-kv-bernau.de/content/aktuelles/" "Mozilla/5.0 (Windows; U; Windows NT 5.1; en-US; rv:1.9.2.8) Gecko/20100722 Firefox/3.6.8 ( .NET CLR 3.5.30729)"
88.72.27.20 - - [04/Sep/2010:06:58:55 +0200] "GET /content/themes/blackcandy/css/typography.css?m=1281262824 HTTP/1.1" 304 - "http://www.awo-kv-bernau.de/content/aktuelles/" "Mozilla/5.0 (Windows; U; Windows NT 5.1; en-US; rv:1.9.2.8) Gecko/20100722 Firefox/3.6.8 ( .NET CLR 3.5.30729)"
88.72.27.20 - - [04/Sep/2010:06:58:55 +0200] "GET /content/themes/blackcandy/css/form.css?m=1277278133 HTTP/1.1" 304 - "http://www.awo-kv-bernau.de/content/aktuelles/" "Mozilla/5.0 (Windows; U; Windows NT 5.1; en-US; rv:1.9.2.8) Gecko/20100722 Firefox/3.6.8 ( .NET CLR 3.5.30729)"
88.72.27.20 - - [04/Sep/2010:06:58:58 +0200] "GET /favicon.ico HTTP/1.1" 404 1256 "-" "Mozilla/5.0 (Windows; U; Windows NT 5.1; en-US; rv:1.9.2.8) Gecko/20100722 Firefox/3.6.8 ( .NET CLR 3.5.30729)"
66.249.71.116 - - [04/Sep/2010:07:00:05 +0200] "GET /content/kalender/jax_calendar.php?Y=2011&m=5&d=6&view=d1&language=english HTTP/1.1" 200 11092 "-" "Mozilla/5.0 (compatible; Googlebot/2.1; +http://www.google.com/bot.html)"
