80.226.0.1 - - [01/Sep/2010:16:36:53 +0200] "GET /content/kalender/jax_calendar.php?Y=2010&m=9&d=2&view=d1 HTTP/1.1" 200 31773 "http://www.awo-kv-bernau.de/content/kalender/jax_calendar.php?Y=2010&m=9&d=1&do=show_event&key=8e0a44db9fd1ebed603d66b3902474f4&cal_id=0&language=german&gmt_ofs=-1&view=d30&evt_date=%3Cb%3E01.09.2010%3C%2Fb%3E+14%3A30+-+17%3A30&evt_title=28.+Seniorentanz" "Mozilla/5.0 (Windows; U; Windows NT 6.1; de; rv:1.9.2.3) Gecko/20100401 Firefox/3.6.3"
80.226.0.1 - - [01/Sep/2010:16:36:54 +0200] "GET /content/kalender/modules/lang_auto_select.js HTTP/1.1" 200 3341 "http://www.awo-kv-bernau.de/content/kalender/jax_calendar.php?Y=2010&m=9&d=2&view=d1" "Mozilla/5.0 (Windows; U; Windows NT 6.1; de; rv:1.9.2.3) Gecko/20100401 Firefox/3.6.3"
80.226.0.1 - - [01/Sep/2010:16:36:54 +0200] "GET /content/kalender/jax_calendar.php?Y=2010&m=9&d=2&view=d1&language=german HTTP/1.1" 200 31673 "http://www.awo-kv-bernau.de/content/kalender/jax_calendar.php?Y=2010&m=9&d=2&view=d1" "Mozilla/5.0 (Windows; U; Windows NT 6.1; de; rv:1.9.2.3) Gecko/20100401 Firefox/3.6.3"
80.226.0.1 - - [01/Sep/2010:16:37:21 +0200] "GET /content/kalender/jax_calendar.php?Y=2010&m=9&d=2&do=show_event&key=372a47ff54856c548c7a07fbea2daa5b&cal_id=0&language=german&gmt_ofs=-1&view=d1&evt_date=%3Cb%3E02.09.2010%3C%2Fb%3E+13%3A00+-+16%3A30&evt_title=Textilverkauf HTTP/1.1" 200 12031 "http://www.awo-kv-bernau.de/content/kalender/jax_calendar.php?Y=2010&m=9&d=2&view=d1&language=german" "Mozilla/5.0 (Windows; U; Windows NT 6.1; de; rv:1.9.2.3) Gecko/20100401 Firefox/3.6.3"
80.226.0.1 - - [01/Sep/2010:16:38:16 +0200] "GET /content/kalender/jax_calendar.php?Y=2010&m=9&d=3&view=d1 HTTP/1.1" 200 30953 "http://www.awo-kv-bernau.de/content/kalender/jax_calendar.php?Y=2010&m=9&d=2&do=show_event&key=372a47ff54856c548c7a07fbea2daa5b&cal_id=0&language=german&gmt_ofs=-1&view=d1&evt_date=%3Cb%3E02.09.2010%3C%2Fb%3E+13%3A00+-+16%3A30&evt_title=Textilverkauf" "Mozilla/5.0 (Windows; U; Windows NT 6.1; de; rv:1.9.2.3) Gecko/20100401 Firefox/3.6.3"
80.226.0.1 - - [01/Sep/2010:16:38:17 +0200] "GET /content/kalender/jax_calendar.php?Y=2010&m=9&d=3&view=d1&language=german HTTP/1.1" 200 30853 "http://www.awo-kv-bernau.de/content/kalender/jax_calendar.php?Y=2010&m=9&d=3&view=d1" "Mozilla/5.0 (Windows; U; Windows NT 6.1; de; rv:1.9.2.3) Gecko/20100401 Firefox/3.6.3"
66.249.71.40 - - [01/Sep/2010:16:38:30 +0200] "GET /content/kalender/jax_calendar.php?Y=4472&m=10&d=21&view=d1 HTTP/1.1" 200 11868 "-" "Mozilla/5.0 (compatible; Googlebot/2.1; +http://www.google.com/bot.html)"
80.226.0.1 - - [01/Sep/2010:16:40:41 +0200] "GET /content/kalender/jax_calendar.php?Y=2010&m=9&d=3&do=show_event&key=42c52c13080ca7d9e55b87916ddb2b76&cal_id=0&language=german&gmt_ofs=-1&view=d1&evt_date=%3Cb%3E21.09.2010%3C%2Fb%3E+18%3A00&evt_title=Treffen+der+Selbsthilfegruppe+%26quot%3BBalance%26quot%3B HTTP/1.1" 200 12322 "http://www.awo-kv-bernau.de/content/kalender/jax_calendar.php?Y=2010&m=9&d=3&view=d1&language=german" "Mozilla/5.0 (Windows; U; Windows NT 6.1; de; rv:1.9.2.3) Gecko/20100401 Firefox/3.6.3"
66.249.71.40 - - [01/Sep/2010:16:41:24 +0200] "GET /content/kalender/jax_calendar.php?Y=-10104&m=1&d=37&view=d1 HTTP/1.1" 200 11998 "-" "Mozilla/5.0 (compatible; Googlebot/2.1; +http://www.google.com/bot.html)"
80.226.0.1 - - [01/Sep/2010:16:41:37 +0200] "GET /content/kalender/jax_calendar.php?Y=2010&m=9&d=3&do=show_event&key=1878191bdd8ee8773076d0f1e275a72d&cal_id=0&language=german&gmt_ofs=-1&view=d1&evt_date=%3Cb%3E06.09.2010%3C%2Fb%3E+16%3A00&evt_title=Tanzgruppe+f%FCr+Junggebliebene HTTP/1.1" 200 12337 "http://www.awo-kv-bernau.de/content/kalender/jax_calendar.php?Y=2010&m=9&d=3&view=d1&language=german" "Mozilla/5.0 (Windows; U; Windows NT 6.1; de; rv:1.9.2.3) Gecko/20100401 Firefox/3.6.3"
207.46.204.240 - - [01/Sep/2010:16:42:29 +0200] "GET /content/kalender/jax_calendar.php?Y=2003&m=7&d=27&cal_id=0&language=german&gmt_ofs=-1&view=d30 HTTP/1.1" 200 11226 "-" "msnbot/2.0b (+http://search.msn.com/msnbot.htm)"
80.226.0.1 - - [01/Sep/2010:16:43:32 +0200] "GET /content/kalender/jax_calendar.php?Y=2010&m=9&d=3&do=show_event&key=bf264d7b6f00dfb850553d028b600bc7&cal_id=0&language=german&gmt_ofs=-1&view=d1&evt_date=%3Cb%3E07.09.2010%3C%2Fb%3E+15%3A00&evt_title=Computer+und+Internet HTTP/1.1" 200 12319 "http://www.awo-kv-bernau.de/content/kalender/jax_calendar.php?Y=2010&m=9&d=3&view=d1&language=german" "Mozilla/5.0 (Windows; U; Windows NT 6.1; de; rv:1.9.2.3) Gecko/20100401 Firefox/3.6.3"
207.46.13.91 - - [01/Sep/2010:16:43:50 +0200] "GET /content/jugendarbeit/ HTTP/1.1" 200 12211 "-" "msnbot/2.0b (+http://search.msn.com/msnbot.htm)"
66.249.71.40 - - [01/Sep/2010:16:43:56 +0200] "GET /content/kalender/jax_calendar.php?Y=-10093&m=9&d=3&cal_id=0&language=german&gmt_ofs=-1&view=d1 HTTP/1.1" 200 11865 "-" "Mozilla/5.0 (compatible; Googlebot/2.1; +http://www.google.com/bot.html)"
80.226.0.1 - - [01/Sep/2010:16:44:43 +0200] "GET /content/kalender/jax_calendar.php?Y=2010&m=9&d=3&do=show_event&key=a0b247c5666f943a9d109cabea380cee&cal_id=0&language=german&gmt_ofs=-1&view=d1&evt_date=%3Cb%3E07.09.2010%3C%2Fb%3E+18%3A00&evt_title=Treffen+der+Selbsthilfegruppe+%26quot%3BBalance%26quot%3B HTTP/1.1" 200 12322 "http://www.awo-kv-bernau.de/content/kalender/jax_calendar.php?Y=2010&m=9&d=3&view=d1&language=german" "Mozilla/5.0 (Windows; U; Windows NT 6.1; de; rv:1.9.2.3) Gecko/20100401 Firefox/3.6.3"
80.226.0.1 - - [01/Sep/2010:16:45:51 +0200] "GET /content/kalender/jax_calendar.php?Y=2010&m=9&d=3&do=show_event&key=796456e5b4d7843f52b1e809bad524f3&cal_id=0&language=german&gmt_ofs=-1&view=d1&evt_date=%3Cb%3E08.09.2010%3C%2Fb%3E+15%3A00&evt_title=Court+-+Kontakt+-+und+Beratungsstelle HTTP/1.1" 200 12115 "http://www.awo-kv-bernau.de/content/kalender/jax_calendar.php?Y=2010&m=9&d=3&view=d1&language=german" "Mozilla/5.0 (Windows; U; Windows NT 6.1; de; rv:1.9.2.3) Gecko/20100401 Firefox/3.6.3"
66.249.71.40 - - [01/Sep/2010:16:46:39 +0200] "GET /content/kalender/jax_calendar.php?Y=-10106&m=6&d=1&cal_id=0&language=english&gmt_ofs=0&view=d1 HTTP/1.1" 200 11799 "-" "Mozilla/5.0 (compatible; Googlebot/2.1; +http://www.google.com/bot.html)"
80.226.0.1 - - [01/Sep/2010:16:47:14 +0200] "GET /content/kalender/jax_calendar.php?Y=2010&m=9&d=3&do=show_event&key=e8a1bde14062197ca6d2eef0a5bf13af&cal_id=0&language=german&gmt_ofs=-1&view=d1&evt_date=%3Cb%3E13.09.2010%3C%2Fb%3E+15%3A30&evt_title=Grundlagen+des+Strickens HTTP/1.1" 200 12286 "http://www.awo-kv-bernau.de/content/kalender/jax_calendar.php?Y=2010&m=9&d=3&view=d1&language=german" "Mozilla/5.0 (Windows; U; Windows NT 6.1; de; rv:1.9.2.3) Gecko/20100401 Firefox/3.6.3"
80.226.0.1 - - [01/Sep/2010:16:48:47 +0200] "GET /content/stellenangebote/ HTTP/1.1" 200 8411 "http://www.awo-kv-bernau.de/content/veranstaltungskalender/" "Mozilla/5.0 (Windows; U; Windows NT 6.1; de; rv:1.9.2.3) Gecko/20100401 Firefox/3.6.3"
80.226.0.1 - - [01/Sep/2010:16:48:48 +0200] "GET /content/themes/blackcandy/css/layout.css?m=1281258825 HTTP/1.1" 304 - "http://www.awo-kv-bernau.de/content/stellenangebote/" "Mozilla/5.0 (Windows; U; Windows NT 6.1; de; rv:1.9.2.3) Gecko/20100401 Firefox/3.6.3"
80.226.0.1 - - [01/Sep/2010:16:48:48 +0200] "GET /content/themes/blackcandy/css/form.css?m=1277278133 HTTP/1.1" 304 - "http://www.awo-kv-bernau.de/content/stellenangebote/" "Mozilla/5.0 (Windows; U; Windows NT 6.1; de; rv:1.9.2.3) Gecko/20100401 Firefox/3.6.3"
80.226.0.1 - - [01/Sep/2010:16:48:48 +0200] "GET /content/themes/blackcandy/css/typography.css?m=1281262824 HTTP/1.1" 304 - "http://www.awo-kv-bernau.de/content/stellenangebote/" "Mozilla/5.0 (Windows; U; Windows NT 6.1; de; rv:1.9.2.3) Gecko/20100401 Firefox/3.6.3"
80.226.0.1 - - [01/Sep/2010:16:48:49 +0200] "GET /content/themes/blackcandy/images/icons/page_white_acrobat.png HTTP/1.1" 200 591 "http://www.awo-kv-bernau.de/content/themes/blackcandy/css/typography.css?m=1281262824" "Mozilla/5.0 (Windows; U; Windows NT 6.1; de; rv:1.9.2.3) Gecko/20100401 Firefox/3.6.3"
92.206.89.252 - - [01/Sep/2010:16:49:20 +0200] "GET /favicon.ico HTTP/1.1" 404 1256 "-" "Mozilla/5.0 (Windows; U; Windows NT 5.1; de; rv:1.9.2.8) Gecko/20100722 Firefox/3.6.8"
92.206.89.252 - - [01/Sep/2010:16:49:20 +0200] "GET /content/themes/blackcandy/css/layout.css?m=1281258825 HTTP/1.1" 200 9945 "http://www.awo-kv-bernau.de/content/kinder-und-familienzentrum-regenbogen/" "Mozilla/5.0 (Windows; U; Windows NT 5.1; de; rv:1.9.2.8) Gecko/20100722 Firefox/3.6.8"
92.206.89.252 - - [01/Sep/2010:16:49:20 +0200] "GET /content/themes/blackcandy/css/typography.css?m=1281262824 HTTP/1.1" 200 5090 "http://www.awo-kv-bernau.de/content/kinder-und-familienzentrum-regenbogen/" "Mozilla/5.0 (Windows; U; Windows NT 5.1; de; rv:1.9.2.8) Gecko/20100722 Firefox/3.6.8"
92.206.89.252 - - [01/Sep/2010:16:49:18 +0200] "GET /content/kinder-und-familienzentrum-regenbogen/ HTTP/1.1" 200 31229 "http://www.google.de/search?hl=de&client=firefox-a&rls=org.mozilla%3Ade%3Aofficial&q=Einrichtungen+zur+Fr%C3%BChf%C3%B6rderung%3A+Tagesablauf&btnG=Suche&aq=f&aqi=&aql=&oq=&gs_rfai=" "Mozilla/5.0 (Windows; U; Windows NT 5.1; de; rv:1.9.2.8) Gecko/20100722 Firefox/3.6.8"
92.206.89.252 - - [01/Sep/2010:16:49:21 +0200] "GET /content/themes/blackcandy/css/form.css?m=1277278133 HTTP/1.1" 200 1856 "http://www.awo-kv-bernau.de/content/kinder-und-familienzentrum-regenbogen/" "Mozilla/5.0 (Windows; U; Windows NT 5.1; de; rv:1.9.2.8) Gecko/20100722 Firefox/3.6.8"
92.206.89.252 - - [01/Sep/2010:16:49:22 +0200] "GET /content/assets/EKZ/kfz110810.jpg HTTP/1.1" 200 38194 "http://www.awo-kv-bernau.de/content/kinder-und-familienzentrum-regenbogen/" "Mozilla/5.0 (Windows; U; Windows NT 5.1; de; rv:1.9.2.8) Gecko/20100722 Firefox/3.6.8"
92.206.89.252 - - [01/Sep/2010:16:49:24 +0200] "GET /content/themes/blackcandy/images/headerRounded.png HTTP/1.1" 200 763 "http://www.awo-kv-bernau.de/content/themes/blackcandy/css/layout.css?m=1281258825" "Mozilla/5.0 (Windows; U; Windows NT 5.1; de; rv:1.9.2.8) Gecko/20100722 Firefox/3.6.8"
92.206.89.252 - - [01/Sep/2010:16:49:22 +0200] "GET /content/themes/blackcandy/images/header.jpg HTTP/1.1" 200 45038 "http://www.awo-kv-bernau.de/content/themes/blackcandy/css/layout.css?m=1281258825" "Mozilla/5.0 (Windows; U; Windows NT 5.1; de; rv:1.9.2.8) Gecko/20100722 Firefox/3.6.8"
92.206.89.252 - - [01/Sep/2010:16:49:26 +0200] "GET /content/themes/blackcandy/images/activeTabLeft.png HTTP/1.1" 200 433 "http://www.awo-kv-bernau.de/content/themes/blackcandy/css/layout.css?m=1281258825" "Mozilla/5.0 (Windows; U; Windows NT 5.1; de; rv:1.9.2.8) Gecko/20100722 Firefox/3.6.8"
92.206.89.252 - - [01/Sep/2010:16:49:26 +0200] "GET /content/themes/blackcandy/images/activeTabRight.png HTTP/1.1" 200 433 "http://www.awo-kv-bernau.de/content/themes/blackcandy/css/layout.css?m=1281258825" "Mozilla/5.0 (Windows; U; Windows NT 5.1; de; rv:1.9.2.8) Gecko/20100722 Firefox/3.6.8"
92.206.89.252 - - [01/Sep/2010:16:49:22 +0200] "GET /content/assets/EKZ/kfzgalerie.jpg HTTP/1.1" 200 99277 "http://www.awo-kv-bernau.de/content/kinder-und-familienzentrum-regenbogen/" "Mozilla/5.0 (Windows; U; Windows NT 5.1; de; rv:1.9.2.8) Gecko/20100722 Firefox/3.6.8"
92.206.89.252 - - [01/Sep/2010:16:49:21 +0200] "GET /content/assets/EKZ/ekztop.jpg HTTP/1.1" 200 92781 "http://www.awo-kv-bernau.de/content/kinder-und-familienzentrum-regenbogen/" "Mozilla/5.0 (Windows; U; Windows NT 5.1; de; rv:1.9.2.8) Gecko/20100722 Firefox/3.6.8"
92.206.89.252 - - [01/Sep/2010:16:49:27 +0200] "GET /content/themes/blackcandy/images/herz.png HTTP/1.1" 200 344 "http://www.awo-kv-bernau.de/content/themes/blackcandy/css/layout.css?m=1281258825" "Mozilla/5.0 (Windows; U; Windows NT 5.1; de; rv:1.9.2.8) Gecko/20100722 Firefox/3.6.8"
92.206.89.252 - - [01/Sep/2010:16:49:27 +0200] "GET /content/themes/blackcandy/images/icons/page_white_acrobat.png HTTP/1.1" 200 591 "http://www.awo-kv-bernau.de/content/themes/blackcandy/css/typography.css?m=1281262824" "Mozilla/5.0 (Windows; U; Windows NT 5.1; de; rv:1.9.2.8) Gecko/20100722 Firefox/3.6.8"
92.206.89.252 - - [01/Sep/2010:16:49:28 +0200] "GET /content/themes/blackcandy/images/footer.png HTTP/1.1" 200 884 "http://www.awo-kv-bernau.de/content/themes/blackcandy/css/layout.css?m=1281258825" "Mozilla/5.0 (Windows; U; Windows NT 5.1; de; rv:1.9.2.8) Gecko/20100722 Firefox/3.6.8"
92.206.89.252 - - [01/Sep/2010:16:49:28 +0200] "GET /favicon.ico HTTP/1.1" 404 1256 "-" "Mozilla/5.0 (Windows; U; Windows NT 5.1; de; rv:1.9.2.8) Gecko/20100722 Firefox/3.6.8"
92.206.89.252 - - [01/Sep/2010:16:49:27 +0200] "GET /content/themes/blackcandy/images/subheader.jpg HTTP/1.1" 200 52576 "http://www.awo-kv-bernau.de/content/themes/blackcandy/css/layout.css?m=1281258825" "Mozilla/5.0 (Windows; U; Windows NT 5.1; de; rv:1.9.2.8) Gecko/20100722 Firefox/3.6.8"
66.249.71.40 - - [01/Sep/2010:16:49:43 +0200] "GET /content/kalender/jax_calendar.php?Y=1577&m=5&d=26&view=d1 HTTP/1.1" 200 11802 "-" "Mozilla/5.0 (compatible; Googlebot/2.1; +http://www.google.com/bot.html)"
80.226.0.1 - - [01/Sep/2010:16:50:16 +0200] "GET /content/awo-treff/ HTTP/1.1" 200 8216 "http://www.awo-kv-bernau.de/content/stellenangebote/" "Mozilla/5.0 (Windows; U; Windows NT 6.1; de; rv:1.9.2.3) Gecko/20100401 Firefox/3.6.3"
80.226.0.1 - - [01/Sep/2010:16:50:18 +0200] "GET /content/themes/blackcandy/css/layout.css?m=1281258825 HTTP/1.1" 304 - "http://www.awo-kv-bernau.de/content/awo-treff/" "Mozilla/5.0 (Windows; U; Windows NT 6.1; de; rv:1.9.2.3) Gecko/20100401 Firefox/3.6.3"
80.226.0.1 - - [01/Sep/2010:16:50:18 +0200] "GET /content/themes/blackcandy/css/form.css?m=1277278133 HTTP/1.1" 304 - "http://www.awo-kv-bernau.de/content/awo-treff/" "Mozilla/5.0 (Windows; U; Windows NT 6.1; de; rv:1.9.2.3) Gecko/20100401 Firefox/3.6.3"
80.226.0.1 - - [01/Sep/2010:16:50:18 +0200] "GET /content/themes/blackcandy/css/typography.css?m=1281262824 HTTP/1.1" 304 - "http://www.awo-kv-bernau.de/content/awo-treff/" "Mozilla/5.0 (Windows; U; Windows NT 6.1; de; rv:1.9.2.3) Gecko/20100401 Firefox/3.6.3"
80.226.0.1 - - [01/Sep/2010:16:50:18 +0200] "GET /content/assets/Awo-Treff/_resampled/ResizedImage300225-start.jpg HTTP/1.1" 200 13680 "http://www.awo-kv-bernau.de/content/awo-treff/" "Mozilla/5.0 (Windows; U; Windows NT 6.1; de; rv:1.9.2.3) Gecko/20100401 Firefox/3.6.3"
80.226.0.1 - - [01/Sep/2010:16:50:43 +0200] "GET /content/awo-treff-angebote/ HTTP/1.1" 200 12642 "http://www.awo-kv-bernau.de/content/awo-treff/" "Mozilla/5.0 (Windows; U; Windows NT 6.1; de; rv:1.9.2.3) Gecko/20100401 Firefox/3.6.3"
80.226.0.1 - - [01/Sep/2010:16:50:45 +0200] "GET /content/themes/blackcandy/css/layout.css?m=1281258825 HTTP/1.1" 304 - "http://www.awo-kv-bernau.de/content/awo-treff-angebote/" "Mozilla/5.0 (Windows; U; Windows NT 6.1; de; rv:1.9.2.3) Gecko/20100401 Firefox/3.6.3"
80.226.0.1 - - [01/Sep/2010:16:50:45 +0200] "GET /content/themes/blackcandy/css/form.css?m=1277278133 HTTP/1.1" 304 - "http://www.awo-kv-bernau.de/content/awo-treff-angebote/" "Mozilla/5.0 (Windows; U; Windows NT 6.1; de; rv:1.9.2.3) Gecko/20100401 Firefox/3.6.3"
80.226.0.1 - - [01/Sep/2010:16:50:45 +0200] "GET /content/themes/blackcandy/css/typography.css?m=1281262824 HTTP/1.1" 304 - "http://www.awo-kv-bernau.de/content/awo-treff-angebote/" "Mozilla/5.0 (Windows; U; Windows NT 6.1; de; rv:1.9.2.3) Gecko/20100401 Firefox/3.6.3"
80.226.0.1 - - [01/Sep/2010:16:50:45 +0200] "GET /content/assets/Awo-Treff/_resampled/ResizedImage300225-Sport.jpg HTTP/1.1" 200 13858 "http://www.awo-kv-bernau.de/content/awo-treff-angebote/" "Mozilla/5.0 (Windows; U; Windows NT 6.1; de; rv:1.9.2.3) Gecko/20100401 Firefox/3.6.3"
80.226.0.1 - - [01/Sep/2010:16:50:45 +0200] "GET /content/assets/Awo-Treff/mittag.jpg HTTP/1.1" 200 13071 "http://www.awo-kv-bernau.de/content/awo-treff-angebote/" "Mozilla/5.0 (Windows; U; Windows NT 6.1; de; rv:1.9.2.3) Gecko/20100401 Firefox/3.6.3"
80.226.0.1 - - [01/Sep/2010:16:50:45 +0200] "GET /content/assets/Awo-Treff/_resampled/ResizedImage300225-Spiele.jpg HTTP/1.1" 200 13350 "http://www.awo-kv-bernau.de/content/awo-treff-angebote/" "Mozilla/5.0 (Windows; U; Windows NT 6.1; de; rv:1.9.2.3) Gecko/20100401 Firefox/3.6.3"
80.226.0.1 - - [01/Sep/2010:16:50:46 +0200] "GET /content/assets/Awo-Treff/_resampled/ResizedImage300225-Tanz.jpg HTTP/1.1" 200 14066 "http://www.awo-kv-bernau.de/content/awo-treff-angebote/" "Mozilla/5.0 (Windows; U; Windows NT 6.1; de; rv:1.9.2.3) Gecko/20100401 Firefox/3.6.3"
80.226.0.1 - - [01/Sep/2010:16:50:46 +0200] "GET /content/assets/Awo-Treff/_resampled/ResizedImage300225-Bildung.jpg HTTP/1.1" 200 13637 "http://www.awo-kv-bernau.de/content/awo-treff-angebote/" "Mozilla/5.0 (Windows; U; Windows NT 6.1; de; rv:1.9.2.3) Gecko/20100401 Firefox/3.6.3"
80.226.0.1 - - [01/Sep/2010:16:50:46 +0200] "GET /content/assets/Awo-Treff/_resampled/ResizedImage300225-Kunst.jpg HTTP/1.1" 200 16139 "http://www.awo-kv-bernau.de/content/awo-treff-angebote/" "Mozilla/5.0 (Windows; U; Windows NT 6.1; de; rv:1.9.2.3) Gecko/20100401 Firefox/3.6.3"
80.226.0.1 - - [01/Sep/2010:16:50:46 +0200] "GET /content/assets/Awo-Treff/Kreatives.jpg HTTP/1.1" 200 32197 "http://www.awo-kv-bernau.de/content/awo-treff-angebote/" "Mozilla/5.0 (Windows; U; Windows NT 6.1; de; rv:1.9.2.3) Gecko/20100401 Firefox/3.6.3"
66.249.71.40 - - [01/Sep/2010:16:52:05 +0200] "GET /content/kalender/jax_calendar.php?Y=-10092&m=11&d=33&view=d1 HTTP/1.1" 200 12062 "-" "Mozilla/5.0 (compatible; Googlebot/2.1; +http://www.google.com/bot.html)"
65.55.3.212 - - [01/Sep/2010:16:53:02 +0200] "GET /robots.txt HTTP/1.1" 404 1256 "-" "msnbot/2.0b (+http://search.msn.com/msnbot.htm)._"
65.55.3.212 - - [01/Sep/2010:16:53:02 +0200] "GET /content/aktuelles/ HTTP/1.1" 200 9028 "-" "msnbot/2.0b (+http://search.msn.com/msnbot.htm)._"
66.249.71.40 - - [01/Sep/2010:16:54:48 +0200] "GET /content/kalender/jax_calendar.php?Y=1593&m=3&d=23&view=d1 HTTP/1.1" 200 11803 "-" "Mozilla/5.0 (compatible; Googlebot/2.1; +http://www.google.com/bot.html)"
66.249.71.40 - - [01/Sep/2010:16:57:33 +0200] "GET /content/kalender/jax_calendar.php?Y=4470&m=5&d=29&view=d1 HTTP/1.1" 200 11802 "-" "Mozilla/5.0 (compatible; Googlebot/2.1; +http://www.google.com/bot.html)"
66.249.71.40 - - [01/Sep/2010:17:00:18 +0200] "GET /content/kalender/jax_calendar.php?Y=-10112&m=7&d=1&cal_id=0&language=english&gmt_ofs=0&view=d1 HTTP/1.1" 200 11799 "-" "Mozilla/5.0 (compatible; Googlebot/2.1; +http://www.google.com/bot.html)"
66.249.71.40 - - [01/Sep/2010:17:03:46 +0200] "GET /content/kalender/jax_calendar.php?Y=-10115&m=7&d=1&cal_id=0&language=english&gmt_ofs=0&view=d1 HTTP/1.1" 200 11799 "-" "Mozilla/5.0 (compatible; Googlebot/2.1; +http://www.google.com/bot.html)"
66.249.71.40 - - [01/Sep/2010:17:05:55 +0200] "GET /content/kalender/jax_calendar.php?Y=-10099&m=12&d=5&cal_id=0&language=german&gmt_ofs=-1&view=d1 HTTP/1.1" 200 11925 "-" "Mozilla/5.0 (compatible; Googlebot/2.1; +http://www.google.com/bot.html)"
80.226.0.1 - - [01/Sep/2010:17:06:10 +0200] "GET /content/awotreff-kontakt/ HTTP/1.1" 200 7756 "http://www.awo-kv-bernau.de/content/awo-treff/" "Mozilla/5.0 (Windows; U; Windows NT 6.1; de; rv:1.9.2.3) Gecko/20100401 Firefox/3.6.3"
80.226.0.1 - - [01/Sep/2010:17:06:11 +0200] "GET /content/themes/blackcandy/css/layout.css?m=1281258825 HTTP/1.1" 304 - "http://www.awo-kv-bernau.de/content/awotreff-kontakt/" "Mozilla/5.0 (Windows; U; Windows NT 6.1; de; rv:1.9.2.3) Gecko/20100401 Firefox/3.6.3"
80.226.0.1 - - [01/Sep/2010:17:06:12 +0200] "GET /content/themes/blackcandy/css/typography.css?m=1281262824 HTTP/1.1" 304 - "http://www.awo-kv-bernau.de/content/awotreff-kontakt/" "Mozilla/5.0 (Windows; U; Windows NT 6.1; de; rv:1.9.2.3) Gecko/20100401 Firefox/3.6.3"
80.226.0.1 - - [01/Sep/2010:17:06:12 +0200] "GET /content/themes/blackcandy/css/form.css?m=1277278133 HTTP/1.1" 304 - "http://www.awo-kv-bernau.de/content/awotreff-kontakt/" "Mozilla/5.0 (Windows; U; Windows NT 6.1; de; rv:1.9.2.3) Gecko/20100401 Firefox/3.6.3"
80.226.0.1 - - [01/Sep/2010:17:06:40 +0200] "GET /content/beratungsstellen/ HTTP/1.1" 200 7938 "http://www.awo-kv-bernau.de/content/awotreff-kontakt/" "Mozilla/5.0 (Windows; U; Windows NT 6.1; de; rv:1.9.2.3) Gecko/20100401 Firefox/3.6.3"
80.226.0.1 - - [01/Sep/2010:17:06:41 +0200] "GET /content/themes/blackcandy/css/layout.css?m=1281258825 HTTP/1.1" 304 - "http://www.awo-kv-bernau.de/content/beratungsstellen/" "Mozilla/5.0 (Windows; U; Windows NT 6.1; de; rv:1.9.2.3) Gecko/20100401 Firefox/3.6.3"
80.226.0.1 - - [01/Sep/2010:17:06:42 +0200] "GET /content/themes/blackcandy/css/typography.css?m=1281262824 HTTP/1.1" 304 - "http://www.awo-kv-bernau.de/content/beratungsstellen/" "Mozilla/5.0 (Windows; U; Windows NT 6.1; de; rv:1.9.2.3) Gecko/20100401 Firefox/3.6.3"
80.226.0.1 - - [01/Sep/2010:17:06:42 +0200] "GET /content/themes/blackcandy/css/form.css?m=1277278133 HTTP/1.1" 304 - "http://www.awo-kv-bernau.de/content/beratungsstellen/" "Mozilla/5.0 (Windows; U; Windows NT 6.1; de; rv:1.9.2.3) Gecko/20100401 Firefox/3.6.3"
80.226.0.1 - - [01/Sep/2010:17:07:17 +0200] "GET /content/kontakt-und-beratungsstelle/ HTTP/1.1" 200 17493 "http://www.awo-kv-bernau.de/content/beratungsstellen/" "Mozilla/5.0 (Windows; U; Windows NT 6.1; de; rv:1.9.2.3) Gecko/20100401 Firefox/3.6.3"
80.226.0.1 - - [01/Sep/2010:17:07:19 +0200] "GET /content/themes/blackcandy/css/layout.css?m=1281258825 HTTP/1.1" 304 - "http://www.awo-kv-bernau.de/content/kontakt-und-beratungsstelle/" "Mozilla/5.0 (Windows; U; Windows NT 6.1; de; rv:1.9.2.3) Gecko/20100401 Firefox/3.6.3"
80.226.0.1 - - [01/Sep/2010:17:07:19 +0200] "GET /content/themes/blackcandy/css/typography.css?m=1281262824 HTTP/1.1" 304 - "http://www.awo-kv-bernau.de/content/kontakt-und-beratungsstelle/" "Mozilla/5.0 (Windows; U; Windows NT 6.1; de; rv:1.9.2.3) Gecko/20100401 Firefox/3.6.3"
80.226.0.1 - - [01/Sep/2010:17:07:19 +0200] "GET /content/assets/Kontakt-und-Beratungsstelle/_resampled/ResizedImage130122-logofit211009.jpg HTTP/1.1" 200 3967 "http://www.awo-kv-bernau.de/content/kontakt-und-beratungsstelle/" "Mozilla/5.0 (Windows; U; Windows NT 6.1; de; rv:1.9.2.3) Gecko/20100401 Firefox/3.6.3"
80.226.0.1 - - [01/Sep/2010:17:07:20 +0200] "GET /content/assets/Kontakt-und-Beratungsstelle/_resampled/ResizedImage225192-kub1.jpg HTTP/1.1" 200 9853 "http://www.awo-kv-bernau.de/content/kontakt-und-beratungsstelle/" "Mozilla/5.0 (Windows; U; Windows NT 6.1; de; rv:1.9.2.3) Gecko/20100401 Firefox/3.6.3"
80.226.0.1 - - [01/Sep/2010:17:07:19 +0200] "GET /content/assets/Kontakt-und-Beratungsstelle/logo.jpg HTTP/1.1" 200 25102 "http://www.awo-kv-bernau.de/content/kontakt-und-beratungsstelle/" "Mozilla/5.0 (Windows; U; Windows NT 6.1; de; rv:1.9.2.3) Gecko/20100401 Firefox/3.6.3"
80.226.0.1 - - [01/Sep/2010:17:07:21 +0200] "GET /content/assets/Kontakt-und-Beratungsstelle/_resampled/ResizedImage256192-kub2.jpg HTTP/1.1" 200 14511 "http://www.awo-kv-bernau.de/content/kontakt-und-beratungsstelle/" "Mozilla/5.0 (Windows; U; Windows NT 6.1; de; rv:1.9.2.3) Gecko/20100401 Firefox/3.6.3"
80.226.0.1 - - [01/Sep/2010:17:07:21 +0200] "GET /content/assets/Kontakt-und-Beratungsstelle/_resampled/ResizedImage256192-kub3.jpg HTTP/1.1" 200 13180 "http://www.awo-kv-bernau.de/content/kontakt-und-beratungsstelle/" "Mozilla/5.0 (Windows; U; Windows NT 6.1; de; rv:1.9.2.3) Gecko/20100401 Firefox/3.6.3"
80.226.0.1 - - [01/Sep/2010:17:07:19 +0200] "GET /content/assets/Kontakt-und-Beratungsstelle/kbs261109.jpg HTTP/1.1" 200 97095 "http://www.awo-kv-bernau.de/content/kontakt-und-beratungsstelle/" "Mozilla/5.0 (Windows; U; Windows NT 6.1; de; rv:1.9.2.3) Gecko/20100401 Firefox/3.6.3"
80.226.0.1 - - [01/Sep/2010:17:07:21 +0200] "GET /content/assets/Kontakt-und-Beratungsstelle/_resampled/ResizedImage225192-kub4.jpg HTTP/1.1" 200 10686 "http://www.awo-kv-bernau.de/content/kontakt-und-beratungsstelle/" "Mozilla/5.0 (Windows; U; Windows NT 6.1; de; rv:1.9.2.3) Gecko/20100401 Firefox/3.6.3"
80.226.0.1 - - [01/Sep/2010:17:07:21 +0200] "GET /content/assets/Kontakt-und-Beratungsstelle/_resampled/ResizedImage256192-kub5.jpg HTTP/1.1" 200 12971 "http://www.awo-kv-bernau.de/content/kontakt-und-beratungsstelle/" "Mozilla/5.0 (Windows; U; Windows NT 6.1; de; rv:1.9.2.3) Gecko/20100401 Firefox/3.6.3"
80.226.0.1 - - [01/Sep/2010:17:07:22 +0200] "GET /content/themes/blackcandy/css/form.css?m=1277278133 HTTP/1.1" 304 - "http://www.awo-kv-bernau.de/content/kontakt-und-beratungsstelle/" "Mozilla/5.0 (Windows; U; Windows NT 6.1; de; rv:1.9.2.3) Gecko/20100401 Firefox/3.6.3"
80.226.0.1 - - [01/Sep/2010:17:07:22 +0200] "GET /content/assets/Kontakt-und-Beratungsstelle/_resampled/ResizedImage256192-kub6.jpg HTTP/1.1" 200 10794 "http://www.awo-kv-bernau.de/content/kontakt-und-beratungsstelle/" "Mozilla/5.0 (Windows; U; Windows NT 6.1; de; rv:1.9.2.3) Gecko/20100401 Firefox/3.6.3"
80.226.0.1 - - [01/Sep/2010:17:07:22 +0200] "GET /content/assets/Kontakt-und-Beratungsstelle/kubg1.jpg HTTP/1.1" 200 46386 "http://www.awo-kv-bernau.de/content/kontakt-und-beratungsstelle/" "Mozilla/5.0 (Windows; U; Windows NT 6.1; de; rv:1.9.2.3) Gecko/20100401 Firefox/3.6.3"
80.226.0.1 - - [01/Sep/2010:17:07:23 +0200] "GET /content/assets/Kontakt-und-Beratungsstelle/kubg4.jpg HTTP/1.1" 200 46986 "http://www.awo-kv-bernau.de/content/kontakt-und-beratungsstelle/" "Mozilla/5.0 (Windows; U; Windows NT 6.1; de; rv:1.9.2.3) Gecko/20100401 Firefox/3.6.3"
80.226.0.1 - - [01/Sep/2010:17:07:19 +0200] "GET /content/assets/Kontakt-und-Beratungsstelle/_resampled/ResizedImage377600-job.jpg HTTP/1.1" 200 80490 "http://www.awo-kv-bernau.de/content/kontakt-und-beratungsstelle/" "Mozilla/5.0 (Windows; U; Windows NT 6.1; de; rv:1.9.2.3) Gecko/20100401 Firefox/3.6.3"
80.226.0.1 - - [01/Sep/2010:17:07:22 +0200] "GET /content/assets/Kontakt-und-Beratungsstelle/kubg3.jpg HTTP/1.1" 200 51291 "http://www.awo-kv-bernau.de/content/kontakt-und-beratungsstelle/" "Mozilla/5.0 (Windows; U; Windows NT 6.1; de; rv:1.9.2.3) Gecko/20100401 Firefox/3.6.3"
80.226.0.1 - - [01/Sep/2010:17:07:22 +0200] "GET /content/assets/Kontakt-und-Beratungsstelle/kubg2.jpg HTTP/1.1" 200 53124 "http://www.awo-kv-bernau.de/content/kontakt-und-beratungsstelle/" "Mozilla/5.0 (Windows; U; Windows NT 6.1; de; rv:1.9.2.3) Gecko/20100401 Firefox/3.6.3"
66.249.71.40 - - [01/Sep/2010:17:08:51 +0200] "GET /content/kalender/jax_calendar.php?Y=1587&m=10&d=34&view=d1 HTTP/1.1" 200 11868 "-" "Mozilla/5.0 (compatible; Googlebot/2.1; +http://www.google.com/bot.html)"
80.246.115.77 - - [01/Sep/2010:17:10:39 +0200] "GET /content/awotreff-ueber-uns/ HTTP/1.1" 200 8988 "-" "Mozilla/5.0 (Windows; U; Windows NT 5.1; en-US; rv:1.9.1) Gecko/20090624 Firefox/3.5"
66.249.71.40 - - [01/Sep/2010:17:11:47 +0200] "GET /content/kalender/jax_calendar.php?Y=-10103&m=4&d=5&cal_id=0&language=german&gmt_ofs=-1&view=d1 HTTP/1.1" 200 11860 "-" "Mozilla/5.0 (compatible; Googlebot/2.1; +http://www.google.com/bot.html)"
66.249.71.40 - - [01/Sep/2010:17:14:44 +0200] "GET /content/kalender/jax_calendar.php?Y=1578&m=3&d=29&cal_id=0&language=german&gmt_ofs=-1&view=d1 HTTP/1.1" 200 11703 "-" "Mozilla/5.0 (compatible; Googlebot/2.1; +http://www.google.com/bot.html)"
66.249.71.40 - - [01/Sep/2010:17:17:40 +0200] "GET /content/kalender/jax_calendar.php?Y=4254&m=2&d=9&view=d1 HTTP/1.1" 200 11770 "-" "Mozilla/5.0 (compatible; Googlebot/2.1; +http://www.google.com/bot.html)"
66.249.71.40 - - [01/Sep/2010:17:20:36 +0200] "GET /content/kalender/jax_calendar.php?Y=-10098&m=10&d=5&cal_id=0&language=german&gmt_ofs=-1&view=d1 HTTP/1.1" 200 11924 "-" "Mozilla/5.0 (compatible; Googlebot/2.1; +http://www.google.com/bot.html)"
217.235.213.71 - - [01/Sep/2010:17:22:36 +0200] "GET /content/rappelkiste/ HTTP/1.1" 200 18477 "http://www.google.de/search?q=Kita-Morgenkreis&hl=de&prmd=idf&ei=oG9-TJmyOYPAswbxpY2WCQ&start=40&sa=N" "Mozilla/4.0 (compatible; MSIE 7.0; Windows NT 6.0; SLCC1; .NET CLR 2.0.50727; .NET CLR 3.5.30729; .NET CLR 3.0.30618; .NET4.0C)"
217.235.213.71 - - [01/Sep/2010:17:22:37 +0200] "GET /content/themes/blackcandy/css/ie7.css HTTP/1.1" 200 610 "http://www.awo-kv-bernau.de/content/rappelkiste/" "Mozilla/4.0 (compatible; MSIE 7.0; Windows NT 6.0; SLCC1; .NET CLR 2.0.50727; .NET CLR 3.5.30729; .NET CLR 3.0.30618; .NET4.0C)"
217.235.213.71 - - [01/Sep/2010:17:22:37 +0200] "GET /content/themes/blackcandy/css/layout.css?m=1281258825 HTTP/1.1" 200 9945 "http://www.awo-kv-bernau.de/content/rappelkiste/" "Mozilla/4.0 (compatible; MSIE 7.0; Windows NT 6.0; SLCC1; .NET CLR 2.0.50727; .NET CLR 3.5.30729; .NET CLR 3.0.30618; .NET4.0C)"
217.235.213.71 - - [01/Sep/2010:17:22:37 +0200] "GET /content/themes/blackcandy/css/typography.css?m=1281262824 HTTP/1.1" 200 5090 "http://www.awo-kv-bernau.de/content/rappelkiste/" "Mozilla/4.0 (compatible; MSIE 7.0; Windows NT 6.0; SLCC1; .NET CLR 2.0.50727; .NET CLR 3.5.30729; .NET CLR 3.0.30618; .NET4.0C)"
217.235.213.71 - - [01/Sep/2010:17:22:37 +0200] "GET /content/themes/blackcandy/css/form.css?m=1277278133 HTTP/1.1" 200 1856 "http://www.awo-kv-bernau.de/content/rappelkiste/" "Mozilla/4.0 (compatible; MSIE 7.0; Windows NT 6.0; SLCC1; .NET CLR 2.0.50727; .NET CLR 3.5.30729; .NET CLR 3.0.30618; .NET4.0C)"
217.235.213.71 - - [01/Sep/2010:17:22:37 +0200] "GET /content/assets/Kitas/Rappelkiste/logo.jpg HTTP/1.1" 200 63885 "http://www.awo-kv-bernau.de/content/rappelkiste/" "Mozilla/4.0 (compatible; MSIE 7.0; Windows NT 6.0; SLCC1; .NET CLR 2.0.50727; .NET CLR 3.5.30729; .NET CLR 3.0.30618; .NET4.0C)"
217.235.213.71 - - [01/Sep/2010:17:22:37 +0200] "GET /content/assets/Kitas/Rappelkiste/rappelkiste110610.jpg HTTP/1.1" 200 52468 "http://www.awo-kv-bernau.de/content/rappelkiste/" "Mozilla/4.0 (compatible; MSIE 7.0; Windows NT 6.0; SLCC1; .NET CLR 2.0.50727; .NET CLR 3.5.30729; .NET CLR 3.0.30618; .NET4.0C)"
217.235.213.71 - - [01/Sep/2010:17:22:38 +0200] "GET /content/assets/Kitas/Rappelkiste/rappelkiste250410.jpg HTTP/1.1" 200 61552 "http://www.awo-kv-bernau.de/content/rappelkiste/" "Mozilla/4.0 (compatible; MSIE 7.0; Windows NT 6.0; SLCC1; .NET CLR 2.0.50727; .NET CLR 3.5.30729; .NET CLR 3.0.30618; .NET4.0C)"
217.235.213.71 - - [01/Sep/2010:17:22:39 +0200] "GET /content/assets/Kitas/Rappelkiste/rap2.jpg HTTP/1.1" 200 90147 "http://www.awo-kv-bernau.de/content/rappelkiste/" "Mozilla/4.0 (compatible; MSIE 7.0; Windows NT 6.0; SLCC1; .NET CLR 2.0.50727; .NET CLR 3.5.30729; .NET CLR 3.0.30618; .NET4.0C)"
217.235.213.71 - - [01/Sep/2010:17:22:38 +0200] "GET /content/assets/Kitas/Rappelkiste/rappelkiste0.jpg HTTP/1.1" 200 61201 "http://www.awo-kv-bernau.de/content/rappelkiste/" "Mozilla/4.0 (compatible; MSIE 7.0; Windows NT 6.0; SLCC1; .NET CLR 2.0.50727; .NET CLR 3.5.30729; .NET CLR 3.0.30618; .NET4.0C)"
217.235.213.71 - - [01/Sep/2010:17:22:40 +0200] "GET /content/assets/Kitas/Rappelkiste/rappelkiste2.jpg HTTP/1.1" 200 65847 "http://www.awo-kv-bernau.de/content/rappelkiste/" "Mozilla/4.0 (compatible; MSIE 7.0; Windows NT 6.0; SLCC1; .NET CLR 2.0.50727; .NET CLR 3.5.30729; .NET CLR 3.0.30618; .NET4.0C)"
217.235.213.71 - - [01/Sep/2010:17:22:40 +0200] "GET /content/assets/Kitas/Rappelkiste/rappelkiste3.jpg HTTP/1.1" 200 71987 "http://www.awo-kv-bernau.de/content/rappelkiste/" "Mozilla/4.0 (compatible; MSIE 7.0; Windows NT 6.0; SLCC1; .NET CLR 2.0.50727; .NET CLR 3.5.30729; .NET CLR 3.0.30618; .NET4.0C)"
217.235.213.71 - - [01/Sep/2010:17:22:41 +0200] "GET /content/assets/Kitas/Rappelkiste/rappelkiste4.jpg HTTP/1.1" 200 53974 "http://www.awo-kv-bernau.de/content/rappelkiste/" "Mozilla/4.0 (compatible; MSIE 7.0; Windows NT 6.0; SLCC1; .NET CLR 2.0.50727; .NET CLR 3.5.30729; .NET CLR 3.0.30618; .NET4.0C)"
217.235.213.71 - - [01/Sep/2010:17:22:41 +0200] "GET /content/assets/Kitas/Rappelkiste/rappelkiste5.jpg HTTP/1.1" 200 59895 "http://www.awo-kv-bernau.de/content/rappelkiste/" "Mozilla/4.0 (compatible; MSIE 7.0; Windows NT 6.0; SLCC1; .NET CLR 2.0.50727; .NET CLR 3.5.30729; .NET CLR 3.0.30618; .NET4.0C)"
217.235.213.71 - - [01/Sep/2010:17:22:42 +0200] "GET /content/assets/Kitas/Rappelkiste/rappelkiste6.jpg HTTP/1.1" 200 47021 "http://www.awo-kv-bernau.de/content/rappelkiste/" "Mozilla/4.0 (compatible; MSIE 7.0; Windows NT 6.0; SLCC1; .NET CLR 2.0.50727; .NET CLR 3.5.30729; .NET CLR 3.0.30618; .NET4.0C)"
217.235.213.71 - - [01/Sep/2010:17:22:42 +0200] "GET /content/themes/blackcandy/images/headerRounded.png HTTP/1.1" 200 763 "http://www.awo-kv-bernau.de/content/rappelkiste/" "Mozilla/4.0 (compatible; MSIE 7.0; Windows NT 6.0; SLCC1; .NET CLR 2.0.50727; .NET CLR 3.5.30729; .NET CLR 3.0.30618; .NET4.0C)"
217.235.213.71 - - [01/Sep/2010:17:22:42 +0200] "GET /content/themes/blackcandy/images/header.jpg HTTP/1.1" 200 45038 "http://www.awo-kv-bernau.de/content/rappelkiste/" "Mozilla/4.0 (compatible; MSIE 7.0; Windows NT 6.0; SLCC1; .NET CLR 2.0.50727; .NET CLR 3.5.30729; .NET CLR 3.0.30618; .NET4.0C)"
217.235.213.71 - - [01/Sep/2010:17:22:42 +0200] "GET /content/themes/blackcandy/images/activeTabLeft.png HTTP/1.1" 200 433 "http://www.awo-kv-bernau.de/content/rappelkiste/" "Mozilla/4.0 (compatible; MSIE 7.0; Windows NT 6.0; SLCC1; .NET CLR 2.0.50727; .NET CLR 3.5.30729; .NET CLR 3.0.30618; .NET4.0C)"
217.235.213.71 - - [01/Sep/2010:17:22:43 +0200] "GET /content/themes/blackcandy/images/activeTabRight.png HTTP/1.1" 200 433 "http://www.awo-kv-bernau.de/content/rappelkiste/" "Mozilla/4.0 (compatible; MSIE 7.0; Windows NT 6.0; SLCC1; .NET CLR 2.0.50727; .NET CLR 3.5.30729; .NET CLR 3.0.30618; .NET4.0C)"
217.235.213.71 - - [01/Sep/2010:17:22:43 +0200] "GET /content/themes/blackcandy/images/subheader.jpg HTTP/1.1" 200 52576 "http://www.awo-kv-bernau.de/content/rappelkiste/" "Mozilla/4.0 (compatible; MSIE 7.0; Windows NT 6.0; SLCC1; .NET CLR 2.0.50727; .NET CLR 3.5.30729; .NET CLR 3.0.30618; .NET4.0C)"
217.235.213.71 - - [01/Sep/2010:17:22:43 +0200] "GET /content/themes/blackcandy/images/herz.png HTTP/1.1" 200 344 "http://www.awo-kv-bernau.de/content/rappelkiste/" "Mozilla/4.0 (compatible; MSIE 7.0; Windows NT 6.0; SLCC1; .NET CLR 2.0.50727; .NET CLR 3.5.30729; .NET CLR 3.0.30618; .NET4.0C)"
217.235.213.71 - - [01/Sep/2010:17:22:43 +0200] "GET /content/themes/blackcandy/images/icons/page_white_acrobat.png HTTP/1.1" 200 591 "http://www.awo-kv-bernau.de/content/rappelkiste/" "Mozilla/4.0 (compatible; MSIE 7.0; Windows NT 6.0; SLCC1; .NET CLR 2.0.50727; .NET CLR 3.5.30729; .NET CLR 3.0.30618; .NET4.0C)"
217.235.213.71 - - [01/Sep/2010:17:22:43 +0200] "GET /content/themes/blackcandy/images/footer.png HTTP/1.1" 200 884 "http://www.awo-kv-bernau.de/content/rappelkiste/" "Mozilla/4.0 (compatible; MSIE 7.0; Windows NT 6.0; SLCC1; .NET CLR 2.0.50727; .NET CLR 3.5.30729; .NET CLR 3.0.30618; .NET4.0C)"
217.235.213.71 - - [01/Sep/2010:17:22:44 +0200] "GET /favicon.ico HTTP/1.1" 404 1256 "-" "Mozilla/4.0 (compatible; MSIE 7.0; Windows NT 6.0; SLCC1; .NET CLR 2.0.50727; .NET CLR 3.5.30729; .NET CLR 3.0.30618; .NET4.0C)"
66.249.71.40 - - [01/Sep/2010:17:23:32 +0200] "GET /content/kalender/jax_calendar.php?Y=-10108&m=4&d=5&cal_id=0&language=german&gmt_ofs=-1&view=d1 HTTP/1.1" 200 11860 "-" "Mozilla/5.0 (compatible; Googlebot/2.1; +http://www.google.com/bot.html)"
66.249.71.40 - - [01/Sep/2010:17:26:29 +0200] "GET /content/kalender/jax_calendar.php?Y=-10111&m=7&d=1&cal_id=0&language=english&gmt_ofs=0&view=d1 HTTP/1.1" 200 11799 "-" "Mozilla/5.0 (compatible; Googlebot/2.1; +http://www.google.com/bot.html)"
66.249.71.40 - - [01/Sep/2010:17:29:25 +0200] "GET /content/kalender/jax_calendar.php?Y=-10093&m=8&d=3&cal_id=0&language=german&gmt_ofs=-1&view=d1 HTTP/1.1" 200 11861 "-" "Mozilla/5.0 (compatible; Googlebot/2.1; +http://www.google.com/bot.html)"
66.249.71.40 - - [01/Sep/2010:17:30:36 +0200] "GET /content/kalender/jax_calendar.php?Y=2010&m=5&d=1&do=show_event&key=274e1e81d4893507d709ad45de9561e8&cal_id=0&language=german&gmt_ofs=-1&view=d1&evt_date=%3Cb%3E12.05.2010%3C%2Fb%3E+18%3A00&evt_title=Lachwerkstatt HTTP/1.1" 200 11366 "-" "Mozilla/5.0 (compatible; Googlebot/2.1; +http://www.google.com/bot.html)"
207.46.204.235 - - [01/Sep/2010:17:30:37 +0200] "GET / HTTP/1.1" 302 - "-" "msnbot/2.0b (+http://search.msn.com/msnbot.htm)"
66.249.71.40 - - [01/Sep/2010:17:32:39 +0200] "GET /content/kalender/jax_calendar.php?Y=-10099&m=8&d=5&cal_id=0&language=german&gmt_ofs=-1&view=d1 HTTP/1.1" 200 11861 "-" "Mozilla/5.0 (compatible; Googlebot/2.1; +http://www.google.com/bot.html)"
66.249.71.40 - - [01/Sep/2010:17:35:27 +0200] "GET /content/kalender/jax_calendar.php?Y=-10099&m=6&d=5&cal_id=0&language=german&gmt_ofs=-1&view=d1 HTTP/1.1" 200 11859 "-" "Mozilla/5.0 (compatible; Googlebot/2.1; +http://www.google.com/bot.html)"
66.249.71.40 - - [01/Sep/2010:17:38:46 +0200] "GET /content/kalender/jax_calendar.php?Y=-10091&m=8&d=31&view=d1 HTTP/1.1" 200 11997 "-" "Mozilla/5.0 (compatible; Googlebot/2.1; +http://www.google.com/bot.html)"
66.249.71.40 - - [01/Sep/2010:17:40:40 +0200] "GET /content/kalender/jax_calendar.php?Y=1587&m=7&d=25&view=d1 HTTP/1.1" 200 11803 "-" "Mozilla/5.0 (compatible; Googlebot/2.1; +http://www.google.com/bot.html)"
207.46.204.235 - - [01/Sep/2010:17:40:58 +0200] "GET /content/aktuelles/ HTTP/1.1" 200 9028 "-" "msnbot/2.0b (+http://search.msn.com/msnbot.htm)"
66.249.71.40 - - [01/Sep/2010:17:43:22 +0200] "GET /content/kalender/jax_calendar.php?Y=-9896&m=5&d=39&cal_id=0&language=german&gmt_ofs=-1&view=d1 HTTP/1.1" 200 11798 "-" "Mozilla/5.0 (compatible; Googlebot/2.1; +http://www.google.com/bot.html)"
62.117.17.118 - - [01/Sep/2010:17:45:52 +0200] "GET /content/ueberregionale-fruehfoerder-und-beratungsstelle-hoeren/ HTTP/1.1" 200 11990 "http://www.bing.com/images/search?q=h%C3%B6ren+sprechen&go=&form=QBIR" "Mozilla/5.0 (Windows; U; Windows NT 6.1; de; rv:1.9.2) Gecko/20100115 YFF35 Firefox/3.6 GTB7.1"
62.117.17.118 - - [01/Sep/2010:17:45:53 +0200] "GET /content/themes/blackcandy/css/layout.css?m=1281258825 HTTP/1.1" 200 9945 "http://www.awo-kv-bernau.de/content/ueberregionale-fruehfoerder-und-beratungsstelle-hoeren/" "Mozilla/5.0 (Windows; U; Windows NT 6.1; de; rv:1.9.2) Gecko/20100115 YFF35 Firefox/3.6 GTB7.1"
62.117.17.118 - - [01/Sep/2010:17:45:53 +0200] "GET /content/themes/blackcandy/css/typography.css?m=1281262824 HTTP/1.1" 200 5090 "http://www.awo-kv-bernau.de/content/ueberregionale-fruehfoerder-und-beratungsstelle-hoeren/" "Mozilla/5.0 (Windows; U; Windows NT 6.1; de; rv:1.9.2) Gecko/20100115 YFF35 Firefox/3.6 GTB7.1"
62.117.17.118 - - [01/Sep/2010:17:45:53 +0200] "GET /content/themes/blackcandy/css/form.css?m=1277278133 HTTP/1.1" 200 1856 "http://www.awo-kv-bernau.de/content/ueberregionale-fruehfoerder-und-beratungsstelle-hoeren/" "Mozilla/5.0 (Windows; U; Windows NT 6.1; de; rv:1.9.2) Gecko/20100115 YFF35 Firefox/3.6 GTB7.1"
62.117.17.118 - - [01/Sep/2010:17:45:53 +0200] "GET /content/assets/Beratung/Frueh2/hoeren.jpg HTTP/1.1" 200 28422 "http://www.awo-kv-bernau.de/content/ueberregionale-fruehfoerder-und-beratungsstelle-hoeren/" "Mozilla/5.0 (Windows; U; Windows NT 6.1; de; rv:1.9.2) Gecko/20100115 YFF35 Firefox/3.6 GTB7.1"
62.117.17.118 - - [01/Sep/2010:17:45:53 +0200] "GET /content/assets/Beratung/Frueh2/mertinkat.jpg HTTP/1.1" 200 13375 "http://www.awo-kv-bernau.de/content/ueberregionale-fruehfoerder-und-beratungsstelle-hoeren/" "Mozilla/5.0 (Windows; U; Windows NT 6.1; de; rv:1.9.2) Gecko/20100115 YFF35 Firefox/3.6 GTB7.1"
62.117.17.118 - - [01/Sep/2010:17:45:53 +0200] "GET /content/assets/Beratung/Frueh2/bubnow.jpg HTTP/1.1" 200 14385 "http://www.awo-kv-bernau.de/content/ueberregionale-fruehfoerder-und-beratungsstelle-hoeren/" "Mozilla/5.0 (Windows; U; Windows NT 6.1; de; rv:1.9.2) Gecko/20100115 YFF35 Firefox/3.6 GTB7.1"
62.117.17.118 - - [01/Sep/2010:17:45:53 +0200] "GET /content/themes/blackcandy/images/headerRounded.png HTTP/1.1" 200 763 "http://www.awo-kv-bernau.de/content/themes/blackcandy/css/layout.css?m=1281258825" "Mozilla/5.0 (Windows; U; Windows NT 6.1; de; rv:1.9.2) Gecko/20100115 YFF35 Firefox/3.6 GTB7.1"
62.117.17.118 - - [01/Sep/2010:17:45:53 +0200] "GET /content/themes/blackcandy/images/activeTabLeft.png HTTP/1.1" 200 433 "http://www.awo-kv-bernau.de/content/themes/blackcandy/css/layout.css?m=1281258825" "Mozilla/5.0 (Windows; U; Windows NT 6.1; de; rv:1.9.2) Gecko/20100115 YFF35 Firefox/3.6 GTB7.1"
62.117.17.118 - - [01/Sep/2010:17:45:53 +0200] "GET /content/themes/blackcandy/images/activeTabRight.png HTTP/1.1" 200 433 "http://www.awo-kv-bernau.de/content/themes/blackcandy/css/layout.css?m=1281258825" "Mozilla/5.0 (Windows; U; Windows NT 6.1; de; rv:1.9.2) Gecko/20100115 YFF35 Firefox/3.6 GTB7.1"
62.117.17.118 - - [01/Sep/2010:17:45:53 +0200] "GET /content/themes/blackcandy/images/header.jpg HTTP/1.1" 200 45038 "http://www.awo-kv-bernau.de/content/themes/blackcandy/css/layout.css?m=1281258825" "Mozilla/5.0 (Windows; U; Windows NT 6.1; de; rv:1.9.2) Gecko/20100115 YFF35 Firefox/3.6 GTB7.1"
62.117.17.118 - - [01/Sep/2010:17:45:53 +0200] "GET /content/themes/blackcandy/images/herz.png HTTP/1.1" 200 344 "http://www.awo-kv-bernau.de/content/themes/blackcandy/css/layout.css?m=1281258825" "Mozilla/5.0 (Windows; U; Windows NT 6.1; de; rv:1.9.2) Gecko/20100115 YFF35 Firefox/3.6 GTB7.1"
62.117.17.118 - - [01/Sep/2010:17:45:53 +0200] "GET /content/themes/blackcandy/images/footer.png HTTP/1.1" 200 884 "http://www.awo-kv-bernau.de/content/themes/blackcandy/css/layout.css?m=1281258825" "Mozilla/5.0 (Windows; U; Windows NT 6.1; de; rv:1.9.2) Gecko/20100115 YFF35 Firefox/3.6 GTB7.1"
62.117.17.118 - - [01/Sep/2010:17:45:53 +0200] "GET /content/themes/blackcandy/images/subheader.jpg HTTP/1.1" 200 52576 "http://www.awo-kv-bernau.de/content/themes/blackcandy/css/layout.css?m=1281258825" "Mozilla/5.0 (Windows; U; Windows NT 6.1; de; rv:1.9.2) Gecko/20100115 YFF35 Firefox/3.6 GTB7.1"
66.249.71.40 - - [01/Sep/2010:17:46:04 +0200] "GET /content/kalender/jax_calendar.php?Y=4481&m=8&d=29&view=d1 HTTP/1.1" 200 11805 "-" "Mozilla/5.0 (compatible; Googlebot/2.1; +http://www.google.com/bot.html)"
66.249.71.40 - - [01/Sep/2010:17:48:46 +0200] "GET /content/kalender/jax_calendar.php?Y=-10100&m=8&d=5&cal_id=0&language=german&gmt_ofs=-1&view=d1 HTTP/1.1" 200 11861 "-" "Mozilla/5.0 (compatible; Googlebot/2.1; +http://www.google.com/bot.html)"
66.249.71.40 - - [01/Sep/2010:17:51:28 +0200] "GET /content/kalender/jax_calendar.php?Y=-10091&m=6&d=36&view=d1 HTTP/1.1" 200 11995 "-" "Mozilla/5.0 (compatible; Googlebot/2.1; +http://www.google.com/bot.html)"
79.194.8.140 - - [01/Sep/2010:17:53:47 +0200] "GET / HTTP/1.1" 302 - "http://www.google.de/search?sourceid=navclient&aq=0h&oq=awo&hl=de&ie=UTF-8&rlz=1T4ADRA_deDE352DE355&q=awo+bernau" "Mozilla/4.0 (compatible; MSIE 7.0; Windows NT 5.1; GTB6.5; .NET CLR 2.0.50727; .NET CLR 3.0.4506.2152; .NET CLR 3.5.30729)"
79.194.8.140 - - [01/Sep/2010:17:53:51 +0200] "GET /content/aktuelles/ HTTP/1.1" 200 9028 "http://www.google.de/search?sourceid=navclient&aq=0h&oq=awo&hl=de&ie=UTF-8&rlz=1T4ADRA_deDE352DE355&q=awo+bernau" "Mozilla/4.0 (compatible; MSIE 7.0; Windows NT 5.1; GTB6.5; .NET CLR 2.0.50727; .NET CLR 3.0.4506.2152; .NET CLR 3.5.30729)"
79.194.8.140 - - [01/Sep/2010:17:53:52 +0200] "GET /content/themes/blackcandy/css/ie7.css HTTP/1.1" 304 - "http://www.awo-kv-bernau.de/content/aktuelles/" "Mozilla/4.0 (compatible; MSIE 7.0; Windows NT 5.1; GTB6.5; .NET CLR 2.0.50727; .NET CLR 3.0.4506.2152; .NET CLR 3.5.30729)"
79.194.8.140 - - [01/Sep/2010:17:53:52 +0200] "GET /content/themes/blackcandy/css/layout.css?m=1281258825 HTTP/1.1" 304 - "http://www.awo-kv-bernau.de/content/aktuelles/" "Mozilla/4.0 (compatible; MSIE 7.0; Windows NT 5.1; GTB6.5; .NET CLR 2.0.50727; .NET CLR 3.0.4506.2152; .NET CLR 3.5.30729)"
79.194.8.140 - - [01/Sep/2010:17:53:52 +0200] "GET /content/themes/blackcandy/css/typography.css?m=1281262824 HTTP/1.1" 304 - "http://www.awo-kv-bernau.de/content/aktuelles/" "Mozilla/4.0 (compatible; MSIE 7.0; Windows NT 5.1; GTB6.5; .NET CLR 2.0.50727; .NET CLR 3.0.4506.2152; .NET CLR 3.5.30729)"
79.194.8.140 - - [01/Sep/2010:17:53:52 +0200] "GET /content/themes/blackcandy/css/form.css?m=1277278133 HTTP/1.1" 304 - "http://www.awo-kv-bernau.de/content/aktuelles/" "Mozilla/4.0 (compatible; MSIE 7.0; Windows NT 5.1; GTB6.5; .NET CLR 2.0.50727; .NET CLR 3.0.4506.2152; .NET CLR 3.5.30729)"
79.194.8.140 - - [01/Sep/2010:17:53:52 +0200] "GET /content/assets/Aktuelles/aktuelles110810.jpg HTTP/1.1" 304 - "http://www.awo-kv-bernau.de/content/aktuelles/" "Mozilla/4.0 (compatible; MSIE 7.0; Windows NT 5.1; GTB6.5; .NET CLR 2.0.50727; .NET CLR 3.0.4506.2152; .NET CLR 3.5.30729)"
79.194.8.140 - - [01/Sep/2010:17:53:52 +0200] "GET /content/assets/Aktuelles/aktuelles140810.jpg HTTP/1.1" 304 - "http://www.awo-kv-bernau.de/content/aktuelles/" "Mozilla/4.0 (compatible; MSIE 7.0; Windows NT 5.1; GTB6.5; .NET CLR 2.0.50727; .NET CLR 3.0.4506.2152; .NET CLR 3.5.30729)"
79.194.8.140 - - [01/Sep/2010:17:53:52 +0200] "GET /content/assets/Aktuelles/awologo.jpg HTTP/1.1" 304 - "http://www.awo-kv-bernau.de/content/aktuelles/" "Mozilla/4.0 (compatible; MSIE 7.0; Windows NT 5.1; GTB6.5; .NET CLR 2.0.50727; .NET CLR 3.0.4506.2152; .NET CLR 3.5.30729)"
79.194.8.140 - - [01/Sep/2010:17:53:52 +0200] "GET /content/themes/blackcandy/images/header.jpg HTTP/1.1" 304 - "http://www.awo-kv-bernau.de/content/aktuelles/" "Mozilla/4.0 (compatible; MSIE 7.0; Windows NT 5.1; GTB6.5; .NET CLR 2.0.50727; .NET CLR 3.0.4506.2152; .NET CLR 3.5.30729)"
79.194.8.140 - - [01/Sep/2010:17:53:52 +0200] "GET /content/themes/blackcandy/images/activeTabLeft.png HTTP/1.1" 304 - "http://www.awo-kv-bernau.de/content/aktuelles/" "Mozilla/4.0 (compatible; MSIE 7.0; Windows NT 5.1; GTB6.5; .NET CLR 2.0.50727; .NET CLR 3.0.4506.2152; .NET CLR 3.5.30729)"
79.194.8.140 - - [01/Sep/2010:17:53:52 +0200] "GET /content/themes/blackcandy/images/activeTabRight.png HTTP/1.1" 304 - "http://www.awo-kv-bernau.de/content/aktuelles/" "Mozilla/4.0 (compatible; MSIE 7.0; Windows NT 5.1; GTB6.5; .NET CLR 2.0.50727; .NET CLR 3.0.4506.2152; .NET CLR 3.5.30729)"
66.249.71.40 - - [01/Sep/2010:17:54:10 +0200] "GET /content/kalender/jax_calendar.php?Y=-10094&m=6&d=11&view=d1 HTTP/1.1" 200 11995 "-" "Mozilla/5.0 (compatible; Googlebot/2.1; +http://www.google.com/bot.html)"
66.249.71.40 - - [01/Sep/2010:17:56:52 +0200] "GET /content/kalender/jax_calendar.php?Y=-10097&m=4&d=20&view=d1 HTTP/1.1" 200 11996 "-" "Mozilla/5.0 (compatible; Googlebot/2.1; +http://www.google.com/bot.html)"
66.249.71.40 - - [01/Sep/2010:17:59:33 +0200] "GET /content/kalender/jax_calendar.php?Y=1588&m=8&d=30&view=d1 HTTP/1.1" 200 11805 "-" "Mozilla/5.0 (compatible; Googlebot/2.1; +http://www.google.com/bot.html)"
66.249.71.40 - - [01/Sep/2010:18:02:15 +0200] "GET /content/kalender/jax_calendar.php?Y=-10101&m=10&d=1&cal_id=0&language=english&gmt_ofs=0&view=d1 HTTP/1.1" 200 11861 "-" "Mozilla/5.0 (compatible; Googlebot/2.1; +http://www.google.com/bot.html)"
66.249.71.40 - - [01/Sep/2010:18:04:57 +0200] "GET /content/kalender/jax_calendar.php?Y=-10100&m=5&d=1&cal_id=0&language=english&gmt_ofs=0&view=d1 HTTP/1.1" 200 11799 "-" "Mozilla/5.0 (compatible; Googlebot/2.1; +http://www.google.com/bot.html)"
87.149.35.13 - - [01/Sep/2010:18:09:05 +0200] "GET / HTTP/1.1" 302 - "http://www.google.de/search?hl=de&source=hp&q=awo+bernau&aq=1&aqi=g10&aql=&oq=awo+ber&gs_rfai=&fp=5d54148e71d55fe7" "Mozilla/5.0 (Windows; U; Windows NT 6.0; de; rv:1.9.2.8) Gecko/20100722 Firefox/3.6.8 ( .NET CLR 3.5.30729; .NET4.0C)"
87.149.35.13 - - [01/Sep/2010:18:09:05 +0200] "GET /content/aktuelles/ HTTP/1.1" 200 9028 "http://www.google.de/search?hl=de&source=hp&q=awo+bernau&aq=1&aqi=g10&aql=&oq=awo+ber&gs_rfai=&fp=5d54148e71d55fe7" "Mozilla/5.0 (Windows; U; Windows NT 6.0; de; rv:1.9.2.8) Gecko/20100722 Firefox/3.6.8 ( .NET CLR 3.5.30729; .NET4.0C)"
66.249.71.40 - - [01/Sep/2010:18:10:21 +0200] "GET /content/kalender/jax_calendar.php?Y=-9911&m=10&d=1&cal_id=0&language=english&gmt_ofs=0&view=d1 HTTP/1.1" 200 11765 "-" "Mozilla/5.0 (compatible; Googlebot/2.1; +http://www.google.com/bot.html)"
66.249.71.40 - - [01/Sep/2010:18:13:03 +0200] "GET /content/kalender/jax_calendar.php?Y=-10106&m=4&d=1&cal_id=0&language=english&gmt_ofs=0&view=d1 HTTP/1.1" 200 11799 "-" "Mozilla/5.0 (compatible; Googlebot/2.1; +http://www.google.com/bot.html)"
66.249.71.40 - - [01/Sep/2010:18:13:31 +0200] "GET /content/kalender/jax_calendar.php?Y=-10100&m=11&d=1&cal_id=0&language=english&gmt_ofs=0&view=d1 HTTP/1.1" 200 11862 "-" "Mozilla/5.0 (compatible; Googlebot/2.1; +http://www.google.com/bot.html)"
87.149.35.13 - - [01/Sep/2010:18:14:17 +0200] "GET / HTTP/1.1" 302 - "http://www.google.de/search?hl=de&q=awo+soziale+dienste+bernau&aq=f&aqi=&aql=&oq=&gs_rfai=&fp=5d54148e71d55fe7" "Mozilla/5.0 (Windows; U; Windows NT 6.0; de; rv:1.9.2.8) Gecko/20100722 Firefox/3.6.8 ( .NET CLR 3.5.30729; .NET4.0C)"
87.149.35.13 - - [01/Sep/2010:18:14:17 +0200] "GET /content/aktuelles/ HTTP/1.1" 200 9028 "http://www.google.de/search?hl=de&q=awo+soziale+dienste+bernau&aq=f&aqi=&aql=&oq=&gs_rfai=&fp=5d54148e71d55fe7" "Mozilla/5.0 (Windows; U; Windows NT 6.0; de; rv:1.9.2.8) Gecko/20100722 Firefox/3.6.8 ( .NET CLR 3.5.30729; .NET4.0C)"
87.149.35.13 - - [01/Sep/2010:18:14:29 +0200] "GET /content/assets/Aktuelles/aktuelles140810.jpg HTTP/1.1" 200 20737 "http://www.sozialedienste-awo.de/content/aktuelles/" "Mozilla/5.0 (Windows; U; Windows NT 6.0; de; rv:1.9.2.8) Gecko/20100722 Firefox/3.6.8 ( .NET CLR 3.5.30729; .NET4.0C)"
87.149.35.13 - - [01/Sep/2010:18:14:29 +0200] "GET /content/assets/Aktuelles/aktuelles160710.jpg HTTP/1.1" 200 17303 "http://www.sozialedienste-awo.de/content/aktuelles/" "Mozilla/5.0 (Windows; U; Windows NT 6.0; de; rv:1.9.2.8) Gecko/20100722 Firefox/3.6.8 ( .NET CLR 3.5.30729; .NET4.0C)"
87.149.35.13 - - [01/Sep/2010:18:14:29 +0200] "GET /content/assets/Aktuelles/awologo.jpg HTTP/1.1" 200 2292 "http://www.sozialedienste-awo.de/content/aktuelles/" "Mozilla/5.0 (Windows; U; Windows NT 6.0; de; rv:1.9.2.8) Gecko/20100722 Firefox/3.6.8 ( .NET CLR 3.5.30729; .NET4.0C)"
87.149.35.13 - - [01/Sep/2010:18:14:29 +0200] "GET /content/assets/Aktuelles/aktuelles110810.jpg HTTP/1.1" 200 73350 "http://www.sozialedienste-awo.de/content/aktuelles/" "Mozilla/5.0 (Windows; U; Windows NT 6.0; de; rv:1.9.2.8) Gecko/20100722 Firefox/3.6.8 ( .NET CLR 3.5.30729; .NET4.0C)"
