78.53.75.92 - - [02/Sep/2010:19:45:07 +0200] "HEAD /content/assets/Aktuelles/aktuelles110810.jpg HTTP/1.1" 304 - "-" "Mozilla/5.0 (PLAYSTATION 3; 1.00)"
78.53.75.92 - - [02/Sep/2010:19:45:26 +0200] "HEAD /content/assets/Aktuelles/aktuelles110810.jpg HTTP/1.1" 304 - "-" "Mozilla/5.0 (PLAYSTATION 3; 1.00)"
66.249.71.40 - - [02/Sep/2010:19:45:44 +0200] "GET /content/kalender/jax_calendar.php?Y=4240&m=11&d=8&cal_id=0&language=german&gmt_ofs=-1&view=d1 HTTP/1.1" 200 11734 "-" "Mozilla/5.0 (compatible; Googlebot/2.1; +http://www.google.com/bot.html)"
66.249.71.40 - - [02/Sep/2010:19:48:20 +0200] "GET /content/kalender/jax_calendar.php?Y=-9907&m=5&d=1&cal_id=0&language=english&gmt_ofs=0&view=d1 HTTP/1.1" 200 11703 "-" "Mozilla/5.0 (compatible; Googlebot/2.1; +http://www.google.com/bot.html)"
66.249.71.40 - - [02/Sep/2010:19:48:21 +0200] "GET /content/kalender/jax_calendar.php?Y=1580&m=11&d=29&cal_id=0&language=german&gmt_ofs=-1&view=d1 HTTP/1.1" 200 11770 "-" "Mozilla/5.0 (compatible; Googlebot/2.1; +http://www.google.com/bot.html)"
66.249.71.40 - - [02/Sep/2010:19:48:21 +0200] "GET /content/kalender/jax_calendar.php?Y=1580&m=9&d=29&cal_id=0&language=german&gmt_ofs=-1&view=d1 HTTP/1.1" 200 11709 "-" "Mozilla/5.0 (compatible; Googlebot/2.1; +http://www.google.com/bot.html)"
66.249.71.40 - - [02/Sep/2010:19:48:22 +0200] "GET /content/kalender/jax_calendar.php?Y=4243&m=7&d=1&cal_id=0&language=german&gmt_ofs=-1&view=d1 HTTP/1.1" 200 11667 "-" "Mozilla/5.0 (compatible; Googlebot/2.1; +http://www.google.com/bot.html)"
66.249.71.40 - - [02/Sep/2010:19:51:21 +0200] "GET /content/kalender/jax_calendar.php?Y=-10099&m=1&d=1&cal_id=0&language=german&gmt_ofs=-1&view=d1 HTTP/1.1" 200 11862 "-" "Mozilla/5.0 (compatible; Googlebot/2.1; +http://www.google.com/bot.html)"
207.46.194.139 - - [02/Sep/2010:19:53:04 +0200] "GET /robots.txt HTTP/1.1" 404 1256 "-" "msnbot-media/1.1 (+http://search.msn.com/msnbot.htm)"
207.46.194.139 - - [02/Sep/2010:19:53:04 +0200] "GET /content/assets/Kitas/Rappelkiste/rappelkiste4.jpg HTTP/1.1" 200 53974 "-" "msnbot-media/1.1 (+http://search.msn.com/msnbot.htm)"
65.52.49.75 - - [02/Sep/2010:19:53:29 +0200] "GET /robots.txt HTTP/1.1" 404 1256 "-" "msnbot/2.0b (+http://search.msn.com/msnbot.htm)"
66.249.71.40 - - [02/Sep/2010:19:54:33 +0200] "GET /content/kalender/jax_calendar.php?Y=-10107&m=4&d=5&cal_id=0&language=german&gmt_ofs=-1&view=d1 HTTP/1.1" 200 11860 "-" "Mozilla/5.0 (compatible; Googlebot/2.1; +http://www.google.com/bot.html)"
66.249.71.40 - - [02/Sep/2010:19:57:45 +0200] "GET /content/kalender/jax_calendar.php?Y=4243&m=1&d=8&cal_id=0&language=german&gmt_ofs=-1&view=d1 HTTP/1.1" 200 11670 "-" "Mozilla/5.0 (compatible; Googlebot/2.1; +http://www.google.com/bot.html)"
66.249.71.40 - - [02/Sep/2010:20:00:57 +0200] "GET /content/kalender/jax_calendar.php?Y=4232&m=10&d=8&cal_id=0&language=german&gmt_ofs=-1&view=d1 HTTP/1.1" 200 11732 "-" "Mozilla/5.0 (compatible; Googlebot/2.1; +http://www.google.com/bot.html)"
66.249.71.40 - - [02/Sep/2010:20:04:29 +0200] "GET /content/kalender/jax_calendar.php?Y=4240&m=10&d=32&view=d1 HTTP/1.1" 200 11868 "-" "Mozilla/5.0 (compatible; Googlebot/2.1; +http://www.google.com/bot.html)"
66.249.71.40 - - [02/Sep/2010:20:07:19 +0200] "GET /content/kalender/jax_calendar.php?Y=-9907&m=1&d=3&cal_id=0&language=german&gmt_ofs=-1&view=d1 HTTP/1.1" 200 11766 "-" "Mozilla/5.0 (compatible; Googlebot/2.1; +http://www.google.com/bot.html)"
66.249.71.40 - - [02/Sep/2010:20:10:31 +0200] "GET /content/kalender/jax_calendar.php?Y=4251&m=4&d=19&view=d1 HTTP/1.1" 200 11804 "-" "Mozilla/5.0 (compatible; Googlebot/2.1; +http://www.google.com/bot.html)"
66.249.71.40 - - [02/Sep/2010:20:13:43 +0200] "GET /content/kalender/jax_calendar.php?Y=1578&m=8&d=29&cal_id=0&language=german&gmt_ofs=-1&view=d1 HTTP/1.1" 200 11705 "-" "Mozilla/5.0 (compatible; Googlebot/2.1; +http://www.google.com/bot.html)"
95.108.158.134 - - [02/Sep/2010:20:16:25 +0200] "GET /robots.txt HTTP/1.1" 404 1256 "-" "Mozilla/5.0 (compatible; YandexBot/3.0; +http://yandex.com/bots)"
66.249.71.40 - - [02/Sep/2010:20:16:56 +0200] "GET /content/kalender/jax_calendar.php?Y=4253&m=4&d=17&view=d1 HTTP/1.1" 200 11804 "-" "Mozilla/5.0 (compatible; Googlebot/2.1; +http://www.google.com/bot.html)"
66.249.71.40 - - [02/Sep/2010:20:20:09 +0200] "GET /content/kalender/jax_calendar.php?Y=-9915&m=9&d=1&cal_id=0&language=english&gmt_ofs=0&view=d1 HTTP/1.1" 200 11704 "-" "Mozilla/5.0 (compatible; Googlebot/2.1; +http://www.google.com/bot.html)"
66.249.71.40 - - [02/Sep/2010:20:25:49 +0200] "GET /content/kalender/jax_calendar.php?Y=1577&m=12&d=29&cal_id=0&language=german&gmt_ofs=-1&view=d1 HTTP/1.1" 200 11769 "-" "Mozilla/5.0 (compatible; Googlebot/2.1; +http://www.google.com/bot.html)"
66.249.67.84 - - [02/Sep/2010:20:25:50 +0200] "GET /content/kalender/jax_calendar.php?Y=-9913&m=9&d=1&cal_id=0&language=english&gmt_ofs=0&view=d1 HTTP/1.1" 200 11704 "-" "Mozilla/5.0 (compatible; Googlebot/2.1; +http://www.google.com/bot.html)"
66.249.71.40 - - [02/Sep/2010:20:26:45 +0200] "GET /content/schuldnerberatung/ HTTP/1.1" 200 11481 "-" "Mozilla/5.0 (compatible; Googlebot/2.1; +http://www.google.com/bot.html)"
66.249.71.40 - - [02/Sep/2010:20:28:53 +0200] "GET /content/kalender/jax_calendar.php?Y=-10092&m=2&d=1&cal_id=0&language=german&gmt_ofs=-1&view=d1 HTTP/1.1" 200 11862 "-" "Mozilla/5.0 (compatible; Googlebot/2.1; +http://www.google.com/bot.html)"
66.249.71.40 - - [02/Sep/2010:20:31:53 +0200] "GET /content/kalender/jax_calendar.php?Y=-10097&m=6&d=26&cal_id=0&language=german&gmt_ofs=-1&view=d1 HTTP/1.1" 200 11895 "-" "Mozilla/5.0 (compatible; Googlebot/2.1; +http://www.google.com/bot.html)"
66.249.71.40 - - [02/Sep/2010:20:35:06 +0200] "GET /content/kalender/jax_calendar.php?Y=4249&m=4&d=8&cal_id=0&language=german&gmt_ofs=-1&view=d1 HTTP/1.1" 200 11668 "-" "Mozilla/5.0 (compatible; Googlebot/2.1; +http://www.google.com/bot.html)"
220.181.7.53 - - [02/Sep/2010:20:37:11 +0200] "GET /robots.txt HTTP/1.1" 404 1256 "-" "Baiduspider+(+http://www.baidu.com/search/spider.htm)"
66.249.71.40 - - [02/Sep/2010:20:38:19 +0200] "GET /content/kalender/jax_calendar.php?Y=-10091&m=8&d=26&cal_id=0&language=german&gmt_ofs=-1&view=d1 HTTP/1.1" 200 11897 "-" "Mozilla/5.0 (compatible; Googlebot/2.1; +http://www.google.com/bot.html)"
66.249.71.40 - - [02/Sep/2010:20:41:32 +0200] "GET /content/kalender/jax_calendar.php?Y=4231&m=10&d=8&cal_id=0&language=german&gmt_ofs=-1&view=d1 HTTP/1.1" 200 11732 "-" "Mozilla/5.0 (compatible; Googlebot/2.1; +http://www.google.com/bot.html)"
88.130.167.95 - - [02/Sep/2010:20:42:17 +0200] "GET /content/kinder-und-familienzentrum-regenbogen/ HTTP/1.1" 200 31229 "-" "Mozilla/5.0 (Windows; U; Windows NT 5.1; de; rv:1.9.2.4) Gecko/20100611 Firefox/3.6.4 ( .NET CLR 3.5.30729)"
88.130.167.95 - - [02/Sep/2010:20:42:23 +0200] "GET /content/themes/blackcandy/css/layout.css?m=1281258825 HTTP/1.1" 200 9945 "http://www.awo-kv-bernau.de/content/kinder-und-familienzentrum-regenbogen/" "Mozilla/5.0 (Windows; U; Windows NT 5.1; de; rv:1.9.2.4) Gecko/20100611 Firefox/3.6.4 ( .NET CLR 3.5.30729)"
88.130.167.95 - - [02/Sep/2010:20:42:23 +0200] "GET /content/themes/blackcandy/css/typography.css?m=1281262824 HTTP/1.1" 200 5090 "http://www.awo-kv-bernau.de/content/kinder-und-familienzentrum-regenbogen/" "Mozilla/5.0 (Windows; U; Windows NT 5.1; de; rv:1.9.2.4) Gecko/20100611 Firefox/3.6.4 ( .NET CLR 3.5.30729)"
88.130.167.95 - - [02/Sep/2010:20:42:23 +0200] "GET /content/themes/blackcandy/css/form.css?m=1277278133 HTTP/1.1" 200 1856 "http://www.awo-kv-bernau.de/content/kinder-und-familienzentrum-regenbogen/" "Mozilla/5.0 (Windows; U; Windows NT 5.1; de; rv:1.9.2.4) Gecko/20100611 Firefox/3.6.4 ( .NET CLR 3.5.30729)"
88.130.167.95 - - [02/Sep/2010:20:42:23 +0200] "GET /content/assets/EKZ/kfz110810.jpg HTTP/1.1" 200 38194 "http://www.awo-kv-bernau.de/content/kinder-und-familienzentrum-regenbogen/" "Mozilla/5.0 (Windows; U; Windows NT 5.1; de; rv:1.9.2.4) Gecko/20100611 Firefox/3.6.4 ( .NET CLR 3.5.30729)"
88.130.167.95 - - [02/Sep/2010:20:42:23 +0200] "GET /content/assets/EKZ/ekztop.jpg HTTP/1.1" 200 92781 "http://www.awo-kv-bernau.de/content/kinder-und-familienzentrum-regenbogen/" "Mozilla/5.0 (Windows; U; Windows NT 5.1; de; rv:1.9.2.4) Gecko/20100611 Firefox/3.6.4 ( .NET CLR 3.5.30729)"
88.130.167.95 - - [02/Sep/2010:20:42:23 +0200] "GET /content/assets/EKZ/kfzgalerie.jpg HTTP/1.1" 200 99277 "http://www.awo-kv-bernau.de/content/kinder-und-familienzentrum-regenbogen/" "Mozilla/5.0 (Windows; U; Windows NT 5.1; de; rv:1.9.2.4) Gecko/20100611 Firefox/3.6.4 ( .NET CLR 3.5.30729)"
88.130.167.95 - - [02/Sep/2010:20:42:32 +0200] "GET /content/themes/blackcandy/images/header.jpg HTTP/1.1" 200 45038 "http://www.awo-kv-bernau.de/content/themes/blackcandy/css/layout.css?m=1281258825" "Mozilla/5.0 (Windows; U; Windows NT 5.1; de; rv:1.9.2.4) Gecko/20100611 Firefox/3.6.4 ( .NET CLR 3.5.30729)"
88.130.167.95 - - [02/Sep/2010:20:42:32 +0200] "GET /content/themes/blackcandy/images/activeTabRight.png HTTP/1.1" 200 433 "http://www.awo-kv-bernau.de/content/themes/blackcandy/css/layout.css?m=1281258825" "Mozilla/5.0 (Windows; U; Windows NT 5.1; de; rv:1.9.2.4) Gecko/20100611 Firefox/3.6.4 ( .NET CLR 3.5.30729)"
88.130.167.95 - - [02/Sep/2010:20:42:32 +0200] "GET /content/themes/blackcandy/images/herz.png HTTP/1.1" 200 344 "http://www.awo-kv-bernau.de/content/themes/blackcandy/css/layout.css?m=1281258825" "Mozilla/5.0 (Windows; U; Windows NT 5.1; de; rv:1.9.2.4) Gecko/20100611 Firefox/3.6.4 ( .NET CLR 3.5.30729)"
88.130.167.95 - - [02/Sep/2010:20:42:32 +0200] "GET /content/themes/blackcandy/images/activeTabLeft.png HTTP/1.1" 200 433 "http://www.awo-kv-bernau.de/content/themes/blackcandy/css/layout.css?m=1281258825" "Mozilla/5.0 (Windows; U; Windows NT 5.1; de; rv:1.9.2.4) Gecko/20100611 Firefox/3.6.4 ( .NET CLR 3.5.30729)"
88.130.167.95 - - [02/Sep/2010:20:42:32 +0200] "GET /content/themes/blackcandy/images/headerRounded.png HTTP/1.1" 200 763 "http://www.awo-kv-bernau.de/content/themes/blackcandy/css/layout.css?m=1281258825" "Mozilla/5.0 (Windows; U; Windows NT 5.1; de; rv:1.9.2.4) Gecko/20100611 Firefox/3.6.4 ( .NET CLR 3.5.30729)"
88.130.167.95 - - [02/Sep/2010:20:42:32 +0200] "GET /content/themes/blackcandy/images/subheader.jpg HTTP/1.1" 200 52576 "http://www.awo-kv-bernau.de/content/themes/blackcandy/css/layout.css?m=1281258825" "Mozilla/5.0 (Windows; U; Windows NT 5.1; de; rv:1.9.2.4) Gecko/20100611 Firefox/3.6.4 ( .NET CLR 3.5.30729)"
88.130.167.95 - - [02/Sep/2010:20:42:32 +0200] "GET /content/themes/blackcandy/images/footer.png HTTP/1.1" 200 884 "http://www.awo-kv-bernau.de/content/themes/blackcandy/css/layout.css?m=1281258825" "Mozilla/5.0 (Windows; U; Windows NT 5.1; de; rv:1.9.2.4) Gecko/20100611 Firefox/3.6.4 ( .NET CLR 3.5.30729)"
88.130.167.95 - - [02/Sep/2010:20:42:38 +0200] "GET /content/themes/blackcandy/images/icons/page_white_acrobat.png HTTP/1.1" 200 591 "http://www.awo-kv-bernau.de/content/themes/blackcandy/css/typography.css?m=1281262824" "Mozilla/5.0 (Windows; U; Windows NT 5.1; de; rv:1.9.2.4) Gecko/20100611 Firefox/3.6.4 ( .NET CLR 3.5.30729)"
88.130.167.95 - - [02/Sep/2010:20:42:40 +0200] "GET /favicon.ico HTTP/1.1" 404 1256 "-" "Mozilla/5.0 (Windows; U; Windows NT 5.1; de; rv:1.9.2.4) Gecko/20100611 Firefox/3.6.4 ( .NET CLR 3.5.30729)"
66.249.71.40 - - [02/Sep/2010:20:44:45 +0200] "GET /content/kalender/jax_calendar.php?Y=-9909&m=1&d=27&view=d1 HTTP/1.1" 200 11902 "-" "Mozilla/5.0 (compatible; Googlebot/2.1; +http://www.google.com/bot.html)"
66.249.71.40 - - [02/Sep/2010:20:47:58 +0200] "GET /content/kalender/jax_calendar.php?Y=-9907&m=4&d=1&cal_id=0&language=english&gmt_ofs=0&view=d1 HTTP/1.1" 200 11703 "-" "Mozilla/5.0 (compatible; Googlebot/2.1; +http://www.google.com/bot.html)"
66.249.71.40 - - [02/Sep/2010:20:51:11 +0200] "GET /content/kalender/jax_calendar.php?Y=-9910&m=12&d=1&cal_id=0&language=english&gmt_ofs=0&view=d1 HTTP/1.1" 200 11765 "-" "Mozilla/5.0 (compatible; Googlebot/2.1; +http://www.google.com/bot.html)"
66.249.71.40 - - [02/Sep/2010:20:51:21 +0200] "GET /content/awo-treff-angebote/ HTTP/1.1" 200 12642 "-" "Mozilla/5.0 (compatible; Googlebot/2.1; +http://www.google.com/bot.html)"
66.249.71.40 - - [02/Sep/2010:20:55:55 +0200] "GET /content/kalender/jax_calendar.php?Y=1585&m=2&d=29&cal_id=0&language=german&gmt_ofs=-1&view=d1 HTTP/1.1" 200 11706 "-" "Mozilla/5.0 (compatible; Googlebot/2.1; +http://www.google.com/bot.html)"
66.249.71.40 - - [02/Sep/2010:20:57:45 +0200] "GET /content/kalender/jax_calendar.php?Y=4483&m=4&d=33&cal_id=0&language=german&gmt_ofs=-1&view=d1 HTTP/1.1" 200 11704 "-" "Mozilla/5.0 (compatible; Googlebot/2.1; +http://www.google.com/bot.html)"
66.249.71.40 - - [02/Sep/2010:20:58:21 +0200] "GET /content/kalender/jax_calendar.php?Y=4244&m=10&d=31&view=d1 HTTP/1.1" 200 11868 "-" "Mozilla/5.0 (compatible; Googlebot/2.1; +http://www.google.com/bot.html)"
66.249.71.40 - - [02/Sep/2010:20:58:22 +0200] "GET /content/kalender/jax_calendar.php?Y=1582&m=11&d=29&cal_id=0&language=german&gmt_ofs=-1&view=d1 HTTP/1.1" 200 11770 "-" "Mozilla/5.0 (compatible; Googlebot/2.1; +http://www.google.com/bot.html)"
66.249.71.40 - - [02/Sep/2010:20:58:22 +0200] "GET /content/kalender/jax_calendar.php?Y=4249&m=8&d=1&view=d1 HTTP/1.1" 200 11769 "-" "Mozilla/5.0 (compatible; Googlebot/2.1; +http://www.google.com/bot.html)"
66.249.71.40 - - [02/Sep/2010:20:58:23 +0200] "GET /content/kalender/jax_calendar.php?Y=1582&m=9&d=29&cal_id=0&language=german&gmt_ofs=-1&view=d1 HTTP/1.1" 200 11709 "-" "Mozilla/5.0 (compatible; Googlebot/2.1; +http://www.google.com/bot.html)"
66.249.71.40 - - [02/Sep/2010:20:58:24 +0200] "GET /content/kalender/jax_calendar.php?Y=1584&m=11&d=29&cal_id=0&language=german&gmt_ofs=-1&view=d1 HTTP/1.1" 200 11770 "-" "Mozilla/5.0 (compatible; Googlebot/2.1; +http://www.google.com/bot.html)"
66.249.71.40 - - [02/Sep/2010:20:58:25 +0200] "GET /content/kalender/jax_calendar.php?Y=4239&m=10&d=8&cal_id=0&language=german&gmt_ofs=-1&view=d1 HTTP/1.1" 200 11732 "-" "Mozilla/5.0 (compatible; Googlebot/2.1; +http://www.google.com/bot.html)"
66.249.71.40 - - [02/Sep/2010:20:58:26 +0200] "GET /content/kalender/jax_calendar.php?Y=-9915&m=7&d=1&cal_id=0&language=english&gmt_ofs=0&view=d1 HTTP/1.1" 200 11703 "-" "Mozilla/5.0 (compatible; Googlebot/2.1; +http://www.google.com/bot.html)"
88.72.27.20 - - [02/Sep/2010:21:02:22 +0200] "GET /content/aktuelles/ HTTP/1.1" 200 10044 "-" "Mozilla/5.0 (Windows; U; Windows NT 5.1; en-US; rv:1.9.2.8) Gecko/20100722 Firefox/3.6.8 ( .NET CLR 3.5.30729)"
88.72.27.20 - - [02/Sep/2010:21:02:23 +0200] "GET /content/themes/blackcandy/css/layout.css?m=1281258825 HTTP/1.1" 304 - "http://www.awo-kv-bernau.de/content/aktuelles/" "Mozilla/5.0 (Windows; U; Windows NT 5.1; en-US; rv:1.9.2.8) Gecko/20100722 Firefox/3.6.8 ( .NET CLR 3.5.30729)"
88.72.27.20 - - [02/Sep/2010:21:02:23 +0200] "GET /content/themes/blackcandy/css/typography.css?m=1281262824 HTTP/1.1" 304 - "http://www.awo-kv-bernau.de/content/aktuelles/" "Mozilla/5.0 (Windows; U; Windows NT 5.1; en-US; rv:1.9.2.8) Gecko/20100722 Firefox/3.6.8 ( .NET CLR 3.5.30729)"
88.72.27.20 - - [02/Sep/2010:21:02:23 +0200] "GET /content/themes/blackcandy/css/form.css?m=1277278133 HTTP/1.1" 304 - "http://www.awo-kv-bernau.de/content/aktuelles/" "Mozilla/5.0 (Windows; U; Windows NT 5.1; en-US; rv:1.9.2.8) Gecko/20100722 Firefox/3.6.8 ( .NET CLR 3.5.30729)"
88.72.27.20 - - [02/Sep/2010:21:02:23 +0200] "GET /content/assets/Aktuelles/aktuelles010910.jpg HTTP/1.1" 304 - "http://www.awo-kv-bernau.de/content/aktuelles/" "Mozilla/5.0 (Windows; U; Windows NT 5.1; en-US; rv:1.9.2.8) Gecko/20100722 Firefox/3.6.8 ( .NET CLR 3.5.30729)"
88.72.27.20 - - [02/Sep/2010:21:02:26 +0200] "GET /favicon.ico HTTP/1.1" 404 1256 "-" "Mozilla/5.0 (Windows; U; Windows NT 5.1; en-US; rv:1.9.2.8) Gecko/20100722 Firefox/3.6.8 ( .NET CLR 3.5.30729)"
67.195.115.117 - - [02/Sep/2010:21:03:22 +0200] "GET /content/kontakt-impressum/ HTTP/1.0" 200 14542 "-" "Mozilla/5.0 (compatible; Yahoo! Slurp/3.0; http://help.yahoo.com/help/us/ysearch/slurp)"
67.195.115.117 - - [02/Sep/2010:21:03:23 +0200] "GET /content/themes/blackcandy/css/layout.css?m=1281258825 HTTP/1.0" 304 - "http://www.awo-kv-bernau.de/content/kontakt-impressum/" "Mozilla/5.0 (compatible; Yahoo! Slurp/3.0; http://help.yahoo.com/help/us/ysearch/slurp)"
67.195.115.117 - - [02/Sep/2010:21:03:24 +0200] "GET /content/themes/blackcandy/css/typography.css?m=1281262824 HTTP/1.0" 304 - "http://www.awo-kv-bernau.de/content/kontakt-impressum/" "Mozilla/5.0 (compatible; Yahoo! Slurp/3.0; http://help.yahoo.com/help/us/ysearch/slurp)"
67.195.115.117 - - [02/Sep/2010:21:03:24 +0200] "GET /content/themes/blackcandy/css/form.css?m=1277278133 HTTP/1.0" 304 - "http://www.awo-kv-bernau.de/content/kontakt-impressum/" "Mozilla/5.0 (compatible; Yahoo! Slurp/3.0; http://help.yahoo.com/help/us/ysearch/slurp)"
66.249.71.40 - - [02/Sep/2010:21:07:18 +0200] "GET /content/kalender/jax_calendar.php?Y=4249&m=3&d=16&view=d1 HTTP/1.1" 200 11803 "-" "Mozilla/5.0 (compatible; Googlebot/2.1; +http://www.google.com/bot.html)"
207.46.13.131 - - [02/Sep/2010:21:13:42 +0200] "GET /robots.txt HTTP/1.1" 404 1256 "-" "msnbot/2.0b (+http://search.msn.com/msnbot.htm)"
66.249.71.40 - - [02/Sep/2010:21:16:06 +0200] "GET /content/kontakt-impressum/ HTTP/1.1" 200 14542 "-" "Mozilla/5.0 (compatible; Googlebot/2.1; +http://www.google.com/bot.html)"
66.249.71.40 - - [02/Sep/2010:21:16:07 +0200] "GET /content/kalender/jax_calendar.php?Y=-10137&m=6&d=8&cal_id=0&language=german&gmt_ofs=-1&view=d1 HTTP/1.1" 200 11859 "-" "Mozilla/5.0 (compatible; Googlebot/2.1; +http://www.google.com/bot.html)"
66.249.71.40 - - [02/Sep/2010:21:26:08 +0200] "GET /content/kalender/jax_calendar.php?Y=1583&m=3&d=29&cal_id=0&language=german&gmt_ofs=-1&view=d1 HTTP/1.1" 200 11703 "-" "Mozilla/5.0 (compatible; Googlebot/2.1; +http://www.google.com/bot.html)"
207.46.13.131 - - [02/Sep/2010:21:26:31 +0200] "GET /content/vorstand/ HTTP/1.1" 200 9356 "-" "msnbot/2.0b (+http://search.msn.com/msnbot.htm)"
66.249.71.40 - - [02/Sep/2010:21:33:28 +0200] "GET /content/kalender/jax_calendar.php?Y=4253&m=3&d=26&view=d1 HTTP/1.1" 200 11803 "-" "Mozilla/5.0 (compatible; Googlebot/2.1; +http://www.google.com/bot.html)"
66.249.71.40 - - [02/Sep/2010:21:33:29 +0200] "GET /content/kalender/jax_calendar.php?Y=-9908&m=2&d=1&cal_id=0&language=english&gmt_ofs=0&view=d1 HTTP/1.1" 200 11703 "-" "Mozilla/5.0 (compatible; Googlebot/2.1; +http://www.google.com/bot.html)"
66.249.71.40 - - [02/Sep/2010:21:35:35 +0200] "GET /content/kalender/jax_calendar.php?Y=-10098&m=1&d=24&cal_id=0&language=german&gmt_ofs=-1&view=d1 HTTP/1.1" 200 11898 "-" "Mozilla/5.0 (compatible; Googlebot/2.1; +http://www.google.com/bot.html)"
79.247.84.98 - - [02/Sep/2010:21:35:59 +0200] "GET /content/ueberregionale-fruehfoerder-und-beratungsstelle-hoeren/ HTTP/1.1" 200 11990 "http://www.google.de/imgres?imgurl=http://www.awo-kv-bernau.de/content/assets/Beratung/Frueh2/hoeren.jpg&imgrefurl=http://www.awo-kv-bernau.de/content/ueberregionale-fruehfoerder-und-beratungsstelle-hoeren/&usg=__WN6Ltk8tE4842vYF_TlhMN7R5Eo=&h=400&w=312&sz=28&hl=de&start=7&zoom=1&um=1&itbs=1&tbnid=5m5LgSKg94t5xM:&tbnh=124&tbnw=97&prev=/images%3Fq%3Dh%25C3%25B6ren%26um%3D1%26hl%3Dde%26client%3Dsafari%26sa%3DG%26rls%3Den%26tbs%3Disch:1,itp:lineart" "Mozilla/5.0 (Macintosh; U; PPC Mac OS X 10_4_11; de-de) AppleWebKit/533.17.8 (KHTML, like Gecko) Version/4.1.1 Safari/533.17.8"
79.247.84.98 - - [02/Sep/2010:21:36:00 +0200] "GET /content/themes/blackcandy/css/layout.css?m=1281258825 HTTP/1.1" 200 9945 "http://www.awo-kv-bernau.de/content/ueberregionale-fruehfoerder-und-beratungsstelle-hoeren/" "Mozilla/5.0 (Macintosh; U; PPC Mac OS X 10_4_11; de-de) AppleWebKit/533.17.8 (KHTML, like Gecko) Version/4.1.1 Safari/533.17.8"
79.247.84.98 - - [02/Sep/2010:21:36:00 +0200] "GET /content/themes/blackcandy/css/typography.css?m=1281262824 HTTP/1.1" 200 5090 "http://www.awo-kv-bernau.de/content/ueberregionale-fruehfoerder-und-beratungsstelle-hoeren/" "Mozilla/5.0 (Macintosh; U; PPC Mac OS X 10_4_11; de-de) AppleWebKit/533.17.8 (KHTML, like Gecko) Version/4.1.1 Safari/533.17.8"
79.247.84.98 - - [02/Sep/2010:21:36:00 +0200] "GET /content/themes/blackcandy/css/form.css?m=1277278133 HTTP/1.1" 200 1856 "http://www.awo-kv-bernau.de/content/ueberregionale-fruehfoerder-und-beratungsstelle-hoeren/" "Mozilla/5.0 (Macintosh; U; PPC Mac OS X 10_4_11; de-de) AppleWebKit/533.17.8 (KHTML, like Gecko) Version/4.1.1 Safari/533.17.8"
79.247.84.98 - - [02/Sep/2010:21:36:00 +0200] "GET /content/assets/Beratung/Frueh2/hoeren.jpg HTTP/1.1" 200 28422 "http://www.awo-kv-bernau.de/content/ueberregionale-fruehfoerder-und-beratungsstelle-hoeren/" "Mozilla/5.0 (Macintosh; U; PPC Mac OS X 10_4_11; de-de) AppleWebKit/533.17.8 (KHTML, like Gecko) Version/4.1.1 Safari/533.17.8"
79.247.84.98 - - [02/Sep/2010:21:36:00 +0200] "GET /content/assets/Beratung/Frueh2/bubnow.jpg HTTP/1.1" 200 14385 "http://www.awo-kv-bernau.de/content/ueberregionale-fruehfoerder-und-beratungsstelle-hoeren/" "Mozilla/5.0 (Macintosh; U; PPC Mac OS X 10_4_11; de-de) AppleWebKit/533.17.8 (KHTML, like Gecko) Version/4.1.1 Safari/533.17.8"
79.247.84.98 - - [02/Sep/2010:21:36:00 +0200] "GET /content/assets/Beratung/Frueh2/mertinkat.jpg HTTP/1.1" 200 13375 "http://www.awo-kv-bernau.de/content/ueberregionale-fruehfoerder-und-beratungsstelle-hoeren/" "Mozilla/5.0 (Macintosh; U; PPC Mac OS X 10_4_11; de-de) AppleWebKit/533.17.8 (KHTML, like Gecko) Version/4.1.1 Safari/533.17.8"
79.247.84.98 - - [02/Sep/2010:21:36:00 +0200] "GET /content/themes/blackcandy/images/headerRounded.png HTTP/1.1" 200 763 "http://www.awo-kv-bernau.de/content/ueberregionale-fruehfoerder-und-beratungsstelle-hoeren/" "Mozilla/5.0 (Macintosh; U; PPC Mac OS X 10_4_11; de-de) AppleWebKit/533.17.8 (KHTML, like Gecko) Version/4.1.1 Safari/533.17.8"
79.247.84.98 - - [02/Sep/2010:21:36:00 +0200] "GET /content/themes/blackcandy/images/activeTabLeft.png HTTP/1.1" 200 433 "http://www.awo-kv-bernau.de/content/ueberregionale-fruehfoerder-und-beratungsstelle-hoeren/" "Mozilla/5.0 (Macintosh; U; PPC Mac OS X 10_4_11; de-de) AppleWebKit/533.17.8 (KHTML, like Gecko) Version/4.1.1 Safari/533.17.8"
79.247.84.98 - - [02/Sep/2010:21:36:00 +0200] "GET /content/themes/blackcandy/images/activeTabRight.png HTTP/1.1" 200 433 "http://www.awo-kv-bernau.de/content/ueberregionale-fruehfoerder-und-beratungsstelle-hoeren/" "Mozilla/5.0 (Macintosh; U; PPC Mac OS X 10_4_11; de-de) AppleWebKit/533.17.8 (KHTML, like Gecko) Version/4.1.1 Safari/533.17.8"
79.247.84.98 - - [02/Sep/2010:21:36:00 +0200] "GET /content/themes/blackcandy/images/herz.png HTTP/1.1" 200 344 "http://www.awo-kv-bernau.de/content/ueberregionale-fruehfoerder-und-beratungsstelle-hoeren/" "Mozilla/5.0 (Macintosh; U; PPC Mac OS X 10_4_11; de-de) AppleWebKit/533.17.8 (KHTML, like Gecko) Version/4.1.1 Safari/533.17.8"
79.247.84.98 - - [02/Sep/2010:21:36:00 +0200] "GET /content/themes/blackcandy/images/header.jpg HTTP/1.1" 200 45038 "http://www.awo-kv-bernau.de/content/ueberregionale-fruehfoerder-und-beratungsstelle-hoeren/" "Mozilla/5.0 (Macintosh; U; PPC Mac OS X 10_4_11; de-de) AppleWebKit/533.17.8 (KHTML, like Gecko) Version/4.1.1 Safari/533.17.8"
79.247.84.98 - - [02/Sep/2010:21:36:00 +0200] "GET /content/themes/blackcandy/images/footer.png HTTP/1.1" 200 884 "http://www.awo-kv-bernau.de/content/ueberregionale-fruehfoerder-und-beratungsstelle-hoeren/" "Mozilla/5.0 (Macintosh; U; PPC Mac OS X 10_4_11; de-de) AppleWebKit/533.17.8 (KHTML, like Gecko) Version/4.1.1 Safari/533.17.8"
79.247.84.98 - - [02/Sep/2010:21:36:00 +0200] "GET /content/themes/blackcandy/images/subheader.jpg HTTP/1.1" 200 52576 "http://www.awo-kv-bernau.de/content/ueberregionale-fruehfoerder-und-beratungsstelle-hoeren/" "Mozilla/5.0 (Macintosh; U; PPC Mac OS X 10_4_11; de-de) AppleWebKit/533.17.8 (KHTML, like Gecko) Version/4.1.1 Safari/533.17.8"
79.247.84.98 - - [02/Sep/2010:21:36:05 +0200] "GET /favicon.ico HTTP/1.1" 404 1256 "http://www.awo-kv-bernau.de/content/assets/Beratung/Frueh2/hoeren.jpg" "Mozilla/5.0 (Macintosh; U; PPC Mac OS X 10_4_11; de-de) AppleWebKit/533.17.8 (KHTML, like Gecko) Version/4.1.1 Safari/533.17.8"
66.249.71.40 - - [02/Sep/2010:21:38:09 +0200] "GET /content/kalender/jax_calendar.php?Y=4246&m=10&d=36&view=d1 HTTP/1.1" 200 11868 "-" "Mozilla/5.0 (compatible; Googlebot/2.1; +http://www.google.com/bot.html)"
66.249.71.40 - - [02/Sep/2010:21:40:44 +0200] "GET /content/kalender/jax_calendar.php?Y=-9912&m=5&d=1&cal_id=0&language=english&gmt_ofs=0&view=d1 HTTP/1.1" 200 11703 "-" "Mozilla/5.0 (compatible; Googlebot/2.1; +http://www.google.com/bot.html)"
65.52.51.179 - - [02/Sep/2010:21:41:03 +0200] "GET /robots.txt HTTP/1.1" 404 1256 "-" "msnbot/2.0b (+http://search.msn.com/msnbot.htm)"
66.249.71.40 - - [02/Sep/2010:21:43:18 +0200] "GET /content/kalender/jax_calendar.php?Y=4257&m=11&d=16&view=d1 HTTP/1.1" 200 11870 "-" "Mozilla/5.0 (compatible; Googlebot/2.1; +http://www.google.com/bot.html)"
66.249.71.40 - - [02/Sep/2010:21:45:52 +0200] "GET /content/kalender/jax_calendar.php?Y=-10156&m=5&d=5&view=d1 HTTP/1.1" 200 11958 "-" "Mozilla/5.0 (compatible; Googlebot/2.1; +http://www.google.com/bot.html)"
67.195.115.117 - - [02/Sep/2010:21:46:41 +0200] "GET /content/spenden/ HTTP/1.0" 200 9302 "-" "Mozilla/5.0 (compatible; Yahoo! Slurp/3.0; http://help.yahoo.com/help/us/ysearch/slurp)"
66.249.71.40 - - [02/Sep/2010:21:48:27 +0200] "GET /content/kalender/jax_calendar.php?Y=-9911&m=12&d=1&cal_id=0&language=english&gmt_ofs=0&view=d1 HTTP/1.1" 200 11765 "-" "Mozilla/5.0 (compatible; Googlebot/2.1; +http://www.google.com/bot.html)"
81.17.208.4 - - [02/Sep/2010:21:48:51 +0200] "HEAD /content/assets/Stellenanzeigen/stellenausschreibungpflegefachkraftaph.pdf HTTP/1.1" 200 - "-" "Mozilla/5.0 (compatible; jobs.de-Robot +http://www.jobs.de)"
67.195.115.117 - - [02/Sep/2010:21:50:55 +0200] "GET /content/assets/Stellenanzeigen/stellenbeschreibungpflegefachkraft1209.pdf HTTP/1.0" 200 34649 "-" "Mozilla/5.0 (compatible; Yahoo! Slurp/3.0; http://help.yahoo.com/help/us/ysearch/slurp)"
66.249.71.40 - - [02/Sep/2010:21:51:02 +0200] "GET /content/kalender/jax_calendar.php?Y=-10140&m=2&d=8&cal_id=0&language=german&gmt_ofs=-1&view=d1 HTTP/1.1" 200 11862 "-" "Mozilla/5.0 (compatible; Googlebot/2.1; +http://www.google.com/bot.html)"
66.249.71.40 - - [02/Sep/2010:21:53:36 +0200] "GET /content/kalender/jax_calendar.php?Y=4236&m=9&d=8&cal_id=0&language=german&gmt_ofs=-1&view=d1 HTTP/1.1" 200 11673 "-" "Mozilla/5.0 (compatible; Googlebot/2.1; +http://www.google.com/bot.html)"
66.249.71.40 - - [02/Sep/2010:21:56:11 +0200] "GET /content/kalender/jax_calendar.php?Y=-10092&m=11&d=1&cal_id=0&language=german&gmt_ofs=-1&view=d1 HTTP/1.1" 200 11926 "-" "Mozilla/5.0 (compatible; Googlebot/2.1; +http://www.google.com/bot.html)"
66.249.71.40 - - [02/Sep/2010:21:58:45 +0200] "GET /content/kalender/jax_calendar.php?Y=-9912&m=6&d=1&cal_id=0&language=english&gmt_ofs=0&view=d1 HTTP/1.1" 200 11703 "-" "Mozilla/5.0 (compatible; Googlebot/2.1; +http://www.google.com/bot.html)"
66.249.71.40 - - [02/Sep/2010:22:01:20 +0200] "GET /content/kalender/jax_calendar.php?Y=4254&m=1&d=17&view=d1 HTTP/1.1" 200 11806 "-" "Mozilla/5.0 (compatible; Googlebot/2.1; +http://www.google.com/bot.html)"
66.249.71.40 - - [02/Sep/2010:22:03:55 +0200] "GET /content/kalender/jax_calendar.php?Y=1583&m=6&d=29&view=d1 HTTP/1.1" 200 11803 "-" "Mozilla/5.0 (compatible; Googlebot/2.1; +http://www.google.com/bot.html)"
66.249.71.40 - - [02/Sep/2010:22:06:04 +0200] "GET /content/kalender/jax_calendar.php?Y=4238&m=10&d=8&cal_id=0&language=german&gmt_ofs=-1&view=d1 HTTP/1.1" 200 11732 "-" "Mozilla/5.0 (compatible; Googlebot/2.1; +http://www.google.com/bot.html)"
66.249.71.40 - - [02/Sep/2010:22:06:04 +0200] "GET /content/kalender/jax_calendar.php?Y=1581&m=11&d=29&cal_id=0&language=german&gmt_ofs=-1&view=d1 HTTP/1.1" 200 11770 "-" "Mozilla/5.0 (compatible; Googlebot/2.1; +http://www.google.com/bot.html)"
66.249.71.40 - - [02/Sep/2010:22:06:05 +0200] "GET /content/kalender/jax_calendar.php?Y=4248&m=6&d=15&view=d1 HTTP/1.1" 200 11803 "-" "Mozilla/5.0 (compatible; Googlebot/2.1; +http://www.google.com/bot.html)"
66.249.71.40 - - [02/Sep/2010:22:08:38 +0200] "GET /content/kalender/jax_calendar.php?Y=-9912&m=2&d=1&cal_id=0&language=english&gmt_ofs=0&view=d1 HTTP/1.1" 200 11703 "-" "Mozilla/5.0 (compatible; Googlebot/2.1; +http://www.google.com/bot.html)"
88.72.27.20 - - [02/Sep/2010:22:10:52 +0200] "GET /content/aktuelles/ HTTP/1.1" 200 10044 "-" "Mozilla/5.0 (Windows; U; Windows NT 5.1; en-US; rv:1.9.2.8) Gecko/20100722 Firefox/3.6.8 ( .NET CLR 3.5.30729)"
88.72.27.20 - - [02/Sep/2010:22:10:53 +0200] "GET /content/themes/blackcandy/css/layout.css?m=1281258825 HTTP/1.1" 304 - "http://www.awo-kv-bernau.de/content/aktuelles/" "Mozilla/5.0 (Windows; U; Windows NT 5.1; en-US; rv:1.9.2.8) Gecko/20100722 Firefox/3.6.8 ( .NET CLR 3.5.30729)"
88.72.27.20 - - [02/Sep/2010:22:10:53 +0200] "GET /content/themes/blackcandy/css/typography.css?m=1281262824 HTTP/1.1" 304 - "http://www.awo-kv-bernau.de/content/aktuelles/" "Mozilla/5.0 (Windows; U; Windows NT 5.1; en-US; rv:1.9.2.8) Gecko/20100722 Firefox/3.6.8 ( .NET CLR 3.5.30729)"
88.72.27.20 - - [02/Sep/2010:22:10:53 +0200] "GET /content/themes/blackcandy/css/form.css?m=1277278133 HTTP/1.1" 304 - "http://www.awo-kv-bernau.de/content/aktuelles/" "Mozilla/5.0 (Windows; U; Windows NT 5.1; en-US; rv:1.9.2.8) Gecko/20100722 Firefox/3.6.8 ( .NET CLR 3.5.30729)"
88.72.27.20 - - [02/Sep/2010:22:10:56 +0200] "GET /content/themes/blackcandy/images/hoverTabLeft.png HTTP/1.1" 200 400 "http://www.awo-kv-bernau.de/content/themes/blackcandy/css/layout.css?m=1281258825" "Mozilla/5.0 (Windows; U; Windows NT 5.1; en-US; rv:1.9.2.8) Gecko/20100722 Firefox/3.6.8 ( .NET CLR 3.5.30729)"
88.72.27.20 - - [02/Sep/2010:22:10:56 +0200] "GET /content/themes/blackcandy/images/hoverTabRight.png HTTP/1.1" 200 429 "http://www.awo-kv-bernau.de/content/themes/blackcandy/css/layout.css?m=1281258825" "Mozilla/5.0 (Windows; U; Windows NT 5.1; en-US; rv:1.9.2.8) Gecko/20100722 Firefox/3.6.8 ( .NET CLR 3.5.30729)"
88.72.27.20 - - [02/Sep/2010:22:10:56 +0200] "GET /favicon.ico HTTP/1.1" 404 1256 "-" "Mozilla/5.0 (Windows; U; Windows NT 5.1; en-US; rv:1.9.2.8) Gecko/20100722 Firefox/3.6.8 ( .NET CLR 3.5.30729)"
66.249.71.40 - - [02/Sep/2010:22:12:37 +0200] "GET /content/kalender/jax_calendar.php?Y=4240&m=12&d=8&cal_id=0&language=german&gmt_ofs=-1&view=d1 HTTP/1.1" 200 11733 "-" "Mozilla/5.0 (compatible; Googlebot/2.1; +http://www.google.com/bot.html)"
66.249.71.40 - - [02/Sep/2010:22:16:38 +0200] "GET /content/kalender/jax_calendar.php?Y=-9905&m=1&d=1&cal_id=0&language=english&gmt_ofs=0&view=d1 HTTP/1.1" 200 11704 "-" "Mozilla/5.0 (compatible; Googlebot/2.1; +http://www.google.com/bot.html)"
81.17.208.4 - - [02/Sep/2010:22:17:06 +0200] "HEAD /content/assets/Stellenanzeigen/stellenbeschreibungffhoeren012010.pdf HTTP/1.1" 200 - "-" "Mozilla/5.0 (compatible; jobs.de-Robot +http://www.jobs.de)"
84.148.121.144 - - [02/Sep/2010:22:17:36 +0200] "GET / HTTP/1.1" 302 - "http://www.google.de/search?q=awo+bernau&ie=utf-8&oe=utf-8&aq=t&client=firefox-a&rlz=1R1GGLL_de" "Mozilla/5.0 (Windows; U; Windows NT 6.1; de; rv:1.9.2.8) Gecko/20100722 Firefox/3.6.8 GTB7.1"
84.148.121.144 - - [02/Sep/2010:22:17:37 +0200] "GET /content/aktuelles/ HTTP/1.1" 200 10044 "http://www.google.de/search?q=awo+bernau&ie=utf-8&oe=utf-8&aq=t&client=firefox-a&rlz=1R1GGLL_de" "Mozilla/5.0 (Windows; U; Windows NT 6.1; de; rv:1.9.2.8) Gecko/20100722 Firefox/3.6.8 GTB7.1"
84.148.121.144 - - [02/Sep/2010:22:17:38 +0200] "GET / HTTP/1.1" 302 - "http://www.google.de/search?q=awo+bernau&ie=utf-8&oe=utf-8&aq=t&client=firefox-a&rlz=1R1GGLL_de" "Mozilla/5.0 (Windows; U; Windows NT 6.1; de; rv:1.9.2.8) Gecko/20100722 Firefox/3.6.8 GTB7.1"
84.148.121.144 - - [02/Sep/2010:22:17:38 +0200] "GET /content/aktuelles/ HTTP/1.1" 200 10044 "http://www.google.de/search?q=awo+bernau&ie=utf-8&oe=utf-8&aq=t&client=firefox-a&rlz=1R1GGLL_de" "Mozilla/5.0 (Windows; U; Windows NT 6.1; de; rv:1.9.2.8) Gecko/20100722 Firefox/3.6.8 GTB7.1"
84.148.121.144 - - [02/Sep/2010:22:17:39 +0200] "GET /content/themes/blackcandy/css/layout.css?m=1281258825 HTTP/1.1" 200 9945 "http://www.awo-kv-bernau.de/content/aktuelles/" "Mozilla/5.0 (Windows; U; Windows NT 6.1; de; rv:1.9.2.8) Gecko/20100722 Firefox/3.6.8 GTB7.1"
84.148.121.144 - - [02/Sep/2010:22:17:39 +0200] "GET /content/themes/blackcandy/css/typography.css?m=1281262824 HTTP/1.1" 200 5090 "http://www.awo-kv-bernau.de/content/aktuelles/" "Mozilla/5.0 (Windows; U; Windows NT 6.1; de; rv:1.9.2.8) Gecko/20100722 Firefox/3.6.8 GTB7.1"
84.148.121.144 - - [02/Sep/2010:22:17:39 +0200] "GET /content/themes/blackcandy/css/form.css?m=1277278133 HTTP/1.1" 200 1856 "http://www.awo-kv-bernau.de/content/aktuelles/" "Mozilla/5.0 (Windows; U; Windows NT 6.1; de; rv:1.9.2.8) Gecko/20100722 Firefox/3.6.8 GTB7.1"
84.148.121.144 - - [02/Sep/2010:22:17:39 +0200] "GET /content/assets/Aktuelles/aktuelles010910.jpg HTTP/1.1" 200 29458 "http://www.awo-kv-bernau.de/content/aktuelles/" "Mozilla/5.0 (Windows; U; Windows NT 6.1; de; rv:1.9.2.8) Gecko/20100722 Firefox/3.6.8 GTB7.1"
84.148.121.144 - - [02/Sep/2010:22:17:39 +0200] "GET /content/assets/Aktuelles/aktuelles140810.jpg HTTP/1.1" 200 20737 "http://www.awo-kv-bernau.de/content/aktuelles/" "Mozilla/5.0 (Windows; U; Windows NT 6.1; de; rv:1.9.2.8) Gecko/20100722 Firefox/3.6.8 GTB7.1"
84.148.121.144 - - [02/Sep/2010:22:17:39 +0200] "GET /content/assets/Aktuelles/aktuelles160710.jpg HTTP/1.1" 200 17303 "http://www.awo-kv-bernau.de/content/aktuelles/" "Mozilla/5.0 (Windows; U; Windows NT 6.1; de; rv:1.9.2.8) Gecko/20100722 Firefox/3.6.8 GTB7.1"
84.148.121.144 - - [02/Sep/2010:22:17:39 +0200] "GET /content/assets/Aktuelles/awologo.jpg HTTP/1.1" 200 2292 "http://www.awo-kv-bernau.de/content/aktuelles/" "Mozilla/5.0 (Windows; U; Windows NT 6.1; de; rv:1.9.2.8) Gecko/20100722 Firefox/3.6.8 GTB7.1"
84.148.121.144 - - [02/Sep/2010:22:17:39 +0200] "GET /favicon.ico HTTP/1.1" 404 1256 "-" "Mozilla/5.0 (Windows; U; Windows NT 6.1; de; rv:1.9.2.8) Gecko/20100722 Firefox/3.6.8 GTB7.1"
84.148.121.144 - - [02/Sep/2010:22:17:39 +0200] "GET /content/themes/blackcandy/images/headerRounded.png HTTP/1.1" 200 763 "http://www.awo-kv-bernau.de/content/themes/blackcandy/css/layout.css?m=1281258825" "Mozilla/5.0 (Windows; U; Windows NT 6.1; de; rv:1.9.2.8) Gecko/20100722 Firefox/3.6.8 GTB7.1"
84.148.121.144 - - [02/Sep/2010:22:17:39 +0200] "GET /content/themes/blackcandy/images/activeTabLeft.png HTTP/1.1" 200 433 "http://www.awo-kv-bernau.de/content/themes/blackcandy/css/layout.css?m=1281258825" "Mozilla/5.0 (Windows; U; Windows NT 6.1; de; rv:1.9.2.8) Gecko/20100722 Firefox/3.6.8 GTB7.1"
84.148.121.144 - - [02/Sep/2010:22:17:39 +0200] "GET /content/themes/blackcandy/images/activeTabRight.png HTTP/1.1" 200 433 "http://www.awo-kv-bernau.de/content/themes/blackcandy/css/layout.css?m=1281258825" "Mozilla/5.0 (Windows; U; Windows NT 6.1; de; rv:1.9.2.8) Gecko/20100722 Firefox/3.6.8 GTB7.1"
84.148.121.144 - - [02/Sep/2010:22:17:39 +0200] "GET /content/themes/blackcandy/images/herz.png HTTP/1.1" 200 344 "http://www.awo-kv-bernau.de/content/themes/blackcandy/css/layout.css?m=1281258825" "Mozilla/5.0 (Windows; U; Windows NT 6.1; de; rv:1.9.2.8) Gecko/20100722 Firefox/3.6.8 GTB7.1"
84.148.121.144 - - [02/Sep/2010:22:17:39 +0200] "GET /content/assets/Aktuelles/aktuelles110810.jpg HTTP/1.1" 200 73350 "http://www.awo-kv-bernau.de/content/aktuelles/" "Mozilla/5.0 (Windows; U; Windows NT 6.1; de; rv:1.9.2.8) Gecko/20100722 Firefox/3.6.8 GTB7.1"
84.148.121.144 - - [02/Sep/2010:22:17:39 +0200] "GET /content/themes/blackcandy/images/footer.png HTTP/1.1" 200 884 "http://www.awo-kv-bernau.de/content/themes/blackcandy/css/layout.css?m=1281258825" "Mozilla/5.0 (Windows; U; Windows NT 6.1; de; rv:1.9.2.8) Gecko/20100722 Firefox/3.6.8 GTB7.1"
84.148.121.144 - - [02/Sep/2010:22:17:39 +0200] "GET /favicon.ico HTTP/1.1" 404 1256 "-" "Mozilla/5.0 (Windows; U; Windows NT 6.1; de; rv:1.9.2.8) Gecko/20100722 Firefox/3.6.8 GTB7.1"
84.148.121.144 - - [02/Sep/2010:22:17:39 +0200] "GET /content/themes/blackcandy/images/subheader.jpg HTTP/1.1" 200 52576 "http://www.awo-kv-bernau.de/content/themes/blackcandy/css/layout.css?m=1281258825" "Mozilla/5.0 (Windows; U; Windows NT 6.1; de; rv:1.9.2.8) Gecko/20100722 Firefox/3.6.8 GTB7.1"
84.148.121.144 - - [02/Sep/2010:22:17:39 +0200] "GET /content/themes/blackcandy/images/header.jpg HTTP/1.1" 200 45038 "http://www.awo-kv-bernau.de/content/themes/blackcandy/css/layout.css?m=1281258825" "Mozilla/5.0 (Windows; U; Windows NT 6.1; de; rv:1.9.2.8) Gecko/20100722 Firefox/3.6.8 GTB7.1"
84.148.121.144 - - [02/Sep/2010:22:17:40 +0200] "GET /favicon.ico HTTP/1.1" 404 1256 "-" "Mozilla/5.0 (Windows; U; Windows NT 6.1; de; rv:1.9.2.8) Gecko/20100722 Firefox/3.6.8 GTB7.1"
84.148.121.144 - - [02/Sep/2010:22:17:42 +0200] "GET /content/vorstand/ HTTP/1.1" 200 9356 "http://www.awo-kv-bernau.de/content/aktuelles/" "Mozilla/5.0 (Windows; U; Windows NT 6.1; de; rv:1.9.2.8) Gecko/20100722 Firefox/3.6.8 GTB7.1"
84.148.121.144 - - [02/Sep/2010:22:17:43 +0200] "GET /content/themes/blackcandy/css/layout.css?m=1281258825 HTTP/1.1" 304 - "http://www.awo-kv-bernau.de/content/vorstand/" "Mozilla/5.0 (Windows; U; Windows NT 6.1; de; rv:1.9.2.8) Gecko/20100722 Firefox/3.6.8 GTB7.1"
84.148.121.144 - - [02/Sep/2010:22:17:43 +0200] "GET /content/themes/blackcandy/css/typography.css?m=1281262824 HTTP/1.1" 304 - "http://www.awo-kv-bernau.de/content/vorstand/" "Mozilla/5.0 (Windows; U; Windows NT 6.1; de; rv:1.9.2.8) Gecko/20100722 Firefox/3.6.8 GTB7.1"
84.148.121.144 - - [02/Sep/2010:22:17:43 +0200] "GET /content/themes/blackcandy/css/form.css?m=1277278133 HTTP/1.1" 304 - "http://www.awo-kv-bernau.de/content/vorstand/" "Mozilla/5.0 (Windows; U; Windows NT 6.1; de; rv:1.9.2.8) Gecko/20100722 Firefox/3.6.8 GTB7.1"
84.148.121.144 - - [02/Sep/2010:22:17:43 +0200] "GET /content/assets/Vorstand/frankpeters1.jpg HTTP/1.1" 200 11748 "http://www.awo-kv-bernau.de/content/vorstand/" "Mozilla/5.0 (Windows; U; Windows NT 6.1; de; rv:1.9.2.8) Gecko/20100722 Firefox/3.6.8 GTB7.1"
84.148.121.144 - - [02/Sep/2010:22:17:43 +0200] "GET /content/assets/Vorstand/vorstand0710.jpg HTTP/1.1" 200 35471 "http://www.awo-kv-bernau.de/content/vorstand/" "Mozilla/5.0 (Windows; U; Windows NT 6.1; de; rv:1.9.2.8) Gecko/20100722 Firefox/3.6.8 GTB7.1"
207.46.195.223 - - [02/Sep/2010:22:19:08 +0200] "GET /robots.txt HTTP/1.1" 404 1256 "-" "msnbot/2.0b (+http://search.msn.com/msnbot.htm)"
66.249.71.40 - - [02/Sep/2010:22:20:39 +0200] "GET /content/kalender/jax_calendar.php?Y=4259&m=1&d=26&view=d1 HTTP/1.1" 200 11806 "-" "Mozilla/5.0 (compatible; Googlebot/2.1; +http://www.google.com/bot.html)"
81.17.208.4 - - [02/Sep/2010:22:21:16 +0200] "HEAD /content/assets/Stellenanzeigen/stellenbeschreibungerzieher012010.pdf HTTP/1.1" 200 - "-" "Mozilla/5.0 (compatible; jobs.de-Robot +http://www.jobs.de)"
88.72.27.20 - - [02/Sep/2010:22:23:33 +0200] "GET /content/aktuelles/ HTTP/1.1" 200 10044 "-" "Mozilla/5.0 (Windows; U; Windows NT 5.1; en-US; rv:1.9.2.8) Gecko/20100722 Firefox/3.6.8 ( .NET CLR 3.5.30729)"
88.72.27.20 - - [02/Sep/2010:22:23:34 +0200] "GET /content/themes/blackcandy/css/layout.css?m=1281258825 HTTP/1.1" 304 - "http://www.awo-kv-bernau.de/content/aktuelles/" "Mozilla/5.0 (Windows; U; Windows NT 5.1; en-US; rv:1.9.2.8) Gecko/20100722 Firefox/3.6.8 ( .NET CLR 3.5.30729)"
88.72.27.20 - - [02/Sep/2010:22:23:34 +0200] "GET /content/themes/blackcandy/css/form.css?m=1277278133 HTTP/1.1" 304 - "http://www.awo-kv-bernau.de/content/aktuelles/" "Mozilla/5.0 (Windows; U; Windows NT 5.1; en-US; rv:1.9.2.8) Gecko/20100722 Firefox/3.6.8 ( .NET CLR 3.5.30729)"
88.72.27.20 - - [02/Sep/2010:22:23:34 +0200] "GET /content/themes/blackcandy/css/typography.css?m=1281262824 HTTP/1.1" 304 - "http://www.awo-kv-bernau.de/content/aktuelles/" "Mozilla/5.0 (Windows; U; Windows NT 5.1; en-US; rv:1.9.2.8) Gecko/20100722 Firefox/3.6.8 ( .NET CLR 3.5.30729)"
66.249.71.40 - - [02/Sep/2010:22:24:40 +0200] "GET /content/kalender/jax_calendar.php?Y=4254&m=12&d=23&view=d1 HTTP/1.1" 200 11869 "-" "Mozilla/5.0 (compatible; Googlebot/2.1; +http://www.google.com/bot.html)"
84.148.121.144 - - [02/Sep/2010:22:28:09 +0200] "GET /content/awo-ortsverein-basdorf/ HTTP/1.1" 200 11425 "http://www.google.de/imgres?imgurl=http://www.awo-kv-bernau.de/content/assets/Ortsvereine/OV-Basdorf/ovbasdorf1209.jpg&imgrefurl=http://www.awo-kv-bernau.de/content/awo-ortsverein-basdorf/&usg=__PjFmjVAE8R2JLrqNmgcVfSVp6Vk=&h=176&w=538&sz=27&hl=de&start=1&sig2=KSn8srjMNwhzQxxIU2zbuA&zoom=1&itbs=1&tbnid=EvdxJswDM2iduM:&tbnh=43&tbnw=132&prev=/images%3Fq%3D%2522Waltrud%2BStrebe%2522%2Bbernau%26hl%3Dde%26safe%3Doff%26rlz%3D1B3GGLL_deDE395DE395%26tbs%3Disch:1&ei=1giATL_0G4-A4QbdwoHUCw" "Mozilla/5.0 (Windows; U; Windows NT 6.1; de; rv:1.9.2.8) Gecko/20100722 Firefox/3.6.8 GTB7.1"
84.148.121.144 - - [02/Sep/2010:22:28:10 +0200] "GET /content/themes/blackcandy/css/layout.css?m=1281258825 HTTP/1.1" 304 - "http://www.awo-kv-bernau.de/content/awo-ortsverein-basdorf/" "Mozilla/5.0 (Windows; U; Windows NT 6.1; de; rv:1.9.2.8) Gecko/20100722 Firefox/3.6.8 GTB7.1"
84.148.121.144 - - [02/Sep/2010:22:28:10 +0200] "GET /content/themes/blackcandy/css/typography.css?m=1281262824 HTTP/1.1" 304 - "http://www.awo-kv-bernau.de/content/awo-ortsverein-basdorf/" "Mozilla/5.0 (Windows; U; Windows NT 6.1; de; rv:1.9.2.8) Gecko/20100722 Firefox/3.6.8 GTB7.1"
84.148.121.144 - - [02/Sep/2010:22:28:10 +0200] "GET /content/themes/blackcandy/css/form.css?m=1277278133 HTTP/1.1" 304 - "http://www.awo-kv-bernau.de/content/awo-ortsverein-basdorf/" "Mozilla/5.0 (Windows; U; Windows NT 6.1; de; rv:1.9.2.8) Gecko/20100722 Firefox/3.6.8 GTB7.1"
84.148.121.144 - - [02/Sep/2010:22:28:10 +0200] "GET /content/assets/Ortsvereine/OV-Basdorf/ovbasdorf1209.jpg HTTP/1.1" 200 27415 "http://www.awo-kv-bernau.de/content/awo-ortsverein-basdorf/" "Mozilla/5.0 (Windows; U; Windows NT 6.1; de; rv:1.9.2.8) Gecko/20100722 Firefox/3.6.8 GTB7.1"
66.249.71.40 - - [02/Sep/2010:22:28:40 +0200] "GET /content/kalender/jax_calendar.php?Y=-10147&m=2&d=15&view=d1 HTTP/1.1" 200 11998 "-" "Mozilla/5.0 (compatible; Googlebot/2.1; +http://www.google.com/bot.html)"
91.44.88.204 - - [02/Sep/2010:22:33:40 +0200] "GET /content/stellenangebote/ HTTP/1.1" 200 8411 "-" "Mozilla/5.0 (Windows; U; Windows NT 6.1; de; rv:1.9.2.8) Gecko/20100722 Firefox/3.6.8"
91.44.88.204 - - [02/Sep/2010:22:33:45 +0200] "GET /content/themes/blackcandy/css/typography.css?m=1281262824 HTTP/1.1" 200 5090 "http://www.awo-kv-bernau.de/content/stellenangebote/" "Mozilla/5.0 (Windows; U; Windows NT 6.1; de; rv:1.9.2.8) Gecko/20100722 Firefox/3.6.8"
91.44.88.204 - - [02/Sep/2010:22:33:46 +0200] "GET /content/themes/blackcandy/css/form.css?m=1277278133 HTTP/1.1" 200 1856 "http://www.awo-kv-bernau.de/content/stellenangebote/" "Mozilla/5.0 (Windows; U; Windows NT 6.1; de; rv:1.9.2.8) Gecko/20100722 Firefox/3.6.8"
91.44.88.204 - - [02/Sep/2010:22:33:46 +0200] "GET /favicon.ico HTTP/1.1" 404 1256 "-" "Mozilla/5.0 (Windows; U; Windows NT 6.1; de; rv:1.9.2.8) Gecko/20100722 Firefox/3.6.8"
91.44.88.204 - - [02/Sep/2010:22:33:47 +0200] "GET /favicon.ico HTTP/1.1" 404 1256 "-" "Mozilla/5.0 (Windows; U; Windows NT 6.1; de; rv:1.9.2.8) Gecko/20100722 Firefox/3.6.8"
91.44.88.204 - - [02/Sep/2010:22:33:48 +0200] "GET /content/themes/blackcandy/css/layout.css?m=1281258825 HTTP/1.1" 200 9945 "http://www.awo-kv-bernau.de/content/stellenangebote/" "Mozilla/5.0 (Windows; U; Windows NT 6.1; de; rv:1.9.2.8) Gecko/20100722 Firefox/3.6.8"
91.44.88.204 - - [02/Sep/2010:22:33:52 +0200] "GET /content/themes/blackcandy/images/activeTabRight.png HTTP/1.1" 200 433 "http://www.awo-kv-bernau.de/content/themes/blackcandy/css/layout.css?m=1281258825" "Mozilla/5.0 (Windows; U; Windows NT 6.1; de; rv:1.9.2.8) Gecko/20100722 Firefox/3.6.8"
91.44.88.204 - - [02/Sep/2010:22:33:52 +0200] "GET /content/themes/blackcandy/images/herz.png HTTP/1.1" 200 344 "http://www.awo-kv-bernau.de/content/themes/blackcandy/css/layout.css?m=1281258825" "Mozilla/5.0 (Windows; U; Windows NT 6.1; de; rv:1.9.2.8) Gecko/20100722 Firefox/3.6.8"
91.44.88.204 - - [02/Sep/2010:22:33:52 +0200] "GET /content/themes/blackcandy/images/activeTabLeft.png HTTP/1.1" 200 433 "http://www.awo-kv-bernau.de/content/themes/blackcandy/css/layout.css?m=1281258825" "Mozilla/5.0 (Windows; U; Windows NT 6.1; de; rv:1.9.2.8) Gecko/20100722 Firefox/3.6.8"
91.44.88.204 - - [02/Sep/2010:22:33:52 +0200] "GET /content/themes/blackcandy/images/headerRounded.png HTTP/1.1" 200 763 "http://www.awo-kv-bernau.de/content/themes/blackcandy/css/layout.css?m=1281258825" "Mozilla/5.0 (Windows; U; Windows NT 6.1; de; rv:1.9.2.8) Gecko/20100722 Firefox/3.6.8"
91.44.88.204 - - [02/Sep/2010:22:33:52 +0200] "GET /content/themes/blackcandy/images/footer.png HTTP/1.1" 200 884 "http://www.awo-kv-bernau.de/content/themes/blackcandy/css/layout.css?m=1281258825" "Mozilla/5.0 (Windows; U; Windows NT 6.1; de; rv:1.9.2.8) Gecko/20100722 Firefox/3.6.8"
91.44.88.204 - - [02/Sep/2010:22:33:51 +0200] "GET /content/themes/blackcandy/images/subheader.jpg HTTP/1.1" 200 52576 "http://www.awo-kv-bernau.de/content/themes/blackcandy/css/layout.css?m=1281258825" "Mozilla/5.0 (Windows; U; Windows NT 6.1; de; rv:1.9.2.8) Gecko/20100722 Firefox/3.6.8"
91.44.88.204 - - [02/Sep/2010:22:33:52 +0200] "GET /content/themes/blackcandy/images/header.jpg HTTP/1.1" 200 45038 "http://www.awo-kv-bernau.de/content/themes/blackcandy/css/layout.css?m=1281258825" "Mozilla/5.0 (Windows; U; Windows NT 6.1; de; rv:1.9.2.8) Gecko/20100722 Firefox/3.6.8"
91.44.88.204 - - [02/Sep/2010:22:33:52 +0200] "GET /content/themes/blackcandy/images/icons/page_white_acrobat.png HTTP/1.1" 200 591 "http://www.awo-kv-bernau.de/content/themes/blackcandy/css/typography.css?m=1281262824" "Mozilla/5.0 (Windows; U; Windows NT 6.1; de; rv:1.9.2.8) Gecko/20100722 Firefox/3.6.8"
66.249.71.40 - - [02/Sep/2010:22:34:06 +0200] "GET /content/kalender/jax_calendar.php?Y=4249&m=11&d=8&cal_id=0&language=german&gmt_ofs=-1&view=d1 HTTP/1.1" 200 11734 "-" "Mozilla/5.0 (compatible; Googlebot/2.1; +http://www.google.com/bot.html)"
66.249.71.40 - - [02/Sep/2010:22:36:56 +0200] "GET /content/kalender/jax_calendar.php?Y=4241&m=11&d=1&cal_id=0&language=german&gmt_ofs=-1&view=d1 HTTP/1.1" 200 11734 "-" "Mozilla/5.0 (compatible; Googlebot/2.1; +http://www.google.com/bot.html)"
91.44.88.204 - - [02/Sep/2010:22:37:58 +0200] "GET /content/stellenangebote/ HTTP/1.1" 200 8411 "http://www.awo-kv-bernau.de/content/stellenangebote/" "Mozilla/5.0 (Windows; U; Windows NT 6.1; de; rv:1.9.2.8) Gecko/20100722 Firefox/3.6.8"
91.44.88.204 - - [02/Sep/2010:22:37:59 +0200] "GET /content/themes/blackcandy/css/layout.css?m=1281258825 HTTP/1.1" 304 - "http://www.awo-kv-bernau.de/content/stellenangebote/" "Mozilla/5.0 (Windows; U; Windows NT 6.1; de; rv:1.9.2.8) Gecko/20100722 Firefox/3.6.8"
91.44.88.204 - - [02/Sep/2010:22:37:59 +0200] "GET /content/themes/blackcandy/css/typography.css?m=1281262824 HTTP/1.1" 304 - "http://www.awo-kv-bernau.de/content/stellenangebote/" "Mozilla/5.0 (Windows; U; Windows NT 6.1; de; rv:1.9.2.8) Gecko/20100722 Firefox/3.6.8"
91.44.88.204 - - [02/Sep/2010:22:37:59 +0200] "GET /content/themes/blackcandy/css/form.css?m=1277278133 HTTP/1.1" 304 - "http://www.awo-kv-bernau.de/content/stellenangebote/" "Mozilla/5.0 (Windows; U; Windows NT 6.1; de; rv:1.9.2.8) Gecko/20100722 Firefox/3.6.8"
66.249.71.40 - - [02/Sep/2010:22:39:02 +0200] "GET /content/kalender/jax_calendar.php?Y=1586&m=11&d=8&view=d1 HTTP/1.1" 200 11834 "-" "Mozilla/5.0 (compatible; Googlebot/2.1; +http://www.google.com/bot.html)"
66.249.71.40 - - [02/Sep/2010:22:39:03 +0200] "GET /content/kalender/jax_calendar.php?Y=1581&m=10&d=29&cal_id=0&language=german&gmt_ofs=-1&view=d1 HTTP/1.1" 200 11768 "-" "Mozilla/5.0 (compatible; Googlebot/2.1; +http://www.google.com/bot.html)"
66.249.71.40 - - [02/Sep/2010:22:41:16 +0200] "GET /content/kalender/jax_calendar.php?Y=1586&m=1&d=30&view=d1 HTTP/1.1" 200 11806 "-" "Mozilla/5.0 (compatible; Googlebot/2.1; +http://www.google.com/bot.html)"
66.249.71.40 - - [02/Sep/2010:22:43:49 +0200] "GET /content/kalender/jax_calendar.php?Y=4491&m=7&d=33&cal_id=0&language=german&gmt_ofs=-1&view=d1 HTTP/1.1" 200 11703 "-" "Mozilla/5.0 (compatible; Googlebot/2.1; +http://www.google.com/bot.html)"
66.249.71.40 - - [02/Sep/2010:22:46:23 +0200] "GET /content/kalender/jax_calendar.php?Y=4244&m=8&d=8&cal_id=0&language=german&gmt_ofs=-1&view=d1 HTTP/1.1" 200 11669 "-" "Mozilla/5.0 (compatible; Googlebot/2.1; +http://www.google.com/bot.html)"
66.249.71.40 - - [02/Sep/2010:22:48:57 +0200] "GET /content/kalender/jax_calendar.php?Y=-10141&m=10&d=35&view=d1 HTTP/1.1" 200 12060 "-" "Mozilla/5.0 (compatible; Googlebot/2.1; +http://www.google.com/bot.html)"
81.17.208.4 - - [02/Sep/2010:22:50:46 +0200] "HEAD /content/assets/Stellenanzeigen/ausschreibungpraesenzkraft.pdf HTTP/1.1" 200 - "-" "Mozilla/5.0 (compatible; jobs.de-Robot +http://www.jobs.de)"
66.249.71.40 - - [02/Sep/2010:22:51:31 +0200] "GET /content/kalender/jax_calendar.php?Y=4238&m=9&d=8&cal_id=0&language=german&gmt_ofs=-1&view=d1 HTTP/1.1" 200 11673 "-" "Mozilla/5.0 (compatible; Googlebot/2.1; +http://www.google.com/bot.html)"
66.249.71.40 - - [02/Sep/2010:22:54:05 +0200] "GET /content/kalender/jax_calendar.php?Y=4240&m=6&d=1&cal_id=0&language=german&gmt_ofs=-1&view=d1 HTTP/1.1" 200 11667 "-" "Mozilla/5.0 (compatible; Googlebot/2.1; +http://www.google.com/bot.html)"
66.249.71.40 - - [02/Sep/2010:22:54:26 +0200] "GET /content/kalender/jax_calendar.php?Y=-9983&m=1&d=1&cal_id=0&language=english&gmt_ofs=0&view=d1 HTTP/1.1" 200 11704 "-" "Mozilla/5.0 (compatible; Googlebot/2.1; +http://www.google.com/bot.html)"
66.249.71.40 - - [02/Sep/2010:22:57:01 +0200] "GET /content/kalender/jax_calendar.php?Y=4493&m=1&d=33&cal_id=0&language=german&gmt_ofs=-1&view=d1 HTTP/1.1" 200 11706 "-" "Mozilla/5.0 (compatible; Googlebot/2.1; +http://www.google.com/bot.html)"
