66.249.67.52 - - [01/Sep/2010:09:18:04 +0200] "GET /content/kalender/jax_calendar.php?Y=-9900&m=2&d=39&cal_id=0&language=german&gmt_ofs=-1&view=d1 HTTP/1.1" 200 11802 "-" "Mozilla/5.0 (compatible; Googlebot/2.1; +http://www.google.com/bot.html)"
66.249.67.52 - - [01/Sep/2010:09:20:41 +0200] "GET /content/kalender/jax_calendar.php?Y=-10103&m=7&d=1&view=d1 HTTP/1.1" 200 11959 "-" "Mozilla/5.0 (compatible; Googlebot/2.1; +http://www.google.com/bot.html)"
66.249.67.52 - - [01/Sep/2010:09:23:19 +0200] "GET /content/kalender/jax_calendar.php?Y=-9900&m=11&d=39&cal_id=0&language=german&gmt_ofs=-1&view=d1 HTTP/1.1" 200 11866 "-" "Mozilla/5.0 (compatible; Googlebot/2.1; +http://www.google.com/bot.html)"
87.187.154.194 - - [01/Sep/2010:09:24:06 +0200] "GET / HTTP/1.1" 302 - "-" "Mozilla/4.0 (compatible; MSIE 8.0; Windows NT 5.1; Trident/4.0; .NET CLR 2.0.50727; .NET CLR 3.0.4506.2152; .NET CLR 3.5.30729; InfoPath.2)"
87.187.154.194 - - [01/Sep/2010:09:24:06 +0200] "GET /content/aktuelles/ HTTP/1.1" 200 9028 "-" "Mozilla/4.0 (compatible; MSIE 8.0; Windows NT 5.1; Trident/4.0; .NET CLR 2.0.50727; .NET CLR 3.0.4506.2152; .NET CLR 3.5.30729; InfoPath.2)"
87.187.154.194 - - [01/Sep/2010:09:24:07 +0200] "GET /content/themes/blackcandy/css/layout.css?m=1281258825 HTTP/1.1" 200 9945 "http://www.awo-kv-bernau.de/content/aktuelles/" "Mozilla/4.0 (compatible; MSIE 8.0; Windows NT 5.1; Trident/4.0; .NET CLR 2.0.50727; .NET CLR 3.0.4506.2152; .NET CLR 3.5.30729; InfoPath.2)"
87.187.154.194 - - [01/Sep/2010:09:24:07 +0200] "GET /content/themes/blackcandy/css/typography.css?m=1281262824 HTTP/1.1" 200 5090 "http://www.awo-kv-bernau.de/content/aktuelles/" "Mozilla/4.0 (compatible; MSIE 8.0; Windows NT 5.1; Trident/4.0; .NET CLR 2.0.50727; .NET CLR 3.0.4506.2152; .NET CLR 3.5.30729; InfoPath.2)"
87.187.154.194 - - [01/Sep/2010:09:24:07 +0200] "GET /content/assets/Aktuelles/aktuelles160710.jpg HTTP/1.1" 200 17303 "http://www.awo-kv-bernau.de/content/aktuelles/" "Mozilla/4.0 (compatible; MSIE 8.0; Windows NT 5.1; Trident/4.0; .NET CLR 2.0.50727; .NET CLR 3.0.4506.2152; .NET CLR 3.5.30729; InfoPath.2)"
87.187.154.194 - - [01/Sep/2010:09:24:07 +0200] "GET /content/assets/Aktuelles/awologo.jpg HTTP/1.1" 200 2292 "http://www.awo-kv-bernau.de/content/aktuelles/" "Mozilla/4.0 (compatible; MSIE 8.0; Windows NT 5.1; Trident/4.0; .NET CLR 2.0.50727; .NET CLR 3.0.4506.2152; .NET CLR 3.5.30729; InfoPath.2)"
87.187.154.194 - - [01/Sep/2010:09:24:07 +0200] "GET /content/themes/blackcandy/css/form.css?m=1277278133 HTTP/1.1" 200 1856 "http://www.awo-kv-bernau.de/content/aktuelles/" "Mozilla/4.0 (compatible; MSIE 8.0; Windows NT 5.1; Trident/4.0; .NET CLR 2.0.50727; .NET CLR 3.0.4506.2152; .NET CLR 3.5.30729; InfoPath.2)"
87.187.154.194 - - [01/Sep/2010:09:24:07 +0200] "GET /content/assets/Aktuelles/aktuelles140810.jpg HTTP/1.1" 200 20737 "http://www.awo-kv-bernau.de/content/aktuelles/" "Mozilla/4.0 (compatible; MSIE 8.0; Windows NT 5.1; Trident/4.0; .NET CLR 2.0.50727; .NET CLR 3.0.4506.2152; .NET CLR 3.5.30729; InfoPath.2)"
87.187.154.194 - - [01/Sep/2010:09:24:07 +0200] "GET /content/themes/blackcandy/images/headerRounded.png HTTP/1.1" 200 763 "http://www.awo-kv-bernau.de/content/aktuelles/" "Mozilla/4.0 (compatible; MSIE 8.0; Windows NT 5.1; Trident/4.0; .NET CLR 2.0.50727; .NET CLR 3.0.4506.2152; .NET CLR 3.5.30729; InfoPath.2)"
87.187.154.194 - - [01/Sep/2010:09:24:07 +0200] "GET /content/themes/blackcandy/images/activeTabLeft.png HTTP/1.1" 200 433 "http://www.awo-kv-bernau.de/content/aktuelles/" "Mozilla/4.0 (compatible; MSIE 8.0; Windows NT 5.1; Trident/4.0; .NET CLR 2.0.50727; .NET CLR 3.0.4506.2152; .NET CLR 3.5.30729; InfoPath.2)"
87.187.154.194 - - [01/Sep/2010:09:24:07 +0200] "GET /content/themes/blackcandy/images/activeTabRight.png HTTP/1.1" 200 433 "http://www.awo-kv-bernau.de/content/aktuelles/" "Mozilla/4.0 (compatible; MSIE 8.0; Windows NT 5.1; Trident/4.0; .NET CLR 2.0.50727; .NET CLR 3.0.4506.2152; .NET CLR 3.5.30729; InfoPath.2)"
87.187.154.194 - - [01/Sep/2010:09:24:07 +0200] "GET /content/themes/blackcandy/images/herz.png HTTP/1.1" 200 344 "http://www.awo-kv-bernau.de/content/aktuelles/" "Mozilla/4.0 (compatible; MSIE 8.0; Windows NT 5.1; Trident/4.0; .NET CLR 2.0.50727; .NET CLR 3.0.4506.2152; .NET CLR 3.5.30729; InfoPath.2)"
87.187.154.194 - - [01/Sep/2010:09:24:07 +0200] "GET /content/themes/blackcandy/images/footer.png HTTP/1.1" 200 884 "http://www.awo-kv-bernau.de/content/aktuelles/" "Mozilla/4.0 (compatible; MSIE 8.0; Windows NT 5.1; Trident/4.0; .NET CLR 2.0.50727; .NET CLR 3.0.4506.2152; .NET CLR 3.5.30729; InfoPath.2)"
87.187.154.194 - - [01/Sep/2010:09:24:07 +0200] "GET /content/themes/blackcandy/images/header.jpg HTTP/1.1" 200 45038 "http://www.awo-kv-bernau.de/content/aktuelles/" "Mozilla/4.0 (compatible; MSIE 8.0; Windows NT 5.1; Trident/4.0; .NET CLR 2.0.50727; .NET CLR 3.0.4506.2152; .NET CLR 3.5.30729; InfoPath.2)"
87.187.154.194 - - [01/Sep/2010:09:24:07 +0200] "GET /content/assets/Aktuelles/aktuelles110810.jpg HTTP/1.1" 200 73350 "http://www.awo-kv-bernau.de/content/aktuelles/" "Mozilla/4.0 (compatible; MSIE 8.0; Windows NT 5.1; Trident/4.0; .NET CLR 2.0.50727; .NET CLR 3.0.4506.2152; .NET CLR 3.5.30729; InfoPath.2)"
87.187.154.194 - - [01/Sep/2010:09:24:07 +0200] "GET /content/themes/blackcandy/images/subheader.jpg HTTP/1.1" 200 52576 "http://www.awo-kv-bernau.de/content/aktuelles/" "Mozilla/4.0 (compatible; MSIE 8.0; Windows NT 5.1; Trident/4.0; .NET CLR 2.0.50727; .NET CLR 3.0.4506.2152; .NET CLR 3.5.30729; InfoPath.2)"
87.187.154.194 - - [01/Sep/2010:09:24:08 +0200] "GET /favicon.ico HTTP/1.1" 404 1256 "-" "Mozilla/4.0 (compatible; MSIE 8.0; Windows NT 5.1; Trident/4.0; .NET CLR 2.0.50727; .NET CLR 3.0.4506.2152; .NET CLR 3.5.30729; InfoPath.2)"
66.249.67.52 - - [01/Sep/2010:09:25:57 +0200] "GET /content/kalender/jax_calendar.php?Y=1588&m=11&d=3&view=d1 HTTP/1.1" 200 11834 "-" "Mozilla/5.0 (compatible; Googlebot/2.1; +http://www.google.com/bot.html)"
66.249.67.52 - - [01/Sep/2010:09:28:35 +0200] "GET /content/kalender/jax_calendar.php?Y=3035&m=10&d=14&cal_id=0&language=german&gmt_ofs=-1&view=d1 HTTP/1.1" 200 11768 "-" "Mozilla/5.0 (compatible; Googlebot/2.1; +http://www.google.com/bot.html)"
66.249.67.52 - - [01/Sep/2010:09:31:12 +0200] "GET /content/kalender/jax_calendar.php?Y=-10097&m=5&d=1&view=d1 HTTP/1.1" 200 11958 "-" "Mozilla/5.0 (compatible; Googlebot/2.1; +http://www.google.com/bot.html)"
66.249.67.52 - - [01/Sep/2010:09:33:50 +0200] "GET /content/kalender/jax_calendar.php?Y=3033&m=8&d=14&cal_id=0&language=german&gmt_ofs=-1&view=d1 HTTP/1.1" 200 11705 "-" "Mozilla/5.0 (compatible; Googlebot/2.1; +http://www.google.com/bot.html)"
207.46.204.194 - - [01/Sep/2010:09:34:59 +0200] "GET /content/kalender/jax_calendar.php?language=German HTTP/1.1" 200 32607 "-" "msnbot/2.0b (+http://search.msn.com/msnbot.htm)"
66.249.67.52 - - [01/Sep/2010:09:36:28 +0200] "GET /content/kalender/jax_calendar.php?Y=-9895&m=4&d=5&cal_id=0&language=german&gmt_ofs=-1&view=d1 HTTP/1.1" 200 11764 "-" "Mozilla/5.0 (compatible; Googlebot/2.1; +http://www.google.com/bot.html)"
66.249.67.52 - - [01/Sep/2010:09:39:06 +0200] "GET /content/kalender/jax_calendar.php?Y=-10100&m=10&d=1&cal_id=0&language=english&gmt_ofs=0&view=d1 HTTP/1.1" 200 11861 "-" "Mozilla/5.0 (compatible; Googlebot/2.1; +http://www.google.com/bot.html)"
66.249.67.52 - - [01/Sep/2010:09:41:43 +0200] "GET /content/kalender/jax_calendar.php?Y=-9905&m=9&d=39&cal_id=0&language=german&gmt_ofs=-1&view=d1 HTTP/1.1" 200 11805 "-" "Mozilla/5.0 (compatible; Googlebot/2.1; +http://www.google.com/bot.html)"
66.249.67.52 - - [01/Sep/2010:09:44:22 +0200] "GET /content/kalender/jax_calendar.php?Y=1587&m=8&d=28&view=d1 HTTP/1.1" 200 11805 "-" "Mozilla/5.0 (compatible; Googlebot/2.1; +http://www.google.com/bot.html)"
66.249.67.52 - - [01/Sep/2010:09:46:21 +0200] "GET /content/kalender/jax_calendar.php?Y=-9903&m=7&d=5&cal_id=0&language=german&gmt_ofs=-1&view=d1 HTTP/1.1" 200 11763 "-" "Mozilla/5.0 (compatible; Googlebot/2.1; +http://www.google.com/bot.html)"
66.249.67.52 - - [01/Sep/2010:09:47:56 +0200] "GET /content/kalender/jax_calendar.php?Y=-10094&m=8&d=3&view=d1 HTTP/1.1" 200 11961 "-" "Mozilla/5.0 (compatible; Googlebot/2.1; +http://www.google.com/bot.html)"
66.249.67.52 - - [01/Sep/2010:09:50:38 +0200] "GET /content/kalender/jax_calendar.php?Y=-10090&m=2&d=8&view=d1 HTTP/1.1" 200 11962 "-" "Mozilla/5.0 (compatible; Googlebot/2.1; +http://www.google.com/bot.html)"
66.249.67.52 - - [01/Sep/2010:09:53:21 +0200] "GET /content/kalender/jax_calendar.php?Y=-10094&m=11&d=22&view=d1 HTTP/1.1" 200 12062 "-" "Mozilla/5.0 (compatible; Googlebot/2.1; +http://www.google.com/bot.html)"
174.129.237.157 - - [01/Sep/2010:09:55:06 +0200] "GET /robots.txt HTTP/1.0" 404 1256 "-" "ia_archiver (+http://www.alexa.com/site/help/webmasters; crawler@alexa.com)"
174.129.237.157 - - [01/Sep/2010:09:55:06 +0200] "GET /content/traumland/ HTTP/1.0" 200 18574 "-" "ia_archiver (+http://www.alexa.com/site/help/webmasters; crawler@alexa.com)"
66.249.67.52 - - [01/Sep/2010:09:56:16 +0200] "GET /content/kalender/jax_calendar.php?Y=-9903&m=9&d=5&cal_id=0&language=german&gmt_ofs=-1&view=d1 HTTP/1.1" 200 11769 "-" "Mozilla/5.0 (compatible; Googlebot/2.1; +http://www.google.com/bot.html)"
66.249.67.52 - - [01/Sep/2010:09:57:14 +0200] "GET / HTTP/1.1" 302 - "-" "Mozilla/5.0 (compatible; Googlebot/2.1; +http://www.google.com/bot.html)"
66.249.67.52 - - [01/Sep/2010:09:57:15 +0200] "GET /content/aktuelles/ HTTP/1.1" 200 9028 "-" "Mozilla/5.0 (compatible; Googlebot/2.1; +http://www.google.com/bot.html)"
66.249.67.52 - - [01/Sep/2010:09:58:57 +0200] "GET /content/kalender/jax_calendar.php?Y=-10108&m=5&d=1&cal_id=0&language=english&gmt_ofs=0&view=d1 HTTP/1.1" 200 11799 "-" "Mozilla/5.0 (compatible; Googlebot/2.1; +http://www.google.com/bot.html)"
66.249.67.52 - - [01/Sep/2010:10:01:27 +0200] "GET /content/kalender/jax_calendar.php?Y=-10098&m=4&d=27&view=d1 HTTP/1.1" 200 11996 "-" "Mozilla/5.0 (compatible; Googlebot/2.1; +http://www.google.com/bot.html)"
66.249.67.52 - - [01/Sep/2010:10:04:10 +0200] "GET /content/kalender/jax_calendar.php?Y=-9903&m=10&d=5&cal_id=0&language=german&gmt_ofs=-1&view=d1 HTTP/1.1" 200 11828 "-" "Mozilla/5.0 (compatible; Googlebot/2.1; +http://www.google.com/bot.html)"
66.249.67.52 - - [01/Sep/2010:10:06:54 +0200] "GET /content/kalender/jax_calendar.php?Y=-10095&m=5&d=5&view=d1 HTTP/1.1" 200 11958 "-" "Mozilla/5.0 (compatible; Googlebot/2.1; +http://www.google.com/bot.html)"
66.249.67.52 - - [01/Sep/2010:10:09:37 +0200] "GET /content/kalender/jax_calendar.php?Y=-10106&m=5&d=1&cal_id=0&language=english&gmt_ofs=0&view=d1 HTTP/1.1" 200 11799 "-" "Mozilla/5.0 (compatible; Googlebot/2.1; +http://www.google.com/bot.html)"
66.249.67.52 - - [01/Sep/2010:10:12:20 +0200] "GET /content/kalender/jax_calendar.php?Y=1582&m=5&d=37&view=d1 HTTP/1.1" 200 11802 "-" "Mozilla/5.0 (compatible; Googlebot/2.1; +http://www.google.com/bot.html)"
66.249.67.52 - - [01/Sep/2010:10:15:04 +0200] "GET /content/kalender/jax_calendar.php?Y=-10104&m=11&d=1&cal_id=0&language=english&gmt_ofs=0&view=d1 HTTP/1.1" 200 11862 "-" "Mozilla/5.0 (compatible; Googlebot/2.1; +http://www.google.com/bot.html)"
66.249.67.52 - - [01/Sep/2010:10:17:47 +0200] "GET /content/kalender/jax_calendar.php?Y=-10106&m=5&d=39&cal_id=0&language=german&gmt_ofs=-1&view=d1 HTTP/1.1" 200 11894 "-" "Mozilla/5.0 (compatible; Googlebot/2.1; +http://www.google.com/bot.html)"
67.195.115.117 - - [01/Sep/2010:10:18:12 +0200] "GET /robots.txt HTTP/1.0" 404 1256 "-" "Mozilla/5.0 (compatible; Yahoo! Slurp; http://help.yahoo.com/help/us/ysearch/slurp)"
67.195.115.117 - - [01/Sep/2010:10:18:12 +0200] "GET /content/ortsvereine/ HTTP/1.0" 200 7881 "-" "Mozilla/5.0 (compatible; Yahoo! Slurp/3.0; http://help.yahoo.com/help/us/ysearch/slurp)"
67.195.115.117 - - [01/Sep/2010:10:18:15 +0200] "GET /content/themes/blackcandy/css/layout.css?m=1281258825 HTTP/1.0" 304 - "http://www.awo-kv-bernau.de/content/ortsvereine/" "Mozilla/5.0 (compatible; Yahoo! Slurp/3.0; http://help.yahoo.com/help/us/ysearch/slurp)"
67.195.115.117 - - [01/Sep/2010:10:18:18 +0200] "GET /content/themes/blackcandy/css/typography.css?m=1281262824 HTTP/1.0" 304 - "http://www.awo-kv-bernau.de/content/ortsvereine/" "Mozilla/5.0 (compatible; Yahoo! Slurp/3.0; http://help.yahoo.com/help/us/ysearch/slurp)"
67.195.115.117 - - [01/Sep/2010:10:18:20 +0200] "GET /content/themes/blackcandy/css/form.css?m=1277278133 HTTP/1.0" 304 - "http://www.awo-kv-bernau.de/content/ortsvereine/" "Mozilla/5.0 (compatible; Yahoo! Slurp/3.0; http://help.yahoo.com/help/us/ysearch/slurp)"
87.187.154.194 - - [01/Sep/2010:10:19:40 +0200] "GET /content/aktuelles/ HTTP/1.1" 200 9028 "-" "Mozilla/4.0 (compatible; MSIE 8.0; Windows NT 5.1; Trident/4.0; .NET CLR 2.0.50727; .NET CLR 3.0.4506.2152; .NET CLR 3.5.30729; InfoPath.2)"
87.187.154.194 - - [01/Sep/2010:10:19:41 +0200] "GET /content/themes/blackcandy/css/layout.css?m=1281258825 HTTP/1.1" 304 - "http://www.awo-kv-bernau.de/content/aktuelles/" "Mozilla/4.0 (compatible; MSIE 8.0; Windows NT 5.1; Trident/4.0; .NET CLR 2.0.50727; .NET CLR 3.0.4506.2152; .NET CLR 3.5.30729; InfoPath.2)"
87.187.154.194 - - [01/Sep/2010:10:19:41 +0200] "GET /content/assets/Aktuelles/aktuelles140810.jpg HTTP/1.1" 304 - "http://www.awo-kv-bernau.de/content/aktuelles/" "Mozilla/4.0 (compatible; MSIE 8.0; Windows NT 5.1; Trident/4.0; .NET CLR 2.0.50727; .NET CLR 3.0.4506.2152; .NET CLR 3.5.30729; InfoPath.2)"
87.187.154.194 - - [01/Sep/2010:10:19:41 +0200] "GET /content/themes/blackcandy/css/typography.css?m=1281262824 HTTP/1.1" 304 - "http://www.awo-kv-bernau.de/content/aktuelles/" "Mozilla/4.0 (compatible; MSIE 8.0; Windows NT 5.1; Trident/4.0; .NET CLR 2.0.50727; .NET CLR 3.0.4506.2152; .NET CLR 3.5.30729; InfoPath.2)"
87.187.154.194 - - [01/Sep/2010:10:19:41 +0200] "GET /content/assets/Aktuelles/aktuelles110810.jpg HTTP/1.1" 304 - "http://www.awo-kv-bernau.de/content/aktuelles/" "Mozilla/4.0 (compatible; MSIE 8.0; Windows NT 5.1; Trident/4.0; .NET CLR 2.0.50727; .NET CLR 3.0.4506.2152; .NET CLR 3.5.30729; InfoPath.2)"
87.187.154.194 - - [01/Sep/2010:10:19:41 +0200] "GET /content/themes/blackcandy/css/form.css?m=1277278133 HTTP/1.1" 304 - "http://www.awo-kv-bernau.de/content/aktuelles/" "Mozilla/4.0 (compatible; MSIE 8.0; Windows NT 5.1; Trident/4.0; .NET CLR 2.0.50727; .NET CLR 3.0.4506.2152; .NET CLR 3.5.30729; InfoPath.2)"
87.187.154.194 - - [01/Sep/2010:10:19:41 +0200] "GET /content/assets/Aktuelles/aktuelles160710.jpg HTTP/1.1" 304 - "http://www.awo-kv-bernau.de/content/aktuelles/" "Mozilla/4.0 (compatible; MSIE 8.0; Windows NT 5.1; Trident/4.0; .NET CLR 2.0.50727; .NET CLR 3.0.4506.2152; .NET CLR 3.5.30729; InfoPath.2)"
87.187.154.194 - - [01/Sep/2010:10:19:41 +0200] "GET /content/assets/Aktuelles/awologo.jpg HTTP/1.1" 304 - "http://www.awo-kv-bernau.de/content/aktuelles/" "Mozilla/4.0 (compatible; MSIE 8.0; Windows NT 5.1; Trident/4.0; .NET CLR 2.0.50727; .NET CLR 3.0.4506.2152; .NET CLR 3.5.30729; InfoPath.2)"
87.187.154.194 - - [01/Sep/2010:10:19:41 +0200] "GET /content/themes/blackcandy/images/headerRounded.png HTTP/1.1" 304 - "http://www.awo-kv-bernau.de/content/aktuelles/" "Mozilla/4.0 (compatible; MSIE 8.0; Windows NT 5.1; Trident/4.0; .NET CLR 2.0.50727; .NET CLR 3.0.4506.2152; .NET CLR 3.5.30729; InfoPath.2)"
87.187.154.194 - - [01/Sep/2010:10:19:41 +0200] "GET /content/themes/blackcandy/images/header.jpg HTTP/1.1" 304 - "http://www.awo-kv-bernau.de/content/aktuelles/" "Mozilla/4.0 (compatible; MSIE 8.0; Windows NT 5.1; Trident/4.0; .NET CLR 2.0.50727; .NET CLR 3.0.4506.2152; .NET CLR 3.5.30729; InfoPath.2)"
87.187.154.194 - - [01/Sep/2010:10:19:41 +0200] "GET /content/themes/blackcandy/images/activeTabLeft.png HTTP/1.1" 304 - "http://www.awo-kv-bernau.de/content/aktuelles/" "Mozilla/4.0 (compatible; MSIE 8.0; Windows NT 5.1; Trident/4.0; .NET CLR 2.0.50727; .NET CLR 3.0.4506.2152; .NET CLR 3.5.30729; InfoPath.2)"
87.187.154.194 - - [01/Sep/2010:10:19:41 +0200] "GET /content/themes/blackcandy/images/activeTabRight.png HTTP/1.1" 304 - "http://www.awo-kv-bernau.de/content/aktuelles/" "Mozilla/4.0 (compatible; MSIE 8.0; Windows NT 5.1; Trident/4.0; .NET CLR 2.0.50727; .NET CLR 3.0.4506.2152; .NET CLR 3.5.30729; InfoPath.2)"
87.187.154.194 - - [01/Sep/2010:10:19:41 +0200] "GET /content/themes/blackcandy/images/subheader.jpg HTTP/1.1" 304 - "http://www.awo-kv-bernau.de/content/aktuelles/" "Mozilla/4.0 (compatible; MSIE 8.0; Windows NT 5.1; Trident/4.0; .NET CLR 2.0.50727; .NET CLR 3.0.4506.2152; .NET CLR 3.5.30729; InfoPath.2)"
87.187.154.194 - - [01/Sep/2010:10:19:41 +0200] "GET /content/themes/blackcandy/images/herz.png HTTP/1.1" 304 - "http://www.awo-kv-bernau.de/content/aktuelles/" "Mozilla/4.0 (compatible; MSIE 8.0; Windows NT 5.1; Trident/4.0; .NET CLR 2.0.50727; .NET CLR 3.0.4506.2152; .NET CLR 3.5.30729; InfoPath.2)"
87.187.154.194 - - [01/Sep/2010:10:19:41 +0200] "GET /content/themes/blackcandy/images/footer.png HTTP/1.1" 304 - "http://www.awo-kv-bernau.de/content/aktuelles/" "Mozilla/4.0 (compatible; MSIE 8.0; Windows NT 5.1; Trident/4.0; .NET CLR 2.0.50727; .NET CLR 3.0.4506.2152; .NET CLR 3.5.30729; InfoPath.2)"
207.46.199.43 - - [01/Sep/2010:10:19:48 +0200] "GET /content/insolvenzberatung/ HTTP/1.1" 200 10812 "-" "msnbot/2.0b (+http://search.msn.com/msnbot.htm)"
66.249.67.52 - - [01/Sep/2010:10:21:07 +0200] "GET /content/kalender/jax_calendar.php?Y=-10091&m=2&d=24&view=d1 HTTP/1.1" 200 11998 "-" "Mozilla/5.0 (compatible; Googlebot/2.1; +http://www.google.com/bot.html)"
66.249.67.52 - - [01/Sep/2010:10:23:36 +0200] "GET /content/kalender/jax_calendar.php?Y=-10094&m=9&d=29&view=d1 HTTP/1.1" 200 12001 "-" "Mozilla/5.0 (compatible; Googlebot/2.1; +http://www.google.com/bot.html)"
87.187.154.194 - - [01/Sep/2010:10:23:54 +0200] "GET /content/aktuelles/ HTTP/1.1" 200 9028 "-" "Mozilla/4.0 (compatible; MSIE 8.0; Windows NT 5.1; Trident/4.0; .NET CLR 2.0.50727; .NET CLR 3.0.4506.2152; .NET CLR 3.5.30729; InfoPath.2)"
87.187.154.194 - - [01/Sep/2010:10:23:56 +0200] "GET /content/themes/blackcandy/images/hoverTabLeft.png HTTP/1.1" 304 - "http://www.awo-kv-bernau.de/content/aktuelles/" "Mozilla/4.0 (compatible; MSIE 8.0; Windows NT 5.1; Trident/4.0; .NET CLR 2.0.50727; .NET CLR 3.0.4506.2152; .NET CLR 3.5.30729; InfoPath.2)"
87.187.154.194 - - [01/Sep/2010:10:23:56 +0200] "GET /content/themes/blackcandy/images/hoverTabRight.png HTTP/1.1" 304 - "http://www.awo-kv-bernau.de/content/aktuelles/" "Mozilla/4.0 (compatible; MSIE 8.0; Windows NT 5.1; Trident/4.0; .NET CLR 2.0.50727; .NET CLR 3.0.4506.2152; .NET CLR 3.5.30729; InfoPath.2)"
87.187.154.194 - - [01/Sep/2010:10:24:06 +0200] "GET /content/spenden/ HTTP/1.1" 200 9094 "http://www.awo-kv-bernau.de/content/aktuelles/" "Mozilla/4.0 (compatible; MSIE 8.0; Windows NT 5.1; Trident/4.0; .NET CLR 2.0.50727; .NET CLR 3.0.4506.2152; .NET CLR 3.5.30729; InfoPath.2)"
87.187.154.194 - - [01/Sep/2010:10:24:07 +0200] "GET /content/assets/Spenden/spendekochbus.jpg HTTP/1.1" 304 - "http://www.awo-kv-bernau.de/content/spenden/" "Mozilla/4.0 (compatible; MSIE 8.0; Windows NT 5.1; Trident/4.0; .NET CLR 2.0.50727; .NET CLR 3.0.4506.2152; .NET CLR 3.5.30729; InfoPath.2)"
87.187.154.194 - - [01/Sep/2010:10:24:16 +0200] "GET /content/kooperationspartner/ HTTP/1.1" 200 7538 "http://www.awo-kv-bernau.de/content/spenden/" "Mozilla/4.0 (compatible; MSIE 8.0; Windows NT 5.1; Trident/4.0; .NET CLR 2.0.50727; .NET CLR 3.0.4506.2152; .NET CLR 3.5.30729; InfoPath.2)"
87.187.154.194 - - [01/Sep/2010:10:24:16 +0200] "GET /content/assets/Kooperationspartner/koopkneipp.jpg HTTP/1.1" 200 17649 "http://www.awo-kv-bernau.de/content/kooperationspartner/" "Mozilla/4.0 (compatible; MSIE 8.0; Windows NT 5.1; Trident/4.0; .NET CLR 2.0.50727; .NET CLR 3.0.4506.2152; .NET CLR 3.5.30729; InfoPath.2)"
91.44.75.210 - - [01/Sep/2010:10:24:51 +0200] "GET /content/stellenangebote/ HTTP/1.1" 200 8411 "-" "Mozilla/5.0 (Windows; U; Windows NT 6.1; de; rv:1.9.2.8) Gecko/20100722 Firefox/3.6.8"
91.44.75.210 - - [01/Sep/2010:10:24:53 +0200] "GET /content/themes/blackcandy/css/form.css?m=1277278133 HTTP/1.1" 200 1856 "http://www.awo-kv-bernau.de/content/stellenangebote/" "Mozilla/5.0 (Windows; U; Windows NT 6.1; de; rv:1.9.2.8) Gecko/20100722 Firefox/3.6.8"
91.44.75.210 - - [01/Sep/2010:10:24:53 +0200] "GET /content/themes/blackcandy/css/layout.css?m=1281258825 HTTP/1.1" 200 9945 "http://www.awo-kv-bernau.de/content/stellenangebote/" "Mozilla/5.0 (Windows; U; Windows NT 6.1; de; rv:1.9.2.8) Gecko/20100722 Firefox/3.6.8"
91.44.75.210 - - [01/Sep/2010:10:24:53 +0200] "GET /content/themes/blackcandy/css/typography.css?m=1281262824 HTTP/1.1" 200 5090 "http://www.awo-kv-bernau.de/content/stellenangebote/" "Mozilla/5.0 (Windows; U; Windows NT 6.1; de; rv:1.9.2.8) Gecko/20100722 Firefox/3.6.8"
91.44.75.210 - - [01/Sep/2010:10:24:54 +0200] "GET /favicon.ico HTTP/1.1" 404 1256 "-" "Mozilla/5.0 (Windows; U; Windows NT 6.1; de; rv:1.9.2.8) Gecko/20100722 Firefox/3.6.8"
91.44.75.210 - - [01/Sep/2010:10:24:56 +0200] "GET /content/themes/blackcandy/images/headerRounded.png HTTP/1.1" 200 763 "http://www.awo-kv-bernau.de/content/themes/blackcandy/css/layout.css?m=1281258825" "Mozilla/5.0 (Windows; U; Windows NT 6.1; de; rv:1.9.2.8) Gecko/20100722 Firefox/3.6.8"
91.44.75.210 - - [01/Sep/2010:10:24:56 +0200] "GET /content/themes/blackcandy/images/activeTabLeft.png HTTP/1.1" 200 433 "http://www.awo-kv-bernau.de/content/themes/blackcandy/css/layout.css?m=1281258825" "Mozilla/5.0 (Windows; U; Windows NT 6.1; de; rv:1.9.2.8) Gecko/20100722 Firefox/3.6.8"
91.44.75.210 - - [01/Sep/2010:10:24:56 +0200] "GET /content/themes/blackcandy/images/activeTabRight.png HTTP/1.1" 200 433 "http://www.awo-kv-bernau.de/content/themes/blackcandy/css/layout.css?m=1281258825" "Mozilla/5.0 (Windows; U; Windows NT 6.1; de; rv:1.9.2.8) Gecko/20100722 Firefox/3.6.8"
91.44.75.210 - - [01/Sep/2010:10:24:56 +0200] "GET /content/themes/blackcandy/images/icons/page_white_acrobat.png HTTP/1.1" 200 591 "http://www.awo-kv-bernau.de/content/themes/blackcandy/css/typography.css?m=1281262824" "Mozilla/5.0 (Windows; U; Windows NT 6.1; de; rv:1.9.2.8) Gecko/20100722 Firefox/3.6.8"
91.44.75.210 - - [01/Sep/2010:10:24:56 +0200] "GET /content/themes/blackcandy/images/herz.png HTTP/1.1" 200 344 "http://www.awo-kv-bernau.de/content/themes/blackcandy/css/layout.css?m=1281258825" "Mozilla/5.0 (Windows; U; Windows NT 6.1; de; rv:1.9.2.8) Gecko/20100722 Firefox/3.6.8"
91.44.75.210 - - [01/Sep/2010:10:24:56 +0200] "GET /content/themes/blackcandy/images/footer.png HTTP/1.1" 200 884 "http://www.awo-kv-bernau.de/content/themes/blackcandy/css/layout.css?m=1281258825" "Mozilla/5.0 (Windows; U; Windows NT 6.1; de; rv:1.9.2.8) Gecko/20100722 Firefox/3.6.8"
91.44.75.210 - - [01/Sep/2010:10:24:56 +0200] "GET /content/themes/blackcandy/images/header.jpg HTTP/1.1" 200 45038 "http://www.awo-kv-bernau.de/content/themes/blackcandy/css/layout.css?m=1281258825" "Mozilla/5.0 (Windows; U; Windows NT 6.1; de; rv:1.9.2.8) Gecko/20100722 Firefox/3.6.8"
91.44.75.210 - - [01/Sep/2010:10:24:56 +0200] "GET /content/themes/blackcandy/images/subheader.jpg HTTP/1.1" 200 52576 "http://www.awo-kv-bernau.de/content/themes/blackcandy/css/layout.css?m=1281258825" "Mozilla/5.0 (Windows; U; Windows NT 6.1; de; rv:1.9.2.8) Gecko/20100722 Firefox/3.6.8"
91.44.75.210 - - [01/Sep/2010:10:25:01 +0200] "GET /favicon.ico HTTP/1.1" 404 1256 "-" "Mozilla/5.0 (Windows; U; Windows NT 6.1; de; rv:1.9.2.8) Gecko/20100722 Firefox/3.6.8"
66.249.67.52 - - [01/Sep/2010:10:26:27 +0200] "GET /content/kalender/jax_calendar.php?Y=1587&m=1&d=3&view=d1 HTTP/1.1" 200 11770 "-" "Mozilla/5.0 (compatible; Googlebot/2.1; +http://www.google.com/bot.html)"
87.187.154.194 - - [01/Sep/2010:10:27:05 +0200] "GET /content/assets/Aktuelles/awologo.jpg HTTP/1.1" 304 - "http://www.sozialedienste-awo.de/content/aktuelles/" "Mozilla/5.0 (Windows; U; Windows NT 6.0; de; rv:1.9.1.11) Gecko/20100701 Firefox/3.5.11 (.NET CLR 3.5.30729)"
87.187.154.194 - - [01/Sep/2010:10:27:05 +0200] "GET /content/assets/Aktuelles/aktuelles110810.jpg HTTP/1.1" 304 - "http://www.sozialedienste-awo.de/content/aktuelles/" "Mozilla/5.0 (Windows; U; Windows NT 6.0; de; rv:1.9.1.11) Gecko/20100701 Firefox/3.5.11 (.NET CLR 3.5.30729)"
87.187.154.194 - - [01/Sep/2010:10:27:05 +0200] "GET /content/assets/Aktuelles/aktuelles160710.jpg HTTP/1.1" 304 - "http://www.sozialedienste-awo.de/content/aktuelles/" "Mozilla/5.0 (Windows; U; Windows NT 6.0; de; rv:1.9.1.11) Gecko/20100701 Firefox/3.5.11 (.NET CLR 3.5.30729)"
87.187.154.194 - - [01/Sep/2010:10:27:05 +0200] "GET /content/assets/Aktuelles/aktuelles140810.jpg HTTP/1.1" 304 - "http://www.sozialedienste-awo.de/content/aktuelles/" "Mozilla/5.0 (Windows; U; Windows NT 6.0; de; rv:1.9.1.11) Gecko/20100701 Firefox/3.5.11 (.NET CLR 3.5.30729)"
66.249.67.52 - - [01/Sep/2010:10:29:18 +0200] "GET /content/kalender/jax_calendar.php?Y=-10095&m=4&d=23&view=d1 HTTP/1.1" 200 11996 "-" "Mozilla/5.0 (compatible; Googlebot/2.1; +http://www.google.com/bot.html)"
91.44.75.210 - - [01/Sep/2010:10:29:57 +0200] "GET /content/stellenangebote/ HTTP/1.1" 200 8411 "http://www.awo-kv-bernau.de/content/stellenangebote/" "Mozilla/5.0 (Windows; U; Windows NT 6.1; de; rv:1.9.2.8) Gecko/20100722 Firefox/3.6.8"
91.44.75.210 - - [01/Sep/2010:10:29:57 +0200] "GET /content/themes/blackcandy/css/layout.css?m=1281258825 HTTP/1.1" 304 - "http://www.awo-kv-bernau.de/content/stellenangebote/" "Mozilla/5.0 (Windows; U; Windows NT 6.1; de; rv:1.9.2.8) Gecko/20100722 Firefox/3.6.8"
91.44.75.210 - - [01/Sep/2010:10:29:57 +0200] "GET /content/themes/blackcandy/css/form.css?m=1277278133 HTTP/1.1" 304 - "http://www.awo-kv-bernau.de/content/stellenangebote/" "Mozilla/5.0 (Windows; U; Windows NT 6.1; de; rv:1.9.2.8) Gecko/20100722 Firefox/3.6.8"
91.44.75.210 - - [01/Sep/2010:10:29:57 +0200] "GET /content/themes/blackcandy/css/typography.css?m=1281262824 HTTP/1.1" 304 - "http://www.awo-kv-bernau.de/content/stellenangebote/" "Mozilla/5.0 (Windows; U; Windows NT 6.1; de; rv:1.9.2.8) Gecko/20100722 Firefox/3.6.8"
67.195.115.117 - - [01/Sep/2010:10:30:58 +0200] "GET /content/assets/Stellenanzeigen/stellenanzeigeJugendarbeiterin.pdf HTTP/1.0" 200 26893 "-" "Mozilla/5.0 (compatible; Yahoo! Slurp/3.0; http://help.yahoo.com/help/us/ysearch/slurp)"
66.249.67.52 - - [01/Sep/2010:10:32:10 +0200] "GET /content/kalender/jax_calendar.php?Y=3036&m=10&d=14&cal_id=0&language=german&gmt_ofs=-1&view=d1 HTTP/1.1" 200 11768 "-" "Mozilla/5.0 (compatible; Googlebot/2.1; +http://www.google.com/bot.html)"
207.46.194.129 - - [01/Sep/2010:10:33:00 +0200] "GET /robots.txt HTTP/1.1" 404 1256 "-" "msnbot-media/1.1 (+http://search.msn.com/msnbot.htm)"
207.46.194.129 - - [01/Sep/2010:10:33:01 +0200] "GET /content/assets/Beratung/Frueh1/stahl.jpg HTTP/1.1" 200 15341 "-" "msnbot-media/1.1 (+http://search.msn.com/msnbot.htm)"
66.249.67.52 - - [01/Sep/2010:10:35:01 +0200] "GET /content/kalender/jax_calendar.php?Y=4495&m=9&d=33&cal_id=0&language=german&gmt_ofs=-1&view=d1 HTTP/1.1" 200 11709 "-" "Mozilla/5.0 (compatible; Googlebot/2.1; +http://www.google.com/bot.html)"
66.249.67.52 - - [01/Sep/2010:10:37:53 +0200] "GET /content/kalender/jax_calendar.php?Y=1573&m=5&d=6&cal_id=0&language=german&gmt_ofs=-1&view=d1 HTTP/1.1" 200 11666 "-" "Mozilla/5.0 (compatible; Googlebot/2.1; +http://www.google.com/bot.html)"
66.249.67.52 - - [01/Sep/2010:10:40:53 +0200] "GET /content/kalender/jax_calendar.php?Y=-10091&m=4&d=8&view=d1 HTTP/1.1" 200 11960 "-" "Mozilla/5.0 (compatible; Googlebot/2.1; +http://www.google.com/bot.html)"
67.195.115.117 - - [01/Sep/2010:10:40:58 +0200] "GET /content/kindertagesstaetten/ HTTP/1.0" 200 8043 "-" "Mozilla/5.0 (compatible; Yahoo! Slurp/3.0; http://help.yahoo.com/help/us/ysearch/slurp)"
87.187.154.194 - - [01/Sep/2010:10:42:22 +0200] "GET /content/aktuelles/ HTTP/1.1" 200 9028 "-" "Mozilla/4.0 (compatible; MSIE 8.0; Windows NT 5.1; Trident/4.0; .NET CLR 2.0.50727; .NET CLR 3.0.4506.2152; .NET CLR 3.5.30729; InfoPath.2)"
87.187.154.194 - - [01/Sep/2010:10:42:22 +0200] "GET /content/themes/blackcandy/css/layout.css?m=1281258825 HTTP/1.1" 304 - "http://www.awo-kv-bernau.de/content/aktuelles/" "Mozilla/4.0 (compatible; MSIE 8.0; Windows NT 5.1; Trident/4.0; .NET CLR 2.0.50727; .NET CLR 3.0.4506.2152; .NET CLR 3.5.30729; InfoPath.2)"
87.187.154.194 - - [01/Sep/2010:10:42:22 +0200] "GET /content/assets/Aktuelles/aktuelles140810.jpg HTTP/1.1" 304 - "http://www.awo-kv-bernau.de/content/aktuelles/" "Mozilla/4.0 (compatible; MSIE 8.0; Windows NT 5.1; Trident/4.0; .NET CLR 2.0.50727; .NET CLR 3.0.4506.2152; .NET CLR 3.5.30729; InfoPath.2)"
87.187.154.194 - - [01/Sep/2010:10:42:22 +0200] "GET /content/themes/blackcandy/css/typography.css?m=1281262824 HTTP/1.1" 304 - "http://www.awo-kv-bernau.de/content/aktuelles/" "Mozilla/4.0 (compatible; MSIE 8.0; Windows NT 5.1; Trident/4.0; .NET CLR 2.0.50727; .NET CLR 3.0.4506.2152; .NET CLR 3.5.30729; InfoPath.2)"
87.187.154.194 - - [01/Sep/2010:10:42:22 +0200] "GET /content/assets/Aktuelles/aktuelles110810.jpg HTTP/1.1" 304 - "http://www.awo-kv-bernau.de/content/aktuelles/" "Mozilla/4.0 (compatible; MSIE 8.0; Windows NT 5.1; Trident/4.0; .NET CLR 2.0.50727; .NET CLR 3.0.4506.2152; .NET CLR 3.5.30729; InfoPath.2)"
87.187.154.194 - - [01/Sep/2010:10:42:22 +0200] "GET /content/assets/Aktuelles/aktuelles160710.jpg HTTP/1.1" 304 - "http://www.awo-kv-bernau.de/content/aktuelles/" "Mozilla/4.0 (compatible; MSIE 8.0; Windows NT 5.1; Trident/4.0; .NET CLR 2.0.50727; .NET CLR 3.0.4506.2152; .NET CLR 3.5.30729; InfoPath.2)"
87.187.154.194 - - [01/Sep/2010:10:42:22 +0200] "GET /content/themes/blackcandy/css/form.css?m=1277278133 HTTP/1.1" 304 - "http://www.awo-kv-bernau.de/content/aktuelles/" "Mozilla/4.0 (compatible; MSIE 8.0; Windows NT 5.1; Trident/4.0; .NET CLR 2.0.50727; .NET CLR 3.0.4506.2152; .NET CLR 3.5.30729; InfoPath.2)"
87.187.154.194 - - [01/Sep/2010:10:42:22 +0200] "GET /content/assets/Aktuelles/awologo.jpg HTTP/1.1" 304 - "http://www.awo-kv-bernau.de/content/aktuelles/" "Mozilla/4.0 (compatible; MSIE 8.0; Windows NT 5.1; Trident/4.0; .NET CLR 2.0.50727; .NET CLR 3.0.4506.2152; .NET CLR 3.5.30729; InfoPath.2)"
87.187.154.194 - - [01/Sep/2010:10:42:23 +0200] "GET /content/themes/blackcandy/images/headerRounded.png HTTP/1.1" 304 - "http://www.awo-kv-bernau.de/content/aktuelles/" "Mozilla/4.0 (compatible; MSIE 8.0; Windows NT 5.1; Trident/4.0; .NET CLR 2.0.50727; .NET CLR 3.0.4506.2152; .NET CLR 3.5.30729; InfoPath.2)"
87.187.154.194 - - [01/Sep/2010:10:42:23 +0200] "GET /content/themes/blackcandy/images/header.jpg HTTP/1.1" 304 - "http://www.awo-kv-bernau.de/content/aktuelles/" "Mozilla/4.0 (compatible; MSIE 8.0; Windows NT 5.1; Trident/4.0; .NET CLR 2.0.50727; .NET CLR 3.0.4506.2152; .NET CLR 3.5.30729; InfoPath.2)"
87.187.154.194 - - [01/Sep/2010:10:42:23 +0200] "GET /content/themes/blackcandy/images/activeTabLeft.png HTTP/1.1" 304 - "http://www.awo-kv-bernau.de/content/aktuelles/" "Mozilla/4.0 (compatible; MSIE 8.0; Windows NT 5.1; Trident/4.0; .NET CLR 2.0.50727; .NET CLR 3.0.4506.2152; .NET CLR 3.5.30729; InfoPath.2)"
87.187.154.194 - - [01/Sep/2010:10:42:23 +0200] "GET /content/themes/blackcandy/images/activeTabRight.png HTTP/1.1" 304 - "http://www.awo-kv-bernau.de/content/aktuelles/" "Mozilla/4.0 (compatible; MSIE 8.0; Windows NT 5.1; Trident/4.0; .NET CLR 2.0.50727; .NET CLR 3.0.4506.2152; .NET CLR 3.5.30729; InfoPath.2)"
87.187.154.194 - - [01/Sep/2010:10:42:23 +0200] "GET /content/themes/blackcandy/images/subheader.jpg HTTP/1.1" 304 - "http://www.awo-kv-bernau.de/content/aktuelles/" "Mozilla/4.0 (compatible; MSIE 8.0; Windows NT 5.1; Trident/4.0; .NET CLR 2.0.50727; .NET CLR 3.0.4506.2152; .NET CLR 3.5.30729; InfoPath.2)"
87.187.154.194 - - [01/Sep/2010:10:42:23 +0200] "GET /content/themes/blackcandy/images/herz.png HTTP/1.1" 304 - "http://www.awo-kv-bernau.de/content/aktuelles/" "Mozilla/4.0 (compatible; MSIE 8.0; Windows NT 5.1; Trident/4.0; .NET CLR 2.0.50727; .NET CLR 3.0.4506.2152; .NET CLR 3.5.30729; InfoPath.2)"
87.187.154.194 - - [01/Sep/2010:10:42:23 +0200] "GET /content/themes/blackcandy/images/footer.png HTTP/1.1" 304 - "http://www.awo-kv-bernau.de/content/aktuelles/" "Mozilla/4.0 (compatible; MSIE 8.0; Windows NT 5.1; Trident/4.0; .NET CLR 2.0.50727; .NET CLR 3.0.4506.2152; .NET CLR 3.5.30729; InfoPath.2)"
66.249.67.52 - - [01/Sep/2010:10:44:01 +0200] "GET /content/kalender/jax_calendar.php?Y=-10116&m=7&d=1&cal_id=0&language=english&gmt_ofs=0&view=d1 HTTP/1.1" 200 11799 "-" "Mozilla/5.0 (compatible; Googlebot/2.1; +http://www.google.com/bot.html)"
66.249.67.52 - - [01/Sep/2010:10:46:23 +0200] "GET /content/kalender/jax_calendar.php?Y=-9893&m=5&d=39&cal_id=0&language=german&gmt_ofs=-1&view=d1 HTTP/1.1" 200 11798 "-" "Mozilla/5.0 (compatible; Googlebot/2.1; +http://www.google.com/bot.html)"
87.185.144.122 - - [01/Sep/2010:10:47:09 +0200] "GET / HTTP/1.1" 302 - "http://www.google.de/url?sa=t&source=web&cd=1&ved=0CBwQFjAA&url=http%3A%2F%2Fwww.awo-kv-bernau.de%2F&rct=j&q=awo%20bernau&ei=CBN-TIncA87fOOTryIIE&usg=AFQjCNFY6jRp0cyjK4eLe9CtgjDN1c4Vuw" "Mozilla/4.0 (compatible; MSIE 8.0; Windows NT 5.1; Trident/4.0; .NET CLR 2.0.50727; .NET CLR 1.1.4322; .NET CLR 3.0.4506.2152; .NET CLR 3.5.30729)"
87.185.144.122 - - [01/Sep/2010:10:47:09 +0200] "GET /content/aktuelles/ HTTP/1.1" 200 9028 "http://www.google.de/url?sa=t&source=web&cd=1&ved=0CBwQFjAA&url=http%3A%2F%2Fwww.awo-kv-bernau.de%2F&rct=j&q=awo%20bernau&ei=CBN-TIncA87fOOTryIIE&usg=AFQjCNFY6jRp0cyjK4eLe9CtgjDN1c4Vuw" "Mozilla/4.0 (compatible; MSIE 8.0; Windows NT 5.1; Trident/4.0; .NET CLR 2.0.50727; .NET CLR 1.1.4322; .NET CLR 3.0.4506.2152; .NET CLR 3.5.30729)"
87.185.144.122 - - [01/Sep/2010:10:47:10 +0200] "GET /content/themes/blackcandy/css/layout.css?m=1281258825 HTTP/1.1" 200 9945 "http://www.awo-kv-bernau.de/content/aktuelles/" "Mozilla/4.0 (compatible; MSIE 8.0; Windows NT 5.1; Trident/4.0; .NET CLR 2.0.50727; .NET CLR 1.1.4322; .NET CLR 3.0.4506.2152; .NET CLR 3.5.30729)"
87.185.144.122 - - [01/Sep/2010:10:47:10 +0200] "GET /content/themes/blackcandy/css/form.css?m=1277278133 HTTP/1.1" 200 1856 "http://www.awo-kv-bernau.de/content/aktuelles/" "Mozilla/4.0 (compatible; MSIE 8.0; Windows NT 5.1; Trident/4.0; .NET CLR 2.0.50727; .NET CLR 1.1.4322; .NET CLR 3.0.4506.2152; .NET CLR 3.5.30729)"
87.185.144.122 - - [01/Sep/2010:10:47:10 +0200] "GET /content/assets/Aktuelles/aktuelles160710.jpg HTTP/1.1" 200 17303 "http://www.awo-kv-bernau.de/content/aktuelles/" "Mozilla/4.0 (compatible; MSIE 8.0; Windows NT 5.1; Trident/4.0; .NET CLR 2.0.50727; .NET CLR 1.1.4322; .NET CLR 3.0.4506.2152; .NET CLR 3.5.30729)"
87.185.144.122 - - [01/Sep/2010:10:47:10 +0200] "GET /content/assets/Aktuelles/awologo.jpg HTTP/1.1" 200 2292 "http://www.awo-kv-bernau.de/content/aktuelles/" "Mozilla/4.0 (compatible; MSIE 8.0; Windows NT 5.1; Trident/4.0; .NET CLR 2.0.50727; .NET CLR 1.1.4322; .NET CLR 3.0.4506.2152; .NET CLR 3.5.30729)"
87.185.144.122 - - [01/Sep/2010:10:47:10 +0200] "GET /content/assets/Aktuelles/aktuelles140810.jpg HTTP/1.1" 200 20737 "http://www.awo-kv-bernau.de/content/aktuelles/" "Mozilla/4.0 (compatible; MSIE 8.0; Windows NT 5.1; Trident/4.0; .NET CLR 2.0.50727; .NET CLR 1.1.4322; .NET CLR 3.0.4506.2152; .NET CLR 3.5.30729)"
87.185.144.122 - - [01/Sep/2010:10:47:10 +0200] "GET /content/themes/blackcandy/css/typography.css?m=1281262824 HTTP/1.1" 200 5090 "http://www.awo-kv-bernau.de/content/aktuelles/" "Mozilla/4.0 (compatible; MSIE 8.0; Windows NT 5.1; Trident/4.0; .NET CLR 2.0.50727; .NET CLR 1.1.4322; .NET CLR 3.0.4506.2152; .NET CLR 3.5.30729)"
87.185.144.122 - - [01/Sep/2010:10:47:10 +0200] "GET /content/themes/blackcandy/images/headerRounded.png HTTP/1.1" 200 763 "http://www.awo-kv-bernau.de/content/aktuelles/" "Mozilla/4.0 (compatible; MSIE 8.0; Windows NT 5.1; Trident/4.0; .NET CLR 2.0.50727; .NET CLR 1.1.4322; .NET CLR 3.0.4506.2152; .NET CLR 3.5.30729)"
87.185.144.122 - - [01/Sep/2010:10:47:10 +0200] "GET /content/themes/blackcandy/images/activeTabLeft.png HTTP/1.1" 200 433 "http://www.awo-kv-bernau.de/content/aktuelles/" "Mozilla/4.0 (compatible; MSIE 8.0; Windows NT 5.1; Trident/4.0; .NET CLR 2.0.50727; .NET CLR 1.1.4322; .NET CLR 3.0.4506.2152; .NET CLR 3.5.30729)"
87.185.144.122 - - [01/Sep/2010:10:47:10 +0200] "GET /content/themes/blackcandy/images/activeTabRight.png HTTP/1.1" 200 433 "http://www.awo-kv-bernau.de/content/aktuelles/" "Mozilla/4.0 (compatible; MSIE 8.0; Windows NT 5.1; Trident/4.0; .NET CLR 2.0.50727; .NET CLR 1.1.4322; .NET CLR 3.0.4506.2152; .NET CLR 3.5.30729)"
87.185.144.122 - - [01/Sep/2010:10:47:10 +0200] "GET /content/themes/blackcandy/images/herz.png HTTP/1.1" 200 344 "http://www.awo-kv-bernau.de/content/aktuelles/" "Mozilla/4.0 (compatible; MSIE 8.0; Windows NT 5.1; Trident/4.0; .NET CLR 2.0.50727; .NET CLR 1.1.4322; .NET CLR 3.0.4506.2152; .NET CLR 3.5.30729)"
87.185.144.122 - - [01/Sep/2010:10:47:10 +0200] "GET /content/themes/blackcandy/images/footer.png HTTP/1.1" 200 884 "http://www.awo-kv-bernau.de/content/aktuelles/" "Mozilla/4.0 (compatible; MSIE 8.0; Windows NT 5.1; Trident/4.0; .NET CLR 2.0.50727; .NET CLR 1.1.4322; .NET CLR 3.0.4506.2152; .NET CLR 3.5.30729)"
87.185.144.122 - - [01/Sep/2010:10:47:10 +0200] "GET /content/themes/blackcandy/images/subheader.jpg HTTP/1.1" 200 52576 "http://www.awo-kv-bernau.de/content/aktuelles/" "Mozilla/4.0 (compatible; MSIE 8.0; Windows NT 5.1; Trident/4.0; .NET CLR 2.0.50727; .NET CLR 1.1.4322; .NET CLR 3.0.4506.2152; .NET CLR 3.5.30729)"
87.185.144.122 - - [01/Sep/2010:10:47:10 +0200] "GET /content/assets/Aktuelles/aktuelles110810.jpg HTTP/1.1" 200 73350 "http://www.awo-kv-bernau.de/content/aktuelles/" "Mozilla/4.0 (compatible; MSIE 8.0; Windows NT 5.1; Trident/4.0; .NET CLR 2.0.50727; .NET CLR 1.1.4322; .NET CLR 3.0.4506.2152; .NET CLR 3.5.30729)"
87.185.144.122 - - [01/Sep/2010:10:47:10 +0200] "GET /content/themes/blackcandy/images/header.jpg HTTP/1.1" 200 45038 "http://www.awo-kv-bernau.de/content/aktuelles/" "Mozilla/4.0 (compatible; MSIE 8.0; Windows NT 5.1; Trident/4.0; .NET CLR 2.0.50727; .NET CLR 1.1.4322; .NET CLR 3.0.4506.2152; .NET CLR 3.5.30729)"
87.185.144.122 - - [01/Sep/2010:10:47:11 +0200] "GET /favicon.ico HTTP/1.1" 404 1256 "-" "Mozilla/4.0 (compatible; MSIE 8.0; Windows NT 5.1; Trident/4.0; .NET CLR 2.0.50727; .NET CLR 1.1.4322; .NET CLR 3.0.4506.2152; .NET CLR 3.5.30729)"
87.185.144.122 - - [01/Sep/2010:10:47:16 +0200] "GET /content/stellenangebote/ HTTP/1.1" 200 8411 "http://www.awo-kv-bernau.de/content/aktuelles/" "Mozilla/4.0 (compatible; MSIE 8.0; Windows NT 5.1; Trident/4.0; .NET CLR 2.0.50727; .NET CLR 1.1.4322; .NET CLR 3.0.4506.2152; .NET CLR 3.5.30729)"
87.185.144.122 - - [01/Sep/2010:10:47:17 +0200] "GET /content/themes/blackcandy/images/icons/page_white_acrobat.png HTTP/1.1" 200 591 "http://www.awo-kv-bernau.de/content/stellenangebote/" "Mozilla/4.0 (compatible; MSIE 8.0; Windows NT 5.1; Trident/4.0; .NET CLR 2.0.50727; .NET CLR 1.1.4322; .NET CLR 3.0.4506.2152; .NET CLR 3.5.30729)"
87.185.144.122 - - [01/Sep/2010:10:47:17 +0200] "GET /favicon.ico HTTP/1.1" 404 1256 "-" "Mozilla/4.0 (compatible; MSIE 8.0; Windows NT 5.1; Trident/4.0; .NET CLR 2.0.50727; .NET CLR 1.1.4322; .NET CLR 3.0.4506.2152; .NET CLR 3.5.30729)"
87.185.144.122 - - [01/Sep/2010:10:47:19 +0200] "GET /content/assets/Stellenanzeigen/stellejugendkoordinatorin082010.pdf HTTP/1.1" 200 27204 "http://www.awo-kv-bernau.de/content/stellenangebote/" "Mozilla/4.0 (compatible; MSIE 8.0; Windows NT 5.1; Trident/4.0; .NET CLR 2.0.50727; .NET CLR 1.1.4322; .NET CLR 3.0.4506.2152; .NET CLR 3.5.30729)"
66.249.67.52 - - [01/Sep/2010:10:49:14 +0200] "GET /content/kalender/jax_calendar.php?Y=-9905&m=8&d=39&cal_id=0&language=german&gmt_ofs=-1&view=d1 HTTP/1.1" 200 11801 "-" "Mozilla/5.0 (compatible; Googlebot/2.1; +http://www.google.com/bot.html)"
87.185.144.122 - - [01/Sep/2010:10:50:05 +0200] "GET /content/themes/blackcandy/images/hoverTabLeft.png HTTP/1.1" 200 400 "http://www.awo-kv-bernau.de/content/stellenangebote/" "Mozilla/4.0 (compatible; MSIE 8.0; Windows NT 5.1; Trident/4.0; .NET CLR 2.0.50727; .NET CLR 1.1.4322; .NET CLR 3.0.4506.2152; .NET CLR 3.5.30729)"
87.185.144.122 - - [01/Sep/2010:10:50:05 +0200] "GET /content/themes/blackcandy/images/hoverTabRight.png HTTP/1.1" 200 429 "http://www.awo-kv-bernau.de/content/stellenangebote/" "Mozilla/4.0 (compatible; MSIE 8.0; Windows NT 5.1; Trident/4.0; .NET CLR 2.0.50727; .NET CLR 1.1.4322; .NET CLR 3.0.4506.2152; .NET CLR 3.5.30729)"
87.185.144.122 - - [01/Sep/2010:10:50:10 +0200] "GET /content/assets/Stellenanzeigen/stellenbeschreibungerzieher012010.pdf HTTP/1.1" 200 38159 "http://www.awo-kv-bernau.de/content/stellenangebote/" "Mozilla/4.0 (compatible; MSIE 8.0; Windows NT 5.1; Trident/4.0; .NET CLR 2.0.50727; .NET CLR 1.1.4322; .NET CLR 3.0.4506.2152; .NET CLR 3.5.30729)"
87.185.144.122 - - [01/Sep/2010:10:51:01 +0200] "GET /content/jugendarbeit/ HTTP/1.1" 200 12211 "http://www.awo-kv-bernau.de/content/stellenangebote/" "Mozilla/4.0 (compatible; MSIE 8.0; Windows NT 5.1; Trident/4.0; .NET CLR 2.0.50727; .NET CLR 1.1.4322; .NET CLR 3.0.4506.2152; .NET CLR 3.5.30729)"
87.185.144.122 - - [01/Sep/2010:10:51:02 +0200] "GET /content/themes/blackcandy/css/layout.css?m=1281258825 HTTP/1.1" 304 - "http://www.awo-kv-bernau.de/content/jugendarbeit/" "Mozilla/4.0 (compatible; MSIE 8.0; Windows NT 5.1; Trident/4.0; .NET CLR 2.0.50727; .NET CLR 1.1.4322; .NET CLR 3.0.4506.2152; .NET CLR 3.5.30729)"
87.185.144.122 - - [01/Sep/2010:10:51:02 +0200] "GET /content/assets/Jugendarbeit/packetat.jpg HTTP/1.1" 200 6336 "http://www.awo-kv-bernau.de/content/jugendarbeit/" "Mozilla/4.0 (compatible; MSIE 8.0; Windows NT 5.1; Trident/4.0; .NET CLR 2.0.50727; .NET CLR 1.1.4322; .NET CLR 3.0.4506.2152; .NET CLR 3.5.30729)"
87.185.144.122 - - [01/Sep/2010:10:51:02 +0200] "GET /content/themes/blackcandy/css/typography.css?m=1281262824 HTTP/1.1" 304 - "http://www.awo-kv-bernau.de/content/jugendarbeit/" "Mozilla/4.0 (compatible; MSIE 8.0; Windows NT 5.1; Trident/4.0; .NET CLR 2.0.50727; .NET CLR 1.1.4322; .NET CLR 3.0.4506.2152; .NET CLR 3.5.30729)"
87.185.144.122 - - [01/Sep/2010:10:51:02 +0200] "GET /content/assets/Jugendarbeit/eissfeldt.jpg HTTP/1.1" 200 6027 "http://www.awo-kv-bernau.de/content/jugendarbeit/" "Mozilla/4.0 (compatible; MSIE 8.0; Windows NT 5.1; Trident/4.0; .NET CLR 2.0.50727; .NET CLR 1.1.4322; .NET CLR 3.0.4506.2152; .NET CLR 3.5.30729)"
87.185.144.122 - - [01/Sep/2010:10:51:02 +0200] "GET /content/themes/blackcandy/css/form.css?m=1277278133 HTTP/1.1" 304 - "http://www.awo-kv-bernau.de/content/jugendarbeit/" "Mozilla/4.0 (compatible; MSIE 8.0; Windows NT 5.1; Trident/4.0; .NET CLR 2.0.50727; .NET CLR 1.1.4322; .NET CLR 3.0.4506.2152; .NET CLR 3.5.30729)"
87.185.144.122 - - [01/Sep/2010:10:51:02 +0200] "GET /content/themes/blackcandy/images/headerRounded.png HTTP/1.1" 304 - "http://www.awo-kv-bernau.de/content/jugendarbeit/" "Mozilla/4.0 (compatible; MSIE 8.0; Windows NT 5.1; Trident/4.0; .NET CLR 2.0.50727; .NET CLR 1.1.4322; .NET CLR 3.0.4506.2152; .NET CLR 3.5.30729)"
87.185.144.122 - - [01/Sep/2010:10:51:02 +0200] "GET /content/themes/blackcandy/images/header.jpg HTTP/1.1" 304 - "http://www.awo-kv-bernau.de/content/jugendarbeit/" "Mozilla/4.0 (compatible; MSIE 8.0; Windows NT 5.1; Trident/4.0; .NET CLR 2.0.50727; .NET CLR 1.1.4322; .NET CLR 3.0.4506.2152; .NET CLR 3.5.30729)"
87.185.144.122 - - [01/Sep/2010:10:51:02 +0200] "GET /content/themes/blackcandy/images/activeTabRight.png HTTP/1.1" 304 - "http://www.awo-kv-bernau.de/content/jugendarbeit/" "Mozilla/4.0 (compatible; MSIE 8.0; Windows NT 5.1; Trident/4.0; .NET CLR 2.0.50727; .NET CLR 1.1.4322; .NET CLR 3.0.4506.2152; .NET CLR 3.5.30729)"
87.185.144.122 - - [01/Sep/2010:10:51:02 +0200] "GET /content/themes/blackcandy/images/herz.png HTTP/1.1" 304 - "http://www.awo-kv-bernau.de/content/jugendarbeit/" "Mozilla/4.0 (compatible; MSIE 8.0; Windows NT 5.1; Trident/4.0; .NET CLR 2.0.50727; .NET CLR 1.1.4322; .NET CLR 3.0.4506.2152; .NET CLR 3.5.30729)"
87.185.144.122 - - [01/Sep/2010:10:51:03 +0200] "GET /content/themes/blackcandy/images/footer.png HTTP/1.1" 304 - "http://www.awo-kv-bernau.de/content/jugendarbeit/" "Mozilla/4.0 (compatible; MSIE 8.0; Windows NT 5.1; Trident/4.0; .NET CLR 2.0.50727; .NET CLR 1.1.4322; .NET CLR 3.0.4506.2152; .NET CLR 3.5.30729)"
87.185.144.122 - - [01/Sep/2010:10:51:03 +0200] "GET /content/themes/blackcandy/images/activeTabLeft.png HTTP/1.1" 304 - "http://www.awo-kv-bernau.de/content/jugendarbeit/" "Mozilla/4.0 (compatible; MSIE 8.0; Windows NT 5.1; Trident/4.0; .NET CLR 2.0.50727; .NET CLR 1.1.4322; .NET CLR 3.0.4506.2152; .NET CLR 3.5.30729)"
87.185.144.122 - - [01/Sep/2010:10:51:03 +0200] "GET /content/themes/blackcandy/images/subheader.jpg HTTP/1.1" 304 - "http://www.awo-kv-bernau.de/content/jugendarbeit/" "Mozilla/4.0 (compatible; MSIE 8.0; Windows NT 5.1; Trident/4.0; .NET CLR 2.0.50727; .NET CLR 1.1.4322; .NET CLR 3.0.4506.2152; .NET CLR 3.5.30729)"
87.185.144.122 - - [01/Sep/2010:10:51:04 +0200] "GET /content/stellenangebote/ HTTP/1.1" 200 8411 "http://www.awo-kv-bernau.de/content/aktuelles/" "Mozilla/4.0 (compatible; MSIE 8.0; Windows NT 5.1; Trident/4.0; .NET CLR 2.0.50727; .NET CLR 1.1.4322; .NET CLR 3.0.4506.2152; .NET CLR 3.5.30729)"
87.185.144.122 - - [01/Sep/2010:10:51:05 +0200] "GET /content/themes/blackcandy/images/icons/page_white_acrobat.png HTTP/1.1" 304 - "http://www.awo-kv-bernau.de/content/stellenangebote/" "Mozilla/4.0 (compatible; MSIE 8.0; Windows NT 5.1; Trident/4.0; .NET CLR 2.0.50727; .NET CLR 1.1.4322; .NET CLR 3.0.4506.2152; .NET CLR 3.5.30729)"
87.185.144.122 - - [01/Sep/2010:10:51:23 +0200] "GET /content/themes/blackcandy/images/hoverTabLeft.png HTTP/1.1" 304 - "http://www.awo-kv-bernau.de/content/stellenangebote/" "Mozilla/4.0 (compatible; MSIE 8.0; Windows NT 5.1; Trident/4.0; .NET CLR 2.0.50727; .NET CLR 1.1.4322; .NET CLR 3.0.4506.2152; .NET CLR 3.5.30729)"
87.185.144.122 - - [01/Sep/2010:10:51:23 +0200] "GET /content/themes/blackcandy/images/hoverTabRight.png HTTP/1.1" 304 - "http://www.awo-kv-bernau.de/content/stellenangebote/" "Mozilla/4.0 (compatible; MSIE 8.0; Windows NT 5.1; Trident/4.0; .NET CLR 2.0.50727; .NET CLR 1.1.4322; .NET CLR 3.0.4506.2152; .NET CLR 3.5.30729)"
87.185.144.122 - - [01/Sep/2010:10:51:23 +0200] "GET /content/aktuelles/ HTTP/1.1" 200 9028 "http://www.google.de/url?sa=t&source=web&cd=1&ved=0CBwQFjAA&url=http%3A%2F%2Fwww.awo-kv-bernau.de%2F&rct=j&q=awo%20bernau&ei=CBN-TIncA87fOOTryIIE&usg=AFQjCNFY6jRp0cyjK4eLe9CtgjDN1c4Vuw" "Mozilla/4.0 (compatible; MSIE 8.0; Windows NT 5.1; Trident/4.0; .NET CLR 2.0.50727; .NET CLR 1.1.4322; .NET CLR 3.0.4506.2152; .NET CLR 3.5.30729)"
87.185.144.122 - - [01/Sep/2010:10:51:24 +0200] "GET /content/assets/Aktuelles/aktuelles110810.jpg HTTP/1.1" 304 - "http://www.awo-kv-bernau.de/content/aktuelles/" "Mozilla/4.0 (compatible; MSIE 8.0; Windows NT 5.1; Trident/4.0; .NET CLR 2.0.50727; .NET CLR 1.1.4322; .NET CLR 3.0.4506.2152; .NET CLR 3.5.30729)"
87.185.144.122 - - [01/Sep/2010:10:51:24 +0200] "GET /content/assets/Aktuelles/aktuelles140810.jpg HTTP/1.1" 304 - "http://www.awo-kv-bernau.de/content/aktuelles/" "Mozilla/4.0 (compatible; MSIE 8.0; Windows NT 5.1; Trident/4.0; .NET CLR 2.0.50727; .NET CLR 1.1.4322; .NET CLR 3.0.4506.2152; .NET CLR 3.5.30729)"
87.185.144.122 - - [01/Sep/2010:10:51:24 +0200] "GET /content/assets/Aktuelles/aktuelles160710.jpg HTTP/1.1" 304 - "http://www.awo-kv-bernau.de/content/aktuelles/" "Mozilla/4.0 (compatible; MSIE 8.0; Windows NT 5.1; Trident/4.0; .NET CLR 2.0.50727; .NET CLR 1.1.4322; .NET CLR 3.0.4506.2152; .NET CLR 3.5.30729)"
87.185.144.122 - - [01/Sep/2010:10:51:24 +0200] "GET /content/assets/Aktuelles/awologo.jpg HTTP/1.1" 304 - "http://www.awo-kv-bernau.de/content/aktuelles/" "Mozilla/4.0 (compatible; MSIE 8.0; Windows NT 5.1; Trident/4.0; .NET CLR 2.0.50727; .NET CLR 1.1.4322; .NET CLR 3.0.4506.2152; .NET CLR 3.5.30729)"
66.249.67.52 - - [01/Sep/2010:10:52:08 +0200] "GET /content/kalender/jax_calendar.php?Y=-9907&m=2&d=5&cal_id=0&language=german&gmt_ofs=-1&view=d1 HTTP/1.1" 200 11766 "-" "Mozilla/5.0 (compatible; Googlebot/2.1; +http://www.google.com/bot.html)"
66.249.67.52 - - [01/Sep/2010:10:58:25 +0200] "GET /content/kalender/jax_calendar.php?Y=3029&m=11&d=14&cal_id=0&language=german&gmt_ofs=-1&view=d1 HTTP/1.1" 200 11770 "-" "Mozilla/5.0 (compatible; Googlebot/2.1; +http://www.google.com/bot.html)"
207.46.13.84 - - [01/Sep/2010:10:59:31 +0200] "GET /content/kindertagesstaetten/ HTTP/1.1" 200 8043 "-" "msnbot/2.0b (+http://search.msn.com/msnbot.htm)"
66.249.67.52 - - [01/Sep/2010:11:00:26 +0200] "GET /content/kalender/jax_calendar.php?Y=1586&m=5&d=1&view=d1 HTTP/1.1" 200 11766 "-" "Mozilla/5.0 (compatible; Googlebot/2.1; +http://www.google.com/bot.html)"
66.249.67.52 - - [01/Sep/2010:11:03:19 +0200] "GET /content/kalender/jax_calendar.php?Y=-10105&m=5&d=39&cal_id=0&language=german&gmt_ofs=-1&view=d1 HTTP/1.1" 200 11894 "-" "Mozilla/5.0 (compatible; Googlebot/2.1; +http://www.google.com/bot.html)"
66.249.67.52 - - [01/Sep/2010:11:06:13 +0200] "GET /content/kalender/jax_calendar.php?Y=-9901&m=1&d=5&cal_id=0&language=german&gmt_ofs=-1&view=d1 HTTP/1.1" 200 11766 "-" "Mozilla/5.0 (compatible; Googlebot/2.1; +http://www.google.com/bot.html)"
66.249.67.52 - - [01/Sep/2010:11:09:07 +0200] "GET /content/kalender/jax_calendar.php?Y=3028&m=9&d=14&cal_id=0&language=german&gmt_ofs=-1&view=d1 HTTP/1.1" 200 11709 "-" "Mozilla/5.0 (compatible; Googlebot/2.1; +http://www.google.com/bot.html)"
66.249.67.52 - - [01/Sep/2010:11:12:01 +0200] "GET /content/kalender/jax_calendar.php?Y=-10091&m=3&d=24&view=d1 HTTP/1.1" 200 11995 "-" "Mozilla/5.0 (compatible; Googlebot/2.1; +http://www.google.com/bot.html)"
