207.46.199.15 - - [01/Sep/2010:21:45:22 +0200] "GET /content/kalender/css/default.css HTTP/1.1" 200 6070 "http://www.awo-kv-bernau.de/content/kalender/jax_calendar.php?Y=2010&m=7&d=19&view=d1&language=english" "Mozilla/4.0 (compatible; MSIE 6.0; Windows NT 5.2; SV1; .NET CLR 1.1.4322; .NET CLR 2.0.40607; .NET CLR 3.0.04506.648)"
207.46.199.15 - - [01/Sep/2010:21:45:23 +0200] "GET /content/kalender/modules/quick_select_popup.js HTTP/1.1" 200 2660 "http://www.awo-kv-bernau.de/content/kalender/jax_calendar.php?Y=2010&m=7&d=19&view=d1&language=english" "Mozilla/4.0 (compatible; MSIE 6.0; Windows NT 5.2; SV1; .NET CLR 1.1.4322; .NET CLR 2.0.40607; .NET CLR 3.0.04506.648)"
66.249.71.40 - - [01/Sep/2010:21:48:46 +0200] "GET /content/kalender/jax_calendar.php?Y=-10103&m=11&d=1&cal_id=0&language=english&gmt_ofs=0&view=d1 HTTP/1.1" 200 11862 "-" "Mozilla/5.0 (compatible; Googlebot/2.1; +http://www.google.com/bot.html)"
66.249.71.40 - - [01/Sep/2010:21:50:19 +0200] "GET /content/kalender/jax_calendar.php?Y=-9918&m=9&d=6&view=d1 HTTP/1.1" 200 11869 "-" "Mozilla/5.0 (compatible; Googlebot/2.1; +http://www.google.com/bot.html)"
81.17.208.4 - - [01/Sep/2010:21:50:24 +0200] "HEAD /content/assets/Stellenanzeigen/stellenausschreibungpflegefachkraftaph.pdf HTTP/1.1" 200 - "-" "Mozilla/5.0 (compatible; jobs.de-Robot +http://www.jobs.de)"
207.46.195.223 - - [01/Sep/2010:21:51:10 +0200] "GET /content/erziehungs-und-familienberatung/ HTTP/1.1" 200 13409 "-" "msnbot/2.0b (+http://search.msn.com/msnbot.htm)"
78.52.203.25 - - [01/Sep/2010:21:51:41 +0200] "GET / HTTP/1.1" 302 - "http://www.google.de/search?q=AWO+Bernau&ie=utf-8&oe=utf-8&aq=t&rls=org.mozilla:de:official&client=firefox-a" "Mozilla/5.0 (Windows; U; Windows NT 6.1; de; rv:1.9.2.8) Gecko/20100722 Firefox/3.6.8 ( .NET CLR 3.5.30729; .NET4.0C)"
78.52.203.25 - - [01/Sep/2010:21:51:42 +0200] "GET /content/aktuelles/ HTTP/1.1" 200 10031 "http://www.google.de/search?q=AWO+Bernau&ie=utf-8&oe=utf-8&aq=t&rls=org.mozilla:de:official&client=firefox-a" "Mozilla/5.0 (Windows; U; Windows NT 6.1; de; rv:1.9.2.8) Gecko/20100722 Firefox/3.6.8 ( .NET CLR 3.5.30729; .NET4.0C)"
78.52.203.25 - - [01/Sep/2010:21:52:07 +0200] "GET / HTTP/1.1" 302 - "http://www.google.de/search?hl=de&client=firefox-a&hs=42t&rls=org.mozilla%3Ade%3Aofficial&q=AWO+treff+Bernau&aq=f&aqi=g1&aql=&oq=&gs_rfai=" "Mozilla/5.0 (Windows; U; Windows NT 6.1; de; rv:1.9.2.8) Gecko/20100722 Firefox/3.6.8 ( .NET CLR 3.5.30729; .NET4.0C)"
78.52.203.25 - - [01/Sep/2010:21:52:07 +0200] "GET /content/aktuelles/ HTTP/1.1" 200 10031 "http://www.google.de/search?hl=de&client=firefox-a&hs=42t&rls=org.mozilla%3Ade%3Aofficial&q=AWO+treff+Bernau&aq=f&aqi=g1&aql=&oq=&gs_rfai=" "Mozilla/5.0 (Windows; U; Windows NT 6.1; de; rv:1.9.2.8) Gecko/20100722 Firefox/3.6.8 ( .NET CLR 3.5.30729; .NET4.0C)"
78.52.203.25 - - [01/Sep/2010:21:52:12 +0200] "GET / HTTP/1.1" 302 - "http://www.google.de/search?hl=de&client=firefox-a&hs=42t&rls=org.mozilla%3Ade%3Aofficial&q=AWO+treff+Bernau&aq=f&aqi=g1&aql=&oq=&gs_rfai=" "Mozilla/5.0 (Windows; U; Windows NT 6.1; de; rv:1.9.2.8) Gecko/20100722 Firefox/3.6.8 ( .NET CLR 3.5.30729; .NET4.0C)"
78.52.203.25 - - [01/Sep/2010:21:52:12 +0200] "GET /content/aktuelles/ HTTP/1.1" 200 10031 "http://www.google.de/search?hl=de&client=firefox-a&hs=42t&rls=org.mozilla%3Ade%3Aofficial&q=AWO+treff+Bernau&aq=f&aqi=g1&aql=&oq=&gs_rfai=" "Mozilla/5.0 (Windows; U; Windows NT 6.1; de; rv:1.9.2.8) Gecko/20100722 Firefox/3.6.8 ( .NET CLR 3.5.30729; .NET4.0C)"
78.52.203.25 - - [01/Sep/2010:21:52:12 +0200] "GET /content/themes/blackcandy/css/layout.css?m=1281258825 HTTP/1.1" 200 9945 "http://www.awo-kv-bernau.de/content/aktuelles/" "Mozilla/5.0 (Windows; U; Windows NT 6.1; de; rv:1.9.2.8) Gecko/20100722 Firefox/3.6.8 ( .NET CLR 3.5.30729; .NET4.0C)"
78.52.203.25 - - [01/Sep/2010:21:52:12 +0200] "GET /content/themes/blackcandy/css/typography.css?m=1281262824 HTTP/1.1" 200 5090 "http://www.awo-kv-bernau.de/content/aktuelles/" "Mozilla/5.0 (Windows; U; Windows NT 6.1; de; rv:1.9.2.8) Gecko/20100722 Firefox/3.6.8 ( .NET CLR 3.5.30729; .NET4.0C)"
78.52.203.25 - - [01/Sep/2010:21:52:12 +0200] "GET /content/themes/blackcandy/css/form.css?m=1277278133 HTTP/1.1" 200 1856 "http://www.awo-kv-bernau.de/content/aktuelles/" "Mozilla/5.0 (Windows; U; Windows NT 6.1; de; rv:1.9.2.8) Gecko/20100722 Firefox/3.6.8 ( .NET CLR 3.5.30729; .NET4.0C)"
78.52.203.25 - - [01/Sep/2010:21:52:12 +0200] "GET /favicon.ico HTTP/1.1" 404 1256 "-" "Mozilla/5.0 (Windows; U; Windows NT 6.1; de; rv:1.9.2.8) Gecko/20100722 Firefox/3.6.8 ( .NET CLR 3.5.30729; .NET4.0C)"
78.52.203.25 - - [01/Sep/2010:21:52:12 +0200] "GET /content/assets/Aktuelles/awologo.jpg HTTP/1.1" 200 2292 "http://www.awo-kv-bernau.de/content/aktuelles/" "Mozilla/5.0 (Windows; U; Windows NT 6.1; de; rv:1.9.2.8) Gecko/20100722 Firefox/3.6.8 ( .NET CLR 3.5.30729; .NET4.0C)"
78.52.203.25 - - [01/Sep/2010:21:52:12 +0200] "GET /favicon.ico HTTP/1.1" 404 1256 "-" "Mozilla/5.0 (Windows; U; Windows NT 6.1; de; rv:1.9.2.8) Gecko/20100722 Firefox/3.6.8 ( .NET CLR 3.5.30729; .NET4.0C)"
78.52.203.25 - - [01/Sep/2010:21:52:12 +0200] "GET /content/themes/blackcandy/images/headerRounded.png HTTP/1.1" 200 763 "http://www.awo-kv-bernau.de/content/themes/blackcandy/css/layout.css?m=1281258825" "Mozilla/5.0 (Windows; U; Windows NT 6.1; de; rv:1.9.2.8) Gecko/20100722 Firefox/3.6.8 ( .NET CLR 3.5.30729; .NET4.0C)"
78.52.203.25 - - [01/Sep/2010:21:52:12 +0200] "GET /content/assets/Aktuelles/aktuelles160710.jpg HTTP/1.1" 200 17303 "http://www.awo-kv-bernau.de/content/aktuelles/" "Mozilla/5.0 (Windows; U; Windows NT 6.1; de; rv:1.9.2.8) Gecko/20100722 Firefox/3.6.8 ( .NET CLR 3.5.30729; .NET4.0C)"
78.52.203.25 - - [01/Sep/2010:21:52:12 +0200] "GET /content/assets/Aktuelles/aktuelles010910.jpg HTTP/1.1" 200 29458 "http://www.awo-kv-bernau.de/content/aktuelles/" "Mozilla/5.0 (Windows; U; Windows NT 6.1; de; rv:1.9.2.8) Gecko/20100722 Firefox/3.6.8 ( .NET CLR 3.5.30729; .NET4.0C)"
78.52.203.25 - - [01/Sep/2010:21:52:12 +0200] "GET /content/themes/blackcandy/images/activeTabLeft.png HTTP/1.1" 200 433 "http://www.awo-kv-bernau.de/content/themes/blackcandy/css/layout.css?m=1281258825" "Mozilla/5.0 (Windows; U; Windows NT 6.1; de; rv:1.9.2.8) Gecko/20100722 Firefox/3.6.8 ( .NET CLR 3.5.30729; .NET4.0C)"
78.52.203.25 - - [01/Sep/2010:21:52:12 +0200] "GET /content/themes/blackcandy/images/activeTabRight.png HTTP/1.1" 200 433 "http://www.awo-kv-bernau.de/content/themes/blackcandy/css/layout.css?m=1281258825" "Mozilla/5.0 (Windows; U; Windows NT 6.1; de; rv:1.9.2.8) Gecko/20100722 Firefox/3.6.8 ( .NET CLR 3.5.30729; .NET4.0C)"
78.52.203.25 - - [01/Sep/2010:21:52:12 +0200] "GET /content/assets/Aktuelles/aktuelles140810.jpg HTTP/1.1" 200 20737 "http://www.awo-kv-bernau.de/content/aktuelles/" "Mozilla/5.0 (Windows; U; Windows NT 6.1; de; rv:1.9.2.8) Gecko/20100722 Firefox/3.6.8 ( .NET CLR 3.5.30729; .NET4.0C)"
78.52.203.25 - - [01/Sep/2010:21:52:12 +0200] "GET /content/themes/blackcandy/images/herz.png HTTP/1.1" 200 344 "http://www.awo-kv-bernau.de/content/themes/blackcandy/css/layout.css?m=1281258825" "Mozilla/5.0 (Windows; U; Windows NT 6.1; de; rv:1.9.2.8) Gecko/20100722 Firefox/3.6.8 ( .NET CLR 3.5.30729; .NET4.0C)"
78.52.203.25 - - [01/Sep/2010:21:52:12 +0200] "GET /content/themes/blackcandy/images/footer.png HTTP/1.1" 200 884 "http://www.awo-kv-bernau.de/content/themes/blackcandy/css/layout.css?m=1281258825" "Mozilla/5.0 (Windows; U; Windows NT 6.1; de; rv:1.9.2.8) Gecko/20100722 Firefox/3.6.8 ( .NET CLR 3.5.30729; .NET4.0C)"
78.52.203.25 - - [01/Sep/2010:21:52:12 +0200] "GET /content/assets/Aktuelles/aktuelles110810.jpg HTTP/1.1" 200 73350 "http://www.awo-kv-bernau.de/content/aktuelles/" "Mozilla/5.0 (Windows; U; Windows NT 6.1; de; rv:1.9.2.8) Gecko/20100722 Firefox/3.6.8 ( .NET CLR 3.5.30729; .NET4.0C)"
78.52.203.25 - - [01/Sep/2010:21:52:12 +0200] "GET /content/themes/blackcandy/images/header.jpg HTTP/1.1" 200 45038 "http://www.awo-kv-bernau.de/content/themes/blackcandy/css/layout.css?m=1281258825" "Mozilla/5.0 (Windows; U; Windows NT 6.1; de; rv:1.9.2.8) Gecko/20100722 Firefox/3.6.8 ( .NET CLR 3.5.30729; .NET4.0C)"
78.52.203.25 - - [01/Sep/2010:21:52:12 +0200] "GET /content/themes/blackcandy/images/subheader.jpg HTTP/1.1" 200 52576 "http://www.awo-kv-bernau.de/content/themes/blackcandy/css/layout.css?m=1281258825" "Mozilla/5.0 (Windows; U; Windows NT 6.1; de; rv:1.9.2.8) Gecko/20100722 Firefox/3.6.8 ( .NET CLR 3.5.30729; .NET4.0C)"
78.52.203.25 - - [01/Sep/2010:21:52:15 +0200] "GET /favicon.ico HTTP/1.1" 404 1256 "-" "Mozilla/5.0 (Windows; U; Windows NT 6.1; de; rv:1.9.2.8) Gecko/20100722 Firefox/3.6.8 ( .NET CLR 3.5.30729; .NET4.0C)"
207.46.204.187 - - [01/Sep/2010:21:52:28 +0200] "GET /content/veranstaltungskalender/ HTTP/1.1" 200 7393 "-" "msnbot/2.0b (+http://search.msn.com/msnbot.htm)"
78.52.203.25 - - [01/Sep/2010:21:52:30 +0200] "GET /content/awo-treff/ HTTP/1.1" 200 8216 "http://www.awo-kv-bernau.de/content/aktuelles/" "Mozilla/5.0 (Windows; U; Windows NT 6.1; de; rv:1.9.2.8) Gecko/20100722 Firefox/3.6.8 ( .NET CLR 3.5.30729; .NET4.0C)"
78.52.203.25 - - [01/Sep/2010:21:52:30 +0200] "GET /content/themes/blackcandy/css/layout.css?m=1281258825 HTTP/1.1" 304 - "http://www.awo-kv-bernau.de/content/awo-treff/" "Mozilla/5.0 (Windows; U; Windows NT 6.1; de; rv:1.9.2.8) Gecko/20100722 Firefox/3.6.8 ( .NET CLR 3.5.30729; .NET4.0C)"
78.52.203.25 - - [01/Sep/2010:21:52:30 +0200] "GET /content/assets/Awo-Treff/_resampled/ResizedImage300225-start.jpg HTTP/1.1" 200 13680 "http://www.awo-kv-bernau.de/content/awo-treff/" "Mozilla/5.0 (Windows; U; Windows NT 6.1; de; rv:1.9.2.8) Gecko/20100722 Firefox/3.6.8 ( .NET CLR 3.5.30729; .NET4.0C)"
78.52.203.25 - - [01/Sep/2010:21:52:30 +0200] "GET /content/themes/blackcandy/css/typography.css?m=1281262824 HTTP/1.1" 304 - "http://www.awo-kv-bernau.de/content/awo-treff/" "Mozilla/5.0 (Windows; U; Windows NT 6.1; de; rv:1.9.2.8) Gecko/20100722 Firefox/3.6.8 ( .NET CLR 3.5.30729; .NET4.0C)"
78.52.203.25 - - [01/Sep/2010:21:52:30 +0200] "GET /content/themes/blackcandy/css/form.css?m=1277278133 HTTP/1.1" 304 - "http://www.awo-kv-bernau.de/content/awo-treff/" "Mozilla/5.0 (Windows; U; Windows NT 6.1; de; rv:1.9.2.8) Gecko/20100722 Firefox/3.6.8 ( .NET CLR 3.5.30729; .NET4.0C)"
78.52.203.25 - - [01/Sep/2010:21:52:40 +0200] "GET /content/themes/blackcandy/images/hoverTabLeft.png HTTP/1.1" 200 400 "http://www.awo-kv-bernau.de/content/themes/blackcandy/css/layout.css?m=1281258825" "Mozilla/5.0 (Windows; U; Windows NT 6.1; de; rv:1.9.2.8) Gecko/20100722 Firefox/3.6.8 ( .NET CLR 3.5.30729; .NET4.0C)"
78.52.203.25 - - [01/Sep/2010:21:52:40 +0200] "GET /content/themes/blackcandy/images/hoverTabRight.png HTTP/1.1" 200 429 "http://www.awo-kv-bernau.de/content/themes/blackcandy/css/layout.css?m=1281258825" "Mozilla/5.0 (Windows; U; Windows NT 6.1; de; rv:1.9.2.8) Gecko/20100722 Firefox/3.6.8 ( .NET CLR 3.5.30729; .NET4.0C)"
78.52.203.25 - - [01/Sep/2010:21:53:04 +0200] "GET / HTTP/1.1" 302 - "http://www.google.de/search?hl=de&client=firefox-a&hs=42t&rls=org.mozilla%3Ade%3Aofficial&q=AWO+treff+Bernau&aq=f&aqi=g1&aql=&oq=&gs_rfai=" "Mozilla/5.0 (Windows; U; Windows NT 6.1; de; rv:1.9.2.8) Gecko/20100722 Firefox/3.6.8 ( .NET CLR 3.5.30729; .NET4.0C)"
78.52.203.25 - - [01/Sep/2010:21:53:04 +0200] "GET /content/aktuelles/ HTTP/1.1" 200 10031 "http://www.google.de/search?hl=de&client=firefox-a&hs=42t&rls=org.mozilla%3Ade%3Aofficial&q=AWO+treff+Bernau&aq=f&aqi=g1&aql=&oq=&gs_rfai=" "Mozilla/5.0 (Windows; U; Windows NT 6.1; de; rv:1.9.2.8) Gecko/20100722 Firefox/3.6.8 ( .NET CLR 3.5.30729; .NET4.0C)"
78.52.203.25 - - [01/Sep/2010:21:53:13 +0200] "GET /content/awo-treff-angebote/ HTTP/1.1" 200 12642 "http://www.google.de/imgres?imgurl=http://www.awo-kv-bernau.de/content/assets/Awo-Treff/_resampled/ResizedImage300225-Tanz.jpg&imgrefurl=http://www.awo-kv-bernau.de/content/awo-treff-angebote/&usg=__Cuac4hOT1eFdS85UKo9ihc6n8PE=&h=225&w=300&sz=14&hl=de&start=3&zoom=1&um=1&itbs=1&tbnid=ZoD9VBWr7KZj2M:&tbnh=87&tbnw=116&prev=/images%3Fq%3DAWO%2Btreff%2BBernau%26um%3D1%26hl%3Dde%26client%3Dfirefox-a%26hs%3DCPZ%26sa%3DN%26rls%3Dorg.mozilla:de:official%26tbs%3Disch:1" "Mozilla/5.0 (Windows; U; Windows NT 6.1; de; rv:1.9.2.8) Gecko/20100722 Firefox/3.6.8 ( .NET CLR 3.5.30729; .NET4.0C)"
78.52.203.25 - - [01/Sep/2010:21:53:13 +0200] "GET /content/themes/blackcandy/css/layout.css?m=1281258825 HTTP/1.1" 304 - "http://www.awo-kv-bernau.de/content/awo-treff-angebote/" "Mozilla/5.0 (Windows; U; Windows NT 6.1; de; rv:1.9.2.8) Gecko/20100722 Firefox/3.6.8 ( .NET CLR 3.5.30729; .NET4.0C)"
78.52.203.25 - - [01/Sep/2010:21:53:13 +0200] "GET /content/themes/blackcandy/css/typography.css?m=1281262824 HTTP/1.1" 304 - "http://www.awo-kv-bernau.de/content/awo-treff-angebote/" "Mozilla/5.0 (Windows; U; Windows NT 6.1; de; rv:1.9.2.8) Gecko/20100722 Firefox/3.6.8 ( .NET CLR 3.5.30729; .NET4.0C)"
78.52.203.25 - - [01/Sep/2010:21:53:13 +0200] "GET /content/themes/blackcandy/css/form.css?m=1277278133 HTTP/1.1" 304 - "http://www.awo-kv-bernau.de/content/awo-treff-angebote/" "Mozilla/5.0 (Windows; U; Windows NT 6.1; de; rv:1.9.2.8) Gecko/20100722 Firefox/3.6.8 ( .NET CLR 3.5.30729; .NET4.0C)"
78.52.203.25 - - [01/Sep/2010:21:53:13 +0200] "GET /content/assets/Awo-Treff/_resampled/ResizedImage300225-Sport.jpg HTTP/1.1" 200 13858 "http://www.awo-kv-bernau.de/content/awo-treff-angebote/" "Mozilla/5.0 (Windows; U; Windows NT 6.1; de; rv:1.9.2.8) Gecko/20100722 Firefox/3.6.8 ( .NET CLR 3.5.30729; .NET4.0C)"
78.52.203.25 - - [01/Sep/2010:21:53:13 +0200] "GET /content/assets/Awo-Treff/_resampled/ResizedImage300225-Tanz.jpg HTTP/1.1" 200 14066 "http://www.awo-kv-bernau.de/content/awo-treff-angebote/" "Mozilla/5.0 (Windows; U; Windows NT 6.1; de; rv:1.9.2.8) Gecko/20100722 Firefox/3.6.8 ( .NET CLR 3.5.30729; .NET4.0C)"
78.52.203.25 - - [01/Sep/2010:21:53:13 +0200] "GET /content/assets/Awo-Treff/_resampled/ResizedImage300225-Bildung.jpg HTTP/1.1" 200 13637 "http://www.awo-kv-bernau.de/content/awo-treff-angebote/" "Mozilla/5.0 (Windows; U; Windows NT 6.1; de; rv:1.9.2.8) Gecko/20100722 Firefox/3.6.8 ( .NET CLR 3.5.30729; .NET4.0C)"
78.52.203.25 - - [01/Sep/2010:21:53:13 +0200] "GET /content/assets/Awo-Treff/_resampled/ResizedImage300225-Kunst.jpg HTTP/1.1" 200 16139 "http://www.awo-kv-bernau.de/content/awo-treff-angebote/" "Mozilla/5.0 (Windows; U; Windows NT 6.1; de; rv:1.9.2.8) Gecko/20100722 Firefox/3.6.8 ( .NET CLR 3.5.30729; .NET4.0C)"
78.52.203.25 - - [01/Sep/2010:21:53:13 +0200] "GET /content/assets/Awo-Treff/mittag.jpg HTTP/1.1" 200 13071 "http://www.awo-kv-bernau.de/content/awo-treff-angebote/" "Mozilla/5.0 (Windows; U; Windows NT 6.1; de; rv:1.9.2.8) Gecko/20100722 Firefox/3.6.8 ( .NET CLR 3.5.30729; .NET4.0C)"
78.52.203.25 - - [01/Sep/2010:21:53:13 +0200] "GET /content/assets/Awo-Treff/_resampled/ResizedImage300225-Spiele.jpg HTTP/1.1" 200 13350 "http://www.awo-kv-bernau.de/content/awo-treff-angebote/" "Mozilla/5.0 (Windows; U; Windows NT 6.1; de; rv:1.9.2.8) Gecko/20100722 Firefox/3.6.8 ( .NET CLR 3.5.30729; .NET4.0C)"
78.52.203.25 - - [01/Sep/2010:21:53:13 +0200] "GET /content/assets/Awo-Treff/Kreatives.jpg HTTP/1.1" 200 32197 "http://www.awo-kv-bernau.de/content/awo-treff-angebote/" "Mozilla/5.0 (Windows; U; Windows NT 6.1; de; rv:1.9.2.8) Gecko/20100722 Firefox/3.6.8 ( .NET CLR 3.5.30729; .NET4.0C)"
78.52.203.25 - - [01/Sep/2010:21:53:33 +0200] "GET /content/awo-treff/ HTTP/1.1" 200 8216 "http://www.awo-kv-bernau.de/content/awo-treff-angebote/" "Mozilla/5.0 (Windows; U; Windows NT 6.1; de; rv:1.9.2.8) Gecko/20100722 Firefox/3.6.8 ( .NET CLR 3.5.30729; .NET4.0C)"
78.52.203.25 - - [01/Sep/2010:21:53:33 +0200] "GET /content/themes/blackcandy/css/layout.css?m=1281258825 HTTP/1.1" 304 - "http://www.awo-kv-bernau.de/content/awo-treff/" "Mozilla/5.0 (Windows; U; Windows NT 6.1; de; rv:1.9.2.8) Gecko/20100722 Firefox/3.6.8 ( .NET CLR 3.5.30729; .NET4.0C)"
78.52.203.25 - - [01/Sep/2010:21:53:33 +0200] "GET /content/themes/blackcandy/css/typography.css?m=1281262824 HTTP/1.1" 304 - "http://www.awo-kv-bernau.de/content/awo-treff/" "Mozilla/5.0 (Windows; U; Windows NT 6.1; de; rv:1.9.2.8) Gecko/20100722 Firefox/3.6.8 ( .NET CLR 3.5.30729; .NET4.0C)"
78.52.203.25 - - [01/Sep/2010:21:53:33 +0200] "GET /content/themes/blackcandy/css/form.css?m=1277278133 HTTP/1.1" 304 - "http://www.awo-kv-bernau.de/content/awo-treff/" "Mozilla/5.0 (Windows; U; Windows NT 6.1; de; rv:1.9.2.8) Gecko/20100722 Firefox/3.6.8 ( .NET CLR 3.5.30729; .NET4.0C)"
78.52.203.25 - - [01/Sep/2010:21:53:38 +0200] "GET /content/awotreff-ueber-uns/ HTTP/1.1" 200 8988 "http://www.awo-kv-bernau.de/content/awo-treff/" "Mozilla/5.0 (Windows; U; Windows NT 6.1; de; rv:1.9.2.8) Gecko/20100722 Firefox/3.6.8 ( .NET CLR 3.5.30729; .NET4.0C)"
78.52.203.25 - - [01/Sep/2010:21:53:38 +0200] "GET /content/themes/blackcandy/css/layout.css?m=1281258825 HTTP/1.1" 304 - "http://www.awo-kv-bernau.de/content/awotreff-ueber-uns/" "Mozilla/5.0 (Windows; U; Windows NT 6.1; de; rv:1.9.2.8) Gecko/20100722 Firefox/3.6.8 ( .NET CLR 3.5.30729; .NET4.0C)"
78.52.203.25 - - [01/Sep/2010:21:53:38 +0200] "GET /content/themes/blackcandy/css/typography.css?m=1281262824 HTTP/1.1" 304 - "http://www.awo-kv-bernau.de/content/awotreff-ueber-uns/" "Mozilla/5.0 (Windows; U; Windows NT 6.1; de; rv:1.9.2.8) Gecko/20100722 Firefox/3.6.8 ( .NET CLR 3.5.30729; .NET4.0C)"
78.52.203.25 - - [01/Sep/2010:21:53:38 +0200] "GET /content/themes/blackcandy/css/form.css?m=1277278133 HTTP/1.1" 304 - "http://www.awo-kv-bernau.de/content/awotreff-ueber-uns/" "Mozilla/5.0 (Windows; U; Windows NT 6.1; de; rv:1.9.2.8) Gecko/20100722 Firefox/3.6.8 ( .NET CLR 3.5.30729; .NET4.0C)"
78.52.203.25 - - [01/Sep/2010:21:54:07 +0200] "GET /content/awo-treff/ HTTP/1.1" 200 8216 "http://www.awo-kv-bernau.de/content/awo-treff/" "Mozilla/5.0 (Windows; U; Windows NT 6.1; de; rv:1.9.2.8) Gecko/20100722 Firefox/3.6.8 ( .NET CLR 3.5.30729; .NET4.0C)"
78.52.203.25 - - [01/Sep/2010:21:54:07 +0200] "GET /content/themes/blackcandy/css/layout.css?m=1281258825 HTTP/1.1" 304 - "http://www.awo-kv-bernau.de/content/awo-treff/" "Mozilla/5.0 (Windows; U; Windows NT 6.1; de; rv:1.9.2.8) Gecko/20100722 Firefox/3.6.8 ( .NET CLR 3.5.30729; .NET4.0C)"
78.52.203.25 - - [01/Sep/2010:21:54:07 +0200] "GET /content/themes/blackcandy/css/typography.css?m=1281262824 HTTP/1.1" 304 - "http://www.awo-kv-bernau.de/content/awo-treff/" "Mozilla/5.0 (Windows; U; Windows NT 6.1; de; rv:1.9.2.8) Gecko/20100722 Firefox/3.6.8 ( .NET CLR 3.5.30729; .NET4.0C)"
78.52.203.25 - - [01/Sep/2010:21:54:07 +0200] "GET /content/themes/blackcandy/css/form.css?m=1277278133 HTTP/1.1" 304 - "http://www.awo-kv-bernau.de/content/awo-treff/" "Mozilla/5.0 (Windows; U; Windows NT 6.1; de; rv:1.9.2.8) Gecko/20100722 Firefox/3.6.8 ( .NET CLR 3.5.30729; .NET4.0C)"
66.249.71.40 - - [01/Sep/2010:21:58:24 +0200] "GET /content/kalender/jax_calendar.php?Y=4259&m=11&d=29&view=d1 HTTP/1.1" 200 11870 "-" "Mozilla/5.0 (compatible; Googlebot/2.1; +http://www.google.com/bot.html)"
67.195.115.117 - - [01/Sep/2010:22:00:15 +0200] "GET /content/beratungsstellen/ HTTP/1.0" 200 7938 "-" "Mozilla/5.0 (compatible; Yahoo! Slurp/3.0; http://help.yahoo.com/help/us/ysearch/slurp)"
66.249.71.40 - - [01/Sep/2010:22:00:17 +0200] "GET /content/kalender/jax_calendar.php?Y=-9919&m=10&d=27&view=d1 HTTP/1.1" 200 11964 "-" "Mozilla/5.0 (compatible; Googlebot/2.1; +http://www.google.com/bot.html)"
66.249.71.40 - - [01/Sep/2010:22:03:01 +0200] "GET /content/kalender/jax_calendar.php?Y=4252&m=4&d=11&view=d1 HTTP/1.1" 200 11804 "-" "Mozilla/5.0 (compatible; Googlebot/2.1; +http://www.google.com/bot.html)"
88.72.199.16 - - [01/Sep/2010:22:03:03 +0200] "GET /content/themes/blackcandy/css/layout.css?m=1281258825 HTTP/1.1" 200 9945 "http://www.awo-kv-bernau.de/content/kinderland/" "Mozilla/5.0 (Windows; U; Windows NT 6.0; de; rv:1.9.2.8) Gecko/20100722 Firefox/3.6.8 ( .NET CLR 3.5.30729; .NET4.0C)"
88.72.199.16 - - [01/Sep/2010:22:03:03 +0200] "GET /content/kinderland/ HTTP/1.1" 200 20474 "http://www.google.de/url?sa=t&source=web&cd=4&ved=0CCMQFjAD&url=http%3A%2F%2Fwww.awo-kv-bernau.de%2Fcontent%2Fkinderland%2F&rct=j&q=kindergarten%20kinderland%20eberswalde&ei=bbF-TKKnN4nqOMqXoKoK&usg=AFQjCNGtBxxHLPu1DH_6N8bkGWnCz4AGAg" "Mozilla/5.0 (Windows; U; Windows NT 6.0; de; rv:1.9.2.8) Gecko/20100722 Firefox/3.6.8 ( .NET CLR 3.5.30729; .NET4.0C)"
88.72.199.16 - - [01/Sep/2010:22:03:03 +0200] "GET /content/themes/blackcandy/css/typography.css?m=1281262824 HTTP/1.1" 200 5090 "http://www.awo-kv-bernau.de/content/kinderland/" "Mozilla/5.0 (Windows; U; Windows NT 6.0; de; rv:1.9.2.8) Gecko/20100722 Firefox/3.6.8 ( .NET CLR 3.5.30729; .NET4.0C)"
88.72.199.16 - - [01/Sep/2010:22:03:03 +0200] "GET /content/themes/blackcandy/css/form.css?m=1277278133 HTTP/1.1" 200 1856 "http://www.awo-kv-bernau.de/content/kinderland/" "Mozilla/5.0 (Windows; U; Windows NT 6.0; de; rv:1.9.2.8) Gecko/20100722 Firefox/3.6.8 ( .NET CLR 3.5.30729; .NET4.0C)"
88.72.199.16 - - [01/Sep/2010:22:03:04 +0200] "GET /favicon.ico HTTP/1.1" 404 1256 "-" "Mozilla/5.0 (Windows; U; Windows NT 6.0; de; rv:1.9.2.8) Gecko/20100722 Firefox/3.6.8 ( .NET CLR 3.5.30729; .NET4.0C)"
88.72.199.16 - - [01/Sep/2010:22:03:04 +0200] "GET /content/assets/Kitas/KitaKinderland/kinderland300810.jpg HTTP/1.1" 200 14482 "http://www.awo-kv-bernau.de/content/kinderland/" "Mozilla/5.0 (Windows; U; Windows NT 6.0; de; rv:1.9.2.8) Gecko/20100722 Firefox/3.6.8 ( .NET CLR 3.5.30729; .NET4.0C)"
88.72.199.16 - - [01/Sep/2010:22:03:04 +0200] "GET /content/assets/Kitas/KitaKinderland/english.jpg HTTP/1.1" 200 30588 "http://www.awo-kv-bernau.de/content/kinderland/" "Mozilla/5.0 (Windows; U; Windows NT 6.0; de; rv:1.9.2.8) Gecko/20100722 Firefox/3.6.8 ( .NET CLR 3.5.30729; .NET4.0C)"
88.72.199.16 - - [01/Sep/2010:22:03:04 +0200] "GET /content/assets/Kitas/KitaKinderland/kinderlandtop2.jpg HTTP/1.1" 200 34631 "http://www.awo-kv-bernau.de/content/kinderland/" "Mozilla/5.0 (Windows; U; Windows NT 6.0; de; rv:1.9.2.8) Gecko/20100722 Firefox/3.6.8 ( .NET CLR 3.5.30729; .NET4.0C)"
88.72.199.16 - - [01/Sep/2010:22:03:04 +0200] "GET /content/assets/Kitas/KitaKinderland/kinderland2.jpg HTTP/1.1" 200 55721 "http://www.awo-kv-bernau.de/content/kinderland/" "Mozilla/5.0 (Windows; U; Windows NT 6.0; de; rv:1.9.2.8) Gecko/20100722 Firefox/3.6.8 ( .NET CLR 3.5.30729; .NET4.0C)"
88.72.199.16 - - [01/Sep/2010:22:03:04 +0200] "GET /content/assets/Kitas/KitaKinderland/foerderung.jpg HTTP/1.1" 200 32495 "http://www.awo-kv-bernau.de/content/kinderland/" "Mozilla/5.0 (Windows; U; Windows NT 6.0; de; rv:1.9.2.8) Gecko/20100722 Firefox/3.6.8 ( .NET CLR 3.5.30729; .NET4.0C)"
88.72.199.16 - - [01/Sep/2010:22:03:04 +0200] "GET /content/assets/Kitas/KitaKinderland/kinderland1.jpg HTTP/1.1" 200 58178 "http://www.awo-kv-bernau.de/content/kinderland/" "Mozilla/5.0 (Windows; U; Windows NT 6.0; de; rv:1.9.2.8) Gecko/20100722 Firefox/3.6.8 ( .NET CLR 3.5.30729; .NET4.0C)"
88.72.199.16 - - [01/Sep/2010:22:03:04 +0200] "GET /content/assets/Kitas/KitaKinderland/kinderland0.jpg HTTP/1.1" 200 63798 "http://www.awo-kv-bernau.de/content/kinderland/" "Mozilla/5.0 (Windows; U; Windows NT 6.0; de; rv:1.9.2.8) Gecko/20100722 Firefox/3.6.8 ( .NET CLR 3.5.30729; .NET4.0C)"
88.72.199.16 - - [01/Sep/2010:22:03:04 +0200] "GET /content/assets/Kitas/KitaKinderland/kinderland3.jpg HTTP/1.1" 200 81117 "http://www.awo-kv-bernau.de/content/kinderland/" "Mozilla/5.0 (Windows; U; Windows NT 6.0; de; rv:1.9.2.8) Gecko/20100722 Firefox/3.6.8 ( .NET CLR 3.5.30729; .NET4.0C)"
88.72.199.16 - - [01/Sep/2010:22:03:07 +0200] "GET /content/themes/blackcandy/images/headerRounded.png HTTP/1.1" 200 763 "http://www.awo-kv-bernau.de/content/themes/blackcandy/css/layout.css?m=1281258825" "Mozilla/5.0 (Windows; U; Windows NT 6.0; de; rv:1.9.2.8) Gecko/20100722 Firefox/3.6.8 ( .NET CLR 3.5.30729; .NET4.0C)"
88.72.199.16 - - [01/Sep/2010:22:03:07 +0200] "GET /content/themes/blackcandy/images/activeTabLeft.png HTTP/1.1" 200 433 "http://www.awo-kv-bernau.de/content/themes/blackcandy/css/layout.css?m=1281258825" "Mozilla/5.0 (Windows; U; Windows NT 6.0; de; rv:1.9.2.8) Gecko/20100722 Firefox/3.6.8 ( .NET CLR 3.5.30729; .NET4.0C)"
88.72.199.16 - - [01/Sep/2010:22:03:07 +0200] "GET /content/themes/blackcandy/images/activeTabRight.png HTTP/1.1" 200 433 "http://www.awo-kv-bernau.de/content/themes/blackcandy/css/layout.css?m=1281258825" "Mozilla/5.0 (Windows; U; Windows NT 6.0; de; rv:1.9.2.8) Gecko/20100722 Firefox/3.6.8 ( .NET CLR 3.5.30729; .NET4.0C)"
88.72.199.16 - - [01/Sep/2010:22:03:07 +0200] "GET /content/themes/blackcandy/images/subheader.jpg HTTP/1.1" 200 52576 "http://www.awo-kv-bernau.de/content/themes/blackcandy/css/layout.css?m=1281258825" "Mozilla/5.0 (Windows; U; Windows NT 6.0; de; rv:1.9.2.8) Gecko/20100722 Firefox/3.6.8 ( .NET CLR 3.5.30729; .NET4.0C)"
88.72.199.16 - - [01/Sep/2010:22:03:07 +0200] "GET /content/themes/blackcandy/images/herz.png HTTP/1.1" 200 344 "http://www.awo-kv-bernau.de/content/themes/blackcandy/css/layout.css?m=1281258825" "Mozilla/5.0 (Windows; U; Windows NT 6.0; de; rv:1.9.2.8) Gecko/20100722 Firefox/3.6.8 ( .NET CLR 3.5.30729; .NET4.0C)"
88.72.199.16 - - [01/Sep/2010:22:03:07 +0200] "GET /content/themes/blackcandy/images/icons/page_white_acrobat.png HTTP/1.1" 200 591 "http://www.awo-kv-bernau.de/content/themes/blackcandy/css/typography.css?m=1281262824" "Mozilla/5.0 (Windows; U; Windows NT 6.0; de; rv:1.9.2.8) Gecko/20100722 Firefox/3.6.8 ( .NET CLR 3.5.30729; .NET4.0C)"
88.72.199.16 - - [01/Sep/2010:22:03:06 +0200] "GET /content/themes/blackcandy/images/header.jpg HTTP/1.1" 200 45038 "http://www.awo-kv-bernau.de/content/themes/blackcandy/css/layout.css?m=1281258825" "Mozilla/5.0 (Windows; U; Windows NT 6.0; de; rv:1.9.2.8) Gecko/20100722 Firefox/3.6.8 ( .NET CLR 3.5.30729; .NET4.0C)"
88.72.199.16 - - [01/Sep/2010:22:03:07 +0200] "GET /content/themes/blackcandy/images/footer.png HTTP/1.1" 200 884 "http://www.awo-kv-bernau.de/content/themes/blackcandy/css/layout.css?m=1281258825" "Mozilla/5.0 (Windows; U; Windows NT 6.0; de; rv:1.9.2.8) Gecko/20100722 Firefox/3.6.8 ( .NET CLR 3.5.30729; .NET4.0C)"
88.72.199.16 - - [01/Sep/2010:22:03:07 +0200] "GET /favicon.ico HTTP/1.1" 404 1256 "-" "Mozilla/5.0 (Windows; U; Windows NT 6.0; de; rv:1.9.2.8) Gecko/20100722 Firefox/3.6.8 ( .NET CLR 3.5.30729; .NET4.0C)"
88.72.199.16 - - [01/Sep/2010:22:03:14 +0200] "GET /content/stellenangebote/ HTTP/1.1" 200 8411 "http://www.awo-kv-bernau.de/content/kinderland/" "Mozilla/5.0 (Windows; U; Windows NT 6.0; de; rv:1.9.2.8) Gecko/20100722 Firefox/3.6.8 ( .NET CLR 3.5.30729; .NET4.0C)"
88.72.199.16 - - [01/Sep/2010:22:03:15 +0200] "GET /content/themes/blackcandy/css/layout.css?m=1281258825 HTTP/1.1" 304 - "http://www.awo-kv-bernau.de/content/stellenangebote/" "Mozilla/5.0 (Windows; U; Windows NT 6.0; de; rv:1.9.2.8) Gecko/20100722 Firefox/3.6.8 ( .NET CLR 3.5.30729; .NET4.0C)"
88.72.199.16 - - [01/Sep/2010:22:03:15 +0200] "GET /content/themes/blackcandy/css/typography.css?m=1281262824 HTTP/1.1" 304 - "http://www.awo-kv-bernau.de/content/stellenangebote/" "Mozilla/5.0 (Windows; U; Windows NT 6.0; de; rv:1.9.2.8) Gecko/20100722 Firefox/3.6.8 ( .NET CLR 3.5.30729; .NET4.0C)"
88.72.199.16 - - [01/Sep/2010:22:03:15 +0200] "GET /content/themes/blackcandy/css/form.css?m=1277278133 HTTP/1.1" 304 - "http://www.awo-kv-bernau.de/content/stellenangebote/" "Mozilla/5.0 (Windows; U; Windows NT 6.0; de; rv:1.9.2.8) Gecko/20100722 Firefox/3.6.8 ( .NET CLR 3.5.30729; .NET4.0C)"
88.72.199.16 - - [01/Sep/2010:22:03:32 +0200] "GET /content/assets/Stellenanzeigen/stellenausschreibungpflegefachkraftaph.pdf HTTP/1.1" 200 37765 "http://www.awo-kv-bernau.de/content/stellenangebote/" "Mozilla/5.0 (Windows; U; Windows NT 6.0; de; rv:1.9.2.8) Gecko/20100722 Firefox/3.6.8 ( .NET CLR 3.5.30729; .NET4.0C)"
88.72.199.16 - - [01/Sep/2010:22:04:33 +0200] "GET /content/jugendarbeit/ HTTP/1.1" 200 12211 "http://www.awo-kv-bernau.de/content/stellenangebote/" "Mozilla/5.0 (Windows; U; Windows NT 6.0; de; rv:1.9.2.8) Gecko/20100722 Firefox/3.6.8 ( .NET CLR 3.5.30729; .NET4.0C)"
88.72.199.16 - - [01/Sep/2010:22:04:33 +0200] "GET /content/themes/blackcandy/css/layout.css?m=1281258825 HTTP/1.1" 304 - "http://www.awo-kv-bernau.de/content/jugendarbeit/" "Mozilla/5.0 (Windows; U; Windows NT 6.0; de; rv:1.9.2.8) Gecko/20100722 Firefox/3.6.8 ( .NET CLR 3.5.30729; .NET4.0C)"
88.72.199.16 - - [01/Sep/2010:22:04:33 +0200] "GET /content/themes/blackcandy/css/typography.css?m=1281262824 HTTP/1.1" 304 - "http://www.awo-kv-bernau.de/content/jugendarbeit/" "Mozilla/5.0 (Windows; U; Windows NT 6.0; de; rv:1.9.2.8) Gecko/20100722 Firefox/3.6.8 ( .NET CLR 3.5.30729; .NET4.0C)"
88.72.199.16 - - [01/Sep/2010:22:04:33 +0200] "GET /content/themes/blackcandy/css/form.css?m=1277278133 HTTP/1.1" 304 - "http://www.awo-kv-bernau.de/content/jugendarbeit/" "Mozilla/5.0 (Windows; U; Windows NT 6.0; de; rv:1.9.2.8) Gecko/20100722 Firefox/3.6.8 ( .NET CLR 3.5.30729; .NET4.0C)"
88.72.199.16 - - [01/Sep/2010:22:04:33 +0200] "GET /content/assets/Jugendarbeit/packetat.jpg HTTP/1.1" 200 6336 "http://www.awo-kv-bernau.de/content/jugendarbeit/" "Mozilla/5.0 (Windows; U; Windows NT 6.0; de; rv:1.9.2.8) Gecko/20100722 Firefox/3.6.8 ( .NET CLR 3.5.30729; .NET4.0C)"
88.72.199.16 - - [01/Sep/2010:22:04:33 +0200] "GET /content/assets/Jugendarbeit/eissfeldt.jpg HTTP/1.1" 200 6027 "http://www.awo-kv-bernau.de/content/jugendarbeit/" "Mozilla/5.0 (Windows; U; Windows NT 6.0; de; rv:1.9.2.8) Gecko/20100722 Firefox/3.6.8 ( .NET CLR 3.5.30729; .NET4.0C)"
88.72.199.16 - - [01/Sep/2010:22:04:41 +0200] "GET /content/kindertagesstaetten/ HTTP/1.1" 200 8043 "http://www.awo-kv-bernau.de/content/jugendarbeit/" "Mozilla/5.0 (Windows; U; Windows NT 6.0; de; rv:1.9.2.8) Gecko/20100722 Firefox/3.6.8 ( .NET CLR 3.5.30729; .NET4.0C)"
88.72.199.16 - - [01/Sep/2010:22:04:41 +0200] "GET /content/themes/blackcandy/css/layout.css?m=1281258825 HTTP/1.1" 304 - "http://www.awo-kv-bernau.de/content/kindertagesstaetten/" "Mozilla/5.0 (Windows; U; Windows NT 6.0; de; rv:1.9.2.8) Gecko/20100722 Firefox/3.6.8 ( .NET CLR 3.5.30729; .NET4.0C)"
88.72.199.16 - - [01/Sep/2010:22:04:41 +0200] "GET /content/themes/blackcandy/css/typography.css?m=1281262824 HTTP/1.1" 304 - "http://www.awo-kv-bernau.de/content/kindertagesstaetten/" "Mozilla/5.0 (Windows; U; Windows NT 6.0; de; rv:1.9.2.8) Gecko/20100722 Firefox/3.6.8 ( .NET CLR 3.5.30729; .NET4.0C)"
88.72.199.16 - - [01/Sep/2010:22:04:41 +0200] "GET /content/themes/blackcandy/css/form.css?m=1277278133 HTTP/1.1" 304 - "http://www.awo-kv-bernau.de/content/kindertagesstaetten/" "Mozilla/5.0 (Windows; U; Windows NT 6.0; de; rv:1.9.2.8) Gecko/20100722 Firefox/3.6.8 ( .NET CLR 3.5.30729; .NET4.0C)"
88.72.199.16 - - [01/Sep/2010:22:04:43 +0200] "GET /content/kinderland/ HTTP/1.1" 200 20474 "http://www.awo-kv-bernau.de/content/kindertagesstaetten/" "Mozilla/5.0 (Windows; U; Windows NT 6.0; de; rv:1.9.2.8) Gecko/20100722 Firefox/3.6.8 ( .NET CLR 3.5.30729; .NET4.0C)"
88.72.199.16 - - [01/Sep/2010:22:04:44 +0200] "GET /content/themes/blackcandy/css/layout.css?m=1281258825 HTTP/1.1" 304 - "http://www.awo-kv-bernau.de/content/kinderland/" "Mozilla/5.0 (Windows; U; Windows NT 6.0; de; rv:1.9.2.8) Gecko/20100722 Firefox/3.6.8 ( .NET CLR 3.5.30729; .NET4.0C)"
88.72.199.16 - - [01/Sep/2010:22:04:44 +0200] "GET /content/themes/blackcandy/css/typography.css?m=1281262824 HTTP/1.1" 304 - "http://www.awo-kv-bernau.de/content/kinderland/" "Mozilla/5.0 (Windows; U; Windows NT 6.0; de; rv:1.9.2.8) Gecko/20100722 Firefox/3.6.8 ( .NET CLR 3.5.30729; .NET4.0C)"
88.72.199.16 - - [01/Sep/2010:22:04:44 +0200] "GET /content/themes/blackcandy/css/form.css?m=1277278133 HTTP/1.1" 304 - "http://www.awo-kv-bernau.de/content/kinderland/" "Mozilla/5.0 (Windows; U; Windows NT 6.0; de; rv:1.9.2.8) Gecko/20100722 Firefox/3.6.8 ( .NET CLR 3.5.30729; .NET4.0C)"
66.249.71.40 - - [01/Sep/2010:22:05:44 +0200] "GET /content/kalender/jax_calendar.php?Y=-10117&m=7&d=1&cal_id=0&language=english&gmt_ofs=0&view=d1 HTTP/1.1" 200 11799 "-" "Mozilla/5.0 (compatible; Googlebot/2.1; +http://www.google.com/bot.html)"
66.249.71.40 - - [01/Sep/2010:22:08:28 +0200] "GET /content/kalender/jax_calendar.php?Y=-9908&m=8&d=1&cal_id=0&language=english&gmt_ofs=0&view=d1 HTTP/1.1" 200 11703 "-" "Mozilla/5.0 (compatible; Googlebot/2.1; +http://www.google.com/bot.html)"
88.72.199.16 - - [01/Sep/2010:22:08:39 +0200] "GET /content/jugendfeiern/ HTTP/1.1" 200 14788 "http://www.awo-kv-bernau.de/content/kinderland/" "Mozilla/5.0 (Windows; U; Windows NT 6.0; de; rv:1.9.2.8) Gecko/20100722 Firefox/3.6.8 ( .NET CLR 3.5.30729; .NET4.0C)"
88.72.199.16 - - [01/Sep/2010:22:08:40 +0200] "GET /content/themes/blackcandy/css/layout.css?m=1281258825 HTTP/1.1" 304 - "http://www.awo-kv-bernau.de/content/jugendfeiern/" "Mozilla/5.0 (Windows; U; Windows NT 6.0; de; rv:1.9.2.8) Gecko/20100722 Firefox/3.6.8 ( .NET CLR 3.5.30729; .NET4.0C)"
88.72.199.16 - - [01/Sep/2010:22:08:40 +0200] "GET /content/themes/blackcandy/css/typography.css?m=1281262824 HTTP/1.1" 304 - "http://www.awo-kv-bernau.de/content/jugendfeiern/" "Mozilla/5.0 (Windows; U; Windows NT 6.0; de; rv:1.9.2.8) Gecko/20100722 Firefox/3.6.8 ( .NET CLR 3.5.30729; .NET4.0C)"
88.72.199.16 - - [01/Sep/2010:22:08:40 +0200] "GET /content/themes/blackcandy/css/form.css?m=1277278133 HTTP/1.1" 304 - "http://www.awo-kv-bernau.de/content/jugendfeiern/" "Mozilla/5.0 (Windows; U; Windows NT 6.0; de; rv:1.9.2.8) Gecko/20100722 Firefox/3.6.8 ( .NET CLR 3.5.30729; .NET4.0C)"
88.72.199.16 - - [01/Sep/2010:22:08:59 +0200] "GET /content/ortsvereine/ HTTP/1.1" 200 7881 "http://www.awo-kv-bernau.de/content/jugendfeiern/" "Mozilla/5.0 (Windows; U; Windows NT 6.0; de; rv:1.9.2.8) Gecko/20100722 Firefox/3.6.8 ( .NET CLR 3.5.30729; .NET4.0C)"
88.72.199.16 - - [01/Sep/2010:22:09:00 +0200] "GET /content/themes/blackcandy/css/layout.css?m=1281258825 HTTP/1.1" 304 - "http://www.awo-kv-bernau.de/content/ortsvereine/" "Mozilla/5.0 (Windows; U; Windows NT 6.0; de; rv:1.9.2.8) Gecko/20100722 Firefox/3.6.8 ( .NET CLR 3.5.30729; .NET4.0C)"
88.72.199.16 - - [01/Sep/2010:22:09:00 +0200] "GET /content/themes/blackcandy/css/typography.css?m=1281262824 HTTP/1.1" 304 - "http://www.awo-kv-bernau.de/content/ortsvereine/" "Mozilla/5.0 (Windows; U; Windows NT 6.0; de; rv:1.9.2.8) Gecko/20100722 Firefox/3.6.8 ( .NET CLR 3.5.30729; .NET4.0C)"
88.72.199.16 - - [01/Sep/2010:22:09:00 +0200] "GET /content/themes/blackcandy/css/form.css?m=1277278133 HTTP/1.1" 304 - "http://www.awo-kv-bernau.de/content/ortsvereine/" "Mozilla/5.0 (Windows; U; Windows NT 6.0; de; rv:1.9.2.8) Gecko/20100722 Firefox/3.6.8 ( .NET CLR 3.5.30729; .NET4.0C)"
88.72.199.16 - - [01/Sep/2010:22:09:06 +0200] "GET /content/jugendarbeit/ HTTP/1.1" 200 12211 "http://www.awo-kv-bernau.de/content/ortsvereine/" "Mozilla/5.0 (Windows; U; Windows NT 6.0; de; rv:1.9.2.8) Gecko/20100722 Firefox/3.6.8 ( .NET CLR 3.5.30729; .NET4.0C)"
88.72.199.16 - - [01/Sep/2010:22:09:06 +0200] "GET /content/themes/blackcandy/css/layout.css?m=1281258825 HTTP/1.1" 304 - "http://www.awo-kv-bernau.de/content/jugendarbeit/" "Mozilla/5.0 (Windows; U; Windows NT 6.0; de; rv:1.9.2.8) Gecko/20100722 Firefox/3.6.8 ( .NET CLR 3.5.30729; .NET4.0C)"
88.72.199.16 - - [01/Sep/2010:22:09:06 +0200] "GET /content/themes/blackcandy/css/typography.css?m=1281262824 HTTP/1.1" 304 - "http://www.awo-kv-bernau.de/content/jugendarbeit/" "Mozilla/5.0 (Windows; U; Windows NT 6.0; de; rv:1.9.2.8) Gecko/20100722 Firefox/3.6.8 ( .NET CLR 3.5.30729; .NET4.0C)"
88.72.199.16 - - [01/Sep/2010:22:09:07 +0200] "GET /content/themes/blackcandy/css/form.css?m=1277278133 HTTP/1.1" 304 - "http://www.awo-kv-bernau.de/content/jugendarbeit/" "Mozilla/5.0 (Windows; U; Windows NT 6.0; de; rv:1.9.2.8) Gecko/20100722 Firefox/3.6.8 ( .NET CLR 3.5.30729; .NET4.0C)"
66.249.71.40 - - [01/Sep/2010:22:11:12 +0200] "GET /content/kalender/jax_calendar.php?Y=4488&m=2&d=33&cal_id=0&language=german&gmt_ofs=-1&view=d1 HTTP/1.1" 200 11706 "-" "Mozilla/5.0 (compatible; Googlebot/2.1; +http://www.google.com/bot.html)"
46.115.94.128 - - [01/Sep/2010:22:12:40 +0200] "GET /content/themes/blackcandy/css/layout.css?m=1281258825 HTTP/1.1" 304 - "http://www.awo-kv-bernau.de/content/kinder-und-familienzentrum-regenbogen/" "Mozilla/5.0 (Windows; U; Windows NT 6.1; de; rv:1.9.1.7) Gecko/20091221 Firefox/3.5.7"
46.115.94.128 - - [01/Sep/2010:22:12:40 +0200] "GET /content/themes/blackcandy/css/typography.css?m=1281262824 HTTP/1.1" 304 - "http://www.awo-kv-bernau.de/content/kinder-und-familienzentrum-regenbogen/" "Mozilla/5.0 (Windows; U; Windows NT 6.1; de; rv:1.9.1.7) Gecko/20091221 Firefox/3.5.7"
46.115.94.128 - - [01/Sep/2010:22:12:38 +0200] "GET /content/kinder-und-familienzentrum-regenbogen/ HTTP/1.1" 200 31229 "http://www.google.de/search?hl=de&client=firefox-a&rls=org.mozilla%3Ade%3Aofficial&q=kinder-+undd+familienzentrum+regenbogen&aq=f&aqi=&aql=&oq=&gs_rfai=" "Mozilla/5.0 (Windows; U; Windows NT 6.1; de; rv:1.9.1.7) Gecko/20091221 Firefox/3.5.7"
46.115.94.128 - - [01/Sep/2010:22:12:41 +0200] "GET /content/assets/EKZ/kfz110810.jpg HTTP/1.1" 304 - "http://www.awo-kv-bernau.de/content/kinder-und-familienzentrum-regenbogen/" "Mozilla/5.0 (Windows; U; Windows NT 6.1; de; rv:1.9.1.7) Gecko/20091221 Firefox/3.5.7"
46.115.94.128 - - [01/Sep/2010:22:12:42 +0200] "GET /favicon.ico HTTP/1.1" 404 1256 "-" "Mozilla/5.0 (Windows; U; Windows NT 6.1; de; rv:1.9.1.7) Gecko/20091221 Firefox/3.5.7"
46.115.94.128 - - [01/Sep/2010:22:12:42 +0200] "GET /content/assets/EKZ/kfzgalerie.jpg HTTP/1.1" 304 - "http://www.awo-kv-bernau.de/content/kinder-und-familienzentrum-regenbogen/" "Mozilla/5.0 (Windows; U; Windows NT 6.1; de; rv:1.9.1.7) Gecko/20091221 Firefox/3.5.7"
66.249.71.40 - - [01/Sep/2010:22:13:55 +0200] "GET /content/kalender/jax_calendar.php?Y=-10103&m=8&d=1&cal_id=0&language=english&gmt_ofs=0&view=d1 HTTP/1.1" 200 11799 "-" "Mozilla/5.0 (compatible; Googlebot/2.1; +http://www.google.com/bot.html)"
66.249.71.40 - - [01/Sep/2010:22:16:39 +0200] "GET /content/kalender/jax_calendar.php?Y=-9908&m=10&d=1&cal_id=0&language=english&gmt_ofs=0&view=d1 HTTP/1.1" 200 11765 "-" "Mozilla/5.0 (compatible; Googlebot/2.1; +http://www.google.com/bot.html)"
81.17.208.4 - - [01/Sep/2010:22:18:29 +0200] "HEAD /content/assets/Stellenanzeigen/stellenbeschreibungffhoeren012010.pdf HTTP/1.1" 200 - "-" "Mozilla/5.0 (compatible; jobs.de-Robot +http://www.jobs.de)"
66.249.71.40 - - [01/Sep/2010:22:19:23 +0200] "GET /content/kalender/jax_calendar.php?Y=4480&m=8&d=22&view=d1 HTTP/1.1" 200 11805 "-" "Mozilla/5.0 (compatible; Googlebot/2.1; +http://www.google.com/bot.html)"
66.249.71.40 - - [01/Sep/2010:22:22:06 +0200] "GET /content/kalender/jax_calendar.php?Y=-10099&m=3&d=1&cal_id=0&language=english&gmt_ofs=0&view=d1 HTTP/1.1" 200 11799 "-" "Mozilla/5.0 (compatible; Googlebot/2.1; +http://www.google.com/bot.html)"
81.17.208.4 - - [01/Sep/2010:22:22:37 +0200] "HEAD /content/assets/Stellenanzeigen/stellenbeschreibungerzieher012010.pdf HTTP/1.1" 200 - "-" "Mozilla/5.0 (compatible; jobs.de-Robot +http://www.jobs.de)"
66.249.71.40 - - [01/Sep/2010:22:24:50 +0200] "GET /content/kalender/jax_calendar.php?Y=-9907&m=10&d=1&cal_id=0&language=english&gmt_ofs=0&view=d1 HTTP/1.1" 200 11765 "-" "Mozilla/5.0 (compatible; Googlebot/2.1; +http://www.google.com/bot.html)"
67.195.115.117 - - [01/Sep/2010:22:26:39 +0200] "GET /content/kontakt-und-beratungsstelle/ HTTP/1.0" 200 17493 "-" "Mozilla/5.0 (compatible; Yahoo! Slurp/3.0; http://help.yahoo.com/help/us/ysearch/slurp)"
66.249.71.40 - - [01/Sep/2010:22:27:34 +0200] "GET /content/kalender/jax_calendar.php?Y=-10103&m=2&d=1&cal_id=0&language=english&gmt_ofs=0&view=d1 HTTP/1.1" 200 11799 "-" "Mozilla/5.0 (compatible; Googlebot/2.1; +http://www.google.com/bot.html)"
66.249.71.40 - - [01/Sep/2010:22:30:17 +0200] "GET /content/kalender/jax_calendar.php?Y=-10107&m=4&d=1&cal_id=0&language=english&gmt_ofs=0&view=d1 HTTP/1.1" 200 11799 "-" "Mozilla/5.0 (compatible; Googlebot/2.1; +http://www.google.com/bot.html)"
66.249.71.40 - - [01/Sep/2010:22:33:01 +0200] "GET /content/kalender/jax_calendar.php?Y=-10100&m=12&d=5&cal_id=0&language=german&gmt_ofs=-1&view=d1 HTTP/1.1" 200 11925 "-" "Mozilla/5.0 (compatible; Googlebot/2.1; +http://www.google.com/bot.html)"
66.249.71.40 - - [01/Sep/2010:22:33:16 +0200] "GET /content/kalender/jax_calendar.php?Y=-9916&m=10&d=1&cal_id=0&language=english&gmt_ofs=0&view=d1 HTTP/1.1" 200 11765 "-" "Mozilla/5.0 (compatible; Googlebot/2.1; +http://www.google.com/bot.html)"
66.249.71.40 - - [01/Sep/2010:22:33:17 +0200] "GET /content/kalender/jax_calendar.php?Y=-10108&m=3&d=1&cal_id=0&language=english&gmt_ofs=0&view=d1 HTTP/1.1" 200 11799 "-" "Mozilla/5.0 (compatible; Googlebot/2.1; +http://www.google.com/bot.html)"
66.249.71.40 - - [01/Sep/2010:22:33:18 +0200] "GET /content/kalender/jax_calendar.php?Y=-9907&m=11&d=1&cal_id=0&language=english&gmt_ofs=0&view=d1 HTTP/1.1" 200 11766 "-" "Mozilla/5.0 (compatible; Googlebot/2.1; +http://www.google.com/bot.html)"
66.249.71.40 - - [01/Sep/2010:22:35:21 +0200] "GET /content/kalender/jax_calendar.php?Y=-10094&m=12&d=29&view=d1 HTTP/1.1" 200 12061 "-" "Mozilla/5.0 (compatible; Googlebot/2.1; +http://www.google.com/bot.html)"
95.108.158.134 - - [01/Sep/2010:22:38:07 +0200] "GET /content/kalender/jax_calendar.php?Y=2010&m=8&d=18&do=show_event&key=815a2f15456325be6125324f6e3999f0&cal_id=0&language=german&gmt_ofs=-1&view=d30&evt_date=%3Cb%3E10.09.2010%3C%2Fb%3E+14%3A00&evt_title=Fahrradtour+zum+Liepnitzsee HTTP/1.1" 200 12314 "-" "Mozilla/5.0 (compatible; YandexBot/3.0; +http://yandex.com/bots)"
66.249.71.40 - - [01/Sep/2010:22:38:16 +0200] "GET /content/kalender/jax_calendar.php?Y=-10101&m=9&d=1&cal_id=0&language=english&gmt_ofs=0&view=d1 HTTP/1.1" 200 11800 "-" "Mozilla/5.0 (compatible; Googlebot/2.1; +http://www.google.com/bot.html)"
66.249.71.40 - - [01/Sep/2010:22:40:50 +0200] "GET /content/kalender/jax_calendar.php?Y=-10116&m=1&d=1&cal_id=0&language=english&gmt_ofs=0&view=d1 HTTP/1.1" 200 11800 "-" "Mozilla/5.0 (compatible; Googlebot/2.1; +http://www.google.com/bot.html)"
66.249.71.40 - - [01/Sep/2010:22:43:28 +0200] "GET /content/kalender/jax_calendar.php?Y=-9909&m=9&d=1&cal_id=0&language=english&gmt_ofs=0&view=d1 HTTP/1.1" 200 11704 "-" "Mozilla/5.0 (compatible; Googlebot/2.1; +http://www.google.com/bot.html)"
66.249.71.40 - - [01/Sep/2010:22:46:11 +0200] "GET /content/kalender/jax_calendar.php?Y=-10098&m=6&d=23&cal_id=0&language=german&gmt_ofs=-1&view=d1 HTTP/1.1" 200 11895 "-" "Mozilla/5.0 (compatible; Googlebot/2.1; +http://www.google.com/bot.html)"
66.249.71.40 - - [01/Sep/2010:22:48:54 +0200] "GET /content/kalender/jax_calendar.php?Y=-9917&m=11&d=28&view=d1 HTTP/1.1" 200 11966 "-" "Mozilla/5.0 (compatible; Googlebot/2.1; +http://www.google.com/bot.html)"
66.249.71.40 - - [01/Sep/2010:22:51:37 +0200] "GET /content/kalender/jax_calendar.php?Y=4253&m=2&d=13&view=d1 HTTP/1.1" 200 11806 "-" "Mozilla/5.0 (compatible; Googlebot/2.1; +http://www.google.com/bot.html)"
81.17.208.4 - - [01/Sep/2010:22:53:02 +0200] "HEAD /content/assets/Stellenanzeigen/ausschreibungpraesenzkraft.pdf HTTP/1.1" 200 - "-" "Mozilla/5.0 (compatible; jobs.de-Robot +http://www.jobs.de)"
66.249.71.40 - - [01/Sep/2010:22:54:20 +0200] "GET /content/kalender/jax_calendar.php?Y=-9909&m=11&d=1&cal_id=0&language=english&gmt_ofs=0&view=d1 HTTP/1.1" 200 11766 "-" "Mozilla/5.0 (compatible; Googlebot/2.1; +http://www.google.com/bot.html)"
66.249.71.40 - - [01/Sep/2010:22:57:02 +0200] "GET /content/kalender/jax_calendar.php?Y=-10093&m=9&d=10&view=d1 HTTP/1.1" 200 12001 "-" "Mozilla/5.0 (compatible; Googlebot/2.1; +http://www.google.com/bot.html)"
207.46.199.193 - - [01/Sep/2010:22:58:31 +0200] "GET /robots.txt HTTP/1.1" 404 1256 "-" "msnbot/2.0b (+http://search.msn.com/msnbot.htm)"
66.249.71.40 - - [01/Sep/2010:22:59:45 +0200] "GET /content/kalender/jax_calendar.php?Y=4256&m=12&d=7&view=d1 HTTP/1.1" 200 11833 "-" "Mozilla/5.0 (compatible; Googlebot/2.1; +http://www.google.com/bot.html)"
66.249.71.40 - - [01/Sep/2010:23:02:28 +0200] "GET /content/kalender/jax_calendar.php?Y=3042&m=10&d=14&cal_id=0&language=german&gmt_ofs=-1&view=d1 HTTP/1.1" 200 11768 "-" "Mozilla/5.0 (compatible; Googlebot/2.1; +http://www.google.com/bot.html)"
84.189.110.174 - - [01/Sep/2010:23:03:59 +0200] "GET /content/schuldnerberatung/ HTTP/1.1" 200 11481 "-" "Mozilla/5.0 (Windows; U; Windows NT 5.1; de; rv:1.9.2.8) Gecko/20100722 BTRS28059 Firefox/3.6.8"
84.189.110.174 - - [01/Sep/2010:23:04:01 +0200] "GET /content/assets/Beratung/Schuldner/urbschat.jpg HTTP/1.1" 200 12627 "http://www.awo-kv-bernau.de/content/schuldnerberatung/" "Mozilla/5.0 (Windows; U; Windows NT 5.1; de; rv:1.9.2.8) Gecko/20100722 BTRS28059 Firefox/3.6.8"
84.189.110.174 - - [01/Sep/2010:23:04:01 +0200] "GET /content/themes/blackcandy/css/layout.css?m=1281258825 HTTP/1.1" 200 9945 "http://www.awo-kv-bernau.de/content/schuldnerberatung/" "Mozilla/5.0 (Windows; U; Windows NT 5.1; de; rv:1.9.2.8) Gecko/20100722 BTRS28059 Firefox/3.6.8"
84.189.110.174 - - [01/Sep/2010:23:04:01 +0200] "GET /content/themes/blackcandy/css/typography.css?m=1281262824 HTTP/1.1" 200 5090 "http://www.awo-kv-bernau.de/content/schuldnerberatung/" "Mozilla/5.0 (Windows; U; Windows NT 5.1; de; rv:1.9.2.8) Gecko/20100722 BTRS28059 Firefox/3.6.8"
84.189.110.174 - - [01/Sep/2010:23:04:01 +0200] "GET /content/themes/blackcandy/css/form.css?m=1277278133 HTTP/1.1" 200 1856 "http://www.awo-kv-bernau.de/content/schuldnerberatung/" "Mozilla/5.0 (Windows; U; Windows NT 5.1; de; rv:1.9.2.8) Gecko/20100722 BTRS28059 Firefox/3.6.8"
84.189.110.174 - - [01/Sep/2010:23:04:01 +0200] "GET /favicon.ico HTTP/1.1" 404 1256 "-" "Mozilla/5.0 (Windows; U; Windows NT 5.1; de; rv:1.9.2.8) Gecko/20100722 BTRS28059 Firefox/3.6.8"
84.189.110.174 - - [01/Sep/2010:23:04:01 +0200] "GET /content/assets/Beratung/Schuldner/beratung.jpg HTTP/1.1" 200 33105 "http://www.awo-kv-bernau.de/content/schuldnerberatung/" "Mozilla/5.0 (Windows; U; Windows NT 5.1; de; rv:1.9.2.8) Gecko/20100722 BTRS28059 Firefox/3.6.8"
84.189.110.174 - - [01/Sep/2010:23:04:01 +0200] "GET /content/assets/Beratung/Schuldner/spreu.jpg HTTP/1.1" 200 12438 "http://www.awo-kv-bernau.de/content/schuldnerberatung/" "Mozilla/5.0 (Windows; U; Windows NT 5.1; de; rv:1.9.2.8) Gecko/20100722 BTRS28059 Firefox/3.6.8"
84.189.110.174 - - [01/Sep/2010:23:04:01 +0200] "GET /content/themes/blackcandy/images/headerRounded.png HTTP/1.1" 200 763 "http://www.awo-kv-bernau.de/content/themes/blackcandy/css/layout.css?m=1281258825" "Mozilla/5.0 (Windows; U; Windows NT 5.1; de; rv:1.9.2.8) Gecko/20100722 BTRS28059 Firefox/3.6.8"
84.189.110.174 - - [01/Sep/2010:23:04:01 +0200] "GET /content/themes/blackcandy/images/activeTabLeft.png HTTP/1.1" 200 433 "http://www.awo-kv-bernau.de/content/themes/blackcandy/css/layout.css?m=1281258825" "Mozilla/5.0 (Windows; U; Windows NT 5.1; de; rv:1.9.2.8) Gecko/20100722 BTRS28059 Firefox/3.6.8"
84.189.110.174 - - [01/Sep/2010:23:04:01 +0200] "GET /content/themes/blackcandy/images/herz.png HTTP/1.1" 200 344 "http://www.awo-kv-bernau.de/content/themes/blackcandy/css/layout.css?m=1281258825" "Mozilla/5.0 (Windows; U; Windows NT 5.1; de; rv:1.9.2.8) Gecko/20100722 BTRS28059 Firefox/3.6.8"
84.189.110.174 - - [01/Sep/2010:23:04:01 +0200] "GET /content/themes/blackcandy/images/footer.png HTTP/1.1" 200 884 "http://www.awo-kv-bernau.de/content/themes/blackcandy/css/layout.css?m=1281258825" "Mozilla/5.0 (Windows; U; Windows NT 5.1; de; rv:1.9.2.8) Gecko/20100722 BTRS28059 Firefox/3.6.8"
84.189.110.174 - - [01/Sep/2010:23:04:01 +0200] "GET /content/themes/blackcandy/images/activeTabRight.png HTTP/1.1" 200 433 "http://www.awo-kv-bernau.de/content/themes/blackcandy/css/layout.css?m=1281258825" "Mozilla/5.0 (Windows; U; Windows NT 5.1; de; rv:1.9.2.8) Gecko/20100722 BTRS28059 Firefox/3.6.8"
84.189.110.174 - - [01/Sep/2010:23:04:01 +0200] "GET /content/themes/blackcandy/images/header.jpg HTTP/1.1" 200 45038 "http://www.awo-kv-bernau.de/content/themes/blackcandy/css/layout.css?m=1281258825" "Mozilla/5.0 (Windows; U; Windows NT 5.1; de; rv:1.9.2.8) Gecko/20100722 BTRS28059 Firefox/3.6.8"
84.189.110.174 - - [01/Sep/2010:23:04:01 +0200] "GET /content/themes/blackcandy/images/subheader.jpg HTTP/1.1" 200 52576 "http://www.awo-kv-bernau.de/content/themes/blackcandy/css/layout.css?m=1281258825" "Mozilla/5.0 (Windows; U; Windows NT 5.1; de; rv:1.9.2.8) Gecko/20100722 BTRS28059 Firefox/3.6.8"
84.189.110.174 - - [01/Sep/2010:23:04:03 +0200] "GET /favicon.ico HTTP/1.1" 404 1256 "-" "Mozilla/5.0 (Windows; U; Windows NT 5.1; de; rv:1.9.2.8) Gecko/20100722 BTRS28059 Firefox/3.6.8"
66.249.71.40 - - [01/Sep/2010:23:05:11 +0200] "GET /content/kalender/jax_calendar.php?Y=4255&m=12&d=12&view=d1 HTTP/1.1" 200 11869 "-" "Mozilla/5.0 (compatible; Googlebot/2.1; +http://www.google.com/bot.html)"
81.17.208.4 - - [01/Sep/2010:23:06:03 +0200] "HEAD /content/assets/Stellenanzeigen/stellejugendkoordinatorin082010.pdf HTTP/1.1" 200 - "-" "Mozilla/5.0 (compatible; jobs.de-Robot +http://www.jobs.de)"
66.249.71.40 - - [01/Sep/2010:23:07:54 +0200] "GET /content/kalender/jax_calendar.php?Y=-10101&m=3&d=1&cal_id=0&language=english&gmt_ofs=0&view=d1 HTTP/1.1" 200 11799 "-" "Mozilla/5.0 (compatible; Googlebot/2.1; +http://www.google.com/bot.html)"
66.249.71.40 - - [01/Sep/2010:23:11:05 +0200] "GET /content/kalender/jax_calendar.php?Y=-9914&m=5&d=1&cal_id=0&language=english&gmt_ofs=0&view=d1 HTTP/1.1" 200 11703 "-" "Mozilla/5.0 (compatible; Googlebot/2.1; +http://www.google.com/bot.html)"
66.249.71.40 - - [01/Sep/2010:23:13:41 +0200] "GET /content/kalender/jax_calendar.php?Y=-10091&m=9&d=25&view=d1 HTTP/1.1" 200 12001 "-" "Mozilla/5.0 (compatible; Googlebot/2.1; +http://www.google.com/bot.html)"
66.249.71.40 - - [01/Sep/2010:23:16:25 +0200] "GET /content/kalender/jax_calendar.php?Y=-10102&m=1&d=36&view=d1 HTTP/1.1" 200 11998 "-" "Mozilla/5.0 (compatible; Googlebot/2.1; +http://www.google.com/bot.html)"
