194.115.250.131 - - [03/Sep/2010:11:19:47 +0200] "GET /content/assets/Beratung/EFB/scholz1.jpg HTTP/1.0" 200 13704 "http://www.awo-kv-bernau.de/content/erziehungs-und-familienberatung/" "Mozilla/4.0 (compatible; MSIE 6.0; Windows NT 5.2; SV1; .NET CLR 1.1.4322; .NET CLR 2.0.50727; InfoPath.1)"
194.115.250.131 - - [03/Sep/2010:11:19:47 +0200] "GET /content/assets/Beratung/EFB/dietzlazar.jpg HTTP/1.0" 200 11977 "http://www.awo-kv-bernau.de/content/erziehungs-und-familienberatung/" "Mozilla/4.0 (compatible; MSIE 6.0; Windows NT 5.2; SV1; .NET CLR 1.1.4322; .NET CLR 2.0.50727; InfoPath.1)"
194.115.250.131 - - [03/Sep/2010:11:19:47 +0200] "GET /content/assets/Beratung/EFB/paar.jpg HTTP/1.0" 200 29853 "http://www.awo-kv-bernau.de/content/erziehungs-und-familienberatung/" "Mozilla/4.0 (compatible; MSIE 6.0; Windows NT 5.2; SV1; .NET CLR 1.1.4322; .NET CLR 2.0.50727; InfoPath.1)"
194.115.250.131 - - [03/Sep/2010:11:19:47 +0200] "GET /content/assets/Beratung/EFB/grabert.jpg HTTP/1.0" 200 9871 "http://www.awo-kv-bernau.de/content/erziehungs-und-familienberatung/" "Mozilla/4.0 (compatible; MSIE 6.0; Windows NT 5.2; SV1; .NET CLR 1.1.4322; .NET CLR 2.0.50727; InfoPath.1)"
194.115.250.131 - - [03/Sep/2010:11:19:47 +0200] "GET /content/assets/Beratung/EFB/pohl.jpg HTTP/1.0" 200 10639 "http://www.awo-kv-bernau.de/content/erziehungs-und-familienberatung/" "Mozilla/4.0 (compatible; MSIE 6.0; Windows NT 5.2; SV1; .NET CLR 1.1.4322; .NET CLR 2.0.50727; InfoPath.1)"
194.115.250.131 - - [03/Sep/2010:11:19:47 +0200] "GET /content/themes/blackcandy/images/headerRounded.png HTTP/1.0" 200 763 "http://www.awo-kv-bernau.de/content/erziehungs-und-familienberatung/" "Mozilla/4.0 (compatible; MSIE 6.0; Windows NT 5.2; SV1; .NET CLR 1.1.4322; .NET CLR 2.0.50727; InfoPath.1)"
194.115.250.131 - - [03/Sep/2010:11:19:47 +0200] "GET /content/themes/blackcandy/images/header.jpg HTTP/1.0" 200 45038 "http://www.awo-kv-bernau.de/content/erziehungs-und-familienberatung/" "Mozilla/4.0 (compatible; MSIE 6.0; Windows NT 5.2; SV1; .NET CLR 1.1.4322; .NET CLR 2.0.50727; InfoPath.1)"
194.115.250.131 - - [03/Sep/2010:11:19:47 +0200] "GET /content/themes/blackcandy/images/activeTabLeft.png HTTP/1.0" 200 433 "http://www.awo-kv-bernau.de/content/erziehungs-und-familienberatung/" "Mozilla/4.0 (compatible; MSIE 6.0; Windows NT 5.2; SV1; .NET CLR 1.1.4322; .NET CLR 2.0.50727; InfoPath.1)"
194.115.250.131 - - [03/Sep/2010:11:19:47 +0200] "GET /content/themes/blackcandy/images/activeTabRight.png HTTP/1.0" 200 433 "http://www.awo-kv-bernau.de/content/erziehungs-und-familienberatung/" "Mozilla/4.0 (compatible; MSIE 6.0; Windows NT 5.2; SV1; .NET CLR 1.1.4322; .NET CLR 2.0.50727; InfoPath.1)"
194.115.250.131 - - [03/Sep/2010:11:19:47 +0200] "GET /content/themes/blackcandy/images/herz.png HTTP/1.0" 200 344 "http://www.awo-kv-bernau.de/content/erziehungs-und-familienberatung/" "Mozilla/4.0 (compatible; MSIE 6.0; Windows NT 5.2; SV1; .NET CLR 1.1.4322; .NET CLR 2.0.50727; InfoPath.1)"
194.115.250.131 - - [03/Sep/2010:11:19:47 +0200] "GET /content/themes/blackcandy/images/sidebarBottomBg.gif HTTP/1.0" 404 1256 "http://www.awo-kv-bernau.de/content/erziehungs-und-familienberatung/" "Mozilla/4.0 (compatible; MSIE 6.0; Windows NT 5.2; SV1; .NET CLR 1.1.4322; .NET CLR 2.0.50727; InfoPath.1)"
194.115.250.131 - - [03/Sep/2010:11:19:47 +0200] "GET /content/themes/blackcandy/images/footer.png HTTP/1.0" 200 884 "http://www.awo-kv-bernau.de/content/erziehungs-und-familienberatung/" "Mozilla/4.0 (compatible; MSIE 6.0; Windows NT 5.2; SV1; .NET CLR 1.1.4322; .NET CLR 2.0.50727; InfoPath.1)"
194.115.250.131 - - [03/Sep/2010:11:19:47 +0200] "GET /content/themes/blackcandy/images/subheader.jpg HTTP/1.0" 200 52576 "http://www.awo-kv-bernau.de/content/erziehungs-und-familienberatung/" "Mozilla/4.0 (compatible; MSIE 6.0; Windows NT 5.2; SV1; .NET CLR 1.1.4322; .NET CLR 2.0.50727; InfoPath.1)"
66.249.71.40 - - [03/Sep/2010:11:22:54 +0200] "GET /content/kalender/jax_calendar.php?Y=-10142&m=11&d=8&cal_id=0&language=german&gmt_ofs=-1&view=d1 HTTP/1.1" 200 11926 "-" "Mozilla/5.0 (compatible; Googlebot/2.1; +http://www.google.com/bot.html)"
88.131.106.22 - - [03/Sep/2010:11:28:13 +0200] "GET /robots.txt HTTP/1.0" 404 1256 "-" "Mozilla/5.0 (Windows; U; Windows NT 5.1; en-US) Speedy Spider (http://www.entireweb.com/about/search_tech/speedy_spider/)"
88.131.106.22 - - [03/Sep/2010:11:28:17 +0200] "GET / HTTP/1.0" 302 - "-" "Mozilla/5.0 (Windows; U; Windows NT 5.1; en-US) Speedy Spider (http://www.entireweb.com/about/search_tech/speedy_spider/)"
88.131.106.22 - - [03/Sep/2010:11:28:20 +0200] "GET /content/aktuelles/ HTTP/1.0" 200 10044 "-" "Mozilla/5.0 (Windows; U; Windows NT 5.1; en-US) Speedy Spider (http://www.entireweb.com/about/search_tech/speedy_spider/)"
66.249.71.40 - - [03/Sep/2010:11:28:50 +0200] "GET /content/kalender/jax_calendar.php?Y=2008&m=4&d=16&view=d1&language=english HTTP/1.1" 200 11060 "-" "Mozilla/5.0 (compatible; Googlebot/2.1; +http://www.google.com/bot.html)"
66.249.71.40 - - [03/Sep/2010:11:28:51 +0200] "GET /content/kalender/jax_calendar.php?Y=1577&m=6&d=28&view=d1 HTTP/1.1" 200 11803 "-" "Mozilla/5.0 (compatible; Googlebot/2.1; +http://www.google.com/bot.html)"
66.249.71.40 - - [03/Sep/2010:11:30:36 +0200] "GET /content/kalender/jax_calendar.php?Y=-10156&m=1&d=39&view=d1 HTTP/1.1" 200 11998 "-" "Mozilla/5.0 (compatible; Googlebot/2.1; +http://www.google.com/bot.html)"
66.249.71.40 - - [03/Sep/2010:11:32:49 +0200] "GET /content/kalender/jax_calendar.php?Y=-10151&m=7&d=16&view=d1 HTTP/1.1" 200 11995 "-" "Mozilla/5.0 (compatible; Googlebot/2.1; +http://www.google.com/bot.html)"
66.249.71.40 - - [03/Sep/2010:11:35:01 +0200] "GET /content/kalender/jax_calendar.php?Y=-10146&m=7&d=8&cal_id=0&language=german&gmt_ofs=-1&view=d1 HTTP/1.1" 200 11859 "-" "Mozilla/5.0 (compatible; Googlebot/2.1; +http://www.google.com/bot.html)"
66.249.71.40 - - [03/Sep/2010:11:37:14 +0200] "GET /content/kalender/jax_calendar.php?Y=-10148&m=11&d=21&view=d1 HTTP/1.1" 200 12062 "-" "Mozilla/5.0 (compatible; Googlebot/2.1; +http://www.google.com/bot.html)"
213.183.87.194 - - [03/Sep/2010:11:37:53 +0200] "GET / HTTP/1.1" 302 - "http://www.google.de/search?hl=de&source=hp&q=awo+bernau&aq=f&aqi=g2&aql=&oq=&gs_rfai=&fp=968a9a705c4ed1a9" "Mozilla/5.0 (Windows; U; Windows NT 6.1; de; rv:1.9.2.2) Gecko/20100316 Firefox/3.6.2"
213.183.87.194 - - [03/Sep/2010:11:37:53 +0200] "GET /content/aktuelles/ HTTP/1.1" 200 10044 "http://www.google.de/search?hl=de&source=hp&q=awo+bernau&aq=f&aqi=g2&aql=&oq=&gs_rfai=&fp=968a9a705c4ed1a9" "Mozilla/5.0 (Windows; U; Windows NT 6.1; de; rv:1.9.2.2) Gecko/20100316 Firefox/3.6.2"
213.183.87.194 - - [03/Sep/2010:11:37:54 +0200] "GET / HTTP/1.1" 302 - "http://www.google.de/url?sa=t&source=web&cd=1&ved=0CBoQFjAA&url=http%3A%2F%2Fwww.awo-kv-bernau.de%2F&rct=j&q=awo%20bernau&ei=8MGATLH1K8XFswb164ioBw&usg=AFQjCNFY6jRp0cyjK4eLe9CtgjDN1c4Vuw&sig2=x3jmaYKU9ncHRmG9K1NpGg" "Mozilla/5.0 (Windows; U; Windows NT 6.1; de; rv:1.9.2.2) Gecko/20100316 Firefox/3.6.2"
213.183.87.194 - - [03/Sep/2010:11:37:54 +0200] "GET /content/aktuelles/ HTTP/1.1" 200 10044 "http://www.google.de/url?sa=t&source=web&cd=1&ved=0CBoQFjAA&url=http%3A%2F%2Fwww.awo-kv-bernau.de%2F&rct=j&q=awo%20bernau&ei=8MGATLH1K8XFswb164ioBw&usg=AFQjCNFY6jRp0cyjK4eLe9CtgjDN1c4Vuw&sig2=x3jmaYKU9ncHRmG9K1NpGg" "Mozilla/5.0 (Windows; U; Windows NT 6.1; de; rv:1.9.2.2) Gecko/20100316 Firefox/3.6.2"
213.183.87.194 - - [03/Sep/2010:11:37:54 +0200] "GET /content/themes/blackcandy/css/layout.css?m=1281258825 HTTP/1.1" 200 9945 "http://www.awo-kv-bernau.de/content/aktuelles/" "Mozilla/5.0 (Windows; U; Windows NT 6.1; de; rv:1.9.2.2) Gecko/20100316 Firefox/3.6.2"
213.183.87.194 - - [03/Sep/2010:11:37:54 +0200] "GET /content/themes/blackcandy/css/typography.css?m=1281262824 HTTP/1.1" 200 5090 "http://www.awo-kv-bernau.de/content/aktuelles/" "Mozilla/5.0 (Windows; U; Windows NT 6.1; de; rv:1.9.2.2) Gecko/20100316 Firefox/3.6.2"
213.183.87.194 - - [03/Sep/2010:11:37:54 +0200] "GET /favicon.ico HTTP/1.1" 404 1256 "-" "Mozilla/5.0 (Windows; U; Windows NT 6.1; de; rv:1.9.2.2) Gecko/20100316 Firefox/3.6.2"
213.183.87.194 - - [03/Sep/2010:11:37:54 +0200] "GET /content/themes/blackcandy/css/form.css?m=1277278133 HTTP/1.1" 200 1856 "http://www.awo-kv-bernau.de/content/aktuelles/" "Mozilla/5.0 (Windows; U; Windows NT 6.1; de; rv:1.9.2.2) Gecko/20100316 Firefox/3.6.2"
213.183.87.194 - - [03/Sep/2010:11:37:54 +0200] "GET /content/assets/Aktuelles/aktuelles010910.jpg HTTP/1.1" 200 29458 "http://www.awo-kv-bernau.de/content/aktuelles/" "Mozilla/5.0 (Windows; U; Windows NT 6.1; de; rv:1.9.2.2) Gecko/20100316 Firefox/3.6.2"
213.183.87.194 - - [03/Sep/2010:11:37:54 +0200] "GET /content/assets/Aktuelles/aktuelles160710.jpg HTTP/1.1" 200 17303 "http://www.awo-kv-bernau.de/content/aktuelles/" "Mozilla/5.0 (Windows; U; Windows NT 6.1; de; rv:1.9.2.2) Gecko/20100316 Firefox/3.6.2"
213.183.87.194 - - [03/Sep/2010:11:37:54 +0200] "GET /content/assets/Aktuelles/aktuelles140810.jpg HTTP/1.1" 200 20737 "http://www.awo-kv-bernau.de/content/aktuelles/" "Mozilla/5.0 (Windows; U; Windows NT 6.1; de; rv:1.9.2.2) Gecko/20100316 Firefox/3.6.2"
213.183.87.194 - - [03/Sep/2010:11:37:54 +0200] "GET /favicon.ico HTTP/1.1" 404 1256 "-" "Mozilla/5.0 (Windows; U; Windows NT 6.1; de; rv:1.9.2.2) Gecko/20100316 Firefox/3.6.2"
213.183.87.194 - - [03/Sep/2010:11:37:54 +0200] "GET /content/assets/Aktuelles/awologo.jpg HTTP/1.1" 200 2292 "http://www.awo-kv-bernau.de/content/aktuelles/" "Mozilla/5.0 (Windows; U; Windows NT 6.1; de; rv:1.9.2.2) Gecko/20100316 Firefox/3.6.2"
213.183.87.194 - - [03/Sep/2010:11:37:54 +0200] "GET /content/themes/blackcandy/images/header.jpg HTTP/1.1" 200 45038 "http://www.awo-kv-bernau.de/content/themes/blackcandy/css/layout.css?m=1281258825" "Mozilla/5.0 (Windows; U; Windows NT 6.1; de; rv:1.9.2.2) Gecko/20100316 Firefox/3.6.2"
213.183.87.194 - - [03/Sep/2010:11:37:54 +0200] "GET /content/assets/Aktuelles/aktuelles110810.jpg HTTP/1.1" 200 73350 "http://www.awo-kv-bernau.de/content/aktuelles/" "Mozilla/5.0 (Windows; U; Windows NT 6.1; de; rv:1.9.2.2) Gecko/20100316 Firefox/3.6.2"
213.183.87.194 - - [03/Sep/2010:11:37:54 +0200] "GET /content/themes/blackcandy/images/activeTabLeft.png HTTP/1.1" 200 433 "http://www.awo-kv-bernau.de/content/themes/blackcandy/css/layout.css?m=1281258825" "Mozilla/5.0 (Windows; U; Windows NT 6.1; de; rv:1.9.2.2) Gecko/20100316 Firefox/3.6.2"
213.183.87.194 - - [03/Sep/2010:11:37:54 +0200] "GET /content/themes/blackcandy/images/headerRounded.png HTTP/1.1" 200 763 "http://www.awo-kv-bernau.de/content/themes/blackcandy/css/layout.css?m=1281258825" "Mozilla/5.0 (Windows; U; Windows NT 6.1; de; rv:1.9.2.2) Gecko/20100316 Firefox/3.6.2"
213.183.87.194 - - [03/Sep/2010:11:37:54 +0200] "GET /content/themes/blackcandy/images/activeTabRight.png HTTP/1.1" 200 433 "http://www.awo-kv-bernau.de/content/themes/blackcandy/css/layout.css?m=1281258825" "Mozilla/5.0 (Windows; U; Windows NT 6.1; de; rv:1.9.2.2) Gecko/20100316 Firefox/3.6.2"
213.183.87.194 - - [03/Sep/2010:11:37:55 +0200] "GET /content/themes/blackcandy/images/subheader.jpg HTTP/1.1" 200 52576 "http://www.awo-kv-bernau.de/content/themes/blackcandy/css/layout.css?m=1281258825" "Mozilla/5.0 (Windows; U; Windows NT 6.1; de; rv:1.9.2.2) Gecko/20100316 Firefox/3.6.2"
213.183.87.194 - - [03/Sep/2010:11:37:55 +0200] "GET /content/themes/blackcandy/images/footer.png HTTP/1.1" 200 884 "http://www.awo-kv-bernau.de/content/themes/blackcandy/css/layout.css?m=1281258825" "Mozilla/5.0 (Windows; U; Windows NT 6.1; de; rv:1.9.2.2) Gecko/20100316 Firefox/3.6.2"
213.183.87.194 - - [03/Sep/2010:11:37:55 +0200] "GET /content/themes/blackcandy/images/herz.png HTTP/1.1" 200 344 "http://www.awo-kv-bernau.de/content/themes/blackcandy/css/layout.css?m=1281258825" "Mozilla/5.0 (Windows; U; Windows NT 6.1; de; rv:1.9.2.2) Gecko/20100316 Firefox/3.6.2"
213.183.87.194 - - [03/Sep/2010:11:37:55 +0200] "GET /favicon.ico HTTP/1.1" 404 1256 "-" "Mozilla/5.0 (Windows; U; Windows NT 6.1; de; rv:1.9.2.2) Gecko/20100316 Firefox/3.6.2"
66.249.71.40 - - [03/Sep/2010:11:39:26 +0200] "GET /content/kalender/jax_calendar.php?Y=-10152&m=7&d=28&view=d1 HTTP/1.1" 200 11995 "-" "Mozilla/5.0 (compatible; Googlebot/2.1; +http://www.google.com/bot.html)"
213.183.87.194 - - [03/Sep/2010:11:39:39 +0200] "GET /content/kontakt-impressum/ HTTP/1.1" 200 14542 "http://www.awo-kv-bernau.de/content/aktuelles/" "Mozilla/5.0 (Windows; U; Windows NT 6.1; de; rv:1.9.2.2) Gecko/20100316 Firefox/3.6.2"
213.183.87.194 - - [03/Sep/2010:11:39:40 +0200] "GET /content/themes/blackcandy/css/typography.css?m=1281262824 HTTP/1.1" 304 - "http://www.awo-kv-bernau.de/content/kontakt-impressum/" "Mozilla/5.0 (Windows; U; Windows NT 6.1; de; rv:1.9.2.2) Gecko/20100316 Firefox/3.6.2"
213.183.87.194 - - [03/Sep/2010:11:39:40 +0200] "GET /content/themes/blackcandy/css/layout.css?m=1281258825 HTTP/1.1" 304 - "http://www.awo-kv-bernau.de/content/kontakt-impressum/" "Mozilla/5.0 (Windows; U; Windows NT 6.1; de; rv:1.9.2.2) Gecko/20100316 Firefox/3.6.2"
213.183.87.194 - - [03/Sep/2010:11:39:40 +0200] "GET /content/themes/blackcandy/css/form.css?m=1277278133 HTTP/1.1" 304 - "http://www.awo-kv-bernau.de/content/kontakt-impressum/" "Mozilla/5.0 (Windows; U; Windows NT 6.1; de; rv:1.9.2.2) Gecko/20100316 Firefox/3.6.2"
87.187.151.173 - - [03/Sep/2010:11:41:10 +0200] "GET / HTTP/1.1" 302 - "-" "Mozilla/4.0 (compatible; MSIE 8.0; Windows NT 5.1; Trident/4.0; .NET CLR 2.0.50727; .NET CLR 3.0.4506.2152; .NET CLR 3.5.30729; InfoPath.2)"
87.187.151.173 - - [03/Sep/2010:11:41:10 +0200] "GET /content/aktuelles/ HTTP/1.1" 200 10044 "-" "Mozilla/4.0 (compatible; MSIE 8.0; Windows NT 5.1; Trident/4.0; .NET CLR 2.0.50727; .NET CLR 3.0.4506.2152; .NET CLR 3.5.30729; InfoPath.2)"
87.187.151.173 - - [03/Sep/2010:11:41:10 +0200] "GET /content/themes/blackcandy/css/layout.css?m=1281258825 HTTP/1.1" 200 9945 "http://www.awo-kv-bernau.de/content/aktuelles/" "Mozilla/4.0 (compatible; MSIE 8.0; Windows NT 5.1; Trident/4.0; .NET CLR 2.0.50727; .NET CLR 3.0.4506.2152; .NET CLR 3.5.30729; InfoPath.2)"
87.187.151.173 - - [03/Sep/2010:11:41:11 +0200] "GET /content/themes/blackcandy/css/typography.css?m=1281262824 HTTP/1.1" 200 5090 "http://www.awo-kv-bernau.de/content/aktuelles/" "Mozilla/4.0 (compatible; MSIE 8.0; Windows NT 5.1; Trident/4.0; .NET CLR 2.0.50727; .NET CLR 3.0.4506.2152; .NET CLR 3.5.30729; InfoPath.2)"
87.187.151.173 - - [03/Sep/2010:11:41:11 +0200] "GET /content/assets/Aktuelles/aktuelles010910.jpg HTTP/1.1" 200 29458 "http://www.awo-kv-bernau.de/content/aktuelles/" "Mozilla/4.0 (compatible; MSIE 8.0; Windows NT 5.1; Trident/4.0; .NET CLR 2.0.50727; .NET CLR 3.0.4506.2152; .NET CLR 3.5.30729; InfoPath.2)"
87.187.151.173 - - [03/Sep/2010:11:41:11 +0200] "GET /content/assets/Aktuelles/aktuelles140810.jpg HTTP/1.1" 200 20737 "http://www.awo-kv-bernau.de/content/aktuelles/" "Mozilla/4.0 (compatible; MSIE 8.0; Windows NT 5.1; Trident/4.0; .NET CLR 2.0.50727; .NET CLR 3.0.4506.2152; .NET CLR 3.5.30729; InfoPath.2)"
87.187.151.173 - - [03/Sep/2010:11:41:11 +0200] "GET /content/assets/Aktuelles/awologo.jpg HTTP/1.1" 200 2292 "http://www.awo-kv-bernau.de/content/aktuelles/" "Mozilla/4.0 (compatible; MSIE 8.0; Windows NT 5.1; Trident/4.0; .NET CLR 2.0.50727; .NET CLR 3.0.4506.2152; .NET CLR 3.5.30729; InfoPath.2)"
87.187.151.173 - - [03/Sep/2010:11:41:11 +0200] "GET /content/assets/Aktuelles/aktuelles160710.jpg HTTP/1.1" 200 17303 "http://www.awo-kv-bernau.de/content/aktuelles/" "Mozilla/4.0 (compatible; MSIE 8.0; Windows NT 5.1; Trident/4.0; .NET CLR 2.0.50727; .NET CLR 3.0.4506.2152; .NET CLR 3.5.30729; InfoPath.2)"
87.187.151.173 - - [03/Sep/2010:11:41:11 +0200] "GET /content/themes/blackcandy/css/form.css?m=1277278133 HTTP/1.1" 200 1856 "http://www.awo-kv-bernau.de/content/aktuelles/" "Mozilla/4.0 (compatible; MSIE 8.0; Windows NT 5.1; Trident/4.0; .NET CLR 2.0.50727; .NET CLR 3.0.4506.2152; .NET CLR 3.5.30729; InfoPath.2)"
87.187.151.173 - - [03/Sep/2010:11:41:11 +0200] "GET /content/themes/blackcandy/images/headerRounded.png HTTP/1.1" 200 763 "http://www.awo-kv-bernau.de/content/aktuelles/" "Mozilla/4.0 (compatible; MSIE 8.0; Windows NT 5.1; Trident/4.0; .NET CLR 2.0.50727; .NET CLR 3.0.4506.2152; .NET CLR 3.5.30729; InfoPath.2)"
87.187.151.173 - - [03/Sep/2010:11:41:11 +0200] "GET /content/themes/blackcandy/images/activeTabLeft.png HTTP/1.1" 200 433 "http://www.awo-kv-bernau.de/content/aktuelles/" "Mozilla/4.0 (compatible; MSIE 8.0; Windows NT 5.1; Trident/4.0; .NET CLR 2.0.50727; .NET CLR 3.0.4506.2152; .NET CLR 3.5.30729; InfoPath.2)"
87.187.151.173 - - [03/Sep/2010:11:41:11 +0200] "GET /content/themes/blackcandy/images/activeTabRight.png HTTP/1.1" 200 433 "http://www.awo-kv-bernau.de/content/aktuelles/" "Mozilla/4.0 (compatible; MSIE 8.0; Windows NT 5.1; Trident/4.0; .NET CLR 2.0.50727; .NET CLR 3.0.4506.2152; .NET CLR 3.5.30729; InfoPath.2)"
87.187.151.173 - - [03/Sep/2010:11:41:11 +0200] "GET /content/themes/blackcandy/images/herz.png HTTP/1.1" 200 344 "http://www.awo-kv-bernau.de/content/aktuelles/" "Mozilla/4.0 (compatible; MSIE 8.0; Windows NT 5.1; Trident/4.0; .NET CLR 2.0.50727; .NET CLR 3.0.4506.2152; .NET CLR 3.5.30729; InfoPath.2)"
87.187.151.173 - - [03/Sep/2010:11:41:11 +0200] "GET /content/themes/blackcandy/images/footer.png HTTP/1.1" 200 884 "http://www.awo-kv-bernau.de/content/aktuelles/" "Mozilla/4.0 (compatible; MSIE 8.0; Windows NT 5.1; Trident/4.0; .NET CLR 2.0.50727; .NET CLR 3.0.4506.2152; .NET CLR 3.5.30729; InfoPath.2)"
87.187.151.173 - - [03/Sep/2010:11:41:11 +0200] "GET /content/themes/blackcandy/images/hoverTabLeft.png HTTP/1.1" 200 400 "http://www.awo-kv-bernau.de/content/aktuelles/" "Mozilla/4.0 (compatible; MSIE 8.0; Windows NT 5.1; Trident/4.0; .NET CLR 2.0.50727; .NET CLR 3.0.4506.2152; .NET CLR 3.5.30729; InfoPath.2)"
87.187.151.173 - - [03/Sep/2010:11:41:11 +0200] "GET /content/themes/blackcandy/images/hoverTabRight.png HTTP/1.1" 200 429 "http://www.awo-kv-bernau.de/content/aktuelles/" "Mozilla/4.0 (compatible; MSIE 8.0; Windows NT 5.1; Trident/4.0; .NET CLR 2.0.50727; .NET CLR 3.0.4506.2152; .NET CLR 3.5.30729; InfoPath.2)"
87.187.151.173 - - [03/Sep/2010:11:41:11 +0200] "GET /content/assets/Aktuelles/aktuelles110810.jpg HTTP/1.1" 200 73350 "http://www.awo-kv-bernau.de/content/aktuelles/" "Mozilla/4.0 (compatible; MSIE 8.0; Windows NT 5.1; Trident/4.0; .NET CLR 2.0.50727; .NET CLR 3.0.4506.2152; .NET CLR 3.5.30729; InfoPath.2)"
87.187.151.173 - - [03/Sep/2010:11:41:11 +0200] "GET /content/themes/blackcandy/images/header.jpg HTTP/1.1" 200 45038 "http://www.awo-kv-bernau.de/content/aktuelles/" "Mozilla/4.0 (compatible; MSIE 8.0; Windows NT 5.1; Trident/4.0; .NET CLR 2.0.50727; .NET CLR 3.0.4506.2152; .NET CLR 3.5.30729; InfoPath.2)"
87.187.151.173 - - [03/Sep/2010:11:41:11 +0200] "GET /content/themes/blackcandy/images/subheader.jpg HTTP/1.1" 200 52576 "http://www.awo-kv-bernau.de/content/aktuelles/" "Mozilla/4.0 (compatible; MSIE 8.0; Windows NT 5.1; Trident/4.0; .NET CLR 2.0.50727; .NET CLR 3.0.4506.2152; .NET CLR 3.5.30729; InfoPath.2)"
87.187.151.173 - - [03/Sep/2010:11:41:11 +0200] "GET /favicon.ico HTTP/1.1" 404 1256 "-" "Mozilla/4.0 (compatible; MSIE 8.0; Windows NT 5.1; Trident/4.0; .NET CLR 2.0.50727; .NET CLR 3.0.4506.2152; .NET CLR 3.5.30729; InfoPath.2)"
66.249.71.40 - - [03/Sep/2010:11:41:39 +0200] "GET /content/kalender/jax_calendar.php?Y=-10137&m=12&d=8&cal_id=0&language=german&gmt_ofs=-1&view=d1 HTTP/1.1" 200 11925 "-" "Mozilla/5.0 (compatible; Googlebot/2.1; +http://www.google.com/bot.html)"
67.195.115.117 - - [03/Sep/2010:11:42:02 +0200] "GET /robots.txt HTTP/1.0" 404 1256 "-" "Mozilla/5.0 (compatible; Yahoo! Slurp; http://help.yahoo.com/help/us/ysearch/slurp)"
67.195.115.117 - - [03/Sep/2010:11:42:03 +0200] "GET /content/schuldnerberatung/ HTTP/1.0" 200 11481 "-" "Mozilla/5.0 (compatible; Yahoo! Slurp/3.0; http://help.yahoo.com/help/us/ysearch/slurp)"
88.72.27.20 - - [03/Sep/2010:11:42:03 +0200] "GET /content/aktuelles/ HTTP/1.1" 200 10044 "-" "Mozilla/5.0 (Windows; U; Windows NT 5.1; en-US; rv:1.9.2.8) Gecko/20100722 Firefox/3.6.8 ( .NET CLR 3.5.30729)"
67.195.115.117 - - [03/Sep/2010:11:42:04 +0200] "GET /content/themes/blackcandy/css/layout.css?m=1281258825 HTTP/1.0" 200 9945 "http://www.awo-kv-bernau.de/content/schuldnerberatung/" "Mozilla/5.0 (compatible; Yahoo! Slurp/3.0; http://help.yahoo.com/help/us/ysearch/slurp)"
67.195.115.117 - - [03/Sep/2010:11:42:04 +0200] "GET /content/themes/blackcandy/css/typography.css?m=1281262824 HTTP/1.0" 200 5090 "http://www.awo-kv-bernau.de/content/schuldnerberatung/" "Mozilla/5.0 (compatible; Yahoo! Slurp/3.0; http://help.yahoo.com/help/us/ysearch/slurp)"
88.72.27.20 - - [03/Sep/2010:11:42:04 +0200] "GET /content/themes/blackcandy/css/layout.css?m=1281258825 HTTP/1.1" 304 - "http://www.awo-kv-bernau.de/content/aktuelles/" "Mozilla/5.0 (Windows; U; Windows NT 5.1; en-US; rv:1.9.2.8) Gecko/20100722 Firefox/3.6.8 ( .NET CLR 3.5.30729)"
88.72.27.20 - - [03/Sep/2010:11:42:04 +0200] "GET /content/themes/blackcandy/css/typography.css?m=1281262824 HTTP/1.1" 304 - "http://www.awo-kv-bernau.de/content/aktuelles/" "Mozilla/5.0 (Windows; U; Windows NT 5.1; en-US; rv:1.9.2.8) Gecko/20100722 Firefox/3.6.8 ( .NET CLR 3.5.30729)"
88.72.27.20 - - [03/Sep/2010:11:42:04 +0200] "GET /content/themes/blackcandy/css/form.css?m=1277278133 HTTP/1.1" 304 - "http://www.awo-kv-bernau.de/content/aktuelles/" "Mozilla/5.0 (Windows; U; Windows NT 5.1; en-US; rv:1.9.2.8) Gecko/20100722 Firefox/3.6.8 ( .NET CLR 3.5.30729)"
88.72.27.20 - - [03/Sep/2010:11:42:05 +0200] "GET /content/assets/Aktuelles/aktuelles010910.jpg HTTP/1.1" 304 - "http://www.awo-kv-bernau.de/content/aktuelles/" "Mozilla/5.0 (Windows; U; Windows NT 5.1; en-US; rv:1.9.2.8) Gecko/20100722 Firefox/3.6.8 ( .NET CLR 3.5.30729)"
67.195.115.117 - - [03/Sep/2010:11:42:05 +0200] "GET /content/themes/blackcandy/css/form.css?m=1277278133 HTTP/1.0" 304 - "http://www.awo-kv-bernau.de/content/schuldnerberatung/" "Mozilla/5.0 (compatible; Yahoo! Slurp/3.0; http://help.yahoo.com/help/us/ysearch/slurp)"
88.72.27.20 - - [03/Sep/2010:11:42:08 +0200] "GET /favicon.ico HTTP/1.1" 404 1256 "-" "Mozilla/5.0 (Windows; U; Windows NT 5.1; en-US; rv:1.9.2.8) Gecko/20100722 Firefox/3.6.8 ( .NET CLR 3.5.30729)"
66.249.71.40 - - [03/Sep/2010:11:43:51 +0200] "GET /content/kalender/jax_calendar.php?Y=-10140&m=10&d=30&view=d1 HTTP/1.1" 200 12060 "-" "Mozilla/5.0 (compatible; Googlebot/2.1; +http://www.google.com/bot.html)"
66.249.71.40 - - [03/Sep/2010:11:46:04 +0200] "GET /content/kalender/jax_calendar.php?Y=-10155&m=11&d=34&view=d1 HTTP/1.1" 200 12062 "-" "Mozilla/5.0 (compatible; Googlebot/2.1; +http://www.google.com/bot.html)"
66.249.71.40 - - [03/Sep/2010:11:48:16 +0200] "GET /content/kalender/jax_calendar.php?Y=-10151&m=12&d=33&view=d1 HTTP/1.1" 200 12061 "-" "Mozilla/5.0 (compatible; Googlebot/2.1; +http://www.google.com/bot.html)"
66.249.71.40 - - [03/Sep/2010:11:50:32 +0200] "GET /content/kalender/jax_calendar.php?Y=-10149&m=3&d=27&view=d1 HTTP/1.1" 200 11995 "-" "Mozilla/5.0 (compatible; Googlebot/2.1; +http://www.google.com/bot.html)"
66.249.71.40 - - [03/Sep/2010:11:51:08 +0200] "GET /content/kalender/jax_calendar.php?Y=2011&m=11&d=25&view=d1&language=english HTTP/1.1" 200 11114 "-" "Mozilla/5.0 (compatible; Googlebot/2.1; +http://www.google.com/bot.html)"
66.249.71.40 - - [03/Sep/2010:11:52:57 +0200] "GET /content/kalender/jax_calendar.php?Y=-10137&m=2&d=8&cal_id=0&language=german&gmt_ofs=-1&view=d1 HTTP/1.1" 200 11862 "-" "Mozilla/5.0 (compatible; Googlebot/2.1; +http://www.google.com/bot.html)"
66.249.71.40 - - [03/Sep/2010:11:54:52 +0200] "GET /content/kalender/jax_calendar.php?Y=-10146&m=4&d=8&cal_id=0&language=german&gmt_ofs=-1&view=d1 HTTP/1.1" 200 11860 "-" "Mozilla/5.0 (compatible; Googlebot/2.1; +http://www.google.com/bot.html)"
66.249.71.40 - - [03/Sep/2010:11:57:05 +0200] "GET /content/kalender/jax_calendar.php?Y=4238&m=2&d=8&cal_id=0&language=german&gmt_ofs=-1&view=d1 HTTP/1.1" 200 11670 "-" "Mozilla/5.0 (compatible; Googlebot/2.1; +http://www.google.com/bot.html)"
178.0.96.51 - - [03/Sep/2010:11:57:38 +0200] "GET /content/assets/Stellenanzeigen/ausschreibungpraesenzkraft.pdf HTTP/1.1" 200 13559 "http://www.sozialedienste-awo.de/content/stellenangebote/" "Mozilla/5.0 (Windows; U; Windows NT 5.1; de; rv:1.9.2.8) Gecko/20100722 Firefox/3.6.8"
178.0.96.51 - - [03/Sep/2010:11:57:41 +0200] "GET /favicon.ico HTTP/1.1" 404 1256 "-" "Mozilla/5.0 (Windows; U; Windows NT 5.1; de; rv:1.9.2.8) Gecko/20100722 Firefox/3.6.8"
178.0.96.51 - - [03/Sep/2010:11:57:44 +0200] "GET /favicon.ico HTTP/1.1" 404 1256 "-" "Mozilla/5.0 (Windows; U; Windows NT 5.1; de; rv:1.9.2.8) Gecko/20100722 Firefox/3.6.8"
178.0.96.51 - - [03/Sep/2010:11:58:05 +0200] "GET /content/assets/Stellenanzeigen/stellenbeschreibungerzieher012010.pdf HTTP/1.1" 200 38159 "http://www.sozialedienste-awo.de/content/stellenangebote/" "Mozilla/5.0 (Windows; U; Windows NT 5.1; de; rv:1.9.2.8) Gecko/20100722 Firefox/3.6.8"
66.249.71.40 - - [03/Sep/2010:11:59:18 +0200] "GET /content/kalender/jax_calendar.php?Y=-10150&m=1&d=1&view=d1 HTTP/1.1" 200 11962 "-" "Mozilla/5.0 (compatible; Googlebot/2.1; +http://www.google.com/bot.html)"
66.249.71.40 - - [03/Sep/2010:12:01:31 +0200] "GET /content/kalender/jax_calendar.php?Y=-10135&m=10&d=8&cal_id=0&language=german&gmt_ofs=-1&view=d1 HTTP/1.1" 200 11924 "-" "Mozilla/5.0 (compatible; Googlebot/2.1; +http://www.google.com/bot.html)"
66.249.71.40 - - [03/Sep/2010:12:03:44 +0200] "GET /content/kalender/jax_calendar.php?Y=4254&m=9&d=2&view=d1 HTTP/1.1" 200 11773 "-" "Mozilla/5.0 (compatible; Googlebot/2.1; +http://www.google.com/bot.html)"
66.249.71.40 - - [03/Sep/2010:12:05:39 +0200] "GET /content/kalender/jax_calendar.php?Y=-10011&m=10&d=1&view=d1&language=english HTTP/1.1" 200 11861 "-" "Mozilla/5.0 (compatible; Googlebot/2.1; +http://www.google.com/bot.html)"
66.249.71.40 - - [03/Sep/2010:12:05:40 +0200] "GET /content/kalender/jax_calendar.php?Y=-10139&m=6&d=8&cal_id=0&language=german&gmt_ofs=-1&view=d1 HTTP/1.1" 200 11859 "-" "Mozilla/5.0 (compatible; Googlebot/2.1; +http://www.google.com/bot.html)"
66.249.71.40 - - [03/Sep/2010:12:05:41 +0200] "GET /content/kalender/jax_calendar.php?Y=-10151&m=6&d=19&view=d1 HTTP/1.1" 200 11995 "-" "Mozilla/5.0 (compatible; Googlebot/2.1; +http://www.google.com/bot.html)"
66.249.71.40 - - [03/Sep/2010:12:05:42 +0200] "GET /content/kalender/jax_calendar.php?Y=-10149&m=9&d=13&view=d1 HTTP/1.1" 200 12001 "-" "Mozilla/5.0 (compatible; Googlebot/2.1; +http://www.google.com/bot.html)"
66.249.71.40 - - [03/Sep/2010:12:05:42 +0200] "GET /content/kalender/jax_calendar.php?Y=-10143&m=6&d=8&cal_id=0&language=german&gmt_ofs=-1&view=d1 HTTP/1.1" 200 11859 "-" "Mozilla/5.0 (compatible; Googlebot/2.1; +http://www.google.com/bot.html)"
66.249.71.40 - - [03/Sep/2010:12:08:15 +0200] "GET /content/kalender/jax_calendar.php?Y=-10145&m=4&d=8&cal_id=0&language=german&gmt_ofs=-1&view=d1 HTTP/1.1" 200 11860 "-" "Mozilla/5.0 (compatible; Googlebot/2.1; +http://www.google.com/bot.html)"
66.249.71.40 - - [03/Sep/2010:12:11:43 +0200] "GET /content/kalender/jax_calendar.php?Y=4246&m=1&d=8&cal_id=0&language=german&gmt_ofs=-1&view=d1 HTTP/1.1" 200 11670 "-" "Mozilla/5.0 (compatible; Googlebot/2.1; +http://www.google.com/bot.html)"
217.65.26.178 - - [03/Sep/2010:12:12:06 +0200] "GET /content/assets/Aktuelles/awologo.jpg HTTP/1.0" 200 2292 "http://www.sozialedienste-awo.de/content/aktuelles/" "Mozilla/4.0 (compatible; MSIE 8.0; Windows NT 5.1; Trident/4.0)"
217.65.26.178 - - [03/Sep/2010:12:12:06 +0200] "GET /content/assets/Aktuelles/aktuelles140810.jpg HTTP/1.0" 200 20737 "http://www.sozialedienste-awo.de/content/aktuelles/" "Mozilla/4.0 (compatible; MSIE 8.0; Windows NT 5.1; Trident/4.0)"
217.65.26.178 - - [03/Sep/2010:12:12:06 +0200] "GET /content/assets/Aktuelles/aktuelles160710.jpg HTTP/1.0" 200 17303 "http://www.sozialedienste-awo.de/content/aktuelles/" "Mozilla/4.0 (compatible; MSIE 8.0; Windows NT 5.1; Trident/4.0)"
217.65.26.178 - - [03/Sep/2010:12:12:06 +0200] "GET /content/assets/Aktuelles/aktuelles010910.jpg HTTP/1.0" 200 29458 "http://www.sozialedienste-awo.de/content/aktuelles/" "Mozilla/4.0 (compatible; MSIE 8.0; Windows NT 5.1; Trident/4.0)"
217.65.26.178 - - [03/Sep/2010:12:12:06 +0200] "GET /content/assets/Aktuelles/aktuelles110810.jpg HTTP/1.0" 200 73350 "http://www.sozialedienste-awo.de/content/aktuelles/" "Mozilla/4.0 (compatible; MSIE 8.0; Windows NT 5.1; Trident/4.0)"
66.249.71.40 - - [03/Sep/2010:12:15:12 +0200] "GET /content/kalender/jax_calendar.php?Y=-10146&m=8&d=8&cal_id=0&language=german&gmt_ofs=-1&view=d1 HTTP/1.1" 200 11861 "-" "Mozilla/5.0 (compatible; Googlebot/2.1; +http://www.google.com/bot.html)"
91.63.188.93 - - [03/Sep/2010:12:17:00 +0200] "GET /content/awo-treff-angebote/ HTTP/1.1" 200 12642 "http://search.incredimail.com/?q=AWO+Treff&lang=german&source=053023105011376" "Mozilla/4.0 (compatible; MSIE 7.0; Windows NT 5.1; GTB6.5; .NET CLR 1.1.4322; .NET CLR 2.0.50727; .NET CLR 3.0.4506.2152; .NET CLR 3.5.30729)"
91.63.188.93 - - [03/Sep/2010:12:17:01 +0200] "GET /content/themes/blackcandy/css/ie7.css HTTP/1.1" 304 - "http://www.awo-kv-bernau.de/content/awo-treff-angebote/" "Mozilla/4.0 (compatible; MSIE 7.0; Windows NT 5.1; GTB6.5; .NET CLR 1.1.4322; .NET CLR 2.0.50727; .NET CLR 3.0.4506.2152; .NET CLR 3.5.30729)"
91.63.188.93 - - [03/Sep/2010:12:17:01 +0200] "GET /content/themes/blackcandy/css/layout.css?m=1281258825 HTTP/1.1" 200 9945 "http://www.awo-kv-bernau.de/content/awo-treff-angebote/" "Mozilla/4.0 (compatible; MSIE 7.0; Windows NT 5.1; GTB6.5; .NET CLR 1.1.4322; .NET CLR 2.0.50727; .NET CLR 3.0.4506.2152; .NET CLR 3.5.30729)"
91.63.188.93 - - [03/Sep/2010:12:17:01 +0200] "GET /content/themes/blackcandy/css/typography.css?m=1281262824 HTTP/1.1" 200 5090 "http://www.awo-kv-bernau.de/content/awo-treff-angebote/" "Mozilla/4.0 (compatible; MSIE 7.0; Windows NT 5.1; GTB6.5; .NET CLR 1.1.4322; .NET CLR 2.0.50727; .NET CLR 3.0.4506.2152; .NET CLR 3.5.30729)"
91.63.188.93 - - [03/Sep/2010:12:17:01 +0200] "GET /content/themes/blackcandy/css/form.css?m=1277278133 HTTP/1.1" 200 1856 "http://www.awo-kv-bernau.de/content/awo-treff-angebote/" "Mozilla/4.0 (compatible; MSIE 7.0; Windows NT 5.1; GTB6.5; .NET CLR 1.1.4322; .NET CLR 2.0.50727; .NET CLR 3.0.4506.2152; .NET CLR 3.5.30729)"
91.63.188.93 - - [03/Sep/2010:12:17:01 +0200] "GET /content/assets/Awo-Treff/mittag.jpg HTTP/1.1" 304 - "http://www.awo-kv-bernau.de/content/awo-treff-angebote/" "Mozilla/4.0 (compatible; MSIE 7.0; Windows NT 5.1; GTB6.5; .NET CLR 1.1.4322; .NET CLR 2.0.50727; .NET CLR 3.0.4506.2152; .NET CLR 3.5.30729)"
91.63.188.93 - - [03/Sep/2010:12:17:01 +0200] "GET /content/assets/Awo-Treff/_resampled/ResizedImage300225-Spiele.jpg HTTP/1.1" 304 - "http://www.awo-kv-bernau.de/content/awo-treff-angebote/" "Mozilla/4.0 (compatible; MSIE 7.0; Windows NT 5.1; GTB6.5; .NET CLR 1.1.4322; .NET CLR 2.0.50727; .NET CLR 3.0.4506.2152; .NET CLR 3.5.30729)"
91.63.188.93 - - [03/Sep/2010:12:17:01 +0200] "GET /content/assets/Awo-Treff/_resampled/ResizedImage300225-Sport.jpg HTTP/1.1" 304 - "http://www.awo-kv-bernau.de/content/awo-treff-angebote/" "Mozilla/4.0 (compatible; MSIE 7.0; Windows NT 5.1; GTB6.5; .NET CLR 1.1.4322; .NET CLR 2.0.50727; .NET CLR 3.0.4506.2152; .NET CLR 3.5.30729)"
91.63.188.93 - - [03/Sep/2010:12:17:01 +0200] "GET /content/assets/Awo-Treff/_resampled/ResizedImage300225-Tanz.jpg HTTP/1.1" 304 - "http://www.awo-kv-bernau.de/content/awo-treff-angebote/" "Mozilla/4.0 (compatible; MSIE 7.0; Windows NT 5.1; GTB6.5; .NET CLR 1.1.4322; .NET CLR 2.0.50727; .NET CLR 3.0.4506.2152; .NET CLR 3.5.30729)"
91.63.188.93 - - [03/Sep/2010:12:17:01 +0200] "GET /content/assets/Awo-Treff/_resampled/ResizedImage300225-Bildung.jpg HTTP/1.1" 304 - "http://www.awo-kv-bernau.de/content/awo-treff-angebote/" "Mozilla/4.0 (compatible; MSIE 7.0; Windows NT 5.1; GTB6.5; .NET CLR 1.1.4322; .NET CLR 2.0.50727; .NET CLR 3.0.4506.2152; .NET CLR 3.5.30729)"
91.63.188.93 - - [03/Sep/2010:12:17:01 +0200] "GET /content/assets/Awo-Treff/_resampled/ResizedImage300225-Kunst.jpg HTTP/1.1" 304 - "http://www.awo-kv-bernau.de/content/awo-treff-angebote/" "Mozilla/4.0 (compatible; MSIE 7.0; Windows NT 5.1; GTB6.5; .NET CLR 1.1.4322; .NET CLR 2.0.50727; .NET CLR 3.0.4506.2152; .NET CLR 3.5.30729)"
91.63.188.93 - - [03/Sep/2010:12:17:01 +0200] "GET /content/themes/blackcandy/images/headerRounded.png HTTP/1.1" 304 - "http://www.awo-kv-bernau.de/content/awo-treff-angebote/" "Mozilla/4.0 (compatible; MSIE 7.0; Windows NT 5.1; GTB6.5; .NET CLR 1.1.4322; .NET CLR 2.0.50727; .NET CLR 3.0.4506.2152; .NET CLR 3.5.30729)"
91.63.188.93 - - [03/Sep/2010:12:17:02 +0200] "GET /content/assets/Awo-Treff/Kreatives.jpg HTTP/1.1" 304 - "http://www.awo-kv-bernau.de/content/awo-treff-angebote/" "Mozilla/4.0 (compatible; MSIE 7.0; Windows NT 5.1; GTB6.5; .NET CLR 1.1.4322; .NET CLR 2.0.50727; .NET CLR 3.0.4506.2152; .NET CLR 3.5.30729)"
91.63.188.93 - - [03/Sep/2010:12:17:02 +0200] "GET /content/themes/blackcandy/images/header.jpg HTTP/1.1" 304 - "http://www.awo-kv-bernau.de/content/awo-treff-angebote/" "Mozilla/4.0 (compatible; MSIE 7.0; Windows NT 5.1; GTB6.5; .NET CLR 1.1.4322; .NET CLR 2.0.50727; .NET CLR 3.0.4506.2152; .NET CLR 3.5.30729)"
91.63.188.93 - - [03/Sep/2010:12:17:02 +0200] "GET /content/themes/blackcandy/images/activeTabLeft.png HTTP/1.1" 304 - "http://www.awo-kv-bernau.de/content/awo-treff-angebote/" "Mozilla/4.0 (compatible; MSIE 7.0; Windows NT 5.1; GTB6.5; .NET CLR 1.1.4322; .NET CLR 2.0.50727; .NET CLR 3.0.4506.2152; .NET CLR 3.5.30729)"
91.63.188.93 - - [03/Sep/2010:12:17:02 +0200] "GET /content/themes/blackcandy/images/activeTabRight.png HTTP/1.1" 304 - "http://www.awo-kv-bernau.de/content/awo-treff-angebote/" "Mozilla/4.0 (compatible; MSIE 7.0; Windows NT 5.1; GTB6.5; .NET CLR 1.1.4322; .NET CLR 2.0.50727; .NET CLR 3.0.4506.2152; .NET CLR 3.5.30729)"
91.63.188.93 - - [03/Sep/2010:12:17:02 +0200] "GET /content/themes/blackcandy/images/herz.png HTTP/1.1" 200 344 "http://www.awo-kv-bernau.de/content/awo-treff-angebote/" "Mozilla/4.0 (compatible; MSIE 7.0; Windows NT 5.1; GTB6.5; .NET CLR 1.1.4322; .NET CLR 2.0.50727; .NET CLR 3.0.4506.2152; .NET CLR 3.5.30729)"
91.63.188.93 - - [03/Sep/2010:12:17:02 +0200] "GET /content/themes/blackcandy/images/footer.png HTTP/1.1" 200 884 "http://www.awo-kv-bernau.de/content/awo-treff-angebote/" "Mozilla/4.0 (compatible; MSIE 7.0; Windows NT 5.1; GTB6.5; .NET CLR 1.1.4322; .NET CLR 2.0.50727; .NET CLR 3.0.4506.2152; .NET CLR 3.5.30729)"
91.63.188.93 - - [03/Sep/2010:12:17:02 +0200] "GET /content/themes/blackcandy/images/subheader.jpg HTTP/1.1" 200 52576 "http://www.awo-kv-bernau.de/content/awo-treff-angebote/" "Mozilla/4.0 (compatible; MSIE 7.0; Windows NT 5.1; GTB6.5; .NET CLR 1.1.4322; .NET CLR 2.0.50727; .NET CLR 3.0.4506.2152; .NET CLR 3.5.30729)"
91.63.188.93 - - [03/Sep/2010:12:17:02 +0200] "GET /favicon.ico HTTP/1.1" 404 1256 "-" "Mozilla/4.0 (compatible; MSIE 7.0; Windows NT 5.1; GTB6.5; .NET CLR 1.1.4322; .NET CLR 2.0.50727; .NET CLR 3.0.4506.2152; .NET CLR 3.5.30729)"
91.63.188.93 - - [03/Sep/2010:12:17:45 +0200] "GET /content/kontakt-und-beratungsstelle/ HTTP/1.1" 200 17493 "http://www.awo-kv-bernau.de/content/awo-treff-angebote/" "Mozilla/4.0 (compatible; MSIE 7.0; Windows NT 5.1; GTB6.5; .NET CLR 1.1.4322; .NET CLR 2.0.50727; .NET CLR 3.0.4506.2152; .NET CLR 3.5.30729)"
91.63.188.93 - - [03/Sep/2010:12:17:46 +0200] "GET /content/assets/Kontakt-und-Beratungsstelle/kbs261109.jpg HTTP/1.1" 304 - "http://www.awo-kv-bernau.de/content/kontakt-und-beratungsstelle/" "Mozilla/4.0 (compatible; MSIE 7.0; Windows NT 5.1; GTB6.5; .NET CLR 1.1.4322; .NET CLR 2.0.50727; .NET CLR 3.0.4506.2152; .NET CLR 3.5.30729)"
91.63.188.93 - - [03/Sep/2010:12:17:46 +0200] "GET /content/assets/Kontakt-und-Beratungsstelle/logo.jpg HTTP/1.1" 304 - "http://www.awo-kv-bernau.de/content/kontakt-und-beratungsstelle/" "Mozilla/4.0 (compatible; MSIE 7.0; Windows NT 5.1; GTB6.5; .NET CLR 1.1.4322; .NET CLR 2.0.50727; .NET CLR 3.0.4506.2152; .NET CLR 3.5.30729)"
91.63.188.93 - - [03/Sep/2010:12:17:46 +0200] "GET /content/assets/Kontakt-und-Beratungsstelle/_resampled/ResizedImage130122-logofit211009.jpg HTTP/1.1" 304 - "http://www.awo-kv-bernau.de/content/kontakt-und-beratungsstelle/" "Mozilla/4.0 (compatible; MSIE 7.0; Windows NT 5.1; GTB6.5; .NET CLR 1.1.4322; .NET CLR 2.0.50727; .NET CLR 3.0.4506.2152; .NET CLR 3.5.30729)"
91.63.188.93 - - [03/Sep/2010:12:17:46 +0200] "GET /content/assets/Kontakt-und-Beratungsstelle/_resampled/ResizedImage377600-job.jpg HTTP/1.1" 304 - "http://www.awo-kv-bernau.de/content/kontakt-und-beratungsstelle/" "Mozilla/4.0 (compatible; MSIE 7.0; Windows NT 5.1; GTB6.5; .NET CLR 1.1.4322; .NET CLR 2.0.50727; .NET CLR 3.0.4506.2152; .NET CLR 3.5.30729)"
91.63.188.93 - - [03/Sep/2010:12:17:46 +0200] "GET /content/assets/Kontakt-und-Beratungsstelle/_resampled/ResizedImage225192-kub1.jpg HTTP/1.1" 304 - "http://www.awo-kv-bernau.de/content/kontakt-und-beratungsstelle/" "Mozilla/4.0 (compatible; MSIE 7.0; Windows NT 5.1; GTB6.5; .NET CLR 1.1.4322; .NET CLR 2.0.50727; .NET CLR 3.0.4506.2152; .NET CLR 3.5.30729)"
91.63.188.93 - - [03/Sep/2010:12:17:46 +0200] "GET /content/assets/Kontakt-und-Beratungsstelle/_resampled/ResizedImage256192-kub2.jpg HTTP/1.1" 304 - "http://www.awo-kv-bernau.de/content/kontakt-und-beratungsstelle/" "Mozilla/4.0 (compatible; MSIE 7.0; Windows NT 5.1; GTB6.5; .NET CLR 1.1.4322; .NET CLR 2.0.50727; .NET CLR 3.0.4506.2152; .NET CLR 3.5.30729)"
91.63.188.93 - - [03/Sep/2010:12:17:46 +0200] "GET /content/assets/Kontakt-und-Beratungsstelle/_resampled/ResizedImage256192-kub3.jpg HTTP/1.1" 304 - "http://www.awo-kv-bernau.de/content/kontakt-und-beratungsstelle/" "Mozilla/4.0 (compatible; MSIE 7.0; Windows NT 5.1; GTB6.5; .NET CLR 1.1.4322; .NET CLR 2.0.50727; .NET CLR 3.0.4506.2152; .NET CLR 3.5.30729)"
91.63.188.93 - - [03/Sep/2010:12:17:46 +0200] "GET /content/assets/Kontakt-und-Beratungsstelle/_resampled/ResizedImage225192-kub4.jpg HTTP/1.1" 304 - "http://www.awo-kv-bernau.de/content/kontakt-und-beratungsstelle/" "Mozilla/4.0 (compatible; MSIE 7.0; Windows NT 5.1; GTB6.5; .NET CLR 1.1.4322; .NET CLR 2.0.50727; .NET CLR 3.0.4506.2152; .NET CLR 3.5.30729)"
91.63.188.93 - - [03/Sep/2010:12:17:46 +0200] "GET /content/assets/Kontakt-und-Beratungsstelle/_resampled/ResizedImage256192-kub5.jpg HTTP/1.1" 304 - "http://www.awo-kv-bernau.de/content/kontakt-und-beratungsstelle/" "Mozilla/4.0 (compatible; MSIE 7.0; Windows NT 5.1; GTB6.5; .NET CLR 1.1.4322; .NET CLR 2.0.50727; .NET CLR 3.0.4506.2152; .NET CLR 3.5.30729)"
91.63.188.93 - - [03/Sep/2010:12:17:46 +0200] "GET /content/assets/Kontakt-und-Beratungsstelle/_resampled/ResizedImage256192-kub6.jpg HTTP/1.1" 304 - "http://www.awo-kv-bernau.de/content/kontakt-und-beratungsstelle/" "Mozilla/4.0 (compatible; MSIE 7.0; Windows NT 5.1; GTB6.5; .NET CLR 1.1.4322; .NET CLR 2.0.50727; .NET CLR 3.0.4506.2152; .NET CLR 3.5.30729)"
91.63.188.93 - - [03/Sep/2010:12:17:46 +0200] "GET /content/assets/Kontakt-und-Beratungsstelle/kubg1.jpg HTTP/1.1" 304 - "http://www.awo-kv-bernau.de/content/kontakt-und-beratungsstelle/" "Mozilla/4.0 (compatible; MSIE 7.0; Windows NT 5.1; GTB6.5; .NET CLR 1.1.4322; .NET CLR 2.0.50727; .NET CLR 3.0.4506.2152; .NET CLR 3.5.30729)"
91.63.188.93 - - [03/Sep/2010:12:17:46 +0200] "GET /content/assets/Kontakt-und-Beratungsstelle/kubg2.jpg HTTP/1.1" 304 - "http://www.awo-kv-bernau.de/content/kontakt-und-beratungsstelle/" "Mozilla/4.0 (compatible; MSIE 7.0; Windows NT 5.1; GTB6.5; .NET CLR 1.1.4322; .NET CLR 2.0.50727; .NET CLR 3.0.4506.2152; .NET CLR 3.5.30729)"
91.63.188.93 - - [03/Sep/2010:12:17:46 +0200] "GET /content/assets/Kontakt-und-Beratungsstelle/kubg3.jpg HTTP/1.1" 304 - "http://www.awo-kv-bernau.de/content/kontakt-und-beratungsstelle/" "Mozilla/4.0 (compatible; MSIE 7.0; Windows NT 5.1; GTB6.5; .NET CLR 1.1.4322; .NET CLR 2.0.50727; .NET CLR 3.0.4506.2152; .NET CLR 3.5.30729)"
91.63.188.93 - - [03/Sep/2010:12:17:46 +0200] "GET /content/assets/Kontakt-und-Beratungsstelle/kubg4.jpg HTTP/1.1" 304 - "http://www.awo-kv-bernau.de/content/kontakt-und-beratungsstelle/" "Mozilla/4.0 (compatible; MSIE 7.0; Windows NT 5.1; GTB6.5; .NET CLR 1.1.4322; .NET CLR 2.0.50727; .NET CLR 3.0.4506.2152; .NET CLR 3.5.30729)"
87.187.151.173 - - [03/Sep/2010:12:18:27 +0200] "GET /content/aktuelles/ HTTP/1.1" 200 10044 "-" "Mozilla/4.0 (compatible; MSIE 6.0; Windows NT 5.1; SV1; .NET CLR 2.0.50727; .NET CLR 3.0.04506.30; .NET CLR 3.0.4506.2152; .NET CLR 3.5.30729)"
87.187.151.173 - - [03/Sep/2010:12:18:28 +0200] "GET /content/themes/blackcandy/css/ie6.css HTTP/1.1" 304 - "http://www.awo-kv-bernau.de/content/aktuelles/" "Mozilla/4.0 (compatible; MSIE 6.0; Windows NT 5.1; SV1; .NET CLR 2.0.50727; .NET CLR 3.0.04506.30; .NET CLR 3.0.4506.2152; .NET CLR 3.5.30729)"
87.187.151.173 - - [03/Sep/2010:12:18:28 +0200] "GET /content/themes/blackcandy/css/layout.css?m=1281258825 HTTP/1.1" 304 - "http://www.awo-kv-bernau.de/content/aktuelles/" "Mozilla/4.0 (compatible; MSIE 6.0; Windows NT 5.1; SV1; .NET CLR 2.0.50727; .NET CLR 3.0.04506.30; .NET CLR 3.0.4506.2152; .NET CLR 3.5.30729)"
87.187.151.173 - - [03/Sep/2010:12:18:28 +0200] "GET /content/themes/blackcandy/css/form.css?m=1277278133 HTTP/1.1" 304 - "http://www.awo-kv-bernau.de/content/aktuelles/" "Mozilla/4.0 (compatible; MSIE 6.0; Windows NT 5.1; SV1; .NET CLR 2.0.50727; .NET CLR 3.0.04506.30; .NET CLR 3.0.4506.2152; .NET CLR 3.5.30729)"
87.187.151.173 - - [03/Sep/2010:12:18:28 +0200] "GET /content/themes/blackcandy/css/typography.css?m=1281262824 HTTP/1.1" 304 - "http://www.awo-kv-bernau.de/content/aktuelles/" "Mozilla/4.0 (compatible; MSIE 6.0; Windows NT 5.1; SV1; .NET CLR 2.0.50727; .NET CLR 3.0.04506.30; .NET CLR 3.0.4506.2152; .NET CLR 3.5.30729)"
87.187.151.173 - - [03/Sep/2010:12:18:28 +0200] "GET /content/assets/Aktuelles/aktuelles010910.jpg HTTP/1.1" 304 - "http://www.awo-kv-bernau.de/content/aktuelles/" "Mozilla/4.0 (compatible; MSIE 6.0; Windows NT 5.1; SV1; .NET CLR 2.0.50727; .NET CLR 3.0.04506.30; .NET CLR 3.0.4506.2152; .NET CLR 3.5.30729)"
87.187.151.173 - - [03/Sep/2010:12:18:29 +0200] "GET /content/themes/blackcandy/images/sidebarBottomBg.gif HTTP/1.1" 404 1256 "http://www.awo-kv-bernau.de/content/aktuelles/" "Mozilla/4.0 (compatible; MSIE 6.0; Windows NT 5.1; SV1; .NET CLR 2.0.50727; .NET CLR 3.0.04506.30; .NET CLR 3.0.4506.2152; .NET CLR 3.5.30729)"
91.63.188.93 - - [03/Sep/2010:12:18:29 +0200] "GET /content/veranstaltungskalender/ HTTP/1.1" 200 7393 "http://www.awo-kv-bernau.de/content/kontakt-und-beratungsstelle/" "Mozilla/4.0 (compatible; MSIE 7.0; Windows NT 5.1; GTB6.5; .NET CLR 1.1.4322; .NET CLR 2.0.50727; .NET CLR 3.0.4506.2152; .NET CLR 3.5.30729)"
91.63.188.93 - - [03/Sep/2010:12:18:30 +0200] "GET /content/kalender/jax_calendar.php?language=German HTTP/1.1" 200 32607 "http://www.awo-kv-bernau.de/content/veranstaltungskalender/" "Mozilla/4.0 (compatible; MSIE 7.0; Windows NT 5.1; GTB6.5; .NET CLR 1.1.4322; .NET CLR 2.0.50727; .NET CLR 3.0.4506.2152; .NET CLR 3.5.30729)"
91.63.188.93 - - [03/Sep/2010:12:18:30 +0200] "GET /content/kalender/css/default.css HTTP/1.1" 304 - "http://www.awo-kv-bernau.de/content/kalender/jax_calendar.php?language=German" "Mozilla/4.0 (compatible; MSIE 7.0; Windows NT 5.1; GTB6.5; .NET CLR 1.1.4322; .NET CLR 2.0.50727; .NET CLR 3.0.4506.2152; .NET CLR 3.5.30729)"
91.63.188.93 - - [03/Sep/2010:12:18:30 +0200] "GET /content/kalender/modules/quick_select_popup.js HTTP/1.1" 304 - "http://www.awo-kv-bernau.de/content/kalender/jax_calendar.php?language=German" "Mozilla/4.0 (compatible; MSIE 7.0; Windows NT 5.1; GTB6.5; .NET CLR 1.1.4322; .NET CLR 2.0.50727; .NET CLR 3.0.4506.2152; .NET CLR 3.5.30729)"
91.63.188.93 - - [03/Sep/2010:12:18:30 +0200] "GET /content/kalender/images/prev_year_wb.gif HTTP/1.1" 304 - "http://www.awo-kv-bernau.de/content/kalender/jax_calendar.php?language=German" "Mozilla/4.0 (compatible; MSIE 7.0; Windows NT 5.1; GTB6.5; .NET CLR 1.1.4322; .NET CLR 2.0.50727; .NET CLR 3.0.4506.2152; .NET CLR 3.5.30729)"
91.63.188.93 - - [03/Sep/2010:12:18:30 +0200] "GET /content/kalender/images/prev_month_wb.gif HTTP/1.1" 304 - "http://www.awo-kv-bernau.de/content/kalender/jax_calendar.php?language=German" "Mozilla/4.0 (compatible; MSIE 7.0; Windows NT 5.1; GTB6.5; .NET CLR 1.1.4322; .NET CLR 2.0.50727; .NET CLR 3.0.4506.2152; .NET CLR 3.5.30729)"
91.63.188.93 - - [03/Sep/2010:12:18:30 +0200] "GET /content/kalender/images/next_month_wb.gif HTTP/1.1" 304 - "http://www.awo-kv-bernau.de/content/kalender/jax_calendar.php?language=German" "Mozilla/4.0 (compatible; MSIE 7.0; Windows NT 5.1; GTB6.5; .NET CLR 1.1.4322; .NET CLR 2.0.50727; .NET CLR 3.0.4506.2152; .NET CLR 3.5.30729)"
91.63.188.93 - - [03/Sep/2010:12:18:30 +0200] "GET /content/kalender/images/next_year_wb.gif HTTP/1.1" 304 - "http://www.awo-kv-bernau.de/content/kalender/jax_calendar.php?language=German" "Mozilla/4.0 (compatible; MSIE 7.0; Windows NT 5.1; GTB6.5; .NET CLR 1.1.4322; .NET CLR 2.0.50727; .NET CLR 3.0.4506.2152; .NET CLR 3.5.30729)"
91.63.188.93 - - [03/Sep/2010:12:18:30 +0200] "GET /content/kalender/images/back_today.gif HTTP/1.1" 304 - "http://www.awo-kv-bernau.de/content/kalender/jax_calendar.php?language=German" "Mozilla/4.0 (compatible; MSIE 7.0; Windows NT 5.1; GTB6.5; .NET CLR 1.1.4322; .NET CLR 2.0.50727; .NET CLR 3.0.4506.2152; .NET CLR 3.5.30729)"
66.249.71.40 - - [03/Sep/2010:12:18:40 +0200] "GET /content/kalender/jax_calendar.php?Y=4246&m=12&d=8&cal_id=0&language=german&gmt_ofs=-1&view=d1 HTTP/1.1" 200 11733 "-" "Mozilla/5.0 (compatible; Googlebot/2.1; +http://www.google.com/bot.html)"
91.63.188.93 - - [03/Sep/2010:12:19:36 +0200] "GET /content/kalender/jax_calendar.php?Y=2010&m=10&d=3&cal_id=0&language=german&gmt_ofs=-1&view=d30&view=d30 HTTP/1.1" 200 11569 "http://www.awo-kv-bernau.de/content/kalender/jax_calendar.php?language=German" "Mozilla/4.0 (compatible; MSIE 7.0; Windows NT 5.1; GTB6.5; .NET CLR 1.1.4322; .NET CLR 2.0.50727; .NET CLR 3.0.4506.2152; .NET CLR 3.5.30729)"
91.63.188.93 - - [03/Sep/2010:12:19:52 +0200] "GET /content/aktuelles/ HTTP/1.1" 200 10044 "http://www.awo-kv-bernau.de/content/veranstaltungskalender/" "Mozilla/4.0 (compatible; MSIE 7.0; Windows NT 5.1; GTB6.5; .NET CLR 1.1.4322; .NET CLR 2.0.50727; .NET CLR 3.0.4506.2152; .NET CLR 3.5.30729)"
91.63.188.93 - - [03/Sep/2010:12:19:53 +0200] "GET /content/assets/Aktuelles/aktuelles010910.jpg HTTP/1.1" 200 29458 "http://www.awo-kv-bernau.de/content/aktuelles/" "Mozilla/4.0 (compatible; MSIE 7.0; Windows NT 5.1; GTB6.5; .NET CLR 1.1.4322; .NET CLR 2.0.50727; .NET CLR 3.0.4506.2152; .NET CLR 3.5.30729)"
91.63.188.93 - - [03/Sep/2010:12:19:53 +0200] "GET /content/assets/Aktuelles/aktuelles140810.jpg HTTP/1.1" 200 20737 "http://www.awo-kv-bernau.de/content/aktuelles/" "Mozilla/4.0 (compatible; MSIE 7.0; Windows NT 5.1; GTB6.5; .NET CLR 1.1.4322; .NET CLR 2.0.50727; .NET CLR 3.0.4506.2152; .NET CLR 3.5.30729)"
91.63.188.93 - - [03/Sep/2010:12:19:53 +0200] "GET /content/assets/Aktuelles/aktuelles160710.jpg HTTP/1.1" 200 17303 "http://www.awo-kv-bernau.de/content/aktuelles/" "Mozilla/4.0 (compatible; MSIE 7.0; Windows NT 5.1; GTB6.5; .NET CLR 1.1.4322; .NET CLR 2.0.50727; .NET CLR 3.0.4506.2152; .NET CLR 3.5.30729)"
91.63.188.93 - - [03/Sep/2010:12:19:53 +0200] "GET /content/assets/Aktuelles/aktuelles110810.jpg HTTP/1.1" 200 73350 "http://www.awo-kv-bernau.de/content/aktuelles/" "Mozilla/4.0 (compatible; MSIE 7.0; Windows NT 5.1; GTB6.5; .NET CLR 1.1.4322; .NET CLR 2.0.50727; .NET CLR 3.0.4506.2152; .NET CLR 3.5.30729)"
91.63.188.93 - - [03/Sep/2010:12:19:54 +0200] "GET /content/assets/Aktuelles/awologo.jpg HTTP/1.1" 200 2292 "http://www.awo-kv-bernau.de/content/aktuelles/" "Mozilla/4.0 (compatible; MSIE 7.0; Windows NT 5.1; GTB6.5; .NET CLR 1.1.4322; .NET CLR 2.0.50727; .NET CLR 3.0.4506.2152; .NET CLR 3.5.30729)"
66.249.71.40 - - [03/Sep/2010:12:22:09 +0200] "GET /content/kalender/jax_calendar.php?Y=-10138&m=1&d=8&cal_id=0&language=german&gmt_ofs=-1&view=d1 HTTP/1.1" 200 11862 "-" "Mozilla/5.0 (compatible; Googlebot/2.1; +http://www.google.com/bot.html)"
87.187.151.173 - - [03/Sep/2010:12:24:25 +0200] "GET /content/aktuelles/ HTTP/1.1" 200 10044 "-" "Mozilla/4.0 (compatible; MSIE 6.0; Windows NT 5.1; SV1; .NET CLR 2.0.50727; .NET CLR 3.0.04506.30; .NET CLR 3.0.4506.2152; .NET CLR 3.5.30729)"
87.187.151.173 - - [03/Sep/2010:12:24:25 +0200] "GET /content/themes/blackcandy/images/sidebarBottomBg.gif HTTP/1.1" 404 1256 "http://www.awo-kv-bernau.de/content/aktuelles/" "Mozilla/4.0 (compatible; MSIE 6.0; Windows NT 5.1; SV1; .NET CLR 2.0.50727; .NET CLR 3.0.04506.30; .NET CLR 3.0.4506.2152; .NET CLR 3.5.30729)"
66.249.71.40 - - [03/Sep/2010:12:25:52 +0200] "GET /content/kalender/jax_calendar.php?Y=-10145&m=11&d=8&cal_id=0&language=german&gmt_ofs=-1&view=d1 HTTP/1.1" 200 11926 "-" "Mozilla/5.0 (compatible; Googlebot/2.1; +http://www.google.com/bot.html)"
91.63.188.93 - - [03/Sep/2010:12:27:07 +0200] "GET /content HTTP/1.1" 301 358 "http://www.sozialedienste-awo.de/content/ambulanter-pflegedienst/" "Mozilla/4.0 (compatible; MSIE 7.0; Windows NT 5.1; GTB6.5; .NET CLR 1.1.4322; .NET CLR 2.0.50727; .NET CLR 3.0.4506.2152; .NET CLR 3.5.30729)"
91.63.188.93 - - [03/Sep/2010:12:27:07 +0200] "GET /content/ HTTP/1.1" 301 - "http://www.sozialedienste-awo.de/content/ambulanter-pflegedienst/" "Mozilla/4.0 (compatible; MSIE 7.0; Windows NT 5.1; GTB6.5; .NET CLR 1.1.4322; .NET CLR 2.0.50727; .NET CLR 3.0.4506.2152; .NET CLR 3.5.30729)"
91.63.188.93 - - [03/Sep/2010:12:27:08 +0200] "GET /content/aktuelles/ HTTP/1.1" 200 10044 "http://www.sozialedienste-awo.de/content/ambulanter-pflegedienst/" "Mozilla/4.0 (compatible; MSIE 7.0; Windows NT 5.1; GTB6.5; .NET CLR 1.1.4322; .NET CLR 2.0.50727; .NET CLR 3.0.4506.2152; .NET CLR 3.5.30729)"
