8.11.2.9 - - [01/Apr/2011:13:52:27 +0200] "GET /robots.txt HTTP/1.1" 404 - "-" "ShopWiki/1.0 ( +http://www.shopwiki.com/wiki/Help:Bot)"
67.152.29.130 - - [01/Apr/2011:18:10:25 +0200] "GET /robots.txt HTTP/1.1" 404 - "-" "ShopWiki/1.0 ( +http://www.shopwiki.com/wiki/Help:Bot)"
213.186.122.3 - - [01/Apr/2011:21:45:32 +0200] "GET /robots.txt HTTP/1.1" 404 - "-" "Mozilla/5.0 (compatible; SiteBot/0.1; +http://www.sitebot.org/robot/)"
213.186.122.3 - - [01/Apr/2011:21:45:32 +0200] "GET /livezilla/livezilla.php?template=lz_chat_frame.3.2.login.0.0 HTTP/1.1" 200 1384 "-" "Mozilla/5.0 (compatible; SiteBot/0.1; +http://www.sitebot.org/robot/)"
213.186.122.3 - - [01/Apr/2011:21:45:33 +0200] "GET /livezilla/livezilla.php?template=lz_chat_frame.3.2.login.1.0& HTTP/1.1" 200 3689 "-" "Mozilla/5.0 (compatible; SiteBot/0.1; +http://www.sitebot.org/robot/)"
213.186.122.3 - - [01/Apr/2011:21:45:34 +0200] "GET /livezilla/livezilla.php?template=lz_chat_frame.3.2.login.2.0 HTTP/1.1" 200 361 "-" "Mozilla/5.0 (compatible; SiteBot/0.1; +http://www.sitebot.org/robot/)"
94.180.227.32 - - [01/Apr/2011:22:51:38 +0200] "GET / HTTP/1.1" 200 1244 "http://yandex.ru/yandsearch?text=Fragen+oder+Problemen+wenden" "Mozilla/4.0 (compatible; MSIE 8.0; Windows NT 5.1; Trident/4.0; InfoPath.1)"
8.11.2.10 - - [02/Apr/2011:02:05:19 +0200] "GET /robots.txt HTTP/1.1" 404 - "-" "ShopWiki/1.0 ( +http://www.shopwiki.com/wiki/Help:Bot)"
67.152.29.130 - - [02/Apr/2011:19:12:59 +0200] "GET /robots.txt HTTP/1.1" 404 - "-" "ShopWiki/1.0 ( +http://www.shopwiki.com/wiki/Help:Bot)"
66.249.72.102 - - [03/Apr/2011:03:50:30 +0200] "GET /robots.txt HTTP/1.1" 404 - "-" "Mozilla/5.0 (compatible; Googlebot/2.1; +http://www.google.com/bot.html)"
66.249.72.102 - - [03/Apr/2011:03:50:30 +0200] "GET /livezilla/livezilla.php HTTP/1.1" 200 90048 "-" "Mozilla/5.0 (compatible; Googlebot/2.1; +http://www.google.com/bot.html)"
66.249.72.102 - - [03/Apr/2011:08:13:08 +0200] "GET /robots.txt HTTP/1.1" 404 - "-" "Mozilla/5.0 (compatible; Googlebot/2.1; +http://www.google.com/bot.html)"
66.249.72.102 - - [03/Apr/2011:08:13:08 +0200] "GET /livezilla/livezilla.php?template=lz_chat_frame.1.0 HTTP/1.1" 200 344 "-" "Mozilla/5.0 (compatible; Googlebot/2.1; +http://www.google.com/bot.html)"
69.84.207.147 - - [03/Apr/2011:20:29:33 +0200] "GET /livezilla/server.php HTTP/1.1" 302 1722 "-" "Mozilla/4.0 (compatible; MSIE 7.0;Windows NT 5.1;.NET CLR 1.1.4322;.NET CLR 2.0.50727;.NET CLR 3.0.04506.30)"
66.249.72.102 - - [04/Apr/2011:04:26:25 +0200] "GET /robots.txt HTTP/1.1" 404 - "-" "Mozilla/5.0 (compatible; Googlebot/2.1; +http://www.google.com/bot.html)"
66.249.72.102 - - [04/Apr/2011:04:26:25 +0200] "GET / HTTP/1.1" 304 - "-" "Mozilla/5.0 (compatible; Googlebot/2.1; +http://www.google.com/bot.html)"
95.108.158.134 - - [04/Apr/2011:23:20:35 +0200] "GET /robots.txt HTTP/1.1" 404 - "-" "Mozilla/5.0 (compatible; YandexBot/3.0; +http://yandex.com/bots)"
209.51.162.219 - - [05/Apr/2011:00:55:32 +0200] "GET /robots.txt HTTP/1.1" 404 - "-" "ShopWiki/1.0 ( +http://www.shopwiki.com/wiki/Help:Bot)"
95.108.158.134 - - [05/Apr/2011:07:23:15 +0200] "GET / HTTP/1.1" 200 1244 "-" "Mozilla/5.0 (compatible; YandexBot/3.0; +http://yandex.com/bots)"
209.51.162.219 - - [05/Apr/2011:16:28:03 +0200] "GET /robots.txt HTTP/1.1" 404 - "-" "ShopWiki/1.0 ( +http://www.shopwiki.com/wiki/Help:Bot)"
213.186.122.3 - - [05/Apr/2011:19:11:28 +0200] "GET /robots.txt HTTP/1.1" 404 - "-" "Mozilla/5.0 (compatible; SiteBot/0.1; +http://www.sitebot.org/robot/)"
213.186.122.3 - - [05/Apr/2011:19:11:29 +0200] "GET /livezilla/livezilla.php?template=lz_chat_frame.3.2.login.0.0 HTTP/1.1" 200 1384 "-" "Mozilla/5.0 (compatible; SiteBot/0.1; +http://www.sitebot.org/robot/)"
213.186.122.3 - - [05/Apr/2011:19:11:30 +0200] "GET /livezilla/livezilla.php?template=lz_chat_frame.3.2.login.1.0& HTTP/1.1" 200 3689 "-" "Mozilla/5.0 (compatible; SiteBot/0.1; +http://www.sitebot.org/robot/)"
213.186.122.3 - - [05/Apr/2011:19:11:32 +0200] "GET /livezilla/livezilla.php?template=lz_chat_frame.3.2.login.2.0 HTTP/1.1" 200 361 "-" "Mozilla/5.0 (compatible; SiteBot/0.1; +http://www.sitebot.org/robot/)"
8.11.2.10 - - [06/Apr/2011:05:29:01 +0200] "GET /robots.txt HTTP/1.1" 404 - "-" "ShopWiki/1.0 ( +http://www.shopwiki.com/wiki/Help:Bot)"
82.166.163.10 - - [06/Apr/2011:21:15:30 +0200] "GET /livezilla/server.php?request=track&output=jscript&nse= HTTP/1.1" 302 1722 "http://www.f-m-shop.de/seiten/frame_froogle.cfm?kat=EINCHIP&nav=2&artnr=A__36234" "Mozilla/4.0 (compatible; MSIE 5.5; Windows NT 5.0)"
82.166.163.10 - - [06/Apr/2011:21:15:31 +0200] "GET /livezilla/server.php?request=track&output=jscript&nse=0.9265430601256546 HTTP/1.1" 302 1722 "http://www.f-m-shop.de/seiten/frame_froogle.cfm?kat=EINCHIP&nav=2&artnr=A__36234" "Mozilla/4.0 (compatible; MSIE 5.5; Windows NT 5.0)"
82.166.163.10 - - [06/Apr/2011:21:15:31 +0200] "GET /livezilla/server.php?request=track&output=jscript&nse=0.45721701243452373 HTTP/1.1" 302 1722 "http://www.f-m-shop.de/seiten/frame_froogle.cfm?kat=EINCHIP&nav=2&artnr=A__36234" "Mozilla/4.0 (compatible; MSIE 5.5; Windows NT 5.0)"
208.80.194.36 - - [06/Apr/2011:21:24:31 +0200] "GET / HTTP/1.0" 200 1244 "-" "Mozilla/4.0 (compatible; MSIE 7.0; Windows NT 5.1; {68E7FCB0-9C9D-42B6-8722-36579D0E78F2}; .NET CLR 1.1.4322)"
209.51.162.219 - - [07/Apr/2011:01:48:39 +0200] "GET /robots.txt HTTP/1.1" 404 - "-" "ShopWiki/1.0 ( +http://www.shopwiki.com/wiki/Help:Bot)"
209.51.162.219 - - [07/Apr/2011:10:25:10 +0200] "GET /robots.txt HTTP/1.1" 404 - "-" "ShopWiki/1.0 ( +http://www.shopwiki.com/wiki/Help:Bot)"
209.51.162.220 - - [07/Apr/2011:13:35:43 +0200] "GET /robots.txt HTTP/1.1" 404 - "-" "ShopWiki/1.0 ( +http://www.shopwiki.com/wiki/Help:Bot)"
66.249.72.102 - - [07/Apr/2011:19:04:18 +0200] "GET /robots.txt HTTP/1.1" 404 - "-" "Mozilla/5.0 (compatible; Googlebot/2.1; +http://www.google.com/bot.html)"
66.249.72.102 - - [07/Apr/2011:19:04:19 +0200] "GET /livezilla/server.php?request=track&output=jscript&nse= HTTP/1.1" 302 1722 "-" "Mozilla/5.0 (compatible; Googlebot/2.1; +http://www.google.com/bot.html)"
95.108.158.134 - - [07/Apr/2011:19:54:57 +0200] "GET /robots.txt HTTP/1.1" 404 - "-" "Mozilla/5.0 (compatible; YandexBot/3.0; +http://yandex.com/bots)"
213.186.122.3 - - [07/Apr/2011:20:52:42 +0200] "GET /robots.txt HTTP/1.1" 404 - "-" "Mozilla/5.0 (compatible; SiteBot/0.1; +http://www.sitebot.org/robot/)"
213.186.122.3 - - [07/Apr/2011:20:52:42 +0200] "GET /livezilla/\\ HTTP/1.1" 404 - "-" "Mozilla/5.0 (compatible; SiteBot/0.1; +http://www.sitebot.org/robot/)"
213.186.122.3 - - [07/Apr/2011:20:52:44 +0200] "GET /livezilla/livezilla.php HTTP/1.1" 200 90048 "-" "Mozilla/5.0 (compatible; SiteBot/0.1; +http://www.sitebot.org/robot/)"
213.186.122.3 - - [07/Apr/2011:20:52:45 +0200] "GET /livezilla/livezilla.php?template=lz_chat_frame.0.0 HTTP/1.1" 200 338 "-" "Mozilla/5.0 (compatible; SiteBot/0.1; +http://www.sitebot.org/robot/)"
213.186.122.3 - - [07/Apr/2011:20:52:46 +0200] "GET /livezilla/livezilla.php?template=lz_chat_frame.0.1 HTTP/1.1" 200 343 "-" "Mozilla/5.0 (compatible; SiteBot/0.1; +http://www.sitebot.org/robot/)"
213.186.122.3 - - [07/Apr/2011:20:52:47 +0200] "GET /livezilla/livezilla.php?template=lz_chat_frame.0.2 HTTP/1.1" 200 321 "-" "Mozilla/5.0 (compatible; SiteBot/0.1; +http://www.sitebot.org/robot/)"
213.186.122.3 - - [07/Apr/2011:20:52:48 +0200] "GET /livezilla/livezilla.php?template=lz_chat_frame.1.0 HTTP/1.1" 200 344 "-" "Mozilla/5.0 (compatible; SiteBot/0.1; +http://www.sitebot.org/robot/)"
213.186.122.3 - - [07/Apr/2011:20:52:50 +0200] "GET /livezilla/livezilla.php?template=lz_chat_frame.1.1& HTTP/1.1" 200 2385 "-" "Mozilla/5.0 (compatible; SiteBot/0.1; +http://www.sitebot.org/robot/)"
213.186.122.3 - - [07/Apr/2011:20:52:51 +0200] "GET /livezilla/livezilla.php?template=lz_chat_frame.1.2 HTTP/1.1" 200 345 "-" "Mozilla/5.0 (compatible; SiteBot/0.1; +http://www.sitebot.org/robot/)"
213.186.122.3 - - [07/Apr/2011:20:52:52 +0200] "GET /livezilla/livezilla.php?template=lz_chat_frame.2.0 HTTP/1.1" 200 344 "-" "Mozilla/5.0 (compatible; SiteBot/0.1; +http://www.sitebot.org/robot/)"
213.186.122.3 - - [07/Apr/2011:20:52:54 +0200] "GET /livezilla/livezilla.php?template=lz_chat_frame.2.2 HTTP/1.1" 200 345 "-" "Mozilla/5.0 (compatible; SiteBot/0.1; +http://www.sitebot.org/robot/)"
213.186.122.3 - - [07/Apr/2011:20:52:55 +0200] "GET /livezilla/livezilla.php?template=lz_chat_frame.3.0 HTTP/1.1" 200 321 "-" "Mozilla/5.0 (compatible; SiteBot/0.1; +http://www.sitebot.org/robot/)"
213.186.122.3 - - [07/Apr/2011:20:52:56 +0200] "GET /livezilla/livezilla.php?template=lz_chat_frame.3.2.login& HTTP/1.1" 200 1105 "-" "Mozilla/5.0 (compatible; SiteBot/0.1; +http://www.sitebot.org/robot/)"
213.186.122.3 - - [07/Apr/2011:20:52:58 +0200] "GET /livezilla/livezilla.php?template=lz_chat_frame.3.3 HTTP/1.1" 200 321 "-" "Mozilla/5.0 (compatible; SiteBot/0.1; +http://www.sitebot.org/robot/)"
213.186.122.3 - - [07/Apr/2011:20:52:59 +0200] "GET /livezilla/livezilla.php?template=lz_chat_frame.4.1 HTTP/1.1" 200 578 "-" "Mozilla/5.0 (compatible; SiteBot/0.1; +http://www.sitebot.org/robot/)"
213.186.122.3 - - [07/Apr/2011:20:53:00 +0200] "GET /livezilla/livezilla.php?template=lz_chat_frame.5.1 HTTP/1.1" 200 345 "-" "Mozilla/5.0 (compatible; SiteBot/0.1; +http://www.sitebot.org/robot/)"
95.108.158.134 - - [07/Apr/2011:23:12:59 +0200] "GET / HTTP/1.1" 200 1244 "-" "Mozilla/5.0 (compatible; YandexBot/3.0; +http://yandex.com/bots)"
95.108.158.134 - - [08/Apr/2011:03:00:53 +0200] "GET /livezilla/livezilla.php?template=lz_chat_frame.3.0 HTTP/1.1" 200 321 "-" "Mozilla/5.0 (compatible; YandexBot/3.0; +http://yandex.com/bots)"
95.108.158.134 - - [08/Apr/2011:06:00:29 +0200] "GET /livezilla/livezilla.php?template=lz_chat_frame.3.3 HTTP/1.1" 200 321 "-" "Mozilla/5.0 (compatible; YandexBot/3.0; +http://yandex.com/bots)"
95.108.158.134 - - [08/Apr/2011:10:29:39 +0200] "GET /livezilla/livezilla.php?template=lz_chat_frame.5.1 HTTP/1.1" 200 345 "-" "Mozilla/5.0 (compatible; YandexBot/3.0; +http://yandex.com/bots)"
95.108.158.134 - - [08/Apr/2011:11:17:07 +0200] "GET /livezilla/livezilla.php?template=lz_chat_frame.0.0 HTTP/1.1" 200 338 "-" "Mozilla/5.0 (compatible; YandexBot/3.0; +http://yandex.com/bots)"
8.11.2.10 - - [08/Apr/2011:13:38:52 +0200] "GET /robots.txt HTTP/1.1" 404 - "-" "ShopWiki/1.0 ( +http://www.shopwiki.com/wiki/Help:Bot)"
208.80.194.31 - - [08/Apr/2011:17:51:29 +0200] "GET / HTTP/1.0" 200 1244 "-" "Mozilla/4.0 (compatible; MSIE 7.0; Windows NT 6.0; WOW64; Comcast Install 1.0; SLCC1; .NET CLR 2.0.50727; .NET CLR 3.0.04506; .NET CLR 1.1.4322)"
8.11.2.9 - - [08/Apr/2011:22:33:20 +0200] "GET /robots.txt HTTP/1.1" 404 - "-" "ShopWiki/1.0 ( +http://www.shopwiki.com/wiki/Help:Bot)"
67.195.111.246 - - [08/Apr/2011:23:55:35 +0200] "GET /robots.txt HTTP/1.0" 404 - "-" "Mozilla/5.0 (compatible; Yahoo! Slurp; http://help.yahoo.com/help/us/ysearch/slurp)"
67.195.111.246 - - [08/Apr/2011:23:55:36 +0200] "GET /livezilla/livezilla.php HTTP/1.0" 200 90048 "-" "Mozilla/5.0 (compatible; Yahoo! Slurp; http://help.yahoo.com/help/us/ysearch/slurp)"
67.195.111.246 - - [08/Apr/2011:23:55:38 +0200] "GET /livezilla/templates/nojava.html HTTP/1.0" 200 1088 "-" "Mozilla/5.0 (compatible; Yahoo! Slurp; http://help.yahoo.com/help/us/ysearch/slurp)"
209.51.162.220 - - [09/Apr/2011:01:58:08 +0200] "GET /robots.txt HTTP/1.1" 404 - "-" "ShopWiki/1.0 ( +http://www.shopwiki.com/wiki/Help:Bot)"
207.174.113.34 - - [09/Apr/2011:02:44:34 +0200] "GET / HTTP/1.1" 200 1244 "-" "Java/1.6.0_20"
209.51.162.220 - - [09/Apr/2011:07:07:32 +0200] "GET /robots.txt HTTP/1.1" 404 - "-" "ShopWiki/1.0 ( +http://www.shopwiki.com/wiki/Help:Bot)"
209.51.162.220 - - [09/Apr/2011:12:50:46 +0200] "GET /robots.txt HTTP/1.1" 404 - "-" "ShopWiki/1.0 ( +http://www.shopwiki.com/wiki/Help:Bot)"
209.51.162.220 - - [09/Apr/2011:16:48:10 +0200] "GET /robots.txt HTTP/1.1" 404 - "-" "ShopWiki/1.0 ( +http://www.shopwiki.com/wiki/Help:Bot)"
213.186.122.3 - - [10/Apr/2011:06:29:56 +0200] "GET /robots.txt HTTP/1.1" 404 - "-" "Mozilla/5.0 (compatible; SiteBot/0.1; +http://www.sitebot.org/robot/)"
213.186.122.3 - - [10/Apr/2011:06:29:57 +0200] "GET /livezilla/livezilla.php HTTP/1.1" 200 90048 "-" "Mozilla/5.0 (compatible; SiteBot/0.1; +http://www.sitebot.org/robot/)"
208.80.194.31 - - [10/Apr/2011:13:48:37 +0200] "GET / HTTP/1.0" 200 1244 "-" "Mozilla/4.0 (compatible; MSIE 7.0; Windows NT 5.1; DigExt; MSN 8.0; MSN 8.5; MSNbMSNI; MSNmen-us; MSNcOTH)"
157.55.116.75 - - [10/Apr/2011:14:30:41 +0200] "GET /robots.txt HTTP/1.1" 404 - "-" "msnbot/2.0b (+http://search.msn.com/msnbot.htm)._"
157.55.116.75 - - [10/Apr/2011:14:30:41 +0200] "GET /livezilla/livezilla.php HTTP/1.1" 200 90048 "-" "msnbot/2.0b (+http://search.msn.com/msnbot.htm)._"
8.11.2.10 - - [10/Apr/2011:19:05:07 +0200] "GET /robots.txt HTTP/1.1" 404 - "-" "ShopWiki/1.0 ( +http://www.shopwiki.com/wiki/Help:Bot)"
207.174.113.34 - - [10/Apr/2011:20:22:31 +0200] "GET / HTTP/1.1" 200 1244 "-" "Java/1.6.0_20"
95.108.158.134 - - [10/Apr/2011:20:25:03 +0200] "GET /robots.txt HTTP/1.1" 404 - "-" "Mozilla/5.0 (compatible; YandexBot/3.0; +http://yandex.com/bots)"
95.108.158.134 - - [10/Apr/2011:21:22:18 +0200] "GET / HTTP/1.1" 200 1244 "-" "Mozilla/5.0 (compatible; YandexBot/3.0; +http://yandex.com/bots)"
209.51.162.219 - - [11/Apr/2011:16:56:31 +0200] "GET /robots.txt HTTP/1.1" 404 - "-" "ShopWiki/1.0 ( +http://www.shopwiki.com/wiki/Help:Bot)"
209.51.162.220 - - [11/Apr/2011:23:03:28 +0200] "GET /robots.txt HTTP/1.1" 404 - "-" "ShopWiki/1.0 ( +http://www.shopwiki.com/wiki/Help:Bot)"
8.11.2.10 - - [12/Apr/2011:02:37:57 +0200] "GET /robots.txt HTTP/1.1" 404 - "-" "ShopWiki/1.0 ( +http://www.shopwiki.com/wiki/Help:Bot)"
209.51.162.219 - - [12/Apr/2011:06:29:22 +0200] "GET /robots.txt HTTP/1.1" 404 - "-" "ShopWiki/1.0 ( +http://www.shopwiki.com/wiki/Help:Bot)"
208.80.194.28 - - [12/Apr/2011:09:52:30 +0200] "GET / HTTP/1.0" 200 1244 "-" "Mozilla/4.0 (compatible; MSIE 6.0; Windows NT 5.1; SV1; E-nrgyPlus; .NET CLR 1.1.4322)"
67.152.29.130 - - [12/Apr/2011:12:12:06 +0200] "GET /robots.txt HTTP/1.1" 404 - "-" "ShopWiki/1.0 ( +http://www.shopwiki.com/wiki/Help:Bot)"
67.152.29.130 - - [12/Apr/2011:21:23:27 +0200] "GET /robots.txt HTTP/1.1" 404 - "-" "ShopWiki/1.0 ( +http://www.shopwiki.com/wiki/Help:Bot)"
66.249.72.102 - - [12/Apr/2011:23:19:49 +0200] "GET /robots.txt HTTP/1.1" 404 - "-" "Mozilla/5.0 (compatible; Googlebot/2.1; +http://www.google.com/bot.html)"
66.249.72.102 - - [12/Apr/2011:23:19:49 +0200] "GET /livezilla/livezilla.php HTTP/1.1" 200 90048 "-" "Mozilla/5.0 (compatible; Googlebot/2.1; +http://www.google.com/bot.html)"
8.11.2.10 - - [13/Apr/2011:07:40:04 +0200] "GET /robots.txt HTTP/1.1" 404 - "-" "ShopWiki/1.0 ( +http://www.shopwiki.com/wiki/Help:Bot)"
66.249.72.102 - - [13/Apr/2011:09:54:12 +0200] "GET /livezilla/livezilla.php?template=lz_chat_frame.3.0 HTTP/1.1" 200 321 "-" "Mozilla/5.0 (compatible; Googlebot/2.1; +http://www.google.com/bot.html)"
209.51.162.219 - - [13/Apr/2011:19:04:17 +0200] "GET /robots.txt HTTP/1.1" 404 - "-" "ShopWiki/1.0 ( +http://www.shopwiki.com/wiki/Help:Bot)"
67.152.29.130 - - [13/Apr/2011:22:58:55 +0200] "GET /robots.txt HTTP/1.1" 404 - "-" "ShopWiki/1.0 ( +http://www.shopwiki.com/wiki/Help:Bot)"
208.80.194.34 - - [14/Apr/2011:06:23:20 +0200] "GET / HTTP/1.0" 200 1244 "-" "Mozilla/4.0 (compatible; MSIE 7.0; Windows NT 5.1; FunWebProducts-MyWay; .NET CLR 1.1.4322; FDM)"
8.11.2.10 - - [14/Apr/2011:06:39:57 +0200] "GET /robots.txt HTTP/1.1" 404 - "-" "ShopWiki/1.0 ( +http://www.shopwiki.com/wiki/Help:Bot)"
209.51.162.220 - - [14/Apr/2011:09:50:43 +0200] "GET /robots.txt HTTP/1.1" 404 - "-" "ShopWiki/1.0 ( +http://www.shopwiki.com/wiki/Help:Bot)"
213.186.122.3 - - [14/Apr/2011:10:22:47 +0200] "GET /robots.txt HTTP/1.1" 404 - "-" "Mozilla/5.0 (compatible; SiteBot/0.1; +http://www.sitebot.org/robot/)"
213.186.122.3 - - [14/Apr/2011:10:22:48 +0200] "GET /livezilla/livezilla.php HTTP/1.1" 200 90048 "-" "Mozilla/5.0 (compatible; SiteBot/0.1; +http://www.sitebot.org/robot/)"
213.186.122.3 - - [14/Apr/2011:10:22:49 +0200] "GET /livezilla/livezilla.php?template=lz_chat_frame.3.2.login.0.0 HTTP/1.1" 200 1384 "-" "Mozilla/5.0 (compatible; SiteBot/0.1; +http://www.sitebot.org/robot/)"
213.186.122.3 - - [14/Apr/2011:10:22:50 +0200] "GET /livezilla/livezilla.php?template=lz_chat_frame.3.2.login.1.0& HTTP/1.1" 200 3689 "-" "Mozilla/5.0 (compatible; SiteBot/0.1; +http://www.sitebot.org/robot/)"
213.186.122.3 - - [14/Apr/2011:10:22:51 +0200] "GET /livezilla/livezilla.php?template=lz_chat_frame.3.2.login.2.0 HTTP/1.1" 200 361 "-" "Mozilla/5.0 (compatible; SiteBot/0.1; +http://www.sitebot.org/robot/)"
66.249.72.102 - - [14/Apr/2011:13:51:19 +0200] "GET /robots.txt HTTP/1.1" 404 - "-" "Mozilla/5.0 (compatible; Googlebot/2.1; +http://www.google.com/bot.html)"
66.249.72.102 - - [14/Apr/2011:13:51:19 +0200] "GET /livezilla/livezilla.php?template=lz_chat_frame.0.0 HTTP/1.1" 200 338 "-" "Mozilla/5.0 (compatible; Googlebot/2.1; +http://www.google.com/bot.html)"
66.249.72.102 - - [14/Apr/2011:13:51:56 +0200] "GET /livezilla/livezilla.php?template=lz_chat_frame.2.2 HTTP/1.1" 200 345 "-" "Mozilla/5.0 (compatible; Googlebot/2.1; +http://www.google.com/bot.html)"
66.249.72.102 - - [14/Apr/2011:13:52:34 +0200] "GET /livezilla/livezilla.php?template=lz_chat_frame.2.0 HTTP/1.1" 200 344 "-" "Mozilla/5.0 (compatible; Googlebot/2.1; +http://www.google.com/bot.html)"
66.249.72.102 - - [14/Apr/2011:13:53:13 +0200] "GET /livezilla/livezilla.php?template=lz_chat_frame.1.2 HTTP/1.1" 200 345 "-" "Mozilla/5.0 (compatible; Googlebot/2.1; +http://www.google.com/bot.html)"
66.249.72.102 - - [14/Apr/2011:13:53:51 +0200] "GET /livezilla/livezilla.php?template=lz_chat_frame.0.2 HTTP/1.1" 200 321 "-" "Mozilla/5.0 (compatible; Googlebot/2.1; +http://www.google.com/bot.html)"
66.249.72.102 - - [14/Apr/2011:13:54:30 +0200] "GET /livezilla/livezilla.php?template=lz_chat_frame.4.1 HTTP/1.1" 200 578 "-" "Mozilla/5.0 (compatible; Googlebot/2.1; +http://www.google.com/bot.html)"
66.249.72.102 - - [14/Apr/2011:13:55:07 +0200] "GET /livezilla/livezilla.php?template=lz_chat_frame.5.1 HTTP/1.1" 200 345 "-" "Mozilla/5.0 (compatible; Googlebot/2.1; +http://www.google.com/bot.html)"
66.249.72.102 - - [14/Apr/2011:13:55:44 +0200] "GET /livezilla/livezilla.php?template=lz_chat_frame.0.1 HTTP/1.1" 200 343 "-" "Mozilla/5.0 (compatible; Googlebot/2.1; +http://www.google.com/bot.html)"
66.249.72.102 - - [14/Apr/2011:13:56:22 +0200] "GET /livezilla/livezilla.php?template=lz_chat_frame.1.0 HTTP/1.1" 200 344 "-" "Mozilla/5.0 (compatible; Googlebot/2.1; +http://www.google.com/bot.html)"
66.249.72.102 - - [14/Apr/2011:13:57:00 +0200] "GET /livezilla/livezilla.php?template=lz_chat_frame.3.0 HTTP/1.1" 200 321 "-" "Mozilla/5.0 (compatible; Googlebot/2.1; +http://www.google.com/bot.html)"
66.249.72.102 - - [14/Apr/2011:13:57:38 +0200] "GET /livezilla/livezilla.php?template=lz_chat_frame.3.3 HTTP/1.1" 200 321 "-" "Mozilla/5.0 (compatible; Googlebot/2.1; +http://www.google.com/bot.html)"
67.152.29.130 - - [14/Apr/2011:18:45:30 +0200] "GET /robots.txt HTTP/1.1" 404 - "-" "ShopWiki/1.0 ( +http://www.shopwiki.com/wiki/Help:Bot)"
67.152.29.130 - - [15/Apr/2011:01:33:50 +0200] "GET /robots.txt HTTP/1.1" 404 - "-" "ShopWiki/1.0 ( +http://www.shopwiki.com/wiki/Help:Bot)"
209.51.162.220 - - [16/Apr/2011:00:48:16 +0200] "GET /robots.txt HTTP/1.1" 404 - "-" "ShopWiki/1.0 ( +http://www.shopwiki.com/wiki/Help:Bot)"
95.108.158.134 - - [16/Apr/2011:01:33:06 +0200] "GET /robots.txt HTTP/1.1" 404 - "-" "Mozilla/5.0 (compatible; YandexBot/3.0; +http://yandex.com/bots)"
208.80.194.33 - - [16/Apr/2011:02:01:38 +0200] "GET / HTTP/1.0" 200 1244 "-" "Mozilla/4.0 (compatible; MSIE 7.0; Windows NT 5.1; TUCOWS; Q312461; .NET CLR 1.1.4322)"
95.108.158.134 - - [16/Apr/2011:06:24:13 +0200] "GET / HTTP/1.1" 200 1244 "-" "Mozilla/5.0 (compatible; YandexBot/3.0; +http://yandex.com/bots)"
209.51.162.220 - - [16/Apr/2011:06:25:45 +0200] "GET /robots.txt HTTP/1.1" 404 - "-" "ShopWiki/1.0 ( +http://www.shopwiki.com/wiki/Help:Bot)"
67.152.29.130 - - [16/Apr/2011:10:42:35 +0200] "GET /robots.txt HTTP/1.1" 404 - "-" "ShopWiki/1.0 ( +http://www.shopwiki.com/wiki/Help:Bot)"
8.11.2.10 - - [16/Apr/2011:14:30:06 +0200] "GET /robots.txt HTTP/1.1" 404 - "-" "ShopWiki/1.0 ( +http://www.shopwiki.com/wiki/Help:Bot)"
67.152.29.130 - - [16/Apr/2011:21:50:24 +0200] "GET /robots.txt HTTP/1.1" 404 - "-" "ShopWiki/1.0 ( +http://www.shopwiki.com/wiki/Help:Bot)"
209.51.162.219 - - [17/Apr/2011:04:48:35 +0200] "GET /robots.txt HTTP/1.1" 404 - "-" "ShopWiki/1.0 ( +http://www.shopwiki.com/wiki/Help:Bot)"
208.80.194.35 - - [17/Apr/2011:19:28:23 +0200] "GET / HTTP/1.0" 200 1244 "-" "Mozilla/4.0 (compatible; MSIE 6.0; Windows NT 5.1; SV1; .NET CLR 1.0.3705; .NET CLR 1.1.4322; Media Center PC 4.0; InfoPath.1; yplus 5.1.04b)"
213.186.122.3 - - [17/Apr/2011:20:28:51 +0200] "GET /robots.txt HTTP/1.1" 404 - "-" "Mozilla/5.0 (compatible; SiteBot/0.1; +http://www.sitebot.org/robot/)"
213.186.122.3 - - [17/Apr/2011:20:28:52 +0200] "GET /livezilla/livezilla.php HTTP/1.1" 200 90048 "-" "Mozilla/5.0 (compatible; SiteBot/0.1; +http://www.sitebot.org/robot/)"
213.186.122.3 - - [17/Apr/2011:20:28:53 +0200] "GET /livezilla/livezilla.php?template=lz_chat_frame.0.0 HTTP/1.1" 200 338 "-" "Mozilla/5.0 (compatible; SiteBot/0.1; +http://www.sitebot.org/robot/)"
213.186.122.3 - - [17/Apr/2011:20:28:54 +0200] "GET /livezilla/livezilla.php?template=lz_chat_frame.0.1 HTTP/1.1" 200 343 "-" "Mozilla/5.0 (compatible; SiteBot/0.1; +http://www.sitebot.org/robot/)"
213.186.122.3 - - [17/Apr/2011:20:28:55 +0200] "GET /livezilla/livezilla.php?template=lz_chat_frame.0.2 HTTP/1.1" 200 321 "-" "Mozilla/5.0 (compatible; SiteBot/0.1; +http://www.sitebot.org/robot/)"
213.186.122.3 - - [17/Apr/2011:20:28:56 +0200] "GET /livezilla/livezilla.php?template=lz_chat_frame.1.0 HTTP/1.1" 200 344 "-" "Mozilla/5.0 (compatible; SiteBot/0.1; +http://www.sitebot.org/robot/)"
213.186.122.3 - - [17/Apr/2011:20:28:57 +0200] "GET /livezilla/livezilla.php?template=lz_chat_frame.1.1& HTTP/1.1" 200 2385 "-" "Mozilla/5.0 (compatible; SiteBot/0.1; +http://www.sitebot.org/robot/)"
213.186.122.3 - - [17/Apr/2011:20:28:58 +0200] "GET /livezilla/livezilla.php?template=lz_chat_frame.1.2 HTTP/1.1" 200 345 "-" "Mozilla/5.0 (compatible; SiteBot/0.1; +http://www.sitebot.org/robot/)"
213.186.122.3 - - [17/Apr/2011:20:28:59 +0200] "GET /livezilla/livezilla.php?template=lz_chat_frame.2.0 HTTP/1.1" 200 344 "-" "Mozilla/5.0 (compatible; SiteBot/0.1; +http://www.sitebot.org/robot/)"
213.186.122.3 - - [17/Apr/2011:20:29:00 +0200] "GET /livezilla/livezilla.php?template=lz_chat_frame.2.2 HTTP/1.1" 200 345 "-" "Mozilla/5.0 (compatible; SiteBot/0.1; +http://www.sitebot.org/robot/)"
213.186.122.3 - - [17/Apr/2011:20:29:01 +0200] "GET /livezilla/livezilla.php?template=lz_chat_frame.3.0 HTTP/1.1" 200 321 "-" "Mozilla/5.0 (compatible; SiteBot/0.1; +http://www.sitebot.org/robot/)"
213.186.122.3 - - [17/Apr/2011:20:29:02 +0200] "GET /livezilla/livezilla.php?template=lz_chat_frame.3.2.chat HTTP/1.1" 200 2116 "-" "Mozilla/5.0 (compatible; SiteBot/0.1; +http://www.sitebot.org/robot/)"
213.186.122.3 - - [17/Apr/2011:20:29:03 +0200] "GET /livezilla/livezilla.php?template=lz_chat_frame.3.2.login& HTTP/1.1" 200 1105 "-" "Mozilla/5.0 (compatible; SiteBot/0.1; +http://www.sitebot.org/robot/)"
213.186.122.3 - - [17/Apr/2011:20:29:04 +0200] "GET /livezilla/livezilla.php?template=lz_chat_frame.3.3 HTTP/1.1" 200 321 "-" "Mozilla/5.0 (compatible; SiteBot/0.1; +http://www.sitebot.org/robot/)"
213.186.122.3 - - [17/Apr/2011:20:29:05 +0200] "GET /livezilla/livezilla.php?template=lz_chat_frame.4.1 HTTP/1.1" 200 578 "-" "Mozilla/5.0 (compatible; SiteBot/0.1; +http://www.sitebot.org/robot/)"
213.186.122.3 - - [17/Apr/2011:20:29:06 +0200] "GET /livezilla/livezilla.php?template=lz_chat_frame.5.1 HTTP/1.1" 200 345 "-" "Mozilla/5.0 (compatible; SiteBot/0.1; +http://www.sitebot.org/robot/)"
95.108.158.134 - - [17/Apr/2011:22:43:31 +0200] "GET /robots.txt HTTP/1.1" 404 - "-" "Mozilla/5.0 (compatible; YandexBot/3.0; +http://yandex.com/bots)"
95.108.158.134 - - [18/Apr/2011:02:14:16 +0200] "GET /livezilla/livezilla.php?template=lz_chat_frame.3.0 HTTP/1.1" 200 321 "-" "Mozilla/5.0 (compatible; YandexBot/3.0; +http://yandex.com/bots)"
8.11.2.10 - - [18/Apr/2011:15:21:04 +0200] "GET /robots.txt HTTP/1.1" 404 - "-" "ShopWiki/1.0 ( +http://www.shopwiki.com/wiki/Help:Bot)"
95.108.158.134 - - [18/Apr/2011:20:05:52 +0200] "GET /robots.txt HTTP/1.1" 404 - "-" "Mozilla/5.0 (compatible; YandexBot/3.0; +http://yandex.com/bots)"
95.108.158.134 - - [18/Apr/2011:20:05:55 +0200] "GET /livezilla/livezilla.php?template=lz_chat_frame.3.3 HTTP/1.1" 200 321 "-" "Mozilla/5.0 (compatible; YandexBot/3.0; +http://yandex.com/bots)"
95.108.158.134 - - [18/Apr/2011:20:05:58 +0200] "GET /livezilla/livezilla.php?template=lz_chat_frame.0.0 HTTP/1.1" 200 338 "-" "Mozilla/5.0 (compatible; YandexBot/3.0; +http://yandex.com/bots)"
95.108.158.134 - - [18/Apr/2011:20:06:00 +0200] "GET /livezilla/livezilla.php?template=lz_chat_frame.5.1 HTTP/1.1" 200 345 "-" "Mozilla/5.0 (compatible; YandexBot/3.0; +http://yandex.com/bots)"
67.152.29.130 - - [18/Apr/2011:21:16:41 +0200] "GET /robots.txt HTTP/1.1" 404 - "-" "ShopWiki/1.0 ( +http://www.shopwiki.com/wiki/Help:Bot)"
209.51.162.220 - - [19/Apr/2011:05:17:35 +0200] "GET /robots.txt HTTP/1.1" 404 - "-" "ShopWiki/1.0 ( +http://www.shopwiki.com/wiki/Help:Bot)"
67.195.37.190 - - [19/Apr/2011:05:57:39 +0200] "GET /robots.txt HTTP/1.0" 404 - "-" "Mozilla/5.0 (compatible; Yahoo! Slurp; http://help.yahoo.com/help/us/ysearch/slurp)"
67.195.37.190 - - [19/Apr/2011:05:57:40 +0200] "GET /livezilla/livezilla.php HTTP/1.0" 200 90048 "-" "Mozilla/5.0 (compatible; Yahoo! Slurp; http://help.yahoo.com/help/us/ysearch/slurp)"
67.195.37.190 - - [19/Apr/2011:05:57:41 +0200] "GET /livezilla/templates/nojava.html HTTP/1.0" 200 1088 "-" "Mozilla/5.0 (compatible; Yahoo! Slurp; http://help.yahoo.com/help/us/ysearch/slurp)"
67.152.29.130 - - [20/Apr/2011:06:51:56 +0200] "GET /robots.txt HTTP/1.1" 404 - "-" "ShopWiki/1.0 ( +http://www.shopwiki.com/wiki/Help:Bot)"
67.152.29.130 - - [20/Apr/2011:19:47:43 +0200] "GET /robots.txt HTTP/1.1" 404 - "-" "ShopWiki/1.0 ( +http://www.shopwiki.com/wiki/Help:Bot)"
213.186.122.3 - - [20/Apr/2011:20:14:26 +0200] "GET /robots.txt HTTP/1.1" 404 - "-" "Mozilla/5.0 (compatible; SiteBot/0.1; +http://www.sitebot.org/robot/)"
213.186.122.3 - - [20/Apr/2011:20:14:27 +0200] "GET /livezilla/livezilla.php HTTP/1.1" 200 90048 "-" "Mozilla/5.0 (compatible; SiteBot/0.1; +http://www.sitebot.org/robot/)"
213.186.122.3 - - [20/Apr/2011:20:14:28 +0200] "GET /livezilla/livezilla.php?template=lz_chat_frame.3.2.chat.0.0 HTTP/1.1" 200 3274 "-" "Mozilla/5.0 (compatible; SiteBot/0.1; +http://www.sitebot.org/robot/)"
213.186.122.3 - - [20/Apr/2011:20:14:29 +0200] "GET /livezilla/livezilla.php?template=lz_chat_frame.3.2.chat.1.0 HTTP/1.1" 200 1572 "-" "Mozilla/5.0 (compatible; SiteBot/0.1; +http://www.sitebot.org/robot/)"
213.186.122.3 - - [20/Apr/2011:20:14:30 +0200] "GET /livezilla/livezilla.php?template=lz_chat_frame.3.2.chat.2.0 HTTP/1.1" 200 5633 "-" "Mozilla/5.0 (compatible; SiteBot/0.1; +http://www.sitebot.org/robot/)"
213.186.122.3 - - [20/Apr/2011:20:14:31 +0200] "GET /livezilla/livezilla.php?template=lz_chat_frame.3.2.chat.3.0 HTTP/1.1" 200 2151 "-" "Mozilla/5.0 (compatible; SiteBot/0.1; +http://www.sitebot.org/robot/)"
213.186.122.3 - - [20/Apr/2011:20:14:32 +0200] "GET /livezilla/livezilla.php?template=lz_chat_frame.3.2.chat.3.1 HTTP/1.1" 200 277 "-" "Mozilla/5.0 (compatible; SiteBot/0.1; +http://www.sitebot.org/robot/)"
213.186.122.3 - - [20/Apr/2011:20:14:33 +0200] "GET /livezilla/livezilla.php?template=lz_chat_frame.3.2.chat.4.0 HTTP/1.1" 200 933 "-" "Mozilla/5.0 (compatible; SiteBot/0.1; +http://www.sitebot.org/robot/)"
213.186.122.3 - - [20/Apr/2011:20:14:34 +0200] "GET /livezilla/livezilla.php?template=lz_chat_frame.3.2.chat.5.0 HTTP/1.1" 200 1438 "-" "Mozilla/5.0 (compatible; SiteBot/0.1; +http://www.sitebot.org/robot/)"
95.24.104.91 - - [20/Apr/2011:21:54:29 +0200] "GET / HTTP/1.1" 200 1244 "http://yandex.ru/yandsearch?text=Fragen+oder+Problemen+wenden" "Mozilla/4.0 (compatible; MSIE 8.0; Windows NT 5.1; Trident/4.0; InfoPath.1)"
209.51.162.220 - - [21/Apr/2011:00:22:52 +0200] "GET /robots.txt HTTP/1.1" 404 - "-" "ShopWiki/1.0 ( +http://www.shopwiki.com/wiki/Help:Bot)"
67.152.29.130 - - [21/Apr/2011:04:20:05 +0200] "GET /robots.txt HTTP/1.1" 404 - "-" "ShopWiki/1.0 ( +http://www.shopwiki.com/wiki/Help:Bot)"
208.80.194.28 - - [21/Apr/2011:08:34:46 +0200] "GET / HTTP/1.0" 200 1244 "-" "Mozilla/4.0 (compatible; MSIE 7.0; Windows NT 6.0; SV1; SLCC1; .NET CLR 2.0.50727; .NET CLR 3.0.04506; .NET CLR 1.1.4322; Zango 10.0.370.0)"
8.11.2.10 - - [21/Apr/2011:15:22:52 +0200] "GET /robots.txt HTTP/1.1" 404 - "-" "ShopWiki/1.0 ( +http://www.shopwiki.com/wiki/Help:Bot)"
66.249.72.102 - - [21/Apr/2011:16:00:08 +0200] "GET /robots.txt HTTP/1.1" 404 - "-" "Googlebot-Image/1.0"
66.249.72.102 - - [21/Apr/2011:16:00:08 +0200] "GET /livezilla/intern_images/nopic.jpg HTTP/1.1" 304 - "-" "Googlebot-Image/1.0"
66.249.72.102 - - [21/Apr/2011:21:39:26 +0200] "GET /robots.txt HTTP/1.1" 404 - "-" "Googlebot-Image/1.0"
66.249.72.102 - - [21/Apr/2011:21:39:26 +0200] "GET /livezilla/images/button_close.gif HTTP/1.1" 304 - "-" "Googlebot-Image/1.0"
209.51.162.219 - - [22/Apr/2011:00:04:13 +0200] "GET /robots.txt HTTP/1.1" 404 - "-" "ShopWiki/1.0 ( +http://www.shopwiki.com/wiki/Help:Bot)"
95.108.158.134 - - [22/Apr/2011:03:03:27 +0200] "GET /robots.txt HTTP/1.1" 404 - "-" "Mozilla/5.0 (compatible; YandexBot/3.0; +http://yandex.com/bots)"
66.249.72.102 - - [22/Apr/2011:03:21:05 +0200] "GET /robots.txt HTTP/1.1" 404 - "-" "Googlebot-Image/1.0"
66.249.72.102 - - [22/Apr/2011:03:21:05 +0200] "GET /livezilla/images/button_fav.gif HTTP/1.1" 304 - "-" "Googlebot-Image/1.0"
95.108.158.134 - - [22/Apr/2011:08:14:42 +0200] "GET / HTTP/1.1" 200 1244 "-" "Mozilla/5.0 (compatible; YandexBot/3.0; +http://yandex.com/bots)"
66.249.72.102 - - [22/Apr/2011:09:05:47 +0200] "GET /livezilla/images/lz_header.gif HTTP/1.1" 304 - "-" "Googlebot-Image/1.0"
209.51.162.219 - - [22/Apr/2011:18:58:07 +0200] "GET /robots.txt HTTP/1.1" 404 - "-" "ShopWiki/1.0 ( +http://www.shopwiki.com/wiki/Help:Bot)"
67.152.29.130 - - [23/Apr/2011:01:16:23 +0200] "GET /robots.txt HTTP/1.1" 404 - "-" "ShopWiki/1.0 ( +http://www.shopwiki.com/wiki/Help:Bot)"
208.80.194.31 - - [23/Apr/2011:03:18:28 +0200] "GET / HTTP/1.0" 200 1244 "-" "Mozilla/4.0 (compatible; MSIE 6.0; Windows NT 5.1; SV1; InfoPath.1; .NET CLR 1.1.4322; Crazy Browser 3.0.0 Beta2)"
67.152.29.130 - - [23/Apr/2011:10:33:16 +0200] "GET /robots.txt HTTP/1.1" 404 - "-" "ShopWiki/1.0 ( +http://www.shopwiki.com/wiki/Help:Bot)"
157.55.116.75 - - [23/Apr/2011:10:44:49 +0200] "GET /robots.txt HTTP/1.1" 404 - "-" "msnbot/2.0b (+http://search.msn.com/msnbot.htm)._"
157.55.116.75 - - [23/Apr/2011:10:44:50 +0200] "GET /livezilla/livezilla.php HTTP/1.1" 200 90048 "-" "msnbot/2.0b (+http://search.msn.com/msnbot.htm)._"
213.186.122.3 - - [23/Apr/2011:16:28:37 +0200] "GET /robots.txt HTTP/1.1" 404 - "-" "Mozilla/5.0 (compatible; SiteBot/0.1; +http://www.sitebot.org/robot/)"
213.186.122.3 - - [23/Apr/2011:16:28:38 +0200] "GET /livezilla/livezilla.php?template=lz_chat_frame.3.2.chat.0.0 HTTP/1.1" 200 3274 "-" "Mozilla/5.0 (compatible; SiteBot/0.1; +http://www.sitebot.org/robot/)"
213.186.122.3 - - [23/Apr/2011:16:28:39 +0200] "GET /livezilla/livezilla.php?template=lz_chat_frame.3.2.chat.3.0 HTTP/1.1" 200 2151 "-" "Mozilla/5.0 (compatible; SiteBot/0.1; +http://www.sitebot.org/robot/)"
213.186.122.3 - - [23/Apr/2011:16:28:40 +0200] "GET /livezilla/livezilla.php?template=lz_chat_frame.3.2.chat.4.0 HTTP/1.1" 200 933 "-" "Mozilla/5.0 (compatible; SiteBot/0.1; +http://www.sitebot.org/robot/)"
209.51.162.219 - - [24/Apr/2011:05:50:27 +0200] "GET /robots.txt HTTP/1.1" 404 - "-" "ShopWiki/1.0 ( +http://www.shopwiki.com/wiki/Help:Bot)"
66.249.72.102 - - [24/Apr/2011:12:12:41 +0200] "GET /robots.txt HTTP/1.1" 404 - "-" "Mozilla/5.0 (compatible; Googlebot/2.1; +http://www.google.com/bot.html)"
66.249.72.102 - - [24/Apr/2011:12:12:41 +0200] "GET / HTTP/1.1" 304 - "-" "Mozilla/5.0 (compatible; Googlebot/2.1; +http://www.google.com/bot.html)"
208.80.194.33 - - [24/Apr/2011:22:12:18 +0200] "GET / HTTP/1.0" 200 1244 "-" "Mozilla/4.0 (compatible; MSIE 7.0; Windows NT 5.1; {62AC8B44-3A61-44CD-BB5A-518625EF4DA5}; .NET CLR 1.1.4322)"
66.249.72.102 - - [25/Apr/2011:07:41:18 +0200] "GET /robots.txt HTTP/1.1" 404 - "-" "Mozilla/5.0 (compatible; Googlebot/2.1; +http://www.google.com/bot.html)"
66.249.72.102 - - [25/Apr/2011:07:41:18 +0200] "GET /livezilla/livezilla.php HTTP/1.1" 200 90048 "-" "Mozilla/5.0 (compatible; Googlebot/2.1; +http://www.google.com/bot.html)"
66.249.72.102 - - [25/Apr/2011:07:44:43 +0200] "GET /livezilla/livezilla.php?template=lz_chat_frame.0.1 HTTP/1.1" 200 343 "-" "Mozilla/5.0 (compatible; Googlebot/2.1; +http://www.google.com/bot.html)"
209.51.162.220 - - [25/Apr/2011:11:51:25 +0200] "GET /robots.txt HTTP/1.1" 404 - "-" "ShopWiki/1.0 ( +http://www.shopwiki.com/wiki/Help:Bot)"
8.11.2.10 - - [25/Apr/2011:15:10:23 +0200] "GET /robots.txt HTTP/1.1" 404 - "-" "ShopWiki/1.0 ( +http://www.shopwiki.com/wiki/Help:Bot)"
208.80.194.35 - - [26/Apr/2011:17:22:50 +0200] "GET / HTTP/1.0" 200 1244 "-" "Mozilla/4.0 (compatible; MSIE 6.0; Windows NT 5.1; Wanadoo cable; .NET CLR 1.1.4322)"
209.51.162.220 - - [26/Apr/2011:21:45:44 +0200] "GET /robots.txt HTTP/1.1" 404 - "-" "ShopWiki/1.0 ( +http://www.shopwiki.com/wiki/Help:Bot)"
67.195.37.190 - - [27/Apr/2011:01:42:02 +0200] "GET /robots.txt HTTP/1.0" 404 - "-" "Mozilla/5.0 (compatible; Yahoo! Slurp; http://help.yahoo.com/help/us/ysearch/slurp)"
67.195.37.190 - - [27/Apr/2011:01:42:02 +0200] "GET /livezilla/livezilla.php HTTP/1.0" 200 90048 "-" "Mozilla/5.0 (compatible; Yahoo! Slurp; http://help.yahoo.com/help/us/ysearch/slurp)"
67.195.37.190 - - [27/Apr/2011:01:42:04 +0200] "GET /livezilla/templates/nojava.html HTTP/1.0" 200 1088 "-" "Mozilla/5.0 (compatible; Yahoo! Slurp; http://help.yahoo.com/help/us/ysearch/slurp)"
8.11.2.10 - - [27/Apr/2011:04:34:06 +0200] "GET /robots.txt HTTP/1.1" 404 - "-" "ShopWiki/1.0 ( +http://www.shopwiki.com/wiki/Help:Bot)"
66.249.72.102 - - [27/Apr/2011:10:44:50 +0200] "GET /robots.txt HTTP/1.1" 404 - "-" "Mozilla/5.0 (compatible; Googlebot/2.1; +http://www.google.com/bot.html)"
66.249.72.102 - - [27/Apr/2011:10:44:50 +0200] "GET /livezilla/livezilla.php?template=lz_chat_frame.0.2 HTTP/1.1" 200 321 "-" "Mozilla/5.0 (compatible; Googlebot/2.1; +http://www.google.com/bot.html)"
209.51.162.219 - - [27/Apr/2011:11:29:05 +0200] "GET /robots.txt HTTP/1.1" 404 - "-" "ShopWiki/1.0 ( +http://www.shopwiki.com/wiki/Help:Bot)"
67.152.29.130 - - [27/Apr/2011:23:11:31 +0200] "GET /robots.txt HTTP/1.1" 404 - "-" "ShopWiki/1.0 ( +http://www.shopwiki.com/wiki/Help:Bot)"
209.51.162.219 - - [28/Apr/2011:03:58:13 +0200] "GET /robots.txt HTTP/1.1" 404 - "-" "ShopWiki/1.0 ( +http://www.shopwiki.com/wiki/Help:Bot)"
208.80.194.35 - - [28/Apr/2011:12:46:16 +0200] "GET / HTTP/1.0" 200 1244 "-" "Mozilla/4.0 (compatible; MSIE 6.0; Windows NT 5.1; Avant Browser; Avant Browser; MEGAUPLOAD 1.0)"
209.51.162.219 - - [28/Apr/2011:14:03:40 +0200] "GET /robots.txt HTTP/1.1" 404 - "-" "ShopWiki/1.0 ( +http://www.shopwiki.com/wiki/Help:Bot)"
66.249.72.102 - - [28/Apr/2011:14:42:28 +0200] "GET /robots.txt HTTP/1.1" 404 - "-" "Mozilla/5.0 (compatible; Googlebot/2.1; +http://www.google.com/bot.html)"
66.249.72.102 - - [28/Apr/2011:14:42:28 +0200] "GET /livezilla/livezilla.php?template=lz_chat_frame.2.2 HTTP/1.1" 200 345 "-" "Mozilla/5.0 (compatible; Googlebot/2.1; +http://www.google.com/bot.html)"
66.249.72.102 - - [28/Apr/2011:14:45:42 +0200] "GET /livezilla/livezilla.php?template=lz_chat_frame.0.0 HTTP/1.1" 200 338 "-" "Mozilla/5.0 (compatible; Googlebot/2.1; +http://www.google.com/bot.html)"
66.249.72.102 - - [28/Apr/2011:17:30:02 +0200] "GET /livezilla/livezilla.php?template=lz_chat_frame.1.2 HTTP/1.1" 200 345 "-" "Mozilla/5.0 (compatible; Googlebot/2.1; +http://www.google.com/bot.html)"
213.186.122.3 - - [28/Apr/2011:17:36:21 +0200] "GET /robots.txt HTTP/1.1" 404 - "-" "Mozilla/5.0 (compatible; SiteBot/0.1; +http://www.sitebot.org/robot/)"
213.186.122.3 - - [28/Apr/2011:17:36:22 +0200] "GET /livezilla/livezilla.php?template=lz_chat_frame.3.2.chat.1.0&file=true HTTP/1.1" 200 1598 "-" "Mozilla/5.0 (compatible; SiteBot/0.1; +http://www.sitebot.org/robot/)"
95.108.158.134 - - [28/Apr/2011:20:51:37 +0200] "GET /robots.txt HTTP/1.1" 404 - "-" "Mozilla/5.0 (compatible; YandexBot/3.0; +http://yandex.com/bots)"
95.108.158.134 - - [28/Apr/2011:20:51:40 +0200] "GET / HTTP/1.1" 200 1244 "-" "Mozilla/5.0 (compatible; YandexBot/3.0; +http://yandex.com/bots)"
67.152.29.130 - - [28/Apr/2011:21:34:27 +0200] "GET /robots.txt HTTP/1.1" 404 - "-" "ShopWiki/1.0 ( +http://www.shopwiki.com/wiki/Help:Bot)"
8.11.2.9 - - [29/Apr/2011:03:15:02 +0200] "GET /robots.txt HTTP/1.1" 404 - "-" "ShopWiki/1.0 ( +http://www.shopwiki.com/wiki/Help:Bot)"
67.152.29.130 - - [30/Apr/2011:06:20:27 +0200] "GET /robots.txt HTTP/1.1" 404 - "-" "ShopWiki/1.0 ( +http://www.shopwiki.com/wiki/Help:Bot)"
208.80.194.37 - - [30/Apr/2011:08:59:16 +0200] "GET / HTTP/1.0" 200 1244 "-" "Mozilla/4.0 (compatible; MSIE 7.0; America Online Browser 1.1; rev1.2; Windows NT 5.1; .NET CLR 1.1.4322; Windows-Media-Player/10.00.00.3990)"