192.168.10.10 - - [01/Feb/2010:15:30:11 +0100] "POST /livezilla/server.php?acid=db1f8 HTTP/1.1" 200 - "-" "LiveZilla 3.1.7.7 [http://www.livezilla.net]"
192.168.10.13 - - [01/Feb/2010:15:30:15 +0100] "POST /livezilla/server.php?acid=774f2 HTTP/1.1" 200 - "-" "LiveZilla 3.1.7.7 [http://www.livezilla.net]"
213.182.110.17 - - [01/Feb/2010:15:31:24 +0100] "GET /livezilla/image.php?id=04 HTTP/1.1" 200 7276 "http://www.f-m-shop.de/seiten/prod_detail_neuer.cfm?kat=GRA1GBX&nav=2&artnr=A%20%2031460" "Mozilla/5.0 (Windows; U; Windows NT 5.1; de; rv:1.9.1.7) Gecko/20091221 Firefox/3.5.7 (.NET CLR 3.5.30729)"
193.26.47.75 - - [01/Feb/2010:15:31:30 +0100] "GET /livezilla/image.php?id=04 HTTP/1.1" 200 7276 "-" "Mozilla/4.0 (compatible;)"
85.179.164.176 - - [01/Feb/2010:15:31:40 +0100] "GET /livezilla/image.php?id=04 HTTP/1.1" 200 7276 "http://www.f-m-shop.de/seiten/prod_detail_neuer.cfm?kat=MONT24&nav=2&artnr=A%20%2025677" "Mozilla/5.0 (Windows; U; Windows NT 5.1; de; rv:1.8.1.15) Gecko/20080623 Firefox/2.0.0.15"
134.76.124.179 - - [01/Feb/2010:15:31:41 +0100] "GET /livezilla/image.php?id=04 HTTP/1.0" 200 7276 "http://www.f-m-shop.de/seiten/prod_detail_neuer.cfm?kat=LFWBRRW&nav=2&artnr=A 30435" "Mozilla/4.0 (compatible; MSIE 8.0; Windows NT 5.1; Trident/4.0; InfoPath.1; .NET CLR 2.0.50727; .NET CLR 3.0.4506.2152; .NET CLR 3.5.30729)"
192.168.10.10 - - [01/Feb/2010:15:30:59 +0100] "POST /livezilla/server.php?acid=d2321 HTTP/1.1" 200 - "-" "LiveZilla 3.1.7.7 [http://www.livezilla.net]"
192.168.10.13 - - [01/Feb/2010:15:31:04 +0100] "POST /livezilla/server.php?acid=46ee9 HTTP/1.1" 200 - "-" "LiveZilla 3.1.7.7 [http://www.livezilla.net]"
84.133.212.29 - - [01/Feb/2010:15:32:14 +0100] "GET /livezilla/image.php?id=04 HTTP/1.1" 200 7276 "http://www.f-m-shop.de/seiten/prod_detail_neuer.cfm?kat=GRA1GBX&nav=2&artnr=A 31460" "Mozilla/4.0 (compatible; MSIE 7.0; Windows NT 6.0; SLCC1; .NET CLR 2.0.50727; Media Center PC 5.0; .NET CLR 3.0.30618; InfoPath.1; .NET CLR 3.5.30729)"
192.168.10.10 - - [01/Feb/2010:15:31:48 +0100] "POST /livezilla/server.php?acid=31b8b HTTP/1.1" 200 - "-" "LiveZilla 3.1.7.7 [http://www.livezilla.net]"
77.22.159.40 - - [01/Feb/2010:15:32:32 +0100] "GET /livezilla/image.php?id=04 HTTP/1.1" 200 7276 "http://www.f-m-shop.de/seiten/prod_detail_neuer.cfm?kat=XPOSTEN&nav=2&artnr=A%20%2023074" "Mozilla/5.0 (Windows; U; Windows NT 5.1; en-US) AppleWebKit/532.0 (KHTML, like Gecko) Chrome/3.0.195.38 Safari/532.0"
91.58.114.249 - - [01/Feb/2010:15:32:33 +0100] "GET /livezilla/image.php?id=04 HTTP/1.1" 200 7276 "http://www.f-m-shop.de/seiten/prod_detail_neuer.cfm?kat=GRA1GBX&nav=2&artnr=A%20%2029639" "Mozilla/5.0 (Windows; U; Windows NT 5.1; de; rv:1.9.0.6) Gecko/2009011913 Firefox/3.0.6 (.NET CLR 3.5.30729)"
192.168.10.13 - - [01/Feb/2010:15:31:52 +0100] "POST /livezilla/server.php?acid=4f26c HTTP/1.1" 200 - "-" "LiveZilla 3.1.7.7 [http://www.livezilla.net]"
193.26.47.75 - - [01/Feb/2010:15:33:06 +0100] "GET /livezilla/image.php?id=04 HTTP/1.1" 200 7276 "http://www.f-m-shop.de/seiten/prod_detail_neuer.cfm?kat=GRA1GBX&nav=2&artnr=A%20%2029639" "Mozilla/5.0 (Windows; U; Windows NT 5.1; de; rv:1.9b4) Gecko/2008030714 Firefox/3.0b4"
87.236.105.23 - - [01/Feb/2010:15:33:16 +0100] "GET /livezilla/image.php?id=04 HTTP/1.1" 200 7276 "-" "Mozilla/4.0 (compatible;)"
87.236.105.23 - - [01/Feb/2010:15:33:17 +0100] "GET /livezilla/image.php?id=04 HTTP/1.1" 200 7276 "http://www.f-m-shop.de/seiten/prod_detail_neuer.cfm?kat=NOTZBH&nav=2&artnr=A 24128" "Mozilla/4.0 (compatible; MSIE 7.0; Windows NT 5.1; .NET CLR 1.1.4322; .NET CLR 2.0.50727; .NET CLR 3.0.04506.648; .NET CLR 3.5.21022; MS-RTC LM 8; .NET CLR 3.0.4506.2152; .NET CLR 3.5.30729)"
192.168.10.10 - - [01/Feb/2010:15:32:36 +0100] "POST /livezilla/server.php?acid=30f67 HTTP/1.1" 200 - "-" "LiveZilla 3.1.7.7 [http://www.livezilla.net]"
192.168.10.13 - - [01/Feb/2010:15:32:40 +0100] "POST /livezilla/server.php?acid=f9b42 HTTP/1.1" 200 - "-" "LiveZilla 3.1.7.7 [http://www.livezilla.net]"
62.224.76.101 - - [01/Feb/2010:15:33:39 +0100] "GET /livezilla/image.php?id=04 HTTP/1.1" 200 7276 "http://www.f-m-shop.de/seiten/prod_detail_neuer.cfm?kat=GRA1GBX&nav=2&artnr=A 31460" "Mozilla/4.0 (compatible; MSIE 8.0; Windows NT 6.1; WOW64; Trident/4.0; SLCC2; .NET CLR 2.0.50727; .NET CLR 3.5.30729; .NET CLR 3.0.30729; Creative AutoUpdate v1.40.01)"
94.217.207.106 - - [01/Feb/2010:15:33:45 +0100] "GET /livezilla/image.php?id=04 HTTP/1.1" 200 7276 "http://www.f-m-shop.de/seiten/prod_detail_neuer.cfm?kat=GRA1GBX&nav=2&artnr=A 31460" "Mozilla/4.0 (compatible; MSIE 8.0; Windows NT 6.1; WOW64; Trident/4.0; SLCC2; .NET CLR 2.0.50727; .NET CLR 3.5.30729; .NET CLR 3.0.30729; Media Center PC 6.0)"
212.95.101.33 - - [01/Feb/2010:15:33:47 +0100] "GET /livezilla/image.php?id=04 HTTP/1.1" 200 7276 "http://www.f-m-shop.de/seiten/prod_detail_neuer.cfm?kat=GRA1GBX&nav=2&artnr=A%20%2031460" "Mozilla/5.0 (Windows; U; Windows NT 5.2; de; rv:1.9.1.7) Gecko/20091221 Firefox/3.5.7"
95.117.154.234 - - [01/Feb/2010:15:34:02 +0100] "GET /livezilla/image.php?id=04 HTTP/1.1" 200 7276 "http://www.f-m-shop.de/seiten/prod_detail_neuer.cfm?kat=GRA1GBX&nav=2&artnr=A%20%2029639" "Mozilla/5.0 (Windows; U; Windows NT 6.1; de; rv:1.9.1.7) Gecko/20091221 Firefox/3.5.7"
80.226.31.0 - - [01/Feb/2010:15:34:03 +0100] "GET /livezilla/image.php?id=04 HTTP/1.1" 200 7276 "http://www.f-m-shop.de/seiten/prod_detail_neuer.cfm?kat=MONT22&nav=2&artnr=A%20%2025192" "Mozilla/5.0 (Macintosh; U; Intel Mac OS X 10_5_8; de-de) AppleWebKit/531.21.8 (KHTML, like Gecko) Version/4.0.4 Safari/531.21.10"
192.168.10.10 - - [01/Feb/2010:15:33:24 +0100] "POST /livezilla/server.php?acid=386f8 HTTP/1.1" 200 - "-" "LiveZilla 3.1.7.7 [http://www.livezilla.net]"
141.91.129.5 - - [01/Feb/2010:15:34:10 +0100] "GET /livezilla/image.php?id=04 HTTP/1.0" 200 7276 "http://www.f-m-shop.de/seiten/prod_detail_neuer.cfm?kat=PCSPIELE&nav=2&artnr=A 15919" "Mozilla/4.0 (compatible; MSIE 6.0; Windows NT 5.2; SV1; .NET CLR 1.1.4322; .NET CLR 2.0.50727)"
192.168.10.13 - - [01/Feb/2010:15:33:29 +0100] "POST /livezilla/server.php?acid=be4ab HTTP/1.1" 200 - "-" "LiveZilla 3.1.7.7 [http://www.livezilla.net]"
141.91.129.5 - - [01/Feb/2010:15:34:16 +0100] "GET /livezilla/image.php?id=04 HTTP/1.0" 200 7276 "http://www.f-m-shop.de/seiten/prod_detail_neuer.cfm?kat=PCSPIELE&nav=2&artnr=A 15919" "Mozilla/4.0 (compatible; MSIE 6.0; Windows NT 5.2; SV1; .NET CLR 1.1.4322; .NET CLR 2.0.50727)"
141.91.129.5 - - [01/Feb/2010:15:34:18 +0100] "GET /livezilla/image.php?id=04 HTTP/1.0" 200 7276 "http://www.f-m-shop.de/seiten/prod_detail_neuer.cfm?kat=PCSPIELE&nav=2&artnr=A 15919" "Mozilla/4.0 (compatible; MSIE 6.0; Windows NT 5.2; SV1; .NET CLR 1.1.4322; .NET CLR 2.0.50727)"
88.76.141.206 - - [01/Feb/2010:15:34:26 +0100] "GET /livezilla/image.php?id=04 HTTP/1.1" 200 7276 "-" "Mozilla/5.0 (Windows; U; Windows NT 5.1; en-US; rv:1.9.0.16) Gecko/2009120208 Firefox/3.0.16 (.NET CLR 3.5.30729)"
217.6.95.140 - - [01/Feb/2010:15:34:34 +0100] "GET /livezilla/image.php?id=04 HTTP/1.1" 200 7276 "http://www.f-m-shop.de/seiten/prod_detail_neuer.cfm?kat=NAVMOD&nav=2&artnr=A 30535" "Mozilla/4.0 (compatible; MSIE 6.0; Windows NT 5.1; SV1; .NET CLR 1.1.4322; .NET CLR 2.0.50727; InfoPath.1; .NET CLR 3.0.4506.2152; .NET CLR 3.5.30729)"
84.172.121.15 - - [01/Feb/2010:15:34:50 +0100] "GET /livezilla/image.php?id=04 HTTP/1.1" 200 7276 "http://www.f-m-shop.de/seiten/prod_detail_neuer.cfm?kat=NOTB16&nav=2&artnr=A%20%2031748" "Mozilla/5.0 (Macintosh; U; Intel Mac OS X 10_6_2; de-de) AppleWebKit/531.21.8 (KHTML, like Gecko) Version/4.0.4 Safari/531.21.10"
192.168.10.10 - - [01/Feb/2010:15:34:13 +0100] "POST /livezilla/server.php?acid=90904 HTTP/1.1" 200 - "-" "LiveZilla 3.1.7.7 [http://www.livezilla.net]"
192.168.10.13 - - [01/Feb/2010:15:34:17 +0100] "POST /livezilla/server.php?acid=b39e5 HTTP/1.1" 200 - "-" "LiveZilla 3.1.7.7 [http://www.livezilla.net]"
91.67.174.134 - - [01/Feb/2010:15:35:06 +0100] "GET /livezilla/image.php?id=04 HTTP/1.1" 200 7276 "http://www.f-m-shop.de/seiten/prod_detail_neuer.cfm?name=HDD%20SATA%2D1%2E0TB%20WD1002FBYS%207200rpm%2032MB&artnr=A%20%2025669&nav=2&kat=HDDSATA" "Mozilla/5.0 (Macintosh; U; Intel Mac OS X 10_6_2; de-de) AppleWebKit/531.21.8 (KHTML, like Gecko) Version/4.0.4 Safari/531.21.10"
91.67.174.134 - - [01/Feb/2010:15:35:12 +0100] "GET /livezilla/image.php?id=04 HTTP/1.1" 200 7276 "http://www.f-m-shop.de/seiten/prod_detail_neuer.cfm?name=HDD%20SATA-1.0TB%20WD1002FBYS%207200rpm%2032MB&artnr=A%20%2025669&nav=2&kat=HDDSATA" "Mozilla/5.0 (Macintosh; U; Intel Mac OS X 10_6_2; de-de) AppleWebKit/531.21.8 (KHTML, like Gecko) Version/4.0.4 Safari/531.21.10"
192.168.10.10 - - [01/Feb/2010:15:35:01 +0100] "POST /livezilla/server.php?acid=00980 HTTP/1.1" 200 - "-" "LiveZilla 3.1.7.7 [http://www.livezilla.net]"
192.168.10.13 - - [01/Feb/2010:15:35:05 +0100] "POST /livezilla/server.php?acid=451a4 HTTP/1.1" 200 - "-" "LiveZilla 3.1.7.7 [http://www.livezilla.net]"
79.216.118.209 - - [01/Feb/2010:15:35:50 +0100] "GET /livezilla/image.php?id=04 HTTP/1.1" 200 7276 "http://www.f-m-shop.de/seiten/prod_detail_neuer.cfm?kat=MONT22&nav=2&artnr=A 29269" "Mozilla/4.0 (compatible; MSIE 8.0; Windows NT 6.0; WOW64; Trident/4.0; SLCC1; .NET CLR 2.0.50727; Media Center PC 5.0; .NET CLR 3.5.30729; .NET CLR 3.0.30729)"
91.135.26.162 - - [01/Feb/2010:15:36:10 +0100] "GET /livezilla/image.php?id=04 HTTP/1.1" 200 7276 "http://www.f-m-shop.de/seiten/prod_detail_neuer.cfm?kat=MONT24&nav=2&artnr=A%20%2028980" "Mozilla/5.0 (Windows; U; Windows NT 6.1; en-US; rv:1.9.1.7) Gecko/20091221 Firefox/3.5.7"
192.168.10.10 - - [01/Feb/2010:15:35:49 +0100] "POST /livezilla/server.php?acid=e9f6f HTTP/1.1" 200 - "-" "LiveZilla 3.1.7.7 [http://www.livezilla.net]"
192.168.10.13 - - [01/Feb/2010:15:35:54 +0100] "POST /livezilla/server.php?acid=0d86d HTTP/1.1" 200 - "-" "LiveZilla 3.1.7.7 [http://www.livezilla.net]"
134.147.67.4 - - [01/Feb/2010:15:36:43 +0100] "GET /livezilla/image.php?id=04 HTTP/1.1" 200 7276 "http://www.f-m-shop.de/seiten/prod_detail_neuer.cfm?kat=GRA1GBX&nav=2&artnr=A%20%2029639" "Mozilla/5.0 (Windows; U; Windows NT 6.0; de; rv:1.9.1.7) Gecko/20091221 Firefox/3.5.2 (de) (TL-FF)"
195.226.106.106 - - [01/Feb/2010:15:37:18 +0100] "GET /livezilla/image.php?id=04 HTTP/1.1" 200 7276 "http://www.f-m-shop.de/seiten/prod_detail_neuer.cfm?name=VGA%20PCI-E%201024MB%20ASUS%20EAH5770/2DIS/1GD5/&artnr=A%20%2030475&nav=2&kat=GRA1GBX&kat_her=&p_sort=&b_sort=ASC" "Opera/9.80 (Windows NT 5.1; U; de) Presto/2.2.15 Version/10.10"
192.168.10.10 - - [01/Feb/2010:15:36:38 +0100] "POST /livezilla/server.php?acid=065d3 HTTP/1.1" 200 - "-" "LiveZilla 3.1.7.7 [http://www.livezilla.net]"
192.168.10.13 - - [01/Feb/2010:15:36:42 +0100] "POST /livezilla/server.php?acid=e9e19 HTTP/1.1" 200 - "-" "LiveZilla 3.1.7.7 [http://www.livezilla.net]"
80.226.31.0 - - [01/Feb/2010:15:37:38 +0100] "GET /livezilla/image.php?id=04 HTTP/1.1" 200 7276 "http://www.f-m-shop.de/seiten/prod_detail_neuer.cfm?kat=MONT22&nav=2&artnr=A%20%2025192" "Mozilla/5.0 (Macintosh; U; Intel Mac OS X 10_5_8; de-de) AppleWebKit/531.21.8 (KHTML, like Gecko) Version/4.0.4 Safari/531.21.10"
192.168.10.10 - - [01/Feb/2010:15:37:26 +0100] "POST /livezilla/server.php?acid=9ebe7 HTTP/1.1" 200 - "-" "LiveZilla 3.1.7.7 [http://www.livezilla.net]"
192.168.10.13 - - [01/Feb/2010:15:37:30 +0100] "POST /livezilla/server.php?acid=6a764 HTTP/1.1" 200 - "-" "LiveZilla 3.1.7.7 [http://www.livezilla.net]"
77.20.235.241 - - [01/Feb/2010:15:38:20 +0100] "GET /livezilla/image.php?id=04 HTTP/1.1" 200 7276 "http://www.f-m-shop.de/seiten/prod_detail_neuer.cfm?kat=GRA1GBX&nav=2&artnr=A%20%2031460" "Mozilla/5.0 (Macintosh; U; Intel Mac OS X 10_5_8; de-de) AppleWebKit/531.21.8 (KHTML, like Gecko) Version/4.0.4 Safari/531.21.10"
78.48.238.133 - - [01/Feb/2010:15:38:46 +0100] "GET /livezilla/image.php?id=04 HTTP/1.1" 200 7276 "http://www.f-m-shop.de/seiten/prod_detail_neuer.cfm?kat=GRA1GBX&nav=2&artnr=A%20%2029639" "Mozilla/5.0 (Windows; U; Windows NT 6.1; de; rv:1.9.1.7) Gecko/20091221 Firefox/3.5.7"
192.168.10.10 - - [01/Feb/2010:15:38:15 +0100] "POST /livezilla/server.php?acid=db6d7 HTTP/1.1" 200 - "-" "LiveZilla 3.1.7.7 [http://www.livezilla.net]"
192.168.10.13 - - [01/Feb/2010:15:38:19 +0100] "POST /livezilla/server.php?acid=09ad4 HTTP/1.1" 200 - "-" "LiveZilla 3.1.7.7 [http://www.livezilla.net]"
80.140.192.170 - - [01/Feb/2010:15:39:25 +0100] "GET /livezilla/image.php?id=04 HTTP/1.1" 200 7276 "http://www.f-m-shop.de/seiten/prod_detail_neuer.cfm?kat=GRA1GBX&nav=2&artnr=A%20%2029639" "Mozilla/5.0 (Windows; U; Windows NT 5.1; de; rv:1.9.1.7) Gecko/20091221 Firefox/3.5.7"
95.223.245.2 - - [01/Feb/2010:15:39:45 +0100] "GET /livezilla/image.php?id=04 HTTP/1.1" 200 7276 "http://www.f-m-shop.de/seiten/prod_detail_neuer.cfm?kat=GRA1GBX&nav=2&artnr=A%20%2031460" "Mozilla/5.0 (Windows; U; Windows NT 6.1; de; rv:1.9.1.7) Gecko/20091221 Firefox/3.5.7"
192.168.10.10 - - [01/Feb/2010:15:39:03 +0100] "POST /livezilla/server.php?acid=9091c HTTP/1.1" 200 - "-" "LiveZilla 3.1.7.7 [http://www.livezilla.net]"
192.168.10.13 - - [01/Feb/2010:15:39:07 +0100] "POST /livezilla/server.php?acid=1ebed HTTP/1.1" 200 - "-" "LiveZilla 3.1.7.7 [http://www.livezilla.net]"
192.168.10.10 - - [01/Feb/2010:15:39:51 +0100] "POST /livezilla/server.php?acid=aaa9e HTTP/1.1" 200 - "-" "LiveZilla 3.1.7.7 [http://www.livezilla.net]"
192.168.10.13 - - [01/Feb/2010:15:39:55 +0100] "POST /livezilla/server.php?acid=31a60 HTTP/1.1" 200 - "-" "LiveZilla 3.1.7.7 [http://www.livezilla.net]"
91.65.99.140 - - [01/Feb/2010:15:40:53 +0100] "GET /livezilla/image.php?id=04 HTTP/1.1" 200 7276 "http://www.f-m-shop.de/seiten/prod_detail_neuer.cfm?kat=NOTB16&nav=2&artnr=A%20%2031748" "Mozilla/5.0 (Windows; U; Windows NT 5.1; de; rv:1.9.1.7) Gecko/20091221 Firefox/3.5.7 (.NET CLR 3.5.30729)"
195.50.133.34 - - [01/Feb/2010:15:40:57 +0100] "GET /livezilla/image.php?id=04 HTTP/1.1" 200 7276 "http://www.f-m-shop.de/seiten/prod_detail_neuer.cfm?kat=GRA1GBX&nav=2&artnr=A%20%2029639" "Mozilla/5.0 (Windows; U; Windows NT 6.0; de; rv:1.9.2) Gecko/20100115 Firefox/3.6 (.NET CLR 3.5.30729)"
192.168.10.10 - - [01/Feb/2010:15:40:40 +0100] "POST /livezilla/server.php?acid=a51c3 HTTP/1.1" 200 - "-" "LiveZilla 3.1.7.7 [http://www.livezilla.net]"
192.168.10.13 - - [01/Feb/2010:15:40:43 +0100] "POST /livezilla/server.php?acid=1aefe HTTP/1.1" 200 - "-" "LiveZilla 3.1.7.7 [http://www.livezilla.net]"
83.215.152.111 - - [01/Feb/2010:15:41:37 +0100] "GET /livezilla/image.php?id=04 HTTP/1.1" 200 7276 "http://www.f-m-shop.de/seiten/prod_detail_neuer.cfm?kat=GRA1GBX&nav=2&artnr=A%20%2029639" "Mozilla/5.0 (Windows; U; Windows NT 6.1; de; rv:1.9.2) Gecko/20100115 Firefox/3.6"
79.216.118.209 - - [01/Feb/2010:15:41:59 +0100] "GET /livezilla/image.php?id=04 HTTP/1.1" 200 7276 "http://www.f-m-shop.de/seiten/prod_detail_neuer.cfm?kat=MONT24&nav=2&artnr=A 29040" "Mozilla/4.0 (compatible; MSIE 8.0; Windows NT 6.0; WOW64; Trident/4.0; SLCC1; .NET CLR 2.0.50727; Media Center PC 5.0; .NET CLR 3.5.30729; .NET CLR 3.0.30729)"
192.168.10.10 - - [01/Feb/2010:15:41:28 +0100] "POST /livezilla/server.php?acid=56e6b HTTP/1.1" 200 - "-" "LiveZilla 3.1.7.7 [http://www.livezilla.net]"
192.168.10.13 - - [01/Feb/2010:15:41:32 +0100] "POST /livezilla/server.php?acid=73fda HTTP/1.1" 200 - "-" "LiveZilla 3.1.7.7 [http://www.livezilla.net]"
91.135.26.162 - - [01/Feb/2010:15:42:31 +0100] "GET /livezilla/image.php?id=04 HTTP/1.1" 200 7276 "http://www.f-m-shop.de/seiten/prod_detail_neuer.cfm?kat=MONT24&nav=2&artnr=A%20%2028980" "Mozilla/5.0 (Windows; U; Windows NT 6.1; en-US; rv:1.9.1.7) Gecko/20091221 Firefox/3.5.7"
85.125.182.35 - - [01/Feb/2010:15:42:40 +0100] "GET /livezilla/image.php?id=04 HTTP/1.1" 200 7276 "http://www.f-m-shop.de/seiten/prod_detail_neuer.cfm?kat=GRA1GBX&nav=2&artnr=A 29639" "Mozilla/4.0 (compatible; MSIE 7.0; Windows NT 6.0; GTB6.4; SLCC1; .NET CLR 2.0.50727; Media Center PC 5.0; InfoPath.2; .NET CLR 3.5.30729; .NET CLR 3.0.30729)"
192.168.10.10 - - [01/Feb/2010:15:42:16 +0100] "POST /livezilla/server.php?acid=9b838 HTTP/1.1" 200 - "-" "LiveZilla 3.1.7.7 [http://www.livezilla.net]"
192.168.10.13 - - [01/Feb/2010:15:42:20 +0100] "POST /livezilla/server.php?acid=9695f HTTP/1.1" 200 - "-" "LiveZilla 3.1.7.7 [http://www.livezilla.net]"
88.76.141.206 - - [01/Feb/2010:15:43:05 +0100] "GET /livezilla/image.php?id=04 HTTP/1.1" 200 7276 "-" "Mozilla/5.0 (Windows; U; Windows NT 5.1; en-US; rv:1.9.0.16) Gecko/2009120208 Firefox/3.0.16 (.NET CLR 3.5.30729)"
79.216.118.209 - - [01/Feb/2010:15:43:06 +0100] "GET /livezilla/image.php?id=04 HTTP/1.1" 200 7276 "http://www.f-m-shop.de/seiten/prod_detail_neuer.cfm?kat=MONT24&nav=2&artnr=A 28980" "Mozilla/4.0 (compatible; MSIE 8.0; Windows NT 6.0; WOW64; Trident/4.0; SLCC1; .NET CLR 2.0.50727; Media Center PC 5.0; .NET CLR 3.5.30729; .NET CLR 3.0.30729)"
79.216.118.209 - - [01/Feb/2010:15:43:18 +0100] "GET /livezilla/image.php?id=04 HTTP/1.1" 200 7276 "http://www.f-m-shop.de/seiten/prod_detail_neuer.cfm?kat=MONT24&nav=2&artnr=A 28980" "Mozilla/4.0 (compatible; MSIE 8.0; Windows NT 6.0; WOW64; Trident/4.0; SLCC1; .NET CLR 2.0.50727; Media Center PC 5.0; .NET CLR 3.5.30729; .NET CLR 3.0.30729)"
87.162.101.10 - - [01/Feb/2010:15:43:41 +0100] "GET /livezilla/image.php?id=04 HTTP/1.1" 200 7276 "http://www.f-m-shop.de/seiten/prod_detail_neuer.cfm?kat=MONT24&nav=2&artnr=A%20%2025272" "Mozilla/5.0 (Windows; U; Windows NT 5.1; de; rv:1.9.2) Gecko/20100115 Firefox/3.6"
78.48.238.133 - - [01/Feb/2010:15:43:45 +0100] "GET /livezilla/livezilla.php HTTP/1.1" 200 72008 "http://www.f-m-shop.de/seiten/prod_detail_neuer.cfm?kat=GRA1GBX&nav=2&artnr=A%20%2029639" "Mozilla/5.0 (Windows; U; Windows NT 6.1; de; rv:1.9.1.7) Gecko/20091221 Firefox/3.5.7"
78.48.238.133 - - [01/Feb/2010:15:43:46 +0100] "GET /livezilla/livezilla.php?template=lz_chat_frame.0.1 HTTP/1.1" 200 277 "http://chat.f-m-shop.de/livezilla/livezilla.php" "Mozilla/5.0 (Windows; U; Windows NT 6.1; de; rv:1.9.1.7) Gecko/20091221 Firefox/3.5.7"
78.48.238.133 - - [01/Feb/2010:15:43:46 +0100] "GET /livezilla/livezilla.php?template=lz_chat_frame.1.0 HTTP/1.1" 200 279 "http://chat.f-m-shop.de/livezilla/livezilla.php" "Mozilla/5.0 (Windows; U; Windows NT 6.1; de; rv:1.9.1.7) Gecko/20091221 Firefox/3.5.7"
78.48.238.133 - - [01/Feb/2010:15:43:46 +0100] "GET /livezilla/livezilla.php?template=lz_chat_frame.0.2 HTTP/1.1" 200 254 "http://chat.f-m-shop.de/livezilla/livezilla.php" "Mozilla/5.0 (Windows; U; Windows NT 6.1; de; rv:1.9.1.7) Gecko/20091221 Firefox/3.5.7"
78.48.238.133 - - [01/Feb/2010:15:43:46 +0100] "GET /livezilla/livezilla.php?template=lz_chat_frame.1.1 HTTP/1.1" 200 2257 "http://chat.f-m-shop.de/livezilla/livezilla.php" "Mozilla/5.0 (Windows; U; Windows NT 6.1; de; rv:1.9.1.7) Gecko/20091221 Firefox/3.5.7"
78.48.238.133 - - [01/Feb/2010:15:43:46 +0100] "GET /livezilla/livezilla.php?template=lz_chat_frame.2.0 HTTP/1.1" 200 263 "http://chat.f-m-shop.de/livezilla/livezilla.php" "Mozilla/5.0 (Windows; U; Windows NT 6.1; de; rv:1.9.1.7) Gecko/20091221 Firefox/3.5.7"
78.48.238.133 - - [01/Feb/2010:15:43:46 +0100] "GET /livezilla/livezilla.php?template=lz_chat_frame.3.2.login& HTTP/1.1" 200 1019 "http://chat.f-m-shop.de/livezilla/livezilla.php" "Mozilla/5.0 (Windows; U; Windows NT 6.1; de; rv:1.9.1.7) Gecko/20091221 Firefox/3.5.7"
78.48.238.133 - - [01/Feb/2010:15:43:46 +0100] "GET /livezilla/livezilla.php?template=lz_chat_frame.4.1 HTTP/1.1" 200 455 "http://chat.f-m-shop.de/livezilla/livezilla.php" "Mozilla/5.0 (Windows; U; Windows NT 6.1; de; rv:1.9.1.7) Gecko/20091221 Firefox/3.5.7"
78.48.238.133 - - [01/Feb/2010:15:43:47 +0100] "GET /livezilla/livezilla.php?template=lz_chat_frame.1.2 HTTP/1.1" 200 264 "http://chat.f-m-shop.de/livezilla/livezilla.php" "Mozilla/5.0 (Windows; U; Windows NT 6.1; de; rv:1.9.1.7) Gecko/20091221 Firefox/3.5.7"
78.48.238.133 - - [01/Feb/2010:15:43:46 +0100] "GET /livezilla/livezilla.php?template=lz_chat_frame.0.0 HTTP/1.1" 200 259 "http://chat.f-m-shop.de/livezilla/livezilla.php" "Mozilla/5.0 (Windows; U; Windows NT 6.1; de; rv:1.9.1.7) Gecko/20091221 Firefox/3.5.7"
78.48.238.133 - - [01/Feb/2010:15:43:47 +0100] "GET /livezilla/livezilla.php?template=lz_chat_frame.3.0 HTTP/1.1" 200 240 "http://chat.f-m-shop.de/livezilla/livezilla.php" "Mozilla/5.0 (Windows; U; Windows NT 6.1; de; rv:1.9.1.7) Gecko/20091221 Firefox/3.5.7"
78.48.238.133 - - [01/Feb/2010:15:43:47 +0100] "GET /livezilla/livezilla.php?template=lz_chat_frame.5.1 HTTP/1.1" 200 265 "http://chat.f-m-shop.de/livezilla/livezilla.php" "Mozilla/5.0 (Windows; U; Windows NT 6.1; de; rv:1.9.1.7) Gecko/20091221 Firefox/3.5.7"
78.48.238.133 - - [01/Feb/2010:15:43:47 +0100] "GET /livezilla/livezilla.php?template=lz_chat_frame.3.3 HTTP/1.1" 200 239 "http://chat.f-m-shop.de/livezilla/livezilla.php" "Mozilla/5.0 (Windows; U; Windows NT 6.1; de; rv:1.9.1.7) Gecko/20091221 Firefox/3.5.7"
78.48.238.133 - - [01/Feb/2010:15:43:47 +0100] "GET /livezilla/livezilla.php?template=lz_chat_frame.2.2 HTTP/1.1" 200 264 "http://chat.f-m-shop.de/livezilla/livezilla.php" "Mozilla/5.0 (Windows; U; Windows NT 6.1; de; rv:1.9.1.7) Gecko/20091221 Firefox/3.5.7"
78.48.238.133 - - [01/Feb/2010:15:43:47 +0100] "GET /livezilla/livezilla.php?template=lz_chat_frame.3.2.login.0.0 HTTP/1.1" 200 1563 "http://chat.f-m-shop.de/livezilla/livezilla.php?template=lz_chat_frame.3.2.login&" "Mozilla/5.0 (Windows; U; Windows NT 6.1; de; rv:1.9.1.7) Gecko/20091221 Firefox/3.5.7"
78.48.238.133 - - [01/Feb/2010:15:43:47 +0100] "GET /livezilla/livezilla.php?template=lz_chat_frame.3.2.login.1.0& HTTP/1.1" 200 2939 "http://chat.f-m-shop.de/livezilla/livezilla.php?template=lz_chat_frame.3.2.login&" "Mozilla/5.0 (Windows; U; Windows NT 6.1; de; rv:1.9.1.7) Gecko/20091221 Firefox/3.5.7"
78.48.238.133 - - [01/Feb/2010:15:43:48 +0100] "GET /livezilla/livezilla.php?template=lz_chat_frame.3.2.login.2.0 HTTP/1.1" 200 277 "http://chat.f-m-shop.de/livezilla/livezilla.php?template=lz_chat_frame.3.2.login&" "Mozilla/5.0 (Windows; U; Windows NT 6.1; de; rv:1.9.1.7) Gecko/20091221 Firefox/3.5.7"
78.48.238.133 - - [01/Feb/2010:15:43:48 +0100] "POST /livezilla/server.php HTTP/1.1" 200 212 "http://chat.f-m-shop.de/livezilla/livezilla.php" "Mozilla/5.0 (Windows; U; Windows NT 6.1; de; rv:1.9.1.7) Gecko/20091221 Firefox/3.5.7"
78.48.238.133 - - [01/Feb/2010:15:43:49 +0100] "POST /livezilla/livezilla.php?template=lz_chat_frame.3.2.mail HTTP/1.1" 200 4002 "http://chat.f-m-shop.de/livezilla/livezilla.php?template=lz_chat_frame.3.2.login.1.0&" "Mozilla/5.0 (Windows; U; Windows NT 6.1; de; rv:1.9.1.7) Gecko/20091221 Firefox/3.5.7"
78.48.238.133 - - [01/Feb/2010:15:43:49 +0100] "GET /livezilla/livezilla.php?template=lz_chat_frame.3.2.mail HTTP/1.1" 200 3993 "http://chat.f-m-shop.de/livezilla/livezilla.php" "Mozilla/5.0 (Windows; U; Windows NT 6.1; de; rv:1.9.1.7) Gecko/20091221 Firefox/3.5.7"
192.168.10.10 - - [01/Feb/2010:15:43:05 +0100] "POST /livezilla/server.php?acid=e9268 HTTP/1.1" 200 - "-" "LiveZilla 3.1.7.7 [http://www.livezilla.net]"
192.168.10.13 - - [01/Feb/2010:15:43:09 +0100] "POST /livezilla/server.php?acid=c3874 HTTP/1.1" 200 - "-" "LiveZilla 3.1.7.7 [http://www.livezilla.net]"
79.216.118.209 - - [01/Feb/2010:15:44:25 +0100] "GET /livezilla/image.php?id=04 HTTP/1.1" 200 7276 "http://www.f-m-shop.de/seiten/prod_detail_neuer.cfm?artnr=A%20%2016490&nav=2&kat=MONT24&kat_her=&p_sort=&b_sort=ASC" "Mozilla/4.0 (compatible; MSIE 8.0; Windows NT 6.0; WOW64; Trident/4.0; SLCC1; .NET CLR 2.0.50727; Media Center PC 5.0; .NET CLR 3.5.30729; .NET CLR 3.0.30729)"
78.48.238.133 - - [01/Feb/2010:15:44:36 +0100] "POST /livezilla/server.php HTTP/1.1" 200 108 "http://chat.f-m-shop.de/livezilla/livezilla.php" "Mozilla/5.0 (Windows; U; Windows NT 6.1; de; rv:1.9.1.7) Gecko/20091221 Firefox/3.5.7"
192.168.10.10 - - [01/Feb/2010:15:43:53 +0100] "POST /livezilla/server.php?acid=e5981 HTTP/1.1" 200 - "-" "LiveZilla 3.1.7.7 [http://www.livezilla.net]"
79.216.118.209 - - [01/Feb/2010:15:44:38 +0100] "GET /livezilla/image.php?id=04 HTTP/1.1" 200 7276 "http://www.f-m-shop.de/seiten/prod_detail_neuer.cfm?kat=MONT24&nav=2&artnr=A 28980" "Mozilla/4.0 (compatible; MSIE 8.0; Windows NT 6.0; WOW64; Trident/4.0; SLCC1; .NET CLR 2.0.50727; Media Center PC 5.0; .NET CLR 3.5.30729; .NET CLR 3.0.30729)"
78.48.238.133 - - [01/Feb/2010:15:44:38 +0100] "GET /livezilla/livezilla.php?&reset=true HTTP/1.1" 200 72028 "http://chat.f-m-shop.de/livezilla/livezilla.php" "Mozilla/5.0 (Windows; U; Windows NT 6.1; de; rv:1.9.1.7) Gecko/20091221 Firefox/3.5.7"
78.48.238.133 - - [01/Feb/2010:15:44:38 +0100] "GET /livezilla/livezilla.php?template=lz_chat_frame.0.1 HTTP/1.1" 200 277 "http://chat.f-m-shop.de/livezilla/livezilla.php?&reset=true" "Mozilla/5.0 (Windows; U; Windows NT 6.1; de; rv:1.9.1.7) Gecko/20091221 Firefox/3.5.7"
78.48.238.133 - - [01/Feb/2010:15:44:38 +0100] "GET /livezilla/livezilla.php?template=lz_chat_frame.0.2 HTTP/1.1" 200 254 "http://chat.f-m-shop.de/livezilla/livezilla.php?&reset=true" "Mozilla/5.0 (Windows; U; Windows NT 6.1; de; rv:1.9.1.7) Gecko/20091221 Firefox/3.5.7"
78.48.238.133 - - [01/Feb/2010:15:44:38 +0100] "GET /livezilla/livezilla.php?template=lz_chat_frame.1.0 HTTP/1.1" 200 279 "http://chat.f-m-shop.de/livezilla/livezilla.php?&reset=true" "Mozilla/5.0 (Windows; U; Windows NT 6.1; de; rv:1.9.1.7) Gecko/20091221 Firefox/3.5.7"
78.48.238.133 - - [01/Feb/2010:15:44:38 +0100] "GET /livezilla/livezilla.php?template=lz_chat_frame.0.0 HTTP/1.1" 200 259 "http://chat.f-m-shop.de/livezilla/livezilla.php?&reset=true" "Mozilla/5.0 (Windows; U; Windows NT 6.1; de; rv:1.9.1.7) Gecko/20091221 Firefox/3.5.7"
78.48.238.133 - - [01/Feb/2010:15:44:39 +0100] "GET /livezilla/livezilla.php?template=lz_chat_frame.2.0 HTTP/1.1" 200 263 "http://chat.f-m-shop.de/livezilla/livezilla.php?&reset=true" "Mozilla/5.0 (Windows; U; Windows NT 6.1; de; rv:1.9.1.7) Gecko/20091221 Firefox/3.5.7"
78.48.238.133 - - [01/Feb/2010:15:44:39 +0100] "GET /livezilla/livezilla.php?template=lz_chat_frame.1.1 HTTP/1.1" 200 2257 "http://chat.f-m-shop.de/livezilla/livezilla.php?&reset=true" "Mozilla/5.0 (Windows; U; Windows NT 6.1; de; rv:1.9.1.7) Gecko/20091221 Firefox/3.5.7"
78.48.238.133 - - [01/Feb/2010:15:44:39 +0100] "GET /livezilla/livezilla.php?template=lz_chat_frame.3.2.login&reset=true HTTP/1.1" 200 1029 "http://chat.f-m-shop.de/livezilla/livezilla.php?&reset=true" "Mozilla/5.0 (Windows; U; Windows NT 6.1; de; rv:1.9.1.7) Gecko/20091221 Firefox/3.5.7"
78.48.238.133 - - [01/Feb/2010:15:44:39 +0100] "GET /livezilla/livezilla.php?template=lz_chat_frame.4.1 HTTP/1.1" 200 455 "http://chat.f-m-shop.de/livezilla/livezilla.php?&reset=true" "Mozilla/5.0 (Windows; U; Windows NT 6.1; de; rv:1.9.1.7) Gecko/20091221 Firefox/3.5.7"
78.48.238.133 - - [01/Feb/2010:15:44:39 +0100] "GET /livezilla/livezilla.php?template=lz_chat_frame.3.0 HTTP/1.1" 200 240 "http://chat.f-m-shop.de/livezilla/livezilla.php?&reset=true" "Mozilla/5.0 (Windows; U; Windows NT 6.1; de; rv:1.9.1.7) Gecko/20091221 Firefox/3.5.7"
78.48.238.133 - - [01/Feb/2010:15:44:39 +0100] "GET /livezilla/livezilla.php?template=lz_chat_frame.2.2 HTTP/1.1" 200 264 "http://chat.f-m-shop.de/livezilla/livezilla.php?&reset=true" "Mozilla/5.0 (Windows; U; Windows NT 6.1; de; rv:1.9.1.7) Gecko/20091221 Firefox/3.5.7"
78.48.238.133 - - [01/Feb/2010:15:44:40 +0100] "GET /livezilla/livezilla.php?template=lz_chat_frame.3.2.login.0.0 HTTP/1.1" 200 1563 "http://chat.f-m-shop.de/livezilla/livezilla.php?template=lz_chat_frame.3.2.login&reset=true" "Mozilla/5.0 (Windows; U; Windows NT 6.1; de; rv:1.9.1.7) Gecko/20091221 Firefox/3.5.7"
78.48.238.133 - - [01/Feb/2010:15:44:39 +0100] "GET /livezilla/livezilla.php?template=lz_chat_frame.5.1 HTTP/1.1" 200 265 "http://chat.f-m-shop.de/livezilla/livezilla.php?&reset=true" "Mozilla/5.0 (Windows; U; Windows NT 6.1; de; rv:1.9.1.7) Gecko/20091221 Firefox/3.5.7"
78.48.238.133 - - [01/Feb/2010:15:44:40 +0100] "GET /livezilla/livezilla.php?template=lz_chat_frame.3.3 HTTP/1.1" 200 239 "http://chat.f-m-shop.de/livezilla/livezilla.php?&reset=true" "Mozilla/5.0 (Windows; U; Windows NT 6.1; de; rv:1.9.1.7) Gecko/20091221 Firefox/3.5.7"
78.48.238.133 - - [01/Feb/2010:15:44:40 +0100] "GET /livezilla/livezilla.php?template=lz_chat_frame.3.2.login.2.0 HTTP/1.1" 200 277 "http://chat.f-m-shop.de/livezilla/livezilla.php?template=lz_chat_frame.3.2.login&reset=true" "Mozilla/5.0 (Windows; U; Windows NT 6.1; de; rv:1.9.1.7) Gecko/20091221 Firefox/3.5.7"
78.48.238.133 - - [01/Feb/2010:15:44:40 +0100] "GET /livezilla/livezilla.php?template=lz_chat_frame.3.2.login.1.0&reset=true HTTP/1.1" 200 2962 "http://chat.f-m-shop.de/livezilla/livezilla.php?template=lz_chat_frame.3.2.login&reset=true" "Mozilla/5.0 (Windows; U; Windows NT 6.1; de; rv:1.9.1.7) Gecko/20091221 Firefox/3.5.7"
78.48.238.133 - - [01/Feb/2010:15:44:39 +0100] "GET /livezilla/livezilla.php?template=lz_chat_frame.1.2 HTTP/1.1" 200 264 "http://chat.f-m-shop.de/livezilla/livezilla.php?&reset=true" "Mozilla/5.0 (Windows; U; Windows NT 6.1; de; rv:1.9.1.7) Gecko/20091221 Firefox/3.5.7"
78.48.238.133 - - [01/Feb/2010:15:44:41 +0100] "POST /livezilla/server.php HTTP/1.1" 200 212 "http://chat.f-m-shop.de/livezilla/livezilla.php?&reset=true" "Mozilla/5.0 (Windows; U; Windows NT 6.1; de; rv:1.9.1.7) Gecko/20091221 Firefox/3.5.7"
79.216.118.209 - - [01/Feb/2010:15:44:41 +0100] "GET /livezilla/image.php?id=04 HTTP/1.1" 200 7276 "http://www.f-m-shop.de/seiten/prod_detail_neuer.cfm?artnr=A%20%2021433&nav=2&kat=MONT24&kat_her=&p_sort=&b_sort=ASC" "Mozilla/4.0 (compatible; MSIE 8.0; Windows NT 6.0; WOW64; Trident/4.0; SLCC1; .NET CLR 2.0.50727; Media Center PC 5.0; .NET CLR 3.5.30729; .NET CLR 3.0.30729)"
192.168.10.13 - - [01/Feb/2010:15:43:57 +0100] "POST /livezilla/server.php?acid=4ba07 HTTP/1.1" 200 - "-" "LiveZilla 3.1.7.7 [http://www.livezilla.net]"
92.192.95.89 - - [01/Feb/2010:15:45:07 +0100] "GET /livezilla/image.php?id=04 HTTP/1.1" 200 7276 "http://www.f-m-shop.de/seiten/prod_detail_neuer.cfm?kat=GRA1GBX&nav=2&artnr=A%20%2031460" "Mozilla/5.0 (Windows; U; Windows NT 5.1; de; rv:1.9.2) Gecko/20100115 Firefox/3.6"
95.90.113.119 - - [01/Feb/2010:15:45:21 +0100] "GET /livezilla/image.php?id=04 HTTP/1.1" 200 7276 "http://www.f-m-shop.de/seiten/prod_detail_neuer.cfm?kat=NETWLROU&nav=2&artnr=A%20%2021882" "Mozilla/5.0 (Windows; U; Windows NT 5.1; de; rv:1.9.2) Gecko/20100115 Firefox/3.6 (.NET CLR 3.5.30729)"
192.168.10.10 - - [01/Feb/2010:15:44:41 +0100] "POST /livezilla/server.php?acid=9573c HTTP/1.1" 200 - "-" "LiveZilla 3.1.7.7 [http://www.livezilla.net]"
192.168.10.13 - - [01/Feb/2010:15:44:45 +0100] "POST /livezilla/server.php?acid=5102e HTTP/1.1" 200 - "-" "LiveZilla 3.1.7.7 [http://www.livezilla.net]"
84.190.195.98 - - [01/Feb/2010:15:45:55 +0100] "GET /livezilla/image.php?id=04 HTTP/1.1" 200 7276 "http://www.f-m-shop.de/seiten/prod_detail_neuer.cfm?name=Toner%20HP%20LaserJet%20Q2613A%20schwarz&artnr=A%20%20%206645&nav=2&kat=DRUTONER" "Mozilla/5.0 (X11; U; Linux i686; de; rv:1.9.0.17) Gecko/2009122200 SUSE/3.0.17-0.1.1 Firefox/3.0.17"
192.168.10.10 - - [01/Feb/2010:15:45:30 +0100] "POST /livezilla/server.php?acid=a56dd HTTP/1.1" 200 - "-" "LiveZilla 3.1.7.7 [http://www.livezilla.net]"
192.168.10.13 - - [01/Feb/2010:15:45:34 +0100] "POST /livezilla/server.php?acid=de6eb HTTP/1.1" 200 - "-" "LiveZilla 3.1.7.7 [http://www.livezilla.net]"
84.190.195.98 - - [01/Feb/2010:15:46:21 +0100] "GET /livezilla/image.php?id=04 HTTP/1.1" 200 7276 "http://www.f-m-shop.de/seiten/prod_detail_neuer.cfm?name=Toner%20HP%20LaserJet%20Q2613A%20schwarz&artnr=A%20%20%206645&nav=2&kat=DRUTONER" "Mozilla/5.0 (X11; U; Linux i686; de; rv:1.9.0.17) Gecko/2009122200 SUSE/3.0.17-0.1.1 Firefox/3.0.17"
95.90.113.119 - - [01/Feb/2010:15:46:35 +0100] "GET /livezilla/image.php?id=04 HTTP/1.1" 200 7276 "http://www.f-m-shop.de/seiten/prod_detail_neuer.cfm?name=SWITCH%20%208%20Port%20LevelOne%20GSW%2D0806&artnr=A%20%2015577&nav=2&kat=NETSWI" "Mozilla/5.0 (Windows; U; Windows NT 5.1; de; rv:1.9.2) Gecko/20100115 Firefox/3.6 (.NET CLR 3.5.30729)"
192.168.10.10 - - [01/Feb/2010:15:46:18 +0100] "POST /livezilla/server.php?acid=6bcce HTTP/1.1" 200 - "-" "LiveZilla 3.1.7.7 [http://www.livezilla.net]"
192.168.10.13 - - [01/Feb/2010:15:46:22 +0100] "POST /livezilla/server.php?acid=6bb93 HTTP/1.1" 200 - "-" "LiveZilla 3.1.7.7 [http://www.livezilla.net]"
38.101.81.24 - - [01/Feb/2010:15:47:10 +0100] "HEAD /livezilla/image.php?id=04 HTTP/1.0" 200 - "-" "Mozilla/4.0 (compatible; MSIE 6.0; Windows NT 5.1; SV1)"
38.101.81.24 - - [01/Feb/2010:15:47:11 +0100] "GET /livezilla/image.php?id=04 HTTP/1.0" 200 7276 "http://www.f-m-shop.de/seiten/prod_detail_neuer.cfm?kat=NETUSVAK&nav=2&artnr=A%20%2015752" "Mozilla/5.0 (Windows; U; Windows NT 5.1; de; rv:1.9.2) Gecko/20100115 Firefox/3.6 (.NET CLR 3.5.30729)"
87.152.181.198 - - [01/Feb/2010:15:47:23 +0100] "GET /livezilla/image.php?id=04 HTTP/1.1" 200 7276 "http://www.f-m-shop.de/seiten/prod_detail_neuer.cfm?kat=GRA1GBX&nav=2&artnr=A%20%2031460" "Mozilla/5.0 (Windows; U; Windows NT 6.0; de; rv:1.9.1.7) Gecko/20091221 Firefox/3.5.7"
89.247.169.170 - - [01/Feb/2010:15:47:25 +0100] "GET /livezilla/image.php?id=04 HTTP/1.0" 200 7276 "http://www.f-m-shop.de/seiten/prod_detail_neuer.cfm?artnr=A%20%2029491&nav=2" "Mozilla/5.0 (Windows; U; Windows NT 6.1; de; rv:1.9.1.7) Gecko/20091221 Firefox/3.5.7 (.NET CLR 3.5.30729)"
192.168.10.10 - - [01/Feb/2010:15:47:06 +0100] "POST /livezilla/server.php?acid=c0bee HTTP/1.1" 200 - "-" "LiveZilla 3.1.7.7 [http://www.livezilla.net]"
77.184.200.41 - - [01/Feb/2010:15:47:54 +0100] "GET /livezilla/image.php?id=04 HTTP/1.1" 200 7276 "http://www.f-m-shop.de/seiten/prod_detail_neuer.cfm?kat=LFWBRRW&nav=2&artnr=A 30435" "Mozilla/4.0 (compatible; MSIE 8.0; Windows NT 5.1; Trident/4.0; GTB6.3; .NET CLR 2.0.50727; .NET CLR 3.0.04506.648; .NET CLR 3.5.21022; .NET CLR 3.0.4506.2152; .NET CLR 3.5.30729)"
192.168.10.13 - - [01/Feb/2010:15:47:11 +0100] "POST /livezilla/server.php?acid=3d7b8 HTTP/1.1" 200 - "-" "LiveZilla 3.1.7.7 [http://www.livezilla.net]"
217.5.231.249 - - [01/Feb/2010:15:48:12 +0100] "GET /livezilla/image.php?id=04 HTTP/1.1" 200 7276 "http://www.f-m-shop.de/seiten/prod_detail_neuer.cfm?kat=KOMBARBO&nav=2&artnr=A 27319" "Mozilla/4.0 (compatible; MSIE 6.0; Windows NT 5.1; SV1; .NET CLR 2.0.50727; .NET CLR 3.0.4506.2152; .NET CLR 3.5.30729)"
93.135.200.227 - - [01/Feb/2010:15:48:28 +0100] "GET /livezilla/image.php?id=04 HTTP/1.1" 200 7276 "http://www.f-m-shop.de/seiten/prod_detail_neuer.cfm?kat=GRA1GBX&nav=2&artnr=A%20%2029639" "Mozilla/5.0 (Windows; U; Windows NT 6.1; de; rv:1.9.1.7) Gecko/20091221 Firefox/3.5.7"
192.168.10.10 - - [01/Feb/2010:15:47:55 +0100] "POST /livezilla/server.php?acid=f6619 HTTP/1.1" 200 - "-" "LiveZilla 3.1.7.7 [http://www.livezilla.net]"
192.168.10.13 - - [01/Feb/2010:15:47:59 +0100] "POST /livezilla/server.php?acid=9a669 HTTP/1.1" 200 - "-" "LiveZilla 3.1.7.7 [http://www.livezilla.net]"
217.5.231.249 - - [01/Feb/2010:15:48:49 +0100] "GET /livezilla/image.php?id=04 HTTP/1.1" 200 7276 "http://www.f-m-shop.de/seiten/prod_detail_neuer.cfm?kat=KOMBARBO&nav=2&artnr=A%20%2027319" "Mozilla/4.0 (compatible; MSIE 6.0; Windows NT 5.1; SV1; .NET CLR 2.0.50727; .NET CLR 3.0.4506.2152; .NET CLR 3.5.30729)"
192.168.10.10 - - [01/Feb/2010:15:48:43 +0100] "POST /livezilla/server.php?acid=80125 HTTP/1.1" 200 - "-" "LiveZilla 3.1.7.7 [http://www.livezilla.net]"
192.168.10.13 - - [01/Feb/2010:15:48:47 +0100] "POST /livezilla/server.php?acid=89671 HTTP/1.1" 200 - "-" "LiveZilla 3.1.7.7 [http://www.livezilla.net]"
217.5.231.249 - - [01/Feb/2010:15:49:39 +0100] "GET /livezilla/image.php?id=04 HTTP/1.1" 200 7276 "http://www.f-m-shop.de/seiten/prod_detail_neuer.cfm?name=RAM DDR2 2048MB 533 KINGSTON ECC 2x1024&artnr=A%20%2019116&nav=2&kat=RAMDDR2&kat_her=&p_sort=&b_sort=ASC" "Mozilla/4.0 (compatible; MSIE 6.0; Windows NT 5.1; SV1; .NET CLR 2.0.50727; .NET CLR 3.0.4506.2152; .NET CLR 3.5.30729)"
217.5.231.249 - - [01/Feb/2010:15:49:42 +0100] "GET /livezilla/image.php?id=04 HTTP/1.1" 200 7276 "http://www.f-m-shop.de/seiten/prod_detail_neuer.cfm?name=RAM%20DDR2%202048MB%20533%20KINGSTON%20ECC%202x1024&artnr=A%20%2019116&nav=2&kat=RAMDDR2&kat_her=&p_sort=&b_sort=ASC" "Mozilla/4.0 (compatible; MSIE 6.0; Windows NT 5.1; SV1; .NET CLR 2.0.50727; .NET CLR 3.0.4506.2152; .NET CLR 3.5.30729)"
91.96.90.190 - - [01/Feb/2010:15:50:11 +0100] "GET /livezilla/image.php?id=04 HTTP/1.1" 200 7276 "http://www.f-m-shop.de/seiten/prod_detail_neuer.cfm?kat=GRA1GBX&nav=2&artnr=A%20%2029639" "Mozilla/5.0 (X11; U; Linux; de-DE) AppleWebKit/532.4 (KHTML, like Gecko) rekonq Safari/532.4"
192.168.10.10 - - [01/Feb/2010:15:49:31 +0100] "POST /livezilla/server.php?acid=19d43 HTTP/1.1" 200 - "-" "LiveZilla 3.1.7.7 [http://www.livezilla.net]"
192.168.10.13 - - [01/Feb/2010:15:49:36 +0100] "POST /livezilla/server.php?acid=76955 HTTP/1.1" 200 - "-" "LiveZilla 3.1.7.7 [http://www.livezilla.net]"
91.9.121.33 - - [01/Feb/2010:15:50:34 +0100] "GET /livezilla/image.php?id=04 HTTP/1.1" 200 7276 "http://www.f-m-shop.de/seiten/prod_detail_neuer.cfm?kat=GRA1GBX&nav=2&artnr=A%20%2029639" "Mozilla/5.0 (Windows; U; Windows NT 6.1; de; rv:1.9.1.7) Gecko/20091221 Firefox/3.5.7"
109.84.232.22 - - [01/Feb/2010:15:50:46 +0100] "GET /livezilla/image.php?id=04 HTTP/1.1" 200 7276 "http://www.f-m-shop.de/seiten/prod_detail_neuer.cfm?kat=GRA1GBX&nav=2&artnr=A%20%2029639" "Mozilla/5.0 (Windows; U; Windows NT 5.1; de; rv:1.9.1.7) Gecko/20091221 Firefox/3.5.7"
192.168.10.10 - - [01/Feb/2010:15:50:20 +0100] "POST /livezilla/server.php?acid=20cd8 HTTP/1.1" 200 - "-" "LiveZilla 3.1.7.7 [http://www.livezilla.net]"
192.168.10.13 - - [01/Feb/2010:15:50:24 +0100] "POST /livezilla/server.php?acid=614c2 HTTP/1.1" 200 - "-" "LiveZilla 3.1.7.7 [http://www.livezilla.net]"
79.211.64.148 - - [01/Feb/2010:15:51:18 +0100] "GET /livezilla/image.php?id=04 HTTP/1.1" 200 7276 "-" "Opera/9.80 (Windows NT 5.1; U; de) Presto/2.2.15 Version/10.10"
192.168.10.10 - - [01/Feb/2010:15:51:08 +0100] "POST /livezilla/server.php?acid=4d549 HTTP/1.1" 200 - "-" "LiveZilla 3.1.7.7 [http://www.livezilla.net]"
192.168.10.13 - - [01/Feb/2010:15:51:12 +0100] "POST /livezilla/server.php?acid=ccafc HTTP/1.1" 200 - "-" "LiveZilla 3.1.7.7 [http://www.livezilla.net]"
79.222.111.154 - - [01/Feb/2010:15:52:36 +0100] "GET /livezilla/image.php?id=04 HTTP/1.1" 200 7276 "http://www.f-m-shop.de/seiten/prod_detail_neuer.cfm?kat=LFWBRRW&nav=2&artnr=A 30435" "Mozilla/4.0 (compatible; MSIE 8.0; Windows NT 6.1; WOW64; Trident/4.0; SLCC2; .NET CLR 2.0.50727; .NET CLR 3.5.30729; .NET CLR 3.0.30729; Media Center PC 6.0; InfoPath.2; OfficeLiveConnector.1.4; OfficeLivePatch.1.3; Creative AutoUpdate v1.40.01)"
192.168.10.10 - - [01/Feb/2010:15:51:56 +0100] "POST /livezilla/server.php?acid=adddb HTTP/1.1" 200 - "-" "LiveZilla 3.1.7.7 [http://www.livezilla.net]"
192.168.10.13 - - [01/Feb/2010:15:52:01 +0100] "POST /livezilla/server.php?acid=d472c HTTP/1.1" 200 - "-" "LiveZilla 3.1.7.7 [http://www.livezilla.net]"
85.178.235.148 - - [01/Feb/2010:15:52:55 +0100] "GET /livezilla/image.php?id=04 HTTP/1.1" 200 7276 "-" "Mozilla/5.0 (Macintosh; U; Intel Mac OS X 10.6; de; rv:1.9.2) Gecko/20100115 Firefox/3.6"
79.197.127.208 - - [01/Feb/2010:15:53:07 +0100] "GET /livezilla/image.php?id=04 HTTP/1.1" 200 7276 "http://www.f-m-shop.de/seiten/prod_detail_neuer.cfm?name=CPU%20INTEL%20Core%20I7-950%203.06GHz%20BOX&artnr=A%20%2028631&nav=2&kat=CPUI1366&kat_her=&p_sort=&b_sort=ASC" "Mozilla/5.0 (Windows; U; Windows NT 6.1; de; rv:1.9.1.7) Gecko/20091221 Firefox/3.5.7"
95.90.113.119 - - [01/Feb/2010:15:53:11 +0100] "GET /livezilla/image.php?id=04 HTTP/1.1" 200 7276 "http://www.f-m-shop.de/seiten/prod_detail_neuer.cfm?name=ROUTER%20DRAYTEK%20Vigor%202820n%20ADSL2%2F2%2B&artnr=A%20%2021882&nav=2&kat=NETWLROU" "Mozilla/5.0 (Windows; U; Windows NT 5.1; de; rv:1.9.2) Gecko/20100115 Firefox/3.6 (.NET CLR 3.5.30729)"
79.197.127.208 - - [01/Feb/2010:15:53:16 +0100] "GET /livezilla/image.php?id=04 HTTP/1.1" 200 7276 "http://www.f-m-shop.de/seiten/prod_detail_neuer.cfm?name=CPU%20INTEL%20Core%20I7-950%203.06GHz%20BOX&artnr=A%20%2028631&nav=2&kat=CPUI1366&kat_her=&p_sort=&b_sort=ASC" "Mozilla/5.0 (Windows; U; Windows NT 6.1; de; rv:1.9.1.7) Gecko/20091221 Firefox/3.5.7"
95.90.113.119 - - [01/Feb/2010:15:53:24 +0100] "GET /livezilla/image.php?id=04 HTTP/1.1" 200 7276 "http://www.f-m-shop.de/seiten/prod_detail_neuer.cfm?name=ROUTER%20DRAYTEK%20Vigor%202820n%20ADSL2/2+&artnr=A%20%2021882&nav=2&kat=NETWLROU" "Mozilla/5.0 (Windows; U; Windows NT 5.1; de; rv:1.9.2) Gecko/20100115 Firefox/3.6 (.NET CLR 3.5.30729)"
192.168.10.10 - - [01/Feb/2010:15:52:45 +0100] "POST /livezilla/server.php?acid=ce032 HTTP/1.1" 200 - "-" "LiveZilla 3.1.7.7 [http://www.livezilla.net]"
192.168.10.13 - - [01/Feb/2010:15:52:49 +0100] "POST /livezilla/server.php?acid=21e2f HTTP/1.1" 200 - "-" "LiveZilla 3.1.7.7 [http://www.livezilla.net]"
192.168.10.10 - - [01/Feb/2010:15:53:33 +0100] "POST /livezilla/server.php?acid=701f5 HTTP/1.1" 200 - "-" "LiveZilla 3.1.7.7 [http://www.livezilla.net]"
192.168.10.13 - - [01/Feb/2010:15:53:37 +0100] "POST /livezilla/server.php?acid=5ad5d HTTP/1.1" 200 - "-" "LiveZilla 3.1.7.7 [http://www.livezilla.net]"
192.168.10.10 - - [01/Feb/2010:15:54:21 +0100] "POST /livezilla/server.php?acid=d542a HTTP/1.1" 200 - "-" "LiveZilla 3.1.7.7 [http://www.livezilla.net]"
192.168.10.13 - - [01/Feb/2010:15:54:26 +0100] "POST /livezilla/server.php?acid=27d7a HTTP/1.1" 200 - "-" "LiveZilla 3.1.7.7 [http://www.livezilla.net]"
85.178.235.148 - - [01/Feb/2010:15:55:37 +0100] "GET /livezilla/image.php?id=04 HTTP/1.1" 200 7276 "-" "Mozilla/5.0 (Macintosh; U; Intel Mac OS X 10.6; de; rv:1.9.2) Gecko/20100115 Firefox/3.6"
93.216.213.145 - - [01/Feb/2010:15:55:43 +0100] "GET /livezilla/image.php?id=04 HTTP/1.1" 200 7276 "http://www.f-m-shop.de/seiten/prod_detail_neuer.cfm?kat=GRA1GBX&nav=2&artnr=A 31460" "Mozilla/4.0 (compatible; MSIE 6.0; Windows NT 5.1; SV1; GTB6.3; .NET CLR 1.1.4322)"
80.153.112.217 - - [01/Feb/2010:15:55:44 +0100] "GET /livezilla/image.php?id=04 HTTP/1.1" 200 7276 "http://www.f-m-shop.de/seiten/prod_detail_neuer.cfm?kat=KOMBARBO&nav=2&artnr=A%20%2027180" "Mozilla/5.0 (Windows; U; Windows NT 5.1; de; rv:1.9.2) Gecko/20100115 Firefox/3.6"
192.168.10.10 - - [01/Feb/2010:15:55:10 +0100] "POST /livezilla/server.php?acid=f0dd8 HTTP/1.1" 200 - "-" "LiveZilla 3.1.7.7 [http://www.livezilla.net]"
192.168.10.13 - - [01/Feb/2010:15:55:14 +0100] "POST /livezilla/server.php?acid=9b756 HTTP/1.1" 200 - "-" "LiveZilla 3.1.7.7 [http://www.livezilla.net]"
77.184.200.41 - - [01/Feb/2010:15:56:04 +0100] "GET /livezilla/image.php?id=04 HTTP/1.1" 200 7276 "http://www.f-m-shop.de/seiten/prod_detail_neuer.cfm?kat=LFWBRRW&nav=2&artnr=A 30435" "Mozilla/4.0 (compatible; MSIE 8.0; Windows NT 5.1; Trident/4.0; GTB6.3; .NET CLR 2.0.50727; .NET CLR 3.0.04506.648; .NET CLR 3.5.21022; .NET CLR 3.0.4506.2152; .NET CLR 3.5.30729)"
93.216.213.145 - - [01/Feb/2010:15:56:26 +0100] "GET /livezilla/image.php?id=04 HTTP/1.1" 200 7276 "http://www.f-m-shop.de/seiten/prod_detail_neuer.cfm?kat=GRA1GBX&nav=2&artnr=A%20%2031460" "Mozilla/4.0 (compatible; MSIE 6.0; Windows NT 5.1; SV1; GTB6.3; .NET CLR 1.1.4322)"
87.178.207.198 - - [01/Feb/2010:15:56:31 +0100] "GET /livezilla/image.php?id=04 HTTP/1.1" 200 7276 "http://www.f-m-shop.de/seiten/prod_detail_neuer.cfm?kat=HDDIDE&nav=2&artnr=A%20%2017989" "Mozilla/5.0 (Windows; U; Windows NT 6.1; de; rv:1.9.1.7) Gecko/20091221 Firefox/3.5.7"
77.184.200.41 - - [01/Feb/2010:15:56:42 +0100] "GET /livezilla/image.php?id=04 HTTP/1.1" 200 7276 "-" "Mozilla/4.0 (compatible; MSIE 8.0; Windows NT 5.1; Trident/4.0; GTB6.3; .NET CLR 2.0.50727; .NET CLR 3.0.04506.648; .NET CLR 3.5.21022; .NET CLR 3.0.4506.2152; .NET CLR 3.5.30729)"
77.184.200.41 - - [01/Feb/2010:15:56:42 +0100] "GET /livezilla/image.php?id=04 HTTP/1.1" 200 7276 "-" "Mozilla/4.0 (compatible; MSIE 8.0; Windows NT 5.1; Trident/4.0; GTB6.3; .NET CLR 2.0.50727; .NET CLR 3.0.04506.648; .NET CLR 3.5.21022; .NET CLR 3.0.4506.2152; .NET CLR 3.5.30729)"
192.168.10.10 - - [01/Feb/2010:15:55:58 +0100] "POST /livezilla/server.php?acid=d533e HTTP/1.1" 200 - "-" "LiveZilla 3.1.7.7 [http://www.livezilla.net]"
192.168.10.13 - - [01/Feb/2010:15:56:02 +0100] "POST /livezilla/server.php?acid=ac31e HTTP/1.1" 200 - "-" "LiveZilla 3.1.7.7 [http://www.livezilla.net]"
213.170.191.162 - - [01/Feb/2010:15:56:53 +0100] "GET /livezilla/image.php?id=04 HTTP/1.0" 200 7276 "http://www.f-m-shop.de/seiten/prod_detail_neuer.cfm?kat=HIFMEDIA&nav=2&artnr=A 30404" "Mozilla/4.0 (compatible; MSIE 6.0; Windows NT 5.0; .NET CLR 2.0.50727)"
93.233.39.101 - - [01/Feb/2010:15:57:00 +0100] "GET /livezilla/image.php?id=04 HTTP/1.1" 200 7276 "http://www.f-m-shop.de/seiten/prod_detail_neuer.cfm?kat=NETWLROU&nav=2&artnr=A%20%2031257" "Mozilla/5.0 (Windows; U; Windows NT 6.1; de; rv:1.9.1.7) Gecko/20091221 Firefox/3.5.7"
77.184.200.41 - - [01/Feb/2010:15:57:01 +0100] "GET /livezilla/image.php?id=04 HTTP/1.1" 200 7276 "-" "Mozilla/4.0 (compatible; MSIE 8.0; Windows NT 5.1; Trident/4.0; GTB6.3; .NET CLR 2.0.50727; .NET CLR 3.0.04506.648; .NET CLR 3.5.21022; .NET CLR 3.0.4506.2152; .NET CLR 3.5.30729)"
77.184.200.41 - - [01/Feb/2010:15:57:20 +0100] "GET /livezilla/image.php?id=04 HTTP/1.1" 200 7276 "-" "Mozilla/4.0 (compatible; MSIE 8.0; Windows NT 5.1; Trident/4.0; GTB6.3; .NET CLR 2.0.50727; .NET CLR 3.0.04506.648; .NET CLR 3.5.21022; .NET CLR 3.0.4506.2152; .NET CLR 3.5.30729)"
87.178.207.198 - - [01/Feb/2010:15:57:27 +0100] "GET /livezilla/image.php?id=04 HTTP/1.1" 200 7276 "http://www.f-m-shop.de/seiten/prod_detail_neuer.cfm?kat=HDDIDE&nav=2&artnr=A%20%2017989" "Mozilla/5.0 (Windows; U; Windows NT 6.1; de; rv:1.9.1.7) Gecko/20091221 Firefox/3.5.7"
192.168.10.10 - - [01/Feb/2010:15:56:46 +0100] "POST /livezilla/server.php?acid=b6820 HTTP/1.1" 200 - "-" "LiveZilla 3.1.7.7 [http://www.livezilla.net]"
192.168.10.13 - - [01/Feb/2010:15:56:51 +0100] "POST /livezilla/server.php?acid=c8118 HTTP/1.1" 200 - "-" "LiveZilla 3.1.7.7 [http://www.livezilla.net]"
192.168.10.10 - - [01/Feb/2010:15:57:35 +0100] "POST /livezilla/server.php?acid=b544a HTTP/1.1" 200 - "-" "LiveZilla 3.1.7.7 [http://www.livezilla.net]"
192.168.10.13 - - [01/Feb/2010:15:57:39 +0100] "POST /livezilla/server.php?acid=c2acb HTTP/1.1" 200 - "-" "LiveZilla 3.1.7.7 [http://www.livezilla.net]"
192.168.10.10 - - [01/Feb/2010:15:58:23 +0100] "POST /livezilla/server.php?acid=6b134 HTTP/1.1" 200 - "-" "LiveZilla 3.1.7.7 [http://www.livezilla.net]"
192.168.10.13 - - [01/Feb/2010:15:58:27 +0100] "POST /livezilla/server.php?acid=37276 HTTP/1.1" 200 - "-" "LiveZilla 3.1.7.7 [http://www.livezilla.net]"
79.211.244.192 - - [01/Feb/2010:15:59:21 +0100] "GET /livezilla/image.php?id=04 HTTP/1.1" 200 7276 "http://www.f-m-shop.de/seiten/prod_detail_neuer.cfm?kat=INTSATA&nav=2&artnr=A 17496" "Mozilla/4.0 (compatible; MSIE 8.0; Windows NT 6.1; Trident/4.0; GTB6.3; SLCC2; .NET CLR 2.0.50727; .NET CLR 3.5.30729; .NET CLR 3.0.30729; Media Center PC 6.0)"
192.168.10.10 - - [01/Feb/2010:15:59:11 +0100] "POST /livezilla/server.php?acid=fa774 HTTP/1.1" 200 - "-" "LiveZilla 3.1.7.7 [http://www.livezilla.net]"
192.168.10.13 - - [01/Feb/2010:15:59:16 +0100] "POST /livezilla/server.php?acid=5566e HTTP/1.1" 200 - "-" "LiveZilla 3.1.7.7 [http://www.livezilla.net]"
80.146.185.66 - - [01/Feb/2010:16:00:29 +0100] "GET /livezilla/image.php?id=04 HTTP/1.1" 200 7276 "http://www.f-m-shop.de/seiten/prod_detail_neuer.cfm?kat=GRA1GBX&nav=2&artnr=A 29639" "Mozilla/4.0 (compatible; MSIE 7.0; Windows NT 5.1; GTB6.3; .NET CLR 1.1.4322; .NET CLR 2.0.50727; .NET CLR 3.0.4506.2152; .NET CLR 3.5.30729)"
192.168.10.10 - - [01/Feb/2010:16:00:00 +0100] "POST /livezilla/server.php?acid=9b306 HTTP/1.1" 200 - "-" "LiveZilla 3.1.7.7 [http://www.livezilla.net]"
192.168.10.13 - - [01/Feb/2010:16:00:04 +0100] "POST /livezilla/server.php?acid=34772 HTTP/1.1" 200 - "-" "LiveZilla 3.1.7.7 [http://www.livezilla.net]"
80.153.112.217 - - [01/Feb/2010:16:01:21 +0100] "GET /livezilla/image.php?id=04 HTTP/1.1" 200 7276 "http://www.f-m-shop.de/seiten/prod_detail_neuer.cfm?kat=KOMBARBO&nav=2&artnr=A%20%2026666" "Mozilla/5.0 (Windows; U; Windows NT 5.1; de; rv:1.9.2) Gecko/20100115 Firefox/3.6"
192.168.10.10 - - [01/Feb/2010:16:00:48 +0100] "POST /livezilla/server.php?acid=63d77 HTTP/1.1" 200 - "-" "LiveZilla 3.1.7.7 [http://www.livezilla.net]"
192.168.10.13 - - [01/Feb/2010:16:00:52 +0100] "POST /livezilla/server.php?acid=c1b25 HTTP/1.1" 200 - "-" "LiveZilla 3.1.7.7 [http://www.livezilla.net]"
87.123.14.142 - - [01/Feb/2010:16:01:48 +0100] "GET /livezilla/image.php?id=04 HTTP/1.1" 200 7276 "http://www.f-m-shop.de/seiten/prod_detail_neuer.cfm?kat=NETWLROU&nav=2&artnr=A%20%2031257" "Mozilla/5.0 (Windows; U; Windows NT 6.1; de; rv:1.9.2) Gecko/20100115 Firefox/3.6"
95.223.245.2 - - [01/Feb/2010:16:02:11 +0100] "GET /livezilla/image.php?id=04 HTTP/1.1" 200 7276 "http://www.f-m-shop.de/seiten/prod_detail_neuer.cfm?kat=GRA1GBX&nav=2&artnr=A%20%2031460" "Mozilla/5.0 (Windows; U; Windows NT 6.1; de; rv:1.9.1.7) Gecko/20091221 Firefox/3.5.7"
192.168.10.10 - - [01/Feb/2010:16:01:36 +0100] "POST /livezilla/server.php?acid=591c3 HTTP/1.1" 200 - "-" "LiveZilla 3.1.7.7 [http://www.livezilla.net]"
192.168.10.13 - - [01/Feb/2010:16:01:41 +0100] "POST /livezilla/server.php?acid=6dd59 HTTP/1.1" 200 - "-" "LiveZilla 3.1.7.7 [http://www.livezilla.net]"
77.21.10.48 - - [01/Feb/2010:16:02:26 +0100] "GET /livezilla/image.php?id=04 HTTP/1.1" 200 7276 "http://www.f-m-shop.de/seiten/prod_detail_neuer.cfm?kat=GRA1GBX&nav=2&artnr=A 31460" "Mozilla/4.0 (compatible; MSIE 8.0; Windows NT 6.1; WOW64; Trident/4.0; GTB6.4; SLCC2; .NET CLR 2.0.50727; .NET CLR 3.5.30729; .NET CLR 3.0.30729; Media Center PC 6.0)"
192.168.10.10 - - [01/Feb/2010:16:02:25 +0100] "POST /livezilla/server.php?acid=c872d HTTP/1.1" 200 - "-" "LiveZilla 3.1.7.7 [http://www.livezilla.net]"
192.168.10.13 - - [01/Feb/2010:16:02:29 +0100] "POST /livezilla/server.php?acid=7ba89 HTTP/1.1" 200 - "-" "LiveZilla 3.1.7.7 [http://www.livezilla.net]"
