62.225.112.236 - - [01/Feb/2010:13:36:28 +0100] "GET /livezilla/image.php?id=04 HTTP/1.1" 200 7276 "http://www.f-m-shop.de/seiten/prod_detail_neuer.cfm?kat=INTSATA&nav=2&artnr=A%20%2021626" "Mozilla/5.0 (Windows; U; Windows NT 7.1; de; rv:1.8.1.20) Gecko/20091217 Firefox/3.9.9.20"
192.168.10.13 - - [01/Feb/2010:13:35:47 +0100] "POST /livezilla/server.php?acid=338d8 HTTP/1.1" 200 - "-" "LiveZilla 3.1.7.7 [http://www.livezilla.net]"
84.167.222.172 - - [01/Feb/2010:13:36:46 +0100] "GET /livezilla/image.php?id=04 HTTP/1.1" 200 7276 "http://www.f-m-shop.de/seiten/prod_detail_neuer.cfm?kat=GRA1GBX&nav=2&artnr=A%20%2029639" "Mozilla/5.0 (X11; U; Linux i686; de; rv:1.9.1.7) Gecko/20100106 Ubuntu/9.10 (karmic) Firefox/3.5.7"
87.178.44.154 - - [01/Feb/2010:13:37:06 +0100] "GET /livezilla/image.php?id=04 HTTP/1.1" 200 7276 "http://www.f-m-shop.de/seiten/prod_detail_neuer.cfm?kat=NETWLROU&nav=2&artnr=A%20%2031257" "Mozilla/5.0 (Windows; U; Windows NT 6.1; de; rv:1.9.2) Gecko/20100115 Firefox/3.6 (.NET CLR 3.5.30729)"
192.168.10.10 - - [01/Feb/2010:13:36:30 +0100] "POST /livezilla/server.php?acid=0b648 HTTP/1.1" 200 - "-" "LiveZilla 3.1.7.7 [http://www.livezilla.net]"
192.168.10.13 - - [01/Feb/2010:13:36:35 +0100] "POST /livezilla/server.php?acid=7f3aa HTTP/1.1" 200 - "-" "LiveZilla 3.1.7.7 [http://www.livezilla.net]"
92.230.71.117 - - [01/Feb/2010:13:37:30 +0100] "GET /livezilla/image.php?id=04 HTTP/1.1" 200 7276 "http://www.f-m-shop.de/seiten/prod_detail_neuer.cfm?kat=HIFMEDIA&nav=2&artnr=A%20%2022223" "Mozilla/5.0 (Windows; U; Windows NT 6.0; de; rv:1.9.1.7) Gecko/20091221 Firefox/3.5.7 (.NET CLR 3.5.30729)"
193.26.47.75 - - [01/Feb/2010:13:37:31 +0100] "GET /livezilla/image.php?id=04 HTTP/1.1" 200 7276 "-" "Mozilla/4.0 (compatible;)"
193.26.47.75 - - [01/Feb/2010:13:37:32 +0100] "GET /livezilla/image.php?id=04 HTTP/1.1" 200 7276 "http://www.f-m-shop.de/seiten/prod_detail_neuer.cfm?kat=GRA1GBX&nav=2&artnr=A 29639" "Mozilla/4.0 (compatible; MSIE 6.0; Windows NT 5.1; SV1; .NET CLR 2.0.50727; InfoPath.1; .NET CLR 1.1.4322)"
91.63.124.132 - - [01/Feb/2010:13:37:54 +0100] "GET /livezilla/image.php?id=04 HTTP/1.1" 200 7276 "http://www.f-m-shop.de/seiten/prod_detail_neuer.cfm?kat=GRA1GBX&nav=2&artnr=A%20%2029639" "Opera/9.80 (Windows NT 5.1; U; de) Presto/2.2.15 Version/10.10"
192.168.10.10 - - [01/Feb/2010:13:37:18 +0100] "POST /livezilla/server.php?acid=76654 HTTP/1.1" 200 - "-" "LiveZilla 3.1.7.7 [http://www.livezilla.net]"
192.168.10.13 - - [01/Feb/2010:13:37:24 +0100] "POST /livezilla/server.php?acid=9e61c HTTP/1.1" 200 - "-" "LiveZilla 3.1.7.7 [http://www.livezilla.net]"
87.177.131.223 - - [01/Feb/2010:13:38:08 +0100] "GET /livezilla/image.php?id=04 HTTP/1.1" 200 7276 "http://www.f-m-shop.de/seiten/prod_detail_neuer.cfm?kat=GRA1GBX&nav=2&artnr=A%20%2029639" "Mozilla/5.0 (Windows; U; Windows NT 5.1; de; rv:1.9.1.7) Gecko/20091221 Firefox/3.5.7"
91.44.165.155 - - [01/Feb/2010:13:38:16 +0100] "GET /livezilla/image.php?id=04 HTTP/1.1" 200 7276 "http://www.f-m-shop.de/seiten/prod_detail_neuer.cfm?kat=GRA1GBX&nav=2&artnr=A 29639" "Mozilla/4.0 (compatible; MSIE 8.0; Windows NT 6.1; WOW64; Trident/4.0; GTB6; SLCC2; .NET CLR 2.0.50727; .NET CLR 3.5.30729; .NET CLR 3.0.30729; Media Center PC 6.0; .NET CLR 1.1.4322)"
195.50.133.34 - - [01/Feb/2010:13:38:22 +0100] "GET /livezilla/image.php?id=04 HTTP/1.1" 200 7276 "http://www.f-m-shop.de/seiten/prod_detail_neuer.cfm?kat=GRA1GBX&nav=2&artnr=A%20%2029639" "Mozilla/5.0 (Windows; U; Windows NT 6.0; de; rv:1.9.2) Gecko/20100115 Firefox/3.6 (.NET CLR 3.5.30729)"
195.50.133.34 - - [01/Feb/2010:13:38:44 +0100] "GET /livezilla/image.php?id=04 HTTP/1.1" 200 7276 "http://www.f-m-shop.de/seiten/prod_detail_neuer.cfm?kat=GRA1GBX&nav=2&artnr=A%20%2029639" "Mozilla/5.0 (Windows; U; Windows NT 6.0; de; rv:1.9.2) Gecko/20100115 Firefox/3.6 (.NET CLR 3.5.30729)"
192.168.10.10 - - [01/Feb/2010:13:38:06 +0100] "POST /livezilla/server.php?acid=a091f HTTP/1.1" 200 - "-" "LiveZilla 3.1.7.7 [http://www.livezilla.net]"
81.210.232.163 - - [01/Feb/2010:13:38:51 +0100] "GET /livezilla/image.php?id=04 HTTP/1.1" 200 7276 "http://www.f-m-shop.de/seiten/prod_detail_neuer.cfm?kat=GRA1GBX&nav=2&artnr=A%20%2029639" "Opera/9.80 (Windows NT 6.1; U; de) Presto/2.2.15 Version/10.10"
80.153.224.213 - - [01/Feb/2010:13:38:53 +0100] "GET /livezilla/image.php?id=04 HTTP/1.0" 200 7276 "http://www.f-m-shop.de/seiten/prod_detail_neuer.cfm?kat=GRA1GBX&nav=2&artnr=A 29639" "Mozilla/4.0 (compatible; MSIE 7.0; Windows NT 5.1; .NET CLR 2.0.50727; .NET CLR 3.0.4506.2152; .NET CLR 3.5.30729; InfoPath.1)"
192.168.10.13 - - [01/Feb/2010:13:38:12 +0100] "POST /livezilla/server.php?acid=88175 HTTP/1.1" 200 - "-" "LiveZilla 3.1.7.7 [http://www.livezilla.net]"
217.230.134.241 - - [01/Feb/2010:13:39:14 +0100] "GET /livezilla/image.php?id=04 HTTP/1.1" 200 7276 "http://www.f-m-shop.de/seiten/prod_detail_neuer.cfm?kat=GRA1GBX&nav=2&artnr=A%20%2029639" "Mozilla/5.0 (Windows; U; Windows NT 5.1; de; rv:1.9.1.7) Gecko/20091221 Firefox/3.5.7 (.NET CLR 3.5.30729)"
192.168.10.10 - - [01/Feb/2010:13:38:55 +0100] "POST /livezilla/server.php?acid=754d4 HTTP/1.1" 200 - "-" "LiveZilla 3.1.7.7 [http://www.livezilla.net]"
83.160.204.66 - - [01/Feb/2010:13:39:44 +0100] "GET /livezilla/image.php?id=04 HTTP/1.1" 200 7276 "http://www.f-m-shop.de/seiten/prod_detail_neuer.cfm?name=HDD%20SATA-1.5TB%20SEAGATE%207200rpm%2032MB&artnr=A%20%2026525&nav=2&kat=HDDSATA&kat_her=&p_sort=&b_sort=ASC" "Mozilla/5.0 (Windows; U; Windows NT 5.1; nl; rv:1.9.2) Gecko/20100115 Firefox/3.6 (.NET CLR 3.5.30729)"
192.168.10.13 - - [01/Feb/2010:13:39:00 +0100] "POST /livezilla/server.php?acid=405df HTTP/1.1" 200 - "-" "LiveZilla 3.1.7.7 [http://www.livezilla.net]"
192.168.10.10 - - [01/Feb/2010:13:39:43 +0100] "POST /livezilla/server.php?acid=2c1f6 HTTP/1.1" 200 - "-" "LiveZilla 3.1.7.7 [http://www.livezilla.net]"
192.168.10.13 - - [01/Feb/2010:13:39:49 +0100] "POST /livezilla/server.php?acid=b7e74 HTTP/1.1" 200 - "-" "LiveZilla 3.1.7.7 [http://www.livezilla.net]"
83.160.204.66 - - [01/Feb/2010:13:40:43 +0100] "GET /livezilla/image.php?id=04 HTTP/1.1" 200 7276 "http://www.f-m-shop.de/seiten/prod_detail_neuer.cfm?name=HDD%20SATA-1.0TB%20WD10EARS%205400rpm%2064MB&artnr=A%20%2031399&nav=2&kat=HDDSATA&kat_her=&p_sort=&b_sort=ASC" "Mozilla/5.0 (Windows; U; Windows NT 5.1; nl; rv:1.9.2) Gecko/20100115 Firefox/3.6 (.NET CLR 3.5.30729)"
192.168.10.10 - - [01/Feb/2010:13:40:31 +0100] "POST /livezilla/server.php?acid=0460e HTTP/1.1" 200 - "-" "LiveZilla 3.1.7.7 [http://www.livezilla.net]"
192.168.10.13 - - [01/Feb/2010:13:40:37 +0100] "POST /livezilla/server.php?acid=2766b HTTP/1.1" 200 - "-" "LiveZilla 3.1.7.7 [http://www.livezilla.net]"
93.199.84.55 - - [01/Feb/2010:13:41:23 +0100] "GET /livezilla/image.php?id=04 HTTP/1.1" 200 7276 "http://www.f-m-shop.de/seiten/prod_detail_neuer.cfm?kat=NETWLROU&nav=2&artnr=A%20%2031257" "Mozilla/5.0 (Macintosh; U; Intel Mac OS X 10.6; de; rv:1.9.2) Gecko/20100115 Firefox/3.6"
192.168.10.10 - - [01/Feb/2010:13:41:20 +0100] "POST /livezilla/server.php?acid=153bb HTTP/1.1" 200 - "-" "LiveZilla 3.1.7.7 [http://www.livezilla.net]"
192.168.10.13 - - [01/Feb/2010:13:41:25 +0100] "POST /livezilla/server.php?acid=7c07b HTTP/1.1" 200 - "-" "LiveZilla 3.1.7.7 [http://www.livezilla.net]"
82.82.86.128 - - [01/Feb/2010:13:42:29 +0100] "GET /livezilla/image.php?id=04 HTTP/1.1" 200 7276 "http://www.f-m-shop.de/seiten/prod_detail_neuer.cfm?name=LCD 61cm (24\") SAMSUNG Syncmaster 2494HS&artnr=A%20%2028387&nav=2&kat=MONT24&kat_her=SAMSUNG&p_sort=&b_sort=ASC" "Mozilla/4.0 (compatible; MSIE 8.0; Windows NT 5.1; Trident/4.0; GTB6; .NET CLR 1.0.3705; .NET CLR 1.1.4322; Media Center PC 4.0)"
192.168.10.10 - - [01/Feb/2010:13:42:08 +0100] "POST /livezilla/server.php?acid=105d2 HTTP/1.1" 200 - "-" "LiveZilla 3.1.7.7 [http://www.livezilla.net]"
192.168.10.13 - - [01/Feb/2010:13:42:14 +0100] "POST /livezilla/server.php?acid=19e19 HTTP/1.1" 200 - "-" "LiveZilla 3.1.7.7 [http://www.livezilla.net]"
80.145.214.249 - - [01/Feb/2010:13:43:08 +0100] "GET /livezilla/image.php?id=04 HTTP/1.0" 200 7276 "http://www.f-m-shop.de/seiten/prod_detail_neuer.cfm?kat=EINTAST&nav=2&artnr=A 13275" "Mozilla/4.0 (compatible; MSIE 8.0; Windows NT 5.1; Trident/4.0; .NET CLR 1.1.4322; .NET CLR 2.0.50727; .NET CLR 3.0.4506.2152; .NET CLR 3.5.30729)"
192.168.10.10 - - [01/Feb/2010:13:42:56 +0100] "POST /livezilla/server.php?acid=9949d HTTP/1.1" 200 - "-" "LiveZilla 3.1.7.7 [http://www.livezilla.net]"
192.168.10.13 - - [01/Feb/2010:13:43:02 +0100] "POST /livezilla/server.php?acid=830b4 HTTP/1.1" 200 - "-" "LiveZilla 3.1.7.7 [http://www.livezilla.net]"
78.142.185.242 - - [01/Feb/2010:13:43:58 +0100] "GET /livezilla/image.php?id=04 HTTP/1.1" 200 7276 "http://www.f-m-shop.de/seiten/prod_detail_neuer.cfm?kat=MONT22&nav=2&artnr=A%20%2025192" "Mozilla/5.0 (Windows; U; Windows NT 5.1; de; rv:1.9.2) Gecko/20100115 Firefox/3.6 (.NET CLR 3.5.30729)"
109.40.194.222 - - [01/Feb/2010:13:44:09 +0100] "GET /livezilla/image.php?id=04 HTTP/1.1" 200 7276 "http://www.f-m-shop.de/seiten/prod_detail_neuer.cfm?kat=GRA1GBX&nav=2&artnr=A%20%2029639" "Mozilla/5.0 (Windows; U; Windows NT 6.1; en-US) AppleWebKit/532.0 (KHTML, like Gecko) Chrome/3.0.195.38 Safari/532.0"
192.168.10.10 - - [01/Feb/2010:13:43:45 +0100] "POST /livezilla/server.php?acid=560a7 HTTP/1.1" 200 - "-" "LiveZilla 3.1.7.7 [http://www.livezilla.net]"
192.168.10.13 - - [01/Feb/2010:13:43:50 +0100] "POST /livezilla/server.php?acid=69147 HTTP/1.1" 200 - "-" "LiveZilla 3.1.7.7 [http://www.livezilla.net]"
78.142.185.242 - - [01/Feb/2010:13:44:59 +0100] "GET /livezilla/image.php?id=04 HTTP/1.1" 200 7276 "http://www.f-m-shop.de/seiten/prod_detail_neuer.cfm?kat=MONT22&nav=2&artnr=A%20%2025192" "Mozilla/5.0 (Windows; U; Windows NT 5.1; de; rv:1.9.2) Gecko/20100115 Firefox/3.6 (.NET CLR 3.5.30729)"
192.168.10.10 - - [01/Feb/2010:13:44:33 +0100] "POST /livezilla/server.php?acid=af32d HTTP/1.1" 200 - "-" "LiveZilla 3.1.7.7 [http://www.livezilla.net]"
192.168.10.13 - - [01/Feb/2010:13:44:39 +0100] "POST /livezilla/server.php?acid=62a3c HTTP/1.1" 200 - "-" "LiveZilla 3.1.7.7 [http://www.livezilla.net]"
192.168.10.10 - - [01/Feb/2010:13:45:21 +0100] "POST /livezilla/server.php?acid=e3e5d HTTP/1.1" 200 - "-" "LiveZilla 3.1.7.7 [http://www.livezilla.net]"
192.168.10.13 - - [01/Feb/2010:13:45:27 +0100] "POST /livezilla/server.php?acid=2b68a HTTP/1.1" 200 - "-" "LiveZilla 3.1.7.7 [http://www.livezilla.net]"
87.160.63.150 - - [01/Feb/2010:13:46:16 +0100] "GET /livezilla/image.php?id=04 HTTP/1.1" 200 7276 "http://www.f-m-shop.de/seiten/prod_detail_neuer.cfm?kat=GRA1GBX&nav=2&artnr=A 29639" "Mozilla/4.0 (compatible; MSIE 8.0; Windows NT 5.1; Trident/4.0; FDM; .NET CLR 2.0.50727; .NET CLR 3.0.4506.2152; .NET CLR 3.5.30729)"
87.139.93.253 - - [01/Feb/2010:13:46:17 +0100] "GET /livezilla/image.php?id=04 HTTP/1.1" 200 7276 "http://www.f-m-shop.de/seiten/prod_detail_neuer.cfm?kat=GRA1GBX&nav=2&artnr=A%20%2029639" "Mozilla/5.0 (Windows; U; Windows NT 6.1; de; rv:1.9.2) Gecko/20100115 Firefox/3.6 (.NET CLR 3.5.30729)"
79.229.29.60 - - [01/Feb/2010:13:46:44 +0100] "GET /livezilla/image.php?id=04 HTTP/1.1" 200 7276 "http://www.f-m-shop.de/seiten/prod_detail_neuer.cfm?kat=GRA1GBX&nav=2&artnr=A%20%2029639" "Mozilla/5.0 (Windows; U; Windows NT 5.1; de; rv:1.9.1.6) Gecko/20091201 Firefox/3.5.6"
89.15.254.24 - - [01/Feb/2010:13:46:50 +0100] "GET /livezilla/image.php?id=04 HTTP/1.1" 200 7276 "http://www.f-m-shop.de/seiten/prod_detail_neuer.cfm?kat=INTSATA&nav=2&artnr=A%20%2017488" "Mozilla/5.0 (Windows; U; Windows NT 6.1; de; rv:1.9.2) Gecko/20100115 Firefox/3.6"
192.168.10.10 - - [01/Feb/2010:13:46:10 +0100] "POST /livezilla/server.php?acid=d8c72 HTTP/1.1" 200 - "-" "LiveZilla 3.1.7.7 [http://www.livezilla.net]"
192.168.10.13 - - [01/Feb/2010:13:46:15 +0100] "POST /livezilla/server.php?acid=8fa3c HTTP/1.1" 200 - "-" "LiveZilla 3.1.7.7 [http://www.livezilla.net]"
92.230.71.117 - - [01/Feb/2010:13:47:13 +0100] "GET /livezilla/image.php?id=04 HTTP/1.1" 200 7276 "http://www.f-m-shop.de/seiten/prod_detail_neuer.cfm?kat=HIFMEDIA&nav=2&artnr=A%20%2022223" "Mozilla/5.0 (Windows; U; Windows NT 6.0; de; rv:1.9.1.7) Gecko/20091221 Firefox/3.5.7 (.NET CLR 3.5.30729)"
217.235.103.168 - - [01/Feb/2010:13:47:13 +0100] "GET /livezilla/image.php?id=04 HTTP/1.1" 200 7276 "http://www.f-m-shop.de/seiten/prod_detail_neuer.cfm?kat=GRA1GBX&nav=2&artnr=A 29639" "Mozilla/4.0 (compatible; MSIE 8.0; Windows NT 5.1; Trident/4.0; .NET CLR 1.1.4322; .NET CLR 2.0.50727; .NET CLR 3.0.4506.2152; .NET CLR 3.5.30729)"
192.168.10.10 - - [01/Feb/2010:13:46:58 +0100] "POST /livezilla/server.php?acid=13f56 HTTP/1.1" 200 - "-" "LiveZilla 3.1.7.7 [http://www.livezilla.net]"
192.168.10.13 - - [01/Feb/2010:13:47:03 +0100] "POST /livezilla/server.php?acid=42a11 HTTP/1.1" 200 - "-" "LiveZilla 3.1.7.7 [http://www.livezilla.net]"
88.152.231.112 - - [01/Feb/2010:13:48:01 +0100] "GET /livezilla/image.php?id=04 HTTP/1.1" 200 7276 "http://www.f-m-shop.de/seiten/prod_detail_neuer.cfm?kat=GRA1GBX&nav=2&artnr=A%20%2029639" "Mozilla/5.0 (Windows; U; Windows NT 5.1; de; rv:1.9.1.7) Gecko/20091221 Firefox/3.5.7"
192.168.10.10 - - [01/Feb/2010:13:47:46 +0100] "POST /livezilla/server.php?acid=843bb HTTP/1.1" 200 - "-" "LiveZilla 3.1.7.7 [http://www.livezilla.net]"
192.168.10.13 - - [01/Feb/2010:13:47:52 +0100] "POST /livezilla/server.php?acid=c700e HTTP/1.1" 200 - "-" "LiveZilla 3.1.7.7 [http://www.livezilla.net]"
91.18.78.187 - - [01/Feb/2010:13:49:05 +0100] "GET /livezilla/image.php?id=04 HTTP/1.1" 200 7276 "http://www.f-m-shop.de/seiten/prod_detail_neuer.cfm?kat=GRA1GBX&nav=2&artnr=A 29639" "Mozilla/4.0 (compatible; MSIE 7.0; Windows NT 5.1; GTB6.4; .NET CLR 2.0.50727; .NET CLR 3.0.04506.648; .NET CLR 3.5.21022; .NET CLR 3.0.4506.2152; .NET CLR 3.5.30729; FDM)"
192.168.10.10 - - [01/Feb/2010:13:48:35 +0100] "POST /livezilla/server.php?acid=08cb4 HTTP/1.1" 200 - "-" "LiveZilla 3.1.7.7 [http://www.livezilla.net]"
192.168.10.13 - - [01/Feb/2010:13:48:40 +0100] "POST /livezilla/server.php?acid=d940f HTTP/1.1" 200 - "-" "LiveZilla 3.1.7.7 [http://www.livezilla.net]"
217.6.168.21 - - [01/Feb/2010:13:49:33 +0100] "GET /livezilla/image.php?id=04 HTTP/1.1" 200 7276 "http://www.f-m-shop.de/seiten/prod_detail_neuer.cfm?kat=VOITEL&nav=2&artnr=A%20%2024907" "Mozilla/5.0 (Windows; U; Windows NT 6.1; en-US) AppleWebKit/532.9 (KHTML, like Gecko) Iron/4.0.280.0 Chrome/4.0.280.0 Safari/532.9"
192.168.10.10 - - [01/Feb/2010:13:49:23 +0100] "POST /livezilla/server.php?acid=0cfc3 HTTP/1.1" 200 - "-" "LiveZilla 3.1.7.7 [http://www.livezilla.net]"
192.168.10.13 - - [01/Feb/2010:13:49:29 +0100] "POST /livezilla/server.php?acid=69cba HTTP/1.1" 200 - "-" "LiveZilla 3.1.7.7 [http://www.livezilla.net]"
95.208.201.86 - - [01/Feb/2010:13:50:21 +0100] "GET /livezilla/image.php?id=04 HTTP/1.1" 200 7276 "http://www.f-m-shop.de/seiten/prod_detail_neuer.cfm?kat=GRA1GBX&nav=2&artnr=A%20%2029639" "Mozilla/5.0 (Macintosh; U; Intel Mac OS X 10_6_2; de-de) AppleWebKit/531.21.8 (KHTML, like Gecko) Version/4.0.4 Safari/531.21.10"
192.168.10.10 - - [01/Feb/2010:13:50:11 +0100] "POST /livezilla/server.php?acid=e019d HTTP/1.1" 200 - "-" "LiveZilla 3.1.7.7 [http://www.livezilla.net]"
192.168.10.13 - - [01/Feb/2010:13:50:17 +0100] "POST /livezilla/server.php?acid=a592d HTTP/1.1" 200 - "-" "LiveZilla 3.1.7.7 [http://www.livezilla.net]"
93.212.50.209 - - [01/Feb/2010:13:51:05 +0100] "GET /livezilla/image.php?id=04 HTTP/1.1" 200 7276 "http://www.f-m-shop.de/seiten/prod_detail_neuer.cfm?kat=GRA1GBX&nav=2&artnr=A%20%2029639" "Opera/9.80 (Windows NT 6.1; U; de) Presto/2.2.15 Version/10.10"
91.44.25.60 - - [01/Feb/2010:13:51:21 +0100] "GET /livezilla/image.php?id=04 HTTP/1.1" 200 7276 "http://www.f-m-shop.de/seiten/prod_detail_neuer.cfm?kat=NETWLROU&nav=2&artnr=A 31257" "Mozilla/4.0 (compatible; MSIE 8.0; Windows NT 6.1; WOW64; Trident/4.0; SLCC2; .NET CLR 2.0.50727; .NET CLR 3.5.30729; .NET CLR 3.0.30729; Media Center PC 6.0)"
93.212.50.209 - - [01/Feb/2010:13:51:31 +0100] "GET /livezilla/image.php?id=04 HTTP/1.1" 200 7276 "http://www.f-m-shop.de/seiten/prod_detail_neuer.cfm?kat=GRA1GBX&nav=2&artnr=A%20%2029639" "Opera/9.80 (Windows NT 6.1; U; de) Presto/2.2.15 Version/10.10"
93.212.50.209 - - [01/Feb/2010:13:51:36 +0100] "GET /livezilla/templates/style.css HTTP/1.1" 200 8998 "http://chat.f-m-shop.de/livezilla/livezilla.php" "Opera/9.80 (Windows NT 6.1; U; de) Presto/2.2.15 Version/10.10"
93.212.50.209 - - [01/Feb/2010:13:51:35 +0100] "GET /livezilla/livezilla.php HTTP/1.1" 200 72007 "http://www.f-m-shop.de/seiten/prod_detail_neuer.cfm?kat=GRA1GBX&nav=2&artnr=A%20%2029639" "Opera/9.80 (Windows NT 6.1; U; de) Presto/2.2.15 Version/10.10"
93.212.50.209 - - [01/Feb/2010:13:51:36 +0100] "GET /livezilla/images/favicon.ico HTTP/1.1" 200 43302 "http://chat.f-m-shop.de/livezilla/livezilla.php" "Opera/9.80 (Windows NT 6.1; U; de) Presto/2.2.15 Version/10.10"
93.212.50.209 - - [01/Feb/2010:13:51:36 +0100] "GET /livezilla/livezilla.php?template=lz_chat_frame.0.1 HTTP/1.1" 200 277 "http://chat.f-m-shop.de/livezilla/livezilla.php" "Opera/9.80 (Windows NT 6.1; U; de) Presto/2.2.15 Version/10.10"
93.212.50.209 - - [01/Feb/2010:13:51:36 +0100] "GET /livezilla/livezilla.php?template=lz_chat_frame.0.2 HTTP/1.1" 200 254 "http://chat.f-m-shop.de/livezilla/livezilla.php" "Opera/9.80 (Windows NT 6.1; U; de) Presto/2.2.15 Version/10.10"
93.212.50.209 - - [01/Feb/2010:13:51:36 +0100] "GET /livezilla/livezilla.php?template=lz_chat_frame.1.0 HTTP/1.1" 200 279 "http://chat.f-m-shop.de/livezilla/livezilla.php" "Opera/9.80 (Windows NT 6.1; U; de) Presto/2.2.15 Version/10.10"
93.212.50.209 - - [01/Feb/2010:13:51:37 +0100] "GET /livezilla/livezilla.php?template=lz_chat_frame.3.2.login& HTTP/1.1" 200 1019 "http://chat.f-m-shop.de/livezilla/livezilla.php" "Opera/9.80 (Windows NT 6.1; U; de) Presto/2.2.15 Version/10.10"
93.212.50.209 - - [01/Feb/2010:13:51:36 +0100] "GET /livezilla/livezilla.php?template=lz_chat_frame.0.0 HTTP/1.1" 200 259 "http://chat.f-m-shop.de/livezilla/livezilla.php" "Opera/9.80 (Windows NT 6.1; U; de) Presto/2.2.15 Version/10.10"
93.212.50.209 - - [01/Feb/2010:13:51:36 +0100] "GET /livezilla/livezilla.php?template=lz_chat_frame.1.1 HTTP/1.1" 200 2257 "http://chat.f-m-shop.de/livezilla/livezilla.php" "Opera/9.80 (Windows NT 6.1; U; de) Presto/2.2.15 Version/10.10"
93.212.50.209 - - [01/Feb/2010:13:51:37 +0100] "GET /livezilla/livezilla.php?template=lz_chat_frame.2.2 HTTP/1.1" 200 264 "http://chat.f-m-shop.de/livezilla/livezilla.php" "Opera/9.80 (Windows NT 6.1; U; de) Presto/2.2.15 Version/10.10"
195.200.34.50 - - [01/Feb/2010:13:51:37 +0100] "GET /livezilla/image.php?id=04 HTTP/1.1" 200 7276 "http://www.f-m-shop.de/seiten/prod_detail_neuer.cfm?kat=GRA1GBX&nav=2&artnr=A%20%2029639" "Mozilla/5.0 (Windows; U; Windows NT 5.1; de; rv:1.9.1.7) Gecko/20091221 Firefox/3.5.7"
93.212.50.209 - - [01/Feb/2010:13:51:37 +0100] "GET /livezilla/livezilla.php?template=lz_chat_frame.3.0 HTTP/1.1" 200 240 "http://chat.f-m-shop.de/livezilla/livezilla.php" "Opera/9.80 (Windows NT 6.1; U; de) Presto/2.2.15 Version/10.10"
93.212.50.209 - - [01/Feb/2010:13:51:38 +0100] "GET /livezilla/livezilla.php?template=lz_chat_frame.3.2.login.1.0& HTTP/1.1" 200 2939 "http://chat.f-m-shop.de/livezilla/livezilla.php?template=lz_chat_frame.3.2.login&" "Opera/9.80 (Windows NT 6.1; U; de) Presto/2.2.15 Version/10.10"
93.212.50.209 - - [01/Feb/2010:13:51:38 +0100] "GET /livezilla/images/lz_rep_bg_left.gif HTTP/1.1" 200 593 "http://chat.f-m-shop.de/livezilla/livezilla.php?template=lz_chat_frame.1.1" "Opera/9.80 (Windows NT 6.1; U; de) Presto/2.2.15 Version/10.10"
93.212.50.209 - - [01/Feb/2010:13:51:38 +0100] "GET /livezilla/intern_images/nopic.jpg HTTP/1.1" 200 3599 "http://chat.f-m-shop.de/livezilla/livezilla.php?template=lz_chat_frame.1.1" "Opera/9.80 (Windows NT 6.1; U; de) Presto/2.2.15 Version/10.10"
93.212.50.209 - - [01/Feb/2010:13:51:37 +0100] "GET /livezilla/livezilla.php?template=lz_chat_frame.3.2.login.0.0 HTTP/1.1" 200 1563 "http://chat.f-m-shop.de/livezilla/livezilla.php?template=lz_chat_frame.3.2.login&" "Opera/9.80 (Windows NT 6.1; U; de) Presto/2.2.15 Version/10.10"
93.212.50.209 - - [01/Feb/2010:13:51:38 +0100] "GET /livezilla/images/carrier_logo.gif HTTP/1.1" 200 6003 "http://chat.f-m-shop.de/livezilla/livezilla.php?template=lz_chat_frame.1.1" "Opera/9.80 (Windows NT 6.1; U; de) Presto/2.2.15 Version/10.10"
93.212.50.209 - - [01/Feb/2010:13:51:38 +0100] "GET /livezilla/images/icon_typing.gif HTTP/1.1" 200 1106 "http://chat.f-m-shop.de/livezilla/livezilla.php?template=lz_chat_frame.1.1" "Opera/9.80 (Windows NT 6.1; U; de) Presto/2.2.15 Version/10.10"
93.212.50.209 - - [01/Feb/2010:13:51:38 +0100] "GET /livezilla/images/chat_bg_footer.gif HTTP/1.1" 200 194 "http://chat.f-m-shop.de/livezilla/livezilla.php?template=lz_chat_frame.3.2.login.1.0&" "Opera/9.80 (Windows NT 6.1; U; de) Presto/2.2.15 Version/10.10"
93.212.50.209 - - [01/Feb/2010:13:51:38 +0100] "GET /livezilla/images/icon_info.gif HTTP/1.1" 200 1703 "http://chat.f-m-shop.de/livezilla/livezilla.php?template=lz_chat_frame.3.2.login.1.0&" "Opera/9.80 (Windows NT 6.1; U; de) Presto/2.2.15 Version/10.10"
93.212.50.209 - - [01/Feb/2010:13:51:37 +0100] "GET /livezilla/livezilla.php?template=lz_chat_frame.4.1 HTTP/1.1" 200 455 "http://chat.f-m-shop.de/livezilla/livezilla.php" "Opera/9.80 (Windows NT 6.1; U; de) Presto/2.2.15 Version/10.10"
93.212.50.209 - - [01/Feb/2010:13:51:38 +0100] "GET /livezilla/images/chat_bg_navigation_sub.gif HTTP/1.1" 200 76 "http://chat.f-m-shop.de/livezilla/livezilla.php?template=lz_chat_frame.3.2.login.1.0&" "Opera/9.80 (Windows NT 6.1; U; de) Presto/2.2.15 Version/10.10"
93.212.50.209 - - [01/Feb/2010:13:51:38 +0100] "GET /livezilla/images/lz_button.gif HTTP/1.1" 200 838 "http://chat.f-m-shop.de/livezilla/livezilla.php?template=lz_chat_frame.3.2.login.1.0&" "Opera/9.80 (Windows NT 6.1; U; de) Presto/2.2.15 Version/10.10"
93.212.50.209 - - [01/Feb/2010:13:51:38 +0100] "GET /livezilla/images/lz_button_extra.gif HTTP/1.1" 200 948 "http://chat.f-m-shop.de/livezilla/livezilla.php?template=lz_chat_frame.3.2.login.1.0&" "Opera/9.80 (Windows NT 6.1; U; de) Presto/2.2.15 Version/10.10"
93.212.50.209 - - [01/Feb/2010:13:51:38 +0100] "GET /livezilla/images/chat_bg_navigation.gif HTTP/1.1" 200 258 "http://chat.f-m-shop.de/livezilla/livezilla.php?template=lz_chat_frame.3.2.login.0.0" "Opera/9.80 (Windows NT 6.1; U; de) Presto/2.2.15 Version/10.10"
93.212.50.209 - - [01/Feb/2010:13:51:38 +0100] "GET /livezilla/images/chat_bg_navigation_left.gif HTTP/1.1" 200 1078 "http://chat.f-m-shop.de/livezilla/livezilla.php?template=lz_chat_frame.3.2.login.0.0" "Opera/9.80 (Windows NT 6.1; U; de) Presto/2.2.15 Version/10.10"
93.212.50.209 - - [01/Feb/2010:13:51:37 +0100] "GET /livezilla/livezilla.php?template=lz_chat_frame.2.0 HTTP/1.1" 200 263 "http://chat.f-m-shop.de/livezilla/livezilla.php" "Opera/9.80 (Windows NT 6.1; U; de) Presto/2.2.15 Version/10.10"
93.212.50.209 - - [01/Feb/2010:13:51:38 +0100] "GET /livezilla/images/button_mail.gif HTTP/1.1" 200 1348 "http://chat.f-m-shop.de/livezilla/livezilla.php?template=lz_chat_frame.3.2.login.0.0" "Opera/9.80 (Windows NT 6.1; U; de) Presto/2.2.15 Version/10.10"
93.212.50.209 - - [01/Feb/2010:13:51:38 +0100] "GET /livezilla/images/chat_bg_navigation_right.gif HTTP/1.1" 200 675 "http://chat.f-m-shop.de/livezilla/livezilla.php?template=lz_chat_frame.3.2.login.0.0" "Opera/9.80 (Windows NT 6.1; U; de) Presto/2.2.15 Version/10.10"
93.212.50.209 - - [01/Feb/2010:13:51:38 +0100] "GET /livezilla/images/button_close.gif HTTP/1.1" 200 1239 "http://chat.f-m-shop.de/livezilla/livezilla.php?template=lz_chat_frame.3.2.login.0.0" "Opera/9.80 (Windows NT 6.1; U; de) Presto/2.2.15 Version/10.10"
93.212.50.209 - - [01/Feb/2010:13:51:38 +0100] "GET /livezilla/images/chat_bg_navigation_dev.gif HTTP/1.1" 200 367 "http://chat.f-m-shop.de/livezilla/livezilla.php?template=lz_chat_frame.3.2.login.0.0" "Opera/9.80 (Windows NT 6.1; U; de) Presto/2.2.15 Version/10.10"
93.212.50.209 - - [01/Feb/2010:13:51:38 +0100] "GET /livezilla/livezilla.php?template=lz_chat_frame.5.1 HTTP/1.1" 200 265 "http://chat.f-m-shop.de/livezilla/livezilla.php" "Opera/9.80 (Windows NT 6.1; U; de) Presto/2.2.15 Version/10.10"
93.212.50.209 - - [01/Feb/2010:13:51:38 +0100] "GET /livezilla/images/button_fav.gif HTTP/1.1" 200 1344 "http://chat.f-m-shop.de/livezilla/livezilla.php?template=lz_chat_frame.3.2.login.0.0" "Opera/9.80 (Windows NT 6.1; U; de) Presto/2.2.15 Version/10.10"
93.212.50.209 - - [01/Feb/2010:13:51:38 +0100] "GET /livezilla/images/chat_bg_field.gif HTTP/1.1" 200 121 "http://chat.f-m-shop.de/livezilla/livezilla.php?template=lz_chat_frame.3.2.login.1.0&" "Opera/9.80 (Windows NT 6.1; U; de) Presto/2.2.15 Version/10.10"
93.212.50.209 - - [01/Feb/2010:13:51:38 +0100] "GET /livezilla/images/lz_rep_bg_right.gif HTTP/1.1" 200 590 "http://chat.f-m-shop.de/livezilla/livezilla.php?template=lz_chat_frame.1.1" "Opera/9.80 (Windows NT 6.1; U; de) Presto/2.2.15 Version/10.10"
93.212.50.209 - - [01/Feb/2010:13:51:38 +0100] "GET /livezilla/livezilla.php?template=lz_chat_frame.1.2 HTTP/1.1" 200 264 "http://chat.f-m-shop.de/livezilla/livezilla.php" "Opera/9.80 (Windows NT 6.1; U; de) Presto/2.2.15 Version/10.10"
93.212.50.209 - - [01/Feb/2010:13:51:38 +0100] "GET /livezilla/images/icon_network.gif HTTP/1.1" 200 354 "http://chat.f-m-shop.de/livezilla/livezilla.php?template=lz_chat_frame.3.2.login.1.0&" "Opera/9.80 (Windows NT 6.1; U; de) Presto/2.2.15 Version/10.10"
93.212.50.209 - - [01/Feb/2010:13:51:38 +0100] "GET /livezilla/images/lz_rep_bg.gif HTTP/1.1" 200 320 "http://chat.f-m-shop.de/livezilla/livezilla.php?template=lz_chat_frame.1.1" "Opera/9.80 (Windows NT 6.1; U; de) Presto/2.2.15 Version/10.10"
93.212.50.209 - - [01/Feb/2010:13:51:38 +0100] "GET /livezilla/images/lz_header.gif HTTP/1.1" 200 7285 "http://chat.f-m-shop.de/livezilla/livezilla.php?template=lz_chat_frame.1.1" "Opera/9.80 (Windows NT 6.1; U; de) Presto/2.2.15 Version/10.10"
93.212.50.209 - - [01/Feb/2010:13:51:38 +0100] "GET /livezilla/livezilla.php?template=lz_chat_frame.3.2.login.2.0 HTTP/1.1" 200 277 "http://chat.f-m-shop.de/livezilla/livezilla.php?template=lz_chat_frame.3.2.login&" "Opera/9.80 (Windows NT 6.1; U; de) Presto/2.2.15 Version/10.10"
93.212.50.209 - - [01/Feb/2010:13:51:38 +0100] "GET /livezilla/images/icon_vcard.gif HTTP/1.1" 200 559 "http://chat.f-m-shop.de/livezilla/livezilla.php?template=lz_chat_frame.1.1" "Opera/9.80 (Windows NT 6.1; U; de) Presto/2.2.15 Version/10.10"
93.212.50.209 - - [01/Feb/2010:13:51:38 +0100] "GET /livezilla/images/lz_header.gif HTTP/1.1" 200 7285 "http://chat.f-m-shop.de/livezilla/livezilla.php?template=lz_chat_frame.1.1" "Opera/9.80 (Windows NT 6.1; U; de) Presto/2.2.15 Version/10.10"
93.212.50.209 - - [01/Feb/2010:13:51:38 +0100] "GET /livezilla/images/icon_network.gif HTTP/1.1" 200 354 "http://chat.f-m-shop.de/livezilla/livezilla.php?template=lz_chat_frame.3.2.login.1.0&" "Opera/9.80 (Windows NT 6.1; U; de) Presto/2.2.15 Version/10.10"
93.212.50.209 - - [01/Feb/2010:13:51:38 +0100] "GET /livezilla/images/button_fav.gif HTTP/1.1" 200 1344 "http://chat.f-m-shop.de/livezilla/livezilla.php?template=lz_chat_frame.3.2.login.0.0" "Opera/9.80 (Windows NT 6.1; U; de) Presto/2.2.15 Version/10.10"
93.212.50.209 - - [01/Feb/2010:13:51:38 +0100] "GET /livezilla/images/icon_vcard.gif HTTP/1.1" 200 559 "http://chat.f-m-shop.de/livezilla/livezilla.php?template=lz_chat_frame.1.1" "Opera/9.80 (Windows NT 6.1; U; de) Presto/2.2.15 Version/10.10"
93.212.50.209 - - [01/Feb/2010:13:51:38 +0100] "GET /livezilla/livezilla.php?template=lz_chat_frame.3.3 HTTP/1.1" 200 239 "http://chat.f-m-shop.de/livezilla/livezilla.php" "Opera/9.80 (Windows NT 6.1; U; de) Presto/2.2.15 Version/10.10"
93.212.50.209 - - [01/Feb/2010:13:51:38 +0100] "GET /livezilla/images/lz_rep_bg.gif HTTP/1.1" 200 320 "http://chat.f-m-shop.de/livezilla/livezilla.php?template=lz_chat_frame.1.1" "Opera/9.80 (Windows NT 6.1; U; de) Presto/2.2.15 Version/10.10"
93.212.50.209 - - [01/Feb/2010:13:51:38 +0100] "GET /livezilla/images/lz_rep_bg_right.gif HTTP/1.1" 200 590 "http://chat.f-m-shop.de/livezilla/livezilla.php?template=lz_chat_frame.1.1" "Opera/9.80 (Windows NT 6.1; U; de) Presto/2.2.15 Version/10.10"
93.212.50.209 - - [01/Feb/2010:13:51:38 +0100] "GET /livezilla/images/chat_bg_field.gif HTTP/1.1" 200 121 "http://chat.f-m-shop.de/livezilla/livezilla.php?template=lz_chat_frame.3.2.login.1.0&" "Opera/9.80 (Windows NT 6.1; U; de) Presto/2.2.15 Version/10.10"
93.212.50.209 - - [01/Feb/2010:13:51:38 +0100] "GET /livezilla/images/chat_bg_navigation_dev.gif HTTP/1.1" 200 367 "http://chat.f-m-shop.de/livezilla/livezilla.php?template=lz_chat_frame.3.2.login.0.0" "Opera/9.80 (Windows NT 6.1; U; de) Presto/2.2.15 Version/10.10"
93.212.50.209 - - [01/Feb/2010:13:51:38 +0100] "GET /livezilla/images/chat_bg_footer_top.gif HTTP/1.1" 200 858 "http://chat.f-m-shop.de/livezilla/livezilla.php?template=lz_chat_frame.3.2.login.2.0" "Opera/9.80 (Windows NT 6.1; U; de) Presto/2.2.15 Version/10.10"
93.212.50.209 - - [01/Feb/2010:13:51:41 +0100] "POST /livezilla/server.php HTTP/1.1" 200 212 "http://chat.f-m-shop.de/livezilla/livezilla.php" "Opera/9.80 (Windows NT 6.1; U; de) Presto/2.2.15 Version/10.10"
93.212.50.209 - - [01/Feb/2010:13:51:41 +0100] "GET /livezilla/livezilla.php?template=lz_chat_frame.3.2.mail HTTP/1.1" 200 3993 "http://chat.f-m-shop.de/livezilla/livezilla.php" "Opera/9.80 (Windows NT 6.1; U; de) Presto/2.2.15 Version/10.10"
93.212.50.209 - - [01/Feb/2010:13:51:41 +0100] "GET /livezilla/images/button_print.gif HTTP/1.1" 200 1183 "http://chat.f-m-shop.de/livezilla/livezilla.php?template=lz_chat_frame.3.2.mail" "Opera/9.80 (Windows NT 6.1; U; de) Presto/2.2.15 Version/10.10"
93.212.50.209 - - [01/Feb/2010:13:51:41 +0100] "GET /livezilla/images/button_chat.gif HTTP/1.1" 200 1218 "http://chat.f-m-shop.de/livezilla/livezilla.php?template=lz_chat_frame.3.2.mail" "Opera/9.80 (Windows NT 6.1; U; de) Presto/2.2.15 Version/10.10"
192.168.10.10 - - [01/Feb/2010:13:51:00 +0100] "POST /livezilla/server.php?acid=d690e HTTP/1.1" 200 - "-" "LiveZilla 3.1.7.7 [http://www.livezilla.net]"
195.39.235.20 - - [01/Feb/2010:13:51:49 +0100] "GET /livezilla/image.php?id=04 HTTP/1.1" 200 7276 "http://www.f-m-shop.de/seiten/prod_detail_neuer.cfm?kat=NETWLROU&nav=2&artnr=A%20%2031257" "Mozilla/5.0 (Windows; U; Windows NT 5.1; de; rv:1.9.1.7) Gecko/20091221 (CK-Bauer) Firefox/3.5.7 (.NET CLR 3.5.30729)"
192.168.10.13 - - [01/Feb/2010:13:51:05 +0100] "POST /livezilla/server.php?acid=b2e82 HTTP/1.1" 200 - "-" "LiveZilla 3.1.7.7 [http://www.livezilla.net]"
92.116.135.189 - - [01/Feb/2010:13:51:53 +0100] "GET /livezilla/image.php?id=04 HTTP/1.1" 200 7276 "http://www.f-m-shop.de/seiten/prod_detail_neuer.cfm?kat=GRA1GBX&nav=2&artnr=A 29639" "Mozilla/4.0 (compatible; MSIE 8.0; Windows NT 6.1; Win64; x64; Trident/4.0; .NET CLR 2.0.50727; SLCC2; .NET CLR 3.5.30729; .NET CLR 3.0.30729; Media Center PC 6.0)"
192.168.10.10 - - [01/Feb/2010:13:51:48 +0100] "POST /livezilla/server.php?acid=7c8f9 HTTP/1.1" 200 - "-" "LiveZilla 3.1.7.7 [http://www.livezilla.net]"
192.168.10.13 - - [01/Feb/2010:13:51:54 +0100] "POST /livezilla/server.php?acid=8e4ee HTTP/1.1" 200 - "-" "LiveZilla 3.1.7.7 [http://www.livezilla.net]"
87.139.95.126 - - [01/Feb/2010:13:53:15 +0100] "GET /livezilla/image.php?id=04 HTTP/1.1" 200 7276 "http://www.f-m-shop.de/seiten/prod_detail_neuer.cfm?kat=GRA1GBX&nav=2&artnr=A%20%2029639" "Mozilla/5.0 (Windows; U; Windows NT 5.1; de; rv:1.9.1.7) Gecko/20091221 Firefox/3.5.7"
192.168.10.10 - - [01/Feb/2010:13:52:36 +0100] "POST /livezilla/server.php?acid=d6ed5 HTTP/1.1" 200 - "-" "LiveZilla 3.1.7.7 [http://www.livezilla.net]"
192.168.10.13 - - [01/Feb/2010:13:52:42 +0100] "POST /livezilla/server.php?acid=ea0af HTTP/1.1" 200 - "-" "LiveZilla 3.1.7.7 [http://www.livezilla.net]"
132.230.24.86 - - [01/Feb/2010:13:53:50 +0100] "GET /livezilla/image.php?id=04 HTTP/1.1" 200 7276 "http://www.f-m-shop.de/seiten/prod_detail_neuer.cfm?kat=DRUTONER&nav=2&artnr=A%20%2027224" "Mozilla/5.0 (Windows; U; Windows NT 6.1; de; rv:1.9.1.3) Gecko/20090824 Firefox/3.5.3"
192.168.10.10 - - [01/Feb/2010:13:53:25 +0100] "POST /livezilla/server.php?acid=3ce20 HTTP/1.1" 200 - "-" "LiveZilla 3.1.7.7 [http://www.livezilla.net]"
192.168.10.13 - - [01/Feb/2010:13:53:30 +0100] "POST /livezilla/server.php?acid=05692 HTTP/1.1" 200 - "-" "LiveZilla 3.1.7.7 [http://www.livezilla.net]"
77.186.198.126 - - [01/Feb/2010:13:54:22 +0100] "GET /livezilla/image.php?id=04 HTTP/1.1" 200 7276 "http://www.f-m-shop.de/seiten/prod_detail_neuer.cfm?kat=MONT22&nav=2&artnr=A%20%2023132" "Mozilla/5.0 (Windows; U; Windows NT 6.0; de; rv:1.9.1.7) Gecko/20091221 Firefox/3.5.7 GTB6 (.NET CLR 3.5.30729)"
84.164.56.125 - - [01/Feb/2010:13:54:42 +0100] "GET /livezilla/image.php?id=04 HTTP/1.1" 200 7276 "http://www.f-m-shop.de/seiten/prod_detail_neuer.cfm?kat=NETWLROU&nav=2&artnr=A%20%2031257" "Mozilla/5.0 (Windows; U; Windows NT 5.1; de; rv:1.9.2) Gecko/20100115 Firefox/3.6"
193.158.173.65 - - [01/Feb/2010:13:54:43 +0100] "GET /livezilla/image.php?id=04 HTTP/1.1" 200 7276 "http://www.f-m-shop.de/seiten/prod_detail_neuer.cfm?kat=GRA1GBX&nav=2&artnr=A%20%2029639" "Mozilla/5.0 (Windows; U; Windows NT 5.1; de; rv:1.9.1.7) Gecko/20091221 Firefox/3.5.7"
192.168.10.10 - - [01/Feb/2010:13:54:13 +0100] "POST /livezilla/server.php?acid=f67cf HTTP/1.1" 200 - "-" "LiveZilla 3.1.7.7 [http://www.livezilla.net]"
192.168.10.13 - - [01/Feb/2010:13:54:19 +0100] "POST /livezilla/server.php?acid=0cbcf HTTP/1.1" 200 - "-" "LiveZilla 3.1.7.7 [http://www.livezilla.net]"
141.6.11.11 - - [01/Feb/2010:13:55:45 +0100] "GET /livezilla/image.php?id=04 HTTP/1.1" 200 7276 "http://www.f-m-shop.de/seiten/prod_detail_neuer.cfm?kat=GRA1GBX&nav=2&artnr=A%20%2029639" "Opera/9.80 (Windows NT 5.1; U; de) Presto/2.2.15 Version/10.10"
192.168.10.10 - - [01/Feb/2010:13:55:01 +0100] "POST /livezilla/server.php?acid=39fcd HTTP/1.1" 200 - "-" "LiveZilla 3.1.7.7 [http://www.livezilla.net]"
192.168.10.13 - - [01/Feb/2010:13:55:07 +0100] "POST /livezilla/server.php?acid=76e30 HTTP/1.1" 200 - "-" "LiveZilla 3.1.7.7 [http://www.livezilla.net]"
192.168.10.10 - - [01/Feb/2010:13:55:49 +0100] "POST /livezilla/server.php?acid=336a9 HTTP/1.1" 200 - "-" "LiveZilla 3.1.7.7 [http://www.livezilla.net]"
213.70.209.132 - - [01/Feb/2010:13:56:34 +0100] "GET /livezilla/image.php?id=04 HTTP/1.1" 200 7276 "http://www.f-m-shop.de/seiten/prod_detail_neuer.cfm?kat=NETWLROU&nav=2&artnr=A%20%2031257" "Mozilla/5.0 (Windows; U; Windows NT 5.1; de; rv:1.9.0.13) Gecko/2009073022 Firefox/3.0.13"
213.70.209.132 - - [01/Feb/2010:13:56:34 +0100] "GET /livezilla/image.php?id=04 HTTP/1.1" 200 7276 "http://www.f-m-shop.de/seiten/prod_detail_neuer.cfm?kat=NETWLROU&nav=2&artnr=A%20%2031257" "Mozilla/5.0 (Windows; U; Windows NT 5.1; de; rv:1.9.0.13) Gecko/2009073022 Firefox/3.0.13"
77.22.230.82 - - [01/Feb/2010:13:56:38 +0100] "GET /livezilla/image.php?id=04 HTTP/1.1" 200 7276 "http://www.f-m-shop.de/seiten/prod_detail_neuer.cfm?kat=VOITEL&nav=2&artnr=A%20%2031256" "Mozilla/5.0 (Windows; U; Windows NT 6.0; de; rv:1.9.1.2) Gecko/20090729 Firefox/3.5.2 (.NET CLR 3.5.30729)"
192.168.10.13 - - [01/Feb/2010:13:55:55 +0100] "POST /livezilla/server.php?acid=534a6 HTTP/1.1" 200 - "-" "LiveZilla 3.1.7.7 [http://www.livezilla.net]"
79.242.9.19 - - [01/Feb/2010:13:57:17 +0100] "GET /livezilla/image.php?id=04 HTTP/1.1" 200 7276 "http://www.f-m-shop.de/seiten/prod_detail_neuer.cfm?kat=GRA1GBX&nav=2&artnr=A%20%2029639" "Mozilla/5.0 (Windows; U; Windows NT 6.0; de; rv:1.9.1.7) Gecko/20091221 Firefox/3.5.7 (.NET CLR 3.5.30729)"
83.218.32.43 - - [01/Feb/2010:13:57:21 +0100] "GET /livezilla/image.php?id=04 HTTP/1.1" 200 7276 "http://www.f-m-shop.de/seiten/prod_detail_neuer.cfm?kat=MULHEA&nav=2&artnr=A%20%2016560" "Mozilla/5.0 (Windows; U; Windows NT 5.1; de; rv:1.9.1.3) Gecko/20090915 Firefox/3.5.3"
192.168.10.10 - - [01/Feb/2010:13:56:38 +0100] "POST /livezilla/server.php?acid=38f8e HTTP/1.1" 200 - "-" "LiveZilla 3.1.7.7 [http://www.livezilla.net]"
217.91.82.62 - - [01/Feb/2010:13:57:26 +0100] "GET /livezilla/image.php?id=04 HTTP/1.1" 200 7276 "http://www.f-m-shop.de/seiten/prod_detail_neuer.cfm?kat=GRA1GBX&nav=2&artnr=A%20%2029639" "Mozilla/5.0 (Windows; U; Windows NT 5.1; de; rv:1.9.1.7) Gecko/20091221 Firefox/3.5.7 (.NET CLR 3.5.30729)"
192.168.10.13 - - [01/Feb/2010:13:56:43 +0100] "POST /livezilla/server.php?acid=f8179 HTTP/1.1" 200 - "-" "LiveZilla 3.1.7.7 [http://www.livezilla.net]"
77.186.120.145 - - [01/Feb/2010:13:57:34 +0100] "GET /livezilla/image.php?id=04 HTTP/1.1" 200 7276 "http://www.f-m-shop.de/seiten/prod_detail_neuer.cfm?name=SCANNER EPSON Perfection V500 Photo&artnr=A%20%2020014&nav=2&kat=SCANA4&kat_her=&p_sort=&b_sort=ASC" "Mozilla/4.0 (compatible; MSIE 6.0; Windows NT 5.1; SV1; .NET CLR 1.0.3705)"
77.186.120.145 - - [01/Feb/2010:13:57:53 +0100] "GET /livezilla/image.php?id=04 HTTP/1.1" 200 7276 "http://www.f-m-shop.de/seiten/prod_detail_neuer.cfm?name=SCANNER EPSON Perfection V700 Photo&artnr=A%20%2015010&nav=2&kat=SCANA4&kat_her=&p_sort=&b_sort=ASC" "Mozilla/4.0 (compatible; MSIE 6.0; Windows NT 5.1; SV1; .NET CLR 1.0.3705)"
192.168.10.10 - - [01/Feb/2010:13:57:26 +0100] "POST /livezilla/server.php?acid=1418d HTTP/1.1" 200 - "-" "LiveZilla 3.1.7.7 [http://www.livezilla.net]"
77.186.120.145 - - [01/Feb/2010:13:58:13 +0100] "GET /livezilla/image.php?id=04 HTTP/1.1" 200 7276 "http://www.f-m-shop.de/seiten/prod_detail_neuer.cfm?name=SCANNER CANON CanoScan 8800F A4 USB&artnr=A%20%2021589&nav=2&kat=SCANA4&kat_her=&p_sort=&b_sort=ASC" "Mozilla/4.0 (compatible; MSIE 6.0; Windows NT 5.1; SV1; .NET CLR 1.0.3705)"
91.15.109.161 - - [01/Feb/2010:13:58:15 +0100] "GET /livezilla/image.php?id=04 HTTP/1.1" 200 7276 "http://www.f-m-shop.de/seiten/prod_detail_neuer.cfm?kat=GRA1GBX&nav=2&artnr=A%20%2029639" "Mozilla/5.0 (Windows; U; Windows NT 5.1; de; rv:1.9.1.7) Gecko/20091221 Firefox/3.5.7 (.NET CLR 3.5.30729)"
192.168.10.13 - - [01/Feb/2010:13:57:32 +0100] "POST /livezilla/server.php?acid=0ceac HTTP/1.1" 200 - "-" "LiveZilla 3.1.7.7 [http://www.livezilla.net]"
188.193.35.236 - - [01/Feb/2010:13:58:49 +0100] "GET /livezilla/image.php?id=04 HTTP/1.0" 200 7276 "http://www.f-m-shop.de/seiten/prod_detail_neuer.cfm?kat=NOTZBH&nav=2&artnr=A%20%2027102" "Mozilla/5.0 (Windows; U; Windows NT 6.0; de; rv:1.9.1.7) Gecko/20091221 Firefox/3.5.7 (.NET CLR 3.5.30729)"
83.218.32.43 - - [01/Feb/2010:13:58:53 +0100] "GET /livezilla/image.php?id=04 HTTP/1.1" 200 7276 "http://www.f-m-shop.de/seiten/prod_detail_neuer.cfm?name=HEADSET%20ZBH%20DHSG%2DKabel%20zum%20GN9350&artnr=A%20%2016570&nav=2&kat=MULHEA" "Mozilla/5.0 (Windows; U; Windows NT 5.1; de; rv:1.9.1.3) Gecko/20090915 Firefox/3.5.3"
77.23.88.247 - - [01/Feb/2010:13:58:53 +0100] "GET /livezilla/image.php?id=04 HTTP/1.1" 200 7276 "http://www.f-m-shop.de/seiten/prod_detail_neuer.cfm?kat=GRA1GBX&nav=2&artnr=A%20%2029639" "Mozilla/5.0 (Windows; U; Windows NT 6.1; de; rv:1.9.2) Gecko/20100115 Firefox/3.6"
192.168.10.10 - - [01/Feb/2010:13:58:14 +0100] "POST /livezilla/server.php?acid=73ff6 HTTP/1.1" 200 - "-" "LiveZilla 3.1.7.7 [http://www.livezilla.net]"
192.168.10.13 - - [01/Feb/2010:13:58:20 +0100] "POST /livezilla/server.php?acid=f7c13 HTTP/1.1" 200 - "-" "LiveZilla 3.1.7.7 [http://www.livezilla.net]"
77.23.88.247 - - [01/Feb/2010:13:59:09 +0100] "GET /livezilla/templates/style.css HTTP/1.1" 200 8998 "http://chat.f-m-shop.de/livezilla/livezilla.php" "Mozilla/5.0 (Windows; U; Windows NT 6.1; de; rv:1.9.2) Gecko/20100115 Firefox/3.6"
77.23.88.247 - - [01/Feb/2010:13:59:09 +0100] "GET /livezilla/livezilla.php HTTP/1.1" 200 72007 "http://www.f-m-shop.de/seiten/prod_detail_neuer.cfm?kat=GRA1GBX&nav=2&artnr=A%20%2029639" "Mozilla/5.0 (Windows; U; Windows NT 6.1; de; rv:1.9.2) Gecko/20100115 Firefox/3.6"
77.23.88.247 - - [01/Feb/2010:13:59:09 +0100] "GET /livezilla/images/favicon.ico HTTP/1.1" 200 43302 "-" "Mozilla/5.0 (Windows; U; Windows NT 6.1; de; rv:1.9.2) Gecko/20100115 Firefox/3.6"
77.23.88.247 - - [01/Feb/2010:13:59:09 +0100] "GET /livezilla/livezilla.php?template=lz_chat_frame.1.1 HTTP/1.1" 200 2257 "http://chat.f-m-shop.de/livezilla/livezilla.php" "Mozilla/5.0 (Windows; U; Windows NT 6.1; de; rv:1.9.2) Gecko/20100115 Firefox/3.6"
77.23.88.247 - - [01/Feb/2010:13:59:09 +0100] "GET /livezilla/livezilla.php?template=lz_chat_frame.1.0 HTTP/1.1" 200 279 "http://chat.f-m-shop.de/livezilla/livezilla.php" "Mozilla/5.0 (Windows; U; Windows NT 6.1; de; rv:1.9.2) Gecko/20100115 Firefox/3.6"
77.23.88.247 - - [01/Feb/2010:13:59:09 +0100] "GET /livezilla/livezilla.php?template=lz_chat_frame.2.0 HTTP/1.1" 200 263 "http://chat.f-m-shop.de/livezilla/livezilla.php" "Mozilla/5.0 (Windows; U; Windows NT 6.1; de; rv:1.9.2) Gecko/20100115 Firefox/3.6"
77.23.88.247 - - [01/Feb/2010:13:59:09 +0100] "GET /livezilla/livezilla.php?template=lz_chat_frame.0.0 HTTP/1.1" 200 259 "http://chat.f-m-shop.de/livezilla/livezilla.php" "Mozilla/5.0 (Windows; U; Windows NT 6.1; de; rv:1.9.2) Gecko/20100115 Firefox/3.6"
77.23.88.247 - - [01/Feb/2010:13:59:09 +0100] "GET /livezilla/livezilla.php?template=lz_chat_frame.0.2 HTTP/1.1" 200 254 "http://chat.f-m-shop.de/livezilla/livezilla.php" "Mozilla/5.0 (Windows; U; Windows NT 6.1; de; rv:1.9.2) Gecko/20100115 Firefox/3.6"
77.23.88.247 - - [01/Feb/2010:13:59:09 +0100] "GET /livezilla/livezilla.php?template=lz_chat_frame.0.1 HTTP/1.1" 200 277 "http://chat.f-m-shop.de/livezilla/livezilla.php" "Mozilla/5.0 (Windows; U; Windows NT 6.1; de; rv:1.9.2) Gecko/20100115 Firefox/3.6"
77.23.88.247 - - [01/Feb/2010:13:59:10 +0100] "GET /livezilla/livezilla.php?template=lz_chat_frame.5.1 HTTP/1.1" 200 265 "http://chat.f-m-shop.de/livezilla/livezilla.php" "Mozilla/5.0 (Windows; U; Windows NT 6.1; de; rv:1.9.2) Gecko/20100115 Firefox/3.6"
77.23.88.247 - - [01/Feb/2010:13:59:10 +0100] "GET /livezilla/livezilla.php?template=lz_chat_frame.4.1 HTTP/1.1" 200 455 "http://chat.f-m-shop.de/livezilla/livezilla.php" "Mozilla/5.0 (Windows; U; Windows NT 6.1; de; rv:1.9.2) Gecko/20100115 Firefox/3.6"
77.23.88.247 - - [01/Feb/2010:13:59:11 +0100] "GET /livezilla/images/icon_vcard.gif HTTP/1.1" 200 559 "http://chat.f-m-shop.de/livezilla/livezilla.php?template=lz_chat_frame.1.1" "Mozilla/5.0 (Windows; U; Windows NT 6.1; de; rv:1.9.2) Gecko/20100115 Firefox/3.6"
77.23.88.247 - - [01/Feb/2010:13:59:10 +0100] "GET /livezilla/livezilla.php?template=lz_chat_frame.1.2 HTTP/1.1" 200 264 "http://chat.f-m-shop.de/livezilla/livezilla.php" "Mozilla/5.0 (Windows; U; Windows NT 6.1; de; rv:1.9.2) Gecko/20100115 Firefox/3.6"
77.23.88.247 - - [01/Feb/2010:13:59:11 +0100] "GET /livezilla/images/icon_typing.gif HTTP/1.1" 200 1106 "http://chat.f-m-shop.de/livezilla/livezilla.php?template=lz_chat_frame.1.1" "Mozilla/5.0 (Windows; U; Windows NT 6.1; de; rv:1.9.2) Gecko/20100115 Firefox/3.6"
77.23.88.247 - - [01/Feb/2010:13:59:11 +0100] "GET /livezilla/intern_images/nopic.jpg HTTP/1.1" 200 3599 "http://chat.f-m-shop.de/livezilla/livezilla.php?template=lz_chat_frame.1.1" "Mozilla/5.0 (Windows; U; Windows NT 6.1; de; rv:1.9.2) Gecko/20100115 Firefox/3.6"
77.23.88.247 - - [01/Feb/2010:13:59:11 +0100] "GET /livezilla/images/lz_header.gif HTTP/1.1" 200 7285 "http://chat.f-m-shop.de/livezilla/livezilla.php?template=lz_chat_frame.1.1" "Mozilla/5.0 (Windows; U; Windows NT 6.1; de; rv:1.9.2) Gecko/20100115 Firefox/3.6"
77.23.88.247 - - [01/Feb/2010:13:59:11 +0100] "GET /livezilla/images/carrier_logo.gif HTTP/1.1" 200 6003 "http://chat.f-m-shop.de/livezilla/livezilla.php?template=lz_chat_frame.1.1" "Mozilla/5.0 (Windows; U; Windows NT 6.1; de; rv:1.9.2) Gecko/20100115 Firefox/3.6"
77.23.88.247 - - [01/Feb/2010:13:59:11 +0100] "GET /livezilla/images/lz_rep_bg_left.gif HTTP/1.1" 200 593 "http://chat.f-m-shop.de/livezilla/livezilla.php?template=lz_chat_frame.1.1" "Mozilla/5.0 (Windows; U; Windows NT 6.1; de; rv:1.9.2) Gecko/20100115 Firefox/3.6"
77.23.88.247 - - [01/Feb/2010:13:59:11 +0100] "GET /livezilla/images/lz_rep_bg.gif HTTP/1.1" 200 320 "http://chat.f-m-shop.de/livezilla/livezilla.php?template=lz_chat_frame.1.1" "Mozilla/5.0 (Windows; U; Windows NT 6.1; de; rv:1.9.2) Gecko/20100115 Firefox/3.6"
77.23.88.247 - - [01/Feb/2010:13:59:10 +0100] "GET /livezilla/livezilla.php?template=lz_chat_frame.3.2.login& HTTP/1.1" 200 1019 "http://chat.f-m-shop.de/livezilla/livezilla.php" "Mozilla/5.0 (Windows; U; Windows NT 6.1; de; rv:1.9.2) Gecko/20100115 Firefox/3.6"
77.23.88.247 - - [01/Feb/2010:13:59:11 +0100] "GET /livezilla/images/lz_rep_bg_right.gif HTTP/1.1" 200 590 "http://chat.f-m-shop.de/livezilla/livezilla.php?template=lz_chat_frame.1.1" "Mozilla/5.0 (Windows; U; Windows NT 6.1; de; rv:1.9.2) Gecko/20100115 Firefox/3.6"
77.23.88.247 - - [01/Feb/2010:13:59:11 +0100] "GET /livezilla/livezilla.php?template=lz_chat_frame.3.2.login.0.0 HTTP/1.1" 200 1563 "http://chat.f-m-shop.de/livezilla/livezilla.php?template=lz_chat_frame.3.2.login&" "Mozilla/5.0 (Windows; U; Windows NT 6.1; de; rv:1.9.2) Gecko/20100115 Firefox/3.6"
77.23.88.247 - - [01/Feb/2010:13:59:11 +0100] "GET /livezilla/images/chat_bg_navigation_left.gif HTTP/1.1" 200 1078 "http://chat.f-m-shop.de/livezilla/livezilla.php?template=lz_chat_frame.3.2.login.0.0" "Mozilla/5.0 (Windows; U; Windows NT 6.1; de; rv:1.9.2) Gecko/20100115 Firefox/3.6"
77.23.88.247 - - [01/Feb/2010:13:59:11 +0100] "GET /livezilla/images/chat_bg_navigation_dev.gif HTTP/1.1" 200 367 "http://chat.f-m-shop.de/livezilla/livezilla.php?template=lz_chat_frame.3.2.login.0.0" "Mozilla/5.0 (Windows; U; Windows NT 6.1; de; rv:1.9.2) Gecko/20100115 Firefox/3.6"
77.23.88.247 - - [01/Feb/2010:13:59:11 +0100] "GET /livezilla/livezilla.php?template=lz_chat_frame.3.2.login.2.0 HTTP/1.1" 200 277 "http://chat.f-m-shop.de/livezilla/livezilla.php?template=lz_chat_frame.3.2.login&" "Mozilla/5.0 (Windows; U; Windows NT 6.1; de; rv:1.9.2) Gecko/20100115 Firefox/3.6"
77.23.88.247 - - [01/Feb/2010:13:59:11 +0100] "GET /livezilla/images/chat_bg_navigation_right.gif HTTP/1.1" 200 675 "http://chat.f-m-shop.de/livezilla/livezilla.php?template=lz_chat_frame.3.2.login.0.0" "Mozilla/5.0 (Windows; U; Windows NT 6.1; de; rv:1.9.2) Gecko/20100115 Firefox/3.6"
77.23.88.247 - - [01/Feb/2010:13:59:11 +0100] "GET /livezilla/images/chat_bg_footer.gif HTTP/1.1" 200 194 "http://chat.f-m-shop.de/livezilla/templates/style.css" "Mozilla/5.0 (Windows; U; Windows NT 6.1; de; rv:1.9.2) Gecko/20100115 Firefox/3.6"
77.23.88.247 - - [01/Feb/2010:13:59:11 +0100] "GET /livezilla/images/button_mail.gif HTTP/1.1" 200 1348 "http://chat.f-m-shop.de/livezilla/livezilla.php?template=lz_chat_frame.3.2.login.0.0" "Mozilla/5.0 (Windows; U; Windows NT 6.1; de; rv:1.9.2) Gecko/20100115 Firefox/3.6"
77.23.88.247 - - [01/Feb/2010:13:59:11 +0100] "GET /livezilla/images/chat_bg_navigation.gif HTTP/1.1" 200 258 "http://chat.f-m-shop.de/livezilla/templates/style.css" "Mozilla/5.0 (Windows; U; Windows NT 6.1; de; rv:1.9.2) Gecko/20100115 Firefox/3.6"
77.23.88.247 - - [01/Feb/2010:13:59:11 +0100] "GET /livezilla/images/button_fav.gif HTTP/1.1" 200 1344 "http://chat.f-m-shop.de/livezilla/livezilla.php?template=lz_chat_frame.3.2.login.0.0" "Mozilla/5.0 (Windows; U; Windows NT 6.1; de; rv:1.9.2) Gecko/20100115 Firefox/3.6"
77.23.88.247 - - [01/Feb/2010:13:59:11 +0100] "GET /livezilla/images/button_close.gif HTTP/1.1" 200 1239 "http://chat.f-m-shop.de/livezilla/livezilla.php?template=lz_chat_frame.3.2.login.0.0" "Mozilla/5.0 (Windows; U; Windows NT 6.1; de; rv:1.9.2) Gecko/20100115 Firefox/3.6"
77.23.88.247 - - [01/Feb/2010:13:59:10 +0100] "GET /livezilla/livezilla.php?template=lz_chat_frame.2.2 HTTP/1.1" 200 264 "http://chat.f-m-shop.de/livezilla/livezilla.php" "Mozilla/5.0 (Windows; U; Windows NT 6.1; de; rv:1.9.2) Gecko/20100115 Firefox/3.6"
77.23.88.247 - - [01/Feb/2010:13:59:11 +0100] "GET /livezilla/images/chat_bg_footer_top.gif HTTP/1.1" 200 858 "http://chat.f-m-shop.de/livezilla/templates/style.css" "Mozilla/5.0 (Windows; U; Windows NT 6.1; de; rv:1.9.2) Gecko/20100115 Firefox/3.6"
77.23.88.247 - - [01/Feb/2010:13:59:11 +0100] "GET /livezilla/livezilla.php?template=lz_chat_frame.3.2.login.1.0& HTTP/1.1" 200 2939 "http://chat.f-m-shop.de/livezilla/livezilla.php?template=lz_chat_frame.3.2.login&" "Mozilla/5.0 (Windows; U; Windows NT 6.1; de; rv:1.9.2) Gecko/20100115 Firefox/3.6"
77.23.88.247 - - [01/Feb/2010:13:59:11 +0100] "GET /livezilla/images/icon_info.gif HTTP/1.1" 200 1703 "http://chat.f-m-shop.de/livezilla/livezilla.php?template=lz_chat_frame.3.2.login.1.0&" "Mozilla/5.0 (Windows; U; Windows NT 6.1; de; rv:1.9.2) Gecko/20100115 Firefox/3.6"
77.23.88.247 - - [01/Feb/2010:13:59:11 +0100] "GET /livezilla/images/icon_network.gif HTTP/1.1" 200 354 "http://chat.f-m-shop.de/livezilla/livezilla.php?template=lz_chat_frame.3.2.login.1.0&" "Mozilla/5.0 (Windows; U; Windows NT 6.1; de; rv:1.9.2) Gecko/20100115 Firefox/3.6"
77.23.88.247 - - [01/Feb/2010:13:59:11 +0100] "GET /livezilla/images/lz_button.gif HTTP/1.1" 200 838 "http://chat.f-m-shop.de/livezilla/templates/style.css" "Mozilla/5.0 (Windows; U; Windows NT 6.1; de; rv:1.9.2) Gecko/20100115 Firefox/3.6"
77.23.88.247 - - [01/Feb/2010:13:59:10 +0100] "GET /livezilla/livezilla.php?template=lz_chat_frame.3.0 HTTP/1.1" 200 240 "http://chat.f-m-shop.de/livezilla/livezilla.php" "Mozilla/5.0 (Windows; U; Windows NT 6.1; de; rv:1.9.2) Gecko/20100115 Firefox/3.6"
77.23.88.247 - - [01/Feb/2010:13:59:11 +0100] "GET /livezilla/images/chat_bg_navigation_sub.gif HTTP/1.1" 200 76 "http://chat.f-m-shop.de/livezilla/templates/style.css" "Mozilla/5.0 (Windows; U; Windows NT 6.1; de; rv:1.9.2) Gecko/20100115 Firefox/3.6"
77.23.88.247 - - [01/Feb/2010:13:59:11 +0100] "GET /livezilla/images/chat_bg_field.gif HTTP/1.1" 200 121 "http://chat.f-m-shop.de/livezilla/templates/style.css" "Mozilla/5.0 (Windows; U; Windows NT 6.1; de; rv:1.9.2) Gecko/20100115 Firefox/3.6"
