195.50.155.99 - - [01/Feb/2010:16:22:59 +0100] "GET /livezilla/image.php?id=04 HTTP/1.1" 200 7276 "http://www.f-m-shop.de/seiten/prod_detail_neuer.cfm?kat=MONT22&nav=2&artnr=A%20%2029263" "Mozilla/5.0 (Windows; U; Windows NT 5.1; de; rv:1.9.1.3) Gecko/20090824 Firefox/3.5.3"
195.50.155.99 - - [01/Feb/2010:16:23:11 +0100] "GET /livezilla/image.php?id=04 HTTP/1.1" 200 7276 "http://www.f-m-shop.de/seiten/prod_detail_neuer.cfm?artnr=A%20%2029266&nav=2&kat=MONT22&kat_her=&p_sort=&b_sort=ASC" "Mozilla/5.0 (Windows; U; Windows NT 5.1; de; rv:1.9.1.3) Gecko/20090824 Firefox/3.5.3"
192.168.10.10 - - [01/Feb/2010:16:22:33 +0100] "POST /livezilla/server.php?acid=c285a HTTP/1.1" 200 - "-" "LiveZilla 3.1.7.7 [http://www.livezilla.net]"
192.168.10.13 - - [01/Feb/2010:16:22:41 +0100] "POST /livezilla/server.php?acid=791af HTTP/1.1" 200 - "-" "LiveZilla 3.1.7.7 [http://www.livezilla.net]"
192.168.10.10 - - [01/Feb/2010:16:23:22 +0100] "POST /livezilla/server.php?acid=2f89b HTTP/1.1" 200 - "-" "LiveZilla 3.1.7.7 [http://www.livezilla.net]"
80.129.71.14 - - [01/Feb/2010:16:24:10 +0100] "GET /livezilla/image.php?id=04 HTTP/1.1" 200 7276 "http://www.f-m-shop.de/seiten/prod_detail_neuer.cfm?kat=NETWLROU&nav=2&artnr=A%20%2031257" "Mozilla/4.0 (compatible; MSIE 8.0; Windows NT 6.0; Trident/4.0; GTB6.4; SLCC1; .NET CLR 2.0.50727; Media Center PC 5.0; .NET CLR 3.5.30729; .NET CLR 3.0.30729)"
192.168.10.13 - - [01/Feb/2010:16:23:29 +0100] "POST /livezilla/server.php?acid=2e1ef HTTP/1.1" 200 - "-" "LiveZilla 3.1.7.7 [http://www.livezilla.net]"
193.197.148.126 - - [01/Feb/2010:16:24:33 +0100] "GET /livezilla/image.php?id=04 HTTP/1.1" 200 7276 "http://www.f-m-shop.de/seiten/prod_detail_neuer.cfm?kat=NOTB16&nav=2&artnr=A 31748" "Mozilla/4.0 (compatible; MSIE 7.0; Windows NT 5.1; .NET CLR 2.0.50727; .NET CLR 3.0.04506.30; .NET CLR 3.0.04506.648; .NET CLR 3.0.4506.2152; .NET CLR 3.5.30729)"
91.53.212.142 - - [01/Feb/2010:16:24:33 +0100] "GET /livezilla/image.php?id=04 HTTP/1.1" 200 7276 "http://www.f-m-shop.de/seiten/prod_detail_neuer.cfm?kat=MONT23&nav=2&artnr=A%20%2029043" "Mozilla/5.0 (Windows; U; Windows NT 6.1; de; rv:1.9.2) Gecko/20100115 Firefox/3.6 (.NET CLR 3.5.30729)"
85.181.96.200 - - [01/Feb/2010:16:24:41 +0100] "GET /livezilla/image.php?id=04 HTTP/1.1" 200 7276 "http://www.f-m-shop.de/seiten/prod_detail_neuer.cfm?name=INTEL%20Xeon%20E5430%202660MHz%20LGA771%20aktiv%20FS&artnr=A%20%2021462&nav=2&kat=CPUXE&kat_her=&p_sort=&b_sort=ASC" "Mozilla/5.0 (Macintosh; U; Intel Mac OS X 10_5_8; de-de) AppleWebKit/531.21.8 (KHTML, like Gecko) Version/4.0.4 Safari/531.21.10"
192.168.10.10 - - [01/Feb/2010:16:24:10 +0100] "POST /livezilla/server.php?acid=e96da HTTP/1.1" 200 - "-" "LiveZilla 3.1.7.7 [http://www.livezilla.net]"
192.168.10.13 - - [01/Feb/2010:16:24:17 +0100] "POST /livezilla/server.php?acid=ccff7 HTTP/1.1" 200 - "-" "LiveZilla 3.1.7.7 [http://www.livezilla.net]"
87.187.182.106 - - [01/Feb/2010:16:25:07 +0100] "GET /livezilla/image.php?id=04 HTTP/1.1" 200 7276 "http://www.f-m-shop.de/seiten/prod_detail_neuer.cfm?kat=MONT23&nav=2&artnr=A%20%2030070" "Mozilla/5.0 (Windows; U; Windows NT 5.1; de; rv:1.9.1.7) Gecko/20091221 Firefox/3.5.7"
62.24.15.50 - - [01/Feb/2010:16:25:12 +0100] "GET /livezilla/image.php?id=04 HTTP/1.1" 200 7276 "http://www.f-m-shop.de/seiten/prod_detail_neuer.cfm?kat=NETWLROU&nav=2&artnr=A%20%2031257" "Mozilla/5.0 (Windows; U; Windows NT 6.1; de; rv:1.9.1.7) Gecko/20091221 Firefox/3.5.7"
192.168.10.10 - - [01/Feb/2010:16:24:58 +0100] "POST /livezilla/server.php?acid=a45c3 HTTP/1.1" 200 - "-" "LiveZilla 3.1.7.7 [http://www.livezilla.net]"
192.168.10.13 - - [01/Feb/2010:16:25:06 +0100] "POST /livezilla/server.php?acid=39cfb HTTP/1.1" 200 - "-" "LiveZilla 3.1.7.7 [http://www.livezilla.net]"
87.187.182.106 - - [01/Feb/2010:16:26:10 +0100] "GET /livezilla/image.php?id=04 HTTP/1.1" 200 7276 "http://www.f-m-shop.de/seiten/prod_detail_neuer.cfm?kat=MONT23&nav=2&artnr=A%20%2030070&content=spezifikation" "Mozilla/5.0 (Windows; U; Windows NT 5.1; de; rv:1.9.1.7) Gecko/20091221 Firefox/3.5.7"
192.168.10.10 - - [01/Feb/2010:16:25:47 +0100] "POST /livezilla/server.php?acid=85023 HTTP/1.1" 200 - "-" "LiveZilla 3.1.7.7 [http://www.livezilla.net]"
192.168.10.13 - - [01/Feb/2010:16:25:54 +0100] "POST /livezilla/server.php?acid=9f042 HTTP/1.1" 200 - "-" "LiveZilla 3.1.7.7 [http://www.livezilla.net]"
194.150.244.94 - - [01/Feb/2010:16:26:51 +0100] "GET /livezilla/image.php?id=04 HTTP/1.1" 200 7276 "http://www.f-m-shop.de/seiten/prod_detail_neuer.cfm?kat=GRA1GBX&nav=2&artnr=A 31460" "Mozilla/4.0 (compatible; MSIE 6.0; Windows NT 5.2; SV1; .NET CLR 1.1.4322; .NET CLR 2.0.50727; .NET CLR 3.0.4506.2152; .NET CLR 3.5.30729)"
95.223.245.2 - - [01/Feb/2010:16:27:13 +0100] "GET /livezilla/image.php?id=04 HTTP/1.1" 200 7276 "http://www.f-m-shop.de/seiten/prod_detail_neuer.cfm?kat=GRA1GBX&nav=2&artnr=A%20%2031460" "Mozilla/5.0 (Windows; U; Windows NT 6.1; de; rv:1.9.1.7) Gecko/20091221 Firefox/3.5.7"
192.168.10.10 - - [01/Feb/2010:16:26:35 +0100] "POST /livezilla/server.php?acid=82612 HTTP/1.1" 200 - "-" "LiveZilla 3.1.7.7 [http://www.livezilla.net]"
213.168.179.229 - - [01/Feb/2010:16:27:19 +0100] "GET /livezilla/image.php?id=04 HTTP/1.1" 200 7276 "http://www.f-m-shop.de/seiten/prod_detail_neuer.cfm?kat=GRA1GBX&nav=2&artnr=A 31460" "Mozilla/4.0 (compatible; MSIE 8.0; Windows NT 5.1; Trident/4.0; .NET CLR 2.0.50727; .NET CLR 3.0.04506.30; .NET CLR 1.1.4322; .NET CLR 3.0.04506.648; .NET CLR 3.0.4506.2152; .NET CLR 3.5.30729)"
192.168.10.13 - - [01/Feb/2010:16:26:42 +0100] "POST /livezilla/server.php?acid=d41f5 HTTP/1.1" 200 - "-" "LiveZilla 3.1.7.7 [http://www.livezilla.net]"
192.168.10.10 - - [01/Feb/2010:16:27:24 +0100] "POST /livezilla/server.php?acid=52b56 HTTP/1.1" 200 - "-" "LiveZilla 3.1.7.7 [http://www.livezilla.net]"
193.92.123.6 - - [01/Feb/2010:16:28:12 +0100] "GET /livezilla/image.php?id=04 HTTP/1.1" 200 7276 "http://www.f-m-shop.de/seiten/prod_detail_neuer.cfm?kat=MONT24&nav=2&artnr=A%20%2029040" "Mozilla/5.0 (Windows; U; Windows NT 5.1; en-US) AppleWebKit/532.0 (KHTML, like Gecko) Chrome/3.0.195.38 Safari/532.0"
192.168.10.13 - - [01/Feb/2010:16:27:31 +0100] "POST /livezilla/server.php?acid=82f2d HTTP/1.1" 200 - "-" "LiveZilla 3.1.7.7 [http://www.livezilla.net]"
192.168.10.10 - - [01/Feb/2010:16:28:12 +0100] "POST /livezilla/server.php?acid=6f752 HTTP/1.1" 200 - "-" "LiveZilla 3.1.7.7 [http://www.livezilla.net]"
77.180.2.49 - - [01/Feb/2010:16:29:02 +0100] "GET /livezilla/image.php?id=04 HTTP/1.1" 200 7276 "http://www.f-m-shop.de/seiten/prod_detail_neuer.cfm?kat=MONT27&nav=2&artnr=A%20%2031530" "Mozilla/5.0 (Windows; U; Windows NT 5.1; de; rv:1.9.0.17) Gecko/2009122116 Firefox/3.0.17"
192.168.10.13 - - [01/Feb/2010:16:28:19 +0100] "POST /livezilla/server.php?acid=00eb6 HTTP/1.1" 200 - "-" "LiveZilla 3.1.7.7 [http://www.livezilla.net]"
85.179.164.176 - - [01/Feb/2010:16:29:38 +0100] "GET /livezilla/image.php?id=04 HTTP/1.1" 200 7276 "http://www.f-m-shop.de/seiten/prod_detail_neuer.cfm?kat=MONT24&nav=2&artnr=A%20%2025678" "Mozilla/5.0 (Windows; U; Windows NT 5.1; de; rv:1.8.1.15) Gecko/20080623 Firefox/2.0.0.15"
192.168.10.10 - - [01/Feb/2010:16:29:00 +0100] "POST /livezilla/server.php?acid=02519 HTTP/1.1" 200 - "-" "LiveZilla 3.1.7.7 [http://www.livezilla.net]"
94.220.149.6 - - [01/Feb/2010:16:29:44 +0100] "GET /livezilla/image.php?id=04 HTTP/1.1" 200 7276 "http://www.f-m-shop.de/seiten/prod_detail_neuer.cfm?kat=GRA1GBX&nav=2&artnr=A%20%2029639" "Mozilla/5.0 (Windows; U; Windows NT 6.1; de; rv:1.9.1.7) Gecko/20091221 Firefox/3.5.7"
85.179.164.176 - - [01/Feb/2010:16:29:45 +0100] "GET /livezilla/image.php?id=04 HTTP/1.1" 200 7276 "http://www.f-m-shop.de/seiten/prod_detail_neuer.cfm?kat=MONT24&nav=2&artnr=A%20%2025678" "Mozilla/5.0 (Windows; U; Windows NT 5.1; de; rv:1.8.1.15) Gecko/20080623 Firefox/2.0.0.15"
84.171.19.101 - - [01/Feb/2010:16:29:49 +0100] "GET /livezilla/image.php?id=04 HTTP/1.1" 200 7276 "http://www.f-m-shop.de/seiten/prod_detail_neuer.cfm?name=ROUTER%20AVM%20FRITZ%21Box%20Fon%20WLAN%207390&artnr=A%20%2031257&nav=2&kat=NETWLROU" "Mozilla/5.0 (iPhone; U; CPU iPhone OS 3_1_2 like Mac OS X; de-de) AppleWebKit/528.18 (KHTML, like Gecko) Version/4.0 Mobile/7D11 Safari/528.16"
192.168.10.13 - - [01/Feb/2010:16:29:07 +0100] "POST /livezilla/server.php?acid=812d1 HTTP/1.1" 200 - "-" "LiveZilla 3.1.7.7 [http://www.livezilla.net]"
192.168.10.10 - - [01/Feb/2010:16:29:48 +0100] "POST /livezilla/server.php?acid=1c4cc HTTP/1.1" 200 - "-" "LiveZilla 3.1.7.7 [http://www.livezilla.net]"
93.133.78.202 - - [01/Feb/2010:16:30:35 +0100] "GET /livezilla/image.php?id=04 HTTP/1.1" 200 7276 "http://www.f-m-shop.de/seiten/prod_detail_neuer.cfm?kat=GRA1GBX&nav=2&artnr=A 29639" "Mozilla/4.0 (compatible; MSIE 8.0; Windows NT 5.1; Trident/4.0; .NET CLR 1.1.4322; .NET CLR 2.0.50727; .NET CLR 3.0.04506.30; .NET CLR 3.0.04506.648; .NET CLR 3.0.4506.2152; .NET CLR 3.5.30729)"
192.168.10.13 - - [01/Feb/2010:16:29:56 +0100] "POST /livezilla/server.php?acid=70350 HTTP/1.1" 200 - "-" "LiveZilla 3.1.7.7 [http://www.livezilla.net]"
192.168.10.10 - - [01/Feb/2010:16:30:37 +0100] "POST /livezilla/server.php?acid=4966a HTTP/1.1" 200 - "-" "LiveZilla 3.1.7.7 [http://www.livezilla.net]"
192.168.10.13 - - [01/Feb/2010:16:30:44 +0100] "POST /livezilla/server.php?acid=832cd HTTP/1.1" 200 - "-" "LiveZilla 3.1.7.7 [http://www.livezilla.net]"
89.27.193.221 - - [01/Feb/2010:16:32:01 +0100] "GET /livezilla/image.php?id=04 HTTP/1.1" 200 7276 "http://www.f-m-shop.de/seiten/prod_detail_neuer.cfm?kat=GRA1GBX&nav=2&artnr=A 31460" "Mozilla/4.0 (compatible; MSIE 8.0; Windows NT 5.1; Trident/4.0; GTB5; Mozilla/4.0 (compatible; MSIE 6.0; Windows NT 5.1; SV1) ; InfoPath.2; .NET CLR 2.0.50727; .NET CLR 3.0.4506.2152; .NET CLR 3.5.30729)"
192.168.10.10 - - [01/Feb/2010:16:31:25 +0100] "POST /livezilla/server.php?acid=f3ba8 HTTP/1.1" 200 - "-" "LiveZilla 3.1.7.7 [http://www.livezilla.net]"
192.168.10.13 - - [01/Feb/2010:16:31:32 +0100] "POST /livezilla/server.php?acid=9f925 HTTP/1.1" 200 - "-" "LiveZilla 3.1.7.7 [http://www.livezilla.net]"
80.144.192.192 - - [01/Feb/2010:16:32:50 +0100] "GET /livezilla/image.php?id=04 HTTP/1.1" 200 7276 "http://www.f-m-shop.de/seiten/prod_detail_neuer.cfm?kat=GRA1GBX&nav=2&artnr=A 29639" "Mozilla/4.0 (compatible; MSIE 8.0; Windows NT 6.1; WOW64; Trident/4.0; SLCC2; .NET CLR 2.0.50727; .NET CLR 3.5.30729; .NET CLR 3.0.30729; Media Center PC 6.0)"
192.168.10.10 - - [01/Feb/2010:16:32:13 +0100] "POST /livezilla/server.php?acid=0b5f3 HTTP/1.1" 200 - "-" "LiveZilla 3.1.7.7 [http://www.livezilla.net]"
192.168.10.13 - - [01/Feb/2010:16:32:21 +0100] "POST /livezilla/server.php?acid=2f412 HTTP/1.1" 200 - "-" "LiveZilla 3.1.7.7 [http://www.livezilla.net]"
91.57.201.156 - - [01/Feb/2010:16:33:37 +0100] "GET /livezilla/image.php?id=04 HTTP/1.1" 200 7276 "http://www.f-m-shop.de/seiten/prod_detail_neuer.cfm?kat=HDDSATA&nav=2&artnr=A%20%2026763" "Mozilla/5.0 (Windows; U; Windows NT 6.1; de; rv:1.9.1.7) Gecko/20091221 Firefox/3.5.7"
192.168.10.10 - - [01/Feb/2010:16:33:02 +0100] "POST /livezilla/server.php?acid=18cf7 HTTP/1.1" 200 - "-" "LiveZilla 3.1.7.7 [http://www.livezilla.net]"
192.168.10.13 - - [01/Feb/2010:16:33:09 +0100] "POST /livezilla/server.php?acid=263a9 HTTP/1.1" 200 - "-" "LiveZilla 3.1.7.7 [http://www.livezilla.net]"
94.220.149.6 - - [01/Feb/2010:16:33:56 +0100] "GET /livezilla/image.php?id=04 HTTP/1.1" 200 7276 "http://www.f-m-shop.de/seiten/prod_detail_neuer.cfm?kat=GRA1GBX&nav=2&artnr=A%20%2029639" "Mozilla/5.0 (Windows; U; Windows NT 6.1; de; rv:1.9.1.7) Gecko/20091221 Firefox/3.5.7"
84.185.140.124 - - [01/Feb/2010:16:34:08 +0100] "GET /livezilla/image.php?id=04 HTTP/1.1" 200 7276 "http://www.f-m-shop.de/seiten/prod_detail_neuer.cfm?kat=LFWBRRW&nav=2&artnr=A%20%2030435" "Mozilla/5.0 (Windows; U; Windows NT 6.1; de; rv:1.9.1.7) Gecko/20091221 Firefox/3.5.7"
80.121.121.79 - - [01/Feb/2010:16:34:24 +0100] "GET /livezilla/image.php?id=04 HTTP/1.1" 200 7276 "http://www.f-m-shop.de/seiten/prod_detail_neuer.cfm?kat=GRA1GBX&nav=2&artnr=A%20%2031460" "Mozilla/5.0 (Windows; U; Windows NT 6.1; de; rv:1.9.2) Gecko/20100115 Firefox/3.6"
192.168.10.10 - - [01/Feb/2010:16:33:50 +0100] "POST /livezilla/server.php?acid=623fd HTTP/1.1" 200 - "-" "LiveZilla 3.1.7.7 [http://www.livezilla.net]"
192.168.10.13 - - [01/Feb/2010:16:33:57 +0100] "POST /livezilla/server.php?acid=331c4 HTTP/1.1" 200 - "-" "LiveZilla 3.1.7.7 [http://www.livezilla.net]"
80.144.192.192 - - [01/Feb/2010:16:34:48 +0100] "GET /livezilla/image.php?id=04 HTTP/1.1" 200 7276 "http://www.f-m-shop.de/seiten/prod_detail_neuer.cfm?kat=GRA1GBX&nav=2&artnr=A 29639" "Mozilla/4.0 (compatible; MSIE 8.0; Windows NT 6.1; WOW64; Trident/4.0; SLCC2; .NET CLR 2.0.50727; .NET CLR 3.5.30729; .NET CLR 3.0.30729; Media Center PC 6.0)"
194.105.100.17 - - [01/Feb/2010:16:34:56 +0100] "GET /livezilla/image.php?id=04 HTTP/1.1" 200 7276 "http://www.f-m-shop.de/seiten/prod_detail_neuer.cfm?kat=HDDSATA&nav=2&artnr=A 28283" "Mozilla/4.0 (compatible; MSIE 6.0; Windows 98; Q312461)"
192.168.10.10 - - [01/Feb/2010:16:34:38 +0100] "POST /livezilla/server.php?acid=7459c HTTP/1.1" 200 - "-" "LiveZilla 3.1.7.7 [http://www.livezilla.net]"
192.168.10.13 - - [01/Feb/2010:16:34:46 +0100] "POST /livezilla/server.php?acid=9220b HTTP/1.1" 200 - "-" "LiveZilla 3.1.7.7 [http://www.livezilla.net]"
94.220.149.6 - - [01/Feb/2010:16:35:35 +0100] "GET /livezilla/templates/style.css HTTP/1.1" 200 8998 "http://chat.f-m-shop.de/livezilla/livezilla.php" "Mozilla/5.0 (Windows; U; Windows NT 6.1; de; rv:1.9.1.7) Gecko/20091221 Firefox/3.5.7"
94.220.149.6 - - [01/Feb/2010:16:35:34 +0100] "GET /livezilla/livezilla.php HTTP/1.1" 200 72007 "http://www.f-m-shop.de/seiten/prod_detail_neuer.cfm?kat=GRA1GBX&nav=2&artnr=A%20%2029639" "Mozilla/5.0 (Windows; U; Windows NT 6.1; de; rv:1.9.1.7) Gecko/20091221 Firefox/3.5.7"
94.220.149.6 - - [01/Feb/2010:16:35:35 +0100] "GET /livezilla/images/favicon.ico HTTP/1.1" 200 43302 "-" "Mozilla/5.0 (Windows; U; Windows NT 6.1; de; rv:1.9.1.7) Gecko/20091221 Firefox/3.5.7"
94.220.149.6 - - [01/Feb/2010:16:35:35 +0100] "GET /livezilla/livezilla.php?template=lz_chat_frame.1.1 HTTP/1.1" 200 2257 "http://chat.f-m-shop.de/livezilla/livezilla.php" "Mozilla/5.0 (Windows; U; Windows NT 6.1; de; rv:1.9.1.7) Gecko/20091221 Firefox/3.5.7"
94.220.149.6 - - [01/Feb/2010:16:35:35 +0100] "GET /livezilla/livezilla.php?template=lz_chat_frame.0.1 HTTP/1.1" 200 277 "http://chat.f-m-shop.de/livezilla/livezilla.php" "Mozilla/5.0 (Windows; U; Windows NT 6.1; de; rv:1.9.1.7) Gecko/20091221 Firefox/3.5.7"
94.220.149.6 - - [01/Feb/2010:16:35:35 +0100] "GET /livezilla/livezilla.php?template=lz_chat_frame.0.2 HTTP/1.1" 200 254 "http://chat.f-m-shop.de/livezilla/livezilla.php" "Mozilla/5.0 (Windows; U; Windows NT 6.1; de; rv:1.9.1.7) Gecko/20091221 Firefox/3.5.7"
94.220.149.6 - - [01/Feb/2010:16:35:35 +0100] "GET /livezilla/livezilla.php?template=lz_chat_frame.0.0 HTTP/1.1" 200 259 "http://chat.f-m-shop.de/livezilla/livezilla.php" "Mozilla/5.0 (Windows; U; Windows NT 6.1; de; rv:1.9.1.7) Gecko/20091221 Firefox/3.5.7"
94.220.149.6 - - [01/Feb/2010:16:35:35 +0100] "GET /livezilla/livezilla.php?template=lz_chat_frame.4.1 HTTP/1.1" 200 455 "http://chat.f-m-shop.de/livezilla/livezilla.php" "Mozilla/5.0 (Windows; U; Windows NT 6.1; de; rv:1.9.1.7) Gecko/20091221 Firefox/3.5.7"
94.220.149.6 - - [01/Feb/2010:16:35:35 +0100] "GET /livezilla/livezilla.php?template=lz_chat_frame.3.2.login& HTTP/1.1" 200 1019 "http://chat.f-m-shop.de/livezilla/livezilla.php" "Mozilla/5.0 (Windows; U; Windows NT 6.1; de; rv:1.9.1.7) Gecko/20091221 Firefox/3.5.7"
94.220.149.6 - - [01/Feb/2010:16:35:35 +0100] "GET /livezilla/livezilla.php?template=lz_chat_frame.2.0 HTTP/1.1" 200 263 "http://chat.f-m-shop.de/livezilla/livezilla.php" "Mozilla/5.0 (Windows; U; Windows NT 6.1; de; rv:1.9.1.7) Gecko/20091221 Firefox/3.5.7"
94.220.149.6 - - [01/Feb/2010:16:35:36 +0100] "GET /livezilla/livezilla.php?template=lz_chat_frame.1.2 HTTP/1.1" 200 264 "http://chat.f-m-shop.de/livezilla/livezilla.php" "Mozilla/5.0 (Windows; U; Windows NT 6.1; de; rv:1.9.1.7) Gecko/20091221 Firefox/3.5.7"
94.220.149.6 - - [01/Feb/2010:16:35:36 +0100] "GET /livezilla/livezilla.php?template=lz_chat_frame.2.2 HTTP/1.1" 200 264 "http://chat.f-m-shop.de/livezilla/livezilla.php" "Mozilla/5.0 (Windows; U; Windows NT 6.1; de; rv:1.9.1.7) Gecko/20091221 Firefox/3.5.7"
94.220.149.6 - - [01/Feb/2010:16:35:36 +0100] "GET /livezilla/livezilla.php?template=lz_chat_frame.3.2.login.1.0& HTTP/1.1" 200 2939 "http://chat.f-m-shop.de/livezilla/livezilla.php?template=lz_chat_frame.3.2.login&" "Mozilla/5.0 (Windows; U; Windows NT 6.1; de; rv:1.9.1.7) Gecko/20091221 Firefox/3.5.7"
94.220.149.6 - - [01/Feb/2010:16:35:36 +0100] "GET /livezilla/livezilla.php?template=lz_chat_frame.3.2.login.2.0 HTTP/1.1" 200 277 "http://chat.f-m-shop.de/livezilla/livezilla.php?template=lz_chat_frame.3.2.login&" "Mozilla/5.0 (Windows; U; Windows NT 6.1; de; rv:1.9.1.7) Gecko/20091221 Firefox/3.5.7"
94.220.149.6 - - [01/Feb/2010:16:35:36 +0100] "GET /livezilla/livezilla.php?template=lz_chat_frame.3.0 HTTP/1.1" 200 240 "http://chat.f-m-shop.de/livezilla/livezilla.php" "Mozilla/5.0 (Windows; U; Windows NT 6.1; de; rv:1.9.1.7) Gecko/20091221 Firefox/3.5.7"
94.220.149.6 - - [01/Feb/2010:16:35:37 +0100] "GET /livezilla/images/icon_vcard.gif HTTP/1.1" 200 559 "http://chat.f-m-shop.de/livezilla/livezilla.php?template=lz_chat_frame.1.1" "Mozilla/5.0 (Windows; U; Windows NT 6.1; de; rv:1.9.1.7) Gecko/20091221 Firefox/3.5.7"
94.220.149.6 - - [01/Feb/2010:16:35:37 +0100] "GET /livezilla/images/icon_typing.gif HTTP/1.1" 200 1106 "http://chat.f-m-shop.de/livezilla/livezilla.php?template=lz_chat_frame.1.1" "Mozilla/5.0 (Windows; U; Windows NT 6.1; de; rv:1.9.1.7) Gecko/20091221 Firefox/3.5.7"
94.220.149.6 - - [01/Feb/2010:16:35:37 +0100] "GET /livezilla/intern_images/nopic.jpg HTTP/1.1" 200 3599 "http://chat.f-m-shop.de/livezilla/livezilla.php?template=lz_chat_frame.1.1" "Mozilla/5.0 (Windows; U; Windows NT 6.1; de; rv:1.9.1.7) Gecko/20091221 Firefox/3.5.7"
94.220.149.6 - - [01/Feb/2010:16:35:36 +0100] "GET /livezilla/livezilla.php?template=lz_chat_frame.3.3 HTTP/1.1" 200 239 "http://chat.f-m-shop.de/livezilla/livezilla.php" "Mozilla/5.0 (Windows; U; Windows NT 6.1; de; rv:1.9.1.7) Gecko/20091221 Firefox/3.5.7"
94.220.149.6 - - [01/Feb/2010:16:35:37 +0100] "GET /livezilla/images/lz_header.gif HTTP/1.1" 200 7285 "http://chat.f-m-shop.de/livezilla/livezilla.php?template=lz_chat_frame.1.1" "Mozilla/5.0 (Windows; U; Windows NT 6.1; de; rv:1.9.1.7) Gecko/20091221 Firefox/3.5.7"
94.220.149.6 - - [01/Feb/2010:16:35:37 +0100] "GET /livezilla/images/icon_info.gif HTTP/1.1" 200 1703 "http://chat.f-m-shop.de/livezilla/livezilla.php?template=lz_chat_frame.3.2.login.1.0&" "Mozilla/5.0 (Windows; U; Windows NT 6.1; de; rv:1.9.1.7) Gecko/20091221 Firefox/3.5.7"
94.220.149.6 - - [01/Feb/2010:16:35:37 +0100] "GET /livezilla/images/icon_network.gif HTTP/1.1" 200 354 "http://chat.f-m-shop.de/livezilla/livezilla.php?template=lz_chat_frame.3.2.login.1.0&" "Mozilla/5.0 (Windows; U; Windows NT 6.1; de; rv:1.9.1.7) Gecko/20091221 Firefox/3.5.7"
94.220.149.6 - - [01/Feb/2010:16:35:37 +0100] "GET /livezilla/images/carrier_logo.gif HTTP/1.1" 200 6003 "http://chat.f-m-shop.de/livezilla/livezilla.php?template=lz_chat_frame.1.1" "Mozilla/5.0 (Windows; U; Windows NT 6.1; de; rv:1.9.1.7) Gecko/20091221 Firefox/3.5.7"
94.220.149.6 - - [01/Feb/2010:16:35:37 +0100] "GET /livezilla/images/lz_rep_bg_left.gif HTTP/1.1" 200 593 "http://chat.f-m-shop.de/livezilla/livezilla.php?template=lz_chat_frame.1.1" "Mozilla/5.0 (Windows; U; Windows NT 6.1; de; rv:1.9.1.7) Gecko/20091221 Firefox/3.5.7"
94.220.149.6 - - [01/Feb/2010:16:35:37 +0100] "GET /livezilla/images/lz_rep_bg.gif HTTP/1.1" 200 320 "http://chat.f-m-shop.de/livezilla/livezilla.php?template=lz_chat_frame.1.1" "Mozilla/5.0 (Windows; U; Windows NT 6.1; de; rv:1.9.1.7) Gecko/20091221 Firefox/3.5.7"
94.220.149.6 - - [01/Feb/2010:16:35:37 +0100] "GET /livezilla/images/lz_rep_bg_right.gif HTTP/1.1" 200 590 "http://chat.f-m-shop.de/livezilla/livezilla.php?template=lz_chat_frame.1.1" "Mozilla/5.0 (Windows; U; Windows NT 6.1; de; rv:1.9.1.7) Gecko/20091221 Firefox/3.5.7"
94.220.149.6 - - [01/Feb/2010:16:35:37 +0100] "GET /livezilla/images/chat_bg_footer.gif HTTP/1.1" 200 194 "http://chat.f-m-shop.de/livezilla/templates/style.css" "Mozilla/5.0 (Windows; U; Windows NT 6.1; de; rv:1.9.1.7) Gecko/20091221 Firefox/3.5.7"
94.220.149.6 - - [01/Feb/2010:16:35:37 +0100] "GET /livezilla/images/lz_button.gif HTTP/1.1" 200 838 "http://chat.f-m-shop.de/livezilla/templates/style.css" "Mozilla/5.0 (Windows; U; Windows NT 6.1; de; rv:1.9.1.7) Gecko/20091221 Firefox/3.5.7"
94.220.149.6 - - [01/Feb/2010:16:35:37 +0100] "GET /livezilla/images/chat_bg_navigation_sub.gif HTTP/1.1" 200 76 "http://chat.f-m-shop.de/livezilla/templates/style.css" "Mozilla/5.0 (Windows; U; Windows NT 6.1; de; rv:1.9.1.7) Gecko/20091221 Firefox/3.5.7"
94.220.149.6 - - [01/Feb/2010:16:35:37 +0100] "GET /livezilla/images/chat_bg_field.gif HTTP/1.1" 200 121 "http://chat.f-m-shop.de/livezilla/templates/style.css" "Mozilla/5.0 (Windows; U; Windows NT 6.1; de; rv:1.9.1.7) Gecko/20091221 Firefox/3.5.7"
94.220.149.6 - - [01/Feb/2010:16:35:37 +0100] "GET /livezilla/images/lz_button_extra.gif HTTP/1.1" 200 948 "http://chat.f-m-shop.de/livezilla/templates/style.css" "Mozilla/5.0 (Windows; U; Windows NT 6.1; de; rv:1.9.1.7) Gecko/20091221 Firefox/3.5.7"
94.220.149.6 - - [01/Feb/2010:16:35:37 +0100] "GET /livezilla/images/chat_bg_footer_top.gif HTTP/1.1" 200 858 "http://chat.f-m-shop.de/livezilla/templates/style.css" "Mozilla/5.0 (Windows; U; Windows NT 6.1; de; rv:1.9.1.7) Gecko/20091221 Firefox/3.5.7"
94.220.149.6 - - [01/Feb/2010:16:35:36 +0100] "GET /livezilla/livezilla.php?template=lz_chat_frame.3.2.login.0.0 HTTP/1.1" 200 1563 "http://chat.f-m-shop.de/livezilla/livezilla.php?template=lz_chat_frame.3.2.login&" "Mozilla/5.0 (Windows; U; Windows NT 6.1; de; rv:1.9.1.7) Gecko/20091221 Firefox/3.5.7"
94.220.149.6 - - [01/Feb/2010:16:35:36 +0100] "GET /livezilla/livezilla.php?template=lz_chat_frame.5.1 HTTP/1.1" 200 265 "http://chat.f-m-shop.de/livezilla/livezilla.php" "Mozilla/5.0 (Windows; U; Windows NT 6.1; de; rv:1.9.1.7) Gecko/20091221 Firefox/3.5.7"
94.220.149.6 - - [01/Feb/2010:16:35:37 +0100] "GET /livezilla/images/chat_bg_navigation_left.gif HTTP/1.1" 200 1078 "http://chat.f-m-shop.de/livezilla/livezilla.php?template=lz_chat_frame.3.2.login.0.0" "Mozilla/5.0 (Windows; U; Windows NT 6.1; de; rv:1.9.1.7) Gecko/20091221 Firefox/3.5.7"
94.220.149.6 - - [01/Feb/2010:16:35:35 +0100] "GET /livezilla/livezilla.php?template=lz_chat_frame.1.0 HTTP/1.1" 200 279 "http://chat.f-m-shop.de/livezilla/livezilla.php" "Mozilla/5.0 (Windows; U; Windows NT 6.1; de; rv:1.9.1.7) Gecko/20091221 Firefox/3.5.7"
94.220.149.6 - - [01/Feb/2010:16:35:37 +0100] "GET /livezilla/images/button_mail.gif HTTP/1.1" 200 1348 "http://chat.f-m-shop.de/livezilla/livezilla.php?template=lz_chat_frame.3.2.login.0.0" "Mozilla/5.0 (Windows; U; Windows NT 6.1; de; rv:1.9.1.7) Gecko/20091221 Firefox/3.5.7"
94.220.149.6 - - [01/Feb/2010:16:35:37 +0100] "GET /livezilla/images/chat_bg_navigation_dev.gif HTTP/1.1" 200 367 "http://chat.f-m-shop.de/livezilla/livezilla.php?template=lz_chat_frame.3.2.login.0.0" "Mozilla/5.0 (Windows; U; Windows NT 6.1; de; rv:1.9.1.7) Gecko/20091221 Firefox/3.5.7"
94.220.149.6 - - [01/Feb/2010:16:35:37 +0100] "GET /livezilla/images/button_fav.gif HTTP/1.1" 200 1344 "http://chat.f-m-shop.de/livezilla/livezilla.php?template=lz_chat_frame.3.2.login.0.0" "Mozilla/5.0 (Windows; U; Windows NT 6.1; de; rv:1.9.1.7) Gecko/20091221 Firefox/3.5.7"
94.220.149.6 - - [01/Feb/2010:16:35:37 +0100] "GET /livezilla/images/button_close.gif HTTP/1.1" 200 1239 "http://chat.f-m-shop.de/livezilla/livezilla.php?template=lz_chat_frame.3.2.login.0.0" "Mozilla/5.0 (Windows; U; Windows NT 6.1; de; rv:1.9.1.7) Gecko/20091221 Firefox/3.5.7"
94.220.149.6 - - [01/Feb/2010:16:35:37 +0100] "GET /livezilla/images/chat_bg_navigation_right.gif HTTP/1.1" 200 675 "http://chat.f-m-shop.de/livezilla/livezilla.php?template=lz_chat_frame.3.2.login.0.0" "Mozilla/5.0 (Windows; U; Windows NT 6.1; de; rv:1.9.1.7) Gecko/20091221 Firefox/3.5.7"
94.220.149.6 - - [01/Feb/2010:16:35:37 +0100] "GET /livezilla/images/chat_bg_navigation.gif HTTP/1.1" 200 258 "http://chat.f-m-shop.de/livezilla/templates/style.css" "Mozilla/5.0 (Windows; U; Windows NT 6.1; de; rv:1.9.1.7) Gecko/20091221 Firefox/3.5.7"
94.220.149.6 - - [01/Feb/2010:16:35:38 +0100] "POST /livezilla/server.php HTTP/1.1" 200 212 "http://chat.f-m-shop.de/livezilla/livezilla.php" "Mozilla/5.0 (Windows; U; Windows NT 6.1; de; rv:1.9.1.7) Gecko/20091221 Firefox/3.5.7"
94.220.149.6 - - [01/Feb/2010:16:35:38 +0100] "GET /livezilla/livezilla.php?template=lz_chat_frame.3.2.mail HTTP/1.1" 200 3993 "http://chat.f-m-shop.de/livezilla/livezilla.php" "Mozilla/5.0 (Windows; U; Windows NT 6.1; de; rv:1.9.1.7) Gecko/20091221 Firefox/3.5.7"
94.220.149.6 - - [01/Feb/2010:16:35:38 +0100] "POST /livezilla/livezilla.php?template=lz_chat_frame.3.2.mail HTTP/1.1" 200 4002 "http://chat.f-m-shop.de/livezilla/livezilla.php?template=lz_chat_frame.3.2.login.1.0&" "Mozilla/5.0 (Windows; U; Windows NT 6.1; de; rv:1.9.1.7) Gecko/20091221 Firefox/3.5.7"
94.220.149.6 - - [01/Feb/2010:16:35:39 +0100] "GET /livezilla/images/button_chat.gif HTTP/1.1" 200 1218 "http://chat.f-m-shop.de/livezilla/livezilla.php?template=lz_chat_frame.3.2.mail" "Mozilla/5.0 (Windows; U; Windows NT 6.1; de; rv:1.9.1.7) Gecko/20091221 Firefox/3.5.7"
94.220.149.6 - - [01/Feb/2010:16:35:39 +0100] "GET /livezilla/images/button_print.gif HTTP/1.1" 200 1183 "http://chat.f-m-shop.de/livezilla/livezilla.php?template=lz_chat_frame.3.2.mail" "Mozilla/5.0 (Windows; U; Windows NT 6.1; de; rv:1.9.1.7) Gecko/20091221 Firefox/3.5.7"
192.168.10.10 - - [01/Feb/2010:16:35:27 +0100] "POST /livezilla/server.php?acid=3a024 HTTP/1.1" 200 - "-" "LiveZilla 3.1.7.7 [http://www.livezilla.net]"
192.168.10.13 - - [01/Feb/2010:16:35:34 +0100] "POST /livezilla/server.php?acid=11c55 HTTP/1.1" 200 - "-" "LiveZilla 3.1.7.7 [http://www.livezilla.net]"
194.127.5.247 - - [01/Feb/2010:16:36:55 +0100] "GET /livezilla/image.php?id=04 HTTP/1.1" 200 7276 "http://www.f-m-shop.de/seiten/prod_detail_neuer.cfm?kat=GRA1GBX&nav=2&artnr=A 29639" "Mozilla/4.0 (compatible; MSIE 7.0; Windows NT 5.1; .NET CLR 1.1.4322; .NET CLR 2.0.50727)"
192.168.10.10 - - [01/Feb/2010:16:36:15 +0100] "POST /livezilla/server.php?acid=ad285 HTTP/1.1" 200 - "-" "LiveZilla 3.1.7.7 [http://www.livezilla.net]"
192.168.10.13 - - [01/Feb/2010:16:36:22 +0100] "POST /livezilla/server.php?acid=bdc13 HTTP/1.1" 200 - "-" "LiveZilla 3.1.7.7 [http://www.livezilla.net]"
91.213.61.24 - - [01/Feb/2010:16:37:16 +0100] "GET /livezilla/image.php?id=04 HTTP/1.1" 200 7276 "http://www.f-m-shop.de/seiten/prod_detail_neuer.cfm?kat=GRA1GBX&nav=2&artnr=A%20%2029639" "Mozilla/4.0 (compatible; MSIE 8.0; Windows NT 5.2; Trident/4.0; .NET CLR 1.1.4322; .NET CLR 2.0.50727; .NET CLR 3.0.4506.2152; .NET CLR 3.5.30729)"
91.213.61.24 - - [01/Feb/2010:16:37:16 +0100] "GET /livezilla/image.php?id=04 HTTP/1.1" 200 7276 "http://www.f-m-shop.de/seiten/prod_detail_neuer.cfm?kat=GRA1GBX&nav=2&artnr=A 29639" "Mozilla/4.0 (compatible; MSIE 8.0; Windows NT 5.2; Trident/4.0; .NET CLR 1.1.4322; .NET CLR 2.0.50727; .NET CLR 3.0.4506.2152; .NET CLR 3.5.30729)"
91.213.61.24 - - [01/Feb/2010:16:37:28 +0100] "GET /livezilla/image.php?id=04 HTTP/1.1" 200 7276 "http://www.f-m-shop.de/seiten/prod_detail_neuer.cfm?kat=GRA1GBX&nav=2&artnr=A 29639" "Mozilla/4.0 (compatible; MSIE 8.0; Windows NT 5.2; Trident/4.0; .NET CLR 1.1.4322; .NET CLR 2.0.50727; .NET CLR 3.0.4506.2152; .NET CLR 3.5.30729)"
192.168.10.10 - - [01/Feb/2010:16:37:03 +0100] "POST /livezilla/server.php?acid=4f5f6 HTTP/1.1" 200 - "-" "LiveZilla 3.1.7.7 [http://www.livezilla.net]"
192.168.10.13 - - [01/Feb/2010:16:37:11 +0100] "POST /livezilla/server.php?acid=2c10d HTTP/1.1" 200 - "-" "LiveZilla 3.1.7.7 [http://www.livezilla.net]"
93.218.124.55 - - [01/Feb/2010:16:38:01 +0100] "GET /livezilla/image.php?id=04 HTTP/1.1" 200 7276 "http://www.f-m-shop.de/seiten/prod_detail_neuer.cfm?kat=TELTEL&nav=2&artnr=A%20%2030466" "Mozilla/5.0 (Windows; U; Windows NT 6.0; de; rv:1.9.1.7) Gecko/20091221 Firefox/3.5.7 (.NET CLR 3.5.30729)"
92.76.151.74 - - [01/Feb/2010:16:38:18 +0100] "GET /livezilla/image.php?id=04 HTTP/1.1" 200 7276 "http://www.f-m-shop.de/seiten/prod_detail_neuer.cfm?kat=GRA1GBX&nav=2&artnr=A%20%2029639" "Mozilla/5.0 (Windows; U; Windows NT 5.1; de; rv:1.9.1.7) Gecko/20091221 Firefox/3.5.7"
212.204.48.153 - - [01/Feb/2010:16:38:25 +0100] "GET /livezilla/image.php?id=04 HTTP/1.1" 200 7276 "http://www.f-m-shop.de/seiten/prod_detail_neuer.cfm?kat=GRA1GBX&nav=2&artnr=A%20%2029639" "Mozilla/5.0 (Windows; U; Windows NT 5.1; de; rv:1.9.1.7) Gecko/20091221 Firefox/3.5.7 (.NET CLR 3.5.30729)"
212.204.48.153 - - [01/Feb/2010:16:38:26 +0100] "GET /livezilla/image.php?id=04 HTTP/1.1" 200 7276 "http://www.f-m-shop.de/seiten/prod_detail_neuer.cfm?kat=GRA1GBX&nav=2&artnr=A%20%2029639" "Mozilla/5.0 (Windows; U; Windows NT 5.1; de; rv:1.9.1.7) Gecko/20091221 Firefox/3.5.7 (.NET CLR 3.5.30729)"
85.176.203.177 - - [01/Feb/2010:16:38:36 +0100] "GET /livezilla/image.php?id=04 HTTP/1.1" 200 7276 "http://www.f-m-shop.de/seiten/prod_detail_neuer.cfm?kat=GRA1GBX&nav=2&artnr=A 31460" "Mozilla/4.0 (compatible; MSIE 8.0; Windows NT 6.1; WOW64; Trident/4.0; SLCC2; .NET CLR 2.0.50727; .NET CLR 3.5.30729; .NET CLR 3.0.30729; Media Center PC 6.0)"
192.168.10.10 - - [01/Feb/2010:16:37:52 +0100] "POST /livezilla/server.php?acid=0a646 HTTP/1.1" 200 - "-" "LiveZilla 3.1.7.7 [http://www.livezilla.net]"
192.168.10.13 - - [01/Feb/2010:16:37:59 +0100] "POST /livezilla/server.php?acid=3176d HTTP/1.1" 200 - "-" "LiveZilla 3.1.7.7 [http://www.livezilla.net]"
92.76.151.74 - - [01/Feb/2010:16:39:02 +0100] "GET /livezilla/image.php?id=04 HTTP/1.1" 200 7276 "http://www.f-m-shop.de/seiten/prod_detail_neuer.cfm?kat=GRA1GBX&nav=2&artnr=A%20%2031460" "Mozilla/5.0 (Windows; U; Windows NT 5.1; de; rv:1.9.1.7) Gecko/20091221 Firefox/3.5.7"
84.145.253.131 - - [01/Feb/2010:16:39:05 +0100] "GET /livezilla/image.php?id=04 HTTP/1.1" 200 7276 "http://www.f-m-shop.de/seiten/prod_detail_neuer.cfm?kat=NETWLROU&nav=2&artnr=A%20%2031257" "Mozilla/5.0 (Windows; U; Windows NT 5.1; de; rv:1.9.1.7) Gecko/20091221 Firefox/3.5.7"
192.168.10.10 - - [01/Feb/2010:16:38:40 +0100] "POST /livezilla/server.php?acid=b88ac HTTP/1.1" 200 - "-" "LiveZilla 3.1.7.7 [http://www.livezilla.net]"
192.168.10.13 - - [01/Feb/2010:16:38:47 +0100] "POST /livezilla/server.php?acid=ecd13 HTTP/1.1" 200 - "-" "LiveZilla 3.1.7.7 [http://www.livezilla.net]"
85.181.51.194 - - [01/Feb/2010:16:39:57 +0100] "GET /livezilla/image.php?id=04 HTTP/1.1" 200 7276 "http://www.f-m-shop.de/seiten/prod_detail_neuer.cfm?kat=MONT22&nav=2&artnr=A%20%2029271" "Mozilla/5.0 (Macintosh; U; Intel Mac OS X 10.5; de; rv:1.9.2) Gecko/20100115 Firefox/3.6"
84.129.131.178 - - [01/Feb/2010:16:40:11 +0100] "GET /livezilla/image.php?id=04 HTTP/1.1" 200 7276 "http://www.f-m-shop.de/seiten/prod_detail_neuer.cfm?kat=MONT22&nav=2&artnr=A%20%2029262" "Mozilla/5.0 (Macintosh; U; Intel Mac OS X 10_6_2; de-de) AppleWebKit/531.21.8 (KHTML, like Gecko) Version/4.0.4 Safari/531.21.10"
192.168.10.10 - - [01/Feb/2010:16:39:28 +0100] "POST /livezilla/server.php?acid=e6507 HTTP/1.1" 200 - "-" "LiveZilla 3.1.7.7 [http://www.livezilla.net]"
192.168.10.13 - - [01/Feb/2010:16:39:36 +0100] "POST /livezilla/server.php?acid=5cd5d HTTP/1.1" 200 - "-" "LiveZilla 3.1.7.7 [http://www.livezilla.net]"
84.131.80.198 - - [01/Feb/2010:16:40:56 +0100] "GET /livezilla/image.php?id=04 HTTP/1.1" 200 7276 "http://www.f-m-shop.de/seiten/prod_detail_neuer.cfm?kat=GRA1GBX&nav=2&artnr=A%20%2031460" "Mozilla/5.0 (Windows; U; Windows NT 5.1; de; rv:1.9.1.7) Gecko/20091221 Firefox/3.5.7"
192.168.10.10 - - [01/Feb/2010:16:40:17 +0100] "POST /livezilla/server.php?acid=5352b HTTP/1.1" 200 - "-" "LiveZilla 3.1.7.7 [http://www.livezilla.net]"
192.168.10.13 - - [01/Feb/2010:16:40:24 +0100] "POST /livezilla/server.php?acid=faaa0 HTTP/1.1" 200 - "-" "LiveZilla 3.1.7.7 [http://www.livezilla.net]"
78.51.235.148 - - [01/Feb/2010:16:41:11 +0100] "GET /livezilla/image.php?id=04 HTTP/1.1" 200 7276 "http://www.f-m-shop.de/seiten/prod_detail_neuer.cfm?kat=MONT22&nav=2&artnr=A%20%2025191" "Mozilla/5.0 (Windows; U; Windows NT 5.1; de; rv:1.9.1.2) Gecko/20090729 Firefox/3.5.2"
78.51.235.148 - - [01/Feb/2010:16:41:26 +0100] "GET /livezilla/image.php?id=04 HTTP/1.1" 200 7276 "http://www.f-m-shop.de/seiten/prod_detail_neuer.cfm?kat=MONT22&nav=2&artnr=A%20%2024834" "Mozilla/5.0 (Windows; U; Windows NT 5.1; de; rv:1.9.1.2) Gecko/20090729 Firefox/3.5.2"
85.181.51.194 - - [01/Feb/2010:16:41:29 +0100] "GET /livezilla/image.php?id=04 HTTP/1.1" 200 7276 "http://www.f-m-shop.de/seiten/prod_detail_neuer.cfm?name=LCD%2055.9cm%20(22%22)%20EIZO%20FS%20S2243WH%20schwarz&artnr=A%20%2029272&nav=2&kat=MONT22&kat_her=&p_sort=&b_sort=ASC" "Mozilla/5.0 (Macintosh; U; Intel Mac OS X 10.5; de; rv:1.9.2) Gecko/20100115 Firefox/3.6"
192.168.10.10 - - [01/Feb/2010:16:41:05 +0100] "POST /livezilla/server.php?acid=3b717 HTTP/1.1" 200 - "-" "LiveZilla 3.1.7.7 [http://www.livezilla.net]"
89.27.193.221 - - [01/Feb/2010:16:41:52 +0100] "GET /livezilla/image.php?id=04 HTTP/1.1" 200 7276 "http://www.f-m-shop.de/seiten/prod_detail_neuer.cfm?kat=GRA1GBX&nav=2&artnr=A 31460" "Mozilla/4.0 (compatible; MSIE 8.0; Windows NT 5.1; Trident/4.0; GTB5; Mozilla/4.0 (compatible; MSIE 6.0; Windows NT 5.1; SV1) ; InfoPath.2; .NET CLR 2.0.50727; .NET CLR 3.0.4506.2152; .NET CLR 3.5.30729)"
192.168.10.13 - - [01/Feb/2010:16:41:13 +0100] "POST /livezilla/server.php?acid=b38f5 HTTP/1.1" 200 - "-" "LiveZilla 3.1.7.7 [http://www.livezilla.net]"
192.168.10.10 - - [01/Feb/2010:16:41:53 +0100] "POST /livezilla/server.php?acid=6d72c HTTP/1.1" 200 - "-" "LiveZilla 3.1.7.7 [http://www.livezilla.net]"
192.168.10.13 - - [01/Feb/2010:16:42:01 +0100] "POST /livezilla/server.php?acid=641be HTTP/1.1" 200 - "-" "LiveZilla 3.1.7.7 [http://www.livezilla.net]"
192.168.10.10 - - [01/Feb/2010:16:42:42 +0100] "POST /livezilla/server.php?acid=f1ebb HTTP/1.1" 200 - "-" "LiveZilla 3.1.7.7 [http://www.livezilla.net]"
192.168.10.13 - - [01/Feb/2010:16:42:49 +0100] "POST /livezilla/server.php?acid=67c31 HTTP/1.1" 200 - "-" "LiveZilla 3.1.7.7 [http://www.livezilla.net]"
192.168.10.10 - - [01/Feb/2010:16:43:30 +0100] "POST /livezilla/server.php?acid=6539f HTTP/1.1" 200 - "-" "LiveZilla 3.1.7.7 [http://www.livezilla.net]"
192.168.10.13 - - [01/Feb/2010:16:43:38 +0100] "POST /livezilla/server.php?acid=4d41b HTTP/1.1" 200 - "-" "LiveZilla 3.1.7.7 [http://www.livezilla.net]"
192.168.10.10 - - [01/Feb/2010:16:44:18 +0100] "POST /livezilla/server.php?acid=ccad3 HTTP/1.1" 200 - "-" "LiveZilla 3.1.7.7 [http://www.livezilla.net]"
192.168.10.13 - - [01/Feb/2010:16:44:26 +0100] "POST /livezilla/server.php?acid=c3608 HTTP/1.1" 200 - "-" "LiveZilla 3.1.7.7 [http://www.livezilla.net]"
212.144.254.11 - - [01/Feb/2010:16:45:25 +0100] "GET /livezilla/image.php?id=04 HTTP/1.0" 200 7276 "http://www.f-m-shop.de/seiten/prod_detail_neuer.cfm?kat=HDDE25&nav=2&artnr=A 22654" "Mozilla/4.0 (compatible; MSIE 8.0; Windows NT 5.1; Trident/4.0; .NET CLR 2.0.50727; InfoPath.2)"
195.124.114.42 - - [01/Feb/2010:16:45:34 +0100] "GET /livezilla/image.php?id=04 HTTP/1.1" 200 7276 "http://www.f-m-shop.de/seiten/prod_detail_neuer.cfm?kat=GRA1GBX&nav=2&artnr=A%20%2029639" "Opera/9.52 (Windows NT 5.0; U; en)"
192.168.10.10 - - [01/Feb/2010:16:45:07 +0100] "POST /livezilla/server.php?acid=7052c HTTP/1.1" 200 - "-" "LiveZilla 3.1.7.7 [http://www.livezilla.net]"
82.119.9.223 - - [01/Feb/2010:16:45:58 +0100] "GET /livezilla/image.php?id=04 HTTP/1.1" 200 7276 "http://www.f-m-shop.de/seiten/prod_detail_neuer.cfm?kat=GRA1GBX&nav=2&artnr=A%20%2031460" "Mozilla/5.0 (Macintosh; U; Intel Mac OS X 10.6; de; rv:1.9.2) Gecko/20100115 Firefox/3.6"
192.168.10.13 - - [01/Feb/2010:16:45:14 +0100] "POST /livezilla/server.php?acid=cec7f HTTP/1.1" 200 - "-" "LiveZilla 3.1.7.7 [http://www.livezilla.net]"
84.184.125.194 - - [01/Feb/2010:16:45:59 +0100] "GET /livezilla/image.php?id=04 HTTP/1.1" 200 7276 "http://www.f-m-shop.de/seiten/prod_detail_neuer.cfm?kat=NOTB16&nav=2&artnr=A%20%2031748" "Mozilla/5.0 (Windows; U; Windows NT 6.0; de; rv:1.9.2) Gecko/20100115 Firefox/3.6 GTB6 (.NET CLR 3.5.30729)"
82.119.9.223 - - [01/Feb/2010:16:46:22 +0100] "GET /livezilla/image.php?id=04 HTTP/1.1" 200 7276 "http://www.f-m-shop.de/seiten/prod_detail_neuer.cfm?kat=GRA1GBX&nav=2&artnr=A%20%2029639" "Mozilla/5.0 (Macintosh; U; Intel Mac OS X 10.6; de; rv:1.9.2) Gecko/20100115 Firefox/3.6"
217.255.231.84 - - [01/Feb/2010:16:46:37 +0100] "GET /livezilla/image.php?id=04 HTTP/1.1" 200 7276 "http://www.f-m-shop.de/seiten/prod_detail_neuer.cfm?kat=GRA1GBX&nav=2&artnr=A 29639" "Mozilla/4.0 (compatible; MSIE 8.0; Windows NT 6.0; WOW64; Trident/4.0; SLCC1; .NET CLR 2.0.50727; Media Center PC 5.0; .NET CLR 3.5.30729; .NET CLR 3.0.30729)"
192.168.10.10 - - [01/Feb/2010:16:45:55 +0100] "POST /livezilla/server.php?acid=42f1a HTTP/1.1" 200 - "-" "LiveZilla 3.1.7.7 [http://www.livezilla.net]"
192.168.10.13 - - [01/Feb/2010:16:46:03 +0100] "POST /livezilla/server.php?acid=60422 HTTP/1.1" 200 - "-" "LiveZilla 3.1.7.7 [http://www.livezilla.net]"
88.70.20.195 - - [01/Feb/2010:16:47:08 +0100] "GET /livezilla/image.php?id=04 HTTP/1.1" 200 7276 "http://www.f-m-shop.de/seiten/prod_detail_neuer.cfm?kat=GRA1GBX&nav=2&artnr=A%20%2031460" "Mozilla/5.0 (Windows; U; Windows NT 5.1; de; rv:1.9.1.7) Gecko/20091221 Firefox/3.5.7"
80.82.218.250 - - [01/Feb/2010:16:47:18 +0100] "GET /livezilla/image.php?id=04 HTTP/1.0" 200 7276 "http://www.f-m-shop.de/seiten/prod_detail_neuer.cfm?kat=MONT19&nav=2&artnr=A%20%2014699" "Mozilla/5.0 (Windows; U; Windows NT 5.2; de; rv:1.9.1.7) Gecko/20091221 Firefox/3.5.7 (.NET CLR 3.5.30729)"
192.168.10.10 - - [01/Feb/2010:16:46:44 +0100] "POST /livezilla/server.php?acid=3cf65 HTTP/1.1" 200 - "-" "LiveZilla 3.1.7.7 [http://www.livezilla.net]"
192.168.10.13 - - [01/Feb/2010:16:46:51 +0100] "POST /livezilla/server.php?acid=3743c HTTP/1.1" 200 - "-" "LiveZilla 3.1.7.7 [http://www.livezilla.net]"
82.113.106.218 - - [01/Feb/2010:16:47:47 +0100] "GET /livezilla/image.php?id=04 HTTP/1.1" 200 7276 "http://www.f-m-shop.de/seiten/prod_detail_neuer.cfm?kat=GRA1GBX&nav=2&artnr=A%20%2029639" "Mozilla/5.0 (Windows; U; Windows NT 6.0; de; rv:1.9.1.7) Gecko/20091221 Firefox/3.5.7"
192.168.10.10 - - [01/Feb/2010:16:47:32 +0100] "POST /livezilla/server.php?acid=4f416 HTTP/1.1" 200 - "-" "LiveZilla 3.1.7.7 [http://www.livezilla.net]"
192.168.10.13 - - [01/Feb/2010:16:47:39 +0100] "POST /livezilla/server.php?acid=a7f5b HTTP/1.1" 200 - "-" "LiveZilla 3.1.7.7 [http://www.livezilla.net]"
192.168.10.10 - - [01/Feb/2010:16:48:20 +0100] "POST /livezilla/server.php?acid=36dc7 HTTP/1.1" 200 - "-" "LiveZilla 3.1.7.7 [http://www.livezilla.net]"
192.168.10.13 - - [01/Feb/2010:16:48:28 +0100] "POST /livezilla/server.php?acid=7bf11 HTTP/1.1" 200 - "-" "LiveZilla 3.1.7.7 [http://www.livezilla.net]"
93.222.58.109 - - [01/Feb/2010:16:49:33 +0100] "GET /livezilla/image.php?id=04 HTTP/1.1" 200 7276 "http://www.f-m-shop.de/seiten/prod_detail_neuer.cfm?kat=GRA1GBX&nav=2&artnr=A%20%2031460" "Mozilla/5.0 (Windows; U; Windows NT 6.1; de; rv:1.9.1.7) Gecko/20091221 Firefox/3.5.7 (.NET CLR 3.5.30729)"
192.168.10.10 - - [01/Feb/2010:16:49:09 +0100] "POST /livezilla/server.php?acid=25ca0 HTTP/1.1" 200 - "-" "LiveZilla 3.1.7.7 [http://www.livezilla.net]"
192.168.10.13 - - [01/Feb/2010:16:49:16 +0100] "POST /livezilla/server.php?acid=7b510 HTTP/1.1" 200 - "-" "LiveZilla 3.1.7.7 [http://www.livezilla.net]"
192.168.10.10 - - [01/Feb/2010:16:49:57 +0100] "POST /livezilla/server.php?acid=09d82 HTTP/1.1" 200 - "-" "LiveZilla 3.1.7.7 [http://www.livezilla.net]"
192.168.10.13 - - [01/Feb/2010:16:50:04 +0100] "POST /livezilla/server.php?acid=487df HTTP/1.1" 200 - "-" "LiveZilla 3.1.7.7 [http://www.livezilla.net]"
62.134.247.12 - - [01/Feb/2010:16:51:09 +0100] "GET /livezilla/image.php?id=04 HTTP/1.1" 200 7276 "http://www.f-m-shop.de/seiten/prod_detail_neuer.cfm?kat=NETWLROU&nav=2&artnr=A%20%2031257" "Mozilla/5.0 (Windows; U; Windows NT 5.1; en-GB; rv:1.9.2) Gecko/20100115 Firefox/3.6"
87.176.220.105 - - [01/Feb/2010:16:51:18 +0100] "GET /livezilla/image.php?id=04 HTTP/1.1" 200 7276 "http://www.f-m-shop.de/seiten/prod_detail_neuer.cfm?kat=LFWBRRW&nav=2&artnr=A%20%2030435" "Mozilla/5.0 (Windows; U; Windows NT 6.1; de; rv:1.9.2) Gecko/20100115 Firefox/3.6 (.NET CLR 3.5.30729)"
194.127.5.247 - - [01/Feb/2010:16:51:23 +0100] "GET /livezilla/image.php?id=04 HTTP/1.1" 200 7276 "http://www.f-m-shop.de/seiten/prod_detail_neuer.cfm?kat=GRA1GBX&nav=2&artnr=A 29639" "Mozilla/4.0 (compatible; MSIE 7.0; Windows NT 5.1; .NET CLR 1.1.4322; .NET CLR 2.0.50727)"
192.168.10.10 - - [01/Feb/2010:16:50:45 +0100] "POST /livezilla/server.php?acid=49b0a HTTP/1.1" 200 - "-" "LiveZilla 3.1.7.7 [http://www.livezilla.net]"
80.140.150.157 - - [01/Feb/2010:16:51:35 +0100] "GET /livezilla/image.php?id=04 HTTP/1.1" 200 7276 "http://www.f-m-shop.de/seiten/prod_detail_neuer.cfm?kat=GRA1GBX&nav=2&artnr=A%20%2029639" "Mozilla/5.0 (Windows; U; Windows NT 5.1; en-US; rv:1.9.2) Gecko/20100115 Firefox/3.6 (.NET CLR 3.5.30729)"
192.168.10.13 - - [01/Feb/2010:16:50:53 +0100] "POST /livezilla/server.php?acid=63738 HTTP/1.1" 200 - "-" "LiveZilla 3.1.7.7 [http://www.livezilla.net]"
84.173.66.109 - - [01/Feb/2010:16:51:44 +0100] "GET /livezilla/image.php?id=04 HTTP/1.1" 200 7276 "http://www.f-m-shop.de/seiten/prod_detail_neuer.cfm?kat=VOITEL&nav=2&artnr=A%20%2031256" "Mozilla/5.0 (Windows; U; Windows NT 6.1; de; rv:1.9.2) Gecko/20100115 Firefox/3.6"
79.234.126.171 - - [01/Feb/2010:16:51:53 +0100] "GET /livezilla/image.php?id=04 HTTP/1.1" 200 7276 "http://www.f-m-shop.de/seiten/prod_detail_neuer.cfm?kat=CPUXE&nav=2&artnr=A 26883" "Mozilla/4.0 (compatible; MSIE 8.0; Windows NT 6.0; WOW64; Trident/4.0; SLCC1; .NET CLR 2.0.50727; .NET CLR 3.5.30729; Media Center PC 5.0; InfoPath.2; OfficeLiveConnector.1.3; OfficeLivePatch.0.0; .NET CLR 3.0.30729)"
192.168.10.10 - - [01/Feb/2010:16:51:34 +0100] "POST /livezilla/server.php?acid=bb189 HTTP/1.1" 200 - "-" "LiveZilla 3.1.7.7 [http://www.livezilla.net]"
192.168.10.13 - - [01/Feb/2010:16:51:41 +0100] "POST /livezilla/server.php?acid=4b020 HTTP/1.1" 200 - "-" "LiveZilla 3.1.7.7 [http://www.livezilla.net]"
92.225.77.90 - - [01/Feb/2010:16:52:31 +0100] "GET /livezilla/image.php?id=04 HTTP/1.1" 200 7276 "http://www.f-m-shop.de/seiten/prod_detail_neuer.cfm?kat=MONT27&nav=2&artnr=A%20%2031531" "Mozilla/5.0 (Windows; U; Windows NT 5.1; de; rv:1.9.0.17) Gecko/2009122116 Firefox/3.0.17 GTB6 (.NET CLR 3.5.30729)"
84.61.66.28 - - [01/Feb/2010:16:52:39 +0100] "GET /livezilla/image.php?id=04 HTTP/1.1" 200 7276 "http://www.f-m-shop.de/seiten/prod_detail_neuer.cfm?kat=VOITEL&nav=2&artnr=A%20%2031256" "Mozilla/5.0 (Windows; U; Windows NT 6.1; de; rv:1.9.1.7) Gecko/20091221 Firefox/3.5.7"
85.182.61.119 - - [01/Feb/2010:16:52:45 +0100] "GET /livezilla/image.php?id=04 HTTP/1.1" 200 7276 "http://www.f-m-shop.de/seiten/prod_detail_neuer.cfm?kat=GRA1GBX&nav=2&artnr=A 29639" "Mozilla/4.0 (compatible; MSIE 8.0; Windows NT 6.1; WOW64; Trident/4.0; SLCC2; .NET CLR 2.0.50727; .NET CLR 3.5.30729; .NET CLR 3.0.30729; Media Center PC 6.0; Creative AutoUpdate v1.40.01)"
79.234.126.171 - - [01/Feb/2010:16:52:51 +0100] "GET /livezilla/image.php?id=04 HTTP/1.1" 200 7276 "http://www.f-m-shop.de/seiten/prod_detail_neuer.cfm?kat=CPUXE&nav=2&artnr=A 26883" "Mozilla/4.0 (compatible; MSIE 8.0; Windows NT 6.0; WOW64; Trident/4.0; SLCC1; .NET CLR 2.0.50727; .NET CLR 3.5.30729; Media Center PC 5.0; InfoPath.2; OfficeLiveConnector.1.3; OfficeLivePatch.0.0; .NET CLR 3.0.30729)"
79.234.126.171 - - [01/Feb/2010:16:52:59 +0100] "GET /livezilla/image.php?id=04 HTTP/1.1" 200 7276 "http://www.f-m-shop.de/seiten/prod_detail_neuer.cfm?kat=CPUXE&nav=2&artnr=A%20%2026883" "Mozilla/4.0 (compatible; MSIE 8.0; Windows NT 6.0; WOW64; Trident/4.0; SLCC1; .NET CLR 2.0.50727; .NET CLR 3.5.30729; Media Center PC 5.0; InfoPath.2; OfficeLiveConnector.1.3; OfficeLivePatch.0.0; .NET CLR 3.0.30729)"
192.168.10.10 - - [01/Feb/2010:16:52:22 +0100] "POST /livezilla/server.php?acid=cbd14 HTTP/1.1" 200 - "-" "LiveZilla 3.1.7.7 [http://www.livezilla.net]"
85.181.51.194 - - [01/Feb/2010:16:53:08 +0100] "GET /livezilla/image.php?id=04 HTTP/1.1" 200 7276 "http://www.f-m-shop.de/seiten/prod_detail_neuer.cfm?name=LCD%2055.9cm%20(22%22)%20EIZO%20FS%20S2243WH%20schwarz&artnr=A%20%2029272&nav=2&kat=MONT22&kat_her=&p_sort=&b_sort=ASC" "Mozilla/5.0 (Macintosh; U; Intel Mac OS X 10.5; de; rv:1.9.2) Gecko/20100115 Firefox/3.6"
192.168.10.13 - - [01/Feb/2010:16:52:30 +0100] "POST /livezilla/server.php?acid=8d285 HTTP/1.1" 200 - "-" "LiveZilla 3.1.7.7 [http://www.livezilla.net]"
85.181.51.194 - - [01/Feb/2010:16:53:16 +0100] "GET /livezilla/image.php?id=04 HTTP/1.1" 200 7276 "http://www.f-m-shop.de/seiten/prod_detail_neuer.cfm?name=LCD%2055.9cm%20(22%22)%20EIZO%20FS%20S2243WH%20schwarz&artnr=A%20%2029272&nav=2&kat=MONT22&kat_her=&p_sort=&b_sort=ASC" "Mozilla/5.0 (Macintosh; U; Intel Mac OS X 10.5; de; rv:1.9.2) Gecko/20100115 Firefox/3.6"
192.168.10.10 - - [01/Feb/2010:16:53:10 +0100] "POST /livezilla/server.php?acid=719b3 HTTP/1.1" 200 - "-" "LiveZilla 3.1.7.7 [http://www.livezilla.net]"
192.168.10.13 - - [01/Feb/2010:16:53:18 +0100] "POST /livezilla/server.php?acid=1dec3 HTTP/1.1" 200 - "-" "LiveZilla 3.1.7.7 [http://www.livezilla.net]"
192.168.10.10 - - [01/Feb/2010:16:53:59 +0100] "POST /livezilla/server.php?acid=2df8e HTTP/1.1" 200 - "-" "LiveZilla 3.1.7.7 [http://www.livezilla.net]"
192.168.10.13 - - [01/Feb/2010:16:54:06 +0100] "POST /livezilla/server.php?acid=56e57 HTTP/1.1" 200 - "-" "LiveZilla 3.1.7.7 [http://www.livezilla.net]"
192.168.10.10 - - [01/Feb/2010:16:54:47 +0100] "POST /livezilla/server.php?acid=1ecbf HTTP/1.1" 200 - "-" "LiveZilla 3.1.7.7 [http://www.livezilla.net]"
95.208.144.29 - - [01/Feb/2010:16:55:38 +0100] "GET /livezilla/image.php?id=04 HTTP/1.1" 200 7276 "http://www.f-m-shop.de/seiten/prod_detail_neuer.cfm?kat=GRA1GBX&nav=2&artnr=A%20%2029639" "Mozilla/5.0 (Windows; U; Windows NT 6.1; de; rv:1.9.1.7) Gecko/20091221 Firefox/3.5.7"
192.168.10.13 - - [01/Feb/2010:16:54:55 +0100] "POST /livezilla/server.php?acid=4c966 HTTP/1.1" 200 - "-" "LiveZilla 3.1.7.7 [http://www.livezilla.net]"
95.117.120.72 - - [01/Feb/2010:16:55:39 +0100] "GET /livezilla/image.php?id=04 HTTP/1.1" 200 7276 "-" "Opera/9.80 (Windows NT 6.0; U; de) Presto/2.2.15 Version/10.10"
87.143.149.149 - - [01/Feb/2010:16:55:41 +0100] "GET /livezilla/image.php?id=04 HTTP/1.1" 200 7276 "http://www.f-m-shop.de/seiten/prod_detail_neuer.cfm?kat=NOTB16&nav=2&artnr=A 31748" "Mozilla/4.0 (compatible; MSIE 8.0; Windows NT 6.0; Trident/4.0; GTB6; SLCC1; .NET CLR 2.0.50727; Media Center PC 5.0; InfoPath.1; .NET CLR 1.1.4322; .NET CLR 3.5.30729; .NET CLR 3.0.30729)"
87.150.251.37 - - [01/Feb/2010:16:55:58 +0100] "GET /livezilla/image.php?id=04 HTTP/1.1" 200 7276 "http://www.f-m-shop.de/seiten/prod_detail_neuer.cfm?kat=GRA1GBX&nav=2&artnr=A%20%2029639" "Mozilla/5.0 (Windows; U; Windows NT 6.1; en-US; rv:1.9.2) Gecko/20100115 Firefox/3.6"
192.168.10.10 - - [01/Feb/2010:16:55:35 +0100] "POST /livezilla/server.php?acid=32e8b HTTP/1.1" 200 - "-" "LiveZilla 3.1.7.7 [http://www.livezilla.net]"
192.168.10.13 - - [01/Feb/2010:16:55:43 +0100] "POST /livezilla/server.php?acid=25579 HTTP/1.1" 200 - "-" "LiveZilla 3.1.7.7 [http://www.livezilla.net]"
84.61.66.28 - - [01/Feb/2010:16:56:46 +0100] "GET /livezilla/image.php?id=04 HTTP/1.1" 200 7276 "http://www.f-m-shop.de/seiten/prod_detail_neuer.cfm?kat=VOITEL&nav=2&artnr=A%20%2031256" "Mozilla/5.0 (Windows; U; Windows NT 6.1; de; rv:1.9.1.7) Gecko/20091221 Firefox/3.5.7"
91.23.234.132 - - [01/Feb/2010:16:56:49 +0100] "GET /livezilla/image.php?id=04 HTTP/1.1" 200 7276 "http://www.f-m-shop.de/seiten/prod_detail_neuer.cfm?kat=GRA1GBX&nav=2&artnr=A%20%2029639" "Opera/9.80 (Windows NT 6.1; U; de) Presto/2.2.15 Version/10.10"
79.195.63.240 - - [01/Feb/2010:16:57:04 +0100] "GET /livezilla/image.php?id=04 HTTP/1.0" 200 7276 "http://www.f-m-shop.de/seiten/prod_detail_neuer.cfm?kat=GRA1GBX&nav=2&artnr=A%20%2031460" "Mozilla/5.0 (Windows; U; Windows NT 5.1; de; rv:1.9.1.7) Gecko/20091221 Firefox/3.5.7"
192.168.10.10 - - [01/Feb/2010:16:56:24 +0100] "POST /livezilla/server.php?acid=66c3e HTTP/1.1" 200 - "-" "LiveZilla 3.1.7.7 [http://www.livezilla.net]"
192.168.10.13 - - [01/Feb/2010:16:56:31 +0100] "POST /livezilla/server.php?acid=860e5 HTTP/1.1" 200 - "-" "LiveZilla 3.1.7.7 [http://www.livezilla.net]"
192.168.10.13 - - [01/Feb/2010:16:57:34 +0100] "POST /livezilla/server.php?acid=94762 HTTP/1.1" 200 13160 "-" "LiveZilla 3.1.7.7 [http://www.livezilla.net]"
192.168.10.13 - - [01/Feb/2010:16:57:50 +0100] "POST /livezilla/server.php?acid=73e61 HTTP/1.1" 200 718 "-" "LiveZilla 3.1.7.7 [http://www.livezilla.net]"
134.106.3.112 - - [01/Feb/2010:16:57:58 +0100] "GET /livezilla/image.php?id=04 HTTP/1.1" 200 7276 "http://www.f-m-shop.de/seiten/prod_detail_neuer.cfm?kat=GRA1GBX&nav=2&artnr=A%20%2031460" "Mozilla/5.0 (Windows; U; Windows NT 5.1; de; rv:1.9.2) Gecko/20100115 Firefox/3.6 (.NET CLR 3.5.30729)"
192.168.10.10 - - [01/Feb/2010:16:58:05 +0100] "POST /livezilla/server.php?acid=eded8 HTTP/1.1" 200 13160 "-" "LiveZilla 3.1.7.7 [http://www.livezilla.net]"
212.204.48.153 - - [01/Feb/2010:16:58:13 +0100] "GET /livezilla/image.php?id=04 HTTP/1.1" 200 7276 "http://www.f-m-shop.de/seiten/prod_detail_neuer.cfm?kat=GRA1GBX&nav=2&artnr=A%20%2029639" "Mozilla/5.0 (Windows; U; Windows NT 5.1; de; rv:1.9.1.7) Gecko/20091221 Firefox/3.5.7 (.NET CLR 3.5.30729)"
