193.26.47.75 - - [01/Feb/2010:13:17:33 +0100] "GET /livezilla/livezilla.php?template=lz_chat_frame.0.1 HTTP/1.1" 200 277 "http://chat.f-m-shop.de/livezilla/livezilla.php" "Mozilla/4.0 (compatible; MSIE 6.0; Windows NT 5.1; SV1; .NET CLR 2.0.50727; InfoPath.1; .NET CLR 1.1.4322)"
193.26.47.75 - - [01/Feb/2010:13:17:33 +0100] "GET /livezilla/livezilla.php?template=lz_chat_frame.0.0 HTTP/1.1" 200 1311 "-" "Mozilla/4.0 (compatible;)"
193.26.47.75 - - [01/Feb/2010:13:17:33 +0100] "GET /livezilla/livezilla.php?template=lz_chat_frame.0.2 HTTP/1.1" 200 1311 "-" "Mozilla/4.0 (compatible;)"
193.26.47.75 - - [01/Feb/2010:13:17:34 +0100] "GET /livezilla/livezilla.php?template=lz_chat_frame.0.0 HTTP/1.1" 200 259 "http://chat.f-m-shop.de/livezilla/livezilla.php" "Mozilla/4.0 (compatible; MSIE 6.0; Windows NT 5.1; SV1; .NET CLR 2.0.50727; InfoPath.1; .NET CLR 1.1.4322)"
193.26.47.75 - - [01/Feb/2010:13:17:34 +0100] "GET /livezilla/livezilla.php?template=lz_chat_frame.2.2 HTTP/1.1" 200 1311 "-" "Mozilla/4.0 (compatible;)"
193.26.47.75 - - [01/Feb/2010:13:17:34 +0100] "GET /livezilla/livezilla.php?template=lz_chat_frame.1.0 HTTP/1.1" 200 279 "http://chat.f-m-shop.de/livezilla/livezilla.php" "Mozilla/4.0 (compatible; MSIE 6.0; Windows NT 5.1; SV1; .NET CLR 2.0.50727; InfoPath.1; .NET CLR 1.1.4322)"
193.26.47.75 - - [01/Feb/2010:13:17:34 +0100] "GET /livezilla/livezilla.php?template=lz_chat_frame.2.0 HTTP/1.1" 200 1311 "-" "Mozilla/4.0 (compatible;)"
193.26.47.75 - - [01/Feb/2010:13:17:35 +0100] "GET /livezilla/livezilla.php?template=lz_chat_frame.2.0 HTTP/1.1" 200 263 "http://chat.f-m-shop.de/livezilla/livezilla.php" "Mozilla/4.0 (compatible; MSIE 6.0; Windows NT 5.1; SV1; .NET CLR 2.0.50727; InfoPath.1; .NET CLR 1.1.4322)"
193.26.47.75 - - [01/Feb/2010:13:17:34 +0100] "GET /livezilla/livezilla.php?template=lz_chat_frame.3.0 HTTP/1.1" 200 1311 "-" "Mozilla/4.0 (compatible;)"
193.26.47.75 - - [01/Feb/2010:13:17:35 +0100] "GET /livezilla/livezilla.php?template=lz_chat_frame.1.1 HTTP/1.1" 200 2257 "http://chat.f-m-shop.de/livezilla/livezilla.php" "Mozilla/4.0 (compatible; MSIE 6.0; Windows NT 5.1; SV1; .NET CLR 2.0.50727; InfoPath.1; .NET CLR 1.1.4322)"
193.26.47.75 - - [01/Feb/2010:13:17:35 +0100] "GET /livezilla/livezilla.php?template=lz_chat_frame.0.2 HTTP/1.1" 200 254 "http://chat.f-m-shop.de/livezilla/livezilla.php" "Mozilla/4.0 (compatible; MSIE 6.0; Windows NT 5.1; SV1; .NET CLR 2.0.50727; InfoPath.1; .NET CLR 1.1.4322)"
193.26.47.75 - - [01/Feb/2010:13:17:34 +0100] "GET /livezilla/livezilla.php?template=lz_chat_frame.4.1 HTTP/1.1" 200 1311 "-" "Mozilla/4.0 (compatible;)"
193.26.47.75 - - [01/Feb/2010:13:17:33 +0100] "GET /livezilla/livezilla.php?template=lz_chat_frame.3.2.login& HTTP/1.1" 200 1311 "-" "Mozilla/4.0 (compatible;)"
193.26.47.75 - - [01/Feb/2010:13:17:35 +0100] "GET /livezilla/images/lz_rep_bg.gif HTTP/1.1" 200 320 "-" "Mozilla/4.0 (compatible;)"
193.26.47.75 - - [01/Feb/2010:13:17:35 +0100] "GET /livezilla/livezilla.php?template=lz_chat_frame.4.1 HTTP/1.1" 200 455 "http://chat.f-m-shop.de/livezilla/livezilla.php" "Mozilla/4.0 (compatible; MSIE 6.0; Windows NT 5.1; SV1; .NET CLR 2.0.50727; InfoPath.1; .NET CLR 1.1.4322)"
193.26.47.75 - - [01/Feb/2010:13:17:35 +0100] "GET /livezilla/livezilla.php?template=lz_chat_frame.5.1 HTTP/1.1" 200 1311 "-" "Mozilla/4.0 (compatible;)"
193.26.47.75 - - [01/Feb/2010:13:17:36 +0100] "GET /livezilla/images/icon_vcard.gif HTTP/1.1" 200 559 "-" "Mozilla/4.0 (compatible;)"
193.26.47.75 - - [01/Feb/2010:13:17:36 +0100] "GET /livezilla/images/carrier_logo.gif HTTP/1.1" 200 6003 "-" "Mozilla/4.0 (compatible;)"
193.26.47.75 - - [01/Feb/2010:13:17:34 +0100] "GET /livezilla/livezilla.php?template=lz_chat_frame.1.2 HTTP/1.1" 200 1311 "-" "Mozilla/4.0 (compatible;)"
193.26.47.75 - - [01/Feb/2010:13:17:35 +0100] "GET /livezilla/livezilla.php?template=lz_chat_frame.3.3 HTTP/1.1" 200 1311 "-" "Mozilla/4.0 (compatible;)"
193.26.47.75 - - [01/Feb/2010:13:17:36 +0100] "GET /livezilla/images/lz_rep_bg_left.gif HTTP/1.1" 200 593 "-" "Mozilla/4.0 (compatible;)"
193.26.47.75 - - [01/Feb/2010:13:17:36 +0100] "GET /livezilla/livezilla.php?template=lz_chat_frame.1.2 HTTP/1.1" 200 264 "http://chat.f-m-shop.de/livezilla/livezilla.php" "Mozilla/4.0 (compatible; MSIE 6.0; Windows NT 5.1; SV1; .NET CLR 2.0.50727; InfoPath.1; .NET CLR 1.1.4322)"
193.26.47.75 - - [01/Feb/2010:13:17:36 +0100] "GET /livezilla/intern_images/nopic.jpg HTTP/1.1" 200 3599 "-" "Mozilla/4.0 (compatible;)"
193.26.47.75 - - [01/Feb/2010:13:17:36 +0100] "GET /livezilla/images/lz_rep_bg_right.gif HTTP/1.1" 200 590 "-" "Mozilla/4.0 (compatible;)"
193.26.47.75 - - [01/Feb/2010:13:17:36 +0100] "GET /livezilla/images/icon_typing.gif HTTP/1.1" 200 1106 "-" "Mozilla/4.0 (compatible;)"
193.26.47.75 - - [01/Feb/2010:13:17:36 +0100] "GET /livezilla/images/lz_header.gif HTTP/1.1" 200 7285 "-" "Mozilla/4.0 (compatible;)"
193.26.47.75 - - [01/Feb/2010:13:17:36 +0100] "GET /livezilla/livezilla.php?template=lz_chat_frame.2.2 HTTP/1.1" 200 264 "http://chat.f-m-shop.de/livezilla/livezilla.php" "Mozilla/4.0 (compatible; MSIE 6.0; Windows NT 5.1; SV1; .NET CLR 2.0.50727; InfoPath.1; .NET CLR 1.1.4322)"
193.26.47.75 - - [01/Feb/2010:13:17:36 +0100] "GET /livezilla/livezilla.php?template=lz_chat_frame.3.0 HTTP/1.1" 200 240 "http://chat.f-m-shop.de/livezilla/livezilla.php" "Mozilla/4.0 (compatible; MSIE 6.0; Windows NT 5.1; SV1; .NET CLR 2.0.50727; InfoPath.1; .NET CLR 1.1.4322)"
193.26.47.75 - - [01/Feb/2010:13:17:36 +0100] "GET /livezilla/livezilla.php?template=lz_chat_frame.3.2.login& HTTP/1.1" 200 1019 "http://chat.f-m-shop.de/livezilla/livezilla.php" "Mozilla/4.0 (compatible; MSIE 6.0; Windows NT 5.1; SV1; .NET CLR 2.0.50727; InfoPath.1; .NET CLR 1.1.4322)"
193.26.47.75 - - [01/Feb/2010:13:17:37 +0100] "GET /livezilla/livezilla.php?template=lz_chat_frame.3.2.login.1.0& HTTP/1.1" 200 1311 "-" "Mozilla/4.0 (compatible;)"
193.26.47.75 - - [01/Feb/2010:13:17:36 +0100] "GET /livezilla/livezilla.php?template=lz_chat_frame.5.1 HTTP/1.1" 200 265 "http://chat.f-m-shop.de/livezilla/livezilla.php" "Mozilla/4.0 (compatible; MSIE 6.0; Windows NT 5.1; SV1; .NET CLR 2.0.50727; InfoPath.1; .NET CLR 1.1.4322)"
193.26.47.75 - - [01/Feb/2010:13:17:36 +0100] "GET /livezilla/livezilla.php?template=lz_chat_frame.3.3 HTTP/1.1" 200 239 "http://chat.f-m-shop.de/livezilla/livezilla.php" "Mozilla/4.0 (compatible; MSIE 6.0; Windows NT 5.1; SV1; .NET CLR 2.0.50727; InfoPath.1; .NET CLR 1.1.4322)"
193.26.47.75 - - [01/Feb/2010:13:17:37 +0100] "GET /livezilla/livezilla.php?template=lz_chat_frame.3.2.login.2.0 HTTP/1.1" 200 1311 "-" "Mozilla/4.0 (compatible;)"
93.193.23.96 - - [01/Feb/2010:13:17:37 +0100] "GET /livezilla/image.php?id=04 HTTP/1.1" 200 7276 "http://www.f-m-shop.de/seiten/prod_detail_neuer.cfm?kat=GRA1GBX&nav=2&artnr=A%20%2029639" "Mozilla/5.0 (Windows; U; Windows NT 5.1; de; rv:1.9.1.7) Gecko/20091221 Firefox/3.5.7"
193.26.47.75 - - [01/Feb/2010:13:17:37 +0100] "GET /livezilla/livezilla.php?template=lz_chat_frame.3.2.login.0.0 HTTP/1.1" 200 1311 "-" "Mozilla/4.0 (compatible;)"
193.26.47.75 - - [01/Feb/2010:13:17:37 +0100] "GET /livezilla/livezilla.php?template=lz_chat_frame.3.2.login.1.0& HTTP/1.1" 200 2939 "http://chat.f-m-shop.de/livezilla/livezilla.php?template=lz_chat_frame.3.2.login&" "Mozilla/4.0 (compatible; MSIE 6.0; Windows NT 5.1; SV1; .NET CLR 2.0.50727; InfoPath.1; .NET CLR 1.1.4322)"
193.26.47.75 - - [01/Feb/2010:13:17:37 +0100] "GET /livezilla/images/icon_info.gif HTTP/1.1" 200 1703 "-" "Mozilla/4.0 (compatible;)"
193.26.47.75 - - [01/Feb/2010:13:17:37 +0100] "GET /livezilla/images/icon_network.gif HTTP/1.1" 200 354 "-" "Mozilla/4.0 (compatible;)"
193.26.47.75 - - [01/Feb/2010:13:17:37 +0100] "GET /livezilla/livezilla.php?template=lz_chat_frame.3.2.login.2.0 HTTP/1.1" 200 277 "http://chat.f-m-shop.de/livezilla/livezilla.php?template=lz_chat_frame.3.2.login&" "Mozilla/4.0 (compatible; MSIE 6.0; Windows NT 5.1; SV1; .NET CLR 2.0.50727; InfoPath.1; .NET CLR 1.1.4322)"
193.26.47.75 - - [01/Feb/2010:13:17:37 +0100] "GET /livezilla/livezilla.php?template=lz_chat_frame.3.2.login.0.0 HTTP/1.1" 200 1563 "http://chat.f-m-shop.de/livezilla/livezilla.php?template=lz_chat_frame.3.2.login&" "Mozilla/4.0 (compatible; MSIE 6.0; Windows NT 5.1; SV1; .NET CLR 2.0.50727; InfoPath.1; .NET CLR 1.1.4322)"
193.26.47.75 - - [01/Feb/2010:13:17:38 +0100] "GET /livezilla/images/button_mail.gif HTTP/1.1" 200 1348 "-" "Mozilla/4.0 (compatible;)"
193.26.47.75 - - [01/Feb/2010:13:17:38 +0100] "GET /livezilla/images/chat_bg_navigation_right.gif HTTP/1.1" 200 675 "-" "Mozilla/4.0 (compatible;)"
193.26.47.75 - - [01/Feb/2010:13:17:38 +0100] "GET /livezilla/images/button_close.gif HTTP/1.1" 200 1239 "-" "Mozilla/4.0 (compatible;)"
193.26.47.75 - - [01/Feb/2010:13:17:38 +0100] "GET /livezilla/images/chat_bg_navigation_dev.gif HTTP/1.1" 200 367 "-" "Mozilla/4.0 (compatible;)"
193.26.47.75 - - [01/Feb/2010:13:17:38 +0100] "GET /livezilla/images/button_fav.gif HTTP/1.1" 200 1344 "-" "Mozilla/4.0 (compatible;)"
193.26.47.75 - - [01/Feb/2010:13:17:38 +0100] "GET /livezilla/images/chat_bg_navigation_left.gif HTTP/1.1" 200 1078 "-" "Mozilla/4.0 (compatible;)"
193.26.47.75 - - [01/Feb/2010:13:17:38 +0100] "GET /livezilla/images/chat_bg_footer.gif HTTP/1.1" 200 194 "http://chat.f-m-shop.de/livezilla/livezilla.php?template=lz_chat_frame.4.1" "Mozilla/4.0 (compatible; MSIE 6.0; Windows NT 5.1; SV1; .NET CLR 2.0.50727; InfoPath.1; .NET CLR 1.1.4322)"
193.26.47.75 - - [01/Feb/2010:13:17:38 +0100] "GET /livezilla/images/chat_bg_navigation_sub.gif HTTP/1.1" 200 76 "http://chat.f-m-shop.de/livezilla/livezilla.php?template=lz_chat_frame.3.2.login.1.0&" "Mozilla/4.0 (compatible; MSIE 6.0; Windows NT 5.1; SV1; .NET CLR 2.0.50727; InfoPath.1; .NET CLR 1.1.4322)"
193.26.47.75 - - [01/Feb/2010:13:17:38 +0100] "GET /livezilla/images/lz_button.gif HTTP/1.1" 200 838 "http://chat.f-m-shop.de/livezilla/livezilla.php?template=lz_chat_frame.3.2.login.1.0&" "Mozilla/4.0 (compatible; MSIE 6.0; Windows NT 5.1; SV1; .NET CLR 2.0.50727; InfoPath.1; .NET CLR 1.1.4322)"
193.26.47.75 - - [01/Feb/2010:13:17:38 +0100] "GET /livezilla/images/lz_button_extra.gif HTTP/1.1" 200 948 "http://chat.f-m-shop.de/livezilla/livezilla.php?template=lz_chat_frame.3.2.login.1.0&" "Mozilla/4.0 (compatible; MSIE 6.0; Windows NT 5.1; SV1; .NET CLR 2.0.50727; InfoPath.1; .NET CLR 1.1.4322)"
193.26.47.75 - - [01/Feb/2010:13:17:38 +0100] "GET /livezilla/images/chat_bg_field.gif HTTP/1.1" 200 121 "http://chat.f-m-shop.de/livezilla/livezilla.php?template=lz_chat_frame.3.2.login.1.0&" "Mozilla/4.0 (compatible; MSIE 6.0; Windows NT 5.1; SV1; .NET CLR 2.0.50727; InfoPath.1; .NET CLR 1.1.4322)"
193.26.47.75 - - [01/Feb/2010:13:17:38 +0100] "GET /livezilla/images/chat_bg_footer_top.gif HTTP/1.1" 200 858 "http://chat.f-m-shop.de/livezilla/livezilla.php?template=lz_chat_frame.3.2.login.2.0" "Mozilla/4.0 (compatible; MSIE 6.0; Windows NT 5.1; SV1; .NET CLR 2.0.50727; InfoPath.1; .NET CLR 1.1.4322)"
193.26.47.75 - - [01/Feb/2010:13:17:38 +0100] "GET /livezilla/images/chat_bg_navigation.gif HTTP/1.1" 200 258 "http://chat.f-m-shop.de/livezilla/livezilla.php?template=lz_chat_frame.3.2.login.0.0" "Mozilla/4.0 (compatible; MSIE 6.0; Windows NT 5.1; SV1; .NET CLR 2.0.50727; InfoPath.1; .NET CLR 1.1.4322)"
193.26.47.75 - - [01/Feb/2010:13:17:39 +0100] "POST /livezilla/server.php HTTP/1.1" 200 212 "http://chat.f-m-shop.de/livezilla/livezilla.php" "Mozilla/4.0 (compatible; MSIE 6.0; Windows NT 5.1; SV1; .NET CLR 2.0.50727; InfoPath.1; .NET CLR 1.1.4322)"
193.26.47.75 - - [01/Feb/2010:13:17:39 +0100] "GET /livezilla/livezilla.php?template=lz_chat_frame.3.2.mail HTTP/1.1" 200 3993 "http://chat.f-m-shop.de/livezilla/livezilla.php" "Mozilla/4.0 (compatible; MSIE 6.0; Windows NT 5.1; SV1; .NET CLR 2.0.50727; InfoPath.1; .NET CLR 1.1.4322)"
193.26.47.75 - - [01/Feb/2010:13:17:40 +0100] "GET /livezilla/images/button_chat.gif HTTP/1.1" 200 1218 "-" "Mozilla/4.0 (compatible;)"
193.26.47.75 - - [01/Feb/2010:13:17:40 +0100] "GET /livezilla/images/button_print.gif HTTP/1.1" 200 1183 "-" "Mozilla/4.0 (compatible;)"
193.26.47.75 - - [01/Feb/2010:13:17:40 +0100] "POST /livezilla/livezilla.php?template=lz_chat_frame.3.2.mail HTTP/1.1" 200 4002 "http://chat.f-m-shop.de/livezilla/livezilla.php?template=lz_chat_frame.3.2.login.1.0&" "Mozilla/4.0 (compatible; MSIE 6.0; Windows NT 5.1; SV1; .NET CLR 2.0.50727; InfoPath.1; .NET CLR 1.1.4322)"
93.193.23.96 - - [01/Feb/2010:13:17:44 +0100] "GET /livezilla/image.php?id=04 HTTP/1.1" 200 7276 "http://www.f-m-shop.de/seiten/prod_detail_neuer.cfm?kat=GRA1GBX&nav=2&artnr=A%20%2029639" "Mozilla/5.0 (Windows; U; Windows NT 5.1; de; rv:1.9.1.7) Gecko/20091221 Firefox/3.5.7"
93.193.23.96 - - [01/Feb/2010:13:17:48 +0100] "GET /livezilla/image.php?id=04 HTTP/1.1" 200 7276 "http://www.f-m-shop.de/seiten/prod_detail_neuer.cfm?kat=GRA1GBX&nav=2&artnr=A%20%2029639" "Mozilla/5.0 (Windows; U; Windows NT 5.1; de; rv:1.9.1.7) Gecko/20091221 Firefox/3.5.7"
192.168.10.10 - - [01/Feb/2010:13:17:06 +0100] "POST /livezilla/server.php?acid=1c38b HTTP/1.1" 200 - "-" "LiveZilla 3.1.7.7 [http://www.livezilla.net]"
93.193.23.96 - - [01/Feb/2010:13:17:52 +0100] "GET /livezilla/image.php?id=04 HTTP/1.1" 200 7276 "http://www.f-m-shop.de/seiten/prod_detail_neuer.cfm?kat=GRA1GBX&nav=2&artnr=A%20%2029639" "Mozilla/5.0 (Windows; U; Windows NT 5.1; de; rv:1.9.1.7) Gecko/20091221 Firefox/3.5.7"
192.168.10.13 - - [01/Feb/2010:13:17:14 +0100] "POST /livezilla/server.php?acid=7cc04 HTTP/1.1" 200 - "-" "LiveZilla 3.1.7.7 [http://www.livezilla.net]"
192.168.10.10 - - [01/Feb/2010:13:17:54 +0100] "POST /livezilla/server.php?acid=15cd3 HTTP/1.1" 200 - "-" "LiveZilla 3.1.7.7 [http://www.livezilla.net]"
93.193.23.96 - - [01/Feb/2010:13:18:46 +0100] "GET /livezilla/image.php?id=04 HTTP/1.1" 200 7276 "http://www.f-m-shop.de/seiten/prod_detail_neuer.cfm?kat=GRA1GBX&nav=2&artnr=A%20%2029639" "Mozilla/5.0 (Windows; U; Windows NT 5.1; de; rv:1.9.1.7) Gecko/20091221 Firefox/3.5.7"
84.144.117.72 - - [01/Feb/2010:13:18:46 +0100] "GET /livezilla/image.php?id=04 HTTP/1.1" 200 7276 "http://www.f-m-shop.de/seiten/prod_detail_neuer.cfm?kat=MONT24&nav=2&artnr=A%20%2029702" "Mozilla/5.0 (Macintosh; U; Intel Mac OS X 10.6; de; rv:1.9.1.7) Gecko/20091221 Firefox/3.5.7"
192.168.10.13 - - [01/Feb/2010:13:18:03 +0100] "POST /livezilla/server.php?acid=92440 HTTP/1.1" 200 - "-" "LiveZilla 3.1.7.7 [http://www.livezilla.net]"
87.157.218.20 - - [01/Feb/2010:13:18:54 +0100] "GET /livezilla/image.php?id=04 HTTP/1.0" 200 7276 "http://www.f-m-shop.de/seiten/prod_detail_neuer.cfm?kat=NOTB16&nav=2&artnr=A 31748" "Mozilla/4.0 (compatible; MSIE 8.0; Windows NT 6.0; WOW64; Trident/4.0; SLCC1; .NET CLR 2.0.50727; .NET CLR 3.5.30729; .NET CLR 3.0.30729)"
217.69.244.251 - - [01/Feb/2010:13:19:09 +0100] "GET /livezilla/image.php?id=04 HTTP/1.0" 200 7276 "http://www.f-m-shop.de/seiten/prod_detail_neuer.cfm?kat=NETWLROU&nav=2&artnr=A%20%2031257" "Mozilla/5.0 (Windows; U; Windows NT 5.1; de; rv:1.9.1.7) Gecko/20091221 Firefox/3.5.7 (.NET CLR 2.0.50727; .NET CLR 3.0.04506.30; .NET CLR 3.0.04506.648; .NET CLR 3.0.4506.2152; .NET CLR 3.5.30729)"
89.166.220.192 - - [01/Feb/2010:13:19:18 +0100] "GET /livezilla/image.php?id=04 HTTP/1.1" 200 7276 "http://www.f-m-shop.de/seiten/prod_detail_neuer.cfm?kat=MEDDDS&nav=2&artnr=A%20%2030420" "Mozilla/5.0 (Windows; U; Windows NT 6.1; de; rv:1.9.2) Gecko/20100115 Firefox/3.6"
192.168.10.10 - - [01/Feb/2010:13:18:46 +0100] "POST /livezilla/server.php?acid=834ef HTTP/1.1" 200 - "-" "LiveZilla 3.1.7.7 [http://www.livezilla.net]"
192.168.10.13 - - [01/Feb/2010:13:18:51 +0100] "POST /livezilla/server.php?acid=2c794 HTTP/1.1" 200 - "-" "LiveZilla 3.1.7.7 [http://www.livezilla.net]"
212.121.135.98 - - [01/Feb/2010:13:19:36 +0100] "GET /livezilla/image.php?id=04 HTTP/1.1" 200 7276 "http://www.f-m-shop.de/seiten/prod_detail_neuer.cfm?kat=GRA1GBX&nav=2&artnr=A%20%2031460" "Mozilla/5.0 (Windows; U; Windows NT 5.1; de; rv:1.9.1.6) Gecko/20091201 Firefox/3.5.6 (.NET CLR 3.5.30729)"
212.121.135.98 - - [01/Feb/2010:13:19:37 +0100] "GET /livezilla/image.php?id=04 HTTP/1.1" 200 7276 "http://www.f-m-shop.de/seiten/prod_detail_neuer.cfm?kat=GRA1GBX&nav=2&artnr=A%20%2031460" "Mozilla/5.0 (Windows; U; Windows NT 5.1; de; rv:1.9.1.6) Gecko/20091201 Firefox/3.5.6 (.NET CLR 3.5.30729)"
192.168.10.10 - - [01/Feb/2010:13:19:35 +0100] "POST /livezilla/server.php?acid=d02b3 HTTP/1.1" 200 - "-" "LiveZilla 3.1.7.7 [http://www.livezilla.net]"
192.168.10.13 - - [01/Feb/2010:13:19:40 +0100] "POST /livezilla/server.php?acid=eca50 HTTP/1.1" 200 - "-" "LiveZilla 3.1.7.7 [http://www.livezilla.net]"
84.61.132.87 - - [01/Feb/2010:13:20:38 +0100] "GET /livezilla/image.php?id=04 HTTP/1.1" 200 7276 "http://www.f-m-shop.de/seiten/prod_detail_neuer.cfm?kat=GRA1GBX&nav=2&artnr=A 29639" "Mozilla/4.0 (compatible; MSIE 8.0; Windows NT 6.1; WOW64; Trident/4.0; SLCC2; .NET CLR 2.0.50727; .NET CLR 3.5.30729; .NET CLR 3.0.30729; Media Center PC 6.0; InfoPath.3; FDM; Creative AutoUpdate v1.40.01)"
192.168.10.10 - - [01/Feb/2010:13:20:23 +0100] "POST /livezilla/server.php?acid=fc0de HTTP/1.1" 200 - "-" "LiveZilla 3.1.7.7 [http://www.livezilla.net]"
192.168.10.13 - - [01/Feb/2010:13:20:28 +0100] "POST /livezilla/server.php?acid=244de HTTP/1.1" 200 - "-" "LiveZilla 3.1.7.7 [http://www.livezilla.net]"
83.215.152.111 - - [01/Feb/2010:13:21:19 +0100] "GET /livezilla/image.php?id=04 HTTP/1.1" 200 7276 "http://www.f-m-shop.de/seiten/prod_detail_neuer.cfm?kat=GRA1GBX&nav=2&artnr=A%20%2029639" "Mozilla/5.0 (Windows; U; Windows NT 6.1; de; rv:1.9.2) Gecko/20100115 Firefox/3.6"
80.152.214.176 - - [01/Feb/2010:13:21:27 +0100] "GET /livezilla/image.php?id=04 HTTP/1.1" 200 7276 "http://www.f-m-shop.de/seiten/prod_detail_neuer.cfm?kat=NETWLROU&nav=2&artnr=A 31257" "Mozilla/4.0 (compatible; MSIE 7.0; Windows NT 5.1; .NET CLR 1.1.4322; .NET CLR 2.0.50727; .NET CLR 3.0.04506.30; InfoPath.1; .NET CLR 3.0.4506.2152; .NET CLR 3.5.30729)"
89.15.41.82 - - [01/Feb/2010:13:21:52 +0100] "GET /livezilla/image.php?id=04 HTTP/1.1" 200 7276 "http://www.f-m-shop.de/seiten/prod_detail_neuer.cfm?kat=MONT19&nav=2&artnr=A%20%2019201" "Mozilla/5.0 (Windows; U; Windows NT 5.1; de; rv:1.9.1.7) Gecko/20091221 Firefox/3.5.7"
192.168.10.10 - - [01/Feb/2010:13:21:11 +0100] "POST /livezilla/server.php?acid=e46d9 HTTP/1.1" 200 - "-" "LiveZilla 3.1.7.7 [http://www.livezilla.net]"
192.168.10.13 - - [01/Feb/2010:13:21:17 +0100] "POST /livezilla/server.php?acid=f1f48 HTTP/1.1" 200 - "-" "LiveZilla 3.1.7.7 [http://www.livezilla.net]"
91.11.202.237 - - [01/Feb/2010:13:22:31 +0100] "GET /livezilla/image.php?id=04 HTTP/1.1" 200 7276 "http://www.f-m-shop.de/seiten/prod_detail_neuer.cfm?kat=NETWLROU&nav=2&artnr=A%20%2031257" "Mozilla/5.0 (Windows; U; Windows NT 5.1; de; rv:1.9.0.8) Gecko/2009032609 Firefox/3.0.8"
89.245.68.124 - - [01/Feb/2010:13:22:35 +0100] "GET /livezilla/image.php?id=04 HTTP/1.1" 200 7276 "http://www.f-m-shop.de/seiten/prod_detail_neuer.cfm?kat=RAMDDR3&nav=2&artnr=A%20%2030888" "Mozilla/5.0 (Windows; U; Windows NT 5.1; de; rv:1.9.1.7) Gecko/20091221 Firefox/3.5.7"
192.168.10.10 - - [01/Feb/2010:13:22:00 +0100] "POST /livezilla/server.php?acid=4953c HTTP/1.1" 200 - "-" "LiveZilla 3.1.7.7 [http://www.livezilla.net]"
192.168.10.13 - - [01/Feb/2010:13:22:05 +0100] "POST /livezilla/server.php?acid=9c5a1 HTTP/1.1" 200 - "-" "LiveZilla 3.1.7.7 [http://www.livezilla.net]"
89.245.68.124 - - [01/Feb/2010:13:22:51 +0100] "GET /livezilla/image.php?id=04 HTTP/1.1" 200 7276 "http://www.f-m-shop.de/seiten/prod_detail_neuer.cfm?kat=RAMDDR3&nav=2&artnr=A%20%2030888" "Mozilla/5.0 (Windows; U; Windows NT 5.1; de; rv:1.9.1.7) Gecko/20091221 Firefox/3.5.7"
91.4.196.99 - - [01/Feb/2010:13:22:51 +0100] "GET /livezilla/image.php?id=04 HTTP/1.1" 200 7276 "http://www.f-m-shop.de/seiten/prod_detail_neuer.cfm?kat=GRA1GBX&nav=2&artnr=A%20%2029639" "Mozilla/5.0 (Windows; U; Windows NT 5.1; de; rv:1.8.1.20) Gecko/20081217 Firefox/2.0.0.20 (.NET CLR 3.5.30729)"
91.50.125.176 - - [01/Feb/2010:13:22:59 +0100] "GET /livezilla/image.php?id=04 HTTP/1.1" 200 7276 "http://www.f-m-shop.de/seiten/prod_detail_neuer.cfm?kat=GRA1GBX&nav=2&artnr=A%20%2029639" "Mozilla/5.0 (Windows; U; Windows NT 6.1; de; rv:1.9.2) Gecko/20100115 Firefox/3.6 (.NET CLR 3.5.30729)"
192.168.10.10 - - [01/Feb/2010:13:22:48 +0100] "POST /livezilla/server.php?acid=cf9d0 HTTP/1.1" 200 - "-" "LiveZilla 3.1.7.7 [http://www.livezilla.net]"
192.168.10.13 - - [01/Feb/2010:13:22:53 +0100] "POST /livezilla/server.php?acid=2486f HTTP/1.1" 200 - "-" "LiveZilla 3.1.7.7 [http://www.livezilla.net]"
77.118.138.17 - - [01/Feb/2010:13:23:44 +0100] "GET /livezilla/image.php?id=04 HTTP/1.1" 200 7276 "http://www.f-m-shop.de/seiten/prod_detail_neuer.cfm?kat=GRA1GBX&nav=2&artnr=A%20%2030475" "Mozilla/5.0 (Windows; U; Windows NT 6.1; de; rv:1.9.1.7) Gecko/20091221 Firefox/3.5.7"
93.218.151.68 - - [01/Feb/2010:13:24:04 +0100] "GET /livezilla/image.php?id=04 HTTP/1.1" 200 7276 "http://www.f-m-shop.de/seiten/prod_detail_neuer.cfm?kat=DRUMUL&nav=2&artnr=A 23631" "Mozilla/4.0 (compatible; MSIE 7.0; Windows NT 5.1; GTB6.3; .NET CLR 1.1.4322; .NET CLR 2.0.50727; .NET CLR 3.0.4506.2152; .NET CLR 3.5.30729)"
192.168.10.10 - - [01/Feb/2010:13:23:36 +0100] "POST /livezilla/server.php?acid=51e4e HTTP/1.1" 200 - "-" "LiveZilla 3.1.7.7 [http://www.livezilla.net]"
192.168.10.13 - - [01/Feb/2010:13:23:42 +0100] "POST /livezilla/server.php?acid=a79ce HTTP/1.1" 200 - "-" "LiveZilla 3.1.7.7 [http://www.livezilla.net]"
81.243.179.153 - - [01/Feb/2010:13:24:58 +0100] "GET /livezilla/image.php?id=04 HTTP/1.1" 200 7276 "http://www.f-m-shop.de/seiten/prod_detail_neuer.cfm?kat=SCANA4&nav=2&artnr=A%20%2016212" "Mozilla/5.0 (X11; U; Linux x86_64; en-US; rv:1.9.1.7) Gecko/20100106 Ubuntu/9.10 (karmic) Firefox/3.5.7"
93.218.151.68 - - [01/Feb/2010:13:25:08 +0100] "GET /livezilla/image.php?id=04 HTTP/1.1" 200 7276 "http://www.f-m-shop.de/seiten/prod_detail_neuer.cfm?kat=DRUMUL&nav=2&artnr=A%20%2023631" "Mozilla/4.0 (compatible; MSIE 7.0; Windows NT 5.1; GTB6.3; .NET CLR 1.1.4322; .NET CLR 2.0.50727; .NET CLR 3.0.4506.2152; .NET CLR 3.5.30729)"
192.168.10.10 - - [01/Feb/2010:13:24:25 +0100] "POST /livezilla/server.php?acid=cd37f HTTP/1.1" 200 - "-" "LiveZilla 3.1.7.7 [http://www.livezilla.net]"
192.168.10.13 - - [01/Feb/2010:13:24:30 +0100] "POST /livezilla/server.php?acid=cb81f HTTP/1.1" 200 - "-" "LiveZilla 3.1.7.7 [http://www.livezilla.net]"
192.168.10.10 - - [01/Feb/2010:13:25:13 +0100] "POST /livezilla/server.php?acid=d5c76 HTTP/1.1" 200 - "-" "LiveZilla 3.1.7.7 [http://www.livezilla.net]"
192.168.10.13 - - [01/Feb/2010:13:25:18 +0100] "POST /livezilla/server.php?acid=3672f HTTP/1.1" 200 - "-" "LiveZilla 3.1.7.7 [http://www.livezilla.net]"
192.168.10.10 - - [01/Feb/2010:13:26:01 +0100] "POST /livezilla/server.php?acid=37247 HTTP/1.1" 200 - "-" "LiveZilla 3.1.7.7 [http://www.livezilla.net]"
192.168.10.13 - - [01/Feb/2010:13:26:07 +0100] "POST /livezilla/server.php?acid=579e4 HTTP/1.1" 200 - "-" "LiveZilla 3.1.7.7 [http://www.livezilla.net]"
91.50.125.176 - - [01/Feb/2010:13:27:11 +0100] "GET /livezilla/image.php?id=04 HTTP/1.1" 200 7276 "http://www.f-m-shop.de/seiten/prod_detail_neuer.cfm?kat=GRA1GBX&nav=2&artnr=A%20%2029639" "Mozilla/5.0 (Windows; U; Windows NT 6.1; de; rv:1.9.2) Gecko/20100115 Firefox/3.6 (.NET CLR 3.5.30729)"
192.168.10.10 - - [01/Feb/2010:13:26:50 +0100] "POST /livezilla/server.php?acid=93eca HTTP/1.1" 200 - "-" "LiveZilla 3.1.7.7 [http://www.livezilla.net]"
91.52.172.153 - - [01/Feb/2010:13:27:35 +0100] "GET /livezilla/image.php?id=04 HTTP/1.1" 200 7276 "http://www.f-m-shop.de/seiten/prod_detail_neuer.cfm?kat=NETWLROU&nav=2&artnr=A%20%2031257" "Mozilla/5.0 (Windows; U; Windows NT 5.1; de; rv:1.9.1.7) Gecko/20091221 Firefox/3.5.7 (.NET CLR 3.5.30729)"
192.168.10.13 - - [01/Feb/2010:13:26:55 +0100] "POST /livezilla/server.php?acid=d41c0 HTTP/1.1" 200 - "-" "LiveZilla 3.1.7.7 [http://www.livezilla.net]"
80.60.26.11 - - [01/Feb/2010:13:27:39 +0100] "GET /livezilla/image.php?id=04 HTTP/1.1" 200 7276 "http://www.f-m-shop.de/seiten/prod_detail_neuer.cfm?kat=GRA1GBX&nav=2&artnr=A%20%2029639" "Mozilla/5.0 (Windows; U; Windows NT 6.0; nl; rv:1.9.1.7) Gecko/20091221 Firefox/3.5.7 (.NET CLR 3.5.30729)"
83.160.204.66 - - [01/Feb/2010:13:27:44 +0100] "GET /livezilla/image.php?id=04 HTTP/1.1" 200 7276 "http://www.f-m-shop.de/seiten/prod_detail_neuer.cfm?name=HDD%20SATA-1.0TB%20SAMSUNG%207200rpm%2032MB&artnr=A%20%2023827&nav=2&kat=HDDSATA&kat_her=SAMSUNG&p_sort=&b_sort=ASC" "Mozilla/5.0 (Windows; U; Windows NT 5.1; nl; rv:1.9.2) Gecko/20100115 Firefox/3.6 (.NET CLR 3.5.30729)"
91.196.140.34 - - [01/Feb/2010:13:27:56 +0100] "GET /livezilla/image.php?id=04 HTTP/1.0" 200 7276 "http://www.f-m-shop.de/seiten/prod_detail_neuer.cfm?kat=MONT22&nav=2&artnr=A 29272" "Mozilla/4.0 (compatible; MSIE 7.0; Windows NT 5.1; .NET CLR 2.0.50727; .NET CLR 3.0.04506.30; .NET CLR 3.0.04506.648; .NET CLR 1.1.4322; .NET CLR 3.0.4506.2152; .NET CLR 3.5.30729)"
192.168.10.10 - - [01/Feb/2010:13:27:38 +0100] "POST /livezilla/server.php?acid=ec2ee HTTP/1.1" 200 - "-" "LiveZilla 3.1.7.7 [http://www.livezilla.net]"
91.196.140.34 - - [01/Feb/2010:13:28:24 +0100] "GET /livezilla/image.php?id=04 HTTP/1.0" 200 7276 "http://www.f-m-shop.de/seiten/prod_detail_neuer.cfm?kat=MONT22&nav=2&artnr=A%20%2029272" "Mozilla/4.0 (compatible; MSIE 7.0; Windows NT 5.1; .NET CLR 2.0.50727; .NET CLR 3.0.04506.30; .NET CLR 3.0.04506.648; .NET CLR 1.1.4322; .NET CLR 3.0.4506.2152; .NET CLR 3.5.30729)"
192.168.10.13 - - [01/Feb/2010:13:27:43 +0100] "POST /livezilla/server.php?acid=5f01c HTTP/1.1" 200 - "-" "LiveZilla 3.1.7.7 [http://www.livezilla.net]"
83.160.204.66 - - [01/Feb/2010:13:28:28 +0100] "GET /livezilla/image.php?id=04 HTTP/1.1" 200 7276 "http://www.f-m-shop.de/seiten/prod_detail_neuer.cfm?name=HDD%20SATA-1.0TB%20SAMSUNG%20%207200rpm%2032MB&artnr=A%20%2019014&nav=2&kat=HDDSATA&kat_her=SAMSUNG&p_sort=&b_sort=ASC" "Mozilla/5.0 (Windows; U; Windows NT 5.1; nl; rv:1.9.2) Gecko/20100115 Firefox/3.6 (.NET CLR 3.5.30729)"
80.60.26.11 - - [01/Feb/2010:13:28:38 +0100] "GET /livezilla/image.php?id=04 HTTP/1.1" 200 7276 "http://www.f-m-shop.de/seiten/prod_detail_neuer.cfm?kat=GRA1GBX&nav=2&artnr=A%20%2029639" "Mozilla/5.0 (Windows; U; Windows NT 6.0; nl; rv:1.9.1.7) Gecko/20091221 Firefox/3.5.7 (.NET CLR 3.5.30729)"
139.11.136.4 - - [01/Feb/2010:13:28:57 +0100] "GET /livezilla/image.php?id=04 HTTP/1.1" 200 7276 "http://www.f-m-shop.de/seiten/prod_detail_neuer.cfm?kat=GRA1GBX&nav=2&artnr=A%20%2029639" "Mozilla/5.0 (Windows; U; Windows NT 6.1; de; rv:1.9.2) Gecko/20100115 Firefox/3.6 GTB6"
192.168.10.10 - - [01/Feb/2010:13:28:26 +0100] "POST /livezilla/server.php?acid=a179d HTTP/1.1" 200 - "-" "LiveZilla 3.1.7.7 [http://www.livezilla.net]"
192.168.10.13 - - [01/Feb/2010:13:28:31 +0100] "POST /livezilla/server.php?acid=f4bff HTTP/1.1" 200 - "-" "LiveZilla 3.1.7.7 [http://www.livezilla.net]"
145.253.2.25 - - [01/Feb/2010:13:29:50 +0100] "GET /livezilla/image.php?id=04 HTTP/1.1" 200 7276 "http://www.f-m-shop.de/seiten/prod_detail_neuer.cfm?kat=GRA1GBX&nav=2&artnr=A%20%2029639" "Mozilla/5.0 (Windows; U; Windows NT 5.1; de; rv:1.9.2) Gecko/20100115 Firefox/3.6 (.NET CLR 3.5.30729)"
194.8.120.148 - - [01/Feb/2010:13:29:51 +0100] "GET /livezilla/image.php?id=04 HTTP/1.1" 200 7276 "http://www.f-m-shop.de/seiten/prod_detail_neuer.cfm?kat=GRA1GBX&nav=2&artnr=A%20%2029639" "Mozilla/5.0 (Windows; U; Windows NT 5.1; de; rv:1.9.2) Gecko/20100115 Firefox/3.6 (.NET CLR 3.5.30729)"
192.168.10.10 - - [01/Feb/2010:13:29:15 +0100] "POST /livezilla/server.php?acid=40f0e HTTP/1.1" 200 - "-" "LiveZilla 3.1.7.7 [http://www.livezilla.net]"
192.168.10.13 - - [01/Feb/2010:13:29:20 +0100] "POST /livezilla/server.php?acid=c2682 HTTP/1.1" 200 - "-" "LiveZilla 3.1.7.7 [http://www.livezilla.net]"
89.245.128.100 - - [01/Feb/2010:13:30:12 +0100] "GET /livezilla/image.php?id=04 HTTP/1.1" 200 7276 "http://www.f-m-shop.de/seiten/prod_detail_neuer.cfm?kat=VOITEL&nav=2&artnr=A 31256" "Mozilla/4.0 (compatible; MSIE 8.0; Windows NT 6.0; Trident/4.0; SLCC1; .NET CLR 2.0.50727; InfoPath.2; .NET CLR 3.5.30729; .NET CLR 3.0.30729)"
145.253.2.25 - - [01/Feb/2010:13:30:41 +0100] "GET /livezilla/image.php?id=04 HTTP/1.1" 200 7276 "http://www.f-m-shop.de/seiten/prod_detail_neuer.cfm?kat=GRA1GBX&nav=2&artnr=A%20%2029639" "Mozilla/5.0 (Windows; U; Windows NT 5.1; de; rv:1.9.2) Gecko/20100115 Firefox/3.6 (.NET CLR 3.5.30729)"
192.168.10.10 - - [01/Feb/2010:13:30:03 +0100] "POST /livezilla/server.php?acid=bf16d HTTP/1.1" 200 - "-" "LiveZilla 3.1.7.7 [http://www.livezilla.net]"
192.168.10.13 - - [01/Feb/2010:13:30:08 +0100] "POST /livezilla/server.php?acid=68ee0 HTTP/1.1" 200 - "-" "LiveZilla 3.1.7.7 [http://www.livezilla.net]"
62.47.182.145 - - [01/Feb/2010:13:31:00 +0100] "GET /livezilla/image.php?id=04 HTTP/1.1" 200 7276 "http://www.f-m-shop.de/seiten/prod_detail_neuer.cfm?kat=MONT22&nav=2&artnr=A%20%2026713" "Mozilla/5.0 (Windows; U; Windows NT 6.1; de; rv:1.9.1.7) Gecko/20091221 Firefox/3.5.7"
87.234.219.14 - - [01/Feb/2010:13:31:02 +0100] "GET /livezilla/image.php?id=04 HTTP/1.0" 200 7276 "http://www.f-m-shop.de/seiten/prod_detail_neuer.cfm?kat=GRA1GBX&nav=2&artnr=A%20%2029639" "Mozilla/5.0 (Windows; U; Windows NT 6.1; de; rv:1.9.2) Gecko/20100115 Firefox/3.6 (.NET CLR 3.5.30729)"
192.168.10.10 - - [01/Feb/2010:13:30:51 +0100] "POST /livezilla/server.php?acid=1d9e3 HTTP/1.1" 200 - "-" "LiveZilla 3.1.7.7 [http://www.livezilla.net]"
192.168.10.13 - - [01/Feb/2010:13:30:56 +0100] "POST /livezilla/server.php?acid=addd7 HTTP/1.1" 200 - "-" "LiveZilla 3.1.7.7 [http://www.livezilla.net]"
89.245.128.100 - - [01/Feb/2010:13:31:57 +0100] "GET /livezilla/image.php?id=04 HTTP/1.1" 200 7276 "http://www.f-m-shop.de/seiten/prod_detail_neuer.cfm?kat=VOITEL&nav=2&artnr=A 31256" "Mozilla/4.0 (compatible; MSIE 8.0; Windows NT 6.0; Trident/4.0; SLCC1; .NET CLR 2.0.50727; InfoPath.2; .NET CLR 3.5.30729; .NET CLR 3.0.30729)"
89.245.128.100 - - [01/Feb/2010:13:32:05 +0100] "GET /livezilla/image.php?id=04 HTTP/1.1" 200 7276 "http://www.f-m-shop.de/seiten/prod_detail_neuer.cfm?kat=VOITEL&nav=2&artnr=A%20%2031256" "Mozilla/4.0 (compatible; MSIE 8.0; Windows NT 6.0; Trident/4.0; SLCC1; .NET CLR 2.0.50727; InfoPath.2; .NET CLR 3.5.30729; .NET CLR 3.0.30729)"
217.86.169.184 - - [01/Feb/2010:13:32:23 +0100] "GET /livezilla/image.php?id=04 HTTP/1.0" 200 7276 "http://www.f-m-shop.de/seiten/prod_detail_neuer.cfm?kat=MONT22&nav=2&artnr=A%20%2026301" "Mozilla/5.0 (Windows; U; Windows NT 5.0; de; rv:1.9.1.7) Gecko/20091221 Firefox/3.5.7"
192.168.10.10 - - [01/Feb/2010:13:31:40 +0100] "POST /livezilla/server.php?acid=08f54 HTTP/1.1" 200 - "-" "LiveZilla 3.1.7.7 [http://www.livezilla.net]"
88.69.227.237 - - [01/Feb/2010:13:32:27 +0100] "GET /livezilla/image.php?id=04 HTTP/1.1" 200 7276 "http://www.f-m-shop.de/seiten/prod_detail_neuer.cfm?kat=GRA1GBX&nav=2&artnr=A%20%2031460" "Mozilla/5.0 (Macintosh; U; Intel Mac OS X 10.6; de; rv:1.9.1.7) Gecko/20091221 Firefox/3.5.7"
192.168.10.13 - - [01/Feb/2010:13:31:45 +0100] "POST /livezilla/server.php?acid=a71b1 HTTP/1.1" 200 - "-" "LiveZilla 3.1.7.7 [http://www.livezilla.net]"
84.175.151.109 - - [01/Feb/2010:13:32:34 +0100] "GET /livezilla/image.php?id=04 HTTP/1.1" 200 7276 "http://www.f-m-shop.de/seiten/prod_detail_neuer.cfm?kat=GRA1GBX&nav=2&artnr=A%20%2029639" "Mozilla/5.0 (Windows; U; Windows NT 6.1; de; rv:1.9.1.7) Gecko/20091221 Firefox/3.5.7"
77.188.111.137 - - [01/Feb/2010:13:33:01 +0100] "GET /livezilla/image.php?id=04 HTTP/1.1" 200 7276 "http://www.f-m-shop.de/seiten/prod_detail_neuer.cfm?kat=GRA1GBX&nav=2&artnr=A%20%2029639" "Mozilla/5.0 (Windows; U; Windows NT 6.1; de; rv:1.9.2) Gecko/20100115 Firefox/3.6"
192.168.10.10 - - [01/Feb/2010:13:32:28 +0100] "POST /livezilla/server.php?acid=f2627 HTTP/1.1" 200 - "-" "LiveZilla 3.1.7.7 [http://www.livezilla.net]"
192.168.10.13 - - [01/Feb/2010:13:32:33 +0100] "POST /livezilla/server.php?acid=5c851 HTTP/1.1" 200 - "-" "LiveZilla 3.1.7.7 [http://www.livezilla.net]"
217.146.144.66 - - [01/Feb/2010:13:33:18 +0100] "GET /livezilla/image.php?id=04 HTTP/1.0" 200 7276 "http://www.f-m-shop.de/seiten/prod_detail_neuer.cfm?kat=GRA1GBX&nav=2&artnr=A%20%2029639" "Mozilla/5.0 (Windows; U; Windows NT 5.1; en-US; rv:1.9.1.5) Gecko/20091102 Firefox/3.5.5 (.NET CLR 3.5.30729)"
217.86.170.191 - - [01/Feb/2010:13:33:48 +0100] "GET /livezilla/image.php?id=04 HTTP/1.1" 200 7276 "http://www.f-m-shop.de/seiten/prod_detail_neuer.cfm?kat=GRA1GBX&nav=2&artnr=A%20%2029639" "Opera/9.80 (Windows NT 6.1; U; de) Presto/2.2.15 Version/10.10"
84.62.200.67 - - [01/Feb/2010:13:33:55 +0100] "GET /livezilla/image.php?id=04 HTTP/1.1" 200 7276 "http://www.f-m-shop.de/seiten/prod_detail_neuer.cfm?kat=GRA1GBX&nav=2&artnr=A%20%2029639" "Mozilla/5.0 (Windows; U; Windows NT 5.1; de; rv:1.9.1.7) Gecko/20091221 Firefox/3.5.7 (.NET CLR 3.5.30729)"
192.168.10.10 - - [01/Feb/2010:13:33:16 +0100] "POST /livezilla/server.php?acid=b39c8 HTTP/1.1" 200 - "-" "LiveZilla 3.1.7.7 [http://www.livezilla.net]"
84.62.200.67 - - [01/Feb/2010:13:34:05 +0100] "GET /livezilla/image.php?id=04 HTTP/1.1" 200 7276 "http://www.f-m-shop.de/seiten/prod_detail_neuer.cfm?kat=GRA1GBX&nav=2&artnr=A%20%2029639" "Mozilla/5.0 (Windows; U; Windows NT 5.1; de; rv:1.9.1.7) Gecko/20091221 Firefox/3.5.7 (.NET CLR 3.5.30729)"
192.168.10.13 - - [01/Feb/2010:13:33:21 +0100] "POST /livezilla/server.php?acid=00d7a HTTP/1.1" 200 - "-" "LiveZilla 3.1.7.7 [http://www.livezilla.net]"
77.21.23.14 - - [01/Feb/2010:13:34:35 +0100] "GET /livezilla/image.php?id=04 HTTP/1.1" 200 7276 "http://www.f-m-shop.de/seiten/prod_detail_neuer.cfm?kat=GRA1GBX&nav=2&artnr=A%20%2029639" "Mozilla/5.0 (Windows; U; Windows NT 6.1; de; rv:1.9.1.7) Gecko/20091221 Firefox/3.5.7 (.NET CLR 3.5.30729)"
82.82.86.128 - - [01/Feb/2010:13:34:42 +0100] "GET /livezilla/image.php?id=04 HTTP/1.1" 200 7276 "http://www.f-m-shop.de/seiten/prod_detail_neuer.cfm?artnr=A%20%2031525&nav=2" "Mozilla/4.0 (compatible; MSIE 8.0; Windows NT 5.1; Trident/4.0; GTB6; .NET CLR 1.0.3705; .NET CLR 1.1.4322; Media Center PC 4.0)"
192.168.10.10 - - [01/Feb/2010:13:34:05 +0100] "POST /livezilla/server.php?acid=75062 HTTP/1.1" 200 - "-" "LiveZilla 3.1.7.7 [http://www.livezilla.net]"
192.168.10.13 - - [01/Feb/2010:13:34:10 +0100] "POST /livezilla/server.php?acid=4fa3c HTTP/1.1" 200 - "-" "LiveZilla 3.1.7.7 [http://www.livezilla.net]"
80.152.251.56 - - [01/Feb/2010:13:34:59 +0100] "GET /livezilla/image.php?id=04 HTTP/1.1" 200 7276 "http://www.f-m-shop.de/seiten/prod_detail_neuer.cfm?kat=GRA1GBX&nav=2&artnr=A%20%2031460" "Mozilla/5.0 (Windows; U; Windows NT 5.1; de; rv:1.9.1.7) Gecko/20091221 Firefox/3.5.7"
84.62.200.67 - - [01/Feb/2010:13:35:04 +0100] "GET /livezilla/image.php?id=04 HTTP/1.1" 200 7276 "http://www.f-m-shop.de/seiten/prod_detail_neuer.cfm?kat=GRA1GBX&nav=2&artnr=A%20%2029639" "Mozilla/5.0 (Windows; U; Windows NT 5.1; de; rv:1.9.1.7) Gecko/20091221 Firefox/3.5.7 (.NET CLR 3.5.30729)"
80.152.251.56 - - [01/Feb/2010:13:35:25 +0100] "GET /livezilla/templates/style.css HTTP/1.1" 200 8998 "http://chat.f-m-shop.de/livezilla/livezilla.php" "Mozilla/5.0 (Windows; U; Windows NT 5.1; de; rv:1.9.1.7) Gecko/20091221 Firefox/3.5.7"
80.152.251.56 - - [01/Feb/2010:13:35:25 +0100] "GET /livezilla/livezilla.php HTTP/1.1" 200 72007 "http://www.f-m-shop.de/seiten/prod_detail_neuer.cfm?kat=GRA1GBX&nav=2&artnr=A%20%2031460" "Mozilla/5.0 (Windows; U; Windows NT 5.1; de; rv:1.9.1.7) Gecko/20091221 Firefox/3.5.7"
80.152.251.56 - - [01/Feb/2010:13:35:25 +0100] "GET /livezilla/images/favicon.ico HTTP/1.1" 200 43302 "-" "Mozilla/5.0 (Windows; U; Windows NT 5.1; de; rv:1.9.1.7) Gecko/20091221 Firefox/3.5.7"
80.152.251.56 - - [01/Feb/2010:13:35:26 +0100] "GET /livezilla/livezilla.php?template=lz_chat_frame.1.0 HTTP/1.1" 200 279 "http://chat.f-m-shop.de/livezilla/livezilla.php" "Mozilla/5.0 (Windows; U; Windows NT 5.1; de; rv:1.9.1.7) Gecko/20091221 Firefox/3.5.7"
80.152.251.56 - - [01/Feb/2010:13:35:26 +0100] "GET /livezilla/livezilla.php?template=lz_chat_frame.0.2 HTTP/1.1" 200 254 "http://chat.f-m-shop.de/livezilla/livezilla.php" "Mozilla/5.0 (Windows; U; Windows NT 5.1; de; rv:1.9.1.7) Gecko/20091221 Firefox/3.5.7"
80.152.251.56 - - [01/Feb/2010:13:35:26 +0100] "GET /livezilla/livezilla.php?template=lz_chat_frame.0.1 HTTP/1.1" 200 277 "http://chat.f-m-shop.de/livezilla/livezilla.php" "Mozilla/5.0 (Windows; U; Windows NT 5.1; de; rv:1.9.1.7) Gecko/20091221 Firefox/3.5.7"
80.152.251.56 - - [01/Feb/2010:13:35:26 +0100] "GET /livezilla/livezilla.php?template=lz_chat_frame.1.1 HTTP/1.1" 200 2257 "http://chat.f-m-shop.de/livezilla/livezilla.php" "Mozilla/5.0 (Windows; U; Windows NT 5.1; de; rv:1.9.1.7) Gecko/20091221 Firefox/3.5.7"
80.152.251.56 - - [01/Feb/2010:13:35:26 +0100] "GET /livezilla/livezilla.php?template=lz_chat_frame.3.2.login& HTTP/1.1" 200 1019 "http://chat.f-m-shop.de/livezilla/livezilla.php" "Mozilla/5.0 (Windows; U; Windows NT 5.1; de; rv:1.9.1.7) Gecko/20091221 Firefox/3.5.7"
80.152.251.56 - - [01/Feb/2010:13:35:26 +0100] "GET /livezilla/livezilla.php?template=lz_chat_frame.4.1 HTTP/1.1" 200 455 "http://chat.f-m-shop.de/livezilla/livezilla.php" "Mozilla/5.0 (Windows; U; Windows NT 5.1; de; rv:1.9.1.7) Gecko/20091221 Firefox/3.5.7"
80.152.251.56 - - [01/Feb/2010:13:35:26 +0100] "GET /livezilla/livezilla.php?template=lz_chat_frame.0.0 HTTP/1.1" 200 259 "http://chat.f-m-shop.de/livezilla/livezilla.php" "Mozilla/5.0 (Windows; U; Windows NT 5.1; de; rv:1.9.1.7) Gecko/20091221 Firefox/3.5.7"
80.152.251.56 - - [01/Feb/2010:13:35:26 +0100] "GET /livezilla/livezilla.php?template=lz_chat_frame.2.0 HTTP/1.1" 200 263 "http://chat.f-m-shop.de/livezilla/livezilla.php" "Mozilla/5.0 (Windows; U; Windows NT 5.1; de; rv:1.9.1.7) Gecko/20091221 Firefox/3.5.7"
80.152.251.56 - - [01/Feb/2010:13:35:27 +0100] "GET /livezilla/livezilla.php?template=lz_chat_frame.3.0 HTTP/1.1" 200 240 "http://chat.f-m-shop.de/livezilla/livezilla.php" "Mozilla/5.0 (Windows; U; Windows NT 5.1; de; rv:1.9.1.7) Gecko/20091221 Firefox/3.5.7"
80.152.251.56 - - [01/Feb/2010:13:35:27 +0100] "GET /livezilla/livezilla.php?template=lz_chat_frame.5.1 HTTP/1.1" 200 265 "http://chat.f-m-shop.de/livezilla/livezilla.php" "Mozilla/5.0 (Windows; U; Windows NT 5.1; de; rv:1.9.1.7) Gecko/20091221 Firefox/3.5.7"
80.152.251.56 - - [01/Feb/2010:13:35:27 +0100] "GET /livezilla/livezilla.php?template=lz_chat_frame.1.2 HTTP/1.1" 200 264 "http://chat.f-m-shop.de/livezilla/livezilla.php" "Mozilla/5.0 (Windows; U; Windows NT 5.1; de; rv:1.9.1.7) Gecko/20091221 Firefox/3.5.7"
80.152.251.56 - - [01/Feb/2010:13:35:27 +0100] "GET /livezilla/images/icon_vcard.gif HTTP/1.1" 200 559 "http://chat.f-m-shop.de/livezilla/livezilla.php?template=lz_chat_frame.1.1" "Mozilla/5.0 (Windows; U; Windows NT 5.1; de; rv:1.9.1.7) Gecko/20091221 Firefox/3.5.7"
80.152.251.56 - - [01/Feb/2010:13:35:27 +0100] "GET /livezilla/images/icon_typing.gif HTTP/1.1" 200 1106 "http://chat.f-m-shop.de/livezilla/livezilla.php?template=lz_chat_frame.1.1" "Mozilla/5.0 (Windows; U; Windows NT 5.1; de; rv:1.9.1.7) Gecko/20091221 Firefox/3.5.7"
80.152.251.56 - - [01/Feb/2010:13:35:28 +0100] "GET /livezilla/intern_images/nopic.jpg HTTP/1.1" 200 3599 "http://chat.f-m-shop.de/livezilla/livezilla.php?template=lz_chat_frame.1.1" "Mozilla/5.0 (Windows; U; Windows NT 5.1; de; rv:1.9.1.7) Gecko/20091221 Firefox/3.5.7"
80.152.251.56 - - [01/Feb/2010:13:35:27 +0100] "GET /livezilla/livezilla.php?template=lz_chat_frame.3.2.login.2.0 HTTP/1.1" 200 277 "http://chat.f-m-shop.de/livezilla/livezilla.php?template=lz_chat_frame.3.2.login&" "Mozilla/5.0 (Windows; U; Windows NT 5.1; de; rv:1.9.1.7) Gecko/20091221 Firefox/3.5.7"
80.152.251.56 - - [01/Feb/2010:13:35:27 +0100] "GET /livezilla/livezilla.php?template=lz_chat_frame.3.3 HTTP/1.1" 200 239 "http://chat.f-m-shop.de/livezilla/livezilla.php" "Mozilla/5.0 (Windows; U; Windows NT 5.1; de; rv:1.9.1.7) Gecko/20091221 Firefox/3.5.7"
80.152.251.56 - - [01/Feb/2010:13:35:27 +0100] "GET /livezilla/livezilla.php?template=lz_chat_frame.2.2 HTTP/1.1" 200 264 "http://chat.f-m-shop.de/livezilla/livezilla.php" "Mozilla/5.0 (Windows; U; Windows NT 5.1; de; rv:1.9.1.7) Gecko/20091221 Firefox/3.5.7"
80.152.251.56 - - [01/Feb/2010:13:35:28 +0100] "GET /livezilla/images/lz_header.gif HTTP/1.1" 200 7285 "http://chat.f-m-shop.de/livezilla/livezilla.php?template=lz_chat_frame.1.1" "Mozilla/5.0 (Windows; U; Windows NT 5.1; de; rv:1.9.1.7) Gecko/20091221 Firefox/3.5.7"
80.152.251.56 - - [01/Feb/2010:13:35:28 +0100] "GET /livezilla/images/carrier_logo.gif HTTP/1.1" 200 6003 "http://chat.f-m-shop.de/livezilla/livezilla.php?template=lz_chat_frame.1.1" "Mozilla/5.0 (Windows; U; Windows NT 5.1; de; rv:1.9.1.7) Gecko/20091221 Firefox/3.5.7"
80.152.251.56 - - [01/Feb/2010:13:35:28 +0100] "GET /livezilla/images/lz_rep_bg_left.gif HTTP/1.1" 200 593 "http://chat.f-m-shop.de/livezilla/livezilla.php?template=lz_chat_frame.1.1" "Mozilla/5.0 (Windows; U; Windows NT 5.1; de; rv:1.9.1.7) Gecko/20091221 Firefox/3.5.7"
80.152.251.56 - - [01/Feb/2010:13:35:27 +0100] "GET /livezilla/livezilla.php?template=lz_chat_frame.3.2.login.0.0 HTTP/1.1" 200 1563 "http://chat.f-m-shop.de/livezilla/livezilla.php?template=lz_chat_frame.3.2.login&" "Mozilla/5.0 (Windows; U; Windows NT 5.1; de; rv:1.9.1.7) Gecko/20091221 Firefox/3.5.7"
80.152.251.56 - - [01/Feb/2010:13:35:28 +0100] "GET /livezilla/images/lz_rep_bg.gif HTTP/1.1" 200 320 "http://chat.f-m-shop.de/livezilla/livezilla.php?template=lz_chat_frame.1.1" "Mozilla/5.0 (Windows; U; Windows NT 5.1; de; rv:1.9.1.7) Gecko/20091221 Firefox/3.5.7"
80.152.251.56 - - [01/Feb/2010:13:35:27 +0100] "GET /livezilla/livezilla.php?template=lz_chat_frame.3.2.login.1.0& HTTP/1.1" 200 2939 "http://chat.f-m-shop.de/livezilla/livezilla.php?template=lz_chat_frame.3.2.login&" "Mozilla/5.0 (Windows; U; Windows NT 5.1; de; rv:1.9.1.7) Gecko/20091221 Firefox/3.5.7"
80.152.251.56 - - [01/Feb/2010:13:35:28 +0100] "GET /livezilla/images/lz_rep_bg_right.gif HTTP/1.1" 200 590 "http://chat.f-m-shop.de/livezilla/livezilla.php?template=lz_chat_frame.1.1" "Mozilla/5.0 (Windows; U; Windows NT 5.1; de; rv:1.9.1.7) Gecko/20091221 Firefox/3.5.7"
80.152.251.56 - - [01/Feb/2010:13:35:28 +0100] "GET /livezilla/images/chat_bg_footer.gif HTTP/1.1" 200 194 "http://chat.f-m-shop.de/livezilla/templates/style.css" "Mozilla/5.0 (Windows; U; Windows NT 5.1; de; rv:1.9.1.7) Gecko/20091221 Firefox/3.5.7"
80.152.251.56 - - [01/Feb/2010:13:35:28 +0100] "GET /livezilla/images/chat_bg_navigation_left.gif HTTP/1.1" 200 1078 "http://chat.f-m-shop.de/livezilla/livezilla.php?template=lz_chat_frame.3.2.login.0.0" "Mozilla/5.0 (Windows; U; Windows NT 5.1; de; rv:1.9.1.7) Gecko/20091221 Firefox/3.5.7"
80.152.251.56 - - [01/Feb/2010:13:35:28 +0100] "GET /livezilla/images/chat_bg_navigation_dev.gif HTTP/1.1" 200 367 "http://chat.f-m-shop.de/livezilla/livezilla.php?template=lz_chat_frame.3.2.login.0.0" "Mozilla/5.0 (Windows; U; Windows NT 5.1; de; rv:1.9.1.7) Gecko/20091221 Firefox/3.5.7"
80.152.251.56 - - [01/Feb/2010:13:35:28 +0100] "GET /livezilla/images/chat_bg_navigation_right.gif HTTP/1.1" 200 675 "http://chat.f-m-shop.de/livezilla/livezilla.php?template=lz_chat_frame.3.2.login.0.0" "Mozilla/5.0 (Windows; U; Windows NT 5.1; de; rv:1.9.1.7) Gecko/20091221 Firefox/3.5.7"
80.152.251.56 - - [01/Feb/2010:13:35:28 +0100] "GET /livezilla/images/icon_info.gif HTTP/1.1" 200 1703 "http://chat.f-m-shop.de/livezilla/livezilla.php?template=lz_chat_frame.3.2.login.1.0&" "Mozilla/5.0 (Windows; U; Windows NT 5.1; de; rv:1.9.1.7) Gecko/20091221 Firefox/3.5.7"
80.152.251.56 - - [01/Feb/2010:13:35:28 +0100] "GET /livezilla/images/icon_network.gif HTTP/1.1" 200 354 "http://chat.f-m-shop.de/livezilla/livezilla.php?template=lz_chat_frame.3.2.login.1.0&" "Mozilla/5.0 (Windows; U; Windows NT 5.1; de; rv:1.9.1.7) Gecko/20091221 Firefox/3.5.7"
80.152.251.56 - - [01/Feb/2010:13:35:28 +0100] "GET /livezilla/images/chat_bg_footer_top.gif HTTP/1.1" 200 858 "http://chat.f-m-shop.de/livezilla/templates/style.css" "Mozilla/5.0 (Windows; U; Windows NT 5.1; de; rv:1.9.1.7) Gecko/20091221 Firefox/3.5.7"
80.152.251.56 - - [01/Feb/2010:13:35:28 +0100] "GET /livezilla/images/button_mail.gif HTTP/1.1" 200 1348 "http://chat.f-m-shop.de/livezilla/livezilla.php?template=lz_chat_frame.3.2.login.0.0" "Mozilla/5.0 (Windows; U; Windows NT 5.1; de; rv:1.9.1.7) Gecko/20091221 Firefox/3.5.7"
80.152.251.56 - - [01/Feb/2010:13:35:28 +0100] "GET /livezilla/images/button_fav.gif HTTP/1.1" 200 1344 "http://chat.f-m-shop.de/livezilla/livezilla.php?template=lz_chat_frame.3.2.login.0.0" "Mozilla/5.0 (Windows; U; Windows NT 5.1; de; rv:1.9.1.7) Gecko/20091221 Firefox/3.5.7"
80.152.251.56 - - [01/Feb/2010:13:35:28 +0100] "GET /livezilla/images/button_close.gif HTTP/1.1" 200 1239 "http://chat.f-m-shop.de/livezilla/livezilla.php?template=lz_chat_frame.3.2.login.0.0" "Mozilla/5.0 (Windows; U; Windows NT 5.1; de; rv:1.9.1.7) Gecko/20091221 Firefox/3.5.7"
80.152.251.56 - - [01/Feb/2010:13:35:28 +0100] "GET /livezilla/images/chat_bg_navigation.gif HTTP/1.1" 200 258 "http://chat.f-m-shop.de/livezilla/templates/style.css" "Mozilla/5.0 (Windows; U; Windows NT 5.1; de; rv:1.9.1.7) Gecko/20091221 Firefox/3.5.7"
80.152.251.56 - - [01/Feb/2010:13:35:28 +0100] "GET /livezilla/images/lz_button.gif HTTP/1.1" 200 838 "http://chat.f-m-shop.de/livezilla/templates/style.css" "Mozilla/5.0 (Windows; U; Windows NT 5.1; de; rv:1.9.1.7) Gecko/20091221 Firefox/3.5.7"
80.152.251.56 - - [01/Feb/2010:13:35:28 +0100] "GET /livezilla/images/chat_bg_navigation_sub.gif HTTP/1.1" 200 76 "http://chat.f-m-shop.de/livezilla/templates/style.css" "Mozilla/5.0 (Windows; U; Windows NT 5.1; de; rv:1.9.1.7) Gecko/20091221 Firefox/3.5.7"
80.152.251.56 - - [01/Feb/2010:13:35:28 +0100] "GET /livezilla/images/chat_bg_field.gif HTTP/1.1" 200 121 "http://chat.f-m-shop.de/livezilla/templates/style.css" "Mozilla/5.0 (Windows; U; Windows NT 5.1; de; rv:1.9.1.7) Gecko/20091221 Firefox/3.5.7"
80.152.251.56 - - [01/Feb/2010:13:35:28 +0100] "GET /livezilla/images/lz_button_extra.gif HTTP/1.1" 200 948 "http://chat.f-m-shop.de/livezilla/templates/style.css" "Mozilla/5.0 (Windows; U; Windows NT 5.1; de; rv:1.9.1.7) Gecko/20091221 Firefox/3.5.7"
80.152.251.56 - - [01/Feb/2010:13:35:29 +0100] "POST /livezilla/server.php HTTP/1.1" 200 212 "http://chat.f-m-shop.de/livezilla/livezilla.php" "Mozilla/5.0 (Windows; U; Windows NT 5.1; de; rv:1.9.1.7) Gecko/20091221 Firefox/3.5.7"
80.152.251.56 - - [01/Feb/2010:13:35:29 +0100] "GET /livezilla/livezilla.php?template=lz_chat_frame.3.2.mail HTTP/1.1" 200 3993 "http://chat.f-m-shop.de/livezilla/livezilla.php" "Mozilla/5.0 (Windows; U; Windows NT 5.1; de; rv:1.9.1.7) Gecko/20091221 Firefox/3.5.7"
80.152.251.56 - - [01/Feb/2010:13:35:30 +0100] "POST /livezilla/livezilla.php?template=lz_chat_frame.3.2.mail HTTP/1.1" 200 4002 "http://chat.f-m-shop.de/livezilla/livezilla.php?template=lz_chat_frame.3.2.login.1.0&" "Mozilla/5.0 (Windows; U; Windows NT 5.1; de; rv:1.9.1.7) Gecko/20091221 Firefox/3.5.7"
80.152.251.56 - - [01/Feb/2010:13:35:30 +0100] "GET /livezilla/images/button_chat.gif HTTP/1.1" 200 1218 "http://chat.f-m-shop.de/livezilla/livezilla.php?template=lz_chat_frame.3.2.mail" "Mozilla/5.0 (Windows; U; Windows NT 5.1; de; rv:1.9.1.7) Gecko/20091221 Firefox/3.5.7"
80.152.251.56 - - [01/Feb/2010:13:35:30 +0100] "GET /livezilla/images/button_print.gif HTTP/1.1" 200 1183 "http://chat.f-m-shop.de/livezilla/livezilla.php?template=lz_chat_frame.3.2.mail" "Mozilla/5.0 (Windows; U; Windows NT 5.1; de; rv:1.9.1.7) Gecko/20091221 Firefox/3.5.7"
84.62.200.67 - - [01/Feb/2010:13:35:30 +0100] "GET /livezilla/image.php?id=04 HTTP/1.1" 200 7276 "http://www.f-m-shop.de/seiten/prod_detail_neuer.cfm?kat=GRA1GBX&nav=2&artnr=A%20%2029639" "Mozilla/5.0 (Windows; U; Windows NT 5.1; de; rv:1.9.1.7) Gecko/20091221 Firefox/3.5.7 (.NET CLR 3.5.30729)"
192.168.10.10 - - [01/Feb/2010:13:34:53 +0100] "POST /livezilla/server.php?acid=d297a HTTP/1.1" 200 - "-" "LiveZilla 3.1.7.7 [http://www.livezilla.net]"
192.168.10.13 - - [01/Feb/2010:13:34:58 +0100] "POST /livezilla/server.php?acid=5d8f7 HTTP/1.1" 200 - "-" "LiveZilla 3.1.7.7 [http://www.livezilla.net]"
85.177.82.228 - - [01/Feb/2010:13:35:51 +0100] "GET /livezilla/image.php?id=04 HTTP/1.1" 200 7276 "http://www.f-m-shop.de/seiten/prod_detail_neuer.cfm?kat=NOTPZBH&nav=2&artnr=A%20%2010881" "Mozilla/5.0 (Windows; U; Windows NT 5.1; de; rv:1.9.2) Gecko/20100115 (WEB.DE/1.6.4) Firefox/3.6 (.NET CLR 3.5.30729)"
62.225.112.236 - - [01/Feb/2010:13:36:06 +0100] "GET /livezilla/image.php?id=04 HTTP/1.1" 200 7276 "http://www.f-m-shop.de/seiten/prod_detail_neuer.cfm?kat=INTSATA&nav=2&artnr=A%20%2017499" "Mozilla/5.0 (Windows; U; Windows NT 7.1; de; rv:1.8.1.20) Gecko/20091217 Firefox/3.9.9.20"
62.225.112.236 - - [01/Feb/2010:13:36:07 +0100] "GET /livezilla/image.php?id=04 HTTP/1.1" 200 7276 "http://www.f-m-shop.de/seiten/prod_detail_neuer.cfm?kat=INTSATA&nav=2&artnr=A%20%2017502" "Mozilla/5.0 (Windows; U; Windows NT 7.1; de; rv:1.8.1.20) Gecko/20091217 Firefox/3.9.9.20"
188.101.28.131 - - [01/Feb/2010:13:36:22 +0100] "GET /livezilla/image.php?id=04 HTTP/1.1" 200 7276 "http://www.f-m-shop.de/seiten/prod_detail_neuer.cfm?kat=GRA1GBX&nav=2&artnr=A%20%2029639" "Mozilla/5.0 (Windows; U; Windows NT 6.1; de; rv:1.9.1.7) Gecko/20091221 Firefox/3.5.7"
62.225.112.236 - - [01/Feb/2010:13:36:22 +0100] "GET /livezilla/image.php?id=04 HTTP/1.1" 200 7276 "http://www.f-m-shop.de/seiten/prod_detail_neuer.cfm?kat=INTSATA&nav=2&artnr=A%20%2025161" "Mozilla/5.0 (Windows; U; Windows NT 7.1; de; rv:1.8.1.20) Gecko/20091217 Firefox/3.9.9.20"
192.168.10.10 - - [01/Feb/2010:13:35:41 +0100] "POST /livezilla/server.php?acid=036ba HTTP/1.1" 200 - "-" "LiveZilla 3.1.7.7 [http://www.livezilla.net]"
77.250.77.160 - - [01/Feb/2010:13:36:28 +0100] "GET /livezilla/image.php?id=04 HTTP/1.1" 200 7276 "http://www.f-m-shop.de/seiten/prod_detail_neuer.cfm?kat=MAINMITX&nav=2&artnr=A 28223" "Mozilla/4.0 (compatible; MSIE 7.0; Windows NT 5.1; .NET CLR 1.1.4322; .NET CLR 2.0.50727; .NET CLR 3.0.4506.2152; .NET CLR 3.5.30729; InfoPath.2)"
