192.168.10.13 - - [01/Feb/2010:09:29:58 +0100] "POST /livezilla/server.php?acid=8e881 HTTP/1.1" 200 - "-" "LiveZilla 3.1.7.7 [http://www.livezilla.net]"
192.168.10.10 - - [01/Feb/2010:09:30:22 +0100] "POST /livezilla/server.php?acid=496ae HTTP/1.1" 200 - "-" "LiveZilla 3.1.7.7 [http://www.livezilla.net]"
192.168.10.13 - - [01/Feb/2010:09:30:46 +0100] "POST /livezilla/server.php?acid=0ef34 HTTP/1.1" 200 - "-" "LiveZilla 3.1.7.7 [http://www.livezilla.net]"
141.6.11.16 - - [01/Feb/2010:09:31:42 +0100] "GET /livezilla/image.php?id=04 HTTP/1.1" 200 7276 "http://www.f-m-shop.de/seiten/prod_detail_neuer.cfm?kat=GRA1GBX&nav=2&artnr=A%20%2029639" "Opera/9.80 (Windows NT 5.1; U; de) Presto/2.2.15 Version/10.10"
192.168.10.10 - - [01/Feb/2010:09:31:10 +0100] "POST /livezilla/server.php?acid=b6e23 HTTP/1.1" 200 - "-" "LiveZilla 3.1.7.7 [http://www.livezilla.net]"
84.129.131.178 - - [01/Feb/2010:09:31:58 +0100] "GET /livezilla/image.php?id=04 HTTP/1.1" 200 7276 "http://www.f-m-shop.de/seiten/prod_detail_neuer.cfm?kat=MONT22&nav=2&artnr=A%20%2029262" "Mozilla/5.0 (Macintosh; U; Intel Mac OS X 10_6_2; de-de) AppleWebKit/531.21.8 (KHTML, like Gecko) Version/4.0.4 Safari/531.21.10"
145.228.93.66 - - [01/Feb/2010:09:31:59 +0100] "GET /livezilla/image.php?id=04 HTTP/1.1" 200 7276 "http://www.f-m-shop.de/seiten/prod_detail_neuer.cfm?kat=GRA1GBX&nav=2&artnr=A%20%2029639" "Mozilla/5.0 (Windows; U; Windows NT 5.1; de; rv:1.9.1.3) Gecko/20090824 Firefox/3.5.3"
91.61.175.110 - - [01/Feb/2010:09:32:07 +0100] "GET /livezilla/image.php?id=04 HTTP/1.1" 200 7276 "http://www.f-m-shop.de/seiten/prod_detail_neuer.cfm?kat=GRA1GBX&nav=2&artnr=A%20%2029639" "Opera/9.80 (Windows NT 6.1; U; de) Presto/2.2.15 Version/10.10"
92.225.33.227 - - [01/Feb/2010:09:32:12 +0100] "GET /livezilla/image.php?id=04 HTTP/1.1" 200 7276 "http://www.f-m-shop.de/seiten/prod_detail_neuer.cfm?kat=GRA1GBX&nav=2&artnr=A%20%2029639" "Mozilla/5.0 (Windows; U; Windows NT 6.1; en-US) AppleWebKit/532.9 (KHTML, like Gecko) Iron/4.0.280.0 Chrome/4.0.280.0 Safari/532.9"
79.195.192.9 - - [01/Feb/2010:09:32:18 +0100] "GET /livezilla/image.php?id=04 HTTP/1.1" 200 7276 "http://www.f-m-shop.de/seiten/prod_detail_neuer.cfm?kat=NETWLROU&nav=2&artnr=A%20%2031257" "Mozilla/5.0 (Windows; U; Windows NT 6.1; de; rv:1.9.2) Gecko/20100115 Firefox/3.6"
192.168.10.13 - - [01/Feb/2010:09:31:34 +0100] "POST /livezilla/server.php?acid=36f5a HTTP/1.1" 200 - "-" "LiveZilla 3.1.7.7 [http://www.livezilla.net]"
192.168.10.10 - - [01/Feb/2010:09:31:59 +0100] "POST /livezilla/server.php?acid=9cfc6 HTTP/1.1" 200 - "-" "LiveZilla 3.1.7.7 [http://www.livezilla.net]"
79.195.192.9 - - [01/Feb/2010:09:32:51 +0100] "GET /livezilla/image.php?id=04 HTTP/1.1" 200 7276 "http://www.f-m-shop.de/seiten/prod_detail_neuer.cfm?kat=NETWLROU&nav=2&artnr=A%20%2031257" "Mozilla/5.0 (Windows; U; Windows NT 6.1; de; rv:1.9.2) Gecko/20100115 Firefox/3.6"
87.189.60.77 - - [01/Feb/2010:09:33:00 +0100] "GET /livezilla/image.php?id=04 HTTP/1.1" 200 7276 "http://www.f-m-shop.de/seiten/prod_detail_neuer.cfm?kat=MULSND&nav=2&artnr=A 15824" "Mozilla/4.0 (compatible; MSIE 8.0; Windows NT 5.1; Trident/4.0; .NET CLR 2.0.50727; .NET CLR 3.0.4506.2152; .NET CLR 3.5.30729)"
192.168.10.13 - - [01/Feb/2010:09:32:23 +0100] "POST /livezilla/server.php?acid=9433b HTTP/1.1" 200 - "-" "LiveZilla 3.1.7.7 [http://www.livezilla.net]"
92.225.33.227 - - [01/Feb/2010:09:33:13 +0100] "GET /livezilla/image.php?id=04 HTTP/1.1" 200 7276 "http://www.f-m-shop.de/seiten/prod_detail_neuer.cfm?kat=GRA1GBX&nav=2&artnr=A%20%2029639" "Mozilla/5.0 (Windows; U; Windows NT 6.1; en-US) AppleWebKit/532.9 (KHTML, like Gecko) Iron/4.0.280.0 Chrome/4.0.280.0 Safari/532.9"
192.168.10.10 - - [01/Feb/2010:09:32:47 +0100] "POST /livezilla/server.php?acid=8381c HTTP/1.1" 200 - "-" "LiveZilla 3.1.7.7 [http://www.livezilla.net]"
192.168.10.13 - - [01/Feb/2010:09:33:11 +0100] "POST /livezilla/server.php?acid=2b34d HTTP/1.1" 200 - "-" "LiveZilla 3.1.7.7 [http://www.livezilla.net]"
208.80.193.35 - - [01/Feb/2010:09:34:01 +0100] "GET / HTTP/1.0" 200 1244 "-" "Mozilla/4.0 (compatible; MSIE 6.0; Windows NT 5.1; SV1; FunWebProducts; .NET CLR 1.0.3705; Media Center PC 2.8)"
192.168.10.10 - - [01/Feb/2010:09:33:36 +0100] "POST /livezilla/server.php?acid=e1e3f HTTP/1.1" 200 - "-" "LiveZilla 3.1.7.7 [http://www.livezilla.net]"
195.243.127.210 - - [01/Feb/2010:09:34:33 +0100] "GET /livezilla/image.php?id=04 HTTP/1.1" 200 7276 "http://www.f-m-shop.de/seiten/prod_detail_neuer.cfm?kat=GRA1GBX&nav=2&artnr=A%20%2029639" "Mozilla/5.0 (Windows; U; Windows NT 5.1; de; rv:1.9.1.1) Gecko/20090715 Firefox/3.5.1 (.NET CLR 3.5.30729)"
192.168.10.13 - - [01/Feb/2010:09:33:59 +0100] "POST /livezilla/server.php?acid=48c3e HTTP/1.1" 200 - "-" "LiveZilla 3.1.7.7 [http://www.livezilla.net]"
192.168.10.10 - - [01/Feb/2010:09:34:24 +0100] "POST /livezilla/server.php?acid=2749f HTTP/1.1" 200 - "-" "LiveZilla 3.1.7.7 [http://www.livezilla.net]"
192.168.10.13 - - [01/Feb/2010:09:34:48 +0100] "POST /livezilla/server.php?acid=3007a HTTP/1.1" 200 - "-" "LiveZilla 3.1.7.7 [http://www.livezilla.net]"
192.168.10.10 - - [01/Feb/2010:09:35:12 +0100] "POST /livezilla/server.php?acid=05dbe HTTP/1.1" 200 - "-" "LiveZilla 3.1.7.7 [http://www.livezilla.net]"
192.168.10.13 - - [01/Feb/2010:09:35:36 +0100] "POST /livezilla/server.php?acid=75174 HTTP/1.1" 200 - "-" "LiveZilla 3.1.7.7 [http://www.livezilla.net]"
217.6.246.165 - - [01/Feb/2010:09:36:35 +0100] "GET /livezilla/image.php?id=04 HTTP/1.1" 200 7276 "-" "Mozilla/4.0 (compatible;)"
217.6.246.165 - - [01/Feb/2010:09:36:35 +0100] "GET /livezilla/image.php?id=04 HTTP/1.1" 200 7276 "http://www.f-m-shop.de/seiten/prod_detail_neuer.cfm?kat=NETWLROU&nav=2&artnr=A 31257" "Mozilla/4.0 (compatible; MSIE 7.0; Windows NT 5.1; .NET CLR 1.1.4322; .NET CLR 2.0.50727; .NET CLR 3.0.04506.648; .NET CLR 3.5.21022)"
192.168.10.10 - - [01/Feb/2010:09:36:01 +0100] "POST /livezilla/server.php?acid=a0ff3 HTTP/1.1" 200 - "-" "LiveZilla 3.1.7.7 [http://www.livezilla.net]"
188.4.97.230 - - [01/Feb/2010:09:36:49 +0100] "GET /livezilla/image.php?id=04 HTTP/1.1" 200 7276 "http://www.f-m-shop.de/seiten/prod_detail_neuer.cfm?kat=MONT24&nav=2&artnr=A%20%2025025" "Mozilla/5.0 (Windows; U; Windows NT 5.1; en-GB; rv:1.9.1.7) Gecko/20091221 Firefox/3.5.7 (.NET CLR 3.5.30729)"
192.168.10.13 - - [01/Feb/2010:09:36:24 +0100] "POST /livezilla/server.php?acid=656bf HTTP/1.1" 200 - "-" "LiveZilla 3.1.7.7 [http://www.livezilla.net]"
217.6.246.165 - - [01/Feb/2010:09:37:16 +0100] "GET /livezilla/image.php?id=04 HTTP/1.1" 200 7276 "http://www.f-m-shop.de/seiten/prod_detail_neuer.cfm?kat=NETWLROU&nav=2&artnr=A%20%2031257" "Mozilla/4.0 (compatible; MSIE 7.0; Windows NT 5.1; .NET CLR 1.1.4322; .NET CLR 2.0.50727; .NET CLR 3.0.04506.648; .NET CLR 3.5.21022)"
192.168.10.10 - - [01/Feb/2010:09:36:49 +0100] "POST /livezilla/server.php?acid=2cdcd HTTP/1.1" 200 - "-" "LiveZilla 3.1.7.7 [http://www.livezilla.net]"
192.168.10.13 - - [01/Feb/2010:09:37:13 +0100] "POST /livezilla/server.php?acid=1f850 HTTP/1.1" 200 - "-" "LiveZilla 3.1.7.7 [http://www.livezilla.net]"
87.139.10.172 - - [01/Feb/2010:09:37:59 +0100] "GET /livezilla/image.php?id=04 HTTP/1.1" 200 7276 "http://www.f-m-shop.de/seiten/prod_detail_neuer.cfm?kat=NETWLROU&nav=2&artnr=A%20%2031257" "Mozilla/5.0 (Windows; U; Windows NT 6.0; de; rv:1.9.1) Gecko/20090624 Firefox/3.5 (.NET CLR 3.5.30729)"
192.168.10.10 - - [01/Feb/2010:09:37:37 +0100] "POST /livezilla/server.php?acid=d75e2 HTTP/1.1" 200 - "-" "LiveZilla 3.1.7.7 [http://www.livezilla.net]"
192.168.10.13 - - [01/Feb/2010:09:38:01 +0100] "POST /livezilla/server.php?acid=7f48f HTTP/1.1" 200 - "-" "LiveZilla 3.1.7.7 [http://www.livezilla.net]"
217.6.246.165 - - [01/Feb/2010:09:38:49 +0100] "GET /livezilla/image.php?id=04 HTTP/1.1" 200 7276 "-" "Mozilla/4.0 (compatible;)"
217.6.246.165 - - [01/Feb/2010:09:38:49 +0100] "GET /livezilla/image.php?id=04 HTTP/1.1" 200 7276 "http://www.f-m-shop.de/seiten/prod_detail_neuer.cfm?artnr=A%20%2024907&nav=2&kat=VOITEL" "Mozilla/4.0 (compatible; MSIE 7.0; Windows NT 5.1; .NET CLR 1.1.4322; .NET CLR 2.0.50727; .NET CLR 3.0.04506.648; .NET CLR 3.5.21022)"
89.244.65.255 - - [01/Feb/2010:09:38:55 +0100] "GET /livezilla/image.php?id=04 HTTP/1.1" 200 7276 "http://www.f-m-shop.de/seiten/prod_detail_neuer.cfm?kat=HDDSATA&nav=2&artnr=A%20%2021112" "Mozilla/5.0 (Windows; U; Windows NT 5.1; de; rv:1.9.2) Gecko/20100115 Firefox/3.6 (.NET CLR 3.5.30729)"
192.168.10.10 - - [01/Feb/2010:09:38:25 +0100] "POST /livezilla/server.php?acid=a7cf8 HTTP/1.1" 200 - "-" "LiveZilla 3.1.7.7 [http://www.livezilla.net]"
192.168.10.13 - - [01/Feb/2010:09:38:49 +0100] "POST /livezilla/server.php?acid=b8638 HTTP/1.1" 200 - "-" "LiveZilla 3.1.7.7 [http://www.livezilla.net]"
192.168.10.10 - - [01/Feb/2010:09:39:14 +0100] "POST /livezilla/server.php?acid=23aa1 HTTP/1.1" 200 - "-" "LiveZilla 3.1.7.7 [http://www.livezilla.net]"
192.168.10.13 - - [01/Feb/2010:09:39:37 +0100] "POST /livezilla/server.php?acid=89148 HTTP/1.1" 200 - "-" "LiveZilla 3.1.7.7 [http://www.livezilla.net]"
192.168.10.10 - - [01/Feb/2010:09:40:02 +0100] "POST /livezilla/server.php?acid=7713f HTTP/1.1" 200 - "-" "LiveZilla 3.1.7.7 [http://www.livezilla.net]"
83.236.221.202 - - [01/Feb/2010:09:41:06 +0100] "GET /livezilla/image.php?id=04 HTTP/1.1" 200 7276 "http://www.f-m-shop.de/seiten/prod_detail_neuer.cfm?kat=MONT24&nav=2&artnr=A 28412" "Mozilla/4.0 (compatible; MSIE 7.0; Windows NT 5.1; .NET CLR 1.1.4322; .NET CLR 2.0.50727; .NET CLR 3.0.04506.30; InfoPath.1; .NET CLR 3.0.4506.2152; .NET CLR 3.5.30729)"
192.168.10.13 - - [01/Feb/2010:09:40:26 +0100] "POST /livezilla/server.php?acid=62ffc HTTP/1.1" 200 - "-" "LiveZilla 3.1.7.7 [http://www.livezilla.net]"
192.168.10.10 - - [01/Feb/2010:09:40:50 +0100] "POST /livezilla/server.php?acid=4e5a3 HTTP/1.1" 200 - "-" "LiveZilla 3.1.7.7 [http://www.livezilla.net]"
192.168.10.13 - - [01/Feb/2010:09:41:14 +0100] "POST /livezilla/server.php?acid=e2189 HTTP/1.1" 200 - "-" "LiveZilla 3.1.7.7 [http://www.livezilla.net]"
192.168.10.10 - - [01/Feb/2010:09:41:39 +0100] "POST /livezilla/server.php?acid=fa13c HTTP/1.1" 200 - "-" "LiveZilla 3.1.7.7 [http://www.livezilla.net]"
192.168.10.13 - - [01/Feb/2010:09:42:02 +0100] "POST /livezilla/server.php?acid=89609 HTTP/1.1" 200 - "-" "LiveZilla 3.1.7.7 [http://www.livezilla.net]"
212.114.159.142 - - [01/Feb/2010:09:43:02 +0100] "GET /livezilla/image.php?id=04 HTTP/1.1" 200 7276 "http://www.f-m-shop.de/seiten/prod_detail_neuer.cfm?kat=GRA1GBX&nav=2&artnr=A%20%2029639" "Mozilla/5.0 (Windows; U; Windows NT 5.1; en-US; rv:1.9.0.9) Gecko/2009040821 Firefox/3.0.9"
212.114.159.142 - - [01/Feb/2010:09:43:03 +0100] "GET /livezilla/image.php?id=04 HTTP/1.1" 200 7276 "http://www.f-m-shop.de/seiten/prod_detail_neuer.cfm?kat=GRA1GBX&nav=2&artnr=A%20%2029639" "Mozilla/5.0 (Windows; U; Windows NT 5.1; en-US; rv:1.9.0.9) Gecko/2009040821 Firefox/3.0.9"
192.168.10.10 - - [01/Feb/2010:09:42:27 +0100] "POST /livezilla/server.php?acid=fa279 HTTP/1.1" 200 - "-" "LiveZilla 3.1.7.7 [http://www.livezilla.net]"
192.168.10.13 - - [01/Feb/2010:09:42:51 +0100] "POST /livezilla/server.php?acid=5ac0e HTTP/1.1" 200 - "-" "LiveZilla 3.1.7.7 [http://www.livezilla.net]"
192.168.10.10 - - [01/Feb/2010:09:43:15 +0100] "POST /livezilla/server.php?acid=74fea HTTP/1.1" 200 - "-" "LiveZilla 3.1.7.7 [http://www.livezilla.net]"
192.168.10.13 - - [01/Feb/2010:09:43:39 +0100] "POST /livezilla/server.php?acid=4e9bd HTTP/1.1" 200 - "-" "LiveZilla 3.1.7.7 [http://www.livezilla.net]"
88.79.82.156 - - [01/Feb/2010:09:44:48 +0100] "GET /livezilla/image.php?id=04 HTTP/1.1" 200 7276 "http://www.f-m-shop.de/seiten/prod_detail_neuer.cfm?kat=GRA1GBX&nav=2&artnr=A%20%2029639" "Mozilla/5.0 (Windows; U; Windows NT 5.1; de; rv:1.9.1.7) Gecko/20091221 Firefox/3.5.7 (.NET CLR 3.5.30729)"
192.168.10.10 - - [01/Feb/2010:09:44:04 +0100] "POST /livezilla/server.php?acid=b8c1b HTTP/1.1" 200 - "-" "LiveZilla 3.1.7.7 [http://www.livezilla.net]"
89.182.143.173 - - [01/Feb/2010:09:44:56 +0100] "GET /livezilla/image.php?id=04 HTTP/1.1" 200 7276 "http://www.f-m-shop.de/seiten/prod_detail_neuer.cfm?kat=MONT22&nav=2&artnr=A 29269" "Mozilla/4.0 (compatible; MSIE 8.0; Windows NT 5.1; Trident/4.0; InfoPath.1)"
192.168.10.13 - - [01/Feb/2010:09:44:27 +0100] "POST /livezilla/server.php?acid=4fe1e HTTP/1.1" 200 - "-" "LiveZilla 3.1.7.7 [http://www.livezilla.net]"
91.19.11.76 - - [01/Feb/2010:09:45:32 +0100] "GET /livezilla/image.php?id=04 HTTP/1.1" 200 7276 "http://www.f-m-shop.de/seiten/prod_detail_neuer.cfm?kat=GRA1GBX&nav=2&artnr=A%20%2029639" "Mozilla/5.0 (Windows; U; Windows NT 5.1; de; rv:1.9.1.7) Gecko/20091221 Firefox/3.5.7 (.NET CLR 3.5.30729)"
217.6.246.165 - - [01/Feb/2010:09:45:36 +0100] "GET /livezilla/image.php?id=04 HTTP/1.1" 200 7276 "-" "Mozilla/4.0 (compatible;)"
192.168.10.10 - - [01/Feb/2010:09:44:52 +0100] "POST /livezilla/server.php?acid=f4016 HTTP/1.1" 200 - "-" "LiveZilla 3.1.7.7 [http://www.livezilla.net]"
217.6.246.165 - - [01/Feb/2010:09:45:38 +0100] "GET /livezilla/image.php?id=04 HTTP/1.1" 200 7276 "http://www.f-m-shop.de/seiten/prod_detail_neuer.cfm?kat=NETWLROU&nav=2&artnr=A 31257" "Mozilla/4.0 (compatible; MSIE 7.0; Windows NT 5.1; .NET CLR 1.1.4322; .NET CLR 2.0.50727; .NET CLR 3.0.04506.648; .NET CLR 3.5.21022)"
217.6.246.165 - - [01/Feb/2010:09:45:45 +0100] "GET /livezilla/image.php?id=04 HTTP/1.1" 200 7276 "-" "Mozilla/4.0 (compatible; MSIE 7.0; Windows NT 5.1; .NET CLR 1.1.4322; .NET CLR 2.0.50727; .NET CLR 3.0.04506.648; .NET CLR 3.5.21022)"
217.6.246.165 - - [01/Feb/2010:09:45:49 +0100] "GET /livezilla/image.php?id=04 HTTP/1.1" 200 7276 "-" "Mozilla/4.0 (compatible; MSIE 7.0; Windows NT 5.1; .NET CLR 1.1.4322; .NET CLR 2.0.50727; .NET CLR 3.0.04506.648; .NET CLR 3.5.21022)"
192.168.10.13 - - [01/Feb/2010:09:45:16 +0100] "POST /livezilla/server.php?acid=e1264 HTTP/1.1" 200 - "-" "LiveZilla 3.1.7.7 [http://www.livezilla.net]"
85.73.91.140 - - [01/Feb/2010:09:46:12 +0100] "GET /livezilla/image.php?id=04 HTTP/1.1" 200 7276 "http://www.f-m-shop.de/seiten/prod_detail_neuer.cfm?kat=NOTB16&nav=2&artnr=A%20%2031748" "Mozilla/5.0 (Windows; U; Windows NT 5.1; en-US; rv:1.9.1.7) Gecko/20091221 Firefox/3.5.7 (.NET CLR 3.5.30729)"
192.168.10.10 - - [01/Feb/2010:09:45:40 +0100] "POST /livezilla/server.php?acid=8572b HTTP/1.1" 200 - "-" "LiveZilla 3.1.7.7 [http://www.livezilla.net]"
193.158.71.20 - - [01/Feb/2010:09:46:26 +0100] "GET /livezilla/image.php?id=04 HTTP/1.1" 200 7276 "http://www.f-m-shop.de/seiten/prod_detail_neuer.cfm?kat=GRA1GBX&nav=2&artnr=A%20%2029639" "Mozilla/5.0 (Windows; U; Windows NT 5.0; de; rv:1.9.1.7) Gecko/20091221 Firefox/3.5.7 GTB6"
82.212.8.188 - - [01/Feb/2010:09:46:48 +0100] "GET /livezilla/image.php?id=04 HTTP/1.1" 200 7276 "http://www.f-m-shop.de/seiten/prod_detail_neuer.cfm?kat=NOTB07&nav=2&artnr=A%20%2030290" "Mozilla/5.0 (Windows; U; Windows NT 6.1; de; rv:1.9.1.7) Gecko/20091221 Firefox/3.5.7"
192.168.10.13 - - [01/Feb/2010:09:46:04 +0100] "POST /livezilla/server.php?acid=a1aa0 HTTP/1.1" 200 - "-" "LiveZilla 3.1.7.7 [http://www.livezilla.net]"
192.168.10.10 - - [01/Feb/2010:09:46:29 +0100] "POST /livezilla/server.php?acid=e0b65 HTTP/1.1" 200 - "-" "LiveZilla 3.1.7.7 [http://www.livezilla.net]"
84.62.26.242 - - [01/Feb/2010:09:47:19 +0100] "GET /livezilla/image.php?id=04 HTTP/1.1" 200 7276 "http://www.f-m-shop.de/seiten/prod_detail_neuer.cfm?kat=NOTB17&nav=2&artnr=A 30518" "Mozilla/4.0 (compatible; MSIE 8.0; Windows NT 6.0; WOW64; Trident/4.0; SLCC1; .NET CLR 2.0.50727; Media Center PC 5.0; InfoPath.2; .NET CLR 3.5.30729; .NET CLR 3.0.30729)"
192.168.10.13 - - [01/Feb/2010:09:46:52 +0100] "POST /livezilla/server.php?acid=c8c34 HTTP/1.1" 200 - "-" "LiveZilla 3.1.7.7 [http://www.livezilla.net]"
193.158.71.20 - - [01/Feb/2010:09:47:57 +0100] "GET /livezilla/image.php?id=04 HTTP/1.1" 200 7276 "http://www.f-m-shop.de/seiten/prod_detail_neuer.cfm?kat=GRA1GBX&nav=2&artnr=A%20%2029639" "Mozilla/5.0 (Windows; U; Windows NT 5.0; de; rv:1.9.1.7) Gecko/20091221 Firefox/3.5.7 GTB6"
92.252.127.246 - - [01/Feb/2010:09:47:59 +0100] "GET /livezilla/image.php?id=04 HTTP/1.1" 200 7276 "http://www.eizo4you.de/seiten/prod_detail_neuer.cfm?artnr=A%20%2024834&nav=2&kat=MONT22" "Mozilla/5.0 (Windows; U; Windows NT 5.1; de; rv:1.9.2) Gecko/20100115 Firefox/3.6 (.NET CLR 3.5.30729)"
192.168.10.10 - - [01/Feb/2010:09:47:17 +0100] "POST /livezilla/server.php?acid=e5cc5 HTTP/1.1" 200 - "-" "LiveZilla 3.1.7.7 [http://www.livezilla.net]"
192.168.10.13 - - [01/Feb/2010:09:47:41 +0100] "POST /livezilla/server.php?acid=0c7be HTTP/1.1" 200 - "-" "LiveZilla 3.1.7.7 [http://www.livezilla.net]"
92.252.127.246 - - [01/Feb/2010:09:48:34 +0100] "GET /livezilla/image.php?id=04 HTTP/1.1" 200 7276 "http://www.eizo4you.de/seiten/prod_detail_neuer.cfm?artnr=A%20%2024835&nav=2&kat=MONT22" "Mozilla/5.0 (Windows; U; Windows NT 5.1; de; rv:1.9.2) Gecko/20100115 Firefox/3.6 (.NET CLR 3.5.30729)"
192.168.10.10 - - [01/Feb/2010:09:48:05 +0100] "POST /livezilla/server.php?acid=66003 HTTP/1.1" 200 - "-" "LiveZilla 3.1.7.7 [http://www.livezilla.net]"
93.223.255.156 - - [01/Feb/2010:09:49:06 +0100] "GET /livezilla/image.php?id=04 HTTP/1.1" 200 7276 "http://www.f-m-shop.de/seiten/prod_detail_neuer.cfm?name=USB-Repeater - aktive Verl\xc3\xa4ngerung 5m&artnr=A%20%20%204709&nav=2&kat=KABADUSB&kat_her=&p_sort=&b_sort=ASC" "Mozilla/4.0 (compatible; MSIE 8.0; Windows NT 6.1; Trident/4.0; SLCC2; .NET CLR 2.0.50727; .NET CLR 3.5.30729; .NET CLR 3.0.30729; Media Center PC 6.0; .NET CLR 1.1.4322; Tablet PC 2.0; .NET4.0C; .NET4.0E; InfoPath.2)"
193.158.71.20 - - [01/Feb/2010:09:49:08 +0100] "GET /livezilla/image.php?id=04 HTTP/1.1" 200 7276 "http://www.f-m-shop.de/seiten/prod_detail_neuer.cfm?artnr=A%20%2029639&nav=2&kat=GRA1GBX" "Mozilla/5.0 (Windows; U; Windows NT 5.0; de; rv:1.9.1.7) Gecko/20091221 Firefox/3.5.7 GTB6"
192.168.10.13 - - [01/Feb/2010:09:48:29 +0100] "POST /livezilla/server.php?acid=6d085 HTTP/1.1" 200 - "-" "LiveZilla 3.1.7.7 [http://www.livezilla.net]"
212.144.254.11 - - [01/Feb/2010:09:49:27 +0100] "GET /livezilla/image.php?id=04 HTTP/1.0" 200 7276 "http://www.f-m-shop.de/seiten/prod_detail_neuer.cfm?kat=GRA1GBX&nav=2&artnr=A%20%2029639" "Mozilla/5.0 (X11; U; Linux i686; de-DE; rv:1.9.0.5; f41938fd38172fc3ba8c39f16085127d;) Gecko/2009010709 Firefox/3.0.13"
85.73.91.140 - - [01/Feb/2010:09:49:28 +0100] "GET /livezilla/image.php?id=04 HTTP/1.1" 200 7276 "http://www.f-m-shop.de/seiten/prod_detail_neuer.cfm?name=NB%20%20SONY%20VAIO%20VPC-F11C4E/B%20Schwarz&artnr=A%20%2031749&nav=2&kat=NOTB16&kat_her=&p_sort=&b_sort=ASC" "Mozilla/5.0 (Windows; U; Windows NT 5.1; en-US; rv:1.9.1.7) Gecko/20091221 Firefox/3.5.7 (.NET CLR 3.5.30729)"
62.181.136.200 - - [01/Feb/2010:09:49:38 +0100] "GET /livezilla/image.php?id=04 HTTP/1.1" 200 7276 "http://www.f-m-shop.de/seiten/prod_detail_neuer.cfm?kat=NETWLROU&nav=2&artnr=A 31257" "Mozilla/4.0 (compatible; MSIE 6.0; Windows NT 5.1; SV1; .NET CLR 1.1.4322; .NET CLR 2.0.50727; .NET CLR 3.0.04506.648; .NET CLR 3.5.21022; .NET CLR 3.0.4506.2152; .NET CLR 3.5.30729)"
192.168.10.10 - - [01/Feb/2010:09:48:54 +0100] "POST /livezilla/server.php?acid=7798c HTTP/1.1" 200 - "-" "LiveZilla 3.1.7.7 [http://www.livezilla.net]"
192.168.10.13 - - [01/Feb/2010:09:49:17 +0100] "POST /livezilla/server.php?acid=33c79 HTTP/1.1" 200 - "-" "LiveZilla 3.1.7.7 [http://www.livezilla.net]"
79.247.179.42 - - [01/Feb/2010:09:50:07 +0100] "GET /livezilla/image.php?id=04 HTTP/1.1" 200 7276 "http://www.f-m-shop.de/seiten/prod_detail_neuer.cfm?kat=GRA1GBX&nav=2&artnr=A 29639" "Mozilla/4.0 (compatible; MSIE 8.0; Windows NT 6.1; WOW64; Trident/4.0; GTB6.4; SLCC2; .NET CLR 2.0.50727; .NET CLR 3.5.30729; .NET CLR 3.0.30729; Media Center PC 6.0)"
192.168.10.10 - - [01/Feb/2010:09:49:42 +0100] "POST /livezilla/server.php?acid=20bd5 HTTP/1.1" 200 - "-" "LiveZilla 3.1.7.7 [http://www.livezilla.net]"
77.22.230.82 - - [01/Feb/2010:09:50:38 +0100] "GET /livezilla/image.php?id=04 HTTP/1.1" 200 7276 "http://www.f-m-shop.de/seiten/prod_detail_neuer.cfm?kat=VOITEL&nav=2&artnr=A%20%2031256" "Mozilla/5.0 (Windows; U; Windows NT 6.0; de; rv:1.9.1.2) Gecko/20090729 Firefox/3.5.2 (.NET CLR 3.5.30729)"
192.168.10.13 - - [01/Feb/2010:09:50:06 +0100] "POST /livezilla/server.php?acid=f64f4 HTTP/1.1" 200 - "-" "LiveZilla 3.1.7.7 [http://www.livezilla.net]"
62.153.100.27 - - [01/Feb/2010:09:51:14 +0100] "GET /livezilla/image.php?id=04 HTTP/1.0" 200 7276 "http://www.f-m-shop.de/seiten/prod_detail_neuer.cfm?kat=NETUSVAK&nav=2&artnr=A%20%2010809" "Mozilla/5.0 (Windows; U; Windows NT 5.1; de; rv:1.9.1.7) Gecko/20091221 Firefox/3.5.7 (.NET CLR 3.5.30729)"
192.168.10.10 - - [01/Feb/2010:09:50:30 +0100] "POST /livezilla/server.php?acid=363ed HTTP/1.1" 200 - "-" "LiveZilla 3.1.7.7 [http://www.livezilla.net]"
148.188.17.56 - - [01/Feb/2010:09:51:25 +0100] "GET /livezilla/image.php?id=04 HTTP/1.1" 200 7276 "http://www.f-m-shop.de/seiten/prod_detail_neuer.cfm?kat=KOMBARBO&nav=2&artnr=A 27319" "Mozilla/4.0 (compatible; MSIE 6.0; Windows NT 5.1; SV1; .NET CLR 1.1.4322; .NET CLR 2.0.50727; .NET CLR 3.0.04506.648; .NET CLR 3.5.21022)"
192.168.10.13 - - [01/Feb/2010:09:50:54 +0100] "POST /livezilla/server.php?acid=3a06d HTTP/1.1" 200 - "-" "LiveZilla 3.1.7.7 [http://www.livezilla.net]"
80.140.150.157 - - [01/Feb/2010:09:51:46 +0100] "GET /livezilla/image.php?id=04 HTTP/1.1" 200 7276 "http://www.f-m-shop.de/seiten/prod_detail_neuer.cfm?kat=GRA1GBX&nav=2&artnr=A%20%2029639" "Mozilla/5.0 (Windows; U; Windows NT 6.1; en-US; rv:1.9.2) Gecko/20100115 Firefox/3.6"
88.78.7.171 - - [01/Feb/2010:09:52:00 +0100] "GET /livezilla/image.php?id=04 HTTP/1.1" 200 7276 "http://www.f-m-shop.de/seiten/prod_detail_neuer.cfm?kat=XPOSTEN&nav=2&artnr=A 23074" "Mozilla/4.0 (compatible; MSIE 7.0; Windows NT 6.0; SLCC1; .NET CLR 2.0.50727; .NET CLR 3.5.30729; .NET CLR 3.0.30618)"
192.168.10.10 - - [01/Feb/2010:09:51:19 +0100] "POST /livezilla/server.php?acid=fce74 HTTP/1.1" 200 - "-" "LiveZilla 3.1.7.7 [http://www.livezilla.net]"
192.168.10.13 - - [01/Feb/2010:09:51:42 +0100] "POST /livezilla/server.php?acid=53329 HTTP/1.1" 200 - "-" "LiveZilla 3.1.7.7 [http://www.livezilla.net]"
148.188.17.56 - - [01/Feb/2010:09:52:30 +0100] "GET /livezilla/image.php?id=04 HTTP/1.1" 200 7276 "http://www.f-m-shop.de/seiten/prod_detail_neuer.cfm?kat=KOMBARBO&nav=2&artnr=A%20%2027319" "Mozilla/4.0 (compatible; MSIE 6.0; Windows NT 5.1; SV1; .NET CLR 1.1.4322; .NET CLR 2.0.50727; .NET CLR 3.0.04506.648; .NET CLR 3.5.21022)"
192.168.10.10 - - [01/Feb/2010:09:52:07 +0100] "POST /livezilla/server.php?acid=247f1 HTTP/1.1" 200 - "-" "LiveZilla 3.1.7.7 [http://www.livezilla.net]"
192.168.10.13 - - [01/Feb/2010:09:52:31 +0100] "POST /livezilla/server.php?acid=664d1 HTTP/1.1" 200 - "-" "LiveZilla 3.1.7.7 [http://www.livezilla.net]"
192.168.10.10 - - [01/Feb/2010:09:52:55 +0100] "POST /livezilla/server.php?acid=d53d8 HTTP/1.1" 200 - "-" "LiveZilla 3.1.7.7 [http://www.livezilla.net]"
88.65.6.160 - - [01/Feb/2010:09:53:40 +0100] "GET /livezilla/image.php?id=04 HTTP/1.1" 200 7276 "http://www.f-m-shop.de/seiten/prod_detail_neuer.cfm?kat=NETSWI&nav=2&artnr=A%20%2020425" "Mozilla/5.0 (Windows; U; Windows NT 5.1; de; rv:1.8.1.20) Gecko/20081217 Ant.com Toolbar 1.5 Firefox/2.0.0.20"
195.50.165.200 - - [01/Feb/2010:09:53:43 +0100] "GET /livezilla/image.php?id=04 HTTP/1.1" 200 7276 "http://www.f-m-shop.de/seiten/prod_detail_neuer.cfm?kat=NETLROU&nav=2&artnr=A%20%2021881" "Mozilla/5.0 (Windows; U; Windows NT 5.1; en-US; rv:1.9.1.7) Gecko/20091221 Firefox/3.5.7 (.NET CLR 3.5.30729)"
84.189.216.99 - - [01/Feb/2010:09:53:59 +0100] "GET /livezilla/image.php?id=04 HTTP/1.1" 200 7276 "http://www.f-m-shop.de/seiten/prod_detail_neuer.cfm?kat=XPOSTEN&nav=2&artnr=A%20%20%208598" "Mozilla/5.0 (Windows; U; Windows NT 6.1; de; rv:1.9.1.7) Gecko/20091221 YFF35 Firefox/3.5.7"
137.248.1.6 - - [01/Feb/2010:09:53:59 +0100] "GET /livezilla/image.php?id=04 HTTP/1.0" 200 7276 "http://www.f-m-shop.de/seiten/prod_detail_neuer.cfm?kat=MULDIK&nav=2&artnr=A%20%2028674" "Mozilla/5.0 (Windows; U; Windows NT 5.1; de-AT; rv:1.8.1.6) Gecko/20070802 SeaMonkey/1.1.4"
192.168.10.13 - - [01/Feb/2010:09:53:19 +0100] "POST /livezilla/server.php?acid=a30cc HTTP/1.1" 200 - "-" "LiveZilla 3.1.7.7 [http://www.livezilla.net]"
213.191.94.201 - - [01/Feb/2010:09:54:07 +0100] "GET /livezilla/image.php?id=04 HTTP/1.0" 200 7276 "http://www.f-m-shop.de/seiten/prod_detail_neuer.cfm?kat=LFWBRR&nav=2&artnr=A%20%2030552" "Mozilla/5.0 (Windows; U; Windows NT 5.1; de; rv:1.9.2) Gecko/20100115 Firefox/3.6 (.NET CLR 3.5.30729)"
88.65.6.160 - - [01/Feb/2010:09:54:10 +0100] "GET /livezilla/image.php?id=04 HTTP/1.1" 200 7276 "http://www.f-m-shop.de/seiten/prod_detail_neuer.cfm?kat=NETSWI&nav=2&artnr=A%20%2020425" "Mozilla/5.0 (Windows; U; Windows NT 5.1; de; rv:1.8.1.20) Gecko/20081217 Ant.com Toolbar 1.5 Firefox/2.0.0.20"
80.134.225.83 - - [01/Feb/2010:09:54:26 +0100] "GET /livezilla/image.php?id=04 HTTP/1.1" 200 7276 "http://www.f-m-shop.de/seiten/prod_detail_neuer.cfm?kat=GRA1GBX&nav=2&artnr=A%20%2029639" "Mozilla/5.0 (Windows; U; Windows NT 6.1; en-US; rv:1.9.1.7) Gecko/20091221 Firefox/3.5.7"
192.168.10.10 - - [01/Feb/2010:09:53:44 +0100] "POST /livezilla/server.php?acid=9c429 HTTP/1.1" 200 - "-" "LiveZilla 3.1.7.7 [http://www.livezilla.net]"
80.134.225.83 - - [01/Feb/2010:09:54:40 +0100] "GET /livezilla/image.php?id=04 HTTP/1.1" 200 7276 "http://www.f-m-shop.de/seiten/prod_detail_neuer.cfm?kat=GRA1GBX&nav=2&artnr=A%20%2029639" "Mozilla/5.0 (Windows; U; Windows NT 6.1; en-US; rv:1.9.1.7) Gecko/20091221 Firefox/3.5.7"
192.168.10.13 - - [01/Feb/2010:09:54:07 +0100] "POST /livezilla/server.php?acid=2fda1 HTTP/1.1" 200 - "-" "LiveZilla 3.1.7.7 [http://www.livezilla.net]"
212.6.98.2 - - [01/Feb/2010:09:54:57 +0100] "GET /livezilla/image.php?id=04 HTTP/1.0" 200 7276 "http://www.f-m-shop.de/seiten/prod_detail_neuer.cfm?kat=NETWLROU&nav=2&artnr=A%20%2031257" "Mozilla/5.0 (Windows; U; Windows NT 6.1; de; rv:1.9.2) Gecko/20100115 Firefox/3.6"
192.168.10.10 - - [01/Feb/2010:09:54:32 +0100] "POST /livezilla/server.php?acid=3aac1 HTTP/1.1" 200 - "-" "LiveZilla 3.1.7.7 [http://www.livezilla.net]"
78.53.155.239 - - [01/Feb/2010:09:55:38 +0100] "GET /livezilla/image.php?id=04 HTTP/1.1" 200 7276 "http://www.f-m-shop.de/seiten/prod_detail_neuer.cfm?kat=XPOSTEN&nav=2&artnr=A%20%20%208598" "Mozilla/5.0 (Windows; U; Windows NT 5.1; de; rv:1.9.1.7) Gecko/20091221 Firefox/3.5.7"
192.168.10.13 - - [01/Feb/2010:09:54:56 +0100] "POST /livezilla/server.php?acid=10647 HTTP/1.1" 200 - "-" "LiveZilla 3.1.7.7 [http://www.livezilla.net]"
91.89.118.165 - - [01/Feb/2010:09:55:53 +0100] "GET /livezilla/image.php?id=04 HTTP/1.1" 200 7276 "http://www.f-m-shop.de/seiten/prod_detail_neuer.cfm?kat=NOTB07&nav=2&artnr=A 31085" "Mozilla/4.0 (compatible; MSIE 8.0; Windows NT 6.0; Trident/4.0; SLCC1; .NET CLR 2.0.50727; Media Center PC 5.0; .NET CLR 3.5.30729; .NET CLR 3.0.30729)"
84.59.47.97 - - [01/Feb/2010:09:55:56 +0100] "GET /livezilla/image.php?id=04 HTTP/1.1" 200 7276 "http://www.f-m-shop.de/seiten/prod_detail_neuer.cfm?kat=GRA1GBX&nav=2&artnr=A%20%2029639" "Mozilla/5.0 (Windows; U; Windows NT 6.1; de; rv:1.9.2) Gecko/20100115 Firefox/3.6 (.NET CLR 3.5.30729)"
192.168.10.10 - - [01/Feb/2010:09:55:20 +0100] "POST /livezilla/server.php?acid=60332 HTTP/1.1" 200 - "-" "LiveZilla 3.1.7.7 [http://www.livezilla.net]"
192.168.10.13 - - [01/Feb/2010:09:55:44 +0100] "POST /livezilla/server.php?acid=0dac6 HTTP/1.1" 200 - "-" "LiveZilla 3.1.7.7 [http://www.livezilla.net]"
192.168.10.10 - - [01/Feb/2010:09:56:09 +0100] "POST /livezilla/server.php?acid=e5969 HTTP/1.1" 200 - "-" "LiveZilla 3.1.7.7 [http://www.livezilla.net]"
206.230.48.34 - - [01/Feb/2010:09:57:04 +0100] "GET /livezilla/image.php?id=04 HTTP/1.1" 200 7276 "http://www.f-m-shop.de/seiten/prod_detail_neuer.cfm?kat=GRA1GBX&nav=2&artnr=A%20%2029639" "Mozilla/4.0 (compatible; MSIE 8.0; Windows NT 5.1; Trident/4.0; .NET CLR 1.1.4322; .NET CLR 2.0.50727; .NET CLR 3.0.4506.2152; .NET CLR 3.5.30729; InfoPath.1)"
206.230.48.34 - - [01/Feb/2010:09:57:05 +0100] "GET /livezilla/image.php?id=04 HTTP/1.1" 200 7276 "http://www.f-m-shop.de/seiten/prod_detail_neuer.cfm?kat=GRA1GBX&nav=2&artnr=A 29639" "Mozilla/4.0 (compatible; MSIE 8.0; Windows NT 5.1; Trident/4.0; .NET CLR 1.1.4322; .NET CLR 2.0.50727; .NET CLR 3.0.4506.2152; .NET CLR 3.5.30729; InfoPath.1)"
84.61.132.87 - - [01/Feb/2010:09:57:15 +0100] "GET /livezilla/image.php?id=04 HTTP/1.1" 200 7276 "http://www.f-m-shop.de/seiten/prod_detail_neuer.cfm?kat=GRA1GBX&nav=2&artnr=A 29639" "Mozilla/4.0 (compatible; MSIE 8.0; Windows NT 6.1; WOW64; Trident/4.0; SLCC2; .NET CLR 2.0.50727; .NET CLR 3.5.30729; .NET CLR 3.0.30729; Media Center PC 6.0; InfoPath.3; FDM; Creative AutoUpdate v1.40.01)"
192.168.10.13 - - [01/Feb/2010:09:56:33 +0100] "POST /livezilla/server.php?acid=0bad8 HTTP/1.1" 200 - "-" "LiveZilla 3.1.7.7 [http://www.livezilla.net]"
84.61.132.87 - - [01/Feb/2010:09:57:34 +0100] "GET /livezilla/image.php?id=04 HTTP/1.1" 200 7276 "http://www.f-m-shop.de/seiten/prod_detail_neuer.cfm?kat=GRA1GBX&nav=2&artnr=A%20%2029639" "Mozilla/4.0 (compatible; MSIE 8.0; Windows NT 6.1; WOW64; Trident/4.0; SLCC2; .NET CLR 2.0.50727; .NET CLR 3.5.30729; .NET CLR 3.0.30729; Media Center PC 6.0; InfoPath.3; FDM; Creative AutoUpdate v1.40.01)"
206.230.48.34 - - [01/Feb/2010:09:57:37 +0100] "GET /livezilla/image.php?id=04 HTTP/1.1" 200 7276 "http://www.f-m-shop.de/seiten/prod_detail_neuer.cfm?kat=GRA1GBX&nav=2&artnr=A%20%2029639" "Mozilla/4.0 (compatible; MSIE 8.0; Windows NT 5.1; Trident/4.0; .NET CLR 1.1.4322; .NET CLR 2.0.50727; .NET CLR 3.0.4506.2152; .NET CLR 3.5.30729; InfoPath.1)"
192.168.10.10 - - [01/Feb/2010:09:56:57 +0100] "POST /livezilla/server.php?acid=4a671 HTTP/1.1" 200 - "-" "LiveZilla 3.1.7.7 [http://www.livezilla.net]"
192.168.10.13 - - [01/Feb/2010:09:57:21 +0100] "POST /livezilla/server.php?acid=17d75 HTTP/1.1" 200 - "-" "LiveZilla 3.1.7.7 [http://www.livezilla.net]"
193.158.71.20 - - [01/Feb/2010:09:58:19 +0100] "GET /livezilla/image.php?id=04 HTTP/1.1" 200 7276 "http://www.f-m-shop.de/seiten/prod_detail_neuer.cfm?name=HDD%20SATA-1.0TB%20SAMSUNG%20%207200rpm%2032MB&artnr=A%20%2019014&nav=2&kat=HDDSATA&kat_her=SAMSUNG&p_sort=&b_sort=ASC" "Mozilla/5.0 (Windows; U; Windows NT 5.0; de; rv:1.9.1.7) Gecko/20091221 Firefox/3.5.7 GTB6"
192.168.10.10 - - [01/Feb/2010:09:57:45 +0100] "POST /livezilla/server.php?acid=4e69a HTTP/1.1" 200 - "-" "LiveZilla 3.1.7.7 [http://www.livezilla.net]"
84.189.216.99 - - [01/Feb/2010:09:58:30 +0100] "GET /livezilla/image.php?id=04 HTTP/1.1" 200 7276 "http://www.f-m-shop.de/seiten/prod_detail_neuer.cfm?kat=XPOSTEN&nav=2&artnr=A%20%20%208598" "Mozilla/5.0 (Windows; U; Windows NT 6.1; de; rv:1.9.1.7) Gecko/20091221 YFF35 Firefox/3.5.7"
192.168.10.13 - - [01/Feb/2010:09:58:09 +0100] "POST /livezilla/server.php?acid=95e50 HTTP/1.1" 200 - "-" "LiveZilla 3.1.7.7 [http://www.livezilla.net]"
80.152.175.52 - - [01/Feb/2010:09:59:06 +0100] "GET /livezilla/image.php?id=04 HTTP/1.1" 200 7276 "http://www.f-m-shop.de/seiten/prod_detail_neuer.cfm?kat=DRULAB&nav=2&artnr=A 26734" "Mozilla/4.0 (compatible; MSIE 8.0; Windows NT 6.1; WOW64; Trident/4.0; SLCC2; .NET CLR 2.0.50727; .NET CLR 3.5.30729; .NET CLR 3.0.30729; Media Center PC 6.0; InfoPath.2)"
79.195.192.9 - - [01/Feb/2010:09:59:12 +0100] "GET /livezilla/image.php?id=04 HTTP/1.1" 200 7276 "http://www.f-m-shop.de/seiten/prod_detail_neuer.cfm?kat=NETWLROU&nav=2&artnr=A%20%2031257" "Mozilla/5.0 (Windows; U; Windows NT 6.1; de; rv:1.9.2) Gecko/20100115 Firefox/3.6"
85.177.80.229 - - [01/Feb/2010:09:59:14 +0100] "GET /livezilla/image.php?id=04 HTTP/1.1" 200 7276 "http://www.f-m-shop.de/seiten/prod_detail_neuer.cfm?kat=GRA1GBX&nav=2&artnr=A%20%2029639" "Opera/9.80 (Windows NT 6.0; U; de) Presto/2.2.15 Version/10.10"
192.168.10.10 - - [01/Feb/2010:09:58:34 +0100] "POST /livezilla/server.php?acid=54f87 HTTP/1.1" 200 - "-" "LiveZilla 3.1.7.7 [http://www.livezilla.net]"
79.195.192.9 - - [01/Feb/2010:09:59:22 +0100] "GET /livezilla/image.php?id=04 HTTP/1.1" 200 7276 "http://www.f-m-shop.de/seiten/prod_detail_neuer.cfm?kat=NETWLROU&nav=2&artnr=A%20%2031257" "Mozilla/5.0 (Windows; U; Windows NT 6.1; de; rv:1.9.2) Gecko/20100115 Firefox/3.6"
84.61.132.87 - - [01/Feb/2010:09:59:25 +0100] "GET /livezilla/image.php?id=04 HTTP/1.1" 200 7276 "http://www.f-m-shop.de/seiten/prod_detail_neuer.cfm?name=CPU-L\xc3\xbcfter ASUS Silent Knight II&artnr=A%20%2020796&nav=2&kat=CPUZBH&kat_her=&p_sort=&b_sort=ASC" "Mozilla/4.0 (compatible; MSIE 8.0; Windows NT 6.1; WOW64; Trident/4.0; SLCC2; .NET CLR 2.0.50727; .NET CLR 3.5.30729; .NET CLR 3.0.30729; Media Center PC 6.0; InfoPath.3; FDM; Creative AutoUpdate v1.40.01)"
84.61.132.87 - - [01/Feb/2010:09:59:35 +0100] "GET /livezilla/image.php?id=04 HTTP/1.1" 200 7276 "http://www.f-m-shop.de/seiten/prod_detail_neuer.cfm?name=CPU-L\xc3\xbcfter ASUS Silent Square EVO&artnr=A%20%2020791&nav=2&kat=CPUZBH&kat_her=&p_sort=&b_sort=ASC" "Mozilla/4.0 (compatible; MSIE 8.0; Windows NT 6.1; WOW64; Trident/4.0; SLCC2; .NET CLR 2.0.50727; .NET CLR 3.5.30729; .NET CLR 3.0.30729; Media Center PC 6.0; InfoPath.3; FDM; Creative AutoUpdate v1.40.01)"
84.61.132.87 - - [01/Feb/2010:09:59:41 +0100] "GET /livezilla/image.php?id=04 HTTP/1.1" 200 7276 "http://www.f-m-shop.de/seiten/prod_detail_neuer.cfm?name=CPU-L\xc3\xbcfter CoolerMaster ECU-PUA1S 1HE&artnr=A%20%20%207385&nav=2&kat=CPUZBH&kat_her=&p_sort=&b_sort=ASC" "Mozilla/4.0 (compatible; MSIE 8.0; Windows NT 6.1; WOW64; Trident/4.0; SLCC2; .NET CLR 2.0.50727; .NET CLR 3.5.30729; .NET CLR 3.0.30729; Media Center PC 6.0; InfoPath.3; FDM; Creative AutoUpdate v1.40.01)"
192.168.10.13 - - [01/Feb/2010:09:58:57 +0100] "POST /livezilla/server.php?acid=a6e04 HTTP/1.1" 200 - "-" "LiveZilla 3.1.7.7 [http://www.livezilla.net]"
84.61.132.87 - - [01/Feb/2010:09:59:46 +0100] "GET /livezilla/image.php?id=04 HTTP/1.1" 200 7276 "http://www.f-m-shop.de/seiten/prod_detail_neuer.cfm?name=CPU-L\xc3\xbcfter ASUS Silent Square EVO&artnr=A%20%2020791&nav=2&kat=CPUZBH&kat_her=&p_sort=&b_sort=ASC" "Mozilla/4.0 (compatible; MSIE 8.0; Windows NT 6.1; WOW64; Trident/4.0; SLCC2; .NET CLR 2.0.50727; .NET CLR 3.5.30729; .NET CLR 3.0.30729; Media Center PC 6.0; InfoPath.3; FDM; Creative AutoUpdate v1.40.01)"
87.174.57.150 - - [01/Feb/2010:09:59:48 +0100] "GET /livezilla/image.php?id=04 HTTP/1.1" 200 7276 "http://www.f-m-shop.de/seiten/prod_detail_neuer.cfm?kat=MONT24&nav=2&artnr=A 25022" "Mozilla/4.0 (compatible; MSIE 7.0; Windows NT 5.1; GTB6.4; .NET CLR 1.1.4322; .NET CLR 2.0.50727; .NET CLR 3.0.4506.2152; .NET CLR 3.5.30729)"
192.168.10.10 - - [01/Feb/2010:09:59:22 +0100] "POST /livezilla/server.php?acid=27848 HTTP/1.1" 200 - "-" "LiveZilla 3.1.7.7 [http://www.livezilla.net]"
145.253.2.22 - - [01/Feb/2010:10:00:07 +0100] "GET /livezilla/image.php?id=04 HTTP/1.0" 200 7276 "-" "Mozilla/3.01 (compatible;)"
145.253.2.22 - - [01/Feb/2010:10:00:07 +0100] "GET /livezilla/image.php?id=04 HTTP/1.0" 200 7276 "http://www.f-m-shop.de/seiten/prod_detail_neuer.cfm?kat=VOITEL&nav=2&artnr=A%20%2031256" "Mozilla/5.0 (Windows; U; Windows NT 6.0; ro; rv:1.9.2) Gecko/20100115 Firefox/3.6"
192.168.10.13 - - [01/Feb/2010:09:59:46 +0100] "POST /livezilla/server.php?acid=08acf HTTP/1.1" 200 - "-" "LiveZilla 3.1.7.7 [http://www.livezilla.net]"
80.152.175.52 - - [01/Feb/2010:10:00:45 +0100] "GET /livezilla/image.php?id=04 HTTP/1.1" 200 7276 "http://www.f-m-shop.de/seiten/prod_detail_neuer.cfm?kat=DRULAB&nav=2&artnr=A 26734" "Mozilla/4.0 (compatible; MSIE 8.0; Windows NT 6.1; WOW64; Trident/4.0; SLCC2; .NET CLR 2.0.50727; .NET CLR 3.5.30729; .NET CLR 3.0.30729; Media Center PC 6.0; InfoPath.2)"
192.168.10.10 - - [01/Feb/2010:10:00:10 +0100] "POST /livezilla/server.php?acid=fecae HTTP/1.1" 200 - "-" "LiveZilla 3.1.7.7 [http://www.livezilla.net]"
80.152.175.52 - - [01/Feb/2010:10:01:14 +0100] "GET /livezilla/image.php?id=04 HTTP/1.1" 200 7276 "http://www.f-m-shop.de/seiten/prod_detail_neuer.cfm?kat=DRULAB&nav=2&artnr=A%20%2026734" "Mozilla/4.0 (compatible; MSIE 8.0; Windows NT 6.1; WOW64; Trident/4.0; SLCC2; .NET CLR 2.0.50727; .NET CLR 3.5.30729; .NET CLR 3.0.30729; Media Center PC 6.0; InfoPath.2)"
192.168.10.13 - - [01/Feb/2010:10:00:34 +0100] "POST /livezilla/server.php?acid=e5fbf HTTP/1.1" 200 - "-" "LiveZilla 3.1.7.7 [http://www.livezilla.net]"
192.168.10.10 - - [01/Feb/2010:10:00:59 +0100] "POST /livezilla/server.php?acid=07da7 HTTP/1.1" 200 - "-" "LiveZilla 3.1.7.7 [http://www.livezilla.net]"
192.168.10.13 - - [01/Feb/2010:10:01:23 +0100] "POST /livezilla/server.php?acid=d9412 HTTP/1.1" 200 - "-" "LiveZilla 3.1.7.7 [http://www.livezilla.net]"
212.144.254.11 - - [01/Feb/2010:10:02:13 +0100] "GET /livezilla/image.php?id=04 HTTP/1.0" 200 7276 "http://www.f-m-shop.de/seiten/prod_detail_neuer.cfm?kat=GRA1GBX&nav=2&artnr=A%20%2029639" "Mozilla/5.0 (X11; U; Linux i686; de-DE; rv:1.9.0.5; f41938fd38172fc3ba8c39f16085127d;) Gecko/2009010709 Firefox/3.0.13"
212.144.254.11 - - [01/Feb/2010:10:02:19 +0100] "GET /livezilla/livezilla.php HTTP/1.0" 200 72007 "http://www.f-m-shop.de/seiten/prod_detail_neuer.cfm?kat=GRA1GBX&nav=2&artnr=A%20%2029639" "Mozilla/5.0 (X11; U; Linux i686; de-DE; rv:1.9.0.5; f41938fd38172fc3ba8c39f16085127d;) Gecko/2009010709 Firefox/3.0.13"
212.144.254.11 - - [01/Feb/2010:10:02:20 +0100] "GET /livezilla/templates/style.css HTTP/1.0" 200 8998 "http://chat.f-m-shop.de/livezilla/livezilla.php" "Mozilla/5.0 (X11; U; Linux i686; de-DE; rv:1.9.0.5; f41938fd38172fc3ba8c39f16085127d;) Gecko/2009010709 Firefox/3.0.13"
212.144.254.11 - - [01/Feb/2010:10:02:20 +0100] "GET /livezilla/images/favicon.ico HTTP/1.0" 200 43302 "-" "Mozilla/5.0 (X11; U; Linux i686; de-DE; rv:1.9.0.5; f41938fd38172fc3ba8c39f16085127d;) Gecko/2009010709 Firefox/3.0.13"
212.144.254.11 - - [01/Feb/2010:10:02:20 +0100] "GET /livezilla/livezilla.php?template=lz_chat_frame.2.0 HTTP/1.0" 200 263 "http://chat.f-m-shop.de/livezilla/livezilla.php" "Mozilla/5.0 (X11; U; Linux i686; de-DE; rv:1.9.0.5; f41938fd38172fc3ba8c39f16085127d;) Gecko/2009010709 Firefox/3.0.13"
212.144.254.11 - - [01/Feb/2010:10:02:20 +0100] "GET /livezilla/livezilla.php?template=lz_chat_frame.0.2 HTTP/1.0" 200 254 "http://chat.f-m-shop.de/livezilla/livezilla.php" "Mozilla/5.0 (X11; U; Linux i686; de-DE; rv:1.9.0.5; f41938fd38172fc3ba8c39f16085127d;) Gecko/2009010709 Firefox/3.0.13"
212.144.254.11 - - [01/Feb/2010:10:02:20 +0100] "GET /livezilla/livezilla.php?template=lz_chat_frame.1.0 HTTP/1.0" 200 279 "http://chat.f-m-shop.de/livezilla/livezilla.php" "Mozilla/5.0 (X11; U; Linux i686; de-DE; rv:1.9.0.5; f41938fd38172fc3ba8c39f16085127d;) Gecko/2009010709 Firefox/3.0.13"
212.144.254.11 - - [01/Feb/2010:10:02:20 +0100] "GET /livezilla/livezilla.php?template=lz_chat_frame.1.1 HTTP/1.0" 200 2257 "http://chat.f-m-shop.de/livezilla/livezilla.php" "Mozilla/5.0 (X11; U; Linux i686; de-DE; rv:1.9.0.5; f41938fd38172fc3ba8c39f16085127d;) Gecko/2009010709 Firefox/3.0.13"
212.144.254.11 - - [01/Feb/2010:10:02:20 +0100] "GET /livezilla/livezilla.php?template=lz_chat_frame.0.0 HTTP/1.0" 200 259 "http://chat.f-m-shop.de/livezilla/livezilla.php" "Mozilla/5.0 (X11; U; Linux i686; de-DE; rv:1.9.0.5; f41938fd38172fc3ba8c39f16085127d;) Gecko/2009010709 Firefox/3.0.13"
212.144.254.11 - - [01/Feb/2010:10:02:21 +0100] "GET /livezilla/livezilla.php?template=lz_chat_frame.3.2.login& HTTP/1.0" 200 1019 "http://chat.f-m-shop.de/livezilla/livezilla.php" "Mozilla/5.0 (X11; U; Linux i686; de-DE; rv:1.9.0.5; f41938fd38172fc3ba8c39f16085127d;) Gecko/2009010709 Firefox/3.0.13"
212.144.254.11 - - [01/Feb/2010:10:02:21 +0100] "GET /livezilla/images/carrier_logo.gif HTTP/1.0" 200 6003 "http://chat.f-m-shop.de/livezilla/livezilla.php?template=lz_chat_frame.1.1" "Mozilla/5.0 (X11; U; Linux i686; de-DE; rv:1.9.0.5; f41938fd38172fc3ba8c39f16085127d;) Gecko/2009010709 Firefox/3.0.13"
212.144.254.11 - - [01/Feb/2010:10:02:21 +0100] "GET /livezilla/livezilla.php?template=lz_chat_frame.1.2 HTTP/1.0" 200 264 "http://chat.f-m-shop.de/livezilla/livezilla.php" "Mozilla/5.0 (X11; U; Linux i686; de-DE; rv:1.9.0.5; f41938fd38172fc3ba8c39f16085127d;) Gecko/2009010709 Firefox/3.0.13"
212.144.254.11 - - [01/Feb/2010:10:02:21 +0100] "GET /livezilla/livezilla.php?template=lz_chat_frame.3.3 HTTP/1.0" 200 239 "http://chat.f-m-shop.de/livezilla/livezilla.php" "Mozilla/5.0 (X11; U; Linux i686; de-DE; rv:1.9.0.5; f41938fd38172fc3ba8c39f16085127d;) Gecko/2009010709 Firefox/3.0.13"
212.144.254.11 - - [01/Feb/2010:10:02:21 +0100] "GET /livezilla/livezilla.php?template=lz_chat_frame.3.2.login.1.0& HTTP/1.0" 200 2939 "http://chat.f-m-shop.de/livezilla/livezilla.php?template=lz_chat_frame.3.2.login&" "Mozilla/5.0 (X11; U; Linux i686; de-DE; rv:1.9.0.5; f41938fd38172fc3ba8c39f16085127d;) Gecko/2009010709 Firefox/3.0.13"
212.144.254.11 - - [01/Feb/2010:10:02:20 +0100] "GET /livezilla/livezilla.php?template=lz_chat_frame.0.1 HTTP/1.0" 200 277 "http://chat.f-m-shop.de/livezilla/livezilla.php" "Mozilla/5.0 (X11; U; Linux i686; de-DE; rv:1.9.0.5; f41938fd38172fc3ba8c39f16085127d;) Gecko/2009010709 Firefox/3.0.13"
212.144.254.11 - - [01/Feb/2010:10:02:22 +0100] "GET /livezilla/images/icon_vcard.gif HTTP/1.0" 200 559 "http://chat.f-m-shop.de/livezilla/livezilla.php?template=lz_chat_frame.1.1" "Mozilla/5.0 (X11; U; Linux i686; de-DE; rv:1.9.0.5; f41938fd38172fc3ba8c39f16085127d;) Gecko/2009010709 Firefox/3.0.13"
212.144.254.11 - - [01/Feb/2010:10:02:22 +0100] "GET /livezilla/images/icon_typing.gif HTTP/1.0" 200 1106 "http://chat.f-m-shop.de/livezilla/livezilla.php?template=lz_chat_frame.1.1" "Mozilla/5.0 (X11; U; Linux i686; de-DE; rv:1.9.0.5; f41938fd38172fc3ba8c39f16085127d;) Gecko/2009010709 Firefox/3.0.13"
212.144.254.11 - - [01/Feb/2010:10:02:21 +0100] "GET /livezilla/livezilla.php?template=lz_chat_frame.4.1 HTTP/1.0" 200 455 "http://chat.f-m-shop.de/livezilla/livezilla.php" "Mozilla/5.0 (X11; U; Linux i686; de-DE; rv:1.9.0.5; f41938fd38172fc3ba8c39f16085127d;) Gecko/2009010709 Firefox/3.0.13"
212.144.254.11 - - [01/Feb/2010:10:02:22 +0100] "GET /livezilla/intern_images/nopic.jpg HTTP/1.0" 200 3599 "http://chat.f-m-shop.de/livezilla/livezilla.php?template=lz_chat_frame.1.1" "Mozilla/5.0 (X11; U; Linux i686; de-DE; rv:1.9.0.5; f41938fd38172fc3ba8c39f16085127d;) Gecko/2009010709 Firefox/3.0.13"
212.144.254.11 - - [01/Feb/2010:10:02:22 +0100] "GET /livezilla/images/lz_header.gif HTTP/1.0" 200 7285 "http://chat.f-m-shop.de/livezilla/livezilla.php?template=lz_chat_frame.1.1" "Mozilla/5.0 (X11; U; Linux i686; de-DE; rv:1.9.0.5; f41938fd38172fc3ba8c39f16085127d;) Gecko/2009010709 Firefox/3.0.13"
212.144.254.11 - - [01/Feb/2010:10:02:22 +0100] "GET /livezilla/images/icon_info.gif HTTP/1.0" 200 1703 "http://chat.f-m-shop.de/livezilla/livezilla.php?template=lz_chat_frame.3.2.login.1.0&" "Mozilla/5.0 (X11; U; Linux i686; de-DE; rv:1.9.0.5; f41938fd38172fc3ba8c39f16085127d;) Gecko/2009010709 Firefox/3.0.13"
212.144.254.11 - - [01/Feb/2010:10:02:21 +0100] "GET /livezilla/livezilla.php?template=lz_chat_frame.2.2 HTTP/1.0" 200 264 "http://chat.f-m-shop.de/livezilla/livezilla.php" "Mozilla/5.0 (X11; U; Linux i686; de-DE; rv:1.9.0.5; f41938fd38172fc3ba8c39f16085127d;) Gecko/2009010709 Firefox/3.0.13"
212.144.254.11 - - [01/Feb/2010:10:02:22 +0100] "GET /livezilla/images/icon_network.gif HTTP/1.0" 200 354 "http://chat.f-m-shop.de/livezilla/livezilla.php?template=lz_chat_frame.3.2.login.1.0&" "Mozilla/5.0 (X11; U; Linux i686; de-DE; rv:1.9.0.5; f41938fd38172fc3ba8c39f16085127d;) Gecko/2009010709 Firefox/3.0.13"
212.144.254.11 - - [01/Feb/2010:10:02:21 +0100] "GET /livezilla/livezilla.php?template=lz_chat_frame.3.0 HTTP/1.0" 200 240 "http://chat.f-m-shop.de/livezilla/livezilla.php" "Mozilla/5.0 (X11; U; Linux i686; de-DE; rv:1.9.0.5; f41938fd38172fc3ba8c39f16085127d;) Gecko/2009010709 Firefox/3.0.13"
212.144.254.11 - - [01/Feb/2010:10:02:22 +0100] "GET /livezilla/images/lz_rep_bg.gif HTTP/1.0" 200 320 "http://chat.f-m-shop.de/livezilla/livezilla.php?template=lz_chat_frame.1.1" "Mozilla/5.0 (X11; U; Linux i686; de-DE; rv:1.9.0.5; f41938fd38172fc3ba8c39f16085127d;) Gecko/2009010709 Firefox/3.0.13"
212.144.254.11 - - [01/Feb/2010:10:02:22 +0100] "GET /livezilla/images/lz_rep_bg_right.gif HTTP/1.0" 200 590 "http://chat.f-m-shop.de/livezilla/livezilla.php?template=lz_chat_frame.1.1" "Mozilla/5.0 (X11; U; Linux i686; de-DE; rv:1.9.0.5; f41938fd38172fc3ba8c39f16085127d;) Gecko/2009010709 Firefox/3.0.13"
212.144.254.11 - - [01/Feb/2010:10:02:22 +0100] "GET /livezilla/images/lz_rep_bg_left.gif HTTP/1.0" 200 593 "http://chat.f-m-shop.de/livezilla/livezilla.php?template=lz_chat_frame.1.1" "Mozilla/5.0 (X11; U; Linux i686; de-DE; rv:1.9.0.5; f41938fd38172fc3ba8c39f16085127d;) Gecko/2009010709 Firefox/3.0.13"
212.144.254.11 - - [01/Feb/2010:10:02:22 +0100] "GET /livezilla/images/chat_bg_footer.gif HTTP/1.0" 200 194 "http://chat.f-m-shop.de/livezilla/templates/style.css" "Mozilla/5.0 (X11; U; Linux i686; de-DE; rv:1.9.0.5; f41938fd38172fc3ba8c39f16085127d;) Gecko/2009010709 Firefox/3.0.13"
212.144.254.11 - - [01/Feb/2010:10:02:22 +0100] "GET /livezilla/images/lz_button.gif HTTP/1.0" 200 838 "http://chat.f-m-shop.de/livezilla/templates/style.css" "Mozilla/5.0 (X11; U; Linux i686; de-DE; rv:1.9.0.5; f41938fd38172fc3ba8c39f16085127d;) Gecko/2009010709 Firefox/3.0.13"
212.144.254.11 - - [01/Feb/2010:10:02:22 +0100] "GET /livezilla/images/chat_bg_navigation_sub.gif HTTP/1.0" 200 76 "http://chat.f-m-shop.de/livezilla/templates/style.css" "Mozilla/5.0 (X11; U; Linux i686; de-DE; rv:1.9.0.5; f41938fd38172fc3ba8c39f16085127d;) Gecko/2009010709 Firefox/3.0.13"
212.144.254.11 - - [01/Feb/2010:10:02:22 +0100] "GET /livezilla/images/chat_bg_field.gif HTTP/1.0" 200 121 "http://chat.f-m-shop.de/livezilla/templates/style.css" "Mozilla/5.0 (X11; U; Linux i686; de-DE; rv:1.9.0.5; f41938fd38172fc3ba8c39f16085127d;) Gecko/2009010709 Firefox/3.0.13"
212.144.254.11 - - [01/Feb/2010:10:02:22 +0100] "GET /livezilla/images/lz_button_extra.gif HTTP/1.0" 200 948 "http://chat.f-m-shop.de/livezilla/templates/style.css" "Mozilla/5.0 (X11; U; Linux i686; de-DE; rv:1.9.0.5; f41938fd38172fc3ba8c39f16085127d;) Gecko/2009010709 Firefox/3.0.13"
212.144.254.11 - - [01/Feb/2010:10:02:21 +0100] "GET /livezilla/livezilla.php?template=lz_chat_frame.3.2.login.2.0 HTTP/1.0" 200 277 "http://chat.f-m-shop.de/livezilla/livezilla.php?template=lz_chat_frame.3.2.login&" "Mozilla/5.0 (X11; U; Linux i686; de-DE; rv:1.9.0.5; f41938fd38172fc3ba8c39f16085127d;) Gecko/2009010709 Firefox/3.0.13"
212.144.254.11 - - [01/Feb/2010:10:02:21 +0100] "GET /livezilla/livezilla.php?template=lz_chat_frame.3.2.login.0.0 HTTP/1.0" 200 1563 "http://chat.f-m-shop.de/livezilla/livezilla.php?template=lz_chat_frame.3.2.login&" "Mozilla/5.0 (X11; U; Linux i686; de-DE; rv:1.9.0.5; f41938fd38172fc3ba8c39f16085127d;) Gecko/2009010709 Firefox/3.0.13"
212.144.254.11 - - [01/Feb/2010:10:02:22 +0100] "GET /livezilla/images/chat_bg_navigation_left.gif HTTP/1.0" 200 1078 "http://chat.f-m-shop.de/livezilla/livezilla.php?template=lz_chat_frame.3.2.login.0.0" "Mozilla/5.0 (X11; U; Linux i686; de-DE; rv:1.9.0.5; f41938fd38172fc3ba8c39f16085127d;) Gecko/2009010709 Firefox/3.0.13"
212.144.254.11 - - [01/Feb/2010:10:02:22 +0100] "GET /livezilla/images/button_mail.gif HTTP/1.0" 200 1348 "http://chat.f-m-shop.de/livezilla/livezilla.php?template=lz_chat_frame.3.2.login.0.0" "Mozilla/5.0 (X11; U; Linux i686; de-DE; rv:1.9.0.5; f41938fd38172fc3ba8c39f16085127d;) Gecko/2009010709 Firefox/3.0.13"
212.144.254.11 - - [01/Feb/2010:10:02:22 +0100] "GET /livezilla/images/chat_bg_navigation_dev.gif HTTP/1.0" 200 367 "http://chat.f-m-shop.de/livezilla/livezilla.php?template=lz_chat_frame.3.2.login.0.0" "Mozilla/5.0 (X11; U; Linux i686; de-DE; rv:1.9.0.5; f41938fd38172fc3ba8c39f16085127d;) Gecko/2009010709 Firefox/3.0.13"
212.144.254.11 - - [01/Feb/2010:10:02:22 +0100] "GET /livezilla/images/chat_bg_navigation.gif HTTP/1.0" 200 258 "http://chat.f-m-shop.de/livezilla/templates/style.css" "Mozilla/5.0 (X11; U; Linux i686; de-DE; rv:1.9.0.5; f41938fd38172fc3ba8c39f16085127d;) Gecko/2009010709 Firefox/3.0.13"
212.144.254.11 - - [01/Feb/2010:10:02:22 +0100] "GET /livezilla/images/button_close.gif HTTP/1.0" 200 1239 "http://chat.f-m-shop.de/livezilla/livezilla.php?template=lz_chat_frame.3.2.login.0.0" "Mozilla/5.0 (X11; U; Linux i686; de-DE; rv:1.9.0.5; f41938fd38172fc3ba8c39f16085127d;) Gecko/2009010709 Firefox/3.0.13"
212.144.254.11 - - [01/Feb/2010:10:02:22 +0100] "GET /livezilla/images/button_fav.gif HTTP/1.0" 200 1344 "http://chat.f-m-shop.de/livezilla/livezilla.php?template=lz_chat_frame.3.2.login.0.0" "Mozilla/5.0 (X11; U; Linux i686; de-DE; rv:1.9.0.5; f41938fd38172fc3ba8c39f16085127d;) Gecko/2009010709 Firefox/3.0.13"
212.144.254.11 - - [01/Feb/2010:10:02:22 +0100] "GET /livezilla/images/chat_bg_navigation_right.gif HTTP/1.0" 200 675 "http://chat.f-m-shop.de/livezilla/livezilla.php?template=lz_chat_frame.3.2.login.0.0" "Mozilla/5.0 (X11; U; Linux i686; de-DE; rv:1.9.0.5; f41938fd38172fc3ba8c39f16085127d;) Gecko/2009010709 Firefox/3.0.13"
212.144.254.11 - - [01/Feb/2010:10:02:22 +0100] "GET /livezilla/images/chat_bg_footer_top.gif HTTP/1.0" 200 858 "http://chat.f-m-shop.de/livezilla/templates/style.css" "Mozilla/5.0 (X11; U; Linux i686; de-DE; rv:1.9.0.5; f41938fd38172fc3ba8c39f16085127d;) Gecko/2009010709 Firefox/3.0.13"
212.144.254.11 - - [01/Feb/2010:10:02:21 +0100] "GET /livezilla/livezilla.php?template=lz_chat_frame.5.1 HTTP/1.0" 200 265 "http://chat.f-m-shop.de/livezilla/livezilla.php" "Mozilla/5.0 (X11; U; Linux i686; de-DE; rv:1.9.0.5; f41938fd38172fc3ba8c39f16085127d;) Gecko/2009010709 Firefox/3.0.13"
212.144.254.11 - - [01/Feb/2010:10:02:23 +0100] "POST /livezilla/server.php HTTP/1.0" 200 212 "http://chat.f-m-shop.de/livezilla/livezilla.php" "Mozilla/5.0 (X11; U; Linux i686; de-DE; rv:1.9.0.5; f41938fd38172fc3ba8c39f16085127d;) Gecko/2009010709 Firefox/3.0.13"
