91.14.172.232 - - [04/Jan/2010:14:08:19 +0100] "GET /livezilla/image.php?id=04 HTTP/1.1" 200 7276 "http://www.f-m-shop.de/seiten/prod_detail_neuer.cfm?kat=HDDSATA&nav=2&artnr=A%20%2019014" "Mozilla/5.0 (Windows; U; Windows NT 6.0; de; rv:1.9.1.6) Gecko/20091201 Firefox/3.5.6 (.NET CLR 3.5.30729)"
80.63.223.83 - - [04/Jan/2010:14:08:25 +0100] "GET /livezilla/image.php?id=04 HTTP/1.1" 200 7276 "http://www.f-m-shop.de/seiten/prod_detail_neuer.cfm?name=LCD 22\" EIZO FlexScan S2233WE black&artnr=A%20%2029262&nav=2&kat=MONT22&kat_her=&p_sort=&b_sort=ASC" "Mozilla/4.0 (compatible; MSIE 8.0; Windows NT 5.1; Trident/4.0; .NET CLR 1.1.4322; .NET CLR 2.0.50727; .NET CLR 3.0.4506.2152; .NET CLR 3.5.30729)"
91.14.172.232 - - [04/Jan/2010:14:08:29 +0100] "GET /livezilla/image.php?id=04 HTTP/1.1" 200 7276 "http://www.f-m-shop.de/seiten/prod_detail_neuer.cfm?kat=HDDSATA&nav=2&artnr=A%20%2019014" "Mozilla/5.0 (Windows; U; Windows NT 6.0; de; rv:1.9.1.6) Gecko/20091201 Firefox/3.5.6 (.NET CLR 3.5.30729)"
91.14.172.232 - - [04/Jan/2010:14:08:32 +0100] "GET /livezilla/image.php?id=04 HTTP/1.1" 200 7276 "http://www.f-m-shop.de/seiten/prod_detail_neuer.cfm?kat=HDDSATA&nav=2&artnr=A%20%2019014" "Mozilla/5.0 (Windows; U; Windows NT 6.0; de; rv:1.9.1.6) Gecko/20091201 Firefox/3.5.6 (.NET CLR 3.5.30729)"
80.63.223.83 - - [04/Jan/2010:14:08:38 +0100] "GET /livezilla/image.php?id=04 HTTP/1.1" 200 7276 "http://www.f-m-shop.de/seiten/prod_detail_neuer.cfm?name=LCD 22\" EIZO FlexScan S2232WE schwarz&artnr=A%20%2026977&nav=2&kat=MONT22&kat_her=&p_sort=&b_sort=ASC" "Mozilla/4.0 (compatible; MSIE 8.0; Windows NT 5.1; Trident/4.0; .NET CLR 1.1.4322; .NET CLR 2.0.50727; .NET CLR 3.0.4506.2152; .NET CLR 3.5.30729)"
80.171.20.86 - - [04/Jan/2010:14:08:44 +0100] "GET /livezilla/image.php?id=04 HTTP/1.1" 200 7276 "http://www.f-m-shop.de/seiten/prod_detail_neuer.cfm?kat=MONT24&nav=2&artnr=A%20%2025272" "Mozilla/5.0 (Macintosh; U; PPC Mac OS X Mach-O; de; rv:1.8.1.14) Gecko/20080404 Firefox/2.0.0.14"
192.168.10.13 - - [04/Jan/2010:14:08:18 +0100] "POST /livezilla/server.php?acid=40864 HTTP/1.1" 200 - "-" "LiveZilla 3.1.7.7 [http://www.livezilla.net]"
192.168.10.10 - - [04/Jan/2010:14:08:19 +0100] "POST /livezilla/server.php?acid=3ba90 HTTP/1.1" 200 - "-" "LiveZilla 3.1.7.7 [http://www.livezilla.net]"
80.153.192.92 - - [04/Jan/2010:14:09:17 +0100] "GET /livezilla/image.php?id=04 HTTP/1.1" 200 7276 "http://www.f-m-shop.de/seiten/prod_detail_neuer.cfm?kat=MONT21&nav=2&artnr=A%20%2016102" "Mozilla/5.0 (Macintosh; U; Intel Mac OS X 10.5; de; rv:1.9.1.6) Gecko/20091201 Firefox/3.5.6"
192.168.10.13 - - [04/Jan/2010:14:09:06 +0100] "POST /livezilla/server.php?acid=42e11 HTTP/1.1" 200 - "-" "LiveZilla 3.1.7.7 [http://www.livezilla.net]"
192.168.10.10 - - [04/Jan/2010:14:09:07 +0100] "POST /livezilla/server.php?acid=98a8a HTTP/1.1" 200 - "-" "LiveZilla 3.1.7.7 [http://www.livezilla.net]"
82.139.197.225 - - [04/Jan/2010:14:10:25 +0100] "GET /livezilla/image.php?id=04 HTTP/1.1" 200 7276 "http://www.f-m-shop.de/seiten/prod_detail_neuer.cfm?name=ROUTER LINKSYS RV042-EU&artnr=A%20%2015854&nav=2&kat=NETLROU&kat_her=LINKSYS&p_sort=&b_sort=ASC" "Mozilla/4.0 (compatible; MSIE 8.0; Windows NT 5.1; Trident/4.0; .NET CLR 2.0.50727; .NET CLR 3.0.4506.2152; .NET CLR 3.5.30729; InfoPath.1)"
82.139.197.225 - - [04/Jan/2010:14:10:35 +0100] "GET /livezilla/image.php?id=04 HTTP/1.1" 200 7276 "http://www.f-m-shop.de/seiten/prod_detail_neuer.cfm?name=ROUTER LINKSYS WRVS4400N-EU&artnr=A%20%2016917&nav=2&kat=NETWLROU&kat_her=LINKSYS&p_sort=&b_sort=ASC" "Mozilla/4.0 (compatible; MSIE 8.0; Windows NT 5.1; Trident/4.0; .NET CLR 2.0.50727; .NET CLR 3.0.4506.2152; .NET CLR 3.5.30729; InfoPath.1)"
192.168.10.13 - - [04/Jan/2010:14:09:54 +0100] "POST /livezilla/server.php?acid=63482 HTTP/1.1" 200 - "-" "LiveZilla 3.1.7.7 [http://www.livezilla.net]"
192.168.10.10 - - [04/Jan/2010:14:09:55 +0100] "POST /livezilla/server.php?acid=77a16 HTTP/1.1" 200 - "-" "LiveZilla 3.1.7.7 [http://www.livezilla.net]"
195.93.60.101 - - [04/Jan/2010:14:10:56 +0100] "GET /livezilla/image.php?id=04 HTTP/1.1" 200 7276 "http://www.eizo4you.de/seiten/prod_detail_neuer.cfm?artnr=A%20%2016363&nav=2&kat=MONT17" "Mozilla/4.0 (compatible; MSIE 7.0; AOL 9.0; Windows NT 5.1; Trident/4.0; GTB6.3; .NET CLR 2.0.50727; .NET CLR 3.0.04506.30; .NET CLR 1.1.4322; .NET CLR 3.0.04506.648; .NET CLR 3.0.4506.2152; .NET CLR 3.5.30729)"
79.225.126.67 - - [04/Jan/2010:14:11:09 +0100] "GET /livezilla/image.php?id=04 HTTP/1.1" 200 7276 "http://www.f-m-shop.de/seiten/prod_detail_neuer.cfm?kat=HDDSATA&nav=2&artnr=A%20%2019014" "Mozilla/5.0 (Windows; U; Windows NT 6.1; de; rv:1.9.1.6) Gecko/20091201 YFF35 Firefox/3.5.6"
192.168.10.13 - - [04/Jan/2010:14:10:43 +0100] "POST /livezilla/server.php?acid=27f15 HTTP/1.1" 200 - "-" "LiveZilla 3.1.7.7 [http://www.livezilla.net]"
192.168.10.10 - - [04/Jan/2010:14:10:44 +0100] "POST /livezilla/server.php?acid=3a416 HTTP/1.1" 200 - "-" "LiveZilla 3.1.7.7 [http://www.livezilla.net]"
192.168.10.13 - - [04/Jan/2010:14:11:31 +0100] "POST /livezilla/server.php?acid=8d1b4 HTTP/1.1" 200 - "-" "LiveZilla 3.1.7.7 [http://www.livezilla.net]"
192.168.10.10 - - [04/Jan/2010:14:11:32 +0100] "POST /livezilla/server.php?acid=b7898 HTTP/1.1" 200 - "-" "LiveZilla 3.1.7.7 [http://www.livezilla.net]"
192.168.10.13 - - [04/Jan/2010:14:12:19 +0100] "POST /livezilla/server.php?acid=977d6 HTTP/1.1" 200 - "-" "LiveZilla 3.1.7.7 [http://www.livezilla.net]"
192.168.10.10 - - [04/Jan/2010:14:12:21 +0100] "POST /livezilla/server.php?acid=938f1 HTTP/1.1" 200 - "-" "LiveZilla 3.1.7.7 [http://www.livezilla.net]"
198.152.70.2 - - [04/Jan/2010:14:13:07 +0100] "GET /livezilla/image.php?id=04 HTTP/1.1" 200 7276 "http://www.f-m-shop.de/seiten/prod_detail_neuer.cfm?kat=MEDSSD&nav=2&artnr=A%20%2018941" "Mozilla/5.0 (Windows; U; Windows NT 5.1; en-US; rv:1.9.0.16) Gecko/2009120208 Firefox/3.0.16 (.NET CLR 3.5.30729)"
91.66.6.49 - - [04/Jan/2010:14:13:10 +0100] "GET /livezilla/image.php?id=04 HTTP/1.0" 200 7276 "http://www.f-m-shop.de/seiten/prod_detail_neuer.cfm?kat=NETLROU&nav=2&artnr=A%20%2026669" "Mozilla/5.0 (Windows; U; Windows NT 6.0; de; rv:1.9.1.5) Gecko/20091102 Firefox/3.5.5 GTB6 (.NET CLR 3.5.30729)"
213.162.66.149 - - [04/Jan/2010:14:13:13 +0100] "GET /livezilla/image.php?id=04 HTTP/1.1" 200 7276 "http://www.f-m-shop.de/seiten/prod_detail_neuer.cfm?kat=HDDGEH&nav=2&artnr=A 30322" "Mozilla/4.0 (compatible; MSIE 8.0; Windows NT 6.1; Trident/4.0; GTB6.3; SLCC2; .NET CLR 2.0.50727; .NET CLR 3.5.30729; .NET CLR 3.0.30729; Media Center PC 6.0; Tablet PC 2.0)"
192.168.10.13 - - [04/Jan/2010:14:13:08 +0100] "POST /livezilla/server.php?acid=d3dbc HTTP/1.1" 200 - "-" "LiveZilla 3.1.7.7 [http://www.livezilla.net]"
192.168.10.10 - - [04/Jan/2010:14:13:09 +0100] "POST /livezilla/server.php?acid=3161e HTTP/1.1" 200 - "-" "LiveZilla 3.1.7.7 [http://www.livezilla.net]"
192.168.10.13 - - [04/Jan/2010:14:13:56 +0100] "POST /livezilla/server.php?acid=66dc3 HTTP/1.1" 200 - "-" "LiveZilla 3.1.7.7 [http://www.livezilla.net]"
192.168.10.10 - - [04/Jan/2010:14:13:57 +0100] "POST /livezilla/server.php?acid=30353 HTTP/1.1" 200 - "-" "LiveZilla 3.1.7.7 [http://www.livezilla.net]"
198.152.70.2 - - [04/Jan/2010:14:14:53 +0100] "GET /livezilla/image.php?id=04 HTTP/1.1" 200 7276 "http://www.f-m-shop.de/seiten/prod_detail_neuer.cfm?name=SSD%20TRANSCEND%2016GB%20IDE%20Flash%2044pin&artnr=A%20%2018941&nav=2&kat=MEDSSD&kat_her=&p_sort=&b_sort=ASC" "Mozilla/5.0 (Windows; U; Windows NT 5.1; en-US; rv:1.9.0.16) Gecko/2009120208 Firefox/3.0.16 (.NET CLR 3.5.30729)"
198.152.70.2 - - [04/Jan/2010:14:14:58 +0100] "GET /livezilla/image.php?id=04 HTTP/1.1" 200 7276 "http://www.f-m-shop.de/seiten/prod_detail_neuer.cfm?name=SSD%20TRANSCEND%2032GB%20IDE%20Flash%2044pin&artnr=A%20%2018942&nav=2&kat=MEDSSD&kat_her=&p_sort=&b_sort=ASC" "Mozilla/5.0 (Windows; U; Windows NT 5.1; en-US; rv:1.9.0.16) Gecko/2009120208 Firefox/3.0.16 (.NET CLR 3.5.30729)"
198.152.70.2 - - [04/Jan/2010:14:15:11 +0100] "GET /livezilla/image.php?id=04 HTTP/1.1" 200 7276 "http://www.f-m-shop.de/seiten/prod_detail_neuer.cfm?name=SSD%20TRANSCEND%2016GB%20IDE%20Flash%2044pin&artnr=A%20%2018941&nav=2&kat=MEDSSD&kat_her=&p_sort=&b_sort=ASC" "Mozilla/5.0 (Windows; U; Windows NT 5.1; en-US; rv:1.9.0.16) Gecko/2009120208 Firefox/3.0.16 (.NET CLR 3.5.30729)"
192.168.10.13 - - [04/Jan/2010:14:14:45 +0100] "POST /livezilla/server.php?acid=e2ca5 HTTP/1.1" 200 - "-" "LiveZilla 3.1.7.7 [http://www.livezilla.net]"
192.168.10.10 - - [04/Jan/2010:14:14:46 +0100] "POST /livezilla/server.php?acid=c5924 HTTP/1.1" 200 - "-" "LiveZilla 3.1.7.7 [http://www.livezilla.net]"
192.168.10.13 - - [04/Jan/2010:14:15:33 +0100] "POST /livezilla/server.php?acid=9bef2 HTTP/1.1" 200 - "-" "LiveZilla 3.1.7.7 [http://www.livezilla.net]"
192.168.10.10 - - [04/Jan/2010:14:15:34 +0100] "POST /livezilla/server.php?acid=df2b5 HTTP/1.1" 200 - "-" "LiveZilla 3.1.7.7 [http://www.livezilla.net]"
195.93.60.101 - - [04/Jan/2010:14:16:53 +0100] "GET /livezilla/image.php?id=04 HTTP/1.1" 200 7276 "http://www.eizo4you.de/seiten/prod_detail_neuer.cfm?artnr=A%20%2014163&nav=2&kat=MONT19" "Mozilla/4.0 (compatible; MSIE 7.0; AOL 9.0; Windows NT 5.1; Trident/4.0; GTB6.3; .NET CLR 2.0.50727; .NET CLR 3.0.04506.30; .NET CLR 1.1.4322; .NET CLR 3.0.04506.648; .NET CLR 3.0.4506.2152; .NET CLR 3.5.30729)"
192.168.10.13 - - [04/Jan/2010:14:16:21 +0100] "POST /livezilla/server.php?acid=dd645 HTTP/1.1" 200 - "-" "LiveZilla 3.1.7.7 [http://www.livezilla.net]"
192.168.10.10 - - [04/Jan/2010:14:16:22 +0100] "POST /livezilla/server.php?acid=eddcb HTTP/1.1" 200 - "-" "LiveZilla 3.1.7.7 [http://www.livezilla.net]"
91.32.51.4 - - [04/Jan/2010:14:17:21 +0100] "GET /livezilla/image.php?id=04 HTTP/1.1" 200 7276 "http://www.f-m-shop.de/seiten/prod_detail_neuer.cfm?name=HDD SATA 500GB WD5000AAKS 7200rpm 16MB&artnr=A%20%2014187&nav=2&kat=HDDSATA&kat_her=&p_sort=ASC&b_sort=ASC" "Mozilla/4.0 (compatible; MSIE 8.0; Windows NT 5.1; Trident/4.0; GTB6.3; .NET CLR 2.0.50727; .NET CLR 3.0.4506.2152; .NET CLR 3.5.30729)"
192.168.10.13 - - [04/Jan/2010:14:17:10 +0100] "POST /livezilla/server.php?acid=a6467 HTTP/1.1" 200 - "-" "LiveZilla 3.1.7.7 [http://www.livezilla.net]"
192.168.10.10 - - [04/Jan/2010:14:17:11 +0100] "POST /livezilla/server.php?acid=4440a HTTP/1.1" 200 - "-" "LiveZilla 3.1.7.7 [http://www.livezilla.net]"
92.224.195.254 - - [04/Jan/2010:14:17:59 +0100] "GET /livezilla/image.php?id=04 HTTP/1.1" 200 7276 "http://www.f-m-shop.de/seiten/prod_detail_neuer.cfm?kat=HDDSATA&nav=2&artnr=A%20%2027749" "Mozilla/5.0 (Windows; U; Windows NT 5.1; de; rv:1.9.1.6) Gecko/20091201 Firefox/3.5.6 (.NET CLR 3.5.30729)"
92.75.95.169 - - [04/Jan/2010:14:18:07 +0100] "GET /livezilla/image.php?id=04 HTTP/1.1" 200 7276 "http://www.f-m-shop.de/seiten/prod_detail_neuer.cfm?kat=MONT22&nav=2&artnr=A%20%2029272" "Mozilla/5.0 (Windows; U; Windows NT 6.1; de; rv:1.9.1.6) Gecko/20091201 Firefox/3.5.6 GTB6"
91.32.51.4 - - [04/Jan/2010:14:18:36 +0100] "GET /livezilla/image.php?id=04 HTTP/1.1" 200 7276 "http://www.f-m-shop.de/seiten/prod_detail_neuer.cfm?name=HDD SATA 500GB SAMSUNG 7200rpm 16MB&artnr=A%20%2023301&nav=2&kat=HDDSATA&kat_her=&p_sort=ASC&b_sort=ASC" "Mozilla/4.0 (compatible; MSIE 8.0; Windows NT 5.1; Trident/4.0; GTB6.3; .NET CLR 2.0.50727; .NET CLR 3.0.4506.2152; .NET CLR 3.5.30729)"
192.168.10.13 - - [04/Jan/2010:14:17:58 +0100] "POST /livezilla/server.php?acid=af8ec HTTP/1.1" 200 - "-" "LiveZilla 3.1.7.7 [http://www.livezilla.net]"
192.168.10.10 - - [04/Jan/2010:14:17:59 +0100] "POST /livezilla/server.php?acid=7fd2a HTTP/1.1" 200 - "-" "LiveZilla 3.1.7.7 [http://www.livezilla.net]"
91.32.51.4 - - [04/Jan/2010:14:19:04 +0100] "GET /livezilla/image.php?id=04 HTTP/1.1" 200 7276 "http://www.f-m-shop.de/seiten/prod_detail_neuer.cfm?name=HDD SATA 500GB SEAGATE 7200rpm 16MB&artnr=A%20%2025883&nav=2&kat=HDDSATA&kat_her=&p_sort=ASC&b_sort=ASC" "Mozilla/4.0 (compatible; MSIE 8.0; Windows NT 5.1; Trident/4.0; GTB6.3; .NET CLR 2.0.50727; .NET CLR 3.0.4506.2152; .NET CLR 3.5.30729)"
192.168.10.13 - - [04/Jan/2010:14:18:46 +0100] "POST /livezilla/server.php?acid=67d77 HTTP/1.1" 200 - "-" "LiveZilla 3.1.7.7 [http://www.livezilla.net]"
192.168.10.10 - - [04/Jan/2010:14:18:48 +0100] "POST /livezilla/server.php?acid=68759 HTTP/1.1" 200 - "-" "LiveZilla 3.1.7.7 [http://www.livezilla.net]"
217.91.113.219 - - [04/Jan/2010:14:19:54 +0100] "GET /livezilla/image.php?id=04 HTTP/1.1" 200 7276 "http://www.f-m-shop.de/seiten/prod_detail_neuer.cfm?kat=LFWBRR&nav=2&artnr=A%20%2030552" "Mozilla/5.0 (Windows; U; Windows NT 6.1; de; rv:1.9.1.6) Gecko/20091201 Firefox/3.5.6"
192.168.10.13 - - [04/Jan/2010:14:19:35 +0100] "POST /livezilla/server.php?acid=c4647 HTTP/1.1" 200 - "-" "LiveZilla 3.1.7.7 [http://www.livezilla.net]"
192.168.10.10 - - [04/Jan/2010:14:19:36 +0100] "POST /livezilla/server.php?acid=7e88c HTTP/1.1" 200 - "-" "LiveZilla 3.1.7.7 [http://www.livezilla.net]"
217.91.113.219 - - [04/Jan/2010:14:20:48 +0100] "GET /livezilla/templates/style.css HTTP/1.1" 200 8998 "http://chat.f-m-shop.de/livezilla/livezilla.php" "Mozilla/5.0 (Windows; U; Windows NT 6.1; de; rv:1.9.1.6) Gecko/20091201 Firefox/3.5.6"
217.91.113.219 - - [04/Jan/2010:14:20:47 +0100] "GET /livezilla/livezilla.php HTTP/1.1" 200 72007 "http://www.f-m-shop.de/seiten/prod_detail_neuer.cfm?kat=LFWBRR&nav=2&artnr=A%20%2030552" "Mozilla/5.0 (Windows; U; Windows NT 6.1; de; rv:1.9.1.6) Gecko/20091201 Firefox/3.5.6"
217.91.113.219 - - [04/Jan/2010:14:20:48 +0100] "GET /livezilla/images/favicon.ico HTTP/1.1" 200 43302 "-" "Mozilla/5.0 (Windows; U; Windows NT 6.1; de; rv:1.9.1.6) Gecko/20091201 Firefox/3.5.6"
217.91.113.219 - - [04/Jan/2010:14:20:48 +0100] "GET /livezilla/livezilla.php?template=lz_chat_frame.0.0 HTTP/1.1" 200 259 "http://chat.f-m-shop.de/livezilla/livezilla.php" "Mozilla/5.0 (Windows; U; Windows NT 6.1; de; rv:1.9.1.6) Gecko/20091201 Firefox/3.5.6"
217.91.113.219 - - [04/Jan/2010:14:20:48 +0100] "GET /livezilla/livezilla.php?template=lz_chat_frame.0.1 HTTP/1.1" 200 277 "http://chat.f-m-shop.de/livezilla/livezilla.php" "Mozilla/5.0 (Windows; U; Windows NT 6.1; de; rv:1.9.1.6) Gecko/20091201 Firefox/3.5.6"
217.91.113.219 - - [04/Jan/2010:14:20:48 +0100] "GET /livezilla/livezilla.php?template=lz_chat_frame.0.2 HTTP/1.1" 200 254 "http://chat.f-m-shop.de/livezilla/livezilla.php" "Mozilla/5.0 (Windows; U; Windows NT 6.1; de; rv:1.9.1.6) Gecko/20091201 Firefox/3.5.6"
217.91.113.219 - - [04/Jan/2010:14:20:48 +0100] "GET /livezilla/livezilla.php?template=lz_chat_frame.1.1 HTTP/1.1" 200 2257 "http://chat.f-m-shop.de/livezilla/livezilla.php" "Mozilla/5.0 (Windows; U; Windows NT 6.1; de; rv:1.9.1.6) Gecko/20091201 Firefox/3.5.6"
217.91.113.219 - - [04/Jan/2010:14:20:48 +0100] "GET /livezilla/livezilla.php?template=lz_chat_frame.1.0 HTTP/1.1" 200 279 "http://chat.f-m-shop.de/livezilla/livezilla.php" "Mozilla/5.0 (Windows; U; Windows NT 6.1; de; rv:1.9.1.6) Gecko/20091201 Firefox/3.5.6"
217.91.113.219 - - [04/Jan/2010:14:20:48 +0100] "GET /livezilla/livezilla.php?template=lz_chat_frame.2.0 HTTP/1.1" 200 263 "http://chat.f-m-shop.de/livezilla/livezilla.php" "Mozilla/5.0 (Windows; U; Windows NT 6.1; de; rv:1.9.1.6) Gecko/20091201 Firefox/3.5.6"
217.91.113.219 - - [04/Jan/2010:14:20:49 +0100] "GET /livezilla/livezilla.php?template=lz_chat_frame.1.2 HTTP/1.1" 200 264 "http://chat.f-m-shop.de/livezilla/livezilla.php" "Mozilla/5.0 (Windows; U; Windows NT 6.1; de; rv:1.9.1.6) Gecko/20091201 Firefox/3.5.6"
217.91.113.219 - - [04/Jan/2010:14:20:49 +0100] "GET /livezilla/livezilla.php?template=lz_chat_frame.3.2.login& HTTP/1.1" 200 1019 "http://chat.f-m-shop.de/livezilla/livezilla.php" "Mozilla/5.0 (Windows; U; Windows NT 6.1; de; rv:1.9.1.6) Gecko/20091201 Firefox/3.5.6"
217.91.113.219 - - [04/Jan/2010:14:20:50 +0100] "GET /livezilla/livezilla.php?template=lz_chat_frame.5.1 HTTP/1.1" 200 265 "http://chat.f-m-shop.de/livezilla/livezilla.php" "Mozilla/5.0 (Windows; U; Windows NT 6.1; de; rv:1.9.1.6) Gecko/20091201 Firefox/3.5.6"
217.91.113.219 - - [04/Jan/2010:14:20:49 +0100] "GET /livezilla/livezilla.php?template=lz_chat_frame.4.1 HTTP/1.1" 200 455 "http://chat.f-m-shop.de/livezilla/livezilla.php" "Mozilla/5.0 (Windows; U; Windows NT 6.1; de; rv:1.9.1.6) Gecko/20091201 Firefox/3.5.6"
217.91.113.219 - - [04/Jan/2010:14:20:50 +0100] "GET /livezilla/images/icon_vcard.gif HTTP/1.1" 200 559 "http://chat.f-m-shop.de/livezilla/livezilla.php?template=lz_chat_frame.1.1" "Mozilla/5.0 (Windows; U; Windows NT 6.1; de; rv:1.9.1.6) Gecko/20091201 Firefox/3.5.6"
217.91.113.219 - - [04/Jan/2010:14:20:50 +0100] "GET /livezilla/livezilla.php?template=lz_chat_frame.3.2.login.2.0 HTTP/1.1" 200 277 "http://chat.f-m-shop.de/livezilla/livezilla.php?template=lz_chat_frame.3.2.login&" "Mozilla/5.0 (Windows; U; Windows NT 6.1; de; rv:1.9.1.6) Gecko/20091201 Firefox/3.5.6"
217.91.113.219 - - [04/Jan/2010:14:20:49 +0100] "GET /livezilla/livezilla.php?template=lz_chat_frame.2.2 HTTP/1.1" 200 264 "http://chat.f-m-shop.de/livezilla/livezilla.php" "Mozilla/5.0 (Windows; U; Windows NT 6.1; de; rv:1.9.1.6) Gecko/20091201 Firefox/3.5.6"
217.91.113.219 - - [04/Jan/2010:14:20:50 +0100] "GET /livezilla/images/icon_typing.gif HTTP/1.1" 200 1106 "http://chat.f-m-shop.de/livezilla/livezilla.php?template=lz_chat_frame.1.1" "Mozilla/5.0 (Windows; U; Windows NT 6.1; de; rv:1.9.1.6) Gecko/20091201 Firefox/3.5.6"
217.91.113.219 - - [04/Jan/2010:14:20:50 +0100] "GET /livezilla/intern_images/nopic.jpg HTTP/1.1" 200 3599 "http://chat.f-m-shop.de/livezilla/livezilla.php?template=lz_chat_frame.1.1" "Mozilla/5.0 (Windows; U; Windows NT 6.1; de; rv:1.9.1.6) Gecko/20091201 Firefox/3.5.6"
217.91.113.219 - - [04/Jan/2010:14:20:50 +0100] "GET /livezilla/images/lz_header.gif HTTP/1.1" 200 7285 "http://chat.f-m-shop.de/livezilla/livezilla.php?template=lz_chat_frame.1.1" "Mozilla/5.0 (Windows; U; Windows NT 6.1; de; rv:1.9.1.6) Gecko/20091201 Firefox/3.5.6"
217.91.113.219 - - [04/Jan/2010:14:20:50 +0100] "GET /livezilla/images/carrier_logo.gif HTTP/1.1" 200 6003 "http://chat.f-m-shop.de/livezilla/livezilla.php?template=lz_chat_frame.1.1" "Mozilla/5.0 (Windows; U; Windows NT 6.1; de; rv:1.9.1.6) Gecko/20091201 Firefox/3.5.6"
217.91.113.219 - - [04/Jan/2010:14:20:50 +0100] "GET /livezilla/livezilla.php?template=lz_chat_frame.3.2.login.0.0 HTTP/1.1" 200 1563 "http://chat.f-m-shop.de/livezilla/livezilla.php?template=lz_chat_frame.3.2.login&" "Mozilla/5.0 (Windows; U; Windows NT 6.1; de; rv:1.9.1.6) Gecko/20091201 Firefox/3.5.6"
217.91.113.219 - - [04/Jan/2010:14:20:50 +0100] "GET /livezilla/livezilla.php?template=lz_chat_frame.3.3 HTTP/1.1" 200 239 "http://chat.f-m-shop.de/livezilla/livezilla.php" "Mozilla/5.0 (Windows; U; Windows NT 6.1; de; rv:1.9.1.6) Gecko/20091201 Firefox/3.5.6"
217.91.113.219 - - [04/Jan/2010:14:20:49 +0100] "GET /livezilla/livezilla.php?template=lz_chat_frame.3.0 HTTP/1.1" 200 240 "http://chat.f-m-shop.de/livezilla/livezilla.php" "Mozilla/5.0 (Windows; U; Windows NT 6.1; de; rv:1.9.1.6) Gecko/20091201 Firefox/3.5.6"
217.91.113.219 - - [04/Jan/2010:14:20:51 +0100] "GET /livezilla/images/lz_rep_bg_left.gif HTTP/1.1" 200 593 "http://chat.f-m-shop.de/livezilla/livezilla.php?template=lz_chat_frame.1.1" "Mozilla/5.0 (Windows; U; Windows NT 6.1; de; rv:1.9.1.6) Gecko/20091201 Firefox/3.5.6"
217.91.113.219 - - [04/Jan/2010:14:20:51 +0100] "GET /livezilla/images/lz_rep_bg.gif HTTP/1.1" 200 320 "http://chat.f-m-shop.de/livezilla/livezilla.php?template=lz_chat_frame.1.1" "Mozilla/5.0 (Windows; U; Windows NT 6.1; de; rv:1.9.1.6) Gecko/20091201 Firefox/3.5.6"
217.91.113.219 - - [04/Jan/2010:14:20:51 +0100] "GET /livezilla/images/chat_bg_navigation_left.gif HTTP/1.1" 200 1078 "http://chat.f-m-shop.de/livezilla/livezilla.php?template=lz_chat_frame.3.2.login.0.0" "Mozilla/5.0 (Windows; U; Windows NT 6.1; de; rv:1.9.1.6) Gecko/20091201 Firefox/3.5.6"
217.91.113.219 - - [04/Jan/2010:14:20:51 +0100] "GET /livezilla/images/chat_bg_navigation_dev.gif HTTP/1.1" 200 367 "http://chat.f-m-shop.de/livezilla/livezilla.php?template=lz_chat_frame.3.2.login.0.0" "Mozilla/5.0 (Windows; U; Windows NT 6.1; de; rv:1.9.1.6) Gecko/20091201 Firefox/3.5.6"
217.91.113.219 - - [04/Jan/2010:14:20:51 +0100] "GET /livezilla/images/chat_bg_navigation_right.gif HTTP/1.1" 200 675 "http://chat.f-m-shop.de/livezilla/livezilla.php?template=lz_chat_frame.3.2.login.0.0" "Mozilla/5.0 (Windows; U; Windows NT 6.1; de; rv:1.9.1.6) Gecko/20091201 Firefox/3.5.6"
217.91.113.219 - - [04/Jan/2010:14:20:51 +0100] "GET /livezilla/images/lz_rep_bg_right.gif HTTP/1.1" 200 590 "http://chat.f-m-shop.de/livezilla/livezilla.php?template=lz_chat_frame.1.1" "Mozilla/5.0 (Windows; U; Windows NT 6.1; de; rv:1.9.1.6) Gecko/20091201 Firefox/3.5.6"
217.91.113.219 - - [04/Jan/2010:14:20:51 +0100] "GET /livezilla/images/chat_bg_footer.gif HTTP/1.1" 200 194 "http://chat.f-m-shop.de/livezilla/templates/style.css" "Mozilla/5.0 (Windows; U; Windows NT 6.1; de; rv:1.9.1.6) Gecko/20091201 Firefox/3.5.6"
217.91.113.219 - - [04/Jan/2010:14:20:51 +0100] "GET /livezilla/images/chat_bg_footer_top.gif HTTP/1.1" 200 858 "http://chat.f-m-shop.de/livezilla/templates/style.css" "Mozilla/5.0 (Windows; U; Windows NT 6.1; de; rv:1.9.1.6) Gecko/20091201 Firefox/3.5.6"
217.91.113.219 - - [04/Jan/2010:14:20:51 +0100] "GET /livezilla/images/button_mail.gif HTTP/1.1" 200 1348 "http://chat.f-m-shop.de/livezilla/livezilla.php?template=lz_chat_frame.3.2.login.0.0" "Mozilla/5.0 (Windows; U; Windows NT 6.1; de; rv:1.9.1.6) Gecko/20091201 Firefox/3.5.6"
217.91.113.219 - - [04/Jan/2010:14:20:51 +0100] "GET /livezilla/images/button_fav.gif HTTP/1.1" 200 1344 "http://chat.f-m-shop.de/livezilla/livezilla.php?template=lz_chat_frame.3.2.login.0.0" "Mozilla/5.0 (Windows; U; Windows NT 6.1; de; rv:1.9.1.6) Gecko/20091201 Firefox/3.5.6"
217.91.113.219 - - [04/Jan/2010:14:20:50 +0100] "GET /livezilla/livezilla.php?template=lz_chat_frame.3.2.login.1.0& HTTP/1.1" 200 2939 "http://chat.f-m-shop.de/livezilla/livezilla.php?template=lz_chat_frame.3.2.login&" "Mozilla/5.0 (Windows; U; Windows NT 6.1; de; rv:1.9.1.6) Gecko/20091201 Firefox/3.5.6"
217.91.113.219 - - [04/Jan/2010:14:20:51 +0100] "GET /livezilla/images/button_close.gif HTTP/1.1" 200 1239 "http://chat.f-m-shop.de/livezilla/livezilla.php?template=lz_chat_frame.3.2.login.0.0" "Mozilla/5.0 (Windows; U; Windows NT 6.1; de; rv:1.9.1.6) Gecko/20091201 Firefox/3.5.6"
217.91.113.219 - - [04/Jan/2010:14:20:51 +0100] "GET /livezilla/images/chat_bg_navigation.gif HTTP/1.1" 200 258 "http://chat.f-m-shop.de/livezilla/templates/style.css" "Mozilla/5.0 (Windows; U; Windows NT 6.1; de; rv:1.9.1.6) Gecko/20091201 Firefox/3.5.6"
217.91.113.219 - - [04/Jan/2010:14:20:51 +0100] "GET /livezilla/images/icon_info.gif HTTP/1.1" 200 1703 "http://chat.f-m-shop.de/livezilla/livezilla.php?template=lz_chat_frame.3.2.login.1.0&" "Mozilla/5.0 (Windows; U; Windows NT 6.1; de; rv:1.9.1.6) Gecko/20091201 Firefox/3.5.6"
217.91.113.219 - - [04/Jan/2010:14:20:51 +0100] "GET /livezilla/images/icon_network.gif HTTP/1.1" 200 354 "http://chat.f-m-shop.de/livezilla/livezilla.php?template=lz_chat_frame.3.2.login.1.0&" "Mozilla/5.0 (Windows; U; Windows NT 6.1; de; rv:1.9.1.6) Gecko/20091201 Firefox/3.5.6"
217.91.113.219 - - [04/Jan/2010:14:20:51 +0100] "GET /livezilla/images/lz_button.gif HTTP/1.1" 200 838 "http://chat.f-m-shop.de/livezilla/templates/style.css" "Mozilla/5.0 (Windows; U; Windows NT 6.1; de; rv:1.9.1.6) Gecko/20091201 Firefox/3.5.6"
217.91.113.219 - - [04/Jan/2010:14:20:51 +0100] "GET /livezilla/images/chat_bg_navigation_sub.gif HTTP/1.1" 200 76 "http://chat.f-m-shop.de/livezilla/templates/style.css" "Mozilla/5.0 (Windows; U; Windows NT 6.1; de; rv:1.9.1.6) Gecko/20091201 Firefox/3.5.6"
217.91.113.219 - - [04/Jan/2010:14:20:51 +0100] "GET /livezilla/images/chat_bg_field.gif HTTP/1.1" 200 121 "http://chat.f-m-shop.de/livezilla/templates/style.css" "Mozilla/5.0 (Windows; U; Windows NT 6.1; de; rv:1.9.1.6) Gecko/20091201 Firefox/3.5.6"
217.91.113.219 - - [04/Jan/2010:14:20:51 +0100] "GET /livezilla/images/lz_button_extra.gif HTTP/1.1" 200 948 "http://chat.f-m-shop.de/livezilla/templates/style.css" "Mozilla/5.0 (Windows; U; Windows NT 6.1; de; rv:1.9.1.6) Gecko/20091201 Firefox/3.5.6"
217.91.113.219 - - [04/Jan/2010:14:21:01 +0100] "POST /livezilla/server.php HTTP/1.1" 200 212 "http://chat.f-m-shop.de/livezilla/livezilla.php" "Mozilla/5.0 (Windows; U; Windows NT 6.1; de; rv:1.9.1.6) Gecko/20091201 Firefox/3.5.6"
217.91.113.219 - - [04/Jan/2010:14:21:01 +0100] "POST /livezilla/livezilla.php?template=lz_chat_frame.3.2.mail HTTP/1.1" 200 4002 "http://chat.f-m-shop.de/livezilla/livezilla.php?template=lz_chat_frame.3.2.login.1.0&" "Mozilla/5.0 (Windows; U; Windows NT 6.1; de; rv:1.9.1.6) Gecko/20091201 Firefox/3.5.6"
217.91.113.219 - - [04/Jan/2010:14:21:01 +0100] "GET /livezilla/images/button_chat.gif HTTP/1.1" 200 1218 "http://chat.f-m-shop.de/livezilla/livezilla.php?template=lz_chat_frame.3.2.mail" "Mozilla/5.0 (Windows; U; Windows NT 6.1; de; rv:1.9.1.6) Gecko/20091201 Firefox/3.5.6"
217.91.113.219 - - [04/Jan/2010:14:21:01 +0100] "GET /livezilla/livezilla.php?template=lz_chat_frame.3.2.mail HTTP/1.1" 200 3993 "http://chat.f-m-shop.de/livezilla/livezilla.php" "Mozilla/5.0 (Windows; U; Windows NT 6.1; de; rv:1.9.1.6) Gecko/20091201 Firefox/3.5.6"
217.91.113.219 - - [04/Jan/2010:14:21:01 +0100] "GET /livezilla/images/button_print.gif HTTP/1.1" 200 1183 "http://chat.f-m-shop.de/livezilla/livezilla.php?template=lz_chat_frame.3.2.mail" "Mozilla/5.0 (Windows; U; Windows NT 6.1; de; rv:1.9.1.6) Gecko/20091201 Firefox/3.5.6"
192.168.10.13 - - [04/Jan/2010:14:20:23 +0100] "POST /livezilla/server.php?acid=a57f3 HTTP/1.1" 200 - "-" "LiveZilla 3.1.7.7 [http://www.livezilla.net]"
192.168.10.10 - - [04/Jan/2010:14:20:24 +0100] "POST /livezilla/server.php?acid=59931 HTTP/1.1" 200 - "-" "LiveZilla 3.1.7.7 [http://www.livezilla.net]"
80.228.216.157 - - [04/Jan/2010:14:21:23 +0100] "GET /livezilla/image.php?id=04 HTTP/1.1" 200 7276 "http://www.f-m-shop.de/seiten/prod_detail_neuer.cfm?name=SOUND Boxen LOGITECH Z-5500&artnr=A%20%2014457&nav=2&kat=MULBOX&kat_her=&p_sort=&b_sort=ASC" "Mozilla/4.0 (compatible; MSIE 8.0; Windows NT 5.1; Trident/4.0; .NET CLR 1.1.4322; InfoPath.1)"
192.168.10.13 - - [04/Jan/2010:14:21:11 +0100] "POST /livezilla/server.php?acid=042e0 HTTP/1.1" 200 - "-" "LiveZilla 3.1.7.7 [http://www.livezilla.net]"
192.168.10.10 - - [04/Jan/2010:14:21:13 +0100] "POST /livezilla/server.php?acid=35848 HTTP/1.1" 200 - "-" "LiveZilla 3.1.7.7 [http://www.livezilla.net]"
192.168.10.13 - - [04/Jan/2010:14:22:00 +0100] "POST /livezilla/server.php?acid=2f8fe HTTP/1.1" 200 - "-" "LiveZilla 3.1.7.7 [http://www.livezilla.net]"
192.168.10.10 - - [04/Jan/2010:14:22:02 +0100] "POST /livezilla/server.php?acid=6e647 HTTP/1.1" 200 - "-" "LiveZilla 3.1.7.7 [http://www.livezilla.net]"
192.168.10.13 - - [04/Jan/2010:14:22:48 +0100] "POST /livezilla/server.php?acid=17b54 HTTP/1.1" 200 - "-" "LiveZilla 3.1.7.7 [http://www.livezilla.net]"
192.168.10.10 - - [04/Jan/2010:14:22:50 +0100] "POST /livezilla/server.php?acid=a9e45 HTTP/1.1" 200 - "-" "LiveZilla 3.1.7.7 [http://www.livezilla.net]"
82.237.75.147 - - [04/Jan/2010:14:23:51 +0100] "GET /livezilla/image.php?id=04 HTTP/1.1" 200 7276 "http://www.f-m-shop.de/seiten/prod_detail_neuer.cfm?name=LCD%2020%22%20Iiyama%20ProLite%20E2008HDS%20schwarz&artnr=A%20%2027669&nav=2&kat=MONT20&kat_her=&p_sort=&b_sort=ASC" "Mozilla/5.0 (Macintosh; U; Intel Mac OS X 10.5; fr; rv:1.9.1.6) Gecko/20091201 Firefox/3.5.6"
192.168.10.13 - - [04/Jan/2010:14:23:36 +0100] "POST /livezilla/server.php?acid=dcf62 HTTP/1.1" 200 - "-" "LiveZilla 3.1.7.7 [http://www.livezilla.net]"
82.237.75.147 - - [04/Jan/2010:14:24:21 +0100] "GET /livezilla/image.php?id=04 HTTP/1.1" 200 7276 "http://www.f-m-shop.de/seiten/prod_detail_neuer.cfm?name=LCD%2020%22%20SAMSUNG%20Syncmaster%20F2080&artnr=A%20%2028417&nav=2&kat=MONT20&kat_her=&p_sort=&b_sort=ASC" "Mozilla/5.0 (Macintosh; U; Intel Mac OS X 10.5; fr; rv:1.9.1.6) Gecko/20091201 Firefox/3.5.6"
192.168.10.10 - - [04/Jan/2010:14:23:39 +0100] "POST /livezilla/server.php?acid=70bbf HTTP/1.1" 200 - "-" "LiveZilla 3.1.7.7 [http://www.livezilla.net]"
92.74.46.196 - - [04/Jan/2010:14:24:39 +0100] "GET /livezilla/image.php?id=04 HTTP/1.1" 200 7276 "http://www.f-m-shop.de/seiten/prod_detail_neuer.cfm?kat=XPOSTEN&nav=2&artnr=A%20%2023074" "Mozilla/5.0 (Windows; U; Windows NT 5.1; de; rv:1.9.0.16) Gecko/2009120208 YFF3 Firefox/3.0.16 (.NET CLR 3.5.30729)"
82.237.75.147 - - [04/Jan/2010:14:24:42 +0100] "GET /livezilla/image.php?id=04 HTTP/1.1" 200 7276 "http://www.f-m-shop.de/seiten/prod_detail_neuer.cfm?name=LCD%2020%22%20Iiyama%20ProLite%20E2008HDS%20schwarz&artnr=A%20%2027669&nav=2&kat=MONT20&kat_her=&p_sort=&b_sort=ASC" "Mozilla/5.0 (Macintosh; U; Intel Mac OS X 10.5; fr; rv:1.9.1.6) Gecko/20091201 Firefox/3.5.6"
192.168.10.13 - - [04/Jan/2010:14:24:25 +0100] "POST /livezilla/server.php?acid=9206b HTTP/1.1" 200 - "-" "LiveZilla 3.1.7.7 [http://www.livezilla.net]"
192.168.10.10 - - [04/Jan/2010:14:24:27 +0100] "POST /livezilla/server.php?acid=b3647 HTTP/1.1" 200 - "-" "LiveZilla 3.1.7.7 [http://www.livezilla.net]"
82.237.75.147 - - [04/Jan/2010:14:25:21 +0100] "GET /livezilla/image.php?id=04 HTTP/1.1" 200 7276 "http://www.f-m-shop.de/seiten/prod_detail_neuer.cfm?name=LCD%2021.5%22%20BENQ%20G2220HD%20schwarz/gl%E4nzend&artnr=A%20%2028337&nav=2&kat=MONT21&kat_her=&p_sort=&b_sort=ASC" "Mozilla/5.0 (Macintosh; U; Intel Mac OS X 10.5; fr; rv:1.9.1.6) Gecko/20091201 Firefox/3.5.6"
77.5.212.177 - - [04/Jan/2010:14:25:53 +0100] "GET /livezilla/image.php?id=04 HTTP/1.1" 200 7276 "http://www.f-m-shop.de/seiten/prod_detail_neuer.cfm?kat=XPOSTEN&nav=2&artnr=A%20%2027374" "Mozilla/5.0 (Windows; U; Windows NT 6.0; de; rv:1.9.1.5) Gecko/20091102 Firefox/3.5.5 (.NET CLR 3.5.30729)"
192.168.10.13 - - [04/Jan/2010:14:25:13 +0100] "POST /livezilla/server.php?acid=84e4e HTTP/1.1" 200 - "-" "LiveZilla 3.1.7.7 [http://www.livezilla.net]"
192.168.10.10 - - [04/Jan/2010:14:25:16 +0100] "POST /livezilla/server.php?acid=30f66 HTTP/1.1" 200 - "-" "LiveZilla 3.1.7.7 [http://www.livezilla.net]"
192.168.10.13 - - [04/Jan/2010:14:26:01 +0100] "POST /livezilla/server.php?acid=e2377 HTTP/1.1" 200 - "-" "LiveZilla 3.1.7.7 [http://www.livezilla.net]"
192.168.10.10 - - [04/Jan/2010:14:26:04 +0100] "POST /livezilla/server.php?acid=982be HTTP/1.1" 200 - "-" "LiveZilla 3.1.7.7 [http://www.livezilla.net]"
213.61.155.26 - - [04/Jan/2010:14:27:29 +0100] "GET /livezilla/image.php?id=04 HTTP/1.0" 200 7276 "http://www.f-m-shop.de/seiten/prod_detail_neuer.cfm?kat=HIFTVCRD&nav=2&artnr=A 28452" "Mozilla/4.0 (compatible; MSIE 8.0; Windows NT 5.1; Trident/4.0; SIMBAR={1EEEEF73-EB48-44C7-B8AD-7498D31050DF}; .NET CLR 1.1.4322; .NET CLR 2.0.50727; .NET CLR 3.0.4506.2152; .NET CLR 3.5.30729)"
87.173.160.77 - - [04/Jan/2010:14:27:33 +0100] "GET /livezilla/image.php?id=04 HTTP/1.1" 200 7276 "http://www.f-m-shop.de/seiten/prod_detail_neuer.cfm?kat=NETLROU&nav=2&artnr=A 15623" "Mozilla/4.0 (compatible; MSIE 6.0; Windows NT 5.1; SV1; GTB5; .NET CLR 1.0.3705; InfoPath.1; .NET CLR 1.1.4322; .NET CLR 2.0.50727; .NET CLR 3.0.4506.2152; .NET CLR 3.5.30729)"
192.168.10.13 - - [04/Jan/2010:14:26:50 +0100] "POST /livezilla/server.php?acid=623bc HTTP/1.1" 200 - "-" "LiveZilla 3.1.7.7 [http://www.livezilla.net]"
87.188.233.166 - - [04/Jan/2010:14:27:35 +0100] "GET /livezilla/image.php?id=04 HTTP/1.1" 200 7276 "http://www.f-m-shop.de/seiten/prod_detail_neuer.cfm?kat=MONT22&nav=2&artnr=A%20%2029272" "Mozilla/5.0 (Windows; U; Windows NT 6.1; de; rv:1.9.1.6) Gecko/20091201 Firefox/3.5.6 (.NET CLR 3.5.30729)"
192.168.10.10 - - [04/Jan/2010:14:26:52 +0100] "POST /livezilla/server.php?acid=1da20 HTTP/1.1" 200 - "-" "LiveZilla 3.1.7.7 [http://www.livezilla.net]"
192.168.10.13 - - [04/Jan/2010:14:27:38 +0100] "POST /livezilla/server.php?acid=4f5b3 HTTP/1.1" 200 - "-" "LiveZilla 3.1.7.7 [http://www.livezilla.net]"
192.168.10.10 - - [04/Jan/2010:14:27:40 +0100] "POST /livezilla/server.php?acid=75d92 HTTP/1.1" 200 - "-" "LiveZilla 3.1.7.7 [http://www.livezilla.net]"
91.65.180.115 - - [04/Jan/2010:14:28:45 +0100] "GET /livezilla/image.php?id=04 HTTP/1.1" 200 7276 "http://www.f-m-shop.de/seiten/prod_detail_neuer.cfm?kat=HDDSATA&nav=2&artnr=A%20%2025468" "Mozilla/5.0 (Windows; U; Windows NT 6.0; de; rv:1.9.1.6) Gecko/20091201 Firefox/3.5.6"
151.48.73.7 - - [04/Jan/2010:14:28:48 +0100] "GET /livezilla/image.php?id=04 HTTP/1.1" 200 7276 "http://www.f-m-shop.de/seiten/prod_detail_neuer.cfm?name=LCD%2024%22%20Iiyama%20ProLite%20E2407HDSV%20schwarz&artnr=A%20%2027670&nav=2&kat=MONT24&kat_her=&p_sort=&b_sort=ASC" "Opera/9.80 (Windows NT 5.1; U; it) Presto/2.2.15 Version/10.10"
192.168.10.13 - - [04/Jan/2010:14:28:26 +0100] "POST /livezilla/server.php?acid=cd853 HTTP/1.1" 200 - "-" "LiveZilla 3.1.7.7 [http://www.livezilla.net]"
192.168.10.10 - - [04/Jan/2010:14:28:29 +0100] "POST /livezilla/server.php?acid=6836f HTTP/1.1" 200 - "-" "LiveZilla 3.1.7.7 [http://www.livezilla.net]"
151.48.73.7 - - [04/Jan/2010:14:29:44 +0100] "GET /livezilla/image.php?id=04 HTTP/1.1" 200 7276 "http://www.f-m-shop.de/seiten/prod_detail_neuer.cfm?name=LCD%2024%22%20Iiyama%20ProLite%20E2407HDSV%20schwarz&artnr=A%20%2027670&nav=2&kat=MONT24&kat_her=&p_sort=&b_sort=ASC" "Opera/9.80 (Windows NT 5.1; U; it) Presto/2.2.15 Version/10.10"
84.56.154.51 - - [04/Jan/2010:14:29:45 +0100] "GET /livezilla/image.php?id=04 HTTP/1.1" 200 7276 "http://www.eizo4you.de/seiten/prod_detail_neuer.cfm?artnr=A%20%2025191&nav=2&kat=MONT22" "Mozilla/5.0 (Windows; U; Windows NT 6.1; de; rv:1.9.1.6) Gecko/20091201 Firefox/3.5.6 GTB6"
91.65.180.115 - - [04/Jan/2010:14:29:54 +0100] "GET /livezilla/image.php?id=04 HTTP/1.1" 200 7276 "http://www.f-m-shop.de/seiten/prod_detail_neuer.cfm?kat=HDDSATA&nav=2&artnr=A%20%2025468" "Mozilla/5.0 (Windows; U; Windows NT 6.0; de; rv:1.9.1.6) Gecko/20091201 Firefox/3.5.6"
151.48.73.7 - - [04/Jan/2010:14:29:55 +0100] "GET /livezilla/image.php?id=04 HTTP/1.1" 200 7276 "http://www.f-m-shop.de/seiten/prod_detail_neuer.cfm?name=LCD%2024%22%20Iiyama%20ProLite%20E2407HDSV%20schwarz&artnr=A%20%2027670&nav=2&kat=MONT24&kat_her=&p_sort=&b_sort=ASC" "Opera/9.80 (Windows NT 5.1; U; it) Presto/2.2.15 Version/10.10"
192.168.10.13 - - [04/Jan/2010:14:29:15 +0100] "POST /livezilla/server.php?acid=e5398 HTTP/1.1" 200 - "-" "LiveZilla 3.1.7.7 [http://www.livezilla.net]"
151.48.73.7 - - [04/Jan/2010:14:30:01 +0100] "GET /livezilla/image.php?id=04 HTTP/1.1" 200 7276 "http://www.f-m-shop.de/seiten/prod_detail_neuer.cfm?name=LCD%2024%22%20Iiyama%20ProLite%20E2407HDSV%20schwarz&artnr=A%20%2027670&nav=2&kat=MONT24&kat_her=&p_sort=&b_sort=ASC" "Opera/9.80 (Windows NT 5.1; U; it) Presto/2.2.15 Version/10.10"
192.168.10.10 - - [04/Jan/2010:14:29:17 +0100] "POST /livezilla/server.php?acid=af688 HTTP/1.1" 200 - "-" "LiveZilla 3.1.7.7 [http://www.livezilla.net]"
80.153.183.16 - - [04/Jan/2010:14:30:06 +0100] "GET /livezilla/image.php?id=04 HTTP/1.1" 200 7276 "http://www.f-m-shop.de/seiten/prod_detail_neuer.cfm?name=LCD%2024%22%20%20%20EIZO%20FlexScan%20SX2462WH%20schwarz&artnr=A%20%2029702&nav=2&kat=MONT24&kat_her=&p_sort=&b_sort=ASC" "Mozilla/5.0 (Macintosh; U; Intel Mac OS X 10.4; de; rv:1.9.1.6) Gecko/20091201 Firefox/3.5.6"
151.48.73.7 - - [04/Jan/2010:14:30:34 +0100] "GET /livezilla/image.php?id=04 HTTP/1.1" 200 7276 "http://www.f-m-shop.de/seiten/prod_detail_neuer.cfm?name=LCD%2024%22%20Iiyama%20ProLite%20E2407HDSV%20schwarz&artnr=A%20%2027670&nav=2&kat=MONT24&kat_her=&p_sort=&b_sort=ASC" "Opera/9.80 (Windows NT 5.1; U; it) Presto/2.2.15 Version/10.10"
151.48.73.7 - - [04/Jan/2010:14:30:42 +0100] "GET /livezilla/livezilla.php HTTP/1.1" 200 71832 "http://www.f-m-shop.de/seiten/prod_detail_neuer.cfm?name=LCD%2024%22%20Iiyama%20ProLite%20E2407HDSV%20schwarz&artnr=A%20%2027670&nav=2&kat=MONT24&kat_her=&p_sort=&b_sort=ASC" "Opera/9.80 (Windows NT 5.1; U; it) Presto/2.2.15 Version/10.10"
151.48.73.7 - - [04/Jan/2010:14:30:43 +0100] "GET /livezilla/templates/style.css HTTP/1.1" 200 8998 "http://chat.f-m-shop.de/livezilla/livezilla.php" "Opera/9.80 (Windows NT 5.1; U; it) Presto/2.2.15 Version/10.10"
151.48.73.7 - - [04/Jan/2010:14:30:43 +0100] "GET /livezilla/images/favicon.ico HTTP/1.1" 200 43302 "http://chat.f-m-shop.de/livezilla/livezilla.php" "Opera/9.80 (Windows NT 5.1; U; it) Presto/2.2.15 Version/10.10"
151.48.73.7 - - [04/Jan/2010:14:30:43 +0100] "GET /livezilla/livezilla.php?template=lz_chat_frame.0.0 HTTP/1.1" 200 259 "http://chat.f-m-shop.de/livezilla/livezilla.php" "Opera/9.80 (Windows NT 5.1; U; it) Presto/2.2.15 Version/10.10"
151.48.73.7 - - [04/Jan/2010:14:30:43 +0100] "GET /livezilla/livezilla.php?template=lz_chat_frame.0.1 HTTP/1.1" 200 277 "http://chat.f-m-shop.de/livezilla/livezilla.php" "Opera/9.80 (Windows NT 5.1; U; it) Presto/2.2.15 Version/10.10"
151.48.73.7 - - [04/Jan/2010:14:30:43 +0100] "GET /livezilla/livezilla.php?template=lz_chat_frame.0.2 HTTP/1.1" 200 254 "http://chat.f-m-shop.de/livezilla/livezilla.php" "Opera/9.80 (Windows NT 5.1; U; it) Presto/2.2.15 Version/10.10"
151.48.73.7 - - [04/Jan/2010:14:30:44 +0100] "GET /livezilla/livezilla.php?template=lz_chat_frame.1.0 HTTP/1.1" 200 279 "http://chat.f-m-shop.de/livezilla/livezilla.php" "Opera/9.80 (Windows NT 5.1; U; it) Presto/2.2.15 Version/10.10"
151.48.73.7 - - [04/Jan/2010:14:30:44 +0100] "GET /livezilla/livezilla.php?template=lz_chat_frame.1.1 HTTP/1.1" 200 2258 "http://chat.f-m-shop.de/livezilla/livezilla.php" "Opera/9.80 (Windows NT 5.1; U; it) Presto/2.2.15 Version/10.10"
151.48.73.7 - - [04/Jan/2010:14:30:44 +0100] "GET /livezilla/livezilla.php?template=lz_chat_frame.2.0 HTTP/1.1" 200 263 "http://chat.f-m-shop.de/livezilla/livezilla.php" "Opera/9.80 (Windows NT 5.1; U; it) Presto/2.2.15 Version/10.10"
151.48.73.7 - - [04/Jan/2010:14:30:44 +0100] "GET /livezilla/livezilla.php?template=lz_chat_frame.3.2.login& HTTP/1.1" 200 1019 "http://chat.f-m-shop.de/livezilla/livezilla.php" "Opera/9.80 (Windows NT 5.1; U; it) Presto/2.2.15 Version/10.10"
151.48.73.7 - - [04/Jan/2010:14:30:44 +0100] "GET /livezilla/livezilla.php?template=lz_chat_frame.4.1 HTTP/1.1" 200 455 "http://chat.f-m-shop.de/livezilla/livezilla.php" "Opera/9.80 (Windows NT 5.1; U; it) Presto/2.2.15 Version/10.10"
151.48.73.7 - - [04/Jan/2010:14:30:44 +0100] "GET /livezilla/livezilla.php?template=lz_chat_frame.1.2 HTTP/1.1" 200 264 "http://chat.f-m-shop.de/livezilla/livezilla.php" "Opera/9.80 (Windows NT 5.1; U; it) Presto/2.2.15 Version/10.10"
151.48.73.7 - - [04/Jan/2010:14:30:45 +0100] "GET /livezilla/livezilla.php?template=lz_chat_frame.2.2 HTTP/1.1" 200 264 "http://chat.f-m-shop.de/livezilla/livezilla.php" "Opera/9.80 (Windows NT 5.1; U; it) Presto/2.2.15 Version/10.10"
151.48.73.7 - - [04/Jan/2010:14:30:45 +0100] "GET /livezilla/livezilla.php?template=lz_chat_frame.3.0 HTTP/1.1" 200 240 "http://chat.f-m-shop.de/livezilla/livezilla.php" "Opera/9.80 (Windows NT 5.1; U; it) Presto/2.2.15 Version/10.10"
151.48.73.7 - - [04/Jan/2010:14:30:45 +0100] "GET /livezilla/livezilla.php?template=lz_chat_frame.5.1 HTTP/1.1" 200 265 "http://chat.f-m-shop.de/livezilla/livezilla.php" "Opera/9.80 (Windows NT 5.1; U; it) Presto/2.2.15 Version/10.10"
151.48.73.7 - - [04/Jan/2010:14:30:45 +0100] "GET /livezilla/livezilla.php?template=lz_chat_frame.3.3 HTTP/1.1" 200 239 "http://chat.f-m-shop.de/livezilla/livezilla.php" "Opera/9.80 (Windows NT 5.1; U; it) Presto/2.2.15 Version/10.10"
151.48.73.7 - - [04/Jan/2010:14:30:45 +0100] "GET /livezilla/livezilla.php?template=lz_chat_frame.3.2.login.0.0 HTTP/1.1" 200 1546 "http://chat.f-m-shop.de/livezilla/livezilla.php?template=lz_chat_frame.3.2.login&" "Opera/9.80 (Windows NT 5.1; U; it) Presto/2.2.15 Version/10.10"
151.48.73.7 - - [04/Jan/2010:14:30:45 +0100] "GET /livezilla/livezilla.php?template=lz_chat_frame.3.2.login.2.0 HTTP/1.1" 200 277 "http://chat.f-m-shop.de/livezilla/livezilla.php?template=lz_chat_frame.3.2.login&" "Opera/9.80 (Windows NT 5.1; U; it) Presto/2.2.15 Version/10.10"
151.48.73.7 - - [04/Jan/2010:14:30:45 +0100] "GET /livezilla/livezilla.php?template=lz_chat_frame.3.2.login.1.0& HTTP/1.1" 200 2933 "http://chat.f-m-shop.de/livezilla/livezilla.php?template=lz_chat_frame.3.2.login&" "Opera/9.80 (Windows NT 5.1; U; it) Presto/2.2.15 Version/10.10"
151.48.73.7 - - [04/Jan/2010:14:30:46 +0100] "GET /livezilla/images/carrier_logo.gif HTTP/1.1" 200 6003 "http://chat.f-m-shop.de/livezilla/livezilla.php?template=lz_chat_frame.1.1" "Opera/9.80 (Windows NT 5.1; U; it) Presto/2.2.15 Version/10.10"
151.48.73.7 - - [04/Jan/2010:14:30:46 +0100] "GET /livezilla/images/lz_rep_bg_left.gif HTTP/1.1" 200 593 "http://chat.f-m-shop.de/livezilla/livezilla.php?template=lz_chat_frame.1.1" "Opera/9.80 (Windows NT 5.1; U; it) Presto/2.2.15 Version/10.10"
151.48.73.7 - - [04/Jan/2010:14:30:46 +0100] "GET /livezilla/images/icon_vcard.gif HTTP/1.1" 200 559 "http://chat.f-m-shop.de/livezilla/livezilla.php?template=lz_chat_frame.1.1" "Opera/9.80 (Windows NT 5.1; U; it) Presto/2.2.15 Version/10.10"
151.48.73.7 - - [04/Jan/2010:14:30:46 +0100] "GET /livezilla/intern_images/nopic.jpg HTTP/1.1" 200 3599 "http://chat.f-m-shop.de/livezilla/livezilla.php?template=lz_chat_frame.1.1" "Opera/9.80 (Windows NT 5.1; U; it) Presto/2.2.15 Version/10.10"
151.48.73.7 - - [04/Jan/2010:14:30:46 +0100] "GET /livezilla/images/lz_header.gif HTTP/1.1" 200 7285 "http://chat.f-m-shop.de/livezilla/livezilla.php?template=lz_chat_frame.1.1" "Opera/9.80 (Windows NT 5.1; U; it) Presto/2.2.15 Version/10.10"
151.48.73.7 - - [04/Jan/2010:14:30:46 +0100] "GET /livezilla/images/icon_typing.gif HTTP/1.1" 200 1106 "http://chat.f-m-shop.de/livezilla/livezilla.php?template=lz_chat_frame.1.1" "Opera/9.80 (Windows NT 5.1; U; it) Presto/2.2.15 Version/10.10"
151.48.73.7 - - [04/Jan/2010:14:30:46 +0100] "GET /livezilla/images/lz_rep_bg.gif HTTP/1.1" 200 320 "http://chat.f-m-shop.de/livezilla/livezilla.php?template=lz_chat_frame.1.1" "Opera/9.80 (Windows NT 5.1; U; it) Presto/2.2.15 Version/10.10"
151.48.73.7 - - [04/Jan/2010:14:30:46 +0100] "GET /livezilla/images/chat_bg_footer.gif HTTP/1.1" 200 194 "http://chat.f-m-shop.de/livezilla/livezilla.php?template=lz_chat_frame.4.1" "Opera/9.80 (Windows NT 5.1; U; it) Presto/2.2.15 Version/10.10"
151.48.73.7 - - [04/Jan/2010:14:30:46 +0100] "GET /livezilla/images/lz_rep_bg_right.gif HTTP/1.1" 200 590 "http://chat.f-m-shop.de/livezilla/livezilla.php?template=lz_chat_frame.1.1" "Opera/9.80 (Windows NT 5.1; U; it) Presto/2.2.15 Version/10.10"
151.48.73.7 - - [04/Jan/2010:14:30:46 +0100] "GET /livezilla/images/button_mail.gif HTTP/1.1" 200 1348 "http://chat.f-m-shop.de/livezilla/livezilla.php?template=lz_chat_frame.3.2.login.0.0" "Opera/9.80 (Windows NT 5.1; U; it) Presto/2.2.15 Version/10.10"
151.48.73.7 - - [04/Jan/2010:14:30:46 +0100] "GET /livezilla/images/chat_bg_navigation.gif HTTP/1.1" 200 258 "http://chat.f-m-shop.de/livezilla/livezilla.php?template=lz_chat_frame.3.2.login.0.0" "Opera/9.80 (Windows NT 5.1; U; it) Presto/2.2.15 Version/10.10"
151.48.73.7 - - [04/Jan/2010:14:30:46 +0100] "GET /livezilla/images/chat_bg_navigation_dev.gif HTTP/1.1" 200 367 "http://chat.f-m-shop.de/livezilla/livezilla.php?template=lz_chat_frame.3.2.login.0.0" "Opera/9.80 (Windows NT 5.1; U; it) Presto/2.2.15 Version/10.10"
151.48.73.7 - - [04/Jan/2010:14:30:46 +0100] "GET /livezilla/images/chat_bg_navigation_left.gif HTTP/1.1" 200 1078 "http://chat.f-m-shop.de/livezilla/livezilla.php?template=lz_chat_frame.3.2.login.0.0" "Opera/9.80 (Windows NT 5.1; U; it) Presto/2.2.15 Version/10.10"
151.48.73.7 - - [04/Jan/2010:14:30:46 +0100] "GET /livezilla/images/button_fav.gif HTTP/1.1" 200 1344 "http://chat.f-m-shop.de/livezilla/livezilla.php?template=lz_chat_frame.3.2.login.0.0" "Opera/9.80 (Windows NT 5.1; U; it) Presto/2.2.15 Version/10.10"
151.48.73.7 - - [04/Jan/2010:14:30:46 +0100] "GET /livezilla/images/chat_bg_navigation_right.gif HTTP/1.1" 200 675 "http://chat.f-m-shop.de/livezilla/livezilla.php?template=lz_chat_frame.3.2.login.0.0" "Opera/9.80 (Windows NT 5.1; U; it) Presto/2.2.15 Version/10.10"
151.48.73.7 - - [04/Jan/2010:14:30:46 +0100] "GET /livezilla/images/chat_bg_footer_top.gif HTTP/1.1" 200 858 "http://chat.f-m-shop.de/livezilla/livezilla.php?template=lz_chat_frame.3.2.login.2.0" "Opera/9.80 (Windows NT 5.1; U; it) Presto/2.2.15 Version/10.10"
151.48.73.7 - - [04/Jan/2010:14:30:46 +0100] "GET /livezilla/images/button_close.gif HTTP/1.1" 200 1239 "http://chat.f-m-shop.de/livezilla/livezilla.php?template=lz_chat_frame.3.2.login.0.0" "Opera/9.80 (Windows NT 5.1; U; it) Presto/2.2.15 Version/10.10"
151.48.73.7 - - [04/Jan/2010:14:30:46 +0100] "GET /livezilla/images/icon_info.gif HTTP/1.1" 200 1703 "http://chat.f-m-shop.de/livezilla/livezilla.php?template=lz_chat_frame.3.2.login.1.0&" "Opera/9.80 (Windows NT 5.1; U; it) Presto/2.2.15 Version/10.10"
151.48.73.7 - - [04/Jan/2010:14:30:46 +0100] "GET /livezilla/images/lz_button.gif HTTP/1.1" 200 838 "http://chat.f-m-shop.de/livezilla/livezilla.php?template=lz_chat_frame.3.2.login.1.0&" "Opera/9.80 (Windows NT 5.1; U; it) Presto/2.2.15 Version/10.10"
151.48.73.7 - - [04/Jan/2010:14:30:46 +0100] "GET /livezilla/images/chat_bg_field.gif HTTP/1.1" 200 121 "http://chat.f-m-shop.de/livezilla/livezilla.php?template=lz_chat_frame.3.2.login.1.0&" "Opera/9.80 (Windows NT 5.1; U; it) Presto/2.2.15 Version/10.10"
151.48.73.7 - - [04/Jan/2010:14:30:46 +0100] "GET /livezilla/images/chat_bg_navigation_sub.gif HTTP/1.1" 200 76 "http://chat.f-m-shop.de/livezilla/livezilla.php?template=lz_chat_frame.3.2.login.1.0&" "Opera/9.80 (Windows NT 5.1; U; it) Presto/2.2.15 Version/10.10"
151.48.73.7 - - [04/Jan/2010:14:30:46 +0100] "GET /livezilla/images/icon_network.gif HTTP/1.1" 200 354 "http://chat.f-m-shop.de/livezilla/livezilla.php?template=lz_chat_frame.3.2.login.1.0&" "Opera/9.80 (Windows NT 5.1; U; it) Presto/2.2.15 Version/10.10"
151.48.73.7 - - [04/Jan/2010:14:30:46 +0100] "GET /livezilla/images/lz_button_extra.gif HTTP/1.1" 200 948 "http://chat.f-m-shop.de/livezilla/livezilla.php?template=lz_chat_frame.3.2.login.1.0&" "Opera/9.80 (Windows NT 5.1; U; it) Presto/2.2.15 Version/10.10"
192.168.10.13 - - [04/Jan/2010:14:30:03 +0100] "POST /livezilla/server.php?acid=41840 HTTP/1.1" 200 - "-" "LiveZilla 3.1.7.7 [http://www.livezilla.net]"
192.168.10.10 - - [04/Jan/2010:14:30:05 +0100] "POST /livezilla/server.php?acid=e193d HTTP/1.1" 200 - "-" "LiveZilla 3.1.7.7 [http://www.livezilla.net]"
151.48.73.7 - - [04/Jan/2010:14:31:02 +0100] "POST /livezilla/server.php HTTP/1.1" 200 212 "http://chat.f-m-shop.de/livezilla/livezilla.php" "Opera/9.80 (Windows NT 5.1; U; it) Presto/2.2.15 Version/10.10"
151.48.73.7 - - [04/Jan/2010:14:31:02 +0100] "POST /livezilla/server.php HTTP/1.1" 200 212 "http://chat.f-m-shop.de/livezilla/livezilla.php" "Opera/9.80 (Windows NT 5.1; U; it) Presto/2.2.15 Version/10.10"
151.48.73.7 - - [04/Jan/2010:14:31:27 +0100] "GET /livezilla/livezilla.php HTTP/1.1" 200 71832 "http://www.f-m-shop.de/seiten/prod_detail_neuer.cfm?name=LCD%2024%22%20Iiyama%20ProLite%20E2407HDSV%20schwarz&artnr=A%20%2027670&nav=2&kat=MONT24&kat_her=&p_sort=&b_sort=ASC" "Opera/9.80 (Windows NT 5.1; U; it) Presto/2.2.15 Version/10.10"
151.48.73.7 - - [04/Jan/2010:14:31:28 +0100] "GET /livezilla/livezilla.php?template=lz_chat_frame.0.1 HTTP/1.1" 200 277 "http://chat.f-m-shop.de/livezilla/livezilla.php" "Opera/9.80 (Windows NT 5.1; U; it) Presto/2.2.15 Version/10.10"
151.48.73.7 - - [04/Jan/2010:14:31:28 +0100] "GET /livezilla/livezilla.php?template=lz_chat_frame.0.0 HTTP/1.1" 200 259 "http://chat.f-m-shop.de/livezilla/livezilla.php" "Opera/9.80 (Windows NT 5.1; U; it) Presto/2.2.15 Version/10.10"
151.48.73.7 - - [04/Jan/2010:14:31:29 +0100] "GET /livezilla/livezilla.php?template=lz_chat_frame.0.2 HTTP/1.1" 200 254 "http://chat.f-m-shop.de/livezilla/livezilla.php" "Opera/9.80 (Windows NT 5.1; U; it) Presto/2.2.15 Version/10.10"
151.48.73.7 - - [04/Jan/2010:14:31:29 +0100] "GET /livezilla/livezilla.php?template=lz_chat_frame.1.1 HTTP/1.1" 200 2258 "http://chat.f-m-shop.de/livezilla/livezilla.php" "Opera/9.80 (Windows NT 5.1; U; it) Presto/2.2.15 Version/10.10"
151.48.73.7 - - [04/Jan/2010:14:31:29 +0100] "GET /livezilla/livezilla.php?template=lz_chat_frame.2.0 HTTP/1.1" 200 263 "http://chat.f-m-shop.de/livezilla/livezilla.php" "Opera/9.80 (Windows NT 5.1; U; it) Presto/2.2.15 Version/10.10"
151.48.73.7 - - [04/Jan/2010:14:31:29 +0100] "GET /livezilla/livezilla.php?template=lz_chat_frame.3.2.login& HTTP/1.1" 200 1019 "http://chat.f-m-shop.de/livezilla/livezilla.php" "Opera/9.80 (Windows NT 5.1; U; it) Presto/2.2.15 Version/10.10"
151.48.73.7 - - [04/Jan/2010:14:31:30 +0100] "GET /livezilla/livezilla.php?template=lz_chat_frame.2.2 HTTP/1.1" 200 264 "http://chat.f-m-shop.de/livezilla/livezilla.php" "Opera/9.80 (Windows NT 5.1; U; it) Presto/2.2.15 Version/10.10"
151.48.73.7 - - [04/Jan/2010:14:31:29 +0100] "GET /livezilla/livezilla.php?template=lz_chat_frame.1.2 HTTP/1.1" 200 264 "http://chat.f-m-shop.de/livezilla/livezilla.php" "Opera/9.80 (Windows NT 5.1; U; it) Presto/2.2.15 Version/10.10"
151.48.73.7 - - [04/Jan/2010:14:31:30 +0100] "GET /livezilla/livezilla.php?template=lz_chat_frame.3.0 HTTP/1.1" 200 240 "http://chat.f-m-shop.de/livezilla/livezilla.php" "Opera/9.80 (Windows NT 5.1; U; it) Presto/2.2.15 Version/10.10"
151.48.73.7 - - [04/Jan/2010:14:31:29 +0100] "GET /livezilla/livezilla.php?template=lz_chat_frame.1.0 HTTP/1.1" 200 279 "http://chat.f-m-shop.de/livezilla/livezilla.php" "Opera/9.80 (Windows NT 5.1; U; it) Presto/2.2.15 Version/10.10"
151.48.73.7 - - [04/Jan/2010:14:31:30 +0100] "GET /livezilla/livezilla.php?template=lz_chat_frame.3.3 HTTP/1.1" 200 239 "http://chat.f-m-shop.de/livezilla/livezilla.php" "Opera/9.80 (Windows NT 5.1; U; it) Presto/2.2.15 Version/10.10"
151.48.73.7 - - [04/Jan/2010:14:31:30 +0100] "GET /livezilla/livezilla.php?template=lz_chat_frame.3.2.login.1.0& HTTP/1.1" 200 2933 "http://chat.f-m-shop.de/livezilla/livezilla.php?template=lz_chat_frame.3.2.login&" "Opera/9.80 (Windows NT 5.1; U; it) Presto/2.2.15 Version/10.10"
