217.225.78.151 - - [04/Jan/2010:19:24:39 +0100] "GET /livezilla/images/chat_bg_footer_top.gif HTTP/1.1" 200 858 "http://chat.f-m-shop.de/livezilla/livezilla.php?template=lz_chat_frame.3.2.login.2.0" "Mozilla/4.0 (compatible; MSIE 7.0; Windows NT 5.1; .NET CLR 2.0.50727; .NET CLR 3.0.4506.2152; .NET CLR 3.5.30729; T-Brand-Final)"
217.225.78.151 - - [04/Jan/2010:19:24:39 +0100] "GET /livezilla/images/icon_info.gif HTTP/1.1" 200 1703 "http://chat.f-m-shop.de/livezilla/livezilla.php?template=lz_chat_frame.3.2.login.1.0&" "Mozilla/4.0 (compatible; MSIE 7.0; Windows NT 5.1; .NET CLR 2.0.50727; .NET CLR 3.0.4506.2152; .NET CLR 3.5.30729; T-Brand-Final)"
217.225.78.151 - - [04/Jan/2010:19:24:39 +0100] "GET /livezilla/images/chat_bg_navigation_sub.gif HTTP/1.1" 200 76 "http://chat.f-m-shop.de/livezilla/livezilla.php?template=lz_chat_frame.3.2.login.1.0&" "Mozilla/4.0 (compatible; MSIE 7.0; Windows NT 5.1; .NET CLR 2.0.50727; .NET CLR 3.0.4506.2152; .NET CLR 3.5.30729; T-Brand-Final)"
217.225.78.151 - - [04/Jan/2010:19:24:39 +0100] "GET /livezilla/images/lz_button.gif HTTP/1.1" 200 838 "http://chat.f-m-shop.de/livezilla/livezilla.php?template=lz_chat_frame.3.2.login.1.0&" "Mozilla/4.0 (compatible; MSIE 7.0; Windows NT 5.1; .NET CLR 2.0.50727; .NET CLR 3.0.4506.2152; .NET CLR 3.5.30729; T-Brand-Final)"
217.225.78.151 - - [04/Jan/2010:19:24:39 +0100] "GET /livezilla/images/icon_network.gif HTTP/1.1" 200 354 "http://chat.f-m-shop.de/livezilla/livezilla.php?template=lz_chat_frame.3.2.login.1.0&" "Mozilla/4.0 (compatible; MSIE 7.0; Windows NT 5.1; .NET CLR 2.0.50727; .NET CLR 3.0.4506.2152; .NET CLR 3.5.30729; T-Brand-Final)"
217.225.78.151 - - [04/Jan/2010:19:24:39 +0100] "GET /livezilla/images/chat_bg_field.gif HTTP/1.1" 200 121 "http://chat.f-m-shop.de/livezilla/livezilla.php?template=lz_chat_frame.3.2.login.1.0&" "Mozilla/4.0 (compatible; MSIE 7.0; Windows NT 5.1; .NET CLR 2.0.50727; .NET CLR 3.0.4506.2152; .NET CLR 3.5.30729; T-Brand-Final)"
217.225.78.151 - - [04/Jan/2010:19:24:39 +0100] "GET /livezilla/images/lz_button_extra.gif HTTP/1.1" 200 948 "http://chat.f-m-shop.de/livezilla/livezilla.php?template=lz_chat_frame.3.2.login.1.0&" "Mozilla/4.0 (compatible; MSIE 7.0; Windows NT 5.1; .NET CLR 2.0.50727; .NET CLR 3.0.4506.2152; .NET CLR 3.5.30729; T-Brand-Final)"
217.225.78.151 - - [04/Jan/2010:19:24:39 +0100] "GET /livezilla/images/favicon.ico HTTP/1.1" 200 43302 "-" "Mozilla/4.0 (compatible; MSIE 7.0; Windows NT 5.1; .NET CLR 2.0.50727; .NET CLR 3.0.4506.2152; .NET CLR 3.5.30729; T-Brand-Final)"
217.225.78.151 - - [04/Jan/2010:19:24:47 +0100] "POST /livezilla/server.php HTTP/1.1" 200 212 "http://chat.f-m-shop.de/livezilla/livezilla.php" "Mozilla/4.0 (compatible; MSIE 7.0; Windows NT 5.1; .NET CLR 2.0.50727; .NET CLR 3.0.4506.2152; .NET CLR 3.5.30729; T-Brand-Final)"
217.225.78.151 - - [04/Jan/2010:19:24:48 +0100] "GET /livezilla/livezilla.php?template=lz_chat_frame.3.2.mail HTTP/1.1" 200 3993 "http://chat.f-m-shop.de/livezilla/livezilla.php" "Mozilla/4.0 (compatible; MSIE 7.0; Windows NT 5.1; .NET CLR 2.0.50727; .NET CLR 3.0.4506.2152; .NET CLR 3.5.30729; T-Brand-Final)"
217.225.78.151 - - [04/Jan/2010:19:24:48 +0100] "POST /livezilla/livezilla.php?template=lz_chat_frame.3.2.mail HTTP/1.1" 200 4002 "http://chat.f-m-shop.de/livezilla/livezilla.php?template=lz_chat_frame.3.2.login.1.0&" "Mozilla/4.0 (compatible; MSIE 7.0; Windows NT 5.1; .NET CLR 2.0.50727; .NET CLR 3.0.4506.2152; .NET CLR 3.5.30729; T-Brand-Final)"
217.225.78.151 - - [04/Jan/2010:19:24:48 +0100] "GET /livezilla/images/button_print.gif HTTP/1.1" 200 1183 "http://chat.f-m-shop.de/livezilla/livezilla.php?template=lz_chat_frame.3.2.mail" "Mozilla/4.0 (compatible; MSIE 7.0; Windows NT 5.1; .NET CLR 2.0.50727; .NET CLR 3.0.4506.2152; .NET CLR 3.5.30729; T-Brand-Final)"
217.225.78.151 - - [04/Jan/2010:19:24:48 +0100] "GET /livezilla/images/button_chat.gif HTTP/1.1" 200 1218 "http://chat.f-m-shop.de/livezilla/livezilla.php?template=lz_chat_frame.3.2.mail" "Mozilla/4.0 (compatible; MSIE 7.0; Windows NT 5.1; .NET CLR 2.0.50727; .NET CLR 3.0.4506.2152; .NET CLR 3.5.30729; T-Brand-Final)"
82.207.129.49 - - [04/Jan/2010:19:26:16 +0100] "GET /livezilla/image.php?id=04 HTTP/1.0" 200 7276 "http://www.f-m-shop.de/seiten/prod_detail_neuer.cfm?kat=NETLROU&nav=2&artnr=A%20%2015620" "Mozilla/5.0 (Windows; U; Windows NT 5.1; de; rv:1.9.1.6) Gecko/20091201 Firefox/3.5.6"
91.152.188.100 - - [04/Jan/2010:19:26:48 +0100] "GET /livezilla/image.php?id=04 HTTP/1.1" 200 7276 "http://www.f-m-shop.de/seiten/prod_detail_neuer.cfm?kat=MULHEA&nav=2&artnr=A 26275" "Mozilla/4.0 (compatible; MSIE 8.0; Windows NT 6.1; Trident/4.0; GTB6; SLCC2; .NET CLR 2.0.50727; .NET CLR 3.5.30729; .NET CLR 3.0.30729; Media Center PC 6.0; InfoPath.2)"
91.152.188.100 - - [04/Jan/2010:19:28:25 +0100] "GET /livezilla/image.php?id=04 HTTP/1.1" 200 7276 "http://www.f-m-shop.de/seiten/prod_detail_neuer.cfm?kat=MULHEA&nav=2&artnr=A 26275" "Mozilla/4.0 (compatible; MSIE 8.0; Windows NT 6.1; Trident/4.0; GTB6; SLCC2; .NET CLR 2.0.50727; .NET CLR 3.5.30729; .NET CLR 3.0.30729; Media Center PC 6.0; InfoPath.2)"
87.161.42.236 - - [04/Jan/2010:19:28:43 +0100] "GET /livezilla/image.php?id=04 HTTP/1.1" 200 7276 "http://www.eizo4you.de/seiten/prod_detail_neuer.cfm?name=LCD%2023%22%20%20%20EIZO%20FlexScan%20EV2313WH%20schwarz&artnr=A%20%2030070&nav=2&kat=MONT23&kat_her=&p_sort=&b_sort=ASC" "Mozilla/5.0 (Macintosh; U; PPC Mac OS X 10_4_11; de-de) AppleWebKit/531.21.8 (KHTML, like Gecko) Version/4.0.4 Safari/531.21.10"
80.146.61.112 - - [04/Jan/2010:19:28:48 +0100] "GET /livezilla/image.php?id=04 HTTP/1.1" 200 7276 "http://www.f-m-shop.de/seiten/prod_detail_neuer.cfm?kat=HDDGEH&nav=2&artnr=A%20%2026729" "Mozilla/5.0 (Windows; U; Windows NT 6.1; de; rv:1.9.1.6) Gecko/20091201 Firefox/3.5.6"
91.152.188.100 - - [04/Jan/2010:19:29:20 +0100] "GET /livezilla/image.php?id=04 HTTP/1.1" 200 7276 "http://www.f-m-shop.de/seiten/prod_detail_neuer.cfm?kat=MULHEA&nav=2&artnr=A 26275" "Mozilla/4.0 (compatible; MSIE 8.0; Windows NT 6.1; Trident/4.0; GTB6; SLCC2; .NET CLR 2.0.50727; .NET CLR 3.5.30729; .NET CLR 3.0.30729; Media Center PC 6.0; InfoPath.2)"
80.146.61.112 - - [04/Jan/2010:19:29:26 +0100] "GET /livezilla/image.php?id=04 HTTP/1.1" 200 7276 "http://www.f-m-shop.de/seiten/prod_detail_neuer.cfm?kat=HDDGEH&nav=2&artnr=A%20%2026729" "Mozilla/5.0 (Windows; U; Windows NT 6.1; de; rv:1.9.1.6) Gecko/20091201 Firefox/3.5.6"
91.67.45.121 - - [04/Jan/2010:19:30:51 +0100] "GET /livezilla/image.php?id=04 HTTP/1.1" 200 7276 "http://www.eizo4you.de/seiten/prod_detail_neuer.cfm?name=LCD%2022%22%20%20%20EIZO%20FlexScan%20S2202WH%20%20grau&artnr=A%20%2025192&nav=2&kat=MONT22&kat_her=&p_sort=&b_sort=ASC" "Mozilla/5.0 (Windows; U; Windows NT 5.0; de; rv:1.9.1.3) Gecko/20090824 Firefox/3.5.3"
91.152.188.100 - - [04/Jan/2010:19:31:20 +0100] "GET /livezilla/image.php?id=04 HTTP/1.1" 200 7276 "http://www.f-m-shop.de/seiten/prod_detail_neuer.cfm?kat=MULHEA&nav=2&artnr=A%20%2026275" "Mozilla/4.0 (compatible; MSIE 8.0; Windows NT 6.1; Trident/4.0; GTB6; SLCC2; .NET CLR 2.0.50727; .NET CLR 3.5.30729; .NET CLR 3.0.30729; Media Center PC 6.0; InfoPath.2)"
86.52.211.10 - - [04/Jan/2010:19:32:03 +0100] "GET /livezilla/image.php?id=04 HTTP/1.1" 200 7276 "http://www.f-m-shop.de/seiten/prod_detail_neuer.cfm?kat=HIFMEDIA&nav=2&artnr=A%20%2030403" "Mozilla/5.0 (Windows; U; Windows NT 6.1; da; rv:1.9.1.6) Gecko/20091201 Firefox/3.5.6"
91.152.188.100 - - [04/Jan/2010:19:32:22 +0100] "GET /livezilla/image.php?id=04 HTTP/1.1" 200 7276 "http://www.f-m-shop.de/seiten/prod_detail_neuer.cfm?kat=MULHEA&nav=2&artnr=A%20%2026275" "Mozilla/4.0 (compatible; MSIE 8.0; Windows NT 6.1; Trident/4.0; GTB6; SLCC2; .NET CLR 2.0.50727; .NET CLR 3.5.30729; .NET CLR 3.0.30729; Media Center PC 6.0; InfoPath.2)"
91.152.188.100 - - [04/Jan/2010:19:32:33 +0100] "GET /livezilla/image.php?id=04 HTTP/1.1" 200 7276 "http://www.f-m-shop.de/seiten/prod_detail_neuer.cfm?kat=MULHEA&nav=2&artnr=A 26275" "Mozilla/4.0 (compatible; MSIE 8.0; Windows NT 6.1; Trident/4.0; GTB6; SLCC2; .NET CLR 2.0.50727; .NET CLR 3.5.30729; .NET CLR 3.0.30729; Media Center PC 6.0; InfoPath.2)"
80.187.3.160 - - [04/Jan/2010:19:34:00 +0100] "GET /livezilla/image.php?id=04 HTTP/1.1" 200 7276 "http://www.f-m-shop.de/seiten/prod_detail_neuer.cfm?kat=GRA768X&nav=2&artnr=A%20%2025837" "Opera/9.64 (Windows NT 6.0; U; de) Presto/2.1.1"
95.103.186.12 - - [04/Jan/2010:19:34:33 +0100] "GET /livezilla/image.php?id=04 HTTP/1.1" 200 7276 "http://www.f-m-shop.de/seiten/prod_detail_neuer.cfm?kat=MONT23&nav=2&artnr=A%20%2029043" "Opera/9.80 (Windows NT 5.1; U; sk) Presto/2.2.15 Version/10.10"
80.187.3.160 - - [04/Jan/2010:19:35:19 +0100] "GET /livezilla/image.php?id=04 HTTP/1.1" 200 7276 "http://www.f-m-shop.de/seiten/prod_detail_neuer.cfm?kat=GRA768X&nav=2&artnr=A%20%2025837" "Opera/9.64 (Windows NT 6.0; U; de) Presto/2.1.1"
79.242.54.189 - - [04/Jan/2010:19:38:14 +0100] "GET /livezilla/image.php?id=04 HTTP/1.1" 200 7276 "http://www.f-m-shop.de/seiten/prod_detail_neuer.cfm?kat=MULHEA&nav=2&artnr=A%20%2026275" "Mozilla/5.0 (Windows; U; Windows NT 5.1; de; rv:1.9.1.6) Gecko/20091201 Firefox/3.5.6"
91.66.210.166 - - [04/Jan/2010:19:38:14 +0100] "GET /livezilla/image.php?id=04 HTTP/1.1" 200 7276 "http://www.f-m-shop.de/seiten/prod_detail_neuer.cfm?kat=HDDETH&nav=2&artnr=A%20%2023381" "Mozilla/5.0 (Macintosh; U; Intel Mac OS X 10_6_2; de-de) AppleWebKit/531.21.8 (KHTML, like Gecko) Version/4.0.4 Safari/531.21.10"
188.105.208.156 - - [04/Jan/2010:19:39:38 +0100] "GET /livezilla/image.php?id=04 HTTP/1.1" 200 7276 "http://www.f-m-shop.de/seiten/prod_detail_neuer.cfm?kat=HDDGEH&nav=2&artnr=A%20%2030322" "Mozilla/5.0 (Windows; U; Windows NT 5.1; de; rv:1.9.0.16) Gecko/2009120208 Firefox/3.0.16 (.NET CLR 3.5.30729)"
91.67.45.121 - - [04/Jan/2010:19:40:12 +0100] "GET /livezilla/livezilla.php HTTP/1.1" 200 72007 "http://www.eizo4you.de/seiten/prod_detail_neuer.cfm?name=LCD%2022%22%20%20%20EIZO%20FlexScan%20S2202WH%20%20grau&artnr=A%20%2025192&nav=2&kat=MONT22&kat_her=&p_sort=&b_sort=ASC" "Mozilla/5.0 (Windows; U; Windows NT 5.0; de; rv:1.9.1.3) Gecko/20090824 Firefox/3.5.3"
91.67.45.121 - - [04/Jan/2010:19:40:12 +0100] "GET /livezilla/templates/style.css HTTP/1.1" 200 8998 "http://chat.f-m-shop.de/livezilla/livezilla.php" "Mozilla/5.0 (Windows; U; Windows NT 5.0; de; rv:1.9.1.3) Gecko/20090824 Firefox/3.5.3"
91.67.45.121 - - [04/Jan/2010:19:40:12 +0100] "GET /livezilla/images/favicon.ico HTTP/1.1" 200 43302 "-" "Mozilla/5.0 (Windows; U; Windows NT 5.0; de; rv:1.9.1.3) Gecko/20090824 Firefox/3.5.3"
91.67.45.121 - - [04/Jan/2010:19:40:13 +0100] "GET /livezilla/livezilla.php?template=lz_chat_frame.0.0 HTTP/1.1" 200 259 "http://chat.f-m-shop.de/livezilla/livezilla.php" "Mozilla/5.0 (Windows; U; Windows NT 5.0; de; rv:1.9.1.3) Gecko/20090824 Firefox/3.5.3"
91.67.45.121 - - [04/Jan/2010:19:40:13 +0100] "GET /livezilla/livezilla.php?template=lz_chat_frame.0.1 HTTP/1.1" 200 277 "http://chat.f-m-shop.de/livezilla/livezilla.php" "Mozilla/5.0 (Windows; U; Windows NT 5.0; de; rv:1.9.1.3) Gecko/20090824 Firefox/3.5.3"
91.67.45.121 - - [04/Jan/2010:19:40:13 +0100] "GET /livezilla/livezilla.php?template=lz_chat_frame.2.0 HTTP/1.1" 200 263 "http://chat.f-m-shop.de/livezilla/livezilla.php" "Mozilla/5.0 (Windows; U; Windows NT 5.0; de; rv:1.9.1.3) Gecko/20090824 Firefox/3.5.3"
91.67.45.121 - - [04/Jan/2010:19:40:13 +0100] "GET /livezilla/livezilla.php?template=lz_chat_frame.1.2 HTTP/1.1" 200 264 "http://chat.f-m-shop.de/livezilla/livezilla.php" "Mozilla/5.0 (Windows; U; Windows NT 5.0; de; rv:1.9.1.3) Gecko/20090824 Firefox/3.5.3"
91.67.45.121 - - [04/Jan/2010:19:40:13 +0100] "GET /livezilla/livezilla.php?template=lz_chat_frame.0.2 HTTP/1.1" 200 254 "http://chat.f-m-shop.de/livezilla/livezilla.php" "Mozilla/5.0 (Windows; U; Windows NT 5.0; de; rv:1.9.1.3) Gecko/20090824 Firefox/3.5.3"
91.67.45.121 - - [04/Jan/2010:19:40:13 +0100] "GET /livezilla/livezilla.php?template=lz_chat_frame.1.0 HTTP/1.1" 200 279 "http://chat.f-m-shop.de/livezilla/livezilla.php" "Mozilla/5.0 (Windows; U; Windows NT 5.0; de; rv:1.9.1.3) Gecko/20090824 Firefox/3.5.3"
91.67.45.121 - - [04/Jan/2010:19:40:13 +0100] "GET /livezilla/livezilla.php?template=lz_chat_frame.1.1 HTTP/1.1" 200 2257 "http://chat.f-m-shop.de/livezilla/livezilla.php" "Mozilla/5.0 (Windows; U; Windows NT 5.0; de; rv:1.9.1.3) Gecko/20090824 Firefox/3.5.3"
91.67.45.121 - - [04/Jan/2010:19:40:14 +0100] "GET /livezilla/livezilla.php?template=lz_chat_frame.3.0 HTTP/1.1" 200 240 "http://chat.f-m-shop.de/livezilla/livezilla.php" "Mozilla/5.0 (Windows; U; Windows NT 5.0; de; rv:1.9.1.3) Gecko/20090824 Firefox/3.5.3"
91.67.45.121 - - [04/Jan/2010:19:40:14 +0100] "GET /livezilla/livezilla.php?template=lz_chat_frame.5.1 HTTP/1.1" 200 265 "http://chat.f-m-shop.de/livezilla/livezilla.php" "Mozilla/5.0 (Windows; U; Windows NT 5.0; de; rv:1.9.1.3) Gecko/20090824 Firefox/3.5.3"
91.67.45.121 - - [04/Jan/2010:19:40:14 +0100] "GET /livezilla/images/icon_vcard.gif HTTP/1.1" 200 559 "http://chat.f-m-shop.de/livezilla/livezilla.php?template=lz_chat_frame.1.1" "Mozilla/5.0 (Windows; U; Windows NT 5.0; de; rv:1.9.1.3) Gecko/20090824 Firefox/3.5.3"
91.67.45.121 - - [04/Jan/2010:19:40:13 +0100] "GET /livezilla/livezilla.php?template=lz_chat_frame.3.2.login& HTTP/1.1" 200 1019 "http://chat.f-m-shop.de/livezilla/livezilla.php" "Mozilla/5.0 (Windows; U; Windows NT 5.0; de; rv:1.9.1.3) Gecko/20090824 Firefox/3.5.3"
91.67.45.121 - - [04/Jan/2010:19:40:14 +0100] "GET /livezilla/images/icon_typing.gif HTTP/1.1" 200 1106 "http://chat.f-m-shop.de/livezilla/livezilla.php?template=lz_chat_frame.1.1" "Mozilla/5.0 (Windows; U; Windows NT 5.0; de; rv:1.9.1.3) Gecko/20090824 Firefox/3.5.3"
91.67.45.121 - - [04/Jan/2010:19:40:14 +0100] "GET /livezilla/intern_images/nopic.jpg HTTP/1.1" 200 3599 "http://chat.f-m-shop.de/livezilla/livezilla.php?template=lz_chat_frame.1.1" "Mozilla/5.0 (Windows; U; Windows NT 5.0; de; rv:1.9.1.3) Gecko/20090824 Firefox/3.5.3"
91.67.45.121 - - [04/Jan/2010:19:40:13 +0100] "GET /livezilla/livezilla.php?template=lz_chat_frame.4.1 HTTP/1.1" 200 455 "http://chat.f-m-shop.de/livezilla/livezilla.php" "Mozilla/5.0 (Windows; U; Windows NT 5.0; de; rv:1.9.1.3) Gecko/20090824 Firefox/3.5.3"
91.67.45.121 - - [04/Jan/2010:19:40:14 +0100] "GET /livezilla/livezilla.php?template=lz_chat_frame.2.2 HTTP/1.1" 200 264 "http://chat.f-m-shop.de/livezilla/livezilla.php" "Mozilla/5.0 (Windows; U; Windows NT 5.0; de; rv:1.9.1.3) Gecko/20090824 Firefox/3.5.3"
91.67.45.121 - - [04/Jan/2010:19:40:14 +0100] "GET /livezilla/images/lz_header.gif HTTP/1.1" 200 7285 "http://chat.f-m-shop.de/livezilla/livezilla.php?template=lz_chat_frame.1.1" "Mozilla/5.0 (Windows; U; Windows NT 5.0; de; rv:1.9.1.3) Gecko/20090824 Firefox/3.5.3"
91.67.45.121 - - [04/Jan/2010:19:40:14 +0100] "GET /livezilla/images/carrier_logo.gif HTTP/1.1" 200 6003 "http://chat.f-m-shop.de/livezilla/livezilla.php?template=lz_chat_frame.1.1" "Mozilla/5.0 (Windows; U; Windows NT 5.0; de; rv:1.9.1.3) Gecko/20090824 Firefox/3.5.3"
91.67.45.121 - - [04/Jan/2010:19:40:14 +0100] "GET /livezilla/images/lz_rep_bg_left.gif HTTP/1.1" 200 593 "http://chat.f-m-shop.de/livezilla/livezilla.php?template=lz_chat_frame.1.1" "Mozilla/5.0 (Windows; U; Windows NT 5.0; de; rv:1.9.1.3) Gecko/20090824 Firefox/3.5.3"
91.67.45.121 - - [04/Jan/2010:19:40:14 +0100] "GET /livezilla/images/lz_rep_bg.gif HTTP/1.1" 200 320 "http://chat.f-m-shop.de/livezilla/livezilla.php?template=lz_chat_frame.1.1" "Mozilla/5.0 (Windows; U; Windows NT 5.0; de; rv:1.9.1.3) Gecko/20090824 Firefox/3.5.3"
91.67.45.121 - - [04/Jan/2010:19:40:14 +0100] "GET /livezilla/livezilla.php?template=lz_chat_frame.3.2.login.2.0 HTTP/1.1" 200 277 "http://chat.f-m-shop.de/livezilla/livezilla.php?template=lz_chat_frame.3.2.login&" "Mozilla/5.0 (Windows; U; Windows NT 5.0; de; rv:1.9.1.3) Gecko/20090824 Firefox/3.5.3"
91.67.45.121 - - [04/Jan/2010:19:40:14 +0100] "GET /livezilla/images/lz_rep_bg_right.gif HTTP/1.1" 200 590 "http://chat.f-m-shop.de/livezilla/livezilla.php?template=lz_chat_frame.1.1" "Mozilla/5.0 (Windows; U; Windows NT 5.0; de; rv:1.9.1.3) Gecko/20090824 Firefox/3.5.3"
91.67.45.121 - - [04/Jan/2010:19:40:15 +0100] "GET /livezilla/images/chat_bg_footer_top.gif HTTP/1.1" 200 858 "http://chat.f-m-shop.de/livezilla/templates/style.css" "Mozilla/5.0 (Windows; U; Windows NT 5.0; de; rv:1.9.1.3) Gecko/20090824 Firefox/3.5.3"
91.67.45.121 - - [04/Jan/2010:19:40:15 +0100] "GET /livezilla/images/chat_bg_footer.gif HTTP/1.1" 200 194 "http://chat.f-m-shop.de/livezilla/templates/style.css" "Mozilla/5.0 (Windows; U; Windows NT 5.0; de; rv:1.9.1.3) Gecko/20090824 Firefox/3.5.3"
91.67.45.121 - - [04/Jan/2010:19:40:14 +0100] "GET /livezilla/livezilla.php?template=lz_chat_frame.3.3 HTTP/1.1" 200 239 "http://chat.f-m-shop.de/livezilla/livezilla.php" "Mozilla/5.0 (Windows; U; Windows NT 5.0; de; rv:1.9.1.3) Gecko/20090824 Firefox/3.5.3"
91.67.45.121 - - [04/Jan/2010:19:40:14 +0100] "GET /livezilla/livezilla.php?template=lz_chat_frame.3.2.login.1.0& HTTP/1.1" 200 2939 "http://chat.f-m-shop.de/livezilla/livezilla.php?template=lz_chat_frame.3.2.login&" "Mozilla/5.0 (Windows; U; Windows NT 5.0; de; rv:1.9.1.3) Gecko/20090824 Firefox/3.5.3"
91.67.45.121 - - [04/Jan/2010:19:40:15 +0100] "GET /livezilla/images/lz_button.gif HTTP/1.1" 200 838 "http://chat.f-m-shop.de/livezilla/templates/style.css" "Mozilla/5.0 (Windows; U; Windows NT 5.0; de; rv:1.9.1.3) Gecko/20090824 Firefox/3.5.3"
91.67.45.121 - - [04/Jan/2010:19:40:15 +0100] "GET /livezilla/images/icon_network.gif HTTP/1.1" 200 354 "http://chat.f-m-shop.de/livezilla/livezilla.php?template=lz_chat_frame.3.2.login.1.0&" "Mozilla/5.0 (Windows; U; Windows NT 5.0; de; rv:1.9.1.3) Gecko/20090824 Firefox/3.5.3"
91.67.45.121 - - [04/Jan/2010:19:40:15 +0100] "GET /livezilla/images/icon_info.gif HTTP/1.1" 200 1703 "http://chat.f-m-shop.de/livezilla/livezilla.php?template=lz_chat_frame.3.2.login.1.0&" "Mozilla/5.0 (Windows; U; Windows NT 5.0; de; rv:1.9.1.3) Gecko/20090824 Firefox/3.5.3"
91.67.45.121 - - [04/Jan/2010:19:40:15 +0100] "GET /livezilla/images/chat_bg_navigation_sub.gif HTTP/1.1" 200 76 "http://chat.f-m-shop.de/livezilla/templates/style.css" "Mozilla/5.0 (Windows; U; Windows NT 5.0; de; rv:1.9.1.3) Gecko/20090824 Firefox/3.5.3"
91.67.45.121 - - [04/Jan/2010:19:40:14 +0100] "GET /livezilla/livezilla.php?template=lz_chat_frame.3.2.login.0.0 HTTP/1.1" 200 1563 "http://chat.f-m-shop.de/livezilla/livezilla.php?template=lz_chat_frame.3.2.login&" "Mozilla/5.0 (Windows; U; Windows NT 5.0; de; rv:1.9.1.3) Gecko/20090824 Firefox/3.5.3"
91.67.45.121 - - [04/Jan/2010:19:40:15 +0100] "GET /livezilla/images/chat_bg_field.gif HTTP/1.1" 200 121 "http://chat.f-m-shop.de/livezilla/templates/style.css" "Mozilla/5.0 (Windows; U; Windows NT 5.0; de; rv:1.9.1.3) Gecko/20090824 Firefox/3.5.3"
91.67.45.121 - - [04/Jan/2010:19:40:15 +0100] "GET /livezilla/images/lz_button_extra.gif HTTP/1.1" 200 948 "http://chat.f-m-shop.de/livezilla/templates/style.css" "Mozilla/5.0 (Windows; U; Windows NT 5.0; de; rv:1.9.1.3) Gecko/20090824 Firefox/3.5.3"
91.67.45.121 - - [04/Jan/2010:19:40:15 +0100] "GET /livezilla/images/button_mail.gif HTTP/1.1" 200 1348 "http://chat.f-m-shop.de/livezilla/livezilla.php?template=lz_chat_frame.3.2.login.0.0" "Mozilla/5.0 (Windows; U; Windows NT 5.0; de; rv:1.9.1.3) Gecko/20090824 Firefox/3.5.3"
91.67.45.121 - - [04/Jan/2010:19:40:15 +0100] "GET /livezilla/images/chat_bg_navigation_left.gif HTTP/1.1" 200 1078 "http://chat.f-m-shop.de/livezilla/livezilla.php?template=lz_chat_frame.3.2.login.0.0" "Mozilla/5.0 (Windows; U; Windows NT 5.0; de; rv:1.9.1.3) Gecko/20090824 Firefox/3.5.3"
91.67.45.121 - - [04/Jan/2010:19:40:15 +0100] "GET /livezilla/images/chat_bg_navigation_dev.gif HTTP/1.1" 200 367 "http://chat.f-m-shop.de/livezilla/livezilla.php?template=lz_chat_frame.3.2.login.0.0" "Mozilla/5.0 (Windows; U; Windows NT 5.0; de; rv:1.9.1.3) Gecko/20090824 Firefox/3.5.3"
91.67.45.121 - - [04/Jan/2010:19:40:15 +0100] "GET /livezilla/images/chat_bg_navigation_right.gif HTTP/1.1" 200 675 "http://chat.f-m-shop.de/livezilla/livezilla.php?template=lz_chat_frame.3.2.login.0.0" "Mozilla/5.0 (Windows; U; Windows NT 5.0; de; rv:1.9.1.3) Gecko/20090824 Firefox/3.5.3"
91.67.45.121 - - [04/Jan/2010:19:40:15 +0100] "GET /livezilla/images/button_fav.gif HTTP/1.1" 200 1344 "http://chat.f-m-shop.de/livezilla/livezilla.php?template=lz_chat_frame.3.2.login.0.0" "Mozilla/5.0 (Windows; U; Windows NT 5.0; de; rv:1.9.1.3) Gecko/20090824 Firefox/3.5.3"
91.67.45.121 - - [04/Jan/2010:19:40:15 +0100] "GET /livezilla/images/button_close.gif HTTP/1.1" 200 1239 "http://chat.f-m-shop.de/livezilla/livezilla.php?template=lz_chat_frame.3.2.login.0.0" "Mozilla/5.0 (Windows; U; Windows NT 5.0; de; rv:1.9.1.3) Gecko/20090824 Firefox/3.5.3"
91.67.45.121 - - [04/Jan/2010:19:40:15 +0100] "GET /livezilla/images/chat_bg_navigation.gif HTTP/1.1" 200 258 "http://chat.f-m-shop.de/livezilla/templates/style.css" "Mozilla/5.0 (Windows; U; Windows NT 5.0; de; rv:1.9.1.3) Gecko/20090824 Firefox/3.5.3"
91.67.45.121 - - [04/Jan/2010:19:40:26 +0100] "POST /livezilla/server.php HTTP/1.1" 200 212 "http://chat.f-m-shop.de/livezilla/livezilla.php" "Mozilla/5.0 (Windows; U; Windows NT 5.0; de; rv:1.9.1.3) Gecko/20090824 Firefox/3.5.3"
91.67.45.121 - - [04/Jan/2010:19:40:27 +0100] "POST /livezilla/livezilla.php?template=lz_chat_frame.3.2.mail HTTP/1.1" 200 4002 "http://chat.f-m-shop.de/livezilla/livezilla.php?template=lz_chat_frame.3.2.login.1.0&" "Mozilla/5.0 (Windows; U; Windows NT 5.0; de; rv:1.9.1.3) Gecko/20090824 Firefox/3.5.3"
91.67.45.121 - - [04/Jan/2010:19:40:27 +0100] "GET /livezilla/livezilla.php?template=lz_chat_frame.3.2.mail HTTP/1.1" 200 3993 "http://chat.f-m-shop.de/livezilla/livezilla.php" "Mozilla/5.0 (Windows; U; Windows NT 5.0; de; rv:1.9.1.3) Gecko/20090824 Firefox/3.5.3"
91.67.45.121 - - [04/Jan/2010:19:40:27 +0100] "GET /livezilla/images/button_print.gif HTTP/1.1" 200 1183 "http://chat.f-m-shop.de/livezilla/livezilla.php?template=lz_chat_frame.3.2.mail" "Mozilla/5.0 (Windows; U; Windows NT 5.0; de; rv:1.9.1.3) Gecko/20090824 Firefox/3.5.3"
91.67.45.121 - - [04/Jan/2010:19:40:27 +0100] "GET /livezilla/images/button_chat.gif HTTP/1.1" 200 1218 "http://chat.f-m-shop.de/livezilla/livezilla.php?template=lz_chat_frame.3.2.mail" "Mozilla/5.0 (Windows; U; Windows NT 5.0; de; rv:1.9.1.3) Gecko/20090824 Firefox/3.5.3"
95.222.15.7 - - [04/Jan/2010:19:40:43 +0100] "GET /livezilla/image.php?id=04 HTTP/1.1" 200 7276 "http://www.f-m-shop.de/seiten/prod_detail_neuer.cfm?kat=HIFMEDIA&nav=2&artnr=A%20%2029933" "Mozilla/5.0 (Windows; U; Windows NT 6.1; de; rv:1.9.1.6) Gecko/20091201 Firefox/3.5.6"
87.174.80.146 - - [04/Jan/2010:19:40:57 +0100] "GET /livezilla/image.php?id=04 HTTP/1.1" 200 7276 "http://www.f-m-shop.de/seiten/prod_detail_neuer.cfm?kat=MONT21&nav=2&artnr=A 13302" "Mozilla/4.0 (compatible; MSIE 7.0; Windows NT 6.0; SLCC1; .NET CLR 2.0.50727; Media Center PC 5.0; .NET CLR 3.5.30729; .NET CLR 3.0.30618)"
77.12.150.183 - - [04/Jan/2010:19:41:33 +0100] "GET /livezilla/image.php?id=04 HTTP/1.1" 200 7276 "http://www.f-m-shop.de/seiten/prod_detail_neuer.cfm?kat=HDDSATA&nav=2&artnr=A%20%2024148" "Mozilla/5.0 (Windows; U; Windows NT 5.1; de; rv:1.9.1.6) Gecko/20091201 Firefox/3.5.6"
95.222.15.7 - - [04/Jan/2010:19:41:41 +0100] "GET /livezilla/livezilla.php HTTP/1.1" 200 72007 "http://www.f-m-shop.de/seiten/prod_detail_neuer.cfm?kat=HIFMEDIA&nav=2&artnr=A%20%2029933" "Mozilla/5.0 (Windows; U; Windows NT 6.1; de; rv:1.9.1.6) Gecko/20091201 Firefox/3.5.6"
95.222.15.7 - - [04/Jan/2010:19:41:42 +0100] "GET /livezilla/templates/style.css HTTP/1.1" 200 8998 "http://chat.f-m-shop.de/livezilla/livezilla.php" "Mozilla/5.0 (Windows; U; Windows NT 6.1; de; rv:1.9.1.6) Gecko/20091201 Firefox/3.5.6"
95.222.15.7 - - [04/Jan/2010:19:41:42 +0100] "GET /livezilla/images/favicon.ico HTTP/1.1" 200 43302 "-" "Mozilla/5.0 (Windows; U; Windows NT 6.1; de; rv:1.9.1.6) Gecko/20091201 Firefox/3.5.6"
95.222.15.7 - - [04/Jan/2010:19:41:42 +0100] "GET /livezilla/livezilla.php?template=lz_chat_frame.0.0 HTTP/1.1" 200 259 "http://chat.f-m-shop.de/livezilla/livezilla.php" "Mozilla/5.0 (Windows; U; Windows NT 6.1; de; rv:1.9.1.6) Gecko/20091201 Firefox/3.5.6"
95.222.15.7 - - [04/Jan/2010:19:41:42 +0100] "GET /livezilla/livezilla.php?template=lz_chat_frame.0.1 HTTP/1.1" 200 277 "http://chat.f-m-shop.de/livezilla/livezilla.php" "Mozilla/5.0 (Windows; U; Windows NT 6.1; de; rv:1.9.1.6) Gecko/20091201 Firefox/3.5.6"
95.222.15.7 - - [04/Jan/2010:19:41:43 +0100] "GET /livezilla/livezilla.php?template=lz_chat_frame.4.1 HTTP/1.1" 200 455 "http://chat.f-m-shop.de/livezilla/livezilla.php" "Mozilla/5.0 (Windows; U; Windows NT 6.1; de; rv:1.9.1.6) Gecko/20091201 Firefox/3.5.6"
95.222.15.7 - - [04/Jan/2010:19:41:43 +0100] "GET /livezilla/livezilla.php?template=lz_chat_frame.3.2.login& HTTP/1.1" 200 1019 "http://chat.f-m-shop.de/livezilla/livezilla.php" "Mozilla/5.0 (Windows; U; Windows NT 6.1; de; rv:1.9.1.6) Gecko/20091201 Firefox/3.5.6"
95.222.15.7 - - [04/Jan/2010:19:41:42 +0100] "GET /livezilla/livezilla.php?template=lz_chat_frame.1.1 HTTP/1.1" 200 2257 "http://chat.f-m-shop.de/livezilla/livezilla.php" "Mozilla/5.0 (Windows; U; Windows NT 6.1; de; rv:1.9.1.6) Gecko/20091201 Firefox/3.5.6"
95.222.15.7 - - [04/Jan/2010:19:41:43 +0100] "GET /livezilla/livezilla.php?template=lz_chat_frame.1.2 HTTP/1.1" 200 264 "http://chat.f-m-shop.de/livezilla/livezilla.php" "Mozilla/5.0 (Windows; U; Windows NT 6.1; de; rv:1.9.1.6) Gecko/20091201 Firefox/3.5.6"
95.222.15.7 - - [04/Jan/2010:19:41:43 +0100] "GET /livezilla/livezilla.php?template=lz_chat_frame.5.1 HTTP/1.1" 200 265 "http://chat.f-m-shop.de/livezilla/livezilla.php" "Mozilla/5.0 (Windows; U; Windows NT 6.1; de; rv:1.9.1.6) Gecko/20091201 Firefox/3.5.6"
95.222.15.7 - - [04/Jan/2010:19:41:43 +0100] "GET /livezilla/livezilla.php?template=lz_chat_frame.2.0 HTTP/1.1" 200 263 "http://chat.f-m-shop.de/livezilla/livezilla.php" "Mozilla/5.0 (Windows; U; Windows NT 6.1; de; rv:1.9.1.6) Gecko/20091201 Firefox/3.5.6"
95.222.15.7 - - [04/Jan/2010:19:41:44 +0100] "GET /livezilla/livezilla.php?template=lz_chat_frame.3.2.login.0.0 HTTP/1.1" 200 1563 "http://chat.f-m-shop.de/livezilla/livezilla.php?template=lz_chat_frame.3.2.login&" "Mozilla/5.0 (Windows; U; Windows NT 6.1; de; rv:1.9.1.6) Gecko/20091201 Firefox/3.5.6"
95.222.15.7 - - [04/Jan/2010:19:41:43 +0100] "GET /livezilla/livezilla.php?template=lz_chat_frame.1.0 HTTP/1.1" 200 279 "http://chat.f-m-shop.de/livezilla/livezilla.php" "Mozilla/5.0 (Windows; U; Windows NT 6.1; de; rv:1.9.1.6) Gecko/20091201 Firefox/3.5.6"
95.222.15.7 - - [04/Jan/2010:19:41:43 +0100] "GET /livezilla/livezilla.php?template=lz_chat_frame.3.0 HTTP/1.1" 200 240 "http://chat.f-m-shop.de/livezilla/livezilla.php" "Mozilla/5.0 (Windows; U; Windows NT 6.1; de; rv:1.9.1.6) Gecko/20091201 Firefox/3.5.6"
95.222.15.7 - - [04/Jan/2010:19:41:44 +0100] "GET /livezilla/images/icon_vcard.gif HTTP/1.1" 200 559 "http://chat.f-m-shop.de/livezilla/livezilla.php?template=lz_chat_frame.1.1" "Mozilla/5.0 (Windows; U; Windows NT 6.1; de; rv:1.9.1.6) Gecko/20091201 Firefox/3.5.6"
95.222.15.7 - - [04/Jan/2010:19:41:44 +0100] "GET /livezilla/images/icon_typing.gif HTTP/1.1" 200 1106 "http://chat.f-m-shop.de/livezilla/livezilla.php?template=lz_chat_frame.1.1" "Mozilla/5.0 (Windows; U; Windows NT 6.1; de; rv:1.9.1.6) Gecko/20091201 Firefox/3.5.6"
95.222.15.7 - - [04/Jan/2010:19:41:44 +0100] "GET /livezilla/intern_images/nopic.jpg HTTP/1.1" 200 3599 "http://chat.f-m-shop.de/livezilla/livezilla.php?template=lz_chat_frame.1.1" "Mozilla/5.0 (Windows; U; Windows NT 6.1; de; rv:1.9.1.6) Gecko/20091201 Firefox/3.5.6"
95.222.15.7 - - [04/Jan/2010:19:41:43 +0100] "GET /livezilla/livezilla.php?template=lz_chat_frame.2.2 HTTP/1.1" 200 264 "http://chat.f-m-shop.de/livezilla/livezilla.php" "Mozilla/5.0 (Windows; U; Windows NT 6.1; de; rv:1.9.1.6) Gecko/20091201 Firefox/3.5.6"
95.222.15.7 - - [04/Jan/2010:19:41:44 +0100] "GET /livezilla/livezilla.php?template=lz_chat_frame.3.3 HTTP/1.1" 200 239 "http://chat.f-m-shop.de/livezilla/livezilla.php" "Mozilla/5.0 (Windows; U; Windows NT 6.1; de; rv:1.9.1.6) Gecko/20091201 Firefox/3.5.6"
95.222.15.7 - - [04/Jan/2010:19:41:44 +0100] "GET /livezilla/images/lz_header.gif HTTP/1.1" 200 7285 "http://chat.f-m-shop.de/livezilla/livezilla.php?template=lz_chat_frame.1.1" "Mozilla/5.0 (Windows; U; Windows NT 6.1; de; rv:1.9.1.6) Gecko/20091201 Firefox/3.5.6"
95.222.15.7 - - [04/Jan/2010:19:41:44 +0100] "GET /livezilla/images/chat_bg_navigation_left.gif HTTP/1.1" 200 1078 "http://chat.f-m-shop.de/livezilla/livezilla.php?template=lz_chat_frame.3.2.login.0.0" "Mozilla/5.0 (Windows; U; Windows NT 6.1; de; rv:1.9.1.6) Gecko/20091201 Firefox/3.5.6"
95.222.15.7 - - [04/Jan/2010:19:41:44 +0100] "GET /livezilla/images/chat_bg_navigation_dev.gif HTTP/1.1" 200 367 "http://chat.f-m-shop.de/livezilla/livezilla.php?template=lz_chat_frame.3.2.login.0.0" "Mozilla/5.0 (Windows; U; Windows NT 6.1; de; rv:1.9.1.6) Gecko/20091201 Firefox/3.5.6"
95.222.15.7 - - [04/Jan/2010:19:41:44 +0100] "GET /livezilla/images/chat_bg_navigation_right.gif HTTP/1.1" 200 675 "http://chat.f-m-shop.de/livezilla/livezilla.php?template=lz_chat_frame.3.2.login.0.0" "Mozilla/5.0 (Windows; U; Windows NT 6.1; de; rv:1.9.1.6) Gecko/20091201 Firefox/3.5.6"
95.222.15.7 - - [04/Jan/2010:19:41:44 +0100] "GET /livezilla/livezilla.php?template=lz_chat_frame.3.2.login.2.0 HTTP/1.1" 200 277 "http://chat.f-m-shop.de/livezilla/livezilla.php?template=lz_chat_frame.3.2.login&" "Mozilla/5.0 (Windows; U; Windows NT 6.1; de; rv:1.9.1.6) Gecko/20091201 Firefox/3.5.6"
95.222.15.7 - - [04/Jan/2010:19:41:44 +0100] "GET /livezilla/images/chat_bg_footer.gif HTTP/1.1" 200 194 "http://chat.f-m-shop.de/livezilla/templates/style.css" "Mozilla/5.0 (Windows; U; Windows NT 6.1; de; rv:1.9.1.6) Gecko/20091201 Firefox/3.5.6"
95.222.15.7 - - [04/Jan/2010:19:41:44 +0100] "GET /livezilla/images/carrier_logo.gif HTTP/1.1" 200 6003 "http://chat.f-m-shop.de/livezilla/livezilla.php?template=lz_chat_frame.1.1" "Mozilla/5.0 (Windows; U; Windows NT 6.1; de; rv:1.9.1.6) Gecko/20091201 Firefox/3.5.6"
95.222.15.7 - - [04/Jan/2010:19:41:44 +0100] "GET /livezilla/images/lz_rep_bg_left.gif HTTP/1.1" 200 593 "http://chat.f-m-shop.de/livezilla/livezilla.php?template=lz_chat_frame.1.1" "Mozilla/5.0 (Windows; U; Windows NT 6.1; de; rv:1.9.1.6) Gecko/20091201 Firefox/3.5.6"
95.222.15.7 - - [04/Jan/2010:19:41:44 +0100] "GET /livezilla/livezilla.php?template=lz_chat_frame.3.2.login.1.0& HTTP/1.1" 200 2939 "http://chat.f-m-shop.de/livezilla/livezilla.php?template=lz_chat_frame.3.2.login&" "Mozilla/5.0 (Windows; U; Windows NT 6.1; de; rv:1.9.1.6) Gecko/20091201 Firefox/3.5.6"
95.222.15.7 - - [04/Jan/2010:19:41:44 +0100] "GET /livezilla/images/lz_rep_bg.gif HTTP/1.1" 200 320 "http://chat.f-m-shop.de/livezilla/livezilla.php?template=lz_chat_frame.1.1" "Mozilla/5.0 (Windows; U; Windows NT 6.1; de; rv:1.9.1.6) Gecko/20091201 Firefox/3.5.6"
95.222.15.7 - - [04/Jan/2010:19:41:44 +0100] "GET /livezilla/images/lz_rep_bg_right.gif HTTP/1.1" 200 590 "http://chat.f-m-shop.de/livezilla/livezilla.php?template=lz_chat_frame.1.1" "Mozilla/5.0 (Windows; U; Windows NT 6.1; de; rv:1.9.1.6) Gecko/20091201 Firefox/3.5.6"
95.222.15.7 - - [04/Jan/2010:19:41:44 +0100] "GET /livezilla/images/button_mail.gif HTTP/1.1" 200 1348 "http://chat.f-m-shop.de/livezilla/livezilla.php?template=lz_chat_frame.3.2.login.0.0" "Mozilla/5.0 (Windows; U; Windows NT 6.1; de; rv:1.9.1.6) Gecko/20091201 Firefox/3.5.6"
95.222.15.7 - - [04/Jan/2010:19:41:44 +0100] "GET /livezilla/images/button_fav.gif HTTP/1.1" 200 1344 "http://chat.f-m-shop.de/livezilla/livezilla.php?template=lz_chat_frame.3.2.login.0.0" "Mozilla/5.0 (Windows; U; Windows NT 6.1; de; rv:1.9.1.6) Gecko/20091201 Firefox/3.5.6"
95.222.15.7 - - [04/Jan/2010:19:41:44 +0100] "GET /livezilla/images/button_close.gif HTTP/1.1" 200 1239 "http://chat.f-m-shop.de/livezilla/livezilla.php?template=lz_chat_frame.3.2.login.0.0" "Mozilla/5.0 (Windows; U; Windows NT 6.1; de; rv:1.9.1.6) Gecko/20091201 Firefox/3.5.6"
95.222.15.7 - - [04/Jan/2010:19:41:44 +0100] "GET /livezilla/images/chat_bg_navigation.gif HTTP/1.1" 200 258 "http://chat.f-m-shop.de/livezilla/templates/style.css" "Mozilla/5.0 (Windows; U; Windows NT 6.1; de; rv:1.9.1.6) Gecko/20091201 Firefox/3.5.6"
95.222.15.7 - - [04/Jan/2010:19:41:44 +0100] "GET /livezilla/images/chat_bg_footer_top.gif HTTP/1.1" 200 858 "http://chat.f-m-shop.de/livezilla/templates/style.css" "Mozilla/5.0 (Windows; U; Windows NT 6.1; de; rv:1.9.1.6) Gecko/20091201 Firefox/3.5.6"
95.222.15.7 - - [04/Jan/2010:19:41:44 +0100] "GET /livezilla/images/icon_info.gif HTTP/1.1" 200 1703 "http://chat.f-m-shop.de/livezilla/livezilla.php?template=lz_chat_frame.3.2.login.1.0&" "Mozilla/5.0 (Windows; U; Windows NT 6.1; de; rv:1.9.1.6) Gecko/20091201 Firefox/3.5.6"
95.222.15.7 - - [04/Jan/2010:19:41:44 +0100] "GET /livezilla/images/icon_network.gif HTTP/1.1" 200 354 "http://chat.f-m-shop.de/livezilla/livezilla.php?template=lz_chat_frame.3.2.login.1.0&" "Mozilla/5.0 (Windows; U; Windows NT 6.1; de; rv:1.9.1.6) Gecko/20091201 Firefox/3.5.6"
95.222.15.7 - - [04/Jan/2010:19:41:44 +0100] "GET /livezilla/images/lz_button.gif HTTP/1.1" 200 838 "http://chat.f-m-shop.de/livezilla/templates/style.css" "Mozilla/5.0 (Windows; U; Windows NT 6.1; de; rv:1.9.1.6) Gecko/20091201 Firefox/3.5.6"
95.222.15.7 - - [04/Jan/2010:19:41:44 +0100] "GET /livezilla/images/chat_bg_navigation_sub.gif HTTP/1.1" 200 76 "http://chat.f-m-shop.de/livezilla/templates/style.css" "Mozilla/5.0 (Windows; U; Windows NT 6.1; de; rv:1.9.1.6) Gecko/20091201 Firefox/3.5.6"
95.222.15.7 - - [04/Jan/2010:19:41:44 +0100] "GET /livezilla/livezilla.php?template=lz_chat_frame.0.2 HTTP/1.1" 200 254 "http://chat.f-m-shop.de/livezilla/livezilla.php" "Mozilla/5.0 (Windows; U; Windows NT 6.1; de; rv:1.9.1.6) Gecko/20091201 Firefox/3.5.6"
95.222.15.7 - - [04/Jan/2010:19:41:44 +0100] "GET /livezilla/images/chat_bg_field.gif HTTP/1.1" 200 121 "http://chat.f-m-shop.de/livezilla/templates/style.css" "Mozilla/5.0 (Windows; U; Windows NT 6.1; de; rv:1.9.1.6) Gecko/20091201 Firefox/3.5.6"
95.222.15.7 - - [04/Jan/2010:19:41:45 +0100] "GET /livezilla/images/lz_button_extra.gif HTTP/1.1" 200 948 "http://chat.f-m-shop.de/livezilla/templates/style.css" "Mozilla/5.0 (Windows; U; Windows NT 6.1; de; rv:1.9.1.6) Gecko/20091201 Firefox/3.5.6"
91.67.45.121 - - [04/Jan/2010:19:41:48 +0100] "GET /livezilla/image.php?id=04 HTTP/1.1" 200 7276 "http://www.eizo4you.de/seiten/prod_detail_neuer.cfm?name=LCD%2022%22%20%20%20EIZO%20FlexScan%20S2202WH%20%20grau&artnr=A%20%2025192&nav=2&kat=MONT22&kat_her=&p_sort=&b_sort=ASC" "Mozilla/5.0 (Windows; U; Windows NT 5.0; de; rv:1.9.1.3) Gecko/20090824 Firefox/3.5.3"
95.222.15.7 - - [04/Jan/2010:19:41:54 +0100] "POST /livezilla/server.php HTTP/1.1" 200 212 "http://chat.f-m-shop.de/livezilla/livezilla.php" "Mozilla/5.0 (Windows; U; Windows NT 6.1; de; rv:1.9.1.6) Gecko/20091201 Firefox/3.5.6"
95.222.15.7 - - [04/Jan/2010:19:41:54 +0100] "GET /livezilla/livezilla.php?template=lz_chat_frame.3.2.mail HTTP/1.1" 200 3993 "http://chat.f-m-shop.de/livezilla/livezilla.php" "Mozilla/5.0 (Windows; U; Windows NT 6.1; de; rv:1.9.1.6) Gecko/20091201 Firefox/3.5.6"
95.222.15.7 - - [04/Jan/2010:19:41:54 +0100] "POST /livezilla/livezilla.php?template=lz_chat_frame.3.2.mail HTTP/1.1" 200 4002 "http://chat.f-m-shop.de/livezilla/livezilla.php?template=lz_chat_frame.3.2.login.1.0&" "Mozilla/5.0 (Windows; U; Windows NT 6.1; de; rv:1.9.1.6) Gecko/20091201 Firefox/3.5.6"
95.222.15.7 - - [04/Jan/2010:19:41:54 +0100] "GET /livezilla/images/button_chat.gif HTTP/1.1" 200 1218 "http://chat.f-m-shop.de/livezilla/livezilla.php?template=lz_chat_frame.3.2.mail" "Mozilla/5.0 (Windows; U; Windows NT 6.1; de; rv:1.9.1.6) Gecko/20091201 Firefox/3.5.6"
95.222.15.7 - - [04/Jan/2010:19:41:54 +0100] "GET /livezilla/images/button_print.gif HTTP/1.1" 200 1183 "http://chat.f-m-shop.de/livezilla/livezilla.php?template=lz_chat_frame.3.2.mail" "Mozilla/5.0 (Windows; U; Windows NT 6.1; de; rv:1.9.1.6) Gecko/20091201 Firefox/3.5.6"
79.214.23.252 - - [04/Jan/2010:19:46:00 +0100] "GET /livezilla/image.php?id=04 HTTP/1.1" 200 7276 "http://www.f-m-shop.de/seiten/prod_detail_neuer.cfm?kat=KOMINT&nav=2&artnr=A%20%2030712" "Opera/9.80 (Windows NT 5.1; U; de) Presto/2.2.15 Version/10.10"
91.1.51.225 - - [04/Jan/2010:19:46:16 +0100] "GET /livezilla/image.php?id=04 HTTP/1.1" 200 7276 "http://www.f-m-shop.de/seiten/prod_detail_neuer.cfm?kat=HDDGEH&nav=2&artnr=A 30323" "Mozilla/4.0 (compatible; MSIE 7.0; Windows NT 5.1; .NET CLR 2.0.50727)"
94.75.121.14 - - [04/Jan/2010:19:47:39 +0100] "GET /livezilla/image.php?id=04 HTTP/1.1" 200 7276 "http://translate.googleusercontent.com/translate_c?hl=pl&langpair=de%7Cpl&u=http://www.f-m-shop.de/seiten/prod_detail_neuer.cfm%3Fkat%3DMONT21%26nav%3D2%26artnr%3DA%2520%252016102&rurl=translate.google.pl&usg=ALkJrhj4TtPD8TCr39AsVseCrsF0XmLnww" "Opera/9.80 (Windows NT 6.1; U; pl) Presto/2.2.15 Version/10.10"
91.1.51.225 - - [04/Jan/2010:19:47:58 +0100] "GET /livezilla/image.php?id=04 HTTP/1.1" 200 7276 "http://www.f-m-shop.de/seiten/prod_detail_neuer.cfm?name=GEH%20%20SYNOLOGY%20DS%2D210j&artnr=A%20%2030323&nav=2&kat=HDDGEH" "Mozilla/4.0 (compatible; MSIE 7.0; Windows NT 5.1; .NET CLR 2.0.50727)"
79.224.49.234 - - [04/Jan/2010:19:48:41 +0100] "GET /livezilla/image.php?id=04 HTTP/1.1" 200 7276 "http://www.f-m-shop.de/seiten/prod_detail_neuer.cfm?kat=MULBOX&nav=2&artnr=A 14457" "Mozilla/4.0 (compatible; MSIE 8.0; Windows NT 6.1; WOW64; Trident/4.0; SLCC2; .NET CLR 2.0.50727; .NET CLR 3.5.30729; .NET CLR 3.0.30729; Media Center PC 6.0; Creative AutoUpdate v1.40.01)"
91.47.3.25 - - [04/Jan/2010:19:49:07 +0100] "GET /livezilla/image.php?id=04 HTTP/1.1" 200 7276 "http://www.f-m-shop.de/seiten/prod_detail_neuer.cfm?kat=INTSATA&nav=2&artnr=A%20%2017496" "Mozilla/5.0 (Windows; U; Windows NT 5.1; de; rv:1.9.1.6) Gecko/20091201 Firefox/3.5.6"
88.71.239.28 - - [04/Jan/2010:19:50:38 +0100] "GET /livezilla/image.php?id=04 HTTP/1.1" 200 7276 "http://www.f-m-shop.de/seiten/prod_detail_neuer.cfm?name=LCD%20TV%20%2058cm%20(23%22)%20Philips%20231T1SB%20schwa&artnr=A%20%2030370&nav=2&kat=HIFLCDTV&kat_her=&p_sort=&b_sort=ASC" "Mozilla/5.0 (Windows; U; Windows NT 5.1; de; rv:1.9.0.16) Gecko/2009120208 Firefox/3.0.16"
92.206.196.80 - - [04/Jan/2010:19:53:19 +0100] "GET /livezilla/image.php?id=04 HTTP/1.1" 200 7276 "http://www.f-m-shop.de/seiten/prod_detail_neuer.cfm?kat=HDDSATA&nav=2&artnr=A%20%2019014" "Mozilla/5.0 (Windows; U; Windows NT 5.1; de; rv:1.9.1.6) Gecko/20091201 Firefox/3.5.6"
78.94.1.113 - - [04/Jan/2010:19:56:21 +0100] "GET /livezilla/image.php?id=04 HTTP/1.1" 200 7276 "http://www.f-m-shop.de/seiten/prod_detail_neuer.cfm?kat=HDDSATA&nav=2&artnr=A%20%2025270" "Mozilla/5.0 (Windows; U; Windows NT 5.1; de; rv:1.9.0.16) Gecko/2009120208 Firefox/3.0.16 (.NET CLR 3.5.30729)"
84.142.79.121 - - [04/Jan/2010:19:56:30 +0100] "GET /livezilla/image.php?id=04 HTTP/1.1" 200 7276 "http://www.eizo4you.de/seiten/prod_detail_neuer.cfm?name=LCD%2022%22%20%20%20EIZO%20CG222W%20%20%20%20%20%20%20%20%20%20%20%20schwarz&artnr=A%20%2023132&nav=2&kat=MONT22&kat_her=&p_sort=&b_sort=ASC" "Mozilla/5.0 (Windows; U; Windows NT 5.1; de; rv:1.9.0.16) Gecko/2009120208 Firefox/3.0.16 (.NET CLR 3.5.30729)"
62.178.168.21 - - [04/Jan/2010:19:58:07 +0100] "GET /livezilla/image.php?id=04 HTTP/1.1" 200 7276 "http://www.f-m-shop.de/seiten/prod_detail_neuer.cfm?kat=MONT24&nav=2&artnr=A 21711" "Mozilla/4.0 (compatible; MSIE 6.0; Windows NT 5.2)"
62.178.168.21 - - [04/Jan/2010:19:59:47 +0100] "GET /livezilla/image.php?id=04 HTTP/1.1" 200 7276 "http://www.f-m-shop.de/seiten/prod_detail_neuer.cfm?name=LCD 30\" EIZO FlexScan SX3031WH schwar&artnr=A%20%2029093&nav=2&kat=MONT30&kat_her=&p_sort=&b_sort=ASC" "Mozilla/4.0 (compatible; MSIE 6.0; Windows NT 5.2)"
84.142.79.121 - - [04/Jan/2010:20:00:10 +0100] "GET /livezilla/image.php?id=04 HTTP/1.1" 200 7276 "http://www.eizo4you.de/seiten/prod_detail_neuer.cfm?name=LCD%2024%22%20%20%20EIZO%20FlexScan%20SX2462WH%20schwarz&artnr=A%20%2029702&nav=2&kat=MONT24&kat_her=&p_sort=&b_sort=ASC" "Mozilla/5.0 (Windows; U; Windows NT 5.1; de; rv:1.9.0.16) Gecko/2009120208 Firefox/3.0.16 (.NET CLR 3.5.30729)"
62.178.168.21 - - [04/Jan/2010:20:00:29 +0100] "GET /livezilla/image.php?id=04 HTTP/1.1" 200 7276 "http://www.f-m-shop.de/seiten/prod_detail_neuer.cfm?kat=MONT24&nav=2&artnr=A 29702" "Mozilla/4.0 (compatible; MSIE 6.0; Windows NT 5.2)"
77.22.92.183 - - [04/Jan/2010:20:01:02 +0100] "GET /livezilla/image.php?id=04 HTTP/1.1" 200 7276 "http://www.f-m-shop.de/seiten/prod_detail_neuer.cfm?kat=MONT22&nav=2&artnr=A 29269" "Mozilla/4.0 (compatible; MSIE 8.0; Windows NT 5.1; Trident/4.0; .NET CLR 1.1.4322; .NET CLR 2.0.50727; .NET CLR 3.0.04506.30; .NET CLR 3.0.04506.648; .NET CLR 3.0.4506.2152; .NET CLR 3.5.30729; OfficeLiveConnector.1.3; OfficeLivePatch.0.0)"
62.178.168.21 - - [04/Jan/2010:20:01:04 +0100] "GET /livezilla/image.php?id=04 HTTP/1.1" 200 7276 "http://www.f-m-shop.de/seiten/prod_detail_neuer.cfm?kat=MONT24&nav=2&artnr=A 29702" "Mozilla/4.0 (compatible; MSIE 6.0; Windows NT 5.2)"
77.22.92.183 - - [04/Jan/2010:20:02:06 +0100] "GET /livezilla/image.php?id=04 HTTP/1.1" 200 7276 "http://www.f-m-shop.de/seiten/prod_detail_neuer.cfm?kat=MONT22&nav=2&artnr=A 29269" "Mozilla/4.0 (compatible; MSIE 8.0; Windows NT 5.1; Trident/4.0; .NET CLR 1.1.4322; .NET CLR 2.0.50727; .NET CLR 3.0.04506.30; .NET CLR 3.0.04506.648; .NET CLR 3.0.4506.2152; .NET CLR 3.5.30729; OfficeLiveConnector.1.3; OfficeLivePatch.0.0)"
62.178.168.21 - - [04/Jan/2010:20:02:06 +0100] "GET /livezilla/image.php?id=04 HTTP/1.1" 200 7276 "http://www.f-m-shop.de/seiten/prod_detail_neuer.cfm?artnr=A%20%2030804&nav=2&kat=MONT24&kat_her=&p_sort=&b_sort=ASC" "Mozilla/4.0 (compatible; MSIE 6.0; Windows NT 5.2)"
62.178.168.21 - - [04/Jan/2010:20:02:50 +0100] "GET /livezilla/image.php?id=04 HTTP/1.1" 200 7276 "http://www.f-m-shop.de/seiten/prod_detail_neuer.cfm?kat=MONT24&nav=2&artnr=A 29702" "Mozilla/4.0 (compatible; MSIE 6.0; Windows NT 5.2)"
93.193.83.40 - - [04/Jan/2010:20:02:57 +0100] "GET /livezilla/image.php?id=04 HTTP/1.1" 200 7276 "http://www.f-m-shop.de/seiten/prod_detail_neuer.cfm?kat=HDDE35&nav=2&artnr=A%20%2027823" "Opera/9.80 (Windows NT 6.0; U; de) Presto/2.2.15 Version/10.10"
88.153.252.251 - - [04/Jan/2010:20:03:01 +0100] "GET /livezilla/image.php?id=04 HTTP/1.1" 200 7276 "http://www.f-m-shop.de/seiten/prod_detail_neuer.cfm?kat=HDDSATA&nav=2&artnr=A%20%2019014" "Mozilla/5.0 (Windows; U; Windows NT 6.0; de; rv:1.9.1.6) Gecko/20091201 Firefox/3.5.6 (.NET CLR 3.5.30729)"
93.104.119.57 - - [04/Jan/2010:20:04:06 +0100] "GET /livezilla/image.php?id=04 HTTP/1.1" 200 7276 "http://www.f-m-shop.de/seiten/prod_detail_neuer.cfm?kat=HIFMEDIA&nav=2&artnr=A%20%2030403" "Mozilla/5.0 (iPhone; U; CPU iPhone OS 3_1_2 like Mac OS X; de-de) AppleWebKit/528.18 (KHTML, like Gecko) Version/4.0 Mobile/7D11 Safari/528.16"
87.123.69.121 - - [04/Jan/2010:20:04:10 +0100] "GET /livezilla/image.php?id=04 HTTP/1.1" 200 7276 "http://www.f-m-shop.de/seiten/prod_detail_neuer.cfm?kat=MONT24&nav=2&artnr=A%20%2029702" "Mozilla/5.0 (Windows; U; Windows NT 6.0; de; rv:1.9.1.6) Gecko/20091201 Firefox/3.5.6 GTB6 (.NET CLR 3.5.30729)"
88.153.252.251 - - [04/Jan/2010:20:04:12 +0100] "GET /livezilla/image.php?id=04 HTTP/1.1" 200 7276 "http://www.f-m-shop.de/seiten/prod_detail_neuer.cfm?kat=HDDSATA&nav=2&artnr=A%20%2019014" "Mozilla/5.0 (Windows; U; Windows NT 6.0; de; rv:1.9.1.6) Gecko/20091201 Firefox/3.5.6 (.NET CLR 3.5.30729)"
84.46.40.76 - - [04/Jan/2010:20:07:05 +0100] "GET /livezilla/image.php?id=04 HTTP/1.1" 200 7276 "http://www.f-m-shop.de/seiten/prod_detail_neuer.cfm?name=LCD%2024%22%20Iiyama%20ProLite%20E2407HDSV%20schwarz&artnr=A%20%2027670&nav=2&kat=MONT24&kat_her=IIYAMA&p_sort=&b_sort=ASC" "Mozilla/5.0 (Windows; U; Windows NT 6.0; en-US; rv:1.9.0.13) Gecko/2009080717 Firefox/3.0.13"
84.46.40.76 - - [04/Jan/2010:20:07:35 +0100] "GET /livezilla/image.php?id=04 HTTP/1.1" 200 7276 "http://www.f-m-shop.de/seiten/prod_detail_neuer.cfm?name=LCD%2024%22%20Iiyama%20ProLite%20E2407HDSV%20schwarz&artnr=A%20%2027670&nav=2&kat=MONT24&kat_her=IIYAMA&p_sort=&b_sort=ASC" "Mozilla/5.0 (Windows; U; Windows NT 6.0; en-US; rv:1.9.0.13) Gecko/2009080717 Firefox/3.0.13"
79.209.47.89 - - [04/Jan/2010:20:09:47 +0100] "GET /livezilla/image.php?id=04 HTTP/1.1" 200 7276 "http://www.f-m-shop.de/seiten/prod_detail_neuer.cfm?kat=MONT22&nav=2&artnr=A%20%2026301" "Mozilla/5.0 (Windows; U; Windows NT 5.1; de; rv:1.9.0.16) Gecko/2009120208 Firefox/3.0.16"
62.178.168.21 - - [04/Jan/2010:20:10:28 +0100] "GET /livezilla/image.php?id=04 HTTP/1.1" 200 7276 "http://www.f-m-shop.de/seiten/prod_detail_neuer.cfm?kat=MONT24&nav=2&artnr=A 21711" "Mozilla/4.0 (compatible; MSIE 6.0; Windows NT 5.2)"
92.72.71.255 - - [04/Jan/2010:20:12:12 +0100] "GET /livezilla/image.php?id=04 HTTP/1.1" 200 7276 "http://www.f-m-shop.de/seiten/prod_detail_neuer.cfm?kat=GRA768X&nav=2&artnr=A%20%2025837" "Mozilla/5.0 (Windows; U; Windows NT 6.1; de; rv:1.9.1.6) Gecko/20091201 Firefox/3.5.6"
62.59.170.169 - - [04/Jan/2010:20:13:27 +0100] "GET /livezilla/image.php?id=04 HTTP/1.1" 200 7276 "http://www.f-m-shop.de/seiten/prod_detail_neuer.cfm?name=LCD%2024,1%22%20EIZO%20FlexScan%20S2433WE%20%20schwarz&artnr=A%20%2029040&nav=2&kat=MONT24&kat_her=&p_sort=&b_sort=ASC" "Mozilla/5.0 (Windows; U; Windows NT 5.1; nl; rv:1.9.1.6) Gecko/20091201 Firefox/3.5.6"
78.60.22.227 - - [04/Jan/2010:20:14:39 +0100] "GET /livezilla/image.php?id=04 HTTP/1.1" 200 7276 "http://www.f-m-shop.de/seiten/prod_detail_neuer.cfm?kat=HDDE35&nav=2&artnr=A%20%2026462" "Mozilla/5.0 (Windows; U; Windows NT 5.1; en-US; rv:1.9.1.4) Gecko/20091029 Firefox/3.5.4 (pigfoot)"
95.103.186.12 - - [04/Jan/2010:20:15:01 +0100] "GET /livezilla/image.php?id=04 HTTP/1.1" 200 7276 "http://www.f-m-shop.de/seiten/prod_detail_neuer.cfm?kat=MONT23&nav=2&artnr=A%20%2029043" "Opera/9.80 (Windows NT 5.1; U; sk) Presto/2.2.15 Version/10.10"
65.46.75.190 - - [04/Jan/2010:20:16:12 +0100] "GET /robots.txt HTTP/1.1" 404 1256 "-" "ShopWiki/1.0 ( +http://www.shopwiki.com/wiki/Help:Bot)"
80.146.61.112 - - [04/Jan/2010:20:20:12 +0100] "GET /livezilla/image.php?id=04 HTTP/1.1" 200 7276 "http://www.f-m-shop.de/seiten/prod_detail_neuer.cfm?kat=HDDGEH&nav=2&artnr=A%20%2026729" "Mozilla/5.0 (X11; U; Linux x86_64; de; rv:1.9.1.6) Gecko/20091215 Ubuntu/9.10 (karmic) Firefox/3.5.6"
80.146.61.112 - - [04/Jan/2010:20:20:21 +0100] "GET /livezilla/image.php?id=04 HTTP/1.1" 200 7276 "http://www.f-m-shop.de/seiten/prod_detail_neuer.cfm?kat=HDDGEH&nav=2&artnr=A%20%2026729" "Mozilla/5.0 (X11; U; Linux x86_64; de; rv:1.9.1.6) Gecko/20091215 Ubuntu/9.10 (karmic) Firefox/3.5.6"
87.178.112.45 - - [04/Jan/2010:20:20:31 +0100] "GET /livezilla/image.php?id=04 HTTP/1.1" 200 7276 "http://www.f-m-shop.de/seiten/prod_detail_neuer.cfm?kat=HIFMEDIA&nav=2&artnr=A 29933" "Mozilla/4.0 (compatible; MSIE 8.0; Windows NT 5.1; Trident/4.0; .NET CLR 2.0.50727; .NET CLR 3.0.04506.648; .NET CLR 3.5.21022)"
84.141.74.190 - - [04/Jan/2010:20:22:14 +0100] "GET /livezilla/image.php?id=04 HTTP/1.1" 200 7276 "http://www.f-m-shop.de/seiten/prod_detail_neuer.cfm?name=EyeTV%20SAT%20von%20Elgato&artnr=A%20%2028452&nav=2&kat=HIFTVCRD&kat_her=&p_sort=&b_sort=ASC" "Mozilla/5.0 (Windows; U; Windows NT 5.1; de; rv:1.9.1.6) Gecko/20091201 Firefox/3.5.6"
80.146.61.112 - - [04/Jan/2010:20:23:11 +0100] "GET /livezilla/image.php?id=04 HTTP/1.1" 200 7276 "http://www.f-m-shop.de/seiten/prod_detail_neuer.cfm?name=ROUTER%20ZYXEL%20Prestige%20660HW%2DD7%20ADSL2%2F2%2B&artnr=A%20%2017946&nav=2&kat=NETWLROU" "Mozilla/5.0 (X11; U; Linux x86_64; de; rv:1.9.1.6) Gecko/20091215 Ubuntu/9.10 (karmic) Firefox/3.5.6"
80.146.61.112 - - [04/Jan/2010:20:28:52 +0100] "GET /livezilla/image.php?id=04 HTTP/1.1" 200 7276 "http://www.f-m-shop.de/seiten/prod_detail_neuer.cfm?kat=HDDGEH&nav=2&artnr=A%20%2026729" "Mozilla/5.0 (Windows; U; Windows NT 6.1; de; rv:1.9.1.6) Gecko/20091201 Firefox/3.5.6"
80.146.61.112 - - [04/Jan/2010:20:29:00 +0100] "GET /livezilla/image.php?id=04 HTTP/1.1" 200 7276 "http://www.f-m-shop.de/seiten/prod_detail_neuer.cfm?kat=HDDGEH&nav=2&artnr=A%20%2026729" "Mozilla/5.0 (Windows; U; Windows NT 6.1; de; rv:1.9.1.6) Gecko/20091201 Firefox/3.5.6"
84.165.91.199 - - [04/Jan/2010:20:29:42 +0100] "GET /livezilla/image.php?id=04 HTTP/1.1" 200 7276 "http://www.f-m-shop.de/seiten/prod_detail_neuer.cfm?kat=KONSPIEL&nav=2&artnr=A 30438" "Mozilla/4.0 (compatible; MSIE 8.0; Windows NT 5.1; Trident/4.0)"
87.159.176.95 - - [04/Jan/2010:20:30:56 +0100] "GET /livezilla/image.php?id=04 HTTP/1.1" 200 7276 "http://www.f-m-shop.de/seiten/prod_detail_neuer.cfm?kat=MONT26&nav=2&artnr=A%20%2024072" "Mozilla/5.0 (Windows; U; Windows NT 6.0; de; rv:1.9.1.6) Gecko/20091201 Firefox/3.5.6 (.NET CLR 3.5.30729)"
151.48.12.12 - - [04/Jan/2010:20:32:20 +0100] "GET /livezilla/image.php?id=04 HTTP/1.1" 200 7276 "http://www.f-m-shop.de/seiten/prod_detail_neuer.cfm?kat=HIFTVCRD&nav=2&artnr=A%20%2028452" "Mozilla/5.0 (Windows; U; Windows NT 5.1; de; rv:1.9.1.6) Gecko/20091201 Firefox/3.5.6 (.NET CLR 3.5.30729)"
88.77.128.193 - - [04/Jan/2010:20:35:18 +0100] "GET /livezilla/image.php?id=04 HTTP/1.1" 200 7276 "http://www.f-m-shop.de/seiten/prod_detail_neuer.cfm?kat=MONT22&nav=2&artnr=A 26713" "Mozilla/4.0 (compatible; MSIE 7.0; TOB 6.07; Windows NT 6.0; Trident/4.0; GTB6.3; SLCC1; .NET CLR 2.0.50727; Media Center PC 5.0; .NET CLR 1.1.4322; .NET CLR 3.5.30729; .NET CLR 3.0.30729)"
78.43.229.90 - - [04/Jan/2010:20:35:22 +0100] "GET /livezilla/image.php?id=04 HTTP/1.1" 200 7276 "http://www.f-m-shop.de/seiten/prod_detail_neuer.cfm?kat=MONT22&nav=2&artnr=A%20%2026713" "Mozilla/5.0 (Windows; U; Windows NT 5.1; de; rv:1.9.1.6) Gecko/20091201 Firefox/3.5.6"
