84.164.85.38 - - [04/Jan/2010:12:20:59 +0100] "GET /livezilla/image.php?id=04 HTTP/1.1" 200 7276 "http://www.f-m-shop.de/seiten/prod_detail_neuer.cfm?name=CTR SCSI ICP GDT8114RZ RAID&artnr=A%20%20%205798&nav=2&kat=XPOSTEN&kat_her=&p_sort=&b_sort=ASC" "Mozilla/4.0 (compatible; MSIE 8.0; Windows NT 5.1; Trident/4.0; GTB6.3; .NET CLR 2.0.50727; .NET CLR 3.0.4506.2152; .NET CLR 3.5.30729; Creative AutoUpdate v1.40.01)"
192.168.10.10 - - [04/Jan/2010:12:20:18 +0100] "POST /livezilla/server.php?acid=0257b HTTP/1.1" 200 - "-" "LiveZilla 3.1.7.7 [http://www.livezilla.net]"
192.168.10.13 - - [04/Jan/2010:12:20:18 +0100] "POST /livezilla/server.php?acid=f85cf HTTP/1.1" 200 - "-" "LiveZilla 3.1.7.7 [http://www.livezilla.net]"
84.164.85.38 - - [04/Jan/2010:12:21:22 +0100] "GET /livezilla/image.php?id=04 HTTP/1.1" 200 7276 "http://www.f-m-shop.de/seiten/prod_detail_neuer.cfm?name=Barbone ASUS Pundit3-P5G31 schwarz&artnr=A%20%2025642&nav=2&kat=XPOSTEN&kat_her=&p_sort=&b_sort=ASC" "Mozilla/4.0 (compatible; MSIE 8.0; Windows NT 5.1; Trident/4.0; GTB6.3; .NET CLR 2.0.50727; .NET CLR 3.0.4506.2152; .NET CLR 3.5.30729; Creative AutoUpdate v1.40.01)"
192.168.10.10 - - [04/Jan/2010:12:21:06 +0100] "POST /livezilla/server.php?acid=6bb0c HTTP/1.1" 200 - "-" "LiveZilla 3.1.7.7 [http://www.livezilla.net]"
192.168.10.13 - - [04/Jan/2010:12:21:06 +0100] "POST /livezilla/server.php?acid=6ea76 HTTP/1.1" 200 - "-" "LiveZilla 3.1.7.7 [http://www.livezilla.net]"
151.48.126.92 - - [04/Jan/2010:12:22:32 +0100] "GET /livezilla/image.php?id=04 HTTP/1.1" 200 7276 "http://www.f-m-shop.de/seiten/prod_detail_neuer.cfm?name=LCD%2024%22%20Iiyama%20ProLite%20E2407HDSV%20schwarz&artnr=A%20%2027670&nav=2&kat=MONT24&kat_her=&p_sort=&b_sort=ASC" "Opera/9.80 (Windows NT 5.1; U; it) Presto/2.2.15 Version/10.10"
192.168.10.10 - - [04/Jan/2010:12:21:54 +0100] "POST /livezilla/server.php?acid=9c0e5 HTTP/1.1" 200 - "-" "LiveZilla 3.1.7.7 [http://www.livezilla.net]"
192.168.10.13 - - [04/Jan/2010:12:21:54 +0100] "POST /livezilla/server.php?acid=6cb61 HTTP/1.1" 200 - "-" "LiveZilla 3.1.7.7 [http://www.livezilla.net]"
151.48.126.92 - - [04/Jan/2010:12:22:50 +0100] "GET /livezilla/image.php?id=04 HTTP/1.1" 200 7276 "http://www.f-m-shop.de/seiten/prod_detail_neuer.cfm?name=LCD%2024%22%20Iiyama%20ProLite%20E2407HDSV%20schwarz&artnr=A%20%2027670&nav=2&kat=MONT24&kat_her=&p_sort=&b_sort=ASC" "Opera/9.80 (Windows NT 5.1; U; it) Presto/2.2.15 Version/10.10"
151.48.126.92 - - [04/Jan/2010:12:23:16 +0100] "GET /livezilla/image.php?id=04 HTTP/1.1" 200 7276 "http://www.f-m-shop.de/seiten/prod_detail_neuer.cfm?name=LCD%2024%22%20Iiyama%20ProLite%20E2407HDSV%20schwarz&artnr=A%20%2027670&nav=2&kat=MONT24&kat_her=&p_sort=&b_sort=ASC" "Opera/9.80 (Windows NT 5.1; U; it) Presto/2.2.15 Version/10.10"
192.168.10.10 - - [04/Jan/2010:12:22:43 +0100] "POST /livezilla/server.php?acid=72e18 HTTP/1.1" 200 - "-" "LiveZilla 3.1.7.7 [http://www.livezilla.net]"
192.168.10.13 - - [04/Jan/2010:12:22:43 +0100] "POST /livezilla/server.php?acid=705df HTTP/1.1" 200 - "-" "LiveZilla 3.1.7.7 [http://www.livezilla.net]"
192.168.10.10 - - [04/Jan/2010:12:23:31 +0100] "POST /livezilla/server.php?acid=060ca HTTP/1.1" 200 - "-" "LiveZilla 3.1.7.7 [http://www.livezilla.net]"
192.168.10.13 - - [04/Jan/2010:12:23:31 +0100] "POST /livezilla/server.php?acid=fab40 HTTP/1.1" 200 - "-" "LiveZilla 3.1.7.7 [http://www.livezilla.net]"
212.185.178.136 - - [04/Jan/2010:12:25:00 +0100] "GET /livezilla/image.php?id=04 HTTP/1.1" 200 7276 "http://www.eizo4you.de/seiten/prod_detail_neuer.cfm?name=LCD TV 55cm (22\") LG Flatron M227WDP&artnr=A%20%2030549&nav=2&kat=HIFLCDTV&kat_her=&p_sort=&b_sort=ASC" "Mozilla/4.0 (compatible; MSIE 6.0; Windows NT 5.1; SV1; InfoPath.1; .NET CLR 1.1.4322; .NET CLR 2.0.50727)"
192.168.10.10 - - [04/Jan/2010:12:24:19 +0100] "POST /livezilla/server.php?acid=218a9 HTTP/1.1" 200 - "-" "LiveZilla 3.1.7.7 [http://www.livezilla.net]"
192.168.10.13 - - [04/Jan/2010:12:24:19 +0100] "POST /livezilla/server.php?acid=f7942 HTTP/1.1" 200 - "-" "LiveZilla 3.1.7.7 [http://www.livezilla.net]"
88.130.69.168 - - [04/Jan/2010:12:25:34 +0100] "GET /livezilla/image.php?id=04 HTTP/1.1" 200 7276 "http://www.f-m-shop.de/seiten/prod_detail_neuer.cfm?kat=NOTB07&nav=2&artnr=A 30290" "Mozilla/4.0 (compatible; MSIE 7.0; Windows NT 6.0; SLCC1; .NET CLR 2.0.50727; Media Center PC 5.0; .NET CLR 3.5.30729; .NET CLR 3.0.30618)"
192.168.10.10 - - [04/Jan/2010:12:25:08 +0100] "POST /livezilla/server.php?acid=9cfa2 HTTP/1.1" 200 - "-" "LiveZilla 3.1.7.7 [http://www.livezilla.net]"
192.168.10.13 - - [04/Jan/2010:12:25:08 +0100] "POST /livezilla/server.php?acid=35367 HTTP/1.1" 200 - "-" "LiveZilla 3.1.7.7 [http://www.livezilla.net]"
192.168.10.10 - - [04/Jan/2010:12:25:56 +0100] "POST /livezilla/server.php?acid=be146 HTTP/1.1" 200 - "-" "LiveZilla 3.1.7.7 [http://www.livezilla.net]"
192.168.10.13 - - [04/Jan/2010:12:25:56 +0100] "POST /livezilla/server.php?acid=d1c6c HTTP/1.1" 200 - "-" "LiveZilla 3.1.7.7 [http://www.livezilla.net]"
192.168.10.10 - - [04/Jan/2010:12:26:44 +0100] "POST /livezilla/server.php?acid=3bb57 HTTP/1.1" 200 - "-" "LiveZilla 3.1.7.7 [http://www.livezilla.net]"
192.168.10.13 - - [04/Jan/2010:12:26:44 +0100] "POST /livezilla/server.php?acid=eb4b2 HTTP/1.1" 200 - "-" "LiveZilla 3.1.7.7 [http://www.livezilla.net]"
217.225.253.157 - - [04/Jan/2010:12:27:33 +0100] "GET /livezilla/image.php?id=04 HTTP/1.1" 200 7276 "http://www.f-m-shop.de/seiten/prod_detail_neuer.cfm?kat=MEDMEMO&nav=2&artnr=A%20%2027908" "Mozilla/5.0 (Windows; U; Windows NT 5.1; de; rv:1.9.1.6) Gecko/20091201 Firefox/3.5.6"
192.168.10.13 - - [04/Jan/2010:12:27:33 +0100] "POST /livezilla/server.php?acid=b25ac HTTP/1.1" 200 - "-" "LiveZilla 3.1.7.7 [http://www.livezilla.net]"
192.168.10.10 - - [04/Jan/2010:12:27:32 +0100] "POST /livezilla/server.php?acid=0a33f HTTP/1.1" 200 - "-" "LiveZilla 3.1.7.7 [http://www.livezilla.net]"
87.234.216.250 - - [04/Jan/2010:12:28:51 +0100] "GET /livezilla/image.php?id=04 HTTP/1.1" 200 7276 "http://www.f-m-shop.de/seiten/prod_detail_neuer.cfm?kat=HIFMP3&nav=2&artnr=A 13998" "Mozilla/4.0 (compatible; MSIE 8.0; Windows NT 5.1; Trident/4.0; .NET CLR 1.1.4322; .NET CLR 2.0.50727; .NET CLR 3.0.04506.30; .NET CLR 3.0.04506.648; .NET CLR 3.0.4506.2152; .NET CLR 3.5.30729)"
192.168.10.13 - - [04/Jan/2010:12:28:21 +0100] "POST /livezilla/server.php?acid=c0e56 HTTP/1.1" 200 - "-" "LiveZilla 3.1.7.7 [http://www.livezilla.net]"
192.168.10.10 - - [04/Jan/2010:12:28:21 +0100] "POST /livezilla/server.php?acid=5ebd7 HTTP/1.1" 200 - "-" "LiveZilla 3.1.7.7 [http://www.livezilla.net]"
151.48.126.92 - - [04/Jan/2010:12:29:25 +0100] "GET /livezilla/image.php?id=04 HTTP/1.1" 200 7276 "http://www.f-m-shop.de/seiten/prod_detail_neuer.cfm?name=LCD%2024,1%22%20EIZO%20FlexScan%20S2433WE%20%20grau&artnr=A%20%2029042&nav=2&kat=MONT24&kat_her=&p_sort=&b_sort=ASC" "Opera/9.80 (Windows NT 5.1; U; it) Presto/2.2.15 Version/10.10"
151.48.126.92 - - [04/Jan/2010:12:29:38 +0100] "GET /livezilla/image.php?id=04 HTTP/1.1" 200 7276 "http://www.f-m-shop.de/seiten/prod_detail_neuer.cfm?name=LCD%2024,1%22%20EIZO%20FlexScan%20S2433WH%20%20schwarz&artnr=A%20%2029039&nav=2&kat=MONT24&kat_her=&p_sort=&b_sort=ASC" "Opera/9.80 (Windows NT 5.1; U; it) Presto/2.2.15 Version/10.10"
79.214.182.101 - - [04/Jan/2010:12:29:51 +0100] "GET /livezilla/image.php?id=04 HTTP/1.1" 200 7276 "http://www.f-m-shop.de/seiten/prod_detail_neuer.cfm?kat=NOTPZBH&nav=2&artnr=A%20%2010881" "Mozilla/5.0 (Windows; U; Windows NT 6.1; de; rv:1.9.1.6) Gecko/20091201 Firefox/3.5.6 (.NET CLR 3.5.30729)"
192.168.10.10 - - [04/Jan/2010:12:29:09 +0100] "POST /livezilla/server.php?acid=70ab2 HTTP/1.1" 200 - "-" "LiveZilla 3.1.7.7 [http://www.livezilla.net]"
192.168.10.13 - - [04/Jan/2010:12:29:09 +0100] "POST /livezilla/server.php?acid=ce0cd HTTP/1.1" 200 - "-" "LiveZilla 3.1.7.7 [http://www.livezilla.net]"
151.48.126.92 - - [04/Jan/2010:12:30:14 +0100] "GET /livezilla/image.php?id=04 HTTP/1.1" 200 7276 "http://www.f-m-shop.de/seiten/prod_detail_neuer.cfm?name=LCD%2024,1%22%20EIZO%20FlexScan%20S2433WE%20%20schwarz&artnr=A%20%2029040&nav=2&kat=MONT24&kat_her=&p_sort=&b_sort=ASC" "Opera/9.80 (Windows NT 5.1; U; it) Presto/2.2.15 Version/10.10"
192.168.10.10 - - [04/Jan/2010:12:29:58 +0100] "POST /livezilla/server.php?acid=87024 HTTP/1.1" 200 - "-" "LiveZilla 3.1.7.7 [http://www.livezilla.net]"
192.168.10.13 - - [04/Jan/2010:12:29:58 +0100] "POST /livezilla/server.php?acid=d542d HTTP/1.1" 200 - "-" "LiveZilla 3.1.7.7 [http://www.livezilla.net]"
151.48.126.92 - - [04/Jan/2010:12:30:47 +0100] "GET /livezilla/image.php?id=04 HTTP/1.1" 200 7276 "http://www.f-m-shop.de/seiten/prod_detail_neuer.cfm?name=LCD%2024,1%22%20EIZO%20FlexScan%20S2433WH%20%20schwarz&artnr=A%20%2029039&nav=2&kat=MONT24&kat_her=&p_sort=&b_sort=ASC" "Opera/9.80 (Windows NT 5.1; U; it) Presto/2.2.15 Version/10.10"
77.188.158.2 - - [04/Jan/2010:12:31:07 +0100] "GET /livezilla/image.php?id=04 HTTP/1.1" 200 7276 "http://www.f-m-shop.de/seiten/prod_detail_neuer.cfm?kat=HDDETH&nav=2&artnr=A%20%2023381" "Mozilla/5.0 (Windows; U; Windows NT 6.1; de; rv:1.9.1.6) Gecko/20091201 Firefox/3.5.6"
192.168.10.10 - - [04/Jan/2010:12:30:46 +0100] "POST /livezilla/server.php?acid=85f4b HTTP/1.1" 200 - "-" "LiveZilla 3.1.7.7 [http://www.livezilla.net]"
192.168.10.13 - - [04/Jan/2010:12:30:46 +0100] "POST /livezilla/server.php?acid=0e507 HTTP/1.1" 200 - "-" "LiveZilla 3.1.7.7 [http://www.livezilla.net]"
192.168.10.10 - - [04/Jan/2010:12:31:34 +0100] "POST /livezilla/server.php?acid=77cc6 HTTP/1.1" 200 - "-" "LiveZilla 3.1.7.7 [http://www.livezilla.net]"
192.168.10.13 - - [04/Jan/2010:12:31:34 +0100] "POST /livezilla/server.php?acid=3e879 HTTP/1.1" 200 - "-" "LiveZilla 3.1.7.7 [http://www.livezilla.net]"
213.157.9.242 - - [04/Jan/2010:12:32:30 +0100] "GET /livezilla/image.php?id=04 HTTP/1.1" 200 7276 "http://www.f-m-shop.de/seiten/prod_detail_neuer.cfm?kat=MONT22&nav=2&artnr=A%20%2029272" "Mozilla/5.0 (Windows; U; Windows NT 5.1; de; rv:1.9.1.5) Gecko/20091102 Firefox/3.5.5"
91.89.85.45 - - [04/Jan/2010:12:32:34 +0100] "GET /livezilla/image.php?id=04 HTTP/1.1" 200 7276 "http://www.f-m-shop.de/seiten/prod_detail_neuer.cfm?kat=HDDGEH&nav=2&artnr=A%20%2026729" "Mozilla/5.0 (Windows; U; Windows NT 5.1; de; rv:1.9.1.6) Gecko/20091201 Firefox/3.5.6 (.NET CLR 3.5.30729)"
79.140.181.118 - - [04/Jan/2010:12:33:02 +0100] "GET /livezilla/image.php?id=04 HTTP/1.1" 200 7276 "http://www.f-m-shop.de/seiten/prod_detail_neuer.cfm?kat=MONT26&nav=2&artnr=A%20%2026343" "Mozilla/5.0 (Windows; U; Windows NT 5.0; de; rv:1.9.0.6) Gecko/2009011913 Firefox/3.0.6"
192.168.10.10 - - [04/Jan/2010:12:32:23 +0100] "POST /livezilla/server.php?acid=394c0 HTTP/1.1" 200 - "-" "LiveZilla 3.1.7.7 [http://www.livezilla.net]"
192.168.10.13 - - [04/Jan/2010:12:32:23 +0100] "POST /livezilla/server.php?acid=c324f HTTP/1.1" 200 - "-" "LiveZilla 3.1.7.7 [http://www.livezilla.net]"
87.169.200.94 - - [04/Jan/2010:12:33:20 +0100] "GET /livezilla/image.php?id=04 HTTP/1.1" 200 7276 "http://www.f-m-shop.de/seiten/prod_detail_neuer.cfm?kat=MONT22&nav=2&artnr=A%20%2023132" "Opera/9.64 (Windows NT 5.1; U; de) Presto/2.1.1"
91.89.85.45 - - [04/Jan/2010:12:33:21 +0100] "GET /livezilla/templates/style.css HTTP/1.1" 200 8998 "http://chat.f-m-shop.de/livezilla/livezilla.php" "Mozilla/5.0 (Windows; U; Windows NT 5.1; de; rv:1.9.1.6) Gecko/20091201 Firefox/3.5.6 (.NET CLR 3.5.30729)"
91.89.85.45 - - [04/Jan/2010:12:33:21 +0100] "GET /livezilla/livezilla.php HTTP/1.1" 200 72007 "http://www.f-m-shop.de/seiten/prod_detail_neuer.cfm?kat=HDDGEH&nav=2&artnr=A%20%2026729" "Mozilla/5.0 (Windows; U; Windows NT 5.1; de; rv:1.9.1.6) Gecko/20091201 Firefox/3.5.6 (.NET CLR 3.5.30729)"
91.89.85.45 - - [04/Jan/2010:12:33:21 +0100] "GET /livezilla/images/favicon.ico HTTP/1.1" 200 43302 "-" "Mozilla/5.0 (Windows; U; Windows NT 5.1; de; rv:1.9.1.6) Gecko/20091201 Firefox/3.5.6 (.NET CLR 3.5.30729)"
91.89.85.45 - - [04/Jan/2010:12:33:21 +0100] "GET /livezilla/livezilla.php?template=lz_chat_frame.0.1 HTTP/1.1" 200 277 "http://chat.f-m-shop.de/livezilla/livezilla.php" "Mozilla/5.0 (Windows; U; Windows NT 5.1; de; rv:1.9.1.6) Gecko/20091201 Firefox/3.5.6 (.NET CLR 3.5.30729)"
91.89.85.45 - - [04/Jan/2010:12:33:21 +0100] "GET /livezilla/livezilla.php?template=lz_chat_frame.2.0 HTTP/1.1" 200 263 "http://chat.f-m-shop.de/livezilla/livezilla.php" "Mozilla/5.0 (Windows; U; Windows NT 5.1; de; rv:1.9.1.6) Gecko/20091201 Firefox/3.5.6 (.NET CLR 3.5.30729)"
91.89.85.45 - - [04/Jan/2010:12:33:21 +0100] "GET /livezilla/livezilla.php?template=lz_chat_frame.1.1 HTTP/1.1" 200 2257 "http://chat.f-m-shop.de/livezilla/livezilla.php" "Mozilla/5.0 (Windows; U; Windows NT 5.1; de; rv:1.9.1.6) Gecko/20091201 Firefox/3.5.6 (.NET CLR 3.5.30729)"
91.89.85.45 - - [04/Jan/2010:12:33:22 +0100] "GET /livezilla/livezilla.php?template=lz_chat_frame.3.2.login& HTTP/1.1" 200 1019 "http://chat.f-m-shop.de/livezilla/livezilla.php" "Mozilla/5.0 (Windows; U; Windows NT 5.1; de; rv:1.9.1.6) Gecko/20091201 Firefox/3.5.6 (.NET CLR 3.5.30729)"
91.89.85.45 - - [04/Jan/2010:12:33:22 +0100] "GET /livezilla/livezilla.php?template=lz_chat_frame.4.1 HTTP/1.1" 200 455 "http://chat.f-m-shop.de/livezilla/livezilla.php" "Mozilla/5.0 (Windows; U; Windows NT 5.1; de; rv:1.9.1.6) Gecko/20091201 Firefox/3.5.6 (.NET CLR 3.5.30729)"
91.89.85.45 - - [04/Jan/2010:12:33:22 +0100] "GET /livezilla/livezilla.php?template=lz_chat_frame.1.2 HTTP/1.1" 200 264 "http://chat.f-m-shop.de/livezilla/livezilla.php" "Mozilla/5.0 (Windows; U; Windows NT 5.1; de; rv:1.9.1.6) Gecko/20091201 Firefox/3.5.6 (.NET CLR 3.5.30729)"
91.89.85.45 - - [04/Jan/2010:12:33:22 +0100] "GET /livezilla/livezilla.php?template=lz_chat_frame.2.2 HTTP/1.1" 200 264 "http://chat.f-m-shop.de/livezilla/livezilla.php" "Mozilla/5.0 (Windows; U; Windows NT 5.1; de; rv:1.9.1.6) Gecko/20091201 Firefox/3.5.6 (.NET CLR 3.5.30729)"
91.89.85.45 - - [04/Jan/2010:12:33:22 +0100] "GET /livezilla/livezilla.php?template=lz_chat_frame.5.1 HTTP/1.1" 200 265 "http://chat.f-m-shop.de/livezilla/livezilla.php" "Mozilla/5.0 (Windows; U; Windows NT 5.1; de; rv:1.9.1.6) Gecko/20091201 Firefox/3.5.6 (.NET CLR 3.5.30729)"
91.89.85.45 - - [04/Jan/2010:12:33:22 +0100] "GET /livezilla/livezilla.php?template=lz_chat_frame.0.2 HTTP/1.1" 200 254 "http://chat.f-m-shop.de/livezilla/livezilla.php" "Mozilla/5.0 (Windows; U; Windows NT 5.1; de; rv:1.9.1.6) Gecko/20091201 Firefox/3.5.6 (.NET CLR 3.5.30729)"
91.89.85.45 - - [04/Jan/2010:12:33:22 +0100] "GET /livezilla/livezilla.php?template=lz_chat_frame.3.0 HTTP/1.1" 200 240 "http://chat.f-m-shop.de/livezilla/livezilla.php" "Mozilla/5.0 (Windows; U; Windows NT 5.1; de; rv:1.9.1.6) Gecko/20091201 Firefox/3.5.6 (.NET CLR 3.5.30729)"
91.89.85.45 - - [04/Jan/2010:12:33:23 +0100] "GET /livezilla/livezilla.php?template=lz_chat_frame.3.2.login.2.0 HTTP/1.1" 200 277 "http://chat.f-m-shop.de/livezilla/livezilla.php?template=lz_chat_frame.3.2.login&" "Mozilla/5.0 (Windows; U; Windows NT 5.1; de; rv:1.9.1.6) Gecko/20091201 Firefox/3.5.6 (.NET CLR 3.5.30729)"
91.89.85.45 - - [04/Jan/2010:12:33:23 +0100] "GET /livezilla/livezilla.php?template=lz_chat_frame.3.2.login.0.0 HTTP/1.1" 200 1563 "http://chat.f-m-shop.de/livezilla/livezilla.php?template=lz_chat_frame.3.2.login&" "Mozilla/5.0 (Windows; U; Windows NT 5.1; de; rv:1.9.1.6) Gecko/20091201 Firefox/3.5.6 (.NET CLR 3.5.30729)"
91.89.85.45 - - [04/Jan/2010:12:33:23 +0100] "GET /livezilla/images/icon_vcard.gif HTTP/1.1" 200 559 "http://chat.f-m-shop.de/livezilla/livezilla.php?template=lz_chat_frame.1.1" "Mozilla/5.0 (Windows; U; Windows NT 5.1; de; rv:1.9.1.6) Gecko/20091201 Firefox/3.5.6 (.NET CLR 3.5.30729)"
91.89.85.45 - - [04/Jan/2010:12:33:23 +0100] "GET /livezilla/images/icon_typing.gif HTTP/1.1" 200 1106 "http://chat.f-m-shop.de/livezilla/livezilla.php?template=lz_chat_frame.1.1" "Mozilla/5.0 (Windows; U; Windows NT 5.1; de; rv:1.9.1.6) Gecko/20091201 Firefox/3.5.6 (.NET CLR 3.5.30729)"
91.89.85.45 - - [04/Jan/2010:12:33:23 +0100] "GET /livezilla/intern_images/nopic.jpg HTTP/1.1" 200 3599 "http://chat.f-m-shop.de/livezilla/livezilla.php?template=lz_chat_frame.1.1" "Mozilla/5.0 (Windows; U; Windows NT 5.1; de; rv:1.9.1.6) Gecko/20091201 Firefox/3.5.6 (.NET CLR 3.5.30729)"
91.89.85.45 - - [04/Jan/2010:12:33:23 +0100] "GET /livezilla/images/lz_header.gif HTTP/1.1" 200 7285 "http://chat.f-m-shop.de/livezilla/livezilla.php?template=lz_chat_frame.1.1" "Mozilla/5.0 (Windows; U; Windows NT 5.1; de; rv:1.9.1.6) Gecko/20091201 Firefox/3.5.6 (.NET CLR 3.5.30729)"
91.89.85.45 - - [04/Jan/2010:12:33:21 +0100] "GET /livezilla/livezilla.php?template=lz_chat_frame.1.0 HTTP/1.1" 200 279 "http://chat.f-m-shop.de/livezilla/livezilla.php" "Mozilla/5.0 (Windows; U; Windows NT 5.1; de; rv:1.9.1.6) Gecko/20091201 Firefox/3.5.6 (.NET CLR 3.5.30729)"
91.89.85.45 - - [04/Jan/2010:12:33:23 +0100] "GET /livezilla/images/chat_bg_navigation_left.gif HTTP/1.1" 200 1078 "http://chat.f-m-shop.de/livezilla/livezilla.php?template=lz_chat_frame.3.2.login.0.0" "Mozilla/5.0 (Windows; U; Windows NT 5.1; de; rv:1.9.1.6) Gecko/20091201 Firefox/3.5.6 (.NET CLR 3.5.30729)"
91.89.85.45 - - [04/Jan/2010:12:33:23 +0100] "GET /livezilla/images/chat_bg_navigation_dev.gif HTTP/1.1" 200 367 "http://chat.f-m-shop.de/livezilla/livezilla.php?template=lz_chat_frame.3.2.login.0.0" "Mozilla/5.0 (Windows; U; Windows NT 5.1; de; rv:1.9.1.6) Gecko/20091201 Firefox/3.5.6 (.NET CLR 3.5.30729)"
91.89.85.45 - - [04/Jan/2010:12:33:23 +0100] "GET /livezilla/images/chat_bg_navigation_right.gif HTTP/1.1" 200 675 "http://chat.f-m-shop.de/livezilla/livezilla.php?template=lz_chat_frame.3.2.login.0.0" "Mozilla/5.0 (Windows; U; Windows NT 5.1; de; rv:1.9.1.6) Gecko/20091201 Firefox/3.5.6 (.NET CLR 3.5.30729)"
91.89.85.45 - - [04/Jan/2010:12:33:23 +0100] "GET /livezilla/livezilla.php?template=lz_chat_frame.3.3 HTTP/1.1" 200 239 "http://chat.f-m-shop.de/livezilla/livezilla.php" "Mozilla/5.0 (Windows; U; Windows NT 5.1; de; rv:1.9.1.6) Gecko/20091201 Firefox/3.5.6 (.NET CLR 3.5.30729)"
91.89.85.45 - - [04/Jan/2010:12:33:23 +0100] "GET /livezilla/images/carrier_logo.gif HTTP/1.1" 200 6003 "http://chat.f-m-shop.de/livezilla/livezilla.php?template=lz_chat_frame.1.1" "Mozilla/5.0 (Windows; U; Windows NT 5.1; de; rv:1.9.1.6) Gecko/20091201 Firefox/3.5.6 (.NET CLR 3.5.30729)"
91.89.85.45 - - [04/Jan/2010:12:33:21 +0100] "GET /livezilla/livezilla.php?template=lz_chat_frame.0.0 HTTP/1.1" 200 259 "http://chat.f-m-shop.de/livezilla/livezilla.php" "Mozilla/5.0 (Windows; U; Windows NT 5.1; de; rv:1.9.1.6) Gecko/20091201 Firefox/3.5.6 (.NET CLR 3.5.30729)"
91.89.85.45 - - [04/Jan/2010:12:33:23 +0100] "GET /livezilla/images/lz_rep_bg_left.gif HTTP/1.1" 200 593 "http://chat.f-m-shop.de/livezilla/livezilla.php?template=lz_chat_frame.1.1" "Mozilla/5.0 (Windows; U; Windows NT 5.1; de; rv:1.9.1.6) Gecko/20091201 Firefox/3.5.6 (.NET CLR 3.5.30729)"
91.89.85.45 - - [04/Jan/2010:12:33:23 +0100] "GET /livezilla/images/lz_rep_bg.gif HTTP/1.1" 200 320 "http://chat.f-m-shop.de/livezilla/livezilla.php?template=lz_chat_frame.1.1" "Mozilla/5.0 (Windows; U; Windows NT 5.1; de; rv:1.9.1.6) Gecko/20091201 Firefox/3.5.6 (.NET CLR 3.5.30729)"
91.89.85.45 - - [04/Jan/2010:12:33:23 +0100] "GET /livezilla/livezilla.php?template=lz_chat_frame.3.2.login.1.0& HTTP/1.1" 200 2939 "http://chat.f-m-shop.de/livezilla/livezilla.php?template=lz_chat_frame.3.2.login&" "Mozilla/5.0 (Windows; U; Windows NT 5.1; de; rv:1.9.1.6) Gecko/20091201 Firefox/3.5.6 (.NET CLR 3.5.30729)"
91.89.85.45 - - [04/Jan/2010:12:33:23 +0100] "GET /livezilla/images/lz_rep_bg_right.gif HTTP/1.1" 200 590 "http://chat.f-m-shop.de/livezilla/livezilla.php?template=lz_chat_frame.1.1" "Mozilla/5.0 (Windows; U; Windows NT 5.1; de; rv:1.9.1.6) Gecko/20091201 Firefox/3.5.6 (.NET CLR 3.5.30729)"
91.89.85.45 - - [04/Jan/2010:12:33:23 +0100] "GET /livezilla/images/chat_bg_footer.gif HTTP/1.1" 200 194 "http://chat.f-m-shop.de/livezilla/templates/style.css" "Mozilla/5.0 (Windows; U; Windows NT 5.1; de; rv:1.9.1.6) Gecko/20091201 Firefox/3.5.6 (.NET CLR 3.5.30729)"
91.89.85.45 - - [04/Jan/2010:12:33:24 +0100] "GET /livezilla/images/button_mail.gif HTTP/1.1" 200 1348 "http://chat.f-m-shop.de/livezilla/livezilla.php?template=lz_chat_frame.3.2.login.0.0" "Mozilla/5.0 (Windows; U; Windows NT 5.1; de; rv:1.9.1.6) Gecko/20091201 Firefox/3.5.6 (.NET CLR 3.5.30729)"
91.89.85.45 - - [04/Jan/2010:12:33:24 +0100] "GET /livezilla/images/button_fav.gif HTTP/1.1" 200 1344 "http://chat.f-m-shop.de/livezilla/livezilla.php?template=lz_chat_frame.3.2.login.0.0" "Mozilla/5.0 (Windows; U; Windows NT 5.1; de; rv:1.9.1.6) Gecko/20091201 Firefox/3.5.6 (.NET CLR 3.5.30729)"
91.89.85.45 - - [04/Jan/2010:12:33:24 +0100] "GET /livezilla/images/button_close.gif HTTP/1.1" 200 1239 "http://chat.f-m-shop.de/livezilla/livezilla.php?template=lz_chat_frame.3.2.login.0.0" "Mozilla/5.0 (Windows; U; Windows NT 5.1; de; rv:1.9.1.6) Gecko/20091201 Firefox/3.5.6 (.NET CLR 3.5.30729)"
91.89.85.45 - - [04/Jan/2010:12:33:24 +0100] "GET /livezilla/images/chat_bg_footer_top.gif HTTP/1.1" 200 858 "http://chat.f-m-shop.de/livezilla/templates/style.css" "Mozilla/5.0 (Windows; U; Windows NT 5.1; de; rv:1.9.1.6) Gecko/20091201 Firefox/3.5.6 (.NET CLR 3.5.30729)"
91.89.85.45 - - [04/Jan/2010:12:33:24 +0100] "GET /livezilla/images/icon_info.gif HTTP/1.1" 200 1703 "http://chat.f-m-shop.de/livezilla/livezilla.php?template=lz_chat_frame.3.2.login.1.0&" "Mozilla/5.0 (Windows; U; Windows NT 5.1; de; rv:1.9.1.6) Gecko/20091201 Firefox/3.5.6 (.NET CLR 3.5.30729)"
91.89.85.45 - - [04/Jan/2010:12:33:24 +0100] "GET /livezilla/images/icon_network.gif HTTP/1.1" 200 354 "http://chat.f-m-shop.de/livezilla/livezilla.php?template=lz_chat_frame.3.2.login.1.0&" "Mozilla/5.0 (Windows; U; Windows NT 5.1; de; rv:1.9.1.6) Gecko/20091201 Firefox/3.5.6 (.NET CLR 3.5.30729)"
91.89.85.45 - - [04/Jan/2010:12:33:24 +0100] "GET /livezilla/images/chat_bg_navigation.gif HTTP/1.1" 200 258 "http://chat.f-m-shop.de/livezilla/templates/style.css" "Mozilla/5.0 (Windows; U; Windows NT 5.1; de; rv:1.9.1.6) Gecko/20091201 Firefox/3.5.6 (.NET CLR 3.5.30729)"
91.89.85.45 - - [04/Jan/2010:12:33:24 +0100] "GET /livezilla/images/lz_button.gif HTTP/1.1" 200 838 "http://chat.f-m-shop.de/livezilla/templates/style.css" "Mozilla/5.0 (Windows; U; Windows NT 5.1; de; rv:1.9.1.6) Gecko/20091201 Firefox/3.5.6 (.NET CLR 3.5.30729)"
91.89.85.45 - - [04/Jan/2010:12:33:24 +0100] "GET /livezilla/images/chat_bg_field.gif HTTP/1.1" 200 121 "http://chat.f-m-shop.de/livezilla/templates/style.css" "Mozilla/5.0 (Windows; U; Windows NT 5.1; de; rv:1.9.1.6) Gecko/20091201 Firefox/3.5.6 (.NET CLR 3.5.30729)"
91.89.85.45 - - [04/Jan/2010:12:33:24 +0100] "GET /livezilla/images/chat_bg_navigation_sub.gif HTTP/1.1" 200 76 "http://chat.f-m-shop.de/livezilla/templates/style.css" "Mozilla/5.0 (Windows; U; Windows NT 5.1; de; rv:1.9.1.6) Gecko/20091201 Firefox/3.5.6 (.NET CLR 3.5.30729)"
91.89.85.45 - - [04/Jan/2010:12:33:24 +0100] "GET /livezilla/images/lz_button_extra.gif HTTP/1.1" 200 948 "http://chat.f-m-shop.de/livezilla/templates/style.css" "Mozilla/5.0 (Windows; U; Windows NT 5.1; de; rv:1.9.1.6) Gecko/20091201 Firefox/3.5.6 (.NET CLR 3.5.30729)"
79.140.181.118 - - [04/Jan/2010:12:33:25 +0100] "GET /livezilla/image.php?id=04 HTTP/1.1" 200 7276 "http://www.f-m-shop.de/seiten/prod_detail_neuer.cfm?kat=MONT26&nav=2&artnr=A%20%2026343" "Mozilla/5.0 (Windows; U; Windows NT 5.0; de; rv:1.9.0.6) Gecko/2009011913 Firefox/3.0.6"
91.89.85.45 - - [04/Jan/2010:12:33:26 +0100] "POST /livezilla/server.php HTTP/1.1" 200 212 "http://chat.f-m-shop.de/livezilla/livezilla.php" "Mozilla/5.0 (Windows; U; Windows NT 5.1; de; rv:1.9.1.6) Gecko/20091201 Firefox/3.5.6 (.NET CLR 3.5.30729)"
91.89.85.45 - - [04/Jan/2010:12:33:27 +0100] "POST /livezilla/livezilla.php?template=lz_chat_frame.3.2.mail HTTP/1.1" 200 4002 "http://chat.f-m-shop.de/livezilla/livezilla.php?template=lz_chat_frame.3.2.login.1.0&" "Mozilla/5.0 (Windows; U; Windows NT 5.1; de; rv:1.9.1.6) Gecko/20091201 Firefox/3.5.6 (.NET CLR 3.5.30729)"
91.89.85.45 - - [04/Jan/2010:12:33:27 +0100] "GET /livezilla/images/button_chat.gif HTTP/1.1" 200 1218 "http://chat.f-m-shop.de/livezilla/livezilla.php?template=lz_chat_frame.3.2.mail" "Mozilla/5.0 (Windows; U; Windows NT 5.1; de; rv:1.9.1.6) Gecko/20091201 Firefox/3.5.6 (.NET CLR 3.5.30729)"
91.89.85.45 - - [04/Jan/2010:12:33:27 +0100] "GET /livezilla/images/button_print.gif HTTP/1.1" 200 1183 "http://chat.f-m-shop.de/livezilla/livezilla.php?template=lz_chat_frame.3.2.mail" "Mozilla/5.0 (Windows; U; Windows NT 5.1; de; rv:1.9.1.6) Gecko/20091201 Firefox/3.5.6 (.NET CLR 3.5.30729)"
91.89.85.45 - - [04/Jan/2010:12:33:27 +0100] "GET /livezilla/livezilla.php?template=lz_chat_frame.3.2.mail HTTP/1.1" 200 3993 "http://chat.f-m-shop.de/livezilla/livezilla.php" "Mozilla/5.0 (Windows; U; Windows NT 5.1; de; rv:1.9.1.6) Gecko/20091201 Firefox/3.5.6 (.NET CLR 3.5.30729)"
192.168.10.10 - - [04/Jan/2010:12:33:11 +0100] "POST /livezilla/server.php?acid=033f4 HTTP/1.1" 200 - "-" "LiveZilla 3.1.7.7 [http://www.livezilla.net]"
192.168.10.13 - - [04/Jan/2010:12:33:11 +0100] "POST /livezilla/server.php?acid=878f4 HTTP/1.1" 200 - "-" "LiveZilla 3.1.7.7 [http://www.livezilla.net]"
213.157.9.242 - - [04/Jan/2010:12:34:16 +0100] "GET /livezilla/image.php?id=04 HTTP/1.1" 200 7276 "http://www.f-m-shop.de/seiten/prod_detail_neuer.cfm?name=LCD%2024,1%22%20EIZO%20FlexScan%20S2433WE%20%20schwarz&artnr=A%20%2029040&nav=2&kat=MONT24&kat_her=&p_sort=&b_sort=ASC" "Mozilla/5.0 (Windows; U; Windows NT 5.1; de; rv:1.9.1.5) Gecko/20091102 Firefox/3.5.5"
192.168.10.10 - - [04/Jan/2010:12:34:00 +0100] "POST /livezilla/server.php?acid=ac4a1 HTTP/1.1" 200 - "-" "LiveZilla 3.1.7.7 [http://www.livezilla.net]"
192.168.10.13 - - [04/Jan/2010:12:34:00 +0100] "POST /livezilla/server.php?acid=0266d HTTP/1.1" 200 - "-" "LiveZilla 3.1.7.7 [http://www.livezilla.net]"
192.168.10.10 - - [04/Jan/2010:12:34:48 +0100] "POST /livezilla/server.php?acid=fa447 HTTP/1.1" 200 - "-" "LiveZilla 3.1.7.7 [http://www.livezilla.net]"
192.168.10.13 - - [04/Jan/2010:12:34:48 +0100] "POST /livezilla/server.php?acid=314b8 HTTP/1.1" 200 - "-" "LiveZilla 3.1.7.7 [http://www.livezilla.net]"
84.57.147.127 - - [04/Jan/2010:12:35:40 +0100] "GET /livezilla/image.php?id=04 HTTP/1.1" 200 7276 "http://www.f-m-shop.de/seiten/prod_detail_neuer.cfm?kat=MONT30&nav=2&artnr=A%20%2021712" "Mozilla/5.0 (Windows; U; Windows NT 6.0; de; rv:1.9.1.6) Gecko/20091201 Firefox/3.5.6 (.NET CLR 3.5.30729)"
88.153.111.148 - - [04/Jan/2010:12:35:56 +0100] "GET /livezilla/image.php?id=04 HTTP/1.1" 200 7276 "http://www.eizo4you.de/seiten/prod_detail_neuer.cfm?artnr=A%20%2027848&nav=2&kat=MONT23" "Mozilla/5.0 (Windows; U; Windows NT 5.1; de; rv:1.9.1.6) Gecko/20091201 Firefox/3.5.6 GTB6 (.NET CLR 3.5.30729)"
192.168.10.13 - - [04/Jan/2010:12:35:36 +0100] "POST /livezilla/server.php?acid=1a629 HTTP/1.1" 200 - "-" "LiveZilla 3.1.7.7 [http://www.livezilla.net]"
192.168.10.10 - - [04/Jan/2010:12:35:36 +0100] "POST /livezilla/server.php?acid=17643 HTTP/1.1" 200 - "-" "LiveZilla 3.1.7.7 [http://www.livezilla.net]"
84.57.147.127 - - [04/Jan/2010:12:36:37 +0100] "GET /livezilla/image.php?id=04 HTTP/1.1" 200 7276 "http://www.f-m-shop.de/seiten/prod_detail_neuer.cfm?name=LCD%2030%22%20%20%20EIZO%20CG301W%20+%20DTP94%20%20%20%20schwarz&artnr=A%20%2021713&nav=2&kat=MONT30&kat_her=&p_sort=&b_sort=ASC" "Mozilla/5.0 (Windows; U; Windows NT 6.0; de; rv:1.9.1.6) Gecko/20091201 Firefox/3.5.6 (.NET CLR 3.5.30729)"
84.57.147.127 - - [04/Jan/2010:12:36:56 +0100] "GET /livezilla/image.php?id=04 HTTP/1.1" 200 7276 "http://www.f-m-shop.de/seiten/prod_detail_neuer.cfm?name=LCD%2030%22%20%20%20EIZO%20CG301W%20%20%20%20%20%20%20%20%20%20%20%20schwarz&artnr=A%20%2021712&nav=2&kat=MONT30&kat_her=&p_sort=&b_sort=ASC" "Mozilla/5.0 (Windows; U; Windows NT 6.0; de; rv:1.9.1.6) Gecko/20091201 Firefox/3.5.6 (.NET CLR 3.5.30729)"
192.168.10.13 - - [04/Jan/2010:12:36:25 +0100] "POST /livezilla/server.php?acid=6bb14 HTTP/1.1" 200 - "-" "LiveZilla 3.1.7.7 [http://www.livezilla.net]"
192.168.10.10 - - [04/Jan/2010:12:36:25 +0100] "POST /livezilla/server.php?acid=431e0 HTTP/1.1" 200 - "-" "LiveZilla 3.1.7.7 [http://www.livezilla.net]"
86.50.122.58 - - [04/Jan/2010:12:37:13 +0100] "GET /livezilla/image.php?id=04 HTTP/1.1" 200 7276 "http://www.f-m-shop.de/seiten/prod_detail_neuer.cfm?kat=MONT23&nav=2&artnr=A%20%2029043" "Mozilla/5.0 (Windows; U; Windows NT 6.1; fi; rv:1.9.1.6) Gecko/20091201 Firefox/3.5.6"
217.255.38.9 - - [04/Jan/2010:12:37:46 +0100] "GET /livezilla/image.php?id=04 HTTP/1.1" 200 7276 "http://www.f-m-shop.de/seiten/prod_detail_neuer.cfm?kat=DRUMUL&nav=2&artnr=A%20%2029847" "Mozilla/5.0 (Windows; U; Windows NT 6.1; de; rv:1.9.1.6) Gecko/20091201 YFF35 Firefox/3.5.6"
192.168.10.10 - - [04/Jan/2010:12:37:13 +0100] "POST /livezilla/server.php?acid=8273d HTTP/1.1" 200 - "-" "LiveZilla 3.1.7.7 [http://www.livezilla.net]"
192.168.10.13 - - [04/Jan/2010:12:37:13 +0100] "POST /livezilla/server.php?acid=6171a HTTP/1.1" 200 - "-" "LiveZilla 3.1.7.7 [http://www.livezilla.net]"
87.122.38.255 - - [04/Jan/2010:12:38:05 +0100] "GET /livezilla/image.php?id=04 HTTP/1.1" 200 7276 "http://www.f-m-shop.de/seiten/prod_detail_neuer.cfm?name=LCD%2024,1%22%20EIZO%20FlexScan%20EV2411WE%20grau&artnr=A%20%2025022&nav=2&kat=MONT24&kat_her=&p_sort=&b_sort=ASC" "Mozilla/5.0 (Windows; U; Windows NT 5.1; de; rv:1.9.0.16) Gecko/2009120208 Firefox/3.0.16 (.NET CLR 3.5.30729)"
194.115.250.133 - - [04/Jan/2010:12:38:23 +0100] "GET /livezilla/image.php?id=04 HTTP/1.0" 200 7276 "http://www.f-m-shop.de/seiten/prod_detail_neuer.cfm?kat=HIFMEDIA&nav=2&artnr=A 29928" "Mozilla/4.0 (compatible; MSIE 6.0; Windows NT 5.1; SV1; GTB6.3; .NET CLR 2.0.50727; .NET CLR 3.0.04506.30; .NET CLR 3.0.04506.648; .NET CLR 3.0.4506.2152; .NET CLR 3.5.30729)"
192.168.10.13 - - [04/Jan/2010:12:38:02 +0100] "POST /livezilla/server.php?acid=72896 HTTP/1.1" 200 - "-" "LiveZilla 3.1.7.7 [http://www.livezilla.net]"
192.168.10.10 - - [04/Jan/2010:12:38:02 +0100] "POST /livezilla/server.php?acid=b8e98 HTTP/1.1" 200 - "-" "LiveZilla 3.1.7.7 [http://www.livezilla.net]"
141.15.31.1 - - [04/Jan/2010:12:38:47 +0100] "GET /livezilla/image.php?id=04 HTTP/1.0" 200 7276 "http://www.f-m-shop.de/seiten/prod_detail_neuer.cfm?name=LCD 24\" EIZO FlexScan SX2462WH schwarz&artnr=A%20%2029702&nav=2&kat=MONT24&kat_her=EIZO&p_sort=&b_sort=ASC" "Mozilla/4.0 (compatible; MSIE 7.0; Windows NT 5.1; InfoPath.1)"
86.50.122.58 - - [04/Jan/2010:12:38:57 +0100] "GET /livezilla/image.php?id=04 HTTP/1.1" 200 7276 "http://www.f-m-shop.de/seiten/prod_detail_neuer.cfm?kat=MONT23&nav=2&artnr=A%20%2029043" "Mozilla/5.0 (Windows; U; Windows NT 6.1; fi; rv:1.9.1.6) Gecko/20091201 Firefox/3.5.6"
80.36.28.12 - - [04/Jan/2010:12:39:19 +0100] "GET /livezilla/image.php?id=04 HTTP/1.0" 200 7276 "http://www.f-m-shop.de/seiten/prod_detail_neuer.cfm?kat=MEDMEMO&nav=2&artnr=A 28096" "Mozilla/4.0 (compatible; MSIE 6.0; Windows NT 5.1; SV1; .NET CLR 2.0.50727; InfoPath.1)"
192.168.10.13 - - [04/Jan/2010:12:38:50 +0100] "POST /livezilla/server.php?acid=92130 HTTP/1.1" 200 - "-" "LiveZilla 3.1.7.7 [http://www.livezilla.net]"
192.168.10.10 - - [04/Jan/2010:12:38:50 +0100] "POST /livezilla/server.php?acid=a0937 HTTP/1.1" 200 - "-" "LiveZilla 3.1.7.7 [http://www.livezilla.net]"
84.143.226.174 - - [04/Jan/2010:12:40:09 +0100] "GET /livezilla/image.php?id=04 HTTP/1.1" 200 7276 "http://www.f-m-shop.de/seiten/prod_detail_neuer.cfm?kat=DRUZBHLA&nav=2&artnr=A%20%2026417" "Mozilla/5.0 (Windows; U; Windows NT 6.0; en-US) AppleWebKit/532.0 (KHTML, like Gecko) Chrome/3.0.195.38 Safari/532.0"
192.168.10.13 - - [04/Jan/2010:12:39:39 +0100] "POST /livezilla/server.php?acid=f735e HTTP/1.1" 200 - "-" "LiveZilla 3.1.7.7 [http://www.livezilla.net]"
192.168.10.10 - - [04/Jan/2010:12:39:40 +0100] "POST /livezilla/server.php?acid=cf991 HTTP/1.1" 200 - "-" "LiveZilla 3.1.7.7 [http://www.livezilla.net]"
217.91.69.241 - - [04/Jan/2010:12:41:11 +0100] "GET /livezilla/image.php?id=04 HTTP/1.1" 200 7276 "http://www.f-m-shop.de/seiten/prod_detail_neuer.cfm?kat=HDDGEH&nav=2&artnr=A 6136" "Mozilla/4.0 (compatible; MSIE 8.0; Windows NT 5.1; Trident/4.0; .NET CLR 1.1.4322; .NET CLR 2.0.50727; InfoPath.1; .NET CLR 3.0.04506.30; .NET CLR 3.0.04506.648; .NET CLR 3.0.4506.2152; .NET CLR 3.5.30729)"
192.168.10.13 - - [04/Jan/2010:12:40:27 +0100] "POST /livezilla/server.php?acid=ea501 HTTP/1.1" 200 - "-" "LiveZilla 3.1.7.7 [http://www.livezilla.net]"
192.168.10.10 - - [04/Jan/2010:12:40:28 +0100] "POST /livezilla/server.php?acid=7b6a6 HTTP/1.1" 200 - "-" "LiveZilla 3.1.7.7 [http://www.livezilla.net]"
141.15.31.1 - - [04/Jan/2010:12:41:53 +0100] "GET /livezilla/image.php?id=04 HTTP/1.0" 200 7276 "http://www.f-m-shop.de/seiten/prod_detail_neuer.cfm?name=LCD EIZO Lichtschutzblende CH-4&artnr=A%20%2023888&nav=2&kat=MONZBH&kat_her=EIZO&p_sort=&b_sort=ASC" "Mozilla/4.0 (compatible; MSIE 7.0; Windows NT 5.1; InfoPath.1)"
192.168.10.13 - - [04/Jan/2010:12:41:15 +0100] "POST /livezilla/server.php?acid=c417e HTTP/1.1" 200 - "-" "LiveZilla 3.1.7.7 [http://www.livezilla.net]"
192.168.10.10 - - [04/Jan/2010:12:41:16 +0100] "POST /livezilla/server.php?acid=c7587 HTTP/1.1" 200 - "-" "LiveZilla 3.1.7.7 [http://www.livezilla.net]"
217.91.69.241 - - [04/Jan/2010:12:42:04 +0100] "GET /livezilla/image.php?id=04 HTTP/1.1" 200 7276 "http://www.f-m-shop.de/seiten/prod_detail_neuer.cfm?kat=HDDGEH&nav=2&artnr=A 6136" "Mozilla/4.0 (compatible; MSIE 8.0; Windows NT 5.1; Trident/4.0; .NET CLR 1.1.4322; .NET CLR 2.0.50727; InfoPath.1; .NET CLR 3.0.04506.30; .NET CLR 3.0.04506.648; .NET CLR 3.0.4506.2152; .NET CLR 3.5.30729)"
192.168.10.13 - - [04/Jan/2010:12:42:04 +0100] "POST /livezilla/server.php?acid=211e4 HTTP/1.1" 200 - "-" "LiveZilla 3.1.7.7 [http://www.livezilla.net]"
192.168.10.10 - - [04/Jan/2010:12:42:05 +0100] "POST /livezilla/server.php?acid=a715a HTTP/1.1" 200 - "-" "LiveZilla 3.1.7.7 [http://www.livezilla.net]"
192.168.10.13 - - [04/Jan/2010:12:42:52 +0100] "POST /livezilla/server.php?acid=6a23a HTTP/1.1" 200 - "-" "LiveZilla 3.1.7.7 [http://www.livezilla.net]"
192.168.10.10 - - [04/Jan/2010:12:42:53 +0100] "POST /livezilla/server.php?acid=2016e HTTP/1.1" 200 - "-" "LiveZilla 3.1.7.7 [http://www.livezilla.net]"
84.165.175.216 - - [04/Jan/2010:12:43:51 +0100] "GET /livezilla/image.php?id=04 HTTP/1.1" 200 7276 "http://www.f-m-shop.de/seiten/prod_detail_neuer.cfm?kat=MULSND&nav=2&artnr=A%20%2015824" "Mozilla/5.0 (Windows; U; Windows NT 5.1; de; rv:1.9.1.6) Gecko/20091201 Firefox/3.5.6"
192.168.10.13 - - [04/Jan/2010:12:43:40 +0100] "POST /livezilla/server.php?acid=f554f HTTP/1.1" 200 - "-" "LiveZilla 3.1.7.7 [http://www.livezilla.net]"
192.168.10.10 - - [04/Jan/2010:12:43:41 +0100] "POST /livezilla/server.php?acid=cdfd2 HTTP/1.1" 200 - "-" "LiveZilla 3.1.7.7 [http://www.livezilla.net]"
192.168.10.13 - - [04/Jan/2010:12:44:29 +0100] "POST /livezilla/server.php?acid=956a3 HTTP/1.1" 200 - "-" "LiveZilla 3.1.7.7 [http://www.livezilla.net]"
192.168.10.10 - - [04/Jan/2010:12:44:30 +0100] "POST /livezilla/server.php?acid=1eb91 HTTP/1.1" 200 - "-" "LiveZilla 3.1.7.7 [http://www.livezilla.net]"
192.168.10.13 - - [04/Jan/2010:12:45:17 +0100] "POST /livezilla/server.php?acid=3c071 HTTP/1.1" 200 - "-" "LiveZilla 3.1.7.7 [http://www.livezilla.net]"
192.168.10.10 - - [04/Jan/2010:12:45:18 +0100] "POST /livezilla/server.php?acid=cc61c HTTP/1.1" 200 - "-" "LiveZilla 3.1.7.7 [http://www.livezilla.net]"
87.139.22.117 - - [04/Jan/2010:12:46:33 +0100] "GET /livezilla/image.php?id=04 HTTP/1.1" 200 7276 "http://www.f-m-shop.de/seiten/prod_detail_neuer.cfm?kat=MEDCF&nav=2&artnr=A%20%2013500" "Mozilla/5.0 (Windows; U; Windows NT 6.1; de; rv:1.9.1.6) Gecko/20091201 Firefox/3.5.6"
192.168.10.13 - - [04/Jan/2010:12:46:05 +0100] "POST /livezilla/server.php?acid=c2bae HTTP/1.1" 200 - "-" "LiveZilla 3.1.7.7 [http://www.livezilla.net]"
192.168.10.10 - - [04/Jan/2010:12:46:06 +0100] "POST /livezilla/server.php?acid=17228 HTTP/1.1" 200 - "-" "LiveZilla 3.1.7.7 [http://www.livezilla.net]"
192.168.10.13 - - [04/Jan/2010:12:46:54 +0100] "POST /livezilla/server.php?acid=041bd HTTP/1.1" 200 - "-" "LiveZilla 3.1.7.7 [http://www.livezilla.net]"
192.168.10.10 - - [04/Jan/2010:12:46:55 +0100] "POST /livezilla/server.php?acid=52dd4 HTTP/1.1" 200 - "-" "LiveZilla 3.1.7.7 [http://www.livezilla.net]"
212.114.252.135 - - [04/Jan/2010:12:48:05 +0100] "GET /livezilla/image.php?id=04 HTTP/1.0" 200 7276 "http://www.f-m-shop.de/seiten/prod_detail_neuer.cfm?kat=TELZBH&nav=2&artnr=A%20%2027166" "Mozilla/5.0 (Windows; U; Windows NT 5.1; de; rv:1.9.1.6) Gecko/20091201 Firefox/3.5.6"
192.168.10.13 - - [04/Jan/2010:12:47:42 +0100] "POST /livezilla/server.php?acid=09eaf HTTP/1.1" 200 - "-" "LiveZilla 3.1.7.7 [http://www.livezilla.net]"
192.168.10.10 - - [04/Jan/2010:12:47:43 +0100] "POST /livezilla/server.php?acid=38ad8 HTTP/1.1" 200 - "-" "LiveZilla 3.1.7.7 [http://www.livezilla.net]"
141.15.31.1 - - [04/Jan/2010:12:48:55 +0100] "GET /livezilla/image.php?id=04 HTTP/1.0" 200 7276 "http://www.f-m-shop.de/seiten/prod_detail_neuer.cfm?name=LCD 24\" EIZO FlexScan SX2462WH schwarz&artnr=A%20%2029702&nav=2&kat=MONT24&kat_her=EIZO&p_sort=&b_sort=ASC" "Mozilla/4.0 (compatible; MSIE 7.0; Windows NT 5.1; InfoPath.1)"
192.168.10.13 - - [04/Jan/2010:12:48:31 +0100] "POST /livezilla/server.php?acid=bce98 HTTP/1.1" 200 - "-" "LiveZilla 3.1.7.7 [http://www.livezilla.net]"
192.168.10.10 - - [04/Jan/2010:12:48:32 +0100] "POST /livezilla/server.php?acid=6a5a4 HTTP/1.1" 200 - "-" "LiveZilla 3.1.7.7 [http://www.livezilla.net]"
141.15.31.1 - - [04/Jan/2010:12:49:20 +0100] "GET /livezilla/image.php?id=04 HTTP/1.0" 200 7276 "http://www.f-m-shop.de/seiten/prod_detail_neuer.cfm?name=LCD 24,1\" EIZO FlexScan FX2431 silber&artnr=A%20%2028981&nav=2&kat=MONT24&kat_her=EIZO&p_sort=&b_sort=ASC" "Mozilla/4.0 (compatible; MSIE 7.0; Windows NT 5.1; InfoPath.1)"
141.15.31.1 - - [04/Jan/2010:12:49:33 +0100] "GET /livezilla/image.php?id=04 HTTP/1.0" 200 7276 "http://www.f-m-shop.de/seiten/prod_detail_neuer.cfm?name=LCD 24\" EIZO FlexScan SX2462WH schwarz&artnr=A%20%2029702&nav=2&kat=MONT24&kat_her=EIZO&p_sort=&b_sort=ASC" "Mozilla/4.0 (compatible; MSIE 7.0; Windows NT 5.1; InfoPath.1)"
141.15.31.1 - - [04/Jan/2010:12:49:56 +0100] "GET /livezilla/image.php?id=04 HTTP/1.0" 200 7276 "http://www.f-m-shop.de/seiten/prod_detail_neuer.cfm?name=LCD 24,1\" EIZO FlexScan FX2431 silber&artnr=A%20%2028981&nav=2&kat=MONT24&kat_her=EIZO&p_sort=&b_sort=ASC" "Mozilla/4.0 (compatible; MSIE 7.0; Windows NT 5.1; InfoPath.1)"
192.168.10.13 - - [04/Jan/2010:12:49:19 +0100] "POST /livezilla/server.php?acid=c1b83 HTTP/1.1" 200 - "-" "LiveZilla 3.1.7.7 [http://www.livezilla.net]"
192.168.10.10 - - [04/Jan/2010:12:49:20 +0100] "POST /livezilla/server.php?acid=5107d HTTP/1.1" 200 - "-" "LiveZilla 3.1.7.7 [http://www.livezilla.net]"
141.15.31.1 - - [04/Jan/2010:12:50:41 +0100] "GET /livezilla/image.php?id=04 HTTP/1.0" 200 7276 "http://www.f-m-shop.de/seiten/prod_detail_neuer.cfm?artnr=A%20%2024296&nav=2&kat=MONT24&kat_her=&p_sort=&b_sort=ASC" "Mozilla/4.0 (compatible; MSIE 7.0; Windows NT 5.1; InfoPath.1)"
192.168.10.13 - - [04/Jan/2010:12:50:07 +0100] "POST /livezilla/server.php?acid=0afe7 HTTP/1.1" 200 - "-" "LiveZilla 3.1.7.7 [http://www.livezilla.net]"
192.168.10.10 - - [04/Jan/2010:12:50:08 +0100] "POST /livezilla/server.php?acid=32686 HTTP/1.1" 200 - "-" "LiveZilla 3.1.7.7 [http://www.livezilla.net]"
79.212.114.235 - - [04/Jan/2010:12:51:05 +0100] "GET /livezilla/image.php?id=04 HTTP/1.1" 200 7276 "-" "Mozilla/4.0 (compatible; MSIE 7.0; Windows NT 5.1; Trident/4.0; GTB6.3; .NET CLR 1.1.4322; .NET CLR 2.0.50727; .NET CLR 3.0.4506.2152; .NET CLR 3.5.30729; MSOffice 12)"
88.208.144.188 - - [04/Jan/2010:12:51:18 +0100] "GET /livezilla/image.php?id=04 HTTP/1.1" 200 7276 "http://www.f-m-shop.de/seiten/prod_detail_neuer.cfm?kat=MONT22&nav=2&artnr=A%20%2029272" "Mozilla/5.0 (Windows; U; Windows NT 6.0; de; rv:1.9.1.6) Gecko/20091201 Firefox/3.5.6 (.NET CLR 3.5.30729)"
192.168.10.13 - - [04/Jan/2010:12:50:56 +0100] "POST /livezilla/server.php?acid=49b3f HTTP/1.1" 200 - "-" "LiveZilla 3.1.7.7 [http://www.livezilla.net]"
192.168.10.10 - - [04/Jan/2010:12:50:57 +0100] "POST /livezilla/server.php?acid=236bd HTTP/1.1" 200 - "-" "LiveZilla 3.1.7.7 [http://www.livezilla.net]"
136.2.1.101 - - [04/Jan/2010:12:51:51 +0100] "GET /livezilla/image.php?id=04 HTTP/1.1" 200 7276 "http://www.f-m-shop.de/seiten/prod_detail_neuer.cfm?kat=NETWLROU&nav=2&artnr=A%20%2012314" "Mozilla/5.0 (Windows; U; Windows NT 5.1; en-US; rv:1.9.1.5) Gecko/20091102 Firefox/3.5.5 (.NET CLR 3.5.30729)"
77.189.82.11 - - [04/Jan/2010:12:52:01 +0100] "GET /livezilla/image.php?id=04 HTTP/1.1" 200 7276 "http://www.f-m-shop.de/seiten/prod_detail_neuer.cfm?name=RAM%20DDR3%202GB%20KINGSTON%20Kit%202x1GB%201333MHz&artnr=A%20%2023819&nav=2&kat=RAMDDR3&kat_her=&p_sort=&b_sort=ASC" "Mozilla/5.0 (Windows; U; Windows NT 6.0; de; rv:1.9.1.6) Gecko/20091201 Firefox/3.5.6 (.NET CLR 3.5.30729)"
77.189.82.11 - - [04/Jan/2010:12:52:05 +0100] "GET /livezilla/image.php?id=04 HTTP/1.1" 200 7276 "http://www.f-m-shop.de/seiten/prod_detail_neuer.cfm?name=RAM%20DDR3%202GB%20KINGSTON%20Kit%202x1GB%201333MHz&artnr=A%20%2023819&nav=2&kat=RAMDDR3&kat_her=&p_sort=&b_sort=ASC" "Mozilla/5.0 (Windows; U; Windows NT 6.0; de; rv:1.9.1.6) Gecko/20091201 Firefox/3.5.6 (.NET CLR 3.5.30729)"
77.21.12.10 - - [04/Jan/2010:12:52:07 +0100] "GET /livezilla/image.php?id=04 HTTP/1.1" 200 7276 "http://www.f-m-shop.de/seiten/prod_detail_neuer.cfm?kat=HDDGEH&nav=2&artnr=A%20%2026729" "Mozilla/5.0 (Windows; U; Windows NT 5.1; en-US; rv:1.9.1.6) Gecko/20091201 Firefox/3.5.6 (.NET CLR 3.5.30729)"
83.34.5.70 - - [04/Jan/2010:12:52:20 +0100] "GET /livezilla/image.php?id=04 HTTP/1.1" 200 7276 "http://www.f-m-shop.de/seiten/prod_detail_neuer.cfm?name=RAM%20DDR2%204096MB%20800%20KINGSTON%20(2x2GB)&artnr=A%20%2025110&nav=2&kat=RAMDDR2&kat_her=&p_sort=&b_sort=ASC" "Mozilla/5.0 (Macintosh; U; Intel Mac OS X 10_6_2; de-de) AppleWebKit/531.21.8 (KHTML, like Gecko) Version/4.0.4 Safari/531.21.10"
192.168.10.13 - - [04/Jan/2010:12:51:44 +0100] "POST /livezilla/server.php?acid=40893 HTTP/1.1" 200 - "-" "LiveZilla 3.1.7.7 [http://www.livezilla.net]"
192.168.10.10 - - [04/Jan/2010:12:51:45 +0100] "POST /livezilla/server.php?acid=77005 HTTP/1.1" 200 - "-" "LiveZilla 3.1.7.7 [http://www.livezilla.net]"
141.15.31.1 - - [04/Jan/2010:12:52:52 +0100] "GET /livezilla/image.php?id=04 HTTP/1.0" 200 7276 "http://www.f-m-shop.de/seiten/prod_detail_neuer.cfm?name=LCD 24,1\" EIZO FlexScan FX2431 silber&artnr=A%20%2028981&nav=2&kat=MONT24&kat_her=EIZO&p_sort=&b_sort=ASC" "Mozilla/4.0 (compatible; MSIE 7.0; Windows NT 5.1; InfoPath.1)"
87.187.85.130 - - [04/Jan/2010:12:52:56 +0100] "GET /livezilla/image.php?id=04 HTTP/1.1" 200 7276 "http://www.f-m-shop.de/seiten/prod_detail_neuer.cfm?name=LCD%2024,1%22%20EIZO%20FlexScan%20FX2431%20%20%20silber&artnr=A%20%2028981&nav=2&kat=MONT24&kat_her=EIZO&p_sort=&b_sort=ASC" "Mozilla/5.0 (Windows; U; Windows NT 6.1; de; rv:1.9.1.6) Gecko/20091201 Firefox/3.5.6"
192.168.10.13 - - [04/Jan/2010:12:52:32 +0100] "POST /livezilla/server.php?acid=615e1 HTTP/1.1" 200 - "-" "LiveZilla 3.1.7.7 [http://www.livezilla.net]"
192.168.10.10 - - [04/Jan/2010:12:52:34 +0100] "POST /livezilla/server.php?acid=2ea99 HTTP/1.1" 200 - "-" "LiveZilla 3.1.7.7 [http://www.livezilla.net]"
212.114.252.135 - - [04/Jan/2010:12:53:31 +0100] "GET /livezilla/image.php?id=04 HTTP/1.0" 200 7276 "http://www.f-m-shop.de/seiten/prod_detail_neuer.cfm?kat=TELZBH&nav=2&artnr=A%20%2027166" "Mozilla/5.0 (Windows; U; Windows NT 5.1; de; rv:1.9.1.6) Gecko/20091201 Firefox/3.5.6"
87.187.85.130 - - [04/Jan/2010:12:53:48 +0100] "GET /livezilla/image.php?id=04 HTTP/1.1" 200 7276 "http://www.f-m-shop.de/seiten/prod_detail_neuer.cfm?name=LCD%2024%22%20%20%20EIZO%20FlexScan%20SX2462WH%20schwarz&artnr=A%20%2029702&nav=2&kat=MONT24&kat_her=EIZO&p_sort=&b_sort=ASC" "Mozilla/5.0 (Windows; U; Windows NT 6.1; de; rv:1.9.1.6) Gecko/20091201 Firefox/3.5.6"
192.168.10.13 - - [04/Jan/2010:12:53:21 +0100] "POST /livezilla/server.php?acid=4315e HTTP/1.1" 200 - "-" "LiveZilla 3.1.7.7 [http://www.livezilla.net]"
192.168.10.10 - - [04/Jan/2010:12:53:22 +0100] "POST /livezilla/server.php?acid=92a9a HTTP/1.1" 200 - "-" "LiveZilla 3.1.7.7 [http://www.livezilla.net]"
87.187.85.130 - - [04/Jan/2010:12:54:34 +0100] "GET /livezilla/image.php?id=04 HTTP/1.1" 200 7276 "http://www.f-m-shop.de/seiten/prod_detail_neuer.cfm?name=LCD%2024,1%22%20EIZO%20FlexScan%20FX2431%20%20%20silber&artnr=A%20%2028981&nav=2&kat=MONT24&kat_her=EIZO&p_sort=&b_sort=ASC" "Mozilla/5.0 (Windows; U; Windows NT 6.1; de; rv:1.9.1.6) Gecko/20091201 Firefox/3.5.6"
192.168.10.13 - - [04/Jan/2010:12:54:09 +0100] "POST /livezilla/server.php?acid=9a72e HTTP/1.1" 200 - "-" "LiveZilla 3.1.7.7 [http://www.livezilla.net]"
192.168.10.10 - - [04/Jan/2010:12:54:11 +0100] "POST /livezilla/server.php?acid=59350 HTTP/1.1" 200 - "-" "LiveZilla 3.1.7.7 [http://www.livezilla.net]"
77.21.12.10 - - [04/Jan/2010:12:55:01 +0100] "GET /livezilla/image.php?id=04 HTTP/1.1" 200 7276 "http://www.f-m-shop.de/seiten/prod_detail_neuer.cfm?kat=HDDGEH&nav=2&artnr=A%20%2026729" "Mozilla/5.0 (Windows; U; Windows NT 5.1; en-US; rv:1.9.1.6) Gecko/20091201 Firefox/3.5.6 (.NET CLR 3.5.30729)"
192.168.10.13 - - [04/Jan/2010:12:54:58 +0100] "POST /livezilla/server.php?acid=3b9f0 HTTP/1.1" 200 - "-" "LiveZilla 3.1.7.7 [http://www.livezilla.net]"
192.168.10.10 - - [04/Jan/2010:12:54:59 +0100] "POST /livezilla/server.php?acid=881a9 HTTP/1.1" 200 - "-" "LiveZilla 3.1.7.7 [http://www.livezilla.net]"
192.168.10.13 - - [04/Jan/2010:12:55:46 +0100] "POST /livezilla/server.php?acid=21ec1 HTTP/1.1" 200 - "-" "LiveZilla 3.1.7.7 [http://www.livezilla.net]"
192.168.10.10 - - [04/Jan/2010:12:55:47 +0100] "POST /livezilla/server.php?acid=baf8b HTTP/1.1" 200 - "-" "LiveZilla 3.1.7.7 [http://www.livezilla.net]"
141.15.31.1 - - [04/Jan/2010:12:56:36 +0100] "GET /livezilla/image.php?id=04 HTTP/1.0" 200 7276 "http://www.f-m-shop.de/seiten/prod_detail_neuer.cfm?name=LCD 24,1\" EIZO FlexScan FX2431 silber&artnr=A%20%2028981&nav=2&kat=MONT24&kat_her=EIZO&p_sort=&b_sort=ASC" "Mozilla/4.0 (compatible; MSIE 7.0; Windows NT 5.1; InfoPath.1)"
192.168.10.13 - - [04/Jan/2010:12:56:34 +0100] "POST /livezilla/server.php?acid=3c5f3 HTTP/1.1" 200 - "-" "LiveZilla 3.1.7.7 [http://www.livezilla.net]"
192.168.10.10 - - [04/Jan/2010:12:56:36 +0100] "POST /livezilla/server.php?acid=67c56 HTTP/1.1" 200 - "-" "LiveZilla 3.1.7.7 [http://www.livezilla.net]"
89.246.194.6 - - [04/Jan/2010:12:58:01 +0100] "GET /livezilla/image.php?id=04 HTTP/1.1" 200 7276 "http://www.f-m-shop.de/seiten/prod_detail_neuer.cfm?kat=MONT19&nav=2&artnr=A%20%2014699" "Mozilla/5.0 (Windows; U; Windows NT 5.1; de; rv:1.9.1.6) Gecko/20091201 Firefox/3.5.6"
192.168.10.13 - - [04/Jan/2010:12:57:23 +0100] "POST /livezilla/server.php?acid=e8e2b HTTP/1.1" 200 - "-" "LiveZilla 3.1.7.7 [http://www.livezilla.net]"
192.168.10.10 - - [04/Jan/2010:12:57:24 +0100] "POST /livezilla/server.php?acid=b256a HTTP/1.1" 200 - "-" "LiveZilla 3.1.7.7 [http://www.livezilla.net]"
192.168.10.13 - - [04/Jan/2010:12:58:11 +0100] "POST /livezilla/server.php?acid=ef7f4 HTTP/1.1" 200 - "-" "LiveZilla 3.1.7.7 [http://www.livezilla.net]"
192.168.10.10 - - [04/Jan/2010:12:58:12 +0100] "POST /livezilla/server.php?acid=ee8e0 HTTP/1.1" 200 - "-" "LiveZilla 3.1.7.7 [http://www.livezilla.net]"
192.168.10.13 - - [04/Jan/2010:12:59:00 +0100] "POST /livezilla/server.php?acid=746d1 HTTP/1.1" 200 - "-" "LiveZilla 3.1.7.7 [http://www.livezilla.net]"
192.168.10.10 - - [04/Jan/2010:12:59:01 +0100] "POST /livezilla/server.php?acid=6aa24 HTTP/1.1" 200 - "-" "LiveZilla 3.1.7.7 [http://www.livezilla.net]"
192.168.10.13 - - [04/Jan/2010:12:59:48 +0100] "POST /livezilla/server.php?acid=39f29 HTTP/1.1" 200 - "-" "LiveZilla 3.1.7.7 [http://www.livezilla.net]"
192.168.10.10 - - [04/Jan/2010:12:59:49 +0100] "POST /livezilla/server.php?acid=51dff HTTP/1.1" 200 - "-" "LiveZilla 3.1.7.7 [http://www.livezilla.net]"
89.227.67.45 - - [04/Jan/2010:13:01:00 +0100] "GET /livezilla/image.php?id=04 HTTP/1.1" 200 7276 "http://www.f-m-shop.de/seiten/prod_detail_neuer.cfm?name=RAM%20DDR2%204096MB%20800%20KINGSTON%20(2x2GB)&artnr=A%20%2025110&nav=2&kat=RAMDDR2&kat_her=KINGSTON&p_sort=&b_sort=ASC" "Mozilla/5.0 (Windows; U; Windows NT 5.1; fr; rv:1.9.1.6) Gecko/20091201 Firefox/3.5.6 GTB6 (.NET CLR 3.5.30729)"
213.73.121.111 - - [04/Jan/2010:13:01:10 +0100] "GET /livezilla/image.php?id=04 HTTP/1.1" 200 7276 "http://www.f-m-shop.de/seiten/prod_detail_neuer.cfm?kat=MONT23&nav=2&artnr=A%20%2030070" "Mozilla/5.0 (X11; U; Linux x86_64; en-US; rv:1.9.1.6) Gecko/20091215 Ubuntu/9.10 (karmic) Firefox/3.5.6"
192.168.10.13 - - [04/Jan/2010:13:00:36 +0100] "POST /livezilla/server.php?acid=1d84a HTTP/1.1" 200 - "-" "LiveZilla 3.1.7.7 [http://www.livezilla.net]"
192.168.10.10 - - [04/Jan/2010:13:00:37 +0100] "POST /livezilla/server.php?acid=4a9c2 HTTP/1.1" 200 - "-" "LiveZilla 3.1.7.7 [http://www.livezilla.net]"
89.227.67.45 - - [04/Jan/2010:13:01:22 +0100] "GET /livezilla/image.php?id=04 HTTP/1.1" 200 7276 "http://www.f-m-shop.de/seiten/prod_detail_neuer.cfm?name=RAM%20DDR2%204GB%20%20KINGSTON%20CPQ%20RAMKit%202x2GB&artnr=A%20%2024182&nav=2&kat=RAMDDR2&kat_her=KINGSTON&p_sort=&b_sort=ASC" "Mozilla/5.0 (Windows; U; Windows NT 5.1; fr; rv:1.9.1.6) Gecko/20091201 Firefox/3.5.6 GTB6 (.NET CLR 3.5.30729)"
192.168.10.13 - - [04/Jan/2010:13:01:25 +0100] "POST /livezilla/server.php?acid=d51ce HTTP/1.1" 200 - "-" "LiveZilla 3.1.7.7 [http://www.livezilla.net]"
192.168.10.10 - - [04/Jan/2010:13:01:26 +0100] "POST /livezilla/server.php?acid=ed0e9 HTTP/1.1" 200 - "-" "LiveZilla 3.1.7.7 [http://www.livezilla.net]"
77.7.41.198 - - [04/Jan/2010:13:02:32 +0100] "GET /livezilla/image.php?id=04 HTTP/1.1" 200 7276 "http://www.f-m-shop.de/seiten/prod_detail_neuer.cfm?kat=EINDIG&nav=2&artnr=A%20%2029803" "Mozilla/5.0 (Windows; U; Windows NT 5.1; de; rv:1.9.1.6) Gecko/20091201 Firefox/3.5.6 (.NET CLR 3.5.30729)"
