192.168.10.13 - - [04/Jan/2010:13:02:13 +0100] "POST /livezilla/server.php?acid=46022 HTTP/1.1" 200 - "-" "LiveZilla 3.1.7.7 [http://www.livezilla.net]"
192.168.10.10 - - [04/Jan/2010:13:02:14 +0100] "POST /livezilla/server.php?acid=9a08b HTTP/1.1" 200 - "-" "LiveZilla 3.1.7.7 [http://www.livezilla.net]"
192.168.10.13 - - [04/Jan/2010:13:03:01 +0100] "POST /livezilla/server.php?acid=e5368 HTTP/1.1" 200 - "-" "LiveZilla 3.1.7.7 [http://www.livezilla.net]"
192.168.10.10 - - [04/Jan/2010:13:03:02 +0100] "POST /livezilla/server.php?acid=88d44 HTTP/1.1" 200 - "-" "LiveZilla 3.1.7.7 [http://www.livezilla.net]"
192.168.10.13 - - [04/Jan/2010:13:03:50 +0100] "POST /livezilla/server.php?acid=8d2e3 HTTP/1.1" 200 - "-" "LiveZilla 3.1.7.7 [http://www.livezilla.net]"
192.168.10.10 - - [04/Jan/2010:13:03:51 +0100] "POST /livezilla/server.php?acid=25620 HTTP/1.1" 200 - "-" "LiveZilla 3.1.7.7 [http://www.livezilla.net]"
88.79.235.132 - - [04/Jan/2010:13:05:01 +0100] "GET /livezilla/image.php?id=04 HTTP/1.1" 200 7276 "http://www.f-m-shop.de/seiten/prod_detail_neuer.cfm?kat=MEDUSB&nav=2&artnr=A 8397" "Mozilla/4.0 (compatible; MSIE 7.0; Windows NT 5.2; WOW64; .NET CLR 2.0.50727; .NET CLR 3.0.4506.2152; .NET CLR 3.5.30729)"
192.168.10.13 - - [04/Jan/2010:13:04:38 +0100] "POST /livezilla/server.php?acid=1088a HTTP/1.1" 200 - "-" "LiveZilla 3.1.7.7 [http://www.livezilla.net]"
192.168.10.10 - - [04/Jan/2010:13:04:39 +0100] "POST /livezilla/server.php?acid=97e1b HTTP/1.1" 200 - "-" "LiveZilla 3.1.7.7 [http://www.livezilla.net]"
78.51.87.125 - - [04/Jan/2010:13:05:42 +0100] "GET /livezilla/image.php?id=04 HTTP/1.1" 200 7276 "http://www.f-m-shop.de/seiten/prod_detail_neuer.cfm?kat=MULSND&nav=2&artnr=A%20%2015824" "Mozilla/5.0 (Windows; U; Windows NT 6.1; de; rv:1.9.1.5) Gecko/20091102 YFF35 Firefox/3.5.5"
192.168.10.13 - - [04/Jan/2010:13:05:26 +0100] "POST /livezilla/server.php?acid=37b2f HTTP/1.1" 200 - "-" "LiveZilla 3.1.7.7 [http://www.livezilla.net]"
192.168.10.10 - - [04/Jan/2010:13:05:27 +0100] "POST /livezilla/server.php?acid=4a317 HTTP/1.1" 200 - "-" "LiveZilla 3.1.7.7 [http://www.livezilla.net]"
192.168.10.13 - - [04/Jan/2010:13:06:15 +0100] "POST /livezilla/server.php?acid=529a8 HTTP/1.1" 200 - "-" "LiveZilla 3.1.7.7 [http://www.livezilla.net]"
192.168.10.10 - - [04/Jan/2010:13:06:16 +0100] "POST /livezilla/server.php?acid=9418f HTTP/1.1" 200 - "-" "LiveZilla 3.1.7.7 [http://www.livezilla.net]"
77.7.41.198 - - [04/Jan/2010:13:07:10 +0100] "GET /livezilla/image.php?id=04 HTTP/1.1" 200 7276 "http://www.f-m-shop.de/seiten/prod_detail_neuer.cfm?kat=EINDIG&nav=2&artnr=A%20%2029803" "Mozilla/5.0 (Windows; U; Windows NT 5.1; de; rv:1.9.1.6) Gecko/20091201 Firefox/3.5.6 (.NET CLR 3.5.30729)"
77.7.41.198 - - [04/Jan/2010:13:07:22 +0100] "GET /livezilla/image.php?id=04 HTTP/1.1" 200 7276 "http://www.f-m-shop.de/seiten/prod_detail_neuer.cfm?kat=EINDIG&nav=2&artnr=A%20%2029803" "Mozilla/5.0 (Windows; U; Windows NT 5.1; de; rv:1.9.1.6) Gecko/20091201 Firefox/3.5.6 (.NET CLR 3.5.30729)"
213.73.121.111 - - [04/Jan/2010:13:07:46 +0100] "GET /livezilla/image.php?id=04 HTTP/1.1" 200 7276 "http://www.f-m-shop.de/seiten/prod_detail_neuer.cfm?kat=MONT23&nav=2&artnr=A%20%2030070&content=produktbilder" "Mozilla/5.0 (X11; U; Linux x86_64; en-US; rv:1.9.1.6) Gecko/20091215 Ubuntu/9.10 (karmic) Firefox/3.5.6"
192.168.10.13 - - [04/Jan/2010:13:07:03 +0100] "POST /livezilla/server.php?acid=5f1d6 HTTP/1.1" 200 - "-" "LiveZilla 3.1.7.7 [http://www.livezilla.net]"
192.168.10.10 - - [04/Jan/2010:13:07:04 +0100] "POST /livezilla/server.php?acid=5422c HTTP/1.1" 200 - "-" "LiveZilla 3.1.7.7 [http://www.livezilla.net]"
62.181.136.200 - - [04/Jan/2010:13:08:34 +0100] "GET /livezilla/image.php?id=04 HTTP/1.1" 200 7276 "http://www.f-m-shop.de/seiten/prod_detail_neuer.cfm?name=SOF TOBIT David MX 25User 2Ports&artnr=A%20%2017140&nav=2&kat=SOFMAIL&kat_her=&p_sort=&b_sort=ASC" "Mozilla/4.0 (compatible; MSIE 6.0; Windows NT 5.1; SV1; .NET CLR 2.0.50727; .NET CLR 3.0.4506.2152; .NET CLR 3.5.30729; InfoPath.1)"
192.168.10.13 - - [04/Jan/2010:13:07:51 +0100] "POST /livezilla/server.php?acid=9875d HTTP/1.1" 200 - "-" "LiveZilla 3.1.7.7 [http://www.livezilla.net]"
192.168.10.10 - - [04/Jan/2010:13:07:52 +0100] "POST /livezilla/server.php?acid=9ca03 HTTP/1.1" 200 - "-" "LiveZilla 3.1.7.7 [http://www.livezilla.net]"
192.168.10.13 - - [04/Jan/2010:13:08:40 +0100] "POST /livezilla/server.php?acid=3834b HTTP/1.1" 200 - "-" "LiveZilla 3.1.7.7 [http://www.livezilla.net]"
192.168.10.10 - - [04/Jan/2010:13:08:41 +0100] "POST /livezilla/server.php?acid=4aad4 HTTP/1.1" 200 - "-" "LiveZilla 3.1.7.7 [http://www.livezilla.net]"
213.73.121.111 - - [04/Jan/2010:13:09:48 +0100] "GET /livezilla/image.php?id=04 HTTP/1.1" 200 7276 "http://www.f-m-shop.de/seiten/prod_detail_neuer.cfm?kat=MONT23&nav=2&artnr=A%20%2030070" "Mozilla/5.0 (X11; U; Linux x86_64; en-US; rv:1.9.1.6) Gecko/20091215 Ubuntu/9.10 (karmic) Firefox/3.5.6"
192.168.10.13 - - [04/Jan/2010:13:09:28 +0100] "POST /livezilla/server.php?acid=d6122 HTTP/1.1" 200 - "-" "LiveZilla 3.1.7.7 [http://www.livezilla.net]"
192.168.10.10 - - [04/Jan/2010:13:09:29 +0100] "POST /livezilla/server.php?acid=64d50 HTTP/1.1" 200 - "-" "LiveZilla 3.1.7.7 [http://www.livezilla.net]"
92.229.86.214 - - [04/Jan/2010:13:10:19 +0100] "GET /livezilla/image.php?id=04 HTTP/1.1" 200 7276 "http://www.f-m-shop.de/seiten/prod_detail_neuer.cfm?kat=DRULASCO&nav=2&artnr=A 26912" "Mozilla/4.0 (compatible; MSIE 8.0; Windows NT 6.1; WOW64; Trident/4.0; GTB6.3; SLCC2; .NET CLR 2.0.50727; .NET CLR 3.5.30729; .NET CLR 3.0.30729; Media Center PC 6.0)"
192.168.10.13 - - [04/Jan/2010:13:10:16 +0100] "POST /livezilla/server.php?acid=129cf HTTP/1.1" 200 - "-" "LiveZilla 3.1.7.7 [http://www.livezilla.net]"
192.168.10.10 - - [04/Jan/2010:13:10:17 +0100] "POST /livezilla/server.php?acid=562b1 HTTP/1.1" 200 - "-" "LiveZilla 3.1.7.7 [http://www.livezilla.net]"
84.145.254.68 - - [04/Jan/2010:13:11:05 +0100] "GET /livezilla/image.php?id=04 HTTP/1.1" 200 7276 "http://www.f-m-shop.de/seiten/prod_detail_neuer.cfm?name=LCD%2024%2C1%22%20EIZO%20FlexScan%20EV2411WE%20grau&artnr=A%20%2025022&nav=2&kat=MONT24" "Mozilla/5.0 (X11; U; Linux i686; de; rv:1.9.1.6) Gecko/20091215 Ubuntu/9.10 (karmic) Firefox/3.5.6"
192.168.10.13 - - [04/Jan/2010:13:11:05 +0100] "POST /livezilla/server.php?acid=58f77 HTTP/1.1" 200 - "-" "LiveZilla 3.1.7.7 [http://www.livezilla.net]"
192.168.10.10 - - [04/Jan/2010:13:11:06 +0100] "POST /livezilla/server.php?acid=8aedd HTTP/1.1" 200 - "-" "LiveZilla 3.1.7.7 [http://www.livezilla.net]"
192.168.10.13 - - [04/Jan/2010:13:11:53 +0100] "POST /livezilla/server.php?acid=b7749 HTTP/1.1" 200 - "-" "LiveZilla 3.1.7.7 [http://www.livezilla.net]"
192.168.10.10 - - [04/Jan/2010:13:11:54 +0100] "POST /livezilla/server.php?acid=535dd HTTP/1.1" 200 - "-" "LiveZilla 3.1.7.7 [http://www.livezilla.net]"
82.139.197.225 - - [04/Jan/2010:13:13:03 +0100] "GET /livezilla/image.php?id=04 HTTP/1.1" 200 7276 "http://www.f-m-shop.de/seiten/prod_detail_neuer.cfm?name=ROUTER LINKSYS WRVS4400N-EU&artnr=A%20%2016917&nav=2&kat=NETWLROU&kat_her=LINKSYS&p_sort=&b_sort=ASC" "Mozilla/4.0 (compatible; MSIE 8.0; Windows NT 5.1; Trident/4.0; .NET CLR 2.0.50727; .NET CLR 3.0.4506.2152; .NET CLR 3.5.30729; InfoPath.1)"
192.168.10.13 - - [04/Jan/2010:13:12:41 +0100] "POST /livezilla/server.php?acid=e0b01 HTTP/1.1" 200 - "-" "LiveZilla 3.1.7.7 [http://www.livezilla.net]"
92.229.86.214 - - [04/Jan/2010:13:13:26 +0100] "GET /livezilla/image.php?id=04 HTTP/1.1" 200 7276 "http://www.f-m-shop.de/seiten/prod_detail_neuer.cfm?kat=DRULASCO&nav=2&artnr=A%20%2026912" "Mozilla/4.0 (compatible; MSIE 8.0; Windows NT 6.1; WOW64; Trident/4.0; GTB6.3; SLCC2; .NET CLR 2.0.50727; .NET CLR 3.5.30729; .NET CLR 3.0.30729; Media Center PC 6.0)"
192.168.10.10 - - [04/Jan/2010:13:12:42 +0100] "POST /livezilla/server.php?acid=45068 HTTP/1.1" 200 - "-" "LiveZilla 3.1.7.7 [http://www.livezilla.net]"
82.139.197.225 - - [04/Jan/2010:13:13:55 +0100] "GET /livezilla/image.php?id=04 HTTP/1.1" 200 7276 "http://www.f-m-shop.de/seiten/prod_detail_neuer.cfm?name=ROUTER LINKSYS BEFVP41-EU&artnr=A%20%2014763&nav=2&kat=NETLROU&kat_her=LINKSYS&p_sort=&b_sort=ASC" "Mozilla/4.0 (compatible; MSIE 8.0; Windows NT 5.1; Trident/4.0; .NET CLR 2.0.50727; .NET CLR 3.0.4506.2152; .NET CLR 3.5.30729; InfoPath.1)"
82.139.197.225 - - [04/Jan/2010:13:14:03 +0100] "GET /livezilla/image.php?id=04 HTTP/1.1" 200 7276 "http://www.f-m-shop.de/seiten/prod_detail_neuer.cfm?name=ROUTER LINKSYS RVS4000-EU&artnr=A%20%2020371&nav=2&kat=NETLROU&kat_her=LINKSYS&p_sort=&b_sort=ASC" "Mozilla/4.0 (compatible; MSIE 8.0; Windows NT 5.1; Trident/4.0; .NET CLR 2.0.50727; .NET CLR 3.0.4506.2152; .NET CLR 3.5.30729; InfoPath.1)"
192.168.10.13 - - [04/Jan/2010:13:13:30 +0100] "POST /livezilla/server.php?acid=3bed6 HTTP/1.1" 200 - "-" "LiveZilla 3.1.7.7 [http://www.livezilla.net]"
192.168.10.10 - - [04/Jan/2010:13:13:31 +0100] "POST /livezilla/server.php?acid=4b543 HTTP/1.1" 200 - "-" "LiveZilla 3.1.7.7 [http://www.livezilla.net]"
82.139.197.225 - - [04/Jan/2010:13:14:40 +0100] "GET /livezilla/image.php?id=04 HTTP/1.1" 200 7276 "http://www.f-m-shop.de/seiten/prod_detail_neuer.cfm?name=ROUTER LINKSYS RV042-EU&artnr=A%20%2015854&nav=2&kat=NETLROU&kat_her=LINKSYS&p_sort=&b_sort=ASC" "Mozilla/4.0 (compatible; MSIE 8.0; Windows NT 5.1; Trident/4.0; .NET CLR 2.0.50727; .NET CLR 3.0.4506.2152; .NET CLR 3.5.30729; InfoPath.1)"
192.168.10.13 - - [04/Jan/2010:13:14:18 +0100] "POST /livezilla/server.php?acid=45b91 HTTP/1.1" 200 - "-" "LiveZilla 3.1.7.7 [http://www.livezilla.net]"
192.168.10.10 - - [04/Jan/2010:13:14:19 +0100] "POST /livezilla/server.php?acid=24af4 HTTP/1.1" 200 - "-" "LiveZilla 3.1.7.7 [http://www.livezilla.net]"
82.139.197.225 - - [04/Jan/2010:13:15:15 +0100] "GET /livezilla/image.php?id=04 HTTP/1.1" 200 7276 "http://www.f-m-shop.de/seiten/prod_detail_neuer.cfm?name=ROUTER LINKSYS RVS4000-EU&artnr=A%20%2020371&nav=2&kat=NETLROU&kat_her=LINKSYS&p_sort=&b_sort=ASC" "Mozilla/4.0 (compatible; MSIE 8.0; Windows NT 5.1; Trident/4.0; .NET CLR 2.0.50727; .NET CLR 3.0.4506.2152; .NET CLR 3.5.30729; InfoPath.1)"
91.67.45.121 - - [04/Jan/2010:13:15:24 +0100] "GET /livezilla/image.php?id=04 HTTP/1.1" 200 7276 "http://www.f-m-shop.de/seiten/prod_detail_neuer.cfm?kat=MONT22&nav=2&artnr=A%20%2025192" "Mozilla/5.0 (Windows; U; Windows NT 5.0; de; rv:1.9.1.3) Gecko/20090824 Firefox/3.5.3"
84.157.226.134 - - [04/Jan/2010:13:15:39 +0100] "GET /livezilla/image.php?id=04 HTTP/1.1" 200 7276 "http://www.f-m-shop.de/seiten/prod_detail_neuer.cfm?kat=MONT24&nav=2&artnr=A%20%2028412" "Mozilla/5.0 (Macintosh; U; Intel Mac OS X; de-de) AppleWebKit/523.12 (KHTML, like Gecko) Version/3.0.4 Safari/523.12"
192.168.10.13 - - [04/Jan/2010:13:15:06 +0100] "POST /livezilla/server.php?acid=5b97e HTTP/1.1" 200 - "-" "LiveZilla 3.1.7.7 [http://www.livezilla.net]"
192.168.10.10 - - [04/Jan/2010:13:15:07 +0100] "POST /livezilla/server.php?acid=a7317 HTTP/1.1" 200 - "-" "LiveZilla 3.1.7.7 [http://www.livezilla.net]"
82.139.197.225 - - [04/Jan/2010:13:16:39 +0100] "GET /livezilla/image.php?id=04 HTTP/1.1" 200 7276 "http://www.f-m-shop.de/seiten/prod_detail_neuer.cfm?name=ROUTER LINKSYS RV042-EU&artnr=A%20%2015854&nav=2&kat=NETLROU&kat_her=LINKSYS&p_sort=&b_sort=ASC" "Mozilla/4.0 (compatible; MSIE 8.0; Windows NT 5.1; Trident/4.0; .NET CLR 2.0.50727; .NET CLR 3.0.4506.2152; .NET CLR 3.5.30729; InfoPath.1)"
192.168.10.13 - - [04/Jan/2010:13:15:55 +0100] "POST /livezilla/server.php?acid=a3361 HTTP/1.1" 200 - "-" "LiveZilla 3.1.7.7 [http://www.livezilla.net]"
84.63.43.192 - - [04/Jan/2010:13:16:40 +0100] "GET /livezilla/image.php?id=04 HTTP/1.1" 200 7276 "http://www.f-m-shop.de/seiten/prod_detail_neuer.cfm?kat=HIFMEDIA&nav=2&artnr=A%20%2022223" "Mozilla/5.0 (Macintosh; U; PPC Mac OS X 10.4; de; rv:1.9.1.6) Gecko/20091201 Firefox/3.5.6"
192.168.10.10 - - [04/Jan/2010:13:15:56 +0100] "POST /livezilla/server.php?acid=d5fb9 HTTP/1.1" 200 - "-" "LiveZilla 3.1.7.7 [http://www.livezilla.net]"
84.63.43.192 - - [04/Jan/2010:13:17:01 +0100] "GET /livezilla/livezilla.php HTTP/1.1" 200 72007 "http://www.f-m-shop.de/seiten/prod_detail_neuer.cfm?kat=HIFMEDIA&nav=2&artnr=A%20%2022223" "Mozilla/5.0 (Macintosh; U; PPC Mac OS X 10.4; de; rv:1.9.1.6) Gecko/20091201 Firefox/3.5.6"
84.63.43.192 - - [04/Jan/2010:13:17:01 +0100] "GET /livezilla/templates/style.css HTTP/1.1" 200 8998 "http://chat.f-m-shop.de/livezilla/livezilla.php" "Mozilla/5.0 (Macintosh; U; PPC Mac OS X 10.4; de; rv:1.9.1.6) Gecko/20091201 Firefox/3.5.6"
84.63.43.192 - - [04/Jan/2010:13:17:01 +0100] "GET /livezilla/images/favicon.ico HTTP/1.1" 200 43302 "-" "Mozilla/5.0 (Macintosh; U; PPC Mac OS X 10.4; de; rv:1.9.1.6) Gecko/20091201 Firefox/3.5.6"
84.63.43.192 - - [04/Jan/2010:13:17:01 +0100] "GET /livezilla/livezilla.php?template=lz_chat_frame.1.0 HTTP/1.1" 200 279 "http://chat.f-m-shop.de/livezilla/livezilla.php" "Mozilla/5.0 (Macintosh; U; PPC Mac OS X 10.4; de; rv:1.9.1.6) Gecko/20091201 Firefox/3.5.6"
84.63.43.192 - - [04/Jan/2010:13:17:01 +0100] "GET /livezilla/livezilla.php?template=lz_chat_frame.0.0 HTTP/1.1" 200 259 "http://chat.f-m-shop.de/livezilla/livezilla.php" "Mozilla/5.0 (Macintosh; U; PPC Mac OS X 10.4; de; rv:1.9.1.6) Gecko/20091201 Firefox/3.5.6"
84.63.43.192 - - [04/Jan/2010:13:17:01 +0100] "GET /livezilla/livezilla.php?template=lz_chat_frame.0.1 HTTP/1.1" 200 277 "http://chat.f-m-shop.de/livezilla/livezilla.php" "Mozilla/5.0 (Macintosh; U; PPC Mac OS X 10.4; de; rv:1.9.1.6) Gecko/20091201 Firefox/3.5.6"
84.63.43.192 - - [04/Jan/2010:13:17:01 +0100] "GET /livezilla/livezilla.php?template=lz_chat_frame.0.2 HTTP/1.1" 200 254 "http://chat.f-m-shop.de/livezilla/livezilla.php" "Mozilla/5.0 (Macintosh; U; PPC Mac OS X 10.4; de; rv:1.9.1.6) Gecko/20091201 Firefox/3.5.6"
84.63.43.192 - - [04/Jan/2010:13:17:01 +0100] "GET /livezilla/livezilla.php?template=lz_chat_frame.2.0 HTTP/1.1" 200 263 "http://chat.f-m-shop.de/livezilla/livezilla.php" "Mozilla/5.0 (Macintosh; U; PPC Mac OS X 10.4; de; rv:1.9.1.6) Gecko/20091201 Firefox/3.5.6"
84.63.43.192 - - [04/Jan/2010:13:17:01 +0100] "GET /livezilla/livezilla.php?template=lz_chat_frame.1.1 HTTP/1.1" 200 2257 "http://chat.f-m-shop.de/livezilla/livezilla.php" "Mozilla/5.0 (Macintosh; U; PPC Mac OS X 10.4; de; rv:1.9.1.6) Gecko/20091201 Firefox/3.5.6"
84.63.43.192 - - [04/Jan/2010:13:17:02 +0100] "GET /livezilla/livezilla.php?template=lz_chat_frame.2.2 HTTP/1.1" 200 264 "http://chat.f-m-shop.de/livezilla/livezilla.php" "Mozilla/5.0 (Macintosh; U; PPC Mac OS X 10.4; de; rv:1.9.1.6) Gecko/20091201 Firefox/3.5.6"
84.63.43.192 - - [04/Jan/2010:13:17:02 +0100] "GET /livezilla/livezilla.php?template=lz_chat_frame.3.2.login& HTTP/1.1" 200 1019 "http://chat.f-m-shop.de/livezilla/livezilla.php" "Mozilla/5.0 (Macintosh; U; PPC Mac OS X 10.4; de; rv:1.9.1.6) Gecko/20091201 Firefox/3.5.6"
84.63.43.192 - - [04/Jan/2010:13:17:02 +0100] "GET /livezilla/livezilla.php?template=lz_chat_frame.5.1 HTTP/1.1" 200 265 "http://chat.f-m-shop.de/livezilla/livezilla.php" "Mozilla/5.0 (Macintosh; U; PPC Mac OS X 10.4; de; rv:1.9.1.6) Gecko/20091201 Firefox/3.5.6"
84.63.43.192 - - [04/Jan/2010:13:17:02 +0100] "GET /livezilla/livezilla.php?template=lz_chat_frame.3.3 HTTP/1.1" 200 239 "http://chat.f-m-shop.de/livezilla/livezilla.php" "Mozilla/5.0 (Macintosh; U; PPC Mac OS X 10.4; de; rv:1.9.1.6) Gecko/20091201 Firefox/3.5.6"
84.63.43.192 - - [04/Jan/2010:13:17:02 +0100] "GET /livezilla/livezilla.php?template=lz_chat_frame.4.1 HTTP/1.1" 200 455 "http://chat.f-m-shop.de/livezilla/livezilla.php" "Mozilla/5.0 (Macintosh; U; PPC Mac OS X 10.4; de; rv:1.9.1.6) Gecko/20091201 Firefox/3.5.6"
84.63.43.192 - - [04/Jan/2010:13:17:02 +0100] "GET /livezilla/livezilla.php?template=lz_chat_frame.1.2 HTTP/1.1" 200 264 "http://chat.f-m-shop.de/livezilla/livezilla.php" "Mozilla/5.0 (Macintosh; U; PPC Mac OS X 10.4; de; rv:1.9.1.6) Gecko/20091201 Firefox/3.5.6"
84.63.43.192 - - [04/Jan/2010:13:17:03 +0100] "GET /livezilla/images/icon_vcard.gif HTTP/1.1" 200 559 "http://chat.f-m-shop.de/livezilla/livezilla.php?template=lz_chat_frame.1.1" "Mozilla/5.0 (Macintosh; U; PPC Mac OS X 10.4; de; rv:1.9.1.6) Gecko/20091201 Firefox/3.5.6"
84.63.43.192 - - [04/Jan/2010:13:17:03 +0100] "GET /livezilla/images/icon_typing.gif HTTP/1.1" 200 1106 "http://chat.f-m-shop.de/livezilla/livezilla.php?template=lz_chat_frame.1.1" "Mozilla/5.0 (Macintosh; U; PPC Mac OS X 10.4; de; rv:1.9.1.6) Gecko/20091201 Firefox/3.5.6"
84.63.43.192 - - [04/Jan/2010:13:17:03 +0100] "GET /livezilla/intern_images/nopic.jpg HTTP/1.1" 200 3599 "http://chat.f-m-shop.de/livezilla/livezilla.php?template=lz_chat_frame.1.1" "Mozilla/5.0 (Macintosh; U; PPC Mac OS X 10.4; de; rv:1.9.1.6) Gecko/20091201 Firefox/3.5.6"
84.63.43.192 - - [04/Jan/2010:13:17:03 +0100] "GET /livezilla/images/lz_header.gif HTTP/1.1" 200 7285 "http://chat.f-m-shop.de/livezilla/livezilla.php?template=lz_chat_frame.1.1" "Mozilla/5.0 (Macintosh; U; PPC Mac OS X 10.4; de; rv:1.9.1.6) Gecko/20091201 Firefox/3.5.6"
84.63.43.192 - - [04/Jan/2010:13:17:03 +0100] "GET /livezilla/images/carrier_logo.gif HTTP/1.1" 200 6003 "http://chat.f-m-shop.de/livezilla/livezilla.php?template=lz_chat_frame.1.1" "Mozilla/5.0 (Macintosh; U; PPC Mac OS X 10.4; de; rv:1.9.1.6) Gecko/20091201 Firefox/3.5.6"
84.63.43.192 - - [04/Jan/2010:13:17:02 +0100] "GET /livezilla/livezilla.php?template=lz_chat_frame.3.2.login.0.0 HTTP/1.1" 200 1563 "http://chat.f-m-shop.de/livezilla/livezilla.php?template=lz_chat_frame.3.2.login&" "Mozilla/5.0 (Macintosh; U; PPC Mac OS X 10.4; de; rv:1.9.1.6) Gecko/20091201 Firefox/3.5.6"
84.63.43.192 - - [04/Jan/2010:13:17:03 +0100] "GET /livezilla/livezilla.php?template=lz_chat_frame.3.2.login.1.0& HTTP/1.1" 200 2939 "http://chat.f-m-shop.de/livezilla/livezilla.php?template=lz_chat_frame.3.2.login&" "Mozilla/5.0 (Macintosh; U; PPC Mac OS X 10.4; de; rv:1.9.1.6) Gecko/20091201 Firefox/3.5.6"
84.63.43.192 - - [04/Jan/2010:13:17:03 +0100] "GET /livezilla/images/lz_rep_bg_left.gif HTTP/1.1" 200 593 "http://chat.f-m-shop.de/livezilla/livezilla.php?template=lz_chat_frame.1.1" "Mozilla/5.0 (Macintosh; U; PPC Mac OS X 10.4; de; rv:1.9.1.6) Gecko/20091201 Firefox/3.5.6"
84.63.43.192 - - [04/Jan/2010:13:17:03 +0100] "GET /livezilla/images/lz_rep_bg.gif HTTP/1.1" 200 320 "http://chat.f-m-shop.de/livezilla/livezilla.php?template=lz_chat_frame.1.1" "Mozilla/5.0 (Macintosh; U; PPC Mac OS X 10.4; de; rv:1.9.1.6) Gecko/20091201 Firefox/3.5.6"
84.63.43.192 - - [04/Jan/2010:13:17:03 +0100] "GET /livezilla/images/lz_rep_bg_right.gif HTTP/1.1" 200 590 "http://chat.f-m-shop.de/livezilla/livezilla.php?template=lz_chat_frame.1.1" "Mozilla/5.0 (Macintosh; U; PPC Mac OS X 10.4; de; rv:1.9.1.6) Gecko/20091201 Firefox/3.5.6"
84.63.43.192 - - [04/Jan/2010:13:17:03 +0100] "GET /livezilla/livezilla.php?template=lz_chat_frame.3.2.login.2.0 HTTP/1.1" 200 277 "http://chat.f-m-shop.de/livezilla/livezilla.php?template=lz_chat_frame.3.2.login&" "Mozilla/5.0 (Macintosh; U; PPC Mac OS X 10.4; de; rv:1.9.1.6) Gecko/20091201 Firefox/3.5.6"
84.63.43.192 - - [04/Jan/2010:13:17:02 +0100] "GET /livezilla/livezilla.php?template=lz_chat_frame.3.0 HTTP/1.1" 200 240 "http://chat.f-m-shop.de/livezilla/livezilla.php" "Mozilla/5.0 (Macintosh; U; PPC Mac OS X 10.4; de; rv:1.9.1.6) Gecko/20091201 Firefox/3.5.6"
84.63.43.192 - - [04/Jan/2010:13:17:03 +0100] "GET /livezilla/images/chat_bg_footer.gif HTTP/1.1" 200 194 "http://chat.f-m-shop.de/livezilla/templates/style.css" "Mozilla/5.0 (Macintosh; U; PPC Mac OS X 10.4; de; rv:1.9.1.6) Gecko/20091201 Firefox/3.5.6"
84.63.43.192 - - [04/Jan/2010:13:17:03 +0100] "GET /livezilla/images/chat_bg_navigation_left.gif HTTP/1.1" 200 1078 "http://chat.f-m-shop.de/livezilla/livezilla.php?template=lz_chat_frame.3.2.login.0.0" "Mozilla/5.0 (Macintosh; U; PPC Mac OS X 10.4; de; rv:1.9.1.6) Gecko/20091201 Firefox/3.5.6"
84.63.43.192 - - [04/Jan/2010:13:17:03 +0100] "GET /livezilla/images/button_mail.gif HTTP/1.1" 200 1348 "http://chat.f-m-shop.de/livezilla/livezilla.php?template=lz_chat_frame.3.2.login.0.0" "Mozilla/5.0 (Macintosh; U; PPC Mac OS X 10.4; de; rv:1.9.1.6) Gecko/20091201 Firefox/3.5.6"
84.63.43.192 - - [04/Jan/2010:13:17:03 +0100] "GET /livezilla/images/chat_bg_navigation_dev.gif HTTP/1.1" 200 367 "http://chat.f-m-shop.de/livezilla/livezilla.php?template=lz_chat_frame.3.2.login.0.0" "Mozilla/5.0 (Macintosh; U; PPC Mac OS X 10.4; de; rv:1.9.1.6) Gecko/20091201 Firefox/3.5.6"
84.63.43.192 - - [04/Jan/2010:13:17:03 +0100] "GET /livezilla/images/button_fav.gif HTTP/1.1" 200 1344 "http://chat.f-m-shop.de/livezilla/livezilla.php?template=lz_chat_frame.3.2.login.0.0" "Mozilla/5.0 (Macintosh; U; PPC Mac OS X 10.4; de; rv:1.9.1.6) Gecko/20091201 Firefox/3.5.6"
84.63.43.192 - - [04/Jan/2010:13:17:03 +0100] "GET /livezilla/images/button_close.gif HTTP/1.1" 200 1239 "http://chat.f-m-shop.de/livezilla/livezilla.php?template=lz_chat_frame.3.2.login.0.0" "Mozilla/5.0 (Macintosh; U; PPC Mac OS X 10.4; de; rv:1.9.1.6) Gecko/20091201 Firefox/3.5.6"
84.63.43.192 - - [04/Jan/2010:13:17:03 +0100] "GET /livezilla/images/chat_bg_navigation_right.gif HTTP/1.1" 200 675 "http://chat.f-m-shop.de/livezilla/livezilla.php?template=lz_chat_frame.3.2.login.0.0" "Mozilla/5.0 (Macintosh; U; PPC Mac OS X 10.4; de; rv:1.9.1.6) Gecko/20091201 Firefox/3.5.6"
84.63.43.192 - - [04/Jan/2010:13:17:03 +0100] "GET /livezilla/images/icon_info.gif HTTP/1.1" 200 1703 "http://chat.f-m-shop.de/livezilla/livezilla.php?template=lz_chat_frame.3.2.login.1.0&" "Mozilla/5.0 (Macintosh; U; PPC Mac OS X 10.4; de; rv:1.9.1.6) Gecko/20091201 Firefox/3.5.6"
84.63.43.192 - - [04/Jan/2010:13:17:03 +0100] "GET /livezilla/images/icon_network.gif HTTP/1.1" 200 354 "http://chat.f-m-shop.de/livezilla/livezilla.php?template=lz_chat_frame.3.2.login.1.0&" "Mozilla/5.0 (Macintosh; U; PPC Mac OS X 10.4; de; rv:1.9.1.6) Gecko/20091201 Firefox/3.5.6"
84.63.43.192 - - [04/Jan/2010:13:17:03 +0100] "GET /livezilla/images/chat_bg_navigation.gif HTTP/1.1" 200 258 "http://chat.f-m-shop.de/livezilla/templates/style.css" "Mozilla/5.0 (Macintosh; U; PPC Mac OS X 10.4; de; rv:1.9.1.6) Gecko/20091201 Firefox/3.5.6"
84.63.43.192 - - [04/Jan/2010:13:17:03 +0100] "GET /livezilla/images/lz_button.gif HTTP/1.1" 200 838 "http://chat.f-m-shop.de/livezilla/templates/style.css" "Mozilla/5.0 (Macintosh; U; PPC Mac OS X 10.4; de; rv:1.9.1.6) Gecko/20091201 Firefox/3.5.6"
84.63.43.192 - - [04/Jan/2010:13:17:03 +0100] "GET /livezilla/images/chat_bg_navigation_sub.gif HTTP/1.1" 200 76 "http://chat.f-m-shop.de/livezilla/templates/style.css" "Mozilla/5.0 (Macintosh; U; PPC Mac OS X 10.4; de; rv:1.9.1.6) Gecko/20091201 Firefox/3.5.6"
84.63.43.192 - - [04/Jan/2010:13:17:03 +0100] "GET /livezilla/images/chat_bg_field.gif HTTP/1.1" 200 121 "http://chat.f-m-shop.de/livezilla/templates/style.css" "Mozilla/5.0 (Macintosh; U; PPC Mac OS X 10.4; de; rv:1.9.1.6) Gecko/20091201 Firefox/3.5.6"
84.63.43.192 - - [04/Jan/2010:13:17:03 +0100] "GET /livezilla/images/lz_button_extra.gif HTTP/1.1" 200 948 "http://chat.f-m-shop.de/livezilla/templates/style.css" "Mozilla/5.0 (Macintosh; U; PPC Mac OS X 10.4; de; rv:1.9.1.6) Gecko/20091201 Firefox/3.5.6"
84.63.43.192 - - [04/Jan/2010:13:17:03 +0100] "GET /livezilla/images/chat_bg_footer_top.gif HTTP/1.1" 200 858 "http://chat.f-m-shop.de/livezilla/templates/style.css" "Mozilla/5.0 (Macintosh; U; PPC Mac OS X 10.4; de; rv:1.9.1.6) Gecko/20091201 Firefox/3.5.6"
84.63.43.192 - - [04/Jan/2010:13:17:06 +0100] "POST /livezilla/server.php HTTP/1.1" 200 212 "http://chat.f-m-shop.de/livezilla/livezilla.php" "Mozilla/5.0 (Macintosh; U; PPC Mac OS X 10.4; de; rv:1.9.1.6) Gecko/20091201 Firefox/3.5.6"
84.63.43.192 - - [04/Jan/2010:13:17:06 +0100] "POST /livezilla/livezilla.php?template=lz_chat_frame.3.2.mail HTTP/1.1" 200 4002 "http://chat.f-m-shop.de/livezilla/livezilla.php?template=lz_chat_frame.3.2.login.1.0&" "Mozilla/5.0 (Macintosh; U; PPC Mac OS X 10.4; de; rv:1.9.1.6) Gecko/20091201 Firefox/3.5.6"
84.63.43.192 - - [04/Jan/2010:13:17:06 +0100] "GET /livezilla/livezilla.php?template=lz_chat_frame.3.2.mail HTTP/1.1" 200 3993 "http://chat.f-m-shop.de/livezilla/livezilla.php" "Mozilla/5.0 (Macintosh; U; PPC Mac OS X 10.4; de; rv:1.9.1.6) Gecko/20091201 Firefox/3.5.6"
84.63.43.192 - - [04/Jan/2010:13:17:06 +0100] "GET /livezilla/images/button_chat.gif HTTP/1.1" 200 1218 "http://chat.f-m-shop.de/livezilla/livezilla.php?template=lz_chat_frame.3.2.mail" "Mozilla/5.0 (Macintosh; U; PPC Mac OS X 10.4; de; rv:1.9.1.6) Gecko/20091201 Firefox/3.5.6"
84.63.43.192 - - [04/Jan/2010:13:17:06 +0100] "GET /livezilla/images/button_print.gif HTTP/1.1" 200 1183 "http://chat.f-m-shop.de/livezilla/livezilla.php?template=lz_chat_frame.3.2.mail" "Mozilla/5.0 (Macintosh; U; PPC Mac OS X 10.4; de; rv:1.9.1.6) Gecko/20091201 Firefox/3.5.6"
192.168.10.13 - - [04/Jan/2010:13:16:43 +0100] "POST /livezilla/server.php?acid=0a1d3 HTTP/1.1" 200 - "-" "LiveZilla 3.1.7.7 [http://www.livezilla.net]"
192.168.10.10 - - [04/Jan/2010:13:16:44 +0100] "POST /livezilla/server.php?acid=1242b HTTP/1.1" 200 - "-" "LiveZilla 3.1.7.7 [http://www.livezilla.net]"
82.139.197.225 - - [04/Jan/2010:13:18:06 +0100] "GET /livezilla/image.php?id=04 HTTP/1.1" 200 7276 "http://www.f-m-shop.de/seiten/prod_detail_neuer.cfm?name=ROUTER LINKSYS 8x10/100 VPN 8Port (ML)&artnr=A%20%2014825&nav=2&kat=NETLROU&kat_her=LINKSYS&p_sort=&b_sort=ASC" "Mozilla/4.0 (compatible; MSIE 8.0; Windows NT 5.1; Trident/4.0; .NET CLR 2.0.50727; .NET CLR 3.0.4506.2152; .NET CLR 3.5.30729; InfoPath.1)"
192.168.10.13 - - [04/Jan/2010:13:17:32 +0100] "POST /livezilla/server.php?acid=ee9b4 HTTP/1.1" 200 - "-" "LiveZilla 3.1.7.7 [http://www.livezilla.net]"
192.168.10.10 - - [04/Jan/2010:13:17:32 +0100] "POST /livezilla/server.php?acid=84e01 HTTP/1.1" 200 - "-" "LiveZilla 3.1.7.7 [http://www.livezilla.net]"
82.139.197.225 - - [04/Jan/2010:13:18:35 +0100] "GET /livezilla/image.php?id=04 HTTP/1.1" 200 7276 "http://www.f-m-shop.de/seiten/prod_detail_neuer.cfm?name=ROUTER LINKSYS BEFVP41-EU&artnr=A%20%2014763&nav=2&kat=NETLROU&kat_her=LINKSYS&p_sort=&b_sort=ASC" "Mozilla/4.0 (compatible; MSIE 8.0; Windows NT 5.1; Trident/4.0; .NET CLR 2.0.50727; .NET CLR 3.0.4506.2152; .NET CLR 3.5.30729; InfoPath.1)"
87.174.82.38 - - [04/Jan/2010:13:18:59 +0100] "GET /livezilla/image.php?id=04 HTTP/1.1" 200 7276 "http://www.f-m-shop.de/seiten/prod_detail_neuer.cfm?kat=HIFMEDIA&nav=2&artnr=A%20%2029928" "Mozilla/5.0 (Windows; U; Windows NT 6.1; de; rv:1.9.1.5) Gecko/20091102 Firefox/3.5.5"
192.168.10.13 - - [04/Jan/2010:13:18:20 +0100] "POST /livezilla/server.php?acid=dc6c0 HTTP/1.1" 200 - "-" "LiveZilla 3.1.7.7 [http://www.livezilla.net]"
192.168.10.10 - - [04/Jan/2010:13:18:21 +0100] "POST /livezilla/server.php?acid=bf492 HTTP/1.1" 200 - "-" "LiveZilla 3.1.7.7 [http://www.livezilla.net]"
82.139.197.225 - - [04/Jan/2010:13:19:12 +0100] "GET /livezilla/image.php?id=04 HTTP/1.1" 200 7276 "http://www.f-m-shop.de/seiten/prod_detail_neuer.cfm?name=ROUTER LINKSYS RV042-EU&artnr=A%20%2015854&nav=2&kat=NETLROU&kat_her=LINKSYS&p_sort=&b_sort=ASC" "Mozilla/4.0 (compatible; MSIE 8.0; Windows NT 5.1; Trident/4.0; .NET CLR 2.0.50727; .NET CLR 3.0.4506.2152; .NET CLR 3.5.30729; InfoPath.1)"
213.139.176.210 - - [04/Jan/2010:13:19:13 +0100] "GET /livezilla/image.php?id=04 HTTP/1.1" 200 7276 "http://www.f-m-shop.de/seiten/prod_detail_neuer.cfm?kat=MONT24&nav=2&artnr=A%20%2027670" "Mozilla/5.0 (Macintosh; U; Intel Mac OS X 10.6; fi; rv:1.9.1.6) Gecko/20091201 Firefox/3.5.6"
82.139.197.225 - - [04/Jan/2010:13:19:30 +0100] "GET /livezilla/image.php?id=04 HTTP/1.1" 200 7276 "http://www.f-m-shop.de/seiten/prod_detail_neuer.cfm?name=ROUTER LINKSYS RVS4000-EU&artnr=A%20%2020371&nav=2&kat=NETLROU&kat_her=LINKSYS&p_sort=&b_sort=ASC" "Mozilla/4.0 (compatible; MSIE 8.0; Windows NT 5.1; Trident/4.0; .NET CLR 2.0.50727; .NET CLR 3.0.4506.2152; .NET CLR 3.5.30729; InfoPath.1)"
80.239.242.126 - - [04/Jan/2010:13:19:52 +0100] "GET /livezilla/image.php?id=04 HTTP/1.1" 200 7276 "http://www.f-m-shop.de/seiten/prod_detail_neuer.cfm?kat=MONTOUCH&nav=2&artnr=A%20%2030807" "Opera/9.80 (X11; Linux x86_64; U; en) Presto/2.2.15 Version/10.10"
192.168.10.13 - - [04/Jan/2010:13:19:08 +0100] "POST /livezilla/server.php?acid=584ff HTTP/1.1" 200 - "-" "LiveZilla 3.1.7.7 [http://www.livezilla.net]"
192.168.10.10 - - [04/Jan/2010:13:19:09 +0100] "POST /livezilla/server.php?acid=65942 HTTP/1.1" 200 - "-" "LiveZilla 3.1.7.7 [http://www.livezilla.net]"
80.171.20.86 - - [04/Jan/2010:13:20:37 +0100] "GET /livezilla/image.php?id=04 HTTP/1.1" 200 7276 "http://www.f-m-shop.de/seiten/prod_detail_neuer.cfm?kat=MONT24&nav=2&artnr=A%20%2025272" "Mozilla/5.0 (Macintosh; U; PPC Mac OS X Mach-O; de; rv:1.8.1.14) Gecko/20080404 Firefox/2.0.0.14"
192.168.10.13 - - [04/Jan/2010:13:19:57 +0100] "POST /livezilla/server.php?acid=cfe64 HTTP/1.1" 200 - "-" "LiveZilla 3.1.7.7 [http://www.livezilla.net]"
192.168.10.10 - - [04/Jan/2010:13:19:57 +0100] "POST /livezilla/server.php?acid=e1f50 HTTP/1.1" 200 - "-" "LiveZilla 3.1.7.7 [http://www.livezilla.net]"
80.228.197.5 - - [04/Jan/2010:13:21:09 +0100] "GET /livezilla/image.php?id=04 HTTP/1.1" 200 7276 "http://www.f-m-shop.de/seiten/prod_detail_neuer.cfm?kat=HIFTVCRD&nav=2&artnr=A%20%2028452" "Mozilla/5.0 (Macintosh; U; Intel Mac OS X 10_6_2; de-de) AppleWebKit/531.21.8 (KHTML, like Gecko) Version/4.0.4 Safari/531.21.10"
192.168.10.13 - - [04/Jan/2010:13:20:45 +0100] "POST /livezilla/server.php?acid=35109 HTTP/1.1" 200 - "-" "LiveZilla 3.1.7.7 [http://www.livezilla.net]"
192.168.10.10 - - [04/Jan/2010:13:20:46 +0100] "POST /livezilla/server.php?acid=33887 HTTP/1.1" 200 - "-" "LiveZilla 3.1.7.7 [http://www.livezilla.net]"
195.145.249.70 - - [04/Jan/2010:13:21:44 +0100] "GET /livezilla/image.php?id=04 HTTP/1.0" 200 7276 "http://www.f-m-shop.de/seiten/prod_detail_neuer.cfm?kat=MONT24&nav=2&artnr=A%20%2028980" "Mozilla/5.0 (Windows; U; Windows NT 5.1; de; rv:1.9.1.5) Gecko/20091102 Firefox/3.5.5 (.NET CLR 3.5.30729)"
192.168.10.13 - - [04/Jan/2010:13:21:33 +0100] "POST /livezilla/server.php?acid=bbc9e HTTP/1.1" 200 - "-" "LiveZilla 3.1.7.7 [http://www.livezilla.net]"
192.168.10.10 - - [04/Jan/2010:13:21:34 +0100] "POST /livezilla/server.php?acid=72ae3 HTTP/1.1" 200 - "-" "LiveZilla 3.1.7.7 [http://www.livezilla.net]"
192.168.10.13 - - [04/Jan/2010:13:22:22 +0100] "POST /livezilla/server.php?acid=9a2f1 HTTP/1.1" 200 - "-" "LiveZilla 3.1.7.7 [http://www.livezilla.net]"
192.168.10.10 - - [04/Jan/2010:13:22:22 +0100] "POST /livezilla/server.php?acid=c2789 HTTP/1.1" 200 - "-" "LiveZilla 3.1.7.7 [http://www.livezilla.net]"
192.168.10.13 - - [04/Jan/2010:13:23:10 +0100] "POST /livezilla/server.php?acid=99319 HTTP/1.1" 200 - "-" "LiveZilla 3.1.7.7 [http://www.livezilla.net]"
192.168.10.10 - - [04/Jan/2010:13:23:11 +0100] "POST /livezilla/server.php?acid=f71dc HTTP/1.1" 200 - "-" "LiveZilla 3.1.7.7 [http://www.livezilla.net]"
192.168.10.13 - - [04/Jan/2010:13:23:58 +0100] "POST /livezilla/server.php?acid=76a13 HTTP/1.1" 200 - "-" "LiveZilla 3.1.7.7 [http://www.livezilla.net]"
77.188.83.242 - - [04/Jan/2010:13:24:43 +0100] "GET /livezilla/image.php?id=04 HTTP/1.1" 200 7276 "http://www.f-m-shop.de/seiten/prod_detail_neuer.cfm?kat=MONT30&nav=2&artnr=A 21713" "Mozilla/4.0 (compatible; MSIE 7.0; Windows NT 5.1; .NET CLR 2.0.50727)"
192.168.10.10 - - [04/Jan/2010:13:23:59 +0100] "POST /livezilla/server.php?acid=5bdd0 HTTP/1.1" 200 - "-" "LiveZilla 3.1.7.7 [http://www.livezilla.net]"
195.145.249.70 - - [04/Jan/2010:13:24:50 +0100] "GET /livezilla/image.php?id=04 HTTP/1.0" 200 7276 "http://www.f-m-shop.de/seiten/prod_detail_neuer.cfm?name=LCD%2024,1%22%20EIZO%20FlexScan%20FX2431%20%20%20schwarz&artnr=A%20%2028980&nav=2&kat=MONT24&kat_her=&p_sort=DESC&b_sort=ASC" "Mozilla/5.0 (Windows; U; Windows NT 5.1; de; rv:1.9.1.5) Gecko/20091102 Firefox/3.5.5 (.NET CLR 3.5.30729)"
94.223.157.180 - - [04/Jan/2010:13:25:05 +0100] "GET /livezilla/image.php?id=04 HTTP/1.1" 200 7276 "http://www.f-m-shop.de/seiten/prod_detail_neuer.cfm?kat=MONT24&nav=2&artnr=A%20%2028980" "Mozilla/5.0 (Windows; U; Windows NT 6.1; de; rv:1.9.1.6) Gecko/20091201 Firefox/3.5.6"
77.188.83.242 - - [04/Jan/2010:13:25:22 +0100] "GET /livezilla/image.php?id=04 HTTP/1.1" 200 7276 "http://www.f-m-shop.de/seiten/prod_detail_neuer.cfm?kat=MONT30&nav=2&artnr=A%20%2021713" "Mozilla/4.0 (compatible; MSIE 7.0; Windows NT 5.1; .NET CLR 2.0.50727)"
80.171.20.86 - - [04/Jan/2010:13:25:28 +0100] "GET /livezilla/livezilla.php HTTP/1.1" 200 72007 "http://www.f-m-shop.de/seiten/prod_detail_neuer.cfm?kat=MONT24&nav=2&artnr=A%20%2025272" "Mozilla/5.0 (Macintosh; U; PPC Mac OS X Mach-O; de; rv:1.8.1.14) Gecko/20080404 Firefox/2.0.0.14"
80.171.20.86 - - [04/Jan/2010:13:25:29 +0100] "GET /livezilla/templates/style.css HTTP/1.1" 200 8998 "http://chat.f-m-shop.de/livezilla/livezilla.php" "Mozilla/5.0 (Macintosh; U; PPC Mac OS X Mach-O; de; rv:1.8.1.14) Gecko/20080404 Firefox/2.0.0.14"
80.171.20.86 - - [04/Jan/2010:13:25:29 +0100] "GET /livezilla/livezilla.php?template=lz_chat_frame.0.0 HTTP/1.1" 200 259 "http://chat.f-m-shop.de/livezilla/livezilla.php" "Mozilla/5.0 (Macintosh; U; PPC Mac OS X Mach-O; de; rv:1.8.1.14) Gecko/20080404 Firefox/2.0.0.14"
80.171.20.86 - - [04/Jan/2010:13:25:29 +0100] "GET /livezilla/livezilla.php?template=lz_chat_frame.0.1 HTTP/1.1" 200 277 "http://chat.f-m-shop.de/livezilla/livezilla.php" "Mozilla/5.0 (Macintosh; U; PPC Mac OS X Mach-O; de; rv:1.8.1.14) Gecko/20080404 Firefox/2.0.0.14"
80.171.20.86 - - [04/Jan/2010:13:25:30 +0100] "GET /livezilla/livezilla.php?template=lz_chat_frame.0.2 HTTP/1.1" 200 254 "http://chat.f-m-shop.de/livezilla/livezilla.php" "Mozilla/5.0 (Macintosh; U; PPC Mac OS X Mach-O; de; rv:1.8.1.14) Gecko/20080404 Firefox/2.0.0.14"
80.171.20.86 - - [04/Jan/2010:13:25:30 +0100] "GET /livezilla/livezilla.php?template=lz_chat_frame.1.0 HTTP/1.1" 200 279 "http://chat.f-m-shop.de/livezilla/livezilla.php" "Mozilla/5.0 (Macintosh; U; PPC Mac OS X Mach-O; de; rv:1.8.1.14) Gecko/20080404 Firefox/2.0.0.14"
80.171.20.86 - - [04/Jan/2010:13:25:30 +0100] "GET /livezilla/livezilla.php?template=lz_chat_frame.2.0 HTTP/1.1" 200 263 "http://chat.f-m-shop.de/livezilla/livezilla.php" "Mozilla/5.0 (Macintosh; U; PPC Mac OS X Mach-O; de; rv:1.8.1.14) Gecko/20080404 Firefox/2.0.0.14"
80.171.20.86 - - [04/Jan/2010:13:25:30 +0100] "GET /livezilla/livezilla.php?template=lz_chat_frame.1.1 HTTP/1.1" 200 2257 "http://chat.f-m-shop.de/livezilla/livezilla.php" "Mozilla/5.0 (Macintosh; U; PPC Mac OS X Mach-O; de; rv:1.8.1.14) Gecko/20080404 Firefox/2.0.0.14"
80.171.20.86 - - [04/Jan/2010:13:25:30 +0100] "GET /livezilla/livezilla.php?template=lz_chat_frame.4.1 HTTP/1.1" 200 455 "http://chat.f-m-shop.de/livezilla/livezilla.php" "Mozilla/5.0 (Macintosh; U; PPC Mac OS X Mach-O; de; rv:1.8.1.14) Gecko/20080404 Firefox/2.0.0.14"
80.171.20.86 - - [04/Jan/2010:13:25:30 +0100] "GET /livezilla/livezilla.php?template=lz_chat_frame.1.2 HTTP/1.1" 200 264 "http://chat.f-m-shop.de/livezilla/livezilla.php" "Mozilla/5.0 (Macintosh; U; PPC Mac OS X Mach-O; de; rv:1.8.1.14) Gecko/20080404 Firefox/2.0.0.14"
80.171.20.86 - - [04/Jan/2010:13:25:30 +0100] "GET /livezilla/livezilla.php?template=lz_chat_frame.3.2.login& HTTP/1.1" 200 1019 "http://chat.f-m-shop.de/livezilla/livezilla.php" "Mozilla/5.0 (Macintosh; U; PPC Mac OS X Mach-O; de; rv:1.8.1.14) Gecko/20080404 Firefox/2.0.0.14"
80.171.20.86 - - [04/Jan/2010:13:25:31 +0100] "GET /livezilla/livezilla.php?template=lz_chat_frame.3.0 HTTP/1.1" 200 240 "http://chat.f-m-shop.de/livezilla/livezilla.php" "Mozilla/5.0 (Macintosh; U; PPC Mac OS X Mach-O; de; rv:1.8.1.14) Gecko/20080404 Firefox/2.0.0.14"
80.171.20.86 - - [04/Jan/2010:13:25:31 +0100] "GET /livezilla/livezilla.php?template=lz_chat_frame.2.2 HTTP/1.1" 200 264 "http://chat.f-m-shop.de/livezilla/livezilla.php" "Mozilla/5.0 (Macintosh; U; PPC Mac OS X Mach-O; de; rv:1.8.1.14) Gecko/20080404 Firefox/2.0.0.14"
192.168.10.13 - - [04/Jan/2010:13:24:47 +0100] "POST /livezilla/server.php?acid=6e023 HTTP/1.1" 200 - "-" "LiveZilla 3.1.7.7 [http://www.livezilla.net]"
80.171.20.86 - - [04/Jan/2010:13:25:31 +0100] "GET /livezilla/livezilla.php?template=lz_chat_frame.3.3 HTTP/1.1" 200 239 "http://chat.f-m-shop.de/livezilla/livezilla.php" "Mozilla/5.0 (Macintosh; U; PPC Mac OS X Mach-O; de; rv:1.8.1.14) Gecko/20080404 Firefox/2.0.0.14"
80.171.20.86 - - [04/Jan/2010:13:25:31 +0100] "GET /livezilla/livezilla.php?template=lz_chat_frame.3.2.login.0.0 HTTP/1.1" 200 1563 "http://chat.f-m-shop.de/livezilla/livezilla.php?template=lz_chat_frame.3.2.login&" "Mozilla/5.0 (Macintosh; U; PPC Mac OS X Mach-O; de; rv:1.8.1.14) Gecko/20080404 Firefox/2.0.0.14"
80.171.20.86 - - [04/Jan/2010:13:25:31 +0100] "GET /livezilla/livezilla.php?template=lz_chat_frame.5.1 HTTP/1.1" 200 265 "http://chat.f-m-shop.de/livezilla/livezilla.php" "Mozilla/5.0 (Macintosh; U; PPC Mac OS X Mach-O; de; rv:1.8.1.14) Gecko/20080404 Firefox/2.0.0.14"
80.171.20.86 - - [04/Jan/2010:13:25:31 +0100] "GET /livezilla/livezilla.php?template=lz_chat_frame.3.2.login.2.0 HTTP/1.1" 200 277 "http://chat.f-m-shop.de/livezilla/livezilla.php?template=lz_chat_frame.3.2.login&" "Mozilla/5.0 (Macintosh; U; PPC Mac OS X Mach-O; de; rv:1.8.1.14) Gecko/20080404 Firefox/2.0.0.14"
80.171.20.86 - - [04/Jan/2010:13:25:32 +0100] "GET /livezilla/images/carrier_logo.gif HTTP/1.1" 200 6003 "http://chat.f-m-shop.de/livezilla/livezilla.php?template=lz_chat_frame.1.1" "Mozilla/5.0 (Macintosh; U; PPC Mac OS X Mach-O; de; rv:1.8.1.14) Gecko/20080404 Firefox/2.0.0.14"
192.168.10.10 - - [04/Jan/2010:13:24:47 +0100] "POST /livezilla/server.php?acid=ca642 HTTP/1.1" 200 - "-" "LiveZilla 3.1.7.7 [http://www.livezilla.net]"
80.171.20.86 - - [04/Jan/2010:13:25:31 +0100] "GET /livezilla/livezilla.php?template=lz_chat_frame.3.2.login.1.0& HTTP/1.1" 200 2939 "http://chat.f-m-shop.de/livezilla/livezilla.php?template=lz_chat_frame.3.2.login&" "Mozilla/5.0 (Macintosh; U; PPC Mac OS X Mach-O; de; rv:1.8.1.14) Gecko/20080404 Firefox/2.0.0.14"
80.171.20.86 - - [04/Jan/2010:13:25:32 +0100] "GET /livezilla/images/icon_vcard.gif HTTP/1.1" 200 559 "http://chat.f-m-shop.de/livezilla/livezilla.php?template=lz_chat_frame.1.1" "Mozilla/5.0 (Macintosh; U; PPC Mac OS X Mach-O; de; rv:1.8.1.14) Gecko/20080404 Firefox/2.0.0.14"
80.171.20.86 - - [04/Jan/2010:13:25:32 +0100] "GET /livezilla/images/icon_typing.gif HTTP/1.1" 200 1106 "http://chat.f-m-shop.de/livezilla/livezilla.php?template=lz_chat_frame.1.1" "Mozilla/5.0 (Macintosh; U; PPC Mac OS X Mach-O; de; rv:1.8.1.14) Gecko/20080404 Firefox/2.0.0.14"
80.171.20.86 - - [04/Jan/2010:13:25:32 +0100] "GET /livezilla/intern_images/nopic.jpg HTTP/1.1" 200 3599 "http://chat.f-m-shop.de/livezilla/livezilla.php?template=lz_chat_frame.1.1" "Mozilla/5.0 (Macintosh; U; PPC Mac OS X Mach-O; de; rv:1.8.1.14) Gecko/20080404 Firefox/2.0.0.14"
80.171.20.86 - - [04/Jan/2010:13:25:32 +0100] "GET /livezilla/images/lz_header.gif HTTP/1.1" 200 7285 "http://chat.f-m-shop.de/livezilla/livezilla.php?template=lz_chat_frame.1.1" "Mozilla/5.0 (Macintosh; U; PPC Mac OS X Mach-O; de; rv:1.8.1.14) Gecko/20080404 Firefox/2.0.0.14"
80.171.20.86 - - [04/Jan/2010:13:25:32 +0100] "GET /livezilla/images/chat_bg_navigation_left.gif HTTP/1.1" 200 1078 "http://chat.f-m-shop.de/livezilla/livezilla.php?template=lz_chat_frame.3.2.login.0.0" "Mozilla/5.0 (Macintosh; U; PPC Mac OS X Mach-O; de; rv:1.8.1.14) Gecko/20080404 Firefox/2.0.0.14"
80.171.20.86 - - [04/Jan/2010:13:25:32 +0100] "GET /livezilla/images/button_mail.gif HTTP/1.1" 200 1348 "http://chat.f-m-shop.de/livezilla/livezilla.php?template=lz_chat_frame.3.2.login.0.0" "Mozilla/5.0 (Macintosh; U; PPC Mac OS X Mach-O; de; rv:1.8.1.14) Gecko/20080404 Firefox/2.0.0.14"
80.171.20.86 - - [04/Jan/2010:13:25:32 +0100] "GET /livezilla/images/chat_bg_navigation_dev.gif HTTP/1.1" 200 367 "http://chat.f-m-shop.de/livezilla/livezilla.php?template=lz_chat_frame.3.2.login.0.0" "Mozilla/5.0 (Macintosh; U; PPC Mac OS X Mach-O; de; rv:1.8.1.14) Gecko/20080404 Firefox/2.0.0.14"
80.171.20.86 - - [04/Jan/2010:13:25:32 +0100] "GET /livezilla/images/button_fav.gif HTTP/1.1" 200 1344 "http://chat.f-m-shop.de/livezilla/livezilla.php?template=lz_chat_frame.3.2.login.0.0" "Mozilla/5.0 (Macintosh; U; PPC Mac OS X Mach-O; de; rv:1.8.1.14) Gecko/20080404 Firefox/2.0.0.14"
80.171.20.86 - - [04/Jan/2010:13:25:32 +0100] "GET /livezilla/images/button_close.gif HTTP/1.1" 200 1239 "http://chat.f-m-shop.de/livezilla/livezilla.php?template=lz_chat_frame.3.2.login.0.0" "Mozilla/5.0 (Macintosh; U; PPC Mac OS X Mach-O; de; rv:1.8.1.14) Gecko/20080404 Firefox/2.0.0.14"
80.171.20.86 - - [04/Jan/2010:13:25:32 +0100] "GET /livezilla/images/chat_bg_navigation_right.gif HTTP/1.1" 200 675 "http://chat.f-m-shop.de/livezilla/livezilla.php?template=lz_chat_frame.3.2.login.0.0" "Mozilla/5.0 (Macintosh; U; PPC Mac OS X Mach-O; de; rv:1.8.1.14) Gecko/20080404 Firefox/2.0.0.14"
80.171.20.86 - - [04/Jan/2010:13:25:32 +0100] "GET /livezilla/images/icon_info.gif HTTP/1.1" 200 1703 "http://chat.f-m-shop.de/livezilla/livezilla.php?template=lz_chat_frame.3.2.login.1.0&" "Mozilla/5.0 (Macintosh; U; PPC Mac OS X Mach-O; de; rv:1.8.1.14) Gecko/20080404 Firefox/2.0.0.14"
80.171.20.86 - - [04/Jan/2010:13:25:32 +0100] "GET /livezilla/images/icon_network.gif HTTP/1.1" 200 354 "http://chat.f-m-shop.de/livezilla/livezilla.php?template=lz_chat_frame.3.2.login.1.0&" "Mozilla/5.0 (Macintosh; U; PPC Mac OS X Mach-O; de; rv:1.8.1.14) Gecko/20080404 Firefox/2.0.0.14"
80.171.20.86 - - [04/Jan/2010:13:25:32 +0100] "GET /livezilla/images/lz_rep_bg_left.gif HTTP/1.1" 200 593 "http://chat.f-m-shop.de/livezilla/livezilla.php?template=lz_chat_frame.1.1" "Mozilla/5.0 (Macintosh; U; PPC Mac OS X Mach-O; de; rv:1.8.1.14) Gecko/20080404 Firefox/2.0.0.14"
80.171.20.86 - - [04/Jan/2010:13:25:32 +0100] "GET /livezilla/images/lz_rep_bg.gif HTTP/1.1" 200 320 "http://chat.f-m-shop.de/livezilla/livezilla.php?template=lz_chat_frame.1.1" "Mozilla/5.0 (Macintosh; U; PPC Mac OS X Mach-O; de; rv:1.8.1.14) Gecko/20080404 Firefox/2.0.0.14"
80.171.20.86 - - [04/Jan/2010:13:25:32 +0100] "GET /livezilla/images/lz_rep_bg_right.gif HTTP/1.1" 200 590 "http://chat.f-m-shop.de/livezilla/livezilla.php?template=lz_chat_frame.1.1" "Mozilla/5.0 (Macintosh; U; PPC Mac OS X Mach-O; de; rv:1.8.1.14) Gecko/20080404 Firefox/2.0.0.14"
80.171.20.86 - - [04/Jan/2010:13:25:32 +0100] "GET /livezilla/images/chat_bg_footer.gif HTTP/1.1" 200 194 "http://chat.f-m-shop.de/livezilla/templates/style.css" "Mozilla/5.0 (Macintosh; U; PPC Mac OS X Mach-O; de; rv:1.8.1.14) Gecko/20080404 Firefox/2.0.0.14"
80.171.20.86 - - [04/Jan/2010:13:25:32 +0100] "GET /livezilla/images/chat_bg_navigation.gif HTTP/1.1" 200 258 "http://chat.f-m-shop.de/livezilla/templates/style.css" "Mozilla/5.0 (Macintosh; U; PPC Mac OS X Mach-O; de; rv:1.8.1.14) Gecko/20080404 Firefox/2.0.0.14"
80.171.20.86 - - [04/Jan/2010:13:25:32 +0100] "GET /livezilla/images/chat_bg_footer_top.gif HTTP/1.1" 200 858 "http://chat.f-m-shop.de/livezilla/templates/style.css" "Mozilla/5.0 (Macintosh; U; PPC Mac OS X Mach-O; de; rv:1.8.1.14) Gecko/20080404 Firefox/2.0.0.14"
80.171.20.86 - - [04/Jan/2010:13:25:32 +0100] "GET /livezilla/images/lz_button.gif HTTP/1.1" 200 838 "http://chat.f-m-shop.de/livezilla/templates/style.css" "Mozilla/5.0 (Macintosh; U; PPC Mac OS X Mach-O; de; rv:1.8.1.14) Gecko/20080404 Firefox/2.0.0.14"
80.171.20.86 - - [04/Jan/2010:13:25:32 +0100] "GET /livezilla/images/chat_bg_navigation_sub.gif HTTP/1.1" 200 76 "http://chat.f-m-shop.de/livezilla/templates/style.css" "Mozilla/5.0 (Macintosh; U; PPC Mac OS X Mach-O; de; rv:1.8.1.14) Gecko/20080404 Firefox/2.0.0.14"
80.171.20.86 - - [04/Jan/2010:13:25:32 +0100] "GET /livezilla/images/chat_bg_field.gif HTTP/1.1" 200 121 "http://chat.f-m-shop.de/livezilla/templates/style.css" "Mozilla/5.0 (Macintosh; U; PPC Mac OS X Mach-O; de; rv:1.8.1.14) Gecko/20080404 Firefox/2.0.0.14"
80.171.20.86 - - [04/Jan/2010:13:25:32 +0100] "GET /livezilla/images/lz_button_extra.gif HTTP/1.1" 200 948 "http://chat.f-m-shop.de/livezilla/templates/style.css" "Mozilla/5.0 (Macintosh; U; PPC Mac OS X Mach-O; de; rv:1.8.1.14) Gecko/20080404 Firefox/2.0.0.14"
80.171.20.86 - - [04/Jan/2010:13:25:36 +0100] "GET /livezilla/images/favicon.ico HTTP/1.1" 200 43302 "-" "Mozilla/5.0 (Macintosh; U; PPC Mac OS X Mach-O; de; rv:1.8.1.14) Gecko/20080404 Firefox/2.0.0.14"
80.171.20.86 - - [04/Jan/2010:13:25:36 +0100] "POST /livezilla/server.php HTTP/1.1" 200 212 "http://chat.f-m-shop.de/livezilla/livezilla.php" "Mozilla/5.0 (Macintosh; U; PPC Mac OS X Mach-O; de; rv:1.8.1.14) Gecko/20080404 Firefox/2.0.0.14"
80.171.20.86 - - [04/Jan/2010:13:25:37 +0100] "POST /livezilla/livezilla.php?template=lz_chat_frame.3.2.mail HTTP/1.1" 200 4002 "http://chat.f-m-shop.de/livezilla/livezilla.php?template=lz_chat_frame.3.2.login.1.0&" "Mozilla/5.0 (Macintosh; U; PPC Mac OS X Mach-O; de; rv:1.8.1.14) Gecko/20080404 Firefox/2.0.0.14"
80.171.20.86 - - [04/Jan/2010:13:25:37 +0100] "GET /livezilla/images/button_chat.gif HTTP/1.1" 200 1218 "http://chat.f-m-shop.de/livezilla/livezilla.php?template=lz_chat_frame.3.2.mail" "Mozilla/5.0 (Macintosh; U; PPC Mac OS X Mach-O; de; rv:1.8.1.14) Gecko/20080404 Firefox/2.0.0.14"
80.171.20.86 - - [04/Jan/2010:13:25:37 +0100] "GET /livezilla/images/button_print.gif HTTP/1.1" 200 1183 "http://chat.f-m-shop.de/livezilla/livezilla.php?template=lz_chat_frame.3.2.mail" "Mozilla/5.0 (Macintosh; U; PPC Mac OS X Mach-O; de; rv:1.8.1.14) Gecko/20080404 Firefox/2.0.0.14"
80.171.20.86 - - [04/Jan/2010:13:25:37 +0100] "GET /livezilla/images/favicon.ico HTTP/1.1" 200 43302 "-" "Mozilla/5.0 (Macintosh; U; PPC Mac OS X Mach-O; de; rv:1.8.1.14) Gecko/20080404 Firefox/2.0.0.14"
195.145.249.70 - - [04/Jan/2010:13:25:43 +0100] "GET /livezilla/image.php?id=04 HTTP/1.0" 200 7276 "http://www.f-m-shop.de/seiten/prod_detail_neuer.cfm?name=LCD%2024,1%22%20EIZO%20FlexScan%20FX2431%20%20%20schwarz&artnr=A%20%2028980&nav=2&kat=MONT24&kat_her=&p_sort=DESC&b_sort=ASC" "Mozilla/5.0 (Windows; U; Windows NT 5.1; de; rv:1.9.1.5) Gecko/20091102 Firefox/3.5.5 (.NET CLR 3.5.30729)"
91.15.239.183 - - [04/Jan/2010:13:26:04 +0100] "GET /livezilla/image.php?id=04 HTTP/1.1" 200 7276 "http://www.f-m-shop.de/seiten/prod_detail_neuer.cfm?kat=LFWDVD&nav=2&artnr=A%20%2023739" "Mozilla/5.0 (Windows; U; Windows NT 6.0; de; rv:1.9.1.6) Gecko/20091201 Firefox/3.5.6 (.NET CLR 3.5.30729)"
192.168.10.13 - - [04/Jan/2010:13:25:35 +0100] "POST /livezilla/server.php?acid=6c3bd HTTP/1.1" 200 - "-" "LiveZilla 3.1.7.7 [http://www.livezilla.net]"
192.168.10.10 - - [04/Jan/2010:13:25:36 +0100] "POST /livezilla/server.php?acid=c89fd HTTP/1.1" 200 - "-" "LiveZilla 3.1.7.7 [http://www.livezilla.net]"
91.15.239.183 - - [04/Jan/2010:13:26:37 +0100] "GET /livezilla/image.php?id=04 HTTP/1.1" 200 7276 "http://www.f-m-shop.de/seiten/prod_detail_neuer.cfm?kat=LFWDVD&nav=2&artnr=A%20%2023739" "Mozilla/5.0 (Windows; U; Windows NT 6.0; de; rv:1.9.1.6) Gecko/20091201 Firefox/3.5.6 (.NET CLR 3.5.30729)"
78.42.102.86 - - [04/Jan/2010:13:26:40 +0100] "GET /livezilla/image.php?id=04 HTTP/1.1" 200 7276 "http://www.f-m-shop.de/seiten/prod_detail_neuer.cfm?kat=GRAZBH&nav=2&artnr=A%20%2022621" "Opera/9.61 (Windows NT 5.1; U; de) Presto/2.1.1"
192.168.10.13 - - [04/Jan/2010:13:26:23 +0100] "POST /livezilla/server.php?acid=4f424 HTTP/1.1" 200 - "-" "LiveZilla 3.1.7.7 [http://www.livezilla.net]"
192.168.10.10 - - [04/Jan/2010:13:26:24 +0100] "POST /livezilla/server.php?acid=82edb HTTP/1.1" 200 - "-" "LiveZilla 3.1.7.7 [http://www.livezilla.net]"
195.145.249.70 - - [04/Jan/2010:13:27:23 +0100] "GET /livezilla/image.php?id=04 HTTP/1.0" 200 7276 "http://www.f-m-shop.de/seiten/prod_detail_neuer.cfm?name=LCD%2024,1%22%20EIZO%20FlexScan%20FX2431%20%20%20schwarz&artnr=A%20%2028980&nav=2&kat=MONT24&kat_her=&p_sort=DESC&b_sort=ASC" "Mozilla/5.0 (Windows; U; Windows NT 5.1; de; rv:1.9.1.5) Gecko/20091102 Firefox/3.5.5 (.NET CLR 3.5.30729)"
192.168.10.13 - - [04/Jan/2010:13:27:12 +0100] "POST /livezilla/server.php?acid=874b8 HTTP/1.1" 200 - "-" "LiveZilla 3.1.7.7 [http://www.livezilla.net]"
192.168.10.10 - - [04/Jan/2010:13:27:12 +0100] "POST /livezilla/server.php?acid=b6902 HTTP/1.1" 200 - "-" "LiveZilla 3.1.7.7 [http://www.livezilla.net]"
77.64.153.185 - - [04/Jan/2010:13:28:40 +0100] "GET /livezilla/image.php?id=04 HTTP/1.1" 200 7276 "http://www.f-m-shop.de/seiten/prod_detail_neuer.cfm?kat=XPOSTEN&nav=2&artnr=A 13653" "Mozilla/4.0 (compatible; MSIE 8.0; Windows NT 6.0; Trident/4.0; SLCC1; .NET CLR 2.0.50727; InfoPath.2; .NET CLR 1.1.4322; .NET CLR 3.5.30729; .NET CLR 3.0.30729; OfficeLiveConnector.1.4; OfficeLivePatch.1.3)"
192.168.10.13 - - [04/Jan/2010:13:28:00 +0100] "POST /livezilla/server.php?acid=4eab3 HTTP/1.1" 200 - "-" "LiveZilla 3.1.7.7 [http://www.livezilla.net]"
192.168.10.10 - - [04/Jan/2010:13:28:01 +0100] "POST /livezilla/server.php?acid=57cf7 HTTP/1.1" 200 - "-" "LiveZilla 3.1.7.7 [http://www.livezilla.net]"
95.117.225.49 - - [04/Jan/2010:13:29:10 +0100] "GET /livezilla/image.php?id=04 HTTP/1.1" 200 7276 "http://www.f-m-shop.de/seiten/prod_detail_neuer.cfm?kat=NETLROU&nav=2&artnr=A%20%2027589" "Mozilla/5.0 (Windows; U; Windows NT 6.1; de; rv:1.9.1.6) Gecko/20091201 Firefox/3.5.6"
195.145.249.70 - - [04/Jan/2010:13:29:11 +0100] "GET /livezilla/image.php?id=04 HTTP/1.0" 200 7276 "http://www.f-m-shop.de/seiten/prod_detail_neuer.cfm?artnr=A%20%2024296&nav=2&kat=MONT24&kat_her=&p_sort=DESC&b_sort=ASC" "Mozilla/5.0 (Windows; U; Windows NT 5.1; de; rv:1.9.1.5) Gecko/20091102 Firefox/3.5.5 (.NET CLR 3.5.30729)"
195.145.249.70 - - [04/Jan/2010:13:29:18 +0100] "GET /livezilla/image.php?id=04 HTTP/1.0" 200 7276 "http://www.f-m-shop.de/seiten/prod_detail_neuer.cfm?name=LCD%2024,1%22%20EIZO%20FlexScan%20FX2431%20%20%20schwarz&artnr=A%20%2028980&nav=2&kat=MONT24&kat_her=&p_sort=DESC&b_sort=ASC" "Mozilla/5.0 (Windows; U; Windows NT 5.1; de; rv:1.9.1.5) Gecko/20091102 Firefox/3.5.5 (.NET CLR 3.5.30729)"
192.168.10.13 - - [04/Jan/2010:13:28:48 +0100] "POST /livezilla/server.php?acid=fe1bf HTTP/1.1" 200 - "-" "LiveZilla 3.1.7.7 [http://www.livezilla.net]"
