85.25.210.234 - - [21/Sep/2019:16:27:41 +0200] "GET /robots.txt HTTP/1.1" 200 8210 "-" "Mozilla/5.0 (compatible; adscanner/)/1.0 (Mozilla/5.0 (compatible; seoscanners.net/1.0; +spider@seoscanners.net); http://seoscanners.net; spider@seoscanners.net)"
85.25.210.234 - - [21/Sep/2019:16:27:41 +0200] "GET /unternehmen/sponsoring/afc_berlin_adler HTTP/1.1" 200 3998 "-" "Mozilla/5.0 (compatible; adscanner/)/1.0 (Mozilla/5.0 (compatible; seoscanners.net/1.0; +spider@seoscanners.net); http://seoscanners.net; spider@seoscanners.net)"
157.55.39.245 - - [21/Sep/2019:16:28:44 +0200] "GET /aktuelles HTTP/1.1" 200 8334 "-" "Mozilla/5.0 (compatible; bingbot/2.0; +http://www.bing.com/bingbot.htm)"
54.36.148.54 - - [21/Sep/2019:16:36:01 +0200] "GET /robots.txt HTTP/1.1" 200 8210 "-" "Mozilla/5.0 (compatible; AhrefsBot/6.1; +http://ahrefs.com/robot/)"
54.36.150.172 - - [21/Sep/2019:16:36:02 +0200] "GET /unternehmen/sponsoring/ehc_eisbaeren_berlin HTTP/1.1" 200 3546 "-" "Mozilla/5.0 (compatible; AhrefsBot/6.1; +http://ahrefs.com/robot/)"
80.187.114.62 - - [21/Sep/2019:17:02:30 +0200] "GET / HTTP/1.1" 200 3316 "-" "Mozilla/5.0 (iPhone; CPU iPhone OS 12_4_1 like Mac OS X) AppleWebKit/605.1.15 (KHTML, like Gecko) Version/12.1.2 Mobile/15E148 Safari/604.1"
80.187.114.62 - - [21/Sep/2019:17:02:31 +0200] "GET /apple-touch-icon-120x120-precomposed.png HTTP/1.1" 200 8210 "-" "MobileSafari/604.1 CFNetwork/978.0.7 Darwin/18.7.0"
80.187.114.62 - - [21/Sep/2019:17:02:31 +0200] "GET /apple-touch-icon-120x120.png HTTP/1.1" 200 8210 "-" "MobileSafari/604.1 CFNetwork/978.0.7 Darwin/18.7.0"
80.187.114.62 - - [21/Sep/2019:17:02:31 +0200] "GET /apple-touch-icon-precomposed.png HTTP/1.1" 200 8210 "-" "MobileSafari/604.1 CFNetwork/978.0.7 Darwin/18.7.0"
80.187.114.62 - - [21/Sep/2019:17:02:31 +0200] "GET /apple-touch-icon.png HTTP/1.1" 200 8210 "-" "MobileSafari/604.1 CFNetwork/978.0.7 Darwin/18.7.0"
80.187.114.62 - - [21/Sep/2019:17:02:32 +0200] "GET /favicon.ico HTTP/1.1" 200 8210 "-" "MobileSafari/604.1 CFNetwork/978.0.7 Darwin/18.7.0"
80.187.114.62 - - [21/Sep/2019:17:02:32 +0200] "GET /apple-touch-icon-120x120-precomposed.png HTTP/1.1" 200 8210 "-" "MobileSafari/604.1 CFNetwork/978.0.7 Darwin/18.7.0"
80.187.114.62 - - [21/Sep/2019:17:02:32 +0200] "GET /apple-touch-icon-120x120.png HTTP/1.1" 200 8210 "-" "MobileSafari/604.1 CFNetwork/978.0.7 Darwin/18.7.0"
80.187.114.62 - - [21/Sep/2019:17:02:32 +0200] "GET /apple-touch-icon-precomposed.png HTTP/1.1" 200 8210 "-" "MobileSafari/604.1 CFNetwork/978.0.7 Darwin/18.7.0"
80.187.114.62 - - [21/Sep/2019:17:02:32 +0200] "GET /apple-touch-icon.png HTTP/1.1" 200 8210 "-" "MobileSafari/604.1 CFNetwork/978.0.7 Darwin/18.7.0"
80.187.114.62 - - [21/Sep/2019:17:02:33 +0200] "GET /favicon.ico HTTP/1.1" 200 8210 "-" "MobileSafari/604.1 CFNetwork/978.0.7 Darwin/18.7.0"
157.55.39.213 - - [21/Sep/2019:17:11:57 +0200] "GET /unternehmen HTTP/1.1" 200 3128 "-" "Mozilla/5.0 (compatible; bingbot/2.0; +http://www.bing.com/bingbot.htm)"
85.25.210.234 - - [21/Sep/2019:17:12:33 +0200] "GET /robots.txt HTTP/1.1" 200 8210 "-" "Mozilla/5.0 (compatible; adscanner/)/1.0 (Mozilla/5.0 (compatible; seoscanners.net/1.0; +spider@seoscanners.net); http://seoscanners.net; spider@seoscanners.net)"
85.25.210.234 - - [21/Sep/2019:17:12:33 +0200] "GET /unternehmen/sponsoring/ehc_eisbaeren_berlin HTTP/1.1" 200 3546 "-" "Mozilla/5.0 (compatible; adscanner/)/1.0 (Mozilla/5.0 (compatible; seoscanners.net/1.0; +spider@seoscanners.net); http://seoscanners.net; spider@seoscanners.net)"
157.55.39.218 - - [21/Sep/2019:17:13:33 +0200] "GET /transport.inat.cfm HTTP/1.1" 200 8210 "-" "Mozilla/5.0 (compatible; bingbot/2.0; +http://www.bing.com/bingbot.htm)"
85.25.210.234 - - [21/Sep/2019:17:15:37 +0200] "GET /robots.txt HTTP/1.1" 200 8210 "-" "Mozilla/5.0 (compatible; adscanner/)/1.0 (Mozilla/5.0 (compatible; seoscanners.net/1.0; +spider@seoscanners.net); http://seoscanners.net; spider@seoscanners.net)"
85.25.210.234 - - [21/Sep/2019:17:15:37 +0200] "GET /unternehmen/sponsoring/ehc_eisbaeren_berlin HTTP/1.1" 200 3546 "-" "Mozilla/5.0 (compatible; adscanner/)/1.0 (Mozilla/5.0 (compatible; seoscanners.net/1.0; +spider@seoscanners.net); http://seoscanners.net; spider@seoscanners.net)"
35.185.12.219 - - [21/Sep/2019:17:20:41 +0200] "GET /robots.txt HTTP/1.0" 200 8210 "-" "ZoominfoBot (zoominfobot at zoominfo dot com)"
35.185.12.219 - - [21/Sep/2019:17:20:41 +0200] "GET / HTTP/1.0" 200 3316 "-" "ZoominfoBot (zoominfobot at zoominfo dot com)"
157.55.39.218 - - [21/Sep/2019:17:38:09 +0200] "GET /geschaeftskunden/stueckgut_national HTTP/1.1" 200 4493 "-" "Mozilla/5.0 (iPhone; CPU iPhone OS 7_0 like Mac OS X) AppleWebKit/537.51.1 (KHTML, like Gecko) Version/7.0 Mobile/11A465 Safari/9537.53 (compatible; bingbot/2.0; +http://www.bing.com/bingbot.htm)"
157.55.39.245 - - [21/Sep/2019:17:51:42 +0200] "GET /unternehmen/sponsoring HTTP/1.1" 200 3887 "-" "Mozilla/5.0 (compatible; bingbot/2.0; +http://www.bing.com/bingbot.htm)"
84.129.110.35 - - [21/Sep/2019:18:47:40 +0200] "GET /pdf/Frachtrecht%20HGB.pdf HTTP/1.1" 200 19672 "-" "Mozilla/5.0 (Macintosh; Intel Mac OS X 10_13_2) AppleWebKit/604.4.7 (KHTML, like Gecko)"
84.129.110.35 - - [21/Sep/2019:18:47:43 +0200] "GET /apple-touch-icon-precomposed.png HTTP/1.1" 200 8210 "-" "Safari/13604.4.7.1.3 CFNetwork/893.13.1 Darwin/17.3.0 (x86_64)"
84.129.110.35 - - [21/Sep/2019:18:47:44 +0200] "GET /apple-touch-icon.png HTTP/1.1" 200 8210 "-" "Safari/13604.4.7.1.3 CFNetwork/893.13.1 Darwin/17.3.0 (x86_64)"
84.129.110.35 - - [21/Sep/2019:18:47:44 +0200] "GET /favicon.ico HTTP/1.1" 200 8210 "-" "Safari/13604.4.7.1.3 CFNetwork/893.13.1 Darwin/17.3.0 (x86_64)"
84.129.110.35 - - [21/Sep/2019:18:47:44 +0200] "GET /apple-touch-icon-precomposed.png HTTP/1.1" 200 8210 "-" "Safari/13604.4.7.1.3 CFNetwork/893.13.1 Darwin/17.3.0 (x86_64)"
84.129.110.35 - - [21/Sep/2019:18:47:44 +0200] "GET /apple-touch-icon.png HTTP/1.1" 200 8210 "-" "Safari/13604.4.7.1.3 CFNetwork/893.13.1 Darwin/17.3.0 (x86_64)"
84.129.110.35 - - [21/Sep/2019:18:47:44 +0200] "GET /favicon.ico HTTP/1.1" 200 8210 "-" "Safari/13604.4.7.1.3 CFNetwork/893.13.1 Darwin/17.3.0 (x86_64)"
84.129.110.35 - - [21/Sep/2019:18:47:45 +0200] "GET /pdf/Frachtrecht%20HGB.pdf HTTP/1.1" 200 19672 "-" "\"Mozilla/5.0 (iPhone; CPU iPhone OS 11_0 like Mac OS X) AppleWebKit/604.1.38 (KHTML, like Gecko) Version/11.0 Mobile/15A372 Safari/604.1\""
84.129.110.35 - - [21/Sep/2019:18:47:45 +0200] "GET /apple-touch-icon-precomposed.png HTTP/1.1" 200 8210 "-" "Safari/13604.4.7.1.3 CFNetwork/893.13.1 Darwin/17.3.0 (x86_64)"
84.129.110.35 - - [21/Sep/2019:18:47:45 +0200] "GET /apple-touch-icon.png HTTP/1.1" 200 8210 "-" "Safari/13604.4.7.1.3 CFNetwork/893.13.1 Darwin/17.3.0 (x86_64)"
84.129.110.35 - - [21/Sep/2019:18:47:45 +0200] "GET /favicon.ico HTTP/1.1" 200 8210 "-" "Safari/13604.4.7.1.3 CFNetwork/893.13.1 Darwin/17.3.0 (x86_64)"
84.129.110.35 - - [21/Sep/2019:18:47:45 +0200] "GET /apple-touch-icon-precomposed.png HTTP/1.1" 200 8210 "-" "Safari/13604.4.7.1.3 CFNetwork/893.13.1 Darwin/17.3.0 (x86_64)"
84.129.110.35 - - [21/Sep/2019:18:47:46 +0200] "GET /apple-touch-icon.png HTTP/1.1" 200 8210 "-" "Safari/13604.4.7.1.3 CFNetwork/893.13.1 Darwin/17.3.0 (x86_64)"
84.129.110.35 - - [21/Sep/2019:18:47:46 +0200] "GET /favicon.ico HTTP/1.1" 200 8210 "-" "Safari/13604.4.7.1.3 CFNetwork/893.13.1 Darwin/17.3.0 (x86_64)"
46.119.122.97 - - [21/Sep/2019:18:50:43 +0200] "GET /informationen/faq/ HTTP/1.1" 200 7235 "https://paintingplanet.ru/" "Mozilla/4.0 (compatible; MSIE 6.0; Windows NT 5.0; APC; .NET CLR 1.0.3705; .NET CLR 1.1.4322; .NET CLR 2.0.50215; InfoPath.1)"
46.119.122.97 - - [21/Sep/2019:18:50:44 +0200] "GET /informationen/faq/ HTTP/1.1" 200 7235 "https://paintingplanet.ru/" "Mozilla/4.0 (compatible; MSIE 6.0; Windows NT 5.0; APC; .NET CLR 1.0.3705; .NET CLR 1.1.4322; .NET CLR 2.0.50215; InfoPath.1)"
46.119.122.97 - - [21/Sep/2019:18:50:44 +0200] "GET /informationen/faq/ HTTP/1.1" 200 7235 "https://paintingplanet.ru/" "Mozilla/4.0 (compatible; MSIE 6.0; Windows NT 5.0; APC; .NET CLR 1.0.3705; .NET CLR 1.1.4322; .NET CLR 2.0.50215; InfoPath.1)"
157.55.39.218 - - [21/Sep/2019:19:17:13 +0200] "GET /exportdokumente/wertgrenzen HTTP/1.1" 200 5733 "-" "Mozilla/5.0 (compatible; bingbot/2.0; +http://www.bing.com/bingbot.htm)"
217.61.235.91 - - [21/Sep/2019:19:27:05 +0200] "GET /exportdokumente/wertgrenzen HTTP/1.1" 200 5733 "-" "Mozilla/5.0 (Macintosh; Intel Mac OS X 10_13_6) AppleWebKit/605.1.15 (KHTML, like Gecko)"
217.61.235.91 - - [21/Sep/2019:19:27:05 +0200] "GET /apple-touch-icon-precomposed.png HTTP/1.1" 200 8210 "-" "Safari/13607.3.10 CFNetwork/902.1 Darwin/17.7.0 (x86_64)"
217.61.235.91 - - [21/Sep/2019:19:27:06 +0200] "GET /apple-touch-icon.png HTTP/1.1" 200 8210 "-" "Safari/13607.3.10 CFNetwork/902.1 Darwin/17.7.0 (x86_64)"
217.61.235.91 - - [21/Sep/2019:19:27:06 +0200] "GET /favicon.ico HTTP/1.1" 200 8210 "-" "Safari/13607.3.10 CFNetwork/902.1 Darwin/17.7.0 (x86_64)"
217.61.235.91 - - [21/Sep/2019:19:27:07 +0200] "GET /apple-touch-icon-precomposed.png HTTP/1.1" 200 8210 "-" "Safari/13607.3.10 CFNetwork/902.1 Darwin/17.7.0 (x86_64)"
217.61.235.91 - - [21/Sep/2019:19:27:07 +0200] "GET /apple-touch-icon.png HTTP/1.1" 200 8210 "-" "Safari/13607.3.10 CFNetwork/902.1 Darwin/17.7.0 (x86_64)"
217.61.235.91 - - [21/Sep/2019:19:27:07 +0200] "GET /favicon.ico HTTP/1.1" 200 8210 "-" "Safari/13607.3.10 CFNetwork/902.1 Darwin/17.7.0 (x86_64)"
217.61.235.91 - - [21/Sep/2019:19:27:07 +0200] "GET /exportdokumente/wertgrenzen HTTP/1.1" 200 5733 "-" "Mozilla/5.0 (iPhone; CPU iPhone OS 12_1_3 like Mac OS X) AppleWebKit/605.1.15 (KHTML, like Gecko) Version/12.0 Mobile/15E148 Safari/604.1"
217.61.235.91 - - [21/Sep/2019:19:27:07 +0200] "GET /apple-touch-icon-precomposed.png HTTP/1.1" 200 8210 "-" "Safari/13607.3.10 CFNetwork/902.1 Darwin/17.7.0 (x86_64)"
217.61.235.91 - - [21/Sep/2019:19:27:08 +0200] "GET /apple-touch-icon.png HTTP/1.1" 200 8210 "-" "Safari/13607.3.10 CFNetwork/902.1 Darwin/17.7.0 (x86_64)"
217.61.235.91 - - [21/Sep/2019:19:27:08 +0200] "GET /favicon.ico HTTP/1.1" 200 8210 "-" "Safari/13607.3.10 CFNetwork/902.1 Darwin/17.7.0 (x86_64)"
217.61.235.91 - - [21/Sep/2019:19:27:08 +0200] "GET /apple-touch-icon-precomposed.png HTTP/1.1" 200 8210 "-" "Safari/13607.3.10 CFNetwork/902.1 Darwin/17.7.0 (x86_64)"
217.61.235.91 - - [21/Sep/2019:19:27:08 +0200] "GET /apple-touch-icon.png HTTP/1.1" 200 8210 "-" "Safari/13607.3.10 CFNetwork/902.1 Darwin/17.7.0 (x86_64)"
217.61.235.91 - - [21/Sep/2019:19:27:09 +0200] "GET /favicon.ico HTTP/1.1" 200 8210 "-" "Safari/13607.3.10 CFNetwork/902.1 Darwin/17.7.0 (x86_64)"
194.173.174.106 - - [21/Sep/2019:20:26:09 +0200] "HEAD / HTTP/1.1" 200 - "-" "Mozilla/5.0 (Windows NT 6.3; WOW64) AppleWebKit/537.36 (KHTML, like Gecko) Chrome/43.0.2357.134 Safari/537.36"
54.214.81.62 - - [21/Sep/2019:20:27:33 +0200] "GET / HTTP/1.1" 200 3316 "-" "Mozilla/5.0 (Windows NT 6.1; Win64; x64) AppleWebKit/537.36 (KHTML, like Gecko) Chrome/72.0.3626.109 Safari/537.36"
207.46.13.119 - - [21/Sep/2019:20:43:05 +0200] "GET /geschaeftskunden HTTP/1.1" 200 4078 "-" "Mozilla/5.0 (compatible; bingbot/2.0; +http://www.bing.com/bingbot.htm)"
85.25.210.234 - - [21/Sep/2019:21:26:12 +0200] "GET /robots.txt HTTP/1.1" 200 8210 "-" "Mozilla/5.0 (compatible; adscanner/)/1.0 (Mozilla/5.0 (compatible; seoscanners.net/1.0; +spider@seoscanners.net); http://seoscanners.net; spider@seoscanners.net)"
85.25.210.234 - - [21/Sep/2019:21:26:12 +0200] "GET /unternehmen/sponsoring/worldvision HTTP/1.1" 200 5952 "-" "Mozilla/5.0 (compatible; adscanner/)/1.0 (Mozilla/5.0 (compatible; seoscanners.net/1.0; +spider@seoscanners.net); http://seoscanners.net; spider@seoscanners.net)"
207.46.13.98 - - [21/Sep/2019:21:33:10 +0200] "GET /exportdokumente/wertgrenzen HTTP/1.1" 200 5733 "-" "Mozilla/5.0 (compatible; bingbot/2.0; +http://www.bing.com/bingbot.htm)"
84.129.110.35 - - [21/Sep/2019:21:34:16 +0200] "GET /pdf/Frachtrecht%20HGB.pdf HTTP/1.1" 200 19672 "-" "Mozilla/5.0 (Macintosh; Intel Mac OS X 10_13_2) AppleWebKit/604.4.7 (KHTML, like Gecko)"
84.129.110.35 - - [21/Sep/2019:21:34:17 +0200] "GET /apple-touch-icon-precomposed.png HTTP/1.1" 200 8210 "-" "Safari/13604.4.7.1.3 CFNetwork/893.13.1 Darwin/17.3.0 (x86_64)"
84.129.110.35 - - [21/Sep/2019:21:34:18 +0200] "GET /apple-touch-icon.png HTTP/1.1" 200 8210 "-" "Safari/13604.4.7.1.3 CFNetwork/893.13.1 Darwin/17.3.0 (x86_64)"
84.129.110.35 - - [21/Sep/2019:21:34:18 +0200] "GET /favicon.ico HTTP/1.1" 200 8210 "-" "Safari/13604.4.7.1.3 CFNetwork/893.13.1 Darwin/17.3.0 (x86_64)"
84.129.110.35 - - [21/Sep/2019:21:34:18 +0200] "GET /apple-touch-icon-precomposed.png HTTP/1.1" 200 8210 "-" "Safari/13604.4.7.1.3 CFNetwork/893.13.1 Darwin/17.3.0 (x86_64)"
84.129.110.35 - - [21/Sep/2019:21:34:19 +0200] "GET /apple-touch-icon.png HTTP/1.1" 200 8210 "-" "Safari/13604.4.7.1.3 CFNetwork/893.13.1 Darwin/17.3.0 (x86_64)"
84.129.110.35 - - [21/Sep/2019:21:34:19 +0200] "GET /favicon.ico HTTP/1.1" 200 8210 "-" "Safari/13604.4.7.1.3 CFNetwork/893.13.1 Darwin/17.3.0 (x86_64)"
84.129.110.35 - - [21/Sep/2019:21:34:19 +0200] "GET /pdf/Frachtrecht%20HGB.pdf HTTP/1.1" 200 19672 "-" "\"Mozilla/5.0 (iPhone; CPU iPhone OS 11_0 like Mac OS X) AppleWebKit/604.1.38 (KHTML, like Gecko) Version/11.0 Mobile/15A372 Safari/604.1\""
84.129.110.35 - - [21/Sep/2019:21:34:19 +0200] "GET /apple-touch-icon-precomposed.png HTTP/1.1" 200 8210 "-" "Safari/13604.4.7.1.3 CFNetwork/893.13.1 Darwin/17.3.0 (x86_64)"
84.129.110.35 - - [21/Sep/2019:21:34:19 +0200] "GET /apple-touch-icon.png HTTP/1.1" 200 8210 "-" "Safari/13604.4.7.1.3 CFNetwork/893.13.1 Darwin/17.3.0 (x86_64)"
84.129.110.35 - - [21/Sep/2019:21:34:20 +0200] "GET /favicon.ico HTTP/1.1" 200 8210 "-" "Safari/13604.4.7.1.3 CFNetwork/893.13.1 Darwin/17.3.0 (x86_64)"
84.129.110.35 - - [21/Sep/2019:21:34:20 +0200] "GET /apple-touch-icon-precomposed.png HTTP/1.1" 200 8210 "-" "Safari/13604.4.7.1.3 CFNetwork/893.13.1 Darwin/17.3.0 (x86_64)"
84.129.110.35 - - [21/Sep/2019:21:34:20 +0200] "GET /apple-touch-icon.png HTTP/1.1" 200 8210 "-" "Safari/13604.4.7.1.3 CFNetwork/893.13.1 Darwin/17.3.0 (x86_64)"
84.129.110.35 - - [21/Sep/2019:21:34:20 +0200] "GET /favicon.ico HTTP/1.1" 200 8210 "-" "Safari/13604.4.7.1.3 CFNetwork/893.13.1 Darwin/17.3.0 (x86_64)"
93.39.201.69 - - [21/Sep/2019:21:42:33 +0200] "GET / HTTP/1.1" 200 3316 "-" "curl/7.29.0"
178.137.167.215 - - [21/Sep/2019:21:46:51 +0200] "GET /informationen/faq/ HTTP/1.1" 200 7235 "https://bpro1.top/" "Mozilla/4.0 (compatible; MSIE 6.0; Windows NT 5.1; Deepnet Explorer 1.5.0; .NET CLR 1.0.3705)"
178.137.167.215 - - [21/Sep/2019:21:46:52 +0200] "GET /informationen/faq/ HTTP/1.1" 200 7235 "https://bpro1.top/" "Mozilla/4.0 (compatible; MSIE 6.0; Windows NT 5.1; Deepnet Explorer 1.5.0; .NET CLR 1.0.3705)"
178.137.167.215 - - [21/Sep/2019:21:46:52 +0200] "GET /informationen/faq/ HTTP/1.1" 200 7235 "https://bpro1.top/" "Mozilla/4.0 (compatible; MSIE 6.0; Windows NT 5.1; Deepnet Explorer 1.5.0; .NET CLR 1.0.3705)"
207.46.13.119 - - [21/Sep/2019:22:12:42 +0200] "GET /geschaeftskunden/sondertransporte HTTP/1.1" 200 5064 "-" "Mozilla/5.0 (compatible; bingbot/2.0; +http://www.bing.com/bingbot.htm)"
94.120.244.30 - - [21/Sep/2019:22:25:12 +0200] "GET /img/Multiwheels.jpg HTTP/1.1" 200 394656 "https://www.google.com/" "Mozilla/5.0 (Windows NT 10.0; Win64; x64) AppleWebKit/537.36 (KHTML, like Gecko) Chrome/76.0.3809.132 Safari/537.36"
31.4.211.188 - - [21/Sep/2019:23:03:57 +0200] "GET / HTTP/1.1" 200 3316 "https://www.google.com/" "Mozilla/5.0 (Linux; Android 9; SAMSUNG SM-G965F/G965FXXU6CSGD Build/PPR1.180610.011) AppleWebKit/537.36 (KHTML, like Gecko) SamsungBrowser/9.4 Chrome/67.0.3396.87 Mobile Safari/537.36"
31.4.211.188 - - [21/Sep/2019:23:03:58 +0200] "GET /css/screen.css HTTP/1.1" 200 13636 "http://www.alle-ziele-spedition.de/" "Mozilla/5.0 (Linux; Android 9; SAMSUNG SM-G965F/G965FXXU6CSGD Build/PPR1.180610.011) AppleWebKit/537.36 (KHTML, like Gecko) SamsungBrowser/9.4 Chrome/67.0.3396.87 Mobile Safari/537.36"
31.4.211.188 - - [21/Sep/2019:23:03:58 +0200] "GET /js/curvycorners.src.js HTTP/1.1" 200 60221 "http://www.alle-ziele-spedition.de/" "Mozilla/5.0 (Linux; Android 9; SAMSUNG SM-G965F/G965FXXU6CSGD Build/PPR1.180610.011) AppleWebKit/537.36 (KHTML, like Gecko) SamsungBrowser/9.4 Chrome/67.0.3396.87 Mobile Safari/537.36"
31.4.211.188 - - [21/Sep/2019:23:04:00 +0200] "GET /css/print.css HTTP/1.1" 200 830 "http://www.alle-ziele-spedition.de/" "Mozilla/5.0 (Linux; Android 9; SAMSUNG SM-G965F/G965FXXU6CSGD Build/PPR1.180610.011) AppleWebKit/537.36 (KHTML, like Gecko) SamsungBrowser/9.4 Chrome/67.0.3396.87 Mobile Safari/537.36"
31.4.211.188 - - [21/Sep/2019:23:04:00 +0200] "GET /img/hg_body.gif HTTP/1.1" 200 1754 "http://www.alle-ziele-spedition.de/css/screen.css" "Mozilla/5.0 (Linux; Android 9; SAMSUNG SM-G965F/G965FXXU6CSGD Build/PPR1.180610.011) AppleWebKit/537.36 (KHTML, like Gecko) SamsungBrowser/9.4 Chrome/67.0.3396.87 Mobile Safari/537.36"
31.4.211.188 - - [21/Sep/2019:23:04:00 +0200] "GET /img/head_hg.jpg HTTP/1.1" 200 18629 "http://www.alle-ziele-spedition.de/css/screen.css" "Mozilla/5.0 (Linux; Android 9; SAMSUNG SM-G965F/G965FXXU6CSGD Build/PPR1.180610.011) AppleWebKit/537.36 (KHTML, like Gecko) SamsungBrowser/9.4 Chrome/67.0.3396.87 Mobile Safari/537.36"
31.4.211.188 - - [21/Sep/2019:23:04:00 +0200] "GET /img/857034.jpg HTTP/1.1" 200 14613 "http://www.alle-ziele-spedition.de/css/screen.css" "Mozilla/5.0 (Linux; Android 9; SAMSUNG SM-G965F/G965FXXU6CSGD Build/PPR1.180610.011) AppleWebKit/537.36 (KHTML, like Gecko) SamsungBrowser/9.4 Chrome/67.0.3396.87 Mobile Safari/537.36"
31.4.211.188 - - [21/Sep/2019:23:04:00 +0200] "GET /img/7183587b.jpg HTTP/1.1" 200 12190 "http://www.alle-ziele-spedition.de/css/screen.css" "Mozilla/5.0 (Linux; Android 9; SAMSUNG SM-G965F/G965FXXU6CSGD Build/PPR1.180610.011) AppleWebKit/537.36 (KHTML, like Gecko) SamsungBrowser/9.4 Chrome/67.0.3396.87 Mobile Safari/537.36"
31.4.211.188 - - [21/Sep/2019:23:04:01 +0200] "GET /img/berlin_footer2.gif HTTP/1.1" 200 2795 "http://www.alle-ziele-spedition.de/css/screen.css" "Mozilla/5.0 (Linux; Android 9; SAMSUNG SM-G965F/G965FXXU6CSGD Build/PPR1.180610.011) AppleWebKit/537.36 (KHTML, like Gecko) SamsungBrowser/9.4 Chrome/67.0.3396.87 Mobile Safari/537.36"
31.4.211.188 - - [21/Sep/2019:23:04:01 +0200] "GET /img/globus_finger.jpg HTTP/1.1" 200 8787 "http://www.alle-ziele-spedition.de/css/screen.css" "Mozilla/5.0 (Linux; Android 9; SAMSUNG SM-G965F/G965FXXU6CSGD Build/PPR1.180610.011) AppleWebKit/537.36 (KHTML, like Gecko) SamsungBrowser/9.4 Chrome/67.0.3396.87 Mobile Safari/537.36"
31.4.211.188 - - [21/Sep/2019:23:04:01 +0200] "GET /img/52814.jpg HTTP/1.1" 200 14378 "http://www.alle-ziele-spedition.de/css/screen.css" "Mozilla/5.0 (Linux; Android 9; SAMSUNG SM-G965F/G965FXXU6CSGD Build/PPR1.180610.011) AppleWebKit/537.36 (KHTML, like Gecko) SamsungBrowser/9.4 Chrome/67.0.3396.87 Mobile Safari/537.36"
31.4.211.188 - - [21/Sep/2019:23:04:01 +0200] "GET /img/14351312.jpg HTTP/1.1" 200 16335 "http://www.alle-ziele-spedition.de/css/screen.css" "Mozilla/5.0 (Linux; Android 9; SAMSUNG SM-G965F/G965FXXU6CSGD Build/PPR1.180610.011) AppleWebKit/537.36 (KHTML, like Gecko) SamsungBrowser/9.4 Chrome/67.0.3396.87 Mobile Safari/537.36"
31.4.211.188 - - [21/Sep/2019:23:04:01 +0200] "GET /img/9606427.jpg HTTP/1.1" 200 21711 "http://www.alle-ziele-spedition.de/css/screen.css" "Mozilla/5.0 (Linux; Android 9; SAMSUNG SM-G965F/G965FXXU6CSGD Build/PPR1.180610.011) AppleWebKit/537.36 (KHTML, like Gecko) SamsungBrowser/9.4 Chrome/67.0.3396.87 Mobile Safari/537.36"
31.4.211.188 - - [21/Sep/2019:23:04:01 +0200] "GET /favicon.ico HTTP/1.1" 200 8210 "http://www.alle-ziele-spedition.de/" "Mozilla/5.0 (Linux; Android 9; SAMSUNG SM-G965F/G965FXXU6CSGD Build/PPR1.180610.011) AppleWebKit/537.36 (KHTML, like Gecko) SamsungBrowser/9.4 Chrome/67.0.3396.87 Mobile Safari/537.36"
31.4.211.188 - - [21/Sep/2019:23:04:13 +0200] "GET /informationen HTTP/1.1" 200 3978 "http://www.alle-ziele-spedition.de/" "Mozilla/5.0 (Linux; Android 9; SAMSUNG SM-G965F/G965FXXU6CSGD Build/PPR1.180610.011) AppleWebKit/537.36 (KHTML, like Gecko) SamsungBrowser/9.4 Chrome/67.0.3396.87 Mobile Safari/537.36"
31.4.211.188 - - [21/Sep/2019:23:04:14 +0200] "GET /img/37796688.jpg HTTP/1.1" 200 19232 "http://www.alle-ziele-spedition.de/css/screen.css" "Mozilla/5.0 (Linux; Android 9; SAMSUNG SM-G965F/G965FXXU6CSGD Build/PPR1.180610.011) AppleWebKit/537.36 (KHTML, like Gecko) SamsungBrowser/9.4 Chrome/67.0.3396.87 Mobile Safari/537.36"
31.4.211.188 - - [21/Sep/2019:23:04:14 +0200] "GET /img/30891670.jpg HTTP/1.1" 200 6613 "http://www.alle-ziele-spedition.de/css/screen.css" "Mozilla/5.0 (Linux; Android 9; SAMSUNG SM-G965F/G965FXXU6CSGD Build/PPR1.180610.011) AppleWebKit/537.36 (KHTML, like Gecko) SamsungBrowser/9.4 Chrome/67.0.3396.87 Mobile Safari/537.36"
31.4.211.188 - - [21/Sep/2019:23:04:15 +0200] "GET /img/39858922.jpg HTTP/1.1" 200 13545 "http://www.alle-ziele-spedition.de/css/screen.css" "Mozilla/5.0 (Linux; Android 9; SAMSUNG SM-G965F/G965FXXU6CSGD Build/PPR1.180610.011) AppleWebKit/537.36 (KHTML, like Gecko) SamsungBrowser/9.4 Chrome/67.0.3396.87 Mobile Safari/537.36"
31.4.211.188 - - [21/Sep/2019:23:04:15 +0200] "GET /favicon.ico HTTP/1.1" 200 8210 "http://www.alle-ziele-spedition.de/informationen" "Mozilla/5.0 (Linux; Android 9; SAMSUNG SM-G965F/G965FXXU6CSGD Build/PPR1.180610.011) AppleWebKit/537.36 (KHTML, like Gecko) SamsungBrowser/9.4 Chrome/67.0.3396.87 Mobile Safari/537.36"
31.4.211.188 - - [21/Sep/2019:23:26:35 +0200] "GET /informationen HTTP/1.1" 200 3978 "http://www.alle-ziele-spedition.de/" "Mozilla/5.0 (Linux; Android 9; SAMSUNG SM-G965F/G965FXXU6CSGD Build/PPR1.180610.011) AppleWebKit/537.36 (KHTML, like Gecko) SamsungBrowser/9.4 Chrome/67.0.3396.87 Mobile Safari/537.36"
31.4.211.188 - - [21/Sep/2019:23:26:35 +0200] "GET /favicon.ico HTTP/1.1" 200 8210 "http://www.alle-ziele-spedition.de/informationen" "Mozilla/5.0 (Linux; Android 9; SAMSUNG SM-G965F/G965FXXU6CSGD Build/PPR1.180610.011) AppleWebKit/537.36 (KHTML, like Gecko) SamsungBrowser/9.4 Chrome/67.0.3396.87 Mobile Safari/537.36"
91.21.214.46 - - [21/Sep/2019:23:32:01 +0200] "GET /pdf/Frachtrecht%20HGB.pdf HTTP/1.1" 200 19672 "https://www.google.de/" "Mozilla/5.0 (iPad; CPU OS 12_4_1 like Mac OS X) AppleWebKit/605.1.15 (KHTML, like Gecko) Version/12.1.2 Mobile/15E148 Safari/604.1"
213.239.211.67 - - [21/Sep/2019:23:32:47 +0200] "GET / HTTP/1.1" 200 3316 "-" "Mozilla/5.0 (Windows; U; Windows NT 6.1; de; rv:1.9.2.12) Gecko/20101026 Firefox/3.6.12"
157.55.39.119 - - [21/Sep/2019:23:46:19 +0200] "GET /geschaeftskunden/direkt HTTP/1.1" 200 4102 "-" "Mozilla/5.0 (compatible; bingbot/2.0; +http://www.bing.com/bingbot.htm)"
40.77.189.37 - - [21/Sep/2019:23:46:23 +0200] "GET /js/curvycorners.src.js HTTP/1.1" 200 60221 "http://www.alle-ziele-spedition.de/geschaeftskunden/direkt" "Mozilla/5.0 (Windows NT 6.1; WOW64) AppleWebKit/534+ (KHTML, like Gecko) BingPreview/1.0b"
207.46.13.101 - - [21/Sep/2019:23:46:24 +0200] "GET /robots.txt HTTP/1.1" 200 8210 "-" "Mozilla/5.0 (compatible; bingbot/2.0; +http://www.bing.com/bingbot.htm)"
40.77.189.37 - - [21/Sep/2019:23:46:24 +0200] "GET /css/print.css HTTP/1.1" 200 830 "http://www.alle-ziele-spedition.de/geschaeftskunden/direkt" "Mozilla/5.0 (Windows NT 6.1; WOW64) AppleWebKit/534+ (KHTML, like Gecko) BingPreview/1.0b"
157.55.39.119 - - [21/Sep/2019:23:50:40 +0200] "GET /geschaeftskunden/sondertransporte HTTP/1.1" 200 5064 "-" "Mozilla/5.0 (compatible; bingbot/2.0; +http://www.bing.com/bingbot.htm)"
207.46.13.101 - - [21/Sep/2019:23:53:59 +0200] "GET /informationen/fotogalerie HTTP/1.1" 200 3411 "-" "Mozilla/5.0 (iPhone; CPU iPhone OS 7_0 like Mac OS X) AppleWebKit/537.51.1 (KHTML, like Gecko) Version/7.0 Mobile/11A465 Safari/9537.53 (compatible; bingbot/2.0; +http://www.bing.com/bingbot.htm)"
35.196.92.174 - - [21/Sep/2019:23:58:43 +0200] "GET /robots.txt HTTP/1.0" 200 8210 "-" "ZoominfoBot (zoominfobot at zoominfo dot com)"
35.196.92.174 - - [21/Sep/2019:23:58:44 +0200] "GET /sitemap HTTP/1.0" 200 5025 "-" "ZoominfoBot (zoominfobot at zoominfo dot com)"
85.115.33.180 - - [22/Sep/2019:00:06:36 +0200] "GET /pdf/Frachtrecht%20HGB.pdf HTTP/1.1" 200 19672 "-" "Mozilla/5.0 (Windows NT 6.1; WOW64; Trident/7.0; rv:11.0) like Gecko"
35.196.92.174 - - [22/Sep/2019:00:08:35 +0200] "GET /geschaeftskunden HTTP/1.0" 200 4078 "-" "ZoominfoBot (zoominfobot at zoominfo dot com)"
35.196.92.174 - - [22/Sep/2019:00:11:06 +0200] "GET /unternehmen HTTP/1.0" 200 3128 "-" "ZoominfoBot (zoominfobot at zoominfo dot com)"
18.203.39.35 - - [22/Sep/2019:00:11:43 +0200] "GET /pdf/Frachtrecht%20HGB.pdf HTTP/1.1" 200 19672 "-" "Python/3.6 aiohttp/2.1.0"
35.196.92.174 - - [22/Sep/2019:00:11:55 +0200] "GET /aktuelles HTTP/1.0" 200 8334 "-" "ZoominfoBot (zoominfobot at zoominfo dot com)"
35.196.92.174 - - [22/Sep/2019:00:13:21 +0200] "GET /exportdokumente HTTP/1.0" 200 3581 "-" "ZoominfoBot (zoominfobot at zoominfo dot com)"
35.196.92.174 - - [22/Sep/2019:00:14:37 +0200] "GET /datenschutz HTTP/1.0" 200 8225 "-" "ZoominfoBot (zoominfobot at zoominfo dot com)"
35.196.92.174 - - [22/Sep/2019:00:16:05 +0200] "GET /informationen HTTP/1.0" 200 3978 "-" "ZoominfoBot (zoominfobot at zoominfo dot com)"
35.196.92.174 - - [22/Sep/2019:00:19:13 +0200] "GET /impressum HTTP/1.0" 200 4964 "-" "ZoominfoBot (zoominfobot at zoominfo dot com)"
85.25.210.234 - - [22/Sep/2019:00:28:18 +0200] "GET /robots.txt HTTP/1.1" 200 8210 "-" "Mozilla/5.0 (compatible; adscanner/)/1.0 (Mozilla/5.0 (compatible; seoscanners.net/1.0; +spider@seoscanners.net); http://seoscanners.net; spider@seoscanners.net)"
85.25.210.234 - - [22/Sep/2019:00:28:18 +0200] "GET /unternehmen/sponsoring/afc_berlin_adler HTTP/1.1" 200 3998 "-" "Mozilla/5.0 (compatible; adscanner/)/1.0 (Mozilla/5.0 (compatible; seoscanners.net/1.0; +spider@seoscanners.net); http://seoscanners.net; spider@seoscanners.net)"
46.229.168.142 - - [22/Sep/2019:01:21:57 +0200] "GET /robots.txt HTTP/1.1" 200 8210 "-" "Mozilla/5.0 (compatible; SemrushBot/6~bl; +http://www.semrush.com/bot.html)"
46.229.168.151 - - [22/Sep/2019:01:21:58 +0200] "GET /informationen/spediteur HTTP/1.1" 200 111924 "-" "Mozilla/5.0 (compatible; SemrushBot/6~bl; +http://www.semrush.com/bot.html)"
66.249.79.11 - - [22/Sep/2019:01:24:08 +0200] "GET /robots.txt HTTP/1.1" 200 8210 "-" "Mozilla/5.0 (compatible; Googlebot/2.1; +http://www.google.com/bot.html)"
66.249.79.15 - - [22/Sep/2019:01:24:09 +0200] "GET /favicon.ico HTTP/1.1" 200 8210 "-" "Googlebot-Image/1.0"
85.25.210.234 - - [22/Sep/2019:02:19:58 +0200] "GET /robots.txt HTTP/1.1" 200 8210 "-" "Mozilla/5.0 (compatible; adscanner/)/1.0 (Mozilla/5.0 (compatible; seoscanners.net/1.0; +spider@seoscanners.net); http://seoscanners.net; spider@seoscanners.net)"
85.25.210.234 - - [22/Sep/2019:02:19:58 +0200] "GET /unternehmen/sponsoring/afc_berlin_adler HTTP/1.1" 200 3998 "-" "Mozilla/5.0 (compatible; adscanner/)/1.0 (Mozilla/5.0 (compatible; seoscanners.net/1.0; +spider@seoscanners.net); http://seoscanners.net; spider@seoscanners.net)"
216.244.66.196 - - [22/Sep/2019:02:21:27 +0200] "GET /robots.txt HTTP/1.1" 200 8210 "-" "Mozilla/5.0 (compatible; DotBot/1.1; http://www.opensiteexplorer.org/dotbot, help@moz.com)"
216.244.66.196 - - [22/Sep/2019:02:32:47 +0200] "GET /pdf/Frachtrecht%20HGB.pdf HTTP/1.1" 200 19672 "-" "Mozilla/5.0 (compatible; DotBot/1.1; http://www.opensiteexplorer.org/dotbot, help@moz.com)"
85.25.210.234 - - [22/Sep/2019:02:57:51 +0200] "GET /robots.txt HTTP/1.1" 200 8210 "-" "Mozilla/5.0 (compatible; adscanner/)/1.0 (Mozilla/5.0 (compatible; seoscanners.net/1.0; +spider@seoscanners.net); http://seoscanners.net; spider@seoscanners.net)"
85.25.210.234 - - [22/Sep/2019:02:57:52 +0200] "GET /unternehmen/sponsoring/afc_berlin_adler HTTP/1.1" 200 3998 "-" "Mozilla/5.0 (compatible; adscanner/)/1.0 (Mozilla/5.0 (compatible; seoscanners.net/1.0; +spider@seoscanners.net); http://seoscanners.net; spider@seoscanners.net)"
94.134.89.147 - - [22/Sep/2019:03:00:49 +0200] "GET /pdf/Frachtrecht%20HGB.pdf HTTP/1.1" 200 19672 "-" "Dalvik/2.1.0 (Linux; U; Android 6.0.1; SM-N910F Build/MMB29M)"
66.249.66.203 - - [22/Sep/2019:03:08:52 +0200] "GET /robots.txt HTTP/1.1" 200 8210 "-" "Mozilla/5.0 (compatible; Googlebot/2.1; +http://www.google.com/bot.html)"
66.249.66.207 - - [22/Sep/2019:03:08:52 +0200] "GET /favicon.ico HTTP/1.1" 200 8210 "-" "Googlebot-Image/1.0"
66.249.66.207 - - [22/Sep/2019:03:10:51 +0200] "GET /favicon.ico HTTP/1.1" 200 8210 "-" "Googlebot-Image/1.0"
157.55.39.64 - - [22/Sep/2019:04:34:57 +0200] "GET /unternehmen HTTP/1.1" 200 3128 "-" "Mozilla/5.0 (compatible; bingbot/2.0; +http://www.bing.com/bingbot.htm)"
212.144.20.222 - - [22/Sep/2019:04:41:41 +0200] "GET / HTTP/1.1" 200 3316 "-" "Mozilla/5.0 (Windows NT 6.1; WOW64; rv:43.0) Gecko/20100101 Firefox/43.0"
212.144.20.222 - - [22/Sep/2019:04:41:47 +0200] "GET /exportdokumente HTTP/1.1" 200 3581 "-" "Mozilla/5.0 (Windows NT 6.1; WOW64; rv:43.0) Gecko/20100101 Firefox/43.0"
212.144.20.222 - - [22/Sep/2019:04:41:49 +0200] "GET /geschaeftskunden HTTP/1.1" 200 4078 "-" "Mozilla/5.0 (Windows NT 6.1; WOW64; rv:43.0) Gecko/20100101 Firefox/43.0"
212.144.20.222 - - [22/Sep/2019:04:41:50 +0200] "GET /aktuelles HTTP/1.1" 200 8334 "-" "Mozilla/5.0 (Windows NT 6.1; WOW64; rv:43.0) Gecko/20100101 Firefox/43.0"
212.144.20.222 - - [22/Sep/2019:04:41:51 +0200] "GET / HTTP/1.1" 200 3316 "-" "Mozilla/5.0 (Windows NT 6.1; WOW64; rv:43.0) Gecko/20100101 Firefox/43.0"
212.144.20.222 - - [22/Sep/2019:04:41:51 +0200] "GET /impressum HTTP/1.1" 200 4964 "-" "Mozilla/5.0 (Windows NT 6.1; WOW64; rv:43.0) Gecko/20100101 Firefox/43.0"
212.144.20.222 - - [22/Sep/2019:04:41:52 +0200] "GET /datenschutz HTTP/1.1" 200 8225 "-" "Mozilla/5.0 (Windows NT 6.1; WOW64; rv:43.0) Gecko/20100101 Firefox/43.0"
212.144.20.222 - - [22/Sep/2019:04:41:52 +0200] "GET /sitemap HTTP/1.1" 200 5025 "-" "Mozilla/5.0 (Windows NT 6.1; WOW64; rv:43.0) Gecko/20100101 Firefox/43.0"
212.144.20.222 - - [22/Sep/2019:04:41:52 +0200] "GET /unternehmen HTTP/1.1" 200 3128 "-" "Mozilla/5.0 (Windows NT 6.1; WOW64; rv:43.0) Gecko/20100101 Firefox/43.0"
212.144.20.222 - - [22/Sep/2019:04:41:52 +0200] "GET /downloads HTTP/1.1" 200 5243 "-" "Mozilla/5.0 (Windows NT 6.1; WOW64; rv:43.0) Gecko/20100101 Firefox/43.0"
212.144.20.222 - - [22/Sep/2019:04:41:53 +0200] "GET /informationen HTTP/1.1" 200 3978 "-" "Mozilla/5.0 (Windows NT 6.1; WOW64; rv:43.0) Gecko/20100101 Firefox/43.0"
212.144.20.222 - - [22/Sep/2019:04:41:53 +0200] "GET /exportdokumente/wertgrenzen HTTP/1.1" 200 5733 "-" "Mozilla/5.0 (Windows NT 6.1; WOW64; rv:43.0) Gecko/20100101 Firefox/43.0"
212.144.20.222 - - [22/Sep/2019:04:41:53 +0200] "GET /exportdokumente/drittlandexporte HTTP/1.1" 200 7480 "-" "Mozilla/5.0 (Windows NT 6.1; WOW64; rv:43.0) Gecko/20100101 Firefox/43.0"
194.173.174.106 - - [22/Sep/2019:05:22:41 +0200] "HEAD / HTTP/1.1" 200 - "-" "Mozilla/5.0 (Windows NT 6.3; WOW64) AppleWebKit/537.36 (KHTML, like Gecko) Chrome/43.0.2357.134 Safari/537.36"
3.88.45.249 - - [22/Sep/2019:05:23:36 +0200] "GET / HTTP/1.1" 200 3316 "-" "Mozilla/5.0 (Windows NT 6.1; Win64; x64) AppleWebKit/537.36 (KHTML, like Gecko) Chrome/72.0.3626.109 Safari/537.36"
35.227.92.58 - - [22/Sep/2019:05:58:45 +0200] "GET /robots.txt HTTP/1.0" 200 8210 "-" "ZoominfoBot (zoominfobot at zoominfo dot com)"
35.227.92.58 - - [22/Sep/2019:05:58:46 +0200] "GET /sitemap HTTP/1.0" 200 5025 "-" "ZoominfoBot (zoominfobot at zoominfo dot com)"
35.227.92.58 - - [22/Sep/2019:06:09:02 +0200] "GET /geschaeftskunden HTTP/1.0" 200 4078 "-" "ZoominfoBot (zoominfobot at zoominfo dot com)"
35.227.92.58 - - [22/Sep/2019:06:11:26 +0200] "GET /unternehmen HTTP/1.0" 200 3128 "-" "ZoominfoBot (zoominfobot at zoominfo dot com)"
207.46.13.135 - - [22/Sep/2019:06:11:31 +0200] "GET /unternehmen/sponsoring/worldvision HTTP/1.1" 200 5952 "-" "Mozilla/5.0 (compatible; bingbot/2.0; +http://www.bing.com/bingbot.htm)"
35.227.92.58 - - [22/Sep/2019:06:12:20 +0200] "GET /aktuelles HTTP/1.0" 200 8334 "-" "ZoominfoBot (zoominfobot at zoominfo dot com)"
35.227.92.58 - - [22/Sep/2019:06:13:54 +0200] "GET /exportdokumente HTTP/1.0" 200 3581 "-" "ZoominfoBot (zoominfobot at zoominfo dot com)"
35.227.92.58 - - [22/Sep/2019:06:15:12 +0200] "GET /datenschutz HTTP/1.0" 200 8225 "-" "ZoominfoBot (zoominfobot at zoominfo dot com)"
35.227.92.58 - - [22/Sep/2019:06:16:48 +0200] "GET /informationen HTTP/1.0" 200 3978 "-" "ZoominfoBot (zoominfobot at zoominfo dot com)"
35.227.92.58 - - [22/Sep/2019:06:20:03 +0200] "GET /impressum HTTP/1.0" 200 4964 "-" "ZoominfoBot (zoominfobot at zoominfo dot com)"
46.229.168.145 - - [22/Sep/2019:06:26:30 +0200] "GET /robots.txt HTTP/1.1" 200 8210 "-" "Mozilla/5.0 (compatible; SemrushBot/6~bl; +http://www.semrush.com/bot.html)"
46.229.168.145 - - [22/Sep/2019:06:26:31 +0200] "GET /datenschutz HTTP/1.1" 200 8225 "-" "Mozilla/5.0 (compatible; SemrushBot/6~bl; +http://www.semrush.com/bot.html)"
46.119.122.97 - - [22/Sep/2019:06:42:07 +0200] "GET /informationen/faq/ HTTP/1.1" 200 7235 "https://goblacked.com/" "Mozilla/4.0 (compatible; MSIE 6.0; Windows NT 5.1; Maxthon; .NET CLR 1.1.4322)"
46.119.122.97 - - [22/Sep/2019:06:42:08 +0200] "GET /informationen/faq/ HTTP/1.1" 200 7235 "https://goblacked.com/" "Mozilla/4.0 (compatible; MSIE 6.0; Windows NT 5.1; Maxthon; .NET CLR 1.1.4322)"
46.119.122.97 - - [22/Sep/2019:06:42:08 +0200] "GET /informationen/faq/ HTTP/1.1" 200 7235 "https://goblacked.com/" "Mozilla/4.0 (compatible; MSIE 6.0; Windows NT 5.1; Maxthon; .NET CLR 1.1.4322)"
157.55.39.119 - - [22/Sep/2019:07:23:08 +0200] "GET /geschaeftskunden/sondertransporte HTTP/1.1" 200 5064 "-" "Mozilla/5.0 (iPhone; CPU iPhone OS 7_0 like Mac OS X) AppleWebKit/537.51.1 (KHTML, like Gecko) Version/7.0 Mobile/11A465 Safari/9537.53 (compatible; bingbot/2.0; +http://www.bing.com/bingbot.htm)"
157.55.39.119 - - [22/Sep/2019:07:24:12 +0200] "GET /css/print.css HTTP/1.1" 200 830 "-" "Mozilla/5.0 (iPhone; CPU iPhone OS 7_0 like Mac OS X) AppleWebKit/537.51.1 (KHTML, like Gecko) Version/7.0 Mobile/11A465 Safari/9537.53 (compatible; bingbot/2.0; +http://www.bing.com/bingbot.htm)"
157.55.39.119 - - [22/Sep/2019:07:24:12 +0200] "GET /js/curvycorners.src.js HTTP/1.1" 200 60221 "-" "Mozilla/5.0 (iPhone; CPU iPhone OS 7_0 like Mac OS X) AppleWebKit/537.51.1 (KHTML, like Gecko) Version/7.0 Mobile/11A465 Safari/9537.53 (compatible; bingbot/2.0; +http://www.bing.com/bingbot.htm)"
207.46.13.210 - - [22/Sep/2019:07:58:38 +0200] "GET /transport.inat.cfm HTTP/1.1" 200 8210 "-" "Mozilla/5.0 (compatible; bingbot/2.0; +http://www.bing.com/bingbot.htm)"
157.55.39.64 - - [22/Sep/2019:08:00:41 +0200] "GET /sitemap HTTP/1.1" 200 5025 "-" "Mozilla/5.0 (compatible; bingbot/2.0; +http://www.bing.com/bingbot.htm)"
66.249.66.205 - - [22/Sep/2019:08:10:19 +0200] "GET /robots.txt HTTP/1.1" 200 8210 "-" "Mozilla/5.0 (compatible; Googlebot/2.1; +http://www.google.com/bot.html)"
66.249.66.203 - - [22/Sep/2019:08:10:20 +0200] "GET / HTTP/1.1" 200 3316 "-" "Mozilla/5.0 (Linux; Android 6.0.1; Nexus 5X Build/MMB29P) AppleWebKit/537.36 (KHTML, like Gecko) Chrome/41.0.2272.96 Mobile Safari/537.36 (compatible; Googlebot/2.1; +http://www.google.com/bot.html)"
207.46.13.252 - - [22/Sep/2019:08:13:44 +0200] "GET /unternehmen/sponsoring HTTP/1.1" 200 3887 "-" "Mozilla/5.0 (compatible; bingbot/2.0; +http://www.bing.com/bingbot.htm)"
85.106.99.166 - - [22/Sep/2019:08:20:16 +0200] "GET / HTTP/1.1" 200 3316 "-" "Mozilla/5.0 (Windows NT 10.0; Win64; x64) AppleWebKit/537.36 (KHTML, like Gecko) Chrome/67.0.3396.99 Safari/537.36"
207.46.13.210 - - [22/Sep/2019:08:39:34 +0200] "GET /doc/Frachtrecht%20HGB.doc HTTP/1.1" 200 29184 "-" "Mozilla/5.0 (compatible; bingbot/2.0; +http://www.bing.com/bingbot.htm)"
54.36.149.72 - - [22/Sep/2019:08:47:47 +0200] "GET /impressum HTTP/1.1" 200 4964 "-" "Mozilla/5.0 (compatible; AhrefsBot/6.1; +http://ahrefs.com/robot/)"
46.229.168.151 - - [22/Sep/2019:08:51:10 +0200] "GET /robots.txt HTTP/1.1" 200 8210 "-" "Mozilla/5.0 (compatible; SemrushBot/6~bl; +http://www.semrush.com/bot.html)"
46.229.168.136 - - [22/Sep/2019:08:51:11 +0200] "GET /unternehmen/sponsoring/afc_berlin_adler HTTP/1.1" 200 3998 "-" "Mozilla/5.0 (compatible; SemrushBot/6~bl; +http://www.semrush.com/bot.html)"
66.249.66.205 - - [22/Sep/2019:09:10:26 +0200] "GET /pdf/Frachtrecht%20HGB.pdf HTTP/1.1" 200 19672 "-" "Mozilla/5.0 (compatible; Googlebot/2.1; +http://www.google.com/bot.html)"
66.249.66.205 - - [22/Sep/2019:09:10:26 +0200] "GET /robots.txt HTTP/1.1" 200 8210 "-" "Mozilla/5.0 (compatible; Googlebot/2.1; +http://www.google.com/bot.html)"
66.249.66.205 - - [22/Sep/2019:09:10:36 +0200] "GET /favicon.ico HTTP/1.1" 200 8210 "-" "Googlebot-Image/1.0"
178.137.167.215 - - [22/Sep/2019:09:11:21 +0200] "GET /informationen/faq/ HTTP/1.1" 200 7235 "https://mainhunter.com/" "Mozilla/4.0 (compatible; MSIE 6.0; Windows NT 5.2; Win64; AMD64)"
178.137.167.215 - - [22/Sep/2019:09:11:22 +0200] "GET /informationen/faq/ HTTP/1.1" 200 7235 "https://mainhunter.com/" "Mozilla/4.0 (compatible; MSIE 6.0; Windows NT 5.2; Win64; AMD64)"
178.137.167.215 - - [22/Sep/2019:09:11:22 +0200] "GET /informationen/faq/ HTTP/1.1" 200 7235 "https://mainhunter.com/" "Mozilla/4.0 (compatible; MSIE 6.0; Windows NT 5.2; Win64; AMD64)"
95.216.9.239 - - [22/Sep/2019:09:34:34 +0200] "GET /robots.txt HTTP/1.1" 200 8210 "-" "Mozilla/5.0 (compatible; MJ12bot/v1.4.8; http://mj12bot.com/)"
95.216.9.239 - - [22/Sep/2019:09:34:59 +0200] "GET /aktuelles HTTP/1.1" 200 8334 "-" "Mozilla/5.0 (compatible; MJ12bot/v1.4.8; http://mj12bot.com/)"
46.119.122.97 - - [22/Sep/2019:09:36:13 +0200] "GET /informationen/faq/ HTTP/1.1" 200 7235 "https://bdjola.com/" "Mozilla/4.0 (compatible; MSIE 6.0; Windows NT 5.2; Win64; AMD64)"
46.119.122.97 - - [22/Sep/2019:09:36:14 +0200] "GET /informationen/faq/ HTTP/1.1" 200 7235 "https://bdjola.com/" "Mozilla/4.0 (compatible; MSIE 6.0; Windows NT 5.2; Win64; AMD64)"
46.119.122.97 - - [22/Sep/2019:09:36:14 +0200] "GET /informationen/faq/ HTTP/1.1" 200 7235 "https://bdjola.com/" "Mozilla/4.0 (compatible; MSIE 6.0; Windows NT 5.2; Win64; AMD64)"
84.129.110.35 - - [22/Sep/2019:09:42:12 +0200] "GET /pdf/Frachtrecht%20HGB.pdf HTTP/1.1" 200 19672 "-" "Mozilla/5.0 (Macintosh; Intel Mac OS X 10_13_2) AppleWebKit/604.4.7 (KHTML, like Gecko)"
84.129.110.35 - - [22/Sep/2019:09:42:13 +0200] "GET /apple-touch-icon-precomposed.png HTTP/1.1" 200 8210 "-" "Safari/13604.4.7.1.3 CFNetwork/893.13.1 Darwin/17.3.0 (x86_64)"
84.129.110.35 - - [22/Sep/2019:09:42:15 +0200] "GET /apple-touch-icon.png HTTP/1.1" 200 8210 "-" "Safari/13604.4.7.1.3 CFNetwork/893.13.1 Darwin/17.3.0 (x86_64)"
84.129.110.35 - - [22/Sep/2019:09:42:15 +0200] "GET /favicon.ico HTTP/1.1" 200 8210 "-" "Safari/13604.4.7.1.3 CFNetwork/893.13.1 Darwin/17.3.0 (x86_64)"
84.129.110.35 - - [22/Sep/2019:09:42:15 +0200] "GET /apple-touch-icon-precomposed.png HTTP/1.1" 200 8210 "-" "Safari/13604.4.7.1.3 CFNetwork/893.13.1 Darwin/17.3.0 (x86_64)"
84.129.110.35 - - [22/Sep/2019:09:42:15 +0200] "GET /apple-touch-icon.png HTTP/1.1" 200 8210 "-" "Safari/13604.4.7.1.3 CFNetwork/893.13.1 Darwin/17.3.0 (x86_64)"
84.129.110.35 - - [22/Sep/2019:09:42:16 +0200] "GET /favicon.ico HTTP/1.1" 200 8210 "-" "Safari/13604.4.7.1.3 CFNetwork/893.13.1 Darwin/17.3.0 (x86_64)"
84.129.110.35 - - [22/Sep/2019:09:42:16 +0200] "GET /pdf/Frachtrecht%20HGB.pdf HTTP/1.1" 200 19672 "-" "\"Mozilla/5.0 (iPhone; CPU iPhone OS 11_0 like Mac OS X) AppleWebKit/604.1.38 (KHTML, like Gecko) Version/11.0 Mobile/15A372 Safari/604.1\""
84.129.110.35 - - [22/Sep/2019:09:42:16 +0200] "GET /apple-touch-icon-precomposed.png HTTP/1.1" 200 8210 "-" "Safari/13604.4.7.1.3 CFNetwork/893.13.1 Darwin/17.3.0 (x86_64)"
84.129.110.35 - - [22/Sep/2019:09:42:16 +0200] "GET /apple-touch-icon.png HTTP/1.1" 200 8210 "-" "Safari/13604.4.7.1.3 CFNetwork/893.13.1 Darwin/17.3.0 (x86_64)"
84.129.110.35 - - [22/Sep/2019:09:42:16 +0200] "GET /favicon.ico HTTP/1.1" 200 8210 "-" "Safari/13604.4.7.1.3 CFNetwork/893.13.1 Darwin/17.3.0 (x86_64)"
84.129.110.35 - - [22/Sep/2019:09:42:16 +0200] "GET /apple-touch-icon-precomposed.png HTTP/1.1" 200 8210 "-" "Safari/13604.4.7.1.3 CFNetwork/893.13.1 Darwin/17.3.0 (x86_64)"
84.129.110.35 - - [22/Sep/2019:09:42:17 +0200] "GET /apple-touch-icon.png HTTP/1.1" 200 8210 "-" "Safari/13604.4.7.1.3 CFNetwork/893.13.1 Darwin/17.3.0 (x86_64)"
84.129.110.35 - - [22/Sep/2019:09:42:17 +0200] "GET /favicon.ico HTTP/1.1" 200 8210 "-" "Safari/13604.4.7.1.3 CFNetwork/893.13.1 Darwin/17.3.0 (x86_64)"
46.85.140.82 - - [22/Sep/2019:09:45:34 +0200] "GET / HTTP/1.1" 200 3316 "-" "Mozilla/5.0 (iPhone; CPU iPhone OS 12_4_1 like Mac OS X) AppleWebKit/605.1.15 (KHTML, like Gecko) Version/12.1.2 Mobile/15E148 Safari/604.1"
46.85.140.82 - - [22/Sep/2019:09:45:34 +0200] "GET /apple-touch-icon-120x120-precomposed.png HTTP/1.1" 200 8210 "-" "MobileSafari/604.1 CFNetwork/978.0.7 Darwin/18.7.0"
46.85.140.82 - - [22/Sep/2019:09:45:35 +0200] "GET /apple-touch-icon-120x120.png HTTP/1.1" 200 8210 "-" "MobileSafari/604.1 CFNetwork/978.0.7 Darwin/18.7.0"
46.85.140.82 - - [22/Sep/2019:09:45:35 +0200] "GET /apple-touch-icon-precomposed.png HTTP/1.1" 200 8210 "-" "MobileSafari/604.1 CFNetwork/978.0.7 Darwin/18.7.0"
46.85.140.82 - - [22/Sep/2019:09:45:35 +0200] "GET /apple-touch-icon.png HTTP/1.1" 200 8210 "-" "MobileSafari/604.1 CFNetwork/978.0.7 Darwin/18.7.0"
46.85.140.82 - - [22/Sep/2019:09:45:35 +0200] "GET /favicon.ico HTTP/1.1" 200 8210 "-" "MobileSafari/604.1 CFNetwork/978.0.7 Darwin/18.7.0"
46.85.140.82 - - [22/Sep/2019:09:45:35 +0200] "GET /apple-touch-icon-120x120-precomposed.png HTTP/1.1" 200 8210 "-" "MobileSafari/604.1 CFNetwork/978.0.7 Darwin/18.7.0"
46.85.140.82 - - [22/Sep/2019:09:45:36 +0200] "GET /apple-touch-icon-120x120.png HTTP/1.1" 200 8210 "-" "MobileSafari/604.1 CFNetwork/978.0.7 Darwin/18.7.0"
46.85.140.82 - - [22/Sep/2019:09:45:36 +0200] "GET /apple-touch-icon-precomposed.png HTTP/1.1" 200 8210 "-" "MobileSafari/604.1 CFNetwork/978.0.7 Darwin/18.7.0"
46.85.140.82 - - [22/Sep/2019:09:45:36 +0200] "GET /apple-touch-icon.png HTTP/1.1" 200 8210 "-" "MobileSafari/604.1 CFNetwork/978.0.7 Darwin/18.7.0"
46.85.140.82 - - [22/Sep/2019:09:45:36 +0200] "GET /favicon.ico HTTP/1.1" 200 8210 "-" "MobileSafari/604.1 CFNetwork/978.0.7 Darwin/18.7.0"
207.46.13.252 - - [22/Sep/2019:10:08:55 +0200] "GET /geschaeftskunden HTTP/1.1" 200 4078 "-" "Mozilla/5.0 (iPhone; CPU iPhone OS 7_0 like Mac OS X) AppleWebKit/537.51.1 (KHTML, like Gecko) Version/7.0 Mobile/11A465 Safari/9537.53 (compatible; bingbot/2.0; +http://www.bing.com/bingbot.htm)"
84.14.205.54 - - [22/Sep/2019:10:09:42 +0200] "GET / HTTP/1.1" 200 3316 "-" "Mozilla/5.0 (X11; Linux x86_64) AppleWebKit/537.36 (KHTML, like Gecko) HeadlessChrome/64.0.3282.140 Safari/537.36"
84.14.205.54 - - [22/Sep/2019:10:09:42 +0200] "GET /css/screen.css HTTP/1.1" 200 13636 "http://www.alle-ziele-spedition.de/" "Mozilla/5.0 (X11; Linux x86_64) AppleWebKit/537.36 (KHTML, like Gecko) HeadlessChrome/64.0.3282.140 Safari/537.36"
84.14.205.54 - - [22/Sep/2019:10:09:42 +0200] "GET /js/curvycorners.src.js HTTP/1.1" 200 60221 "http://www.alle-ziele-spedition.de/" "Mozilla/5.0 (X11; Linux x86_64) AppleWebKit/537.36 (KHTML, like Gecko) HeadlessChrome/64.0.3282.140 Safari/537.36"
84.14.205.54 - - [22/Sep/2019:10:09:42 +0200] "GET /css/print.css HTTP/1.1" 200 830 "http://www.alle-ziele-spedition.de/" "Mozilla/5.0 (X11; Linux x86_64) AppleWebKit/537.36 (KHTML, like Gecko) HeadlessChrome/64.0.3282.140 Safari/537.36"
84.14.205.54 - - [22/Sep/2019:10:09:42 +0200] "GET /img/hg_body.gif HTTP/1.1" 200 1754 "http://www.alle-ziele-spedition.de/css/screen.css" "Mozilla/5.0 (X11; Linux x86_64) AppleWebKit/537.36 (KHTML, like Gecko) HeadlessChrome/64.0.3282.140 Safari/537.36"
84.14.205.54 - - [22/Sep/2019:10:09:42 +0200] "GET /img/7183587b.jpg HTTP/1.1" 200 12190 "http://www.alle-ziele-spedition.de/css/screen.css" "Mozilla/5.0 (X11; Linux x86_64) AppleWebKit/537.36 (KHTML, like Gecko) HeadlessChrome/64.0.3282.140 Safari/537.36"
84.14.205.54 - - [22/Sep/2019:10:09:42 +0200] "GET /img/857034.jpg HTTP/1.1" 200 14613 "http://www.alle-ziele-spedition.de/css/screen.css" "Mozilla/5.0 (X11; Linux x86_64) AppleWebKit/537.36 (KHTML, like Gecko) HeadlessChrome/64.0.3282.140 Safari/537.36"
84.14.205.54 - - [22/Sep/2019:10:09:42 +0200] "GET /img/52814.jpg HTTP/1.1" 200 14378 "http://www.alle-ziele-spedition.de/css/screen.css" "Mozilla/5.0 (X11; Linux x86_64) AppleWebKit/537.36 (KHTML, like Gecko) HeadlessChrome/64.0.3282.140 Safari/537.36"
84.14.205.54 - - [22/Sep/2019:10:09:42 +0200] "GET /img/globus_finger.jpg HTTP/1.1" 200 8787 "http://www.alle-ziele-spedition.de/css/screen.css" "Mozilla/5.0 (X11; Linux x86_64) AppleWebKit/537.36 (KHTML, like Gecko) HeadlessChrome/64.0.3282.140 Safari/537.36"
84.14.205.54 - - [22/Sep/2019:10:09:42 +0200] "GET /img/head_hg.jpg HTTP/1.1" 200 18629 "http://www.alle-ziele-spedition.de/css/screen.css" "Mozilla/5.0 (X11; Linux x86_64) AppleWebKit/537.36 (KHTML, like Gecko) HeadlessChrome/64.0.3282.140 Safari/537.36"
84.14.205.54 - - [22/Sep/2019:10:09:42 +0200] "GET /img/berlin_footer2.gif HTTP/1.1" 200 2795 "http://www.alle-ziele-spedition.de/css/screen.css" "Mozilla/5.0 (X11; Linux x86_64) AppleWebKit/537.36 (KHTML, like Gecko) HeadlessChrome/64.0.3282.140 Safari/537.36"
84.14.205.54 - - [22/Sep/2019:10:09:42 +0200] "GET /img/14351312.jpg HTTP/1.1" 200 16335 "http://www.alle-ziele-spedition.de/css/screen.css" "Mozilla/5.0 (X11; Linux x86_64) AppleWebKit/537.36 (KHTML, like Gecko) HeadlessChrome/64.0.3282.140 Safari/537.36"
84.14.205.54 - - [22/Sep/2019:10:09:42 +0200] "GET /img/9606427.jpg HTTP/1.1" 200 21711 "http://www.alle-ziele-spedition.de/css/screen.css" "Mozilla/5.0 (X11; Linux x86_64) AppleWebKit/537.36 (KHTML, like Gecko) HeadlessChrome/64.0.3282.140 Safari/537.36"
84.14.205.54 - - [22/Sep/2019:10:09:42 +0200] "GET / HTTP/1.1" 200 3316 "http://www.alle-ziele-spedition.de/" "Mozilla/5.0 (X11; Linux x86_64) AppleWebKit/537.36 (KHTML, like Gecko) HeadlessChrome/64.0.3282.140 Safari/537.36"
157.55.39.137 - - [22/Sep/2019:10:13:11 +0200] "GET /img/7183587b.jpg HTTP/1.1" 200 12190 "-" "Mozilla/5.0 (iPhone; CPU iPhone OS 7_0 like Mac OS X) AppleWebKit/537.51.1 (KHTML, like Gecko) Version/7.0 Mobile/11A465 Safari/9537.53 (compatible; bingbot/2.0; +http://www.bing.com/bingbot.htm)"
157.55.39.137 - - [22/Sep/2019:10:13:12 +0200] "GET /img/berlin_footer2.gif HTTP/1.1" 200 2795 "-" "Mozilla/5.0 (iPhone; CPU iPhone OS 7_0 like Mac OS X) AppleWebKit/537.51.1 (KHTML, like Gecko) Version/7.0 Mobile/11A465 Safari/9537.53 (compatible; bingbot/2.0; +http://www.bing.com/bingbot.htm)"
157.55.39.137 - - [22/Sep/2019:10:13:12 +0200] "GET /img/hg_body.gif HTTP/1.1" 200 1754 "-" "Mozilla/5.0 (iPhone; CPU iPhone OS 7_0 like Mac OS X) AppleWebKit/537.51.1 (KHTML, like Gecko) Version/7.0 Mobile/11A465 Safari/9537.53 (compatible; bingbot/2.0; +http://www.bing.com/bingbot.htm)"
40.77.167.136 - - [22/Sep/2019:10:13:20 +0200] "GET /img/14351312.jpg HTTP/1.1" 200 16335 "-" "Mozilla/5.0 (iPhone; CPU iPhone OS 7_0 like Mac OS X) AppleWebKit/537.51.1 (KHTML, like Gecko) Version/7.0 Mobile/11A465 Safari/9537.53 (compatible; bingbot/2.0; +http://www.bing.com/bingbot.htm)"
40.77.167.136 - - [22/Sep/2019:10:13:21 +0200] "GET /img/52814.jpg HTTP/1.1" 200 14378 "-" "Mozilla/5.0 (iPhone; CPU iPhone OS 7_0 like Mac OS X) AppleWebKit/537.51.1 (KHTML, like Gecko) Version/7.0 Mobile/11A465 Safari/9537.53 (compatible; bingbot/2.0; +http://www.bing.com/bingbot.htm)"
40.77.167.136 - - [22/Sep/2019:10:13:21 +0200] "GET /img/head_hg.jpg HTTP/1.1" 200 18629 "-" "Mozilla/5.0 (iPhone; CPU iPhone OS 7_0 like Mac OS X) AppleWebKit/537.51.1 (KHTML, like Gecko) Version/7.0 Mobile/11A465 Safari/9537.53 (compatible; bingbot/2.0; +http://www.bing.com/bingbot.htm)"
207.46.13.252 - - [22/Sep/2019:10:13:21 +0200] "GET /img/9606427.jpg HTTP/1.1" 200 21711 "-" "Mozilla/5.0 (iPhone; CPU iPhone OS 7_0 like Mac OS X) AppleWebKit/537.51.1 (KHTML, like Gecko) Version/7.0 Mobile/11A465 Safari/9537.53 (compatible; bingbot/2.0; +http://www.bing.com/bingbot.htm)"
157.55.39.64 - - [22/Sep/2019:10:13:26 +0200] "GET /img/857034.jpg HTTP/1.1" 200 14613 "-" "Mozilla/5.0 (iPhone; CPU iPhone OS 7_0 like Mac OS X) AppleWebKit/537.51.1 (KHTML, like Gecko) Version/7.0 Mobile/11A465 Safari/9537.53 (compatible; bingbot/2.0; +http://www.bing.com/bingbot.htm)"
79.224.134.23 - - [22/Sep/2019:10:14:23 +0200] "GET / HTTP/1.1" 200 3316 "-" "Mozilla/5.0 (iPhone; CPU iPhone OS 12_4_1 like Mac OS X) AppleWebKit/605.1.15 (KHTML, like Gecko) Version/12.1.2 Mobile/15E148 Safari/604.1"
79.224.134.23 - - [22/Sep/2019:10:14:24 +0200] "GET /css/print.css HTTP/1.1" 200 830 "http://www.alle-ziele-spedition.de/" "Mozilla/5.0 (iPhone; CPU iPhone OS 12_4_1 like Mac OS X) AppleWebKit/605.1.15 (KHTML, like Gecko) Version/12.1.2 Mobile/15E148 Safari/604.1"
79.224.134.23 - - [22/Sep/2019:10:14:24 +0200] "GET /css/screen.css HTTP/1.1" 200 13636 "http://www.alle-ziele-spedition.de/" "Mozilla/5.0 (iPhone; CPU iPhone OS 12_4_1 like Mac OS X) AppleWebKit/605.1.15 (KHTML, like Gecko) Version/12.1.2 Mobile/15E148 Safari/604.1"
79.224.134.23 - - [22/Sep/2019:10:14:24 +0200] "GET /js/curvycorners.src.js HTTP/1.1" 200 60221 "http://www.alle-ziele-spedition.de/" "Mozilla/5.0 (iPhone; CPU iPhone OS 12_4_1 like Mac OS X) AppleWebKit/605.1.15 (KHTML, like Gecko) Version/12.1.2 Mobile/15E148 Safari/604.1"
79.224.134.23 - - [22/Sep/2019:10:14:24 +0200] "GET /img/hg_body.gif HTTP/1.1" 200 1754 "http://www.alle-ziele-spedition.de/" "Mozilla/5.0 (iPhone; CPU iPhone OS 12_4_1 like Mac OS X) AppleWebKit/605.1.15 (KHTML, like Gecko) Version/12.1.2 Mobile/15E148 Safari/604.1"
79.224.134.23 - - [22/Sep/2019:10:14:24 +0200] "GET /img/head_hg.jpg HTTP/1.1" 200 18629 "http://www.alle-ziele-spedition.de/" "Mozilla/5.0 (iPhone; CPU iPhone OS 12_4_1 like Mac OS X) AppleWebKit/605.1.15 (KHTML, like Gecko) Version/12.1.2 Mobile/15E148 Safari/604.1"
