66.249.75.157 - - [11/Jul/2018:22:55:47 +0200] "GET /robots.txt HTTP/1.1" 200 8210 "-" "Mozilla/5.0 (compatible; Googlebot/2.1; +http://www.google.com/bot.html)"
66.249.75.155 - - [11/Jul/2018:23:07:24 +0200] "GET /pdf/Frachtrecht%20HGB.pdf HTTP/1.1" 304 - "-" "Mozilla/5.0 (Linux; Android 6.0.1; Nexus 5X Build/MMB29P) AppleWebKit/537.36 (KHTML, like Gecko) Chrome/41.0.2272.96 Mobile Safari/537.36 (compatible; Googlebot/2.1; +http://www.google.com/bot.html)"
66.249.75.157 - - [11/Jul/2018:23:13:13 +0200] "GET /informationen/spediteur HTTP/1.1" 200 111924 "-" "Mozilla/5.0 (Linux; Android 6.0.1; Nexus 5X Build/MMB29P) AppleWebKit/537.36 (KHTML, like Gecko) Chrome/41.0.2272.96 Mobile Safari/537.36 (compatible; Googlebot/2.1; +http://www.google.com/bot.html)"
66.249.75.155 - - [11/Jul/2018:23:19:01 +0200] "GET /doc/Frachtrecht%20HGB.doc HTTP/1.1" 304 - "-" "Mozilla/5.0 (Linux; Android 6.0.1; Nexus 5X Build/MMB29P) AppleWebKit/537.36 (KHTML, like Gecko) Chrome/41.0.2272.96 Mobile Safari/537.36 (compatible; Googlebot/2.1; +http://www.google.com/bot.html)"
136.243.83.16 - - [11/Jul/2018:23:37:28 +0200] "GET /robots.txt HTTP/1.1" 200 8210 "-" "Mozilla/5.0 (compatible; MetaJobBot; http://www.metajob.de/crawler)"
136.243.83.16 - - [11/Jul/2018:23:37:28 +0200] "GET / HTTP/1.1" 200 3316 "-" "Mozilla/5.0 (compatible; MetaJobBot; http://www.metajob.de/crawler)"
66.249.75.21 - - [11/Jul/2018:23:53:52 +0200] "GET /unternehmen/wir_ueber_uns HTTP/1.1" 200 5040 "-" "Mozilla/5.0 (Linux; Android 6.0.1; Nexus 5X Build/MMB29P) AppleWebKit/537.36 (KHTML, like Gecko) Chrome/41.0.2272.96 Mobile Safari/537.36 (compatible; Googlebot/2.1; +http://www.google.com/bot.html)"
178.137.86.234 - - [12/Jul/2018:00:06:32 +0200] "GET /exportdokumente/drittlandexporte/ HTTP/1.1" 200 7480 "https://bezprostatita.com/" "Mozilla/4.0 (compatible; MSIE 6.0; Windows NT 5.1; SV1; .NET CLR 1.1.4322) NS8/0.9.6"
178.137.86.234 - - [12/Jul/2018:00:06:33 +0200] "GET /exportdokumente/drittlandexporte/ HTTP/1.1" 200 7480 "https://bezprostatita.com/" "Mozilla/4.0 (compatible; MSIE 6.0; Windows NT 5.1; SV1; .NET CLR 1.1.4322) NS8/0.9.6"
46.88.9.208 - - [12/Jul/2018:00:13:03 +0200] "GET /exportdokumente/drittlandexporte HTTP/1.1" 200 7480 "-" "Mozilla/5.0 (iPhone; CPU iPhone OS 11_3 like Mac OS X) AppleWebKit/605.1.15 (KHTML, like Gecko) Version/11.0 Mobile/15E148 Safari/604.1"
46.88.9.208 - - [12/Jul/2018:00:13:04 +0200] "GET /apple-touch-icon-120x120-precomposed.png HTTP/1.1" 200 8210 "-" "MobileSafari/604.1 CFNetwork/897.15 Darwin/17.5.0"
46.88.9.208 - - [12/Jul/2018:00:13:04 +0200] "GET /apple-touch-icon-120x120.png HTTP/1.1" 200 8210 "-" "MobileSafari/604.1 CFNetwork/897.15 Darwin/17.5.0"
46.88.9.208 - - [12/Jul/2018:00:13:04 +0200] "GET /apple-touch-icon-precomposed.png HTTP/1.1" 200 8210 "-" "MobileSafari/604.1 CFNetwork/897.15 Darwin/17.5.0"
46.88.9.208 - - [12/Jul/2018:00:13:04 +0200] "GET /apple-touch-icon.png HTTP/1.1" 200 8210 "-" "MobileSafari/604.1 CFNetwork/897.15 Darwin/17.5.0"
46.88.9.208 - - [12/Jul/2018:00:13:05 +0200] "GET /favicon.ico HTTP/1.1" 200 8210 "-" "MobileSafari/604.1 CFNetwork/897.15 Darwin/17.5.0"
46.88.9.208 - - [12/Jul/2018:00:13:05 +0200] "GET /apple-touch-icon-120x120-precomposed.png HTTP/1.1" 200 8210 "-" "MobileSafari/604.1 CFNetwork/897.15 Darwin/17.5.0"
46.88.9.208 - - [12/Jul/2018:00:13:05 +0200] "GET /apple-touch-icon-120x120.png HTTP/1.1" 200 8210 "-" "MobileSafari/604.1 CFNetwork/897.15 Darwin/17.5.0"
46.88.9.208 - - [12/Jul/2018:00:13:05 +0200] "GET /apple-touch-icon-precomposed.png HTTP/1.1" 200 8210 "-" "MobileSafari/604.1 CFNetwork/897.15 Darwin/17.5.0"
46.88.9.208 - - [12/Jul/2018:00:13:05 +0200] "GET /apple-touch-icon.png HTTP/1.1" 200 8210 "-" "MobileSafari/604.1 CFNetwork/897.15 Darwin/17.5.0"
46.88.9.208 - - [12/Jul/2018:00:13:06 +0200] "GET /favicon.ico HTTP/1.1" 200 8210 "-" "MobileSafari/604.1 CFNetwork/897.15 Darwin/17.5.0"
66.249.75.23 - - [12/Jul/2018:00:17:05 +0200] "GET /robots.txt HTTP/1.1" 200 8210 "-" "Mozilla/5.0 (compatible; Googlebot/2.1; +http://www.google.com/bot.html)"
66.249.75.23 - - [12/Jul/2018:00:17:06 +0200] "GET /exportdokumente/drittlandexporte HTTP/1.1" 200 7480 "-" "Mozilla/5.0 (Linux; Android 6.0.1; Nexus 5X Build/MMB29P) AppleWebKit/537.36 (KHTML, like Gecko) Chrome/41.0.2272.96 Mobile Safari/537.36 (compatible; Googlebot/2.1; +http://www.google.com/bot.html)"
40.113.244.106 - - [12/Jul/2018:00:27:52 +0200] "GET /robots.txt HTTP/1.1" 200 8210 "-" "Mozilla/5.0 (Windows NT 6.3; WOW64) AppleWebKit/537.36 (KHTML, like Gecko) Chrome/54.0.2840.99 Safari/537.36 (BingLocalSearch)"
40.113.244.106 - - [12/Jul/2018:00:27:53 +0200] "GET /sitemap HTTP/1.1" 200 5025 "-" "Mozilla/5.0 (Windows NT 6.3; WOW64) AppleWebKit/537.36 (KHTML, like Gecko) Chrome/54.0.2840.99 Safari/537.36 (BingLocalSearch)"
40.113.244.106 - - [12/Jul/2018:00:27:54 +0200] "GET /informationen HTTP/1.1" 200 3978 "-" "Mozilla/5.0 (Windows NT 6.3; WOW64) AppleWebKit/537.36 (KHTML, like Gecko) Chrome/54.0.2840.99 Safari/537.36 (BingLocalSearch)"
40.113.244.106 - - [12/Jul/2018:00:27:55 +0200] "GET /unternehmen HTTP/1.1" 200 3128 "-" "Mozilla/5.0 (Windows NT 6.3; WOW64) AppleWebKit/537.36 (KHTML, like Gecko) Chrome/54.0.2840.99 Safari/537.36 (BingLocalSearch)"
144.76.157.16 - - [12/Jul/2018:00:38:47 +0200] "GET / HTTP/1.1" 200 3316 "tiles.services.mozilla.com" "Mozilla/5.0 (Windows NT 6.3; rv:36.0) Gecko/20100101 Firefox/36.0"
144.76.157.16 - - [12/Jul/2018:00:38:47 +0200] "GET /impressum HTTP/1.1" 200 4964 "tiles.services.mozilla.com" "Mozilla/5.0 (Windows NT 6.3; rv:36.0) Gecko/20100101 Firefox/36.0"
66.249.75.21 - - [12/Jul/2018:00:40:19 +0200] "GET /exportdokumente/wertgrenzen HTTP/1.1" 200 5733 "-" "Mozilla/5.0 (Linux; Android 6.0.1; Nexus 5X Build/MMB29P) AppleWebKit/537.36 (KHTML, like Gecko) Chrome/41.0.2272.96 Mobile Safari/537.36 (compatible; Googlebot/2.1; +http://www.google.com/bot.html)"
157.55.39.215 - - [12/Jul/2018:00:50:06 +0200] "GET /exportdokumente/drittlandexporte HTTP/1.1" 200 7480 "-" "Mozilla/5.0 (compatible; bingbot/2.0; +http://www.bing.com/bingbot.htm)"
207.46.13.161 - - [12/Jul/2018:00:50:22 +0200] "GET /css/screen.css HTTP/1.1" 200 13636 "-" "Mozilla/5.0 (compatible; bingbot/2.0; +http://www.bing.com/bingbot.htm)"
66.249.75.23 - - [12/Jul/2018:01:03:34 +0200] "GET /pdf/Flyer%20Alle%20Ziele_WEB(0).pdf HTTP/1.1" 200 3377347 "-" "Mozilla/5.0 (Linux; Android 6.0.1; Nexus 5X Build/MMB29P) AppleWebKit/537.36 (KHTML, like Gecko) Chrome/41.0.2272.96 Mobile Safari/537.36 (compatible; Googlebot/2.1; +http://www.google.com/bot.html)"
207.46.13.161 - - [12/Jul/2018:01:21:00 +0200] "GET /exportdokumente/wertgrenzen HTTP/1.1" 200 5733 "-" "Mozilla/5.0 (compatible; bingbot/2.0; +http://www.bing.com/bingbot.htm)"
66.249.75.23 - - [12/Jul/2018:01:32:35 +0200] "GET /robots.txt HTTP/1.1" 200 8210 "-" "Mozilla/5.0 (compatible; Googlebot/2.1; +http://www.google.com/bot.html)"
66.249.75.22 - - [12/Jul/2018:01:32:35 +0200] "GET /aktuelles HTTP/1.1" 200 8334 "-" "Mozilla/5.0 (Linux; Android 6.0.1; Nexus 5X Build/MMB29P) AppleWebKit/537.36 (KHTML, like Gecko) Chrome/41.0.2272.96 Mobile Safari/537.36 (compatible; Googlebot/2.1; +http://www.google.com/bot.html)"
157.55.39.215 - - [12/Jul/2018:01:34:25 +0200] "GET /unternehmen/wir_ueber_uns HTTP/1.1" 200 5040 "-" "Mozilla/5.0 (compatible; bingbot/2.0; +http://www.bing.com/bingbot.htm)"
66.249.75.23 - - [12/Jul/2018:01:38:23 +0200] "GET /informationen/faq HTTP/1.1" 200 7235 "-" "Mozilla/5.0 (Linux; Android 6.0.1; Nexus 5X Build/MMB29P) AppleWebKit/537.36 (KHTML, like Gecko) Chrome/41.0.2272.96 Mobile Safari/537.36 (compatible; Googlebot/2.1; +http://www.google.com/bot.html)"
199.30.25.20 - - [12/Jul/2018:01:51:20 +0200] "GET /img/40362199.jpg HTTP/1.1" 200 25594 "http://www.alle-ziele-spedition.de/exportdokumente/drittlandexporte" "Mozilla/5.0 (Windows NT 6.1; WOW64) AppleWebKit/534+ (KHTML, like Gecko) BingPreview/1.0b"
199.30.25.20 - - [12/Jul/2018:01:51:20 +0200] "GET /img/41954271.jpg HTTP/1.1" 200 20594 "http://www.alle-ziele-spedition.de/exportdokumente/drittlandexporte" "Mozilla/5.0 (Windows NT 6.1; WOW64) AppleWebKit/534+ (KHTML, like Gecko) BingPreview/1.0b"
199.30.25.20 - - [12/Jul/2018:01:51:20 +0200] "GET /img/head_hg.jpg HTTP/1.1" 200 18629 "http://www.alle-ziele-spedition.de/exportdokumente/drittlandexporte" "Mozilla/5.0 (Windows NT 6.1; WOW64) AppleWebKit/534+ (KHTML, like Gecko) BingPreview/1.0b"
199.30.25.20 - - [12/Jul/2018:01:51:20 +0200] "GET /img/hg_body.gif HTTP/1.1" 200 1754 "http://www.alle-ziele-spedition.de/exportdokumente/drittlandexporte" "Mozilla/5.0 (Windows NT 6.1; WOW64) AppleWebKit/534+ (KHTML, like Gecko) BingPreview/1.0b"
199.30.25.20 - - [12/Jul/2018:01:51:20 +0200] "GET /img/42884495.jpg HTTP/1.1" 200 14885 "http://www.alle-ziele-spedition.de/exportdokumente/drittlandexporte" "Mozilla/5.0 (Windows NT 6.1; WOW64) AppleWebKit/534+ (KHTML, like Gecko) BingPreview/1.0b"
199.30.25.20 - - [12/Jul/2018:01:51:21 +0200] "GET /img/customdeclar.jpg HTTP/1.1" 200 6759 "http://www.alle-ziele-spedition.de/exportdokumente/drittlandexporte" "Mozilla/5.0 (Windows NT 6.1; WOW64) AppleWebKit/534+ (KHTML, like Gecko) BingPreview/1.0b"
199.30.25.20 - - [12/Jul/2018:01:51:21 +0200] "GET /img/berlin_footer2.gif HTTP/1.1" 200 2795 "http://www.alle-ziele-spedition.de/exportdokumente/drittlandexporte" "Mozilla/5.0 (Windows NT 6.1; WOW64) AppleWebKit/534+ (KHTML, like Gecko) BingPreview/1.0b"
66.249.75.23 - - [12/Jul/2018:02:13:14 +0200] "GET /pdf/Frachtrecht%20HGB.pdf HTTP/1.1" 304 - "-" "Mozilla/5.0 (Linux; Android 6.0.1; Nexus 5X Build/MMB29P) AppleWebKit/537.36 (KHTML, like Gecko) Chrome/41.0.2272.96 Mobile Safari/537.36 (compatible; Googlebot/2.1; +http://www.google.com/bot.html)"
66.249.75.22 - - [12/Jul/2018:02:24:50 +0200] "GET /exportdokumente HTTP/1.1" 200 3581 "-" "Mozilla/5.0 (Linux; Android 6.0.1; Nexus 5X Build/MMB29P) AppleWebKit/537.36 (KHTML, like Gecko) Chrome/41.0.2272.96 Mobile Safari/537.36 (compatible; Googlebot/2.1; +http://www.google.com/bot.html)"
66.249.75.23 - - [12/Jul/2018:02:42:16 +0200] "GET /robots.txt HTTP/1.1" 200 8210 "-" "Mozilla/5.0 (compatible; Googlebot/2.1; +http://www.google.com/bot.html)"
66.249.75.22 - - [12/Jul/2018:02:42:16 +0200] "GET /informationen/spediteur HTTP/1.1" 200 111924 "-" "Mozilla/5.0 (Linux; Android 6.0.1; Nexus 5X Build/MMB29P) AppleWebKit/537.36 (KHTML, like Gecko) Chrome/41.0.2272.96 Mobile Safari/537.36 (compatible; Googlebot/2.1; +http://www.google.com/bot.html)"
66.249.75.23 - - [12/Jul/2018:02:48:06 +0200] "GET /doc/Frachtrecht%20HGB.doc HTTP/1.1" 304 - "-" "Mozilla/5.0 (Linux; Android 6.0.1; Nexus 5X Build/MMB29P) AppleWebKit/537.36 (KHTML, like Gecko) Chrome/41.0.2272.96 Mobile Safari/537.36 (compatible; Googlebot/2.1; +http://www.google.com/bot.html)"
66.249.75.22 - - [12/Jul/2018:02:59:41 +0200] "GET /impressum HTTP/1.1" 200 4964 "-" "Mozilla/5.0 (Linux; Android 6.0.1; Nexus 5X Build/MMB29P) AppleWebKit/537.36 (KHTML, like Gecko) Chrome/41.0.2272.96 Mobile Safari/537.36 (compatible; Googlebot/2.1; +http://www.google.com/bot.html)"
66.249.75.22 - - [12/Jul/2018:03:04:12 +0200] "GET /exportdokumente/drittlandexporte HTTP/1.1" 200 7480 "-" "Mozilla/5.0 (Linux; Android 6.0.1; Nexus 5X Build/MMB29P) AppleWebKit/537.36 (KHTML, like Gecko) Chrome/41.0.2272.96 Mobile Safari/537.36 (compatible; Googlebot/2.1; +http://www.google.com/bot.html)"
66.249.75.23 - - [12/Jul/2018:03:17:06 +0200] "GET /unternehmen HTTP/1.1" 200 3128 "-" "Mozilla/5.0 (Linux; Android 6.0.1; Nexus 5X Build/MMB29P) AppleWebKit/537.36 (KHTML, like Gecko) Chrome/41.0.2272.96 Mobile Safari/537.36 (compatible; Googlebot/2.1; +http://www.google.com/bot.html)"
66.249.75.21 - - [12/Jul/2018:03:40:20 +0200] "GET /unternehmen/wir_ueber_uns HTTP/1.1" 200 5040 "-" "Mozilla/5.0 (Linux; Android 6.0.1; Nexus 5X Build/MMB29P) AppleWebKit/537.36 (KHTML, like Gecko) Chrome/41.0.2272.96 Mobile Safari/537.36 (compatible; Googlebot/2.1; +http://www.google.com/bot.html)"
66.249.75.21 - - [12/Jul/2018:03:46:15 +0200] "GET /robots.txt HTTP/1.1" 200 8210 "-" "Mozilla/5.0 (compatible; Googlebot/2.1; +http://www.google.com/bot.html)"
66.249.75.21 - - [12/Jul/2018:03:46:15 +0200] "GET /exportdokumente/drittlandexporte HTTP/1.1" 200 7480 "-" "Mozilla/5.0 (Linux; Android 6.0.1; Nexus 5X Build/MMB29P) AppleWebKit/537.36 (KHTML, like Gecko) Chrome/41.0.2272.96 Mobile Safari/537.36 (compatible; Googlebot/2.1; +http://www.google.com/bot.html)"
66.249.75.157 - - [12/Jul/2018:04:20:03 +0200] "GET /geschaeftskunden HTTP/1.1" 200 4078 "-" "Mozilla/5.0 (Linux; Android 6.0.1; Nexus 5X Build/MMB29P) AppleWebKit/537.36 (KHTML, like Gecko) Chrome/41.0.2272.96 Mobile Safari/537.36 (compatible; Googlebot/2.1; +http://www.google.com/bot.html)"
66.249.75.157 - - [12/Jul/2018:04:21:15 +0200] "GET /favicon.ico HTTP/1.1" 200 8210 "-" "Googlebot-Image/1.0"
66.249.75.159 - - [12/Jul/2018:04:32:36 +0200] "GET /privatkunden/seefracht HTTP/1.1" 200 8210 "-" "Mozilla/5.0 (Linux; Android 6.0.1; Nexus 5X Build/MMB29P) AppleWebKit/537.36 (KHTML, like Gecko) Chrome/41.0.2272.96 Mobile Safari/537.36 (compatible; Googlebot/2.1; +http://www.google.com/bot.html)"
66.249.75.159 - - [12/Jul/2018:04:50:01 +0200] "GET /robots.txt HTTP/1.1" 200 8210 "-" "Mozilla/5.0 (compatible; Googlebot/2.1; +http://www.google.com/bot.html)"
66.249.75.155 - - [12/Jul/2018:04:50:01 +0200] "GET /exportdokumente/wertgrenzen HTTP/1.1" 200 5733 "-" "Mozilla/5.0 (Linux; Android 6.0.1; Nexus 5X Build/MMB29P) AppleWebKit/537.36 (KHTML, like Gecko) Chrome/41.0.2272.96 Mobile Safari/537.36 (compatible; Googlebot/2.1; +http://www.google.com/bot.html)"
66.249.75.155 - - [12/Jul/2018:04:55:49 +0200] "GET /pdf/Flyer%20Alle%20Ziele_WEB(0).pdf HTTP/1.1" 304 - "-" "Mozilla/5.0 (Linux; Android 6.0.1; Nexus 5X Build/MMB29P) AppleWebKit/537.36 (KHTML, like Gecko) Chrome/41.0.2272.96 Mobile Safari/537.36 (compatible; Googlebot/2.1; +http://www.google.com/bot.html)"
66.249.75.159 - - [12/Jul/2018:05:05:59 +0200] "GET /informationen/spediteur HTTP/1.1" 200 111924 "-" "Mozilla/5.0 (Linux; Android 6.0.1; Nexus 5X Build/MMB29P) AppleWebKit/537.36 (KHTML, like Gecko) Chrome/41.0.2272.96 Mobile Safari/537.36 (compatible; Googlebot/2.1; +http://www.google.com/bot.html)"
66.249.75.157 - - [12/Jul/2018:05:13:25 +0200] "GET /informationen/faq HTTP/1.1" 200 7235 "-" "Mozilla/5.0 (Linux; Android 6.0.1; Nexus 5X Build/MMB29P) AppleWebKit/537.36 (KHTML, like Gecko) Chrome/41.0.2272.96 Mobile Safari/537.36 (compatible; Googlebot/2.1; +http://www.google.com/bot.html)"
37.229.254.233 - - [12/Jul/2018:05:16:08 +0200] "GET /exportdokumente/drittlandexporte/ HTTP/1.1" 200 7480 "http://udav.net/" "Mozilla/4.0 (compatible; MSIE 6.0; Windows NT 5.1; MyIE2; Deepnet Explorer)"
37.229.254.233 - - [12/Jul/2018:05:16:09 +0200] "GET /exportdokumente/drittlandexporte/ HTTP/1.1" 200 7480 "http://udav.net/" "Mozilla/4.0 (compatible; MSIE 6.0; Windows NT 5.1; MyIE2; Deepnet Explorer)"
37.229.254.233 - - [12/Jul/2018:05:16:09 +0200] "GET /exportdokumente/drittlandexporte/ HTTP/1.1" 200 7480 "http://udav.net/" "Mozilla/4.0 (compatible; MSIE 6.0; Windows NT 5.1; MyIE2; Deepnet Explorer)"
66.249.75.159 - - [12/Jul/2018:05:19:04 +0200] "GET /pdf/Frachtrecht%20HGB.pdf HTTP/1.1" 304 - "-" "Mozilla/5.0 (Linux; Android 6.0.1; Nexus 5X Build/MMB29P) AppleWebKit/537.36 (KHTML, like Gecko) Chrome/41.0.2272.96 Mobile Safari/537.36 (compatible; Googlebot/2.1; +http://www.google.com/bot.html)"
52.53.201.78 - - [12/Jul/2018:05:19:19 +0200] "GET / HTTP/1.1" 200 3316 "-" "Mozilla/5.0 (Macintosh; Intel Mac OS X 10_12_6) AppleWebKit/537.36 (KHTML, like Gecko) Chrome/61.0.3163.100 Safari/537.36"
66.249.75.159 - - [12/Jul/2018:05:53:54 +0200] "GET /robots.txt HTTP/1.1" 200 8210 "-" "Mozilla/5.0 (compatible; Googlebot/2.1; +http://www.google.com/bot.html)"
66.249.75.155 - - [12/Jul/2018:05:53:54 +0200] "GET /exportdokumente HTTP/1.1" 200 3581 "-" "Mozilla/5.0 (Linux; Android 6.0.1; Nexus 5X Build/MMB29P) AppleWebKit/537.36 (KHTML, like Gecko) Chrome/41.0.2272.96 Mobile Safari/537.36 (compatible; Googlebot/2.1; +http://www.google.com/bot.html)"
35.204.158.196 - - [12/Jul/2018:06:02:22 +0200] "GET /img/captcha/4e5847e3cb4e38e0e90caf928cc20f51.png HTTP/1.1" 200 8210 "-" "Mozilla/5.0 (compatible; tracemyfile/1.0; +bot@tracemyfile.com)"
66.249.75.155 - - [12/Jul/2018:06:22:56 +0200] "GET /informationen/spediteur HTTP/1.1" 200 111924 "-" "Mozilla/5.0 (Linux; Android 6.0.1; Nexus 5X Build/MMB29P) AppleWebKit/537.36 (KHTML, like Gecko) Chrome/41.0.2272.96 Mobile Safari/537.36 (compatible; Googlebot/2.1; +http://www.google.com/bot.html)"
91.39.167.167 - - [12/Jul/2018:06:24:51 +0200] "GET /pdf/Frachtrecht%20HGB.pdf HTTP/1.1" 200 19672 "https://www.google.de/" "Mozilla/5.0 (Windows NT 10.0; Win64; x64) AppleWebKit/537.36 (KHTML, like Gecko) Chrome/64.0.3282.140 Safari/537.36 Edge/17.17134"
66.249.75.159 - - [12/Jul/2018:06:28:44 +0200] "GET /doc/Frachtrecht%20HGB.doc HTTP/1.1" 304 - "-" "Mozilla/5.0 (Linux; Android 6.0.1; Nexus 5X Build/MMB29P) AppleWebKit/537.36 (KHTML, like Gecko) Chrome/41.0.2272.96 Mobile Safari/537.36 (compatible; Googlebot/2.1; +http://www.google.com/bot.html)"
66.249.75.159 - - [12/Jul/2018:06:46:09 +0200] "GET /impressum HTTP/1.1" 200 4964 "-" "Mozilla/5.0 (Linux; Android 6.0.1; Nexus 5X Build/MMB29P) AppleWebKit/537.36 (KHTML, like Gecko) Chrome/41.0.2272.96 Mobile Safari/537.36 (compatible; Googlebot/2.1; +http://www.google.com/bot.html)"
213.174.233.102 - - [12/Jul/2018:06:59:54 +0200] "GET /img/Colt%2020.11.2011%20Hubi%204.JPG HTTP/1.1" 200 416132 "-" "Mozilla/5.0 (Windows NT 10.0; WOW64; Trident/7.0; rv:11.0) like Gecko"
66.249.75.159 - - [12/Jul/2018:07:21:00 +0200] "GET /robots.txt HTTP/1.1" 200 8210 "-" "Mozilla/5.0 (compatible; Googlebot/2.1; +http://www.google.com/bot.html)"
66.249.75.155 - - [12/Jul/2018:07:21:00 +0200] "GET /exportdokumente/drittlandexporte HTTP/1.1" 200 7480 "-" "Mozilla/5.0 (Linux; Android 6.0.1; Nexus 5X Build/MMB29P) AppleWebKit/537.36 (KHTML, like Gecko) Chrome/41.0.2272.96 Mobile Safari/537.36 (compatible; Googlebot/2.1; +http://www.google.com/bot.html)"
178.137.160.220 - - [12/Jul/2018:07:40:21 +0200] "GET /exportdokumente/drittlandexporte/ HTTP/1.1" 200 7480 "http://lerporn.info/" "Mozilla/4.0 (compatible; MSIE 6.0; Windows NT 5.1)"
66.249.75.155 - - [12/Jul/2018:07:44:13 +0200] "GET /unternehmen HTTP/1.1" 200 3128 "-" "Mozilla/5.0 (Linux; Android 6.0.1; Nexus 5X Build/MMB29P) AppleWebKit/537.36 (KHTML, like Gecko) Chrome/41.0.2272.96 Mobile Safari/537.36 (compatible; Googlebot/2.1; +http://www.google.com/bot.html)"
178.137.16.67 - - [12/Jul/2018:07:53:10 +0200] "GET /exportdokumente/drittlandexporte/ HTTP/1.1" 200 7480 "https://russian-translator.com/" "Mozilla/4.0 (compatible; MSIE 6.0; Windows NT 5.1; SV1)"
178.137.16.67 - - [12/Jul/2018:07:53:12 +0200] "GET /exportdokumente/drittlandexporte/ HTTP/1.1" 200 7480 "https://russian-translator.com/" "Mozilla/4.0 (compatible; MSIE 6.0; Windows NT 5.1; SV1)"
178.137.16.67 - - [12/Jul/2018:07:58:21 +0200] "GET /exportdokumente/drittlandexporte/ HTTP/1.1" 200 7480 "https://russian-postindex.ru/" "Mozilla/4.0 (compatible; MSIE 6.0; Windows NT 5.1; SV1; InfoPath.1"
178.137.16.67 - - [12/Jul/2018:07:58:22 +0200] "GET /exportdokumente/drittlandexporte/ HTTP/1.1" 200 7480 "https://russian-postindex.ru/" "Mozilla/4.0 (compatible; MSIE 6.0; Windows NT 5.1; SV1; InfoPath.1"
80.147.82.60 - - [12/Jul/2018:08:00:59 +0200] "GET /exportdokumente/wertgrenzen HTTP/1.1" 200 5733 "-" "Mozilla/5.0 (Macintosh; Intel Mac OS X 10_11_6) AppleWebKit/605.1.15 (KHTML, like Gecko)"
80.147.82.60 - - [12/Jul/2018:08:00:59 +0200] "GET /apple-touch-icon-precomposed.png HTTP/1.1" 200 8210 "-" "Safari/11605.1.33.1.4 CFNetwork/760.9 Darwin/15.6.0 (x86_64)"
80.147.82.60 - - [12/Jul/2018:08:01:00 +0200] "GET /apple-touch-icon.png HTTP/1.1" 200 8210 "-" "Safari/11605.1.33.1.4 CFNetwork/760.9 Darwin/15.6.0 (x86_64)"
80.147.82.60 - - [12/Jul/2018:08:01:00 +0200] "GET /favicon.ico HTTP/1.1" 200 8210 "-" "Safari/11605.1.33.1.4 CFNetwork/760.9 Darwin/15.6.0 (x86_64)"
80.147.82.60 - - [12/Jul/2018:08:01:00 +0200] "GET /apple-touch-icon-precomposed.png HTTP/1.1" 200 8210 "-" "Safari/11605.1.33.1.4 CFNetwork/760.9 Darwin/15.6.0 (x86_64)"
80.147.82.60 - - [12/Jul/2018:08:01:00 +0200] "GET /apple-touch-icon.png HTTP/1.1" 200 8210 "-" "Safari/11605.1.33.1.4 CFNetwork/760.9 Darwin/15.6.0 (x86_64)"
80.147.82.60 - - [12/Jul/2018:08:01:01 +0200] "GET /favicon.ico HTTP/1.1" 200 8210 "-" "Safari/11605.1.33.1.4 CFNetwork/760.9 Darwin/15.6.0 (x86_64)"
80.147.82.60 - - [12/Jul/2018:08:01:01 +0200] "GET /exportdokumente/wertgrenzen HTTP/1.1" 200 5733 "-" "\"Mozilla/5.0 (iPhone; CPU iPhone OS 11_0 like Mac OS X) AppleWebKit/604.1.38 (KHTML, like Gecko) Version/11.0 Mobile/15A372 Safari/604.1\""
80.147.82.60 - - [12/Jul/2018:08:01:01 +0200] "GET /apple-touch-icon-precomposed.png HTTP/1.1" 200 8210 "-" "Safari/11605.1.33.1.4 CFNetwork/760.9 Darwin/15.6.0 (x86_64)"
80.147.82.60 - - [12/Jul/2018:08:01:01 +0200] "GET /apple-touch-icon.png HTTP/1.1" 200 8210 "-" "Safari/11605.1.33.1.4 CFNetwork/760.9 Darwin/15.6.0 (x86_64)"
80.147.82.60 - - [12/Jul/2018:08:01:02 +0200] "GET /favicon.ico HTTP/1.1" 200 8210 "-" "Safari/11605.1.33.1.4 CFNetwork/760.9 Darwin/15.6.0 (x86_64)"
80.147.82.60 - - [12/Jul/2018:08:01:02 +0200] "GET /apple-touch-icon-precomposed.png HTTP/1.1" 200 8210 "-" "Safari/11605.1.33.1.4 CFNetwork/760.9 Darwin/15.6.0 (x86_64)"
80.147.82.60 - - [12/Jul/2018:08:01:02 +0200] "GET /apple-touch-icon.png HTTP/1.1" 200 8210 "-" "Safari/11605.1.33.1.4 CFNetwork/760.9 Darwin/15.6.0 (x86_64)"
80.147.82.60 - - [12/Jul/2018:08:01:03 +0200] "GET /favicon.ico HTTP/1.1" 200 8210 "-" "Safari/11605.1.33.1.4 CFNetwork/760.9 Darwin/15.6.0 (x86_64)"
66.249.75.155 - - [12/Jul/2018:08:30:41 +0200] "GET /exportdokumente/wertgrenzen HTTP/1.1" 200 5733 "-" "Mozilla/5.0 (Linux; Android 6.0.1; Nexus 5X Build/MMB29P) AppleWebKit/537.36 (KHTML, like Gecko) Chrome/41.0.2272.96 Mobile Safari/537.36 (compatible; Googlebot/2.1; +http://www.google.com/bot.html)"
66.249.75.159 - - [12/Jul/2018:08:30:41 +0200] "GET /robots.txt HTTP/1.1" 200 8210 "-" "Mozilla/5.0 (compatible; Googlebot/2.1; +http://www.google.com/bot.html)"
176.10.55.146 - - [12/Jul/2018:08:37:47 +0200] "GET /exportdokumente/wertgrenzen HTTP/1.1" 200 5733 "-" "Mozilla/5.0 (Macintosh; Intel Mac OS X 10_13_4) AppleWebKit/605.1.15 (KHTML, like Gecko)"
176.10.55.146 - - [12/Jul/2018:08:37:47 +0200] "GET /apple-touch-icon-precomposed.png HTTP/1.1" 200 8210 "-" "Safari/13605.1.33.1.2 CFNetwork/897.15 Darwin/17.5.0 (x86_64)"
176.10.55.146 - - [12/Jul/2018:08:37:48 +0200] "GET /apple-touch-icon.png HTTP/1.1" 200 8210 "-" "Safari/13605.1.33.1.2 CFNetwork/897.15 Darwin/17.5.0 (x86_64)"
176.10.55.146 - - [12/Jul/2018:08:37:48 +0200] "GET /favicon.ico HTTP/1.1" 200 8210 "-" "Safari/13605.1.33.1.2 CFNetwork/897.15 Darwin/17.5.0 (x86_64)"
176.10.55.146 - - [12/Jul/2018:08:37:48 +0200] "GET /apple-touch-icon-precomposed.png HTTP/1.1" 200 8210 "-" "Safari/13605.1.33.1.2 CFNetwork/897.15 Darwin/17.5.0 (x86_64)"
176.10.55.146 - - [12/Jul/2018:08:37:48 +0200] "GET /apple-touch-icon.png HTTP/1.1" 200 8210 "-" "Safari/13605.1.33.1.2 CFNetwork/897.15 Darwin/17.5.0 (x86_64)"
176.10.55.146 - - [12/Jul/2018:08:37:49 +0200] "GET /favicon.ico HTTP/1.1" 200 8210 "-" "Safari/13605.1.33.1.2 CFNetwork/897.15 Darwin/17.5.0 (x86_64)"
176.10.55.146 - - [12/Jul/2018:08:37:49 +0200] "GET /exportdokumente/wertgrenzen HTTP/1.1" 200 5733 "-" "\"Mozilla/5.0 (iPhone; CPU iPhone OS 11_0 like Mac OS X) AppleWebKit/604.1.38 (KHTML, like Gecko) Version/11.0 Mobile/15A372 Safari/604.1\""
176.10.55.146 - - [12/Jul/2018:08:37:49 +0200] "GET /apple-touch-icon-precomposed.png HTTP/1.1" 200 8210 "-" "Safari/13605.1.33.1.2 CFNetwork/897.15 Darwin/17.5.0 (x86_64)"
176.10.55.146 - - [12/Jul/2018:08:37:50 +0200] "GET /apple-touch-icon.png HTTP/1.1" 200 8210 "-" "Safari/13605.1.33.1.2 CFNetwork/897.15 Darwin/17.5.0 (x86_64)"
176.10.55.146 - - [12/Jul/2018:08:37:50 +0200] "GET /favicon.ico HTTP/1.1" 200 8210 "-" "Safari/13605.1.33.1.2 CFNetwork/897.15 Darwin/17.5.0 (x86_64)"
176.10.55.146 - - [12/Jul/2018:08:37:51 +0200] "GET /apple-touch-icon-precomposed.png HTTP/1.1" 200 8210 "-" "Safari/13605.1.33.1.2 CFNetwork/897.15 Darwin/17.5.0 (x86_64)"
176.10.55.146 - - [12/Jul/2018:08:37:51 +0200] "GET /apple-touch-icon.png HTTP/1.1" 200 8210 "-" "Safari/13605.1.33.1.2 CFNetwork/897.15 Darwin/17.5.0 (x86_64)"
176.10.55.146 - - [12/Jul/2018:08:37:51 +0200] "GET /favicon.ico HTTP/1.1" 200 8210 "-" "Safari/13605.1.33.1.2 CFNetwork/897.15 Darwin/17.5.0 (x86_64)"
80.153.182.191 - - [12/Jul/2018:08:42:27 +0200] "GET /pdf/Frachtrecht%20HGB.pdf HTTP/1.1" 200 19672 "https://www.google.com/" "Mozilla/5.0 (Windows NT 6.1; WOW64; rv:61.0) Gecko/20100101 Firefox/61.0"
80.153.182.191 - - [12/Jul/2018:08:42:27 +0200] "GET /favicon.ico HTTP/1.1" 200 8210 "-" "Mozilla/5.0 (Windows NT 6.1; WOW64; rv:61.0) Gecko/20100101 Firefox/61.0"
80.153.182.191 - - [12/Jul/2018:08:42:27 +0200] "GET /pdf/Frachtrecht%20HGB.pdf HTTP/1.1" 206 19672 "https://www.google.com/" "Mozilla/5.0 (Windows NT 6.1; WOW64; rv:61.0) Gecko/20100101 Firefox/61.0"
80.153.182.191 - - [12/Jul/2018:08:42:27 +0200] "GET /favicon.ico HTTP/1.1" 200 8210 "-" "Mozilla/5.0 (Windows NT 6.1; WOW64; rv:61.0) Gecko/20100101 Firefox/61.0"
66.249.75.157 - - [12/Jul/2018:08:48:06 +0200] "GET /pdf/Flyer%20Alle%20Ziele_WEB(0).pdf HTTP/1.1" 304 - "-" "Mozilla/5.0 (Linux; Android 6.0.1; Nexus 5X Build/MMB29P) AppleWebKit/537.36 (KHTML, like Gecko) Chrome/41.0.2272.96 Mobile Safari/537.36 (compatible; Googlebot/2.1; +http://www.google.com/bot.html)"
77.22.252.83 - - [12/Jul/2018:08:48:37 +0200] "GET /pdf/Frachtrecht%20HGB.pdf HTTP/1.1" 200 19672 "https://www.google.com/" "Mozilla/5.0 (Windows NT 10.0; WOW64; rv:52.0) Gecko/20100101 Firefox/52.0"
176.10.55.146 - - [12/Jul/2018:08:50:34 +0200] "GET /exportdokumente/wertgrenzen HTTP/1.1" 200 5733 "-" "Mozilla/5.0 (Macintosh; Intel Mac OS X 10_13_4) AppleWebKit/605.1.15 (KHTML, like Gecko)"
176.10.55.146 - - [12/Jul/2018:08:50:35 +0200] "GET /apple-touch-icon-precomposed.png HTTP/1.1" 200 8210 "-" "Safari/13605.1.33.1.2 CFNetwork/897.15 Darwin/17.5.0 (x86_64)"
176.10.55.146 - - [12/Jul/2018:08:50:35 +0200] "GET /apple-touch-icon.png HTTP/1.1" 200 8210 "-" "Safari/13605.1.33.1.2 CFNetwork/897.15 Darwin/17.5.0 (x86_64)"
176.10.55.146 - - [12/Jul/2018:08:50:35 +0200] "GET /favicon.ico HTTP/1.1" 200 8210 "-" "Safari/13605.1.33.1.2 CFNetwork/897.15 Darwin/17.5.0 (x86_64)"
176.10.55.146 - - [12/Jul/2018:08:50:36 +0200] "GET /apple-touch-icon-precomposed.png HTTP/1.1" 200 8210 "-" "Safari/13605.1.33.1.2 CFNetwork/897.15 Darwin/17.5.0 (x86_64)"
176.10.55.146 - - [12/Jul/2018:08:50:36 +0200] "GET /apple-touch-icon.png HTTP/1.1" 200 8210 "-" "Safari/13605.1.33.1.2 CFNetwork/897.15 Darwin/17.5.0 (x86_64)"
176.10.55.146 - - [12/Jul/2018:08:50:36 +0200] "GET /favicon.ico HTTP/1.1" 200 8210 "-" "Safari/13605.1.33.1.2 CFNetwork/897.15 Darwin/17.5.0 (x86_64)"
176.10.55.146 - - [12/Jul/2018:08:50:36 +0200] "GET /exportdokumente/wertgrenzen HTTP/1.1" 200 5733 "-" "\"Mozilla/5.0 (iPhone; CPU iPhone OS 11_0 like Mac OS X) AppleWebKit/604.1.38 (KHTML, like Gecko) Version/11.0 Mobile/15A372 Safari/604.1\""
176.10.55.146 - - [12/Jul/2018:08:50:37 +0200] "GET /apple-touch-icon-precomposed.png HTTP/1.1" 200 8210 "-" "Safari/13605.1.33.1.2 CFNetwork/897.15 Darwin/17.5.0 (x86_64)"
176.10.55.146 - - [12/Jul/2018:08:50:37 +0200] "GET /apple-touch-icon.png HTTP/1.1" 200 8210 "-" "Safari/13605.1.33.1.2 CFNetwork/897.15 Darwin/17.5.0 (x86_64)"
176.10.55.146 - - [12/Jul/2018:08:50:37 +0200] "GET /favicon.ico HTTP/1.1" 200 8210 "-" "Safari/13605.1.33.1.2 CFNetwork/897.15 Darwin/17.5.0 (x86_64)"
176.10.55.146 - - [12/Jul/2018:08:50:37 +0200] "GET /apple-touch-icon-precomposed.png HTTP/1.1" 200 8210 "-" "Safari/13605.1.33.1.2 CFNetwork/897.15 Darwin/17.5.0 (x86_64)"
176.10.55.146 - - [12/Jul/2018:08:50:38 +0200] "GET /apple-touch-icon.png HTTP/1.1" 200 8210 "-" "Safari/13605.1.33.1.2 CFNetwork/897.15 Darwin/17.5.0 (x86_64)"
176.10.55.146 - - [12/Jul/2018:08:50:38 +0200] "GET /favicon.ico HTTP/1.1" 200 8210 "-" "Safari/13605.1.33.1.2 CFNetwork/897.15 Darwin/17.5.0 (x86_64)"
66.249.75.155 - - [12/Jul/2018:08:53:54 +0200] "GET /pdf/Frachtrecht%20HGB.pdf HTTP/1.1" 304 - "-" "Mozilla/5.0 (Linux; Android 6.0.1; Nexus 5X Build/MMB29P) AppleWebKit/537.36 (KHTML, like Gecko) Chrome/41.0.2272.96 Mobile Safari/537.36 (compatible; Googlebot/2.1; +http://www.google.com/bot.html)"
178.137.86.234 - - [12/Jul/2018:08:55:33 +0200] "GET /exportdokumente/drittlandexporte/ HTTP/1.1" 200 7480 "http://metallosajding.ru/" "Opera/7.54 (Windows NT 5.1; U) [pl]"
178.137.86.234 - - [12/Jul/2018:08:55:34 +0200] "GET /exportdokumente/drittlandexporte/ HTTP/1.1" 200 7480 "http://metallosajding.ru/" "Opera/7.54 (Windows NT 5.1; U) [pl]"
178.137.86.234 - - [12/Jul/2018:08:55:34 +0200] "GET /exportdokumente/drittlandexporte/ HTTP/1.1" 200 7480 "http://metallosajding.ru/" "Opera/7.54 (Windows NT 5.1; U) [pl]"
66.249.75.157 - - [12/Jul/2018:08:59:43 +0200] "GET /informationen/faq HTTP/1.1" 200 7235 "-" "Mozilla/5.0 (Linux; Android 6.0.1; Nexus 5X Build/MMB29P) AppleWebKit/537.36 (KHTML, like Gecko) Chrome/41.0.2272.96 Mobile Safari/537.36 (compatible; Googlebot/2.1; +http://www.google.com/bot.html)"
193.109.130.75 - - [12/Jul/2018:09:13:46 +0200] "GET /exportdokumente/drittlandexporte HTTP/1.1" 200 7480 "http://www.google.com/url?sa=t&rct=j&q=&esrc=s&source=web&cd=4&ved=0ahUKEwjR-8usgJncAhVJJlAKHXq1CR0QFghCMAM&url=http%3A%2F%2Fwww.alle-ziele-spedition.de%2Fexportdokumente%2Fdrittlandexporte&usg=AOvVaw3tTRiz72zfgGTEAY7fWSrO" "Mozilla/5.0 (Windows NT 6.1; WOW64; Trident/7.0; rv:11.0) like Gecko"
193.109.130.75 - - [12/Jul/2018:09:13:46 +0200] "GET /css/screen.css HTTP/1.1" 200 13636 "http://www.alle-ziele-spedition.de/exportdokumente/drittlandexporte" "Mozilla/5.0 (Windows NT 6.1; WOW64; Trident/7.0; rv:11.0) like Gecko"
193.109.130.75 - - [12/Jul/2018:09:13:46 +0200] "GET /css/print.css HTTP/1.1" 200 830 "http://www.alle-ziele-spedition.de/exportdokumente/drittlandexporte" "Mozilla/5.0 (Windows NT 6.1; WOW64; Trident/7.0; rv:11.0) like Gecko"
193.109.130.75 - - [12/Jul/2018:09:13:46 +0200] "GET /js/curvycorners.src.js HTTP/1.1" 200 60221 "http://www.alle-ziele-spedition.de/exportdokumente/drittlandexporte" "Mozilla/5.0 (Windows NT 6.1; WOW64; Trident/7.0; rv:11.0) like Gecko"
193.109.130.75 - - [12/Jul/2018:09:13:46 +0200] "GET /img/hg_body.gif HTTP/1.1" 200 1754 "http://www.alle-ziele-spedition.de/exportdokumente/drittlandexporte" "Mozilla/5.0 (Windows NT 6.1; WOW64; Trident/7.0; rv:11.0) like Gecko"
193.109.130.75 - - [12/Jul/2018:09:13:46 +0200] "GET /img/42884495.jpg HTTP/1.1" 200 14885 "http://www.alle-ziele-spedition.de/exportdokumente/drittlandexporte" "Mozilla/5.0 (Windows NT 6.1; WOW64; Trident/7.0; rv:11.0) like Gecko"
193.109.130.75 - - [12/Jul/2018:09:13:46 +0200] "GET /img/customdeclar.jpg HTTP/1.1" 200 6759 "http://www.alle-ziele-spedition.de/exportdokumente/drittlandexporte" "Mozilla/5.0 (Windows NT 6.1; WOW64; Trident/7.0; rv:11.0) like Gecko"
193.109.130.75 - - [12/Jul/2018:09:13:46 +0200] "GET /img/berlin_footer2.gif HTTP/1.1" 200 2795 "http://www.alle-ziele-spedition.de/exportdokumente/drittlandexporte" "Mozilla/5.0 (Windows NT 6.1; WOW64; Trident/7.0; rv:11.0) like Gecko"
193.109.130.75 - - [12/Jul/2018:09:13:46 +0200] "GET /img/40362199.jpg HTTP/1.1" 200 25594 "http://www.alle-ziele-spedition.de/exportdokumente/drittlandexporte" "Mozilla/5.0 (Windows NT 6.1; WOW64; Trident/7.0; rv:11.0) like Gecko"
193.109.130.75 - - [12/Jul/2018:09:13:46 +0200] "GET /img/41954271.jpg HTTP/1.1" 200 20594 "http://www.alle-ziele-spedition.de/exportdokumente/drittlandexporte" "Mozilla/5.0 (Windows NT 6.1; WOW64; Trident/7.0; rv:11.0) like Gecko"
193.109.130.75 - - [12/Jul/2018:09:13:46 +0200] "GET /img/head_hg.jpg HTTP/1.1" 200 18629 "http://www.alle-ziele-spedition.de/exportdokumente/drittlandexporte" "Mozilla/5.0 (Windows NT 6.1; WOW64; Trident/7.0; rv:11.0) like Gecko"
193.109.130.75 - - [12/Jul/2018:09:13:46 +0200] "GET /favicon.ico HTTP/1.1" 200 8210 "-" "Mozilla/5.0 (Windows NT 6.1; WOW64; Trident/7.0; rv:11.0) like Gecko"
185.46.214.56 - - [12/Jul/2018:09:16:37 +0200] "GET /pdf/Frachtrecht%20HGB.pdf HTTP/1.1" 200 19672 "http://www.google.com/url?sa=t&rct=j&q=&esrc=s&source=web&cd=3&ved=0ahUKEwiD9pnygJncAhXGLFAKHdvNBksQFgg1MAI&url=http%3A%2F%2Fwww.alle-ziele-spedition.de%2Fpdf%2FFrachtrecht%2520HGB.pdf&usg=AOvVaw28xaDuxS0QnWNxSm15l6kY" "Mozilla/5.0 (Windows NT 6.1; WOW64; Trident/7.0; rv:11.0) like Gecko"
66.249.75.155 - - [12/Jul/2018:09:34:33 +0200] "GET /exportdokumente HTTP/1.1" 200 3581 "-" "Mozilla/5.0 (Linux; Android 6.0.1; Nexus 5X Build/MMB29P) AppleWebKit/537.36 (KHTML, like Gecko) Chrome/41.0.2272.96 Mobile Safari/537.36 (compatible; Googlebot/2.1; +http://www.google.com/bot.html)"
66.249.75.155 - - [12/Jul/2018:09:34:33 +0200] "GET /robots.txt HTTP/1.1" 200 8210 "-" "Mozilla/5.0 (compatible; Googlebot/2.1; +http://www.google.com/bot.html)"
171.241.207.19 - - [12/Jul/2018:09:47:49 +0200] "GET /img/Multiwheels.jpg HTTP/1.1" 200 394656 "https://www.google.com.vn/" "Mozilla/5.0 (Windows NT 10.0; WOW64) AppleWebKit/537.36 (KHTML, like Gecko) coc_coc_browser/66.4.120 Chrome/60.4.3112.120 Safari/537.36"
165.225.72.212 - - [12/Jul/2018:09:59:25 +0200] "GET /exportdokumente/drittlandexporte HTTP/1.1" 200 7480 "http://www.google.com/url?sa=t&rct=j&q=&esrc=s&source=web&cd=3&ved=0ahUKEwjpxfGJipncAhUKLlAKHZRaDlcQFgg3MAI&url=http%3A%2F%2Fwww.alle-ziele-spedition.de%2Fexportdokumente%2Fdrittlandexporte&usg=AOvVaw3tTRiz72zfgGTEAY7fWSrO" "Mozilla/5.0 (Windows NT 6.1; WOW64; Trident/7.0; rv:11.0) like Gecko"
165.225.72.212 - - [12/Jul/2018:09:59:25 +0200] "GET /css/print.css HTTP/1.1" 200 830 "http://www.alle-ziele-spedition.de/exportdokumente/drittlandexporte" "Mozilla/5.0 (Windows NT 6.1; WOW64; Trident/7.0; rv:11.0) like Gecko"
165.225.72.212 - - [12/Jul/2018:09:59:25 +0200] "GET /css/screen.css HTTP/1.1" 200 13636 "http://www.alle-ziele-spedition.de/exportdokumente/drittlandexporte" "Mozilla/5.0 (Windows NT 6.1; WOW64; Trident/7.0; rv:11.0) like Gecko"
165.225.72.212 - - [12/Jul/2018:09:59:25 +0200] "GET /js/curvycorners.src.js HTTP/1.1" 200 60221 "http://www.alle-ziele-spedition.de/exportdokumente/drittlandexporte" "Mozilla/5.0 (Windows NT 6.1; WOW64; Trident/7.0; rv:11.0) like Gecko"
165.225.72.212 - - [12/Jul/2018:09:59:26 +0200] "GET /img/hg_body.gif HTTP/1.1" 200 1754 "http://www.alle-ziele-spedition.de/exportdokumente/drittlandexporte" "Mozilla/5.0 (Windows NT 6.1; WOW64; Trident/7.0; rv:11.0) like Gecko"
165.225.72.212 - - [12/Jul/2018:09:59:26 +0200] "GET /img/head_hg.jpg HTTP/1.1" 200 18629 "http://www.alle-ziele-spedition.de/exportdokumente/drittlandexporte" "Mozilla/5.0 (Windows NT 6.1; WOW64; Trident/7.0; rv:11.0) like Gecko"
165.225.72.212 - - [12/Jul/2018:09:59:26 +0200] "GET /img/40362199.jpg HTTP/1.1" 200 25594 "http://www.alle-ziele-spedition.de/exportdokumente/drittlandexporte" "Mozilla/5.0 (Windows NT 6.1; WOW64; Trident/7.0; rv:11.0) like Gecko"
165.225.72.212 - - [12/Jul/2018:09:59:26 +0200] "GET /img/berlin_footer2.gif HTTP/1.1" 200 2795 "http://www.alle-ziele-spedition.de/exportdokumente/drittlandexporte" "Mozilla/5.0 (Windows NT 6.1; WOW64; Trident/7.0; rv:11.0) like Gecko"
165.225.72.212 - - [12/Jul/2018:09:59:26 +0200] "GET /img/41954271.jpg HTTP/1.1" 200 20594 "http://www.alle-ziele-spedition.de/exportdokumente/drittlandexporte" "Mozilla/5.0 (Windows NT 6.1; WOW64; Trident/7.0; rv:11.0) like Gecko"
165.225.72.212 - - [12/Jul/2018:09:59:26 +0200] "GET /img/customdeclar.jpg HTTP/1.1" 200 6759 "http://www.alle-ziele-spedition.de/exportdokumente/drittlandexporte" "Mozilla/5.0 (Windows NT 6.1; WOW64; Trident/7.0; rv:11.0) like Gecko"
165.225.72.212 - - [12/Jul/2018:09:59:26 +0200] "GET /img/42884495.jpg HTTP/1.1" 200 14885 "http://www.alle-ziele-spedition.de/exportdokumente/drittlandexporte" "Mozilla/5.0 (Windows NT 6.1; WOW64; Trident/7.0; rv:11.0) like Gecko"
165.225.72.212 - - [12/Jul/2018:09:59:26 +0200] "GET /favicon.ico HTTP/1.1" 200 8210 "-" "Mozilla/5.0 (Windows NT 6.1; Win64; x64; Trident/7.0; rv:11.0) like Gecko"
176.10.55.146 - - [12/Jul/2018:10:03:14 +0200] "GET /exportdokumente/wertgrenzen HTTP/1.1" 200 5733 "-" "Mozilla/5.0 (Macintosh; Intel Mac OS X 10_13_4) AppleWebKit/605.1.15 (KHTML, like Gecko)"
176.10.55.146 - - [12/Jul/2018:10:03:14 +0200] "GET /apple-touch-icon-precomposed.png HTTP/1.1" 200 8210 "-" "Safari/13605.1.33.1.2 CFNetwork/897.15 Darwin/17.5.0 (x86_64)"
176.10.55.146 - - [12/Jul/2018:10:03:14 +0200] "GET /apple-touch-icon.png HTTP/1.1" 200 8210 "-" "Safari/13605.1.33.1.2 CFNetwork/897.15 Darwin/17.5.0 (x86_64)"
176.10.55.146 - - [12/Jul/2018:10:03:15 +0200] "GET /favicon.ico HTTP/1.1" 200 8210 "-" "Safari/13605.1.33.1.2 CFNetwork/897.15 Darwin/17.5.0 (x86_64)"
176.10.55.146 - - [12/Jul/2018:10:03:15 +0200] "GET /apple-touch-icon-precomposed.png HTTP/1.1" 200 8210 "-" "Safari/13605.1.33.1.2 CFNetwork/897.15 Darwin/17.5.0 (x86_64)"
176.10.55.146 - - [12/Jul/2018:10:03:15 +0200] "GET /apple-touch-icon.png HTTP/1.1" 200 8210 "-" "Safari/13605.1.33.1.2 CFNetwork/897.15 Darwin/17.5.0 (x86_64)"
176.10.55.146 - - [12/Jul/2018:10:03:15 +0200] "GET /favicon.ico HTTP/1.1" 200 8210 "-" "Safari/13605.1.33.1.2 CFNetwork/897.15 Darwin/17.5.0 (x86_64)"
176.10.55.146 - - [12/Jul/2018:10:03:15 +0200] "GET /exportdokumente/wertgrenzen HTTP/1.1" 200 5733 "-" "\"Mozilla/5.0 (iPhone; CPU iPhone OS 11_0 like Mac OS X) AppleWebKit/604.1.38 (KHTML, like Gecko) Version/11.0 Mobile/15A372 Safari/604.1\""
176.10.55.146 - - [12/Jul/2018:10:03:16 +0200] "GET /apple-touch-icon-precomposed.png HTTP/1.1" 200 8210 "-" "Safari/13605.1.33.1.2 CFNetwork/897.15 Darwin/17.5.0 (x86_64)"
176.10.55.146 - - [12/Jul/2018:10:03:16 +0200] "GET /apple-touch-icon.png HTTP/1.1" 200 8210 "-" "Safari/13605.1.33.1.2 CFNetwork/897.15 Darwin/17.5.0 (x86_64)"
176.10.55.146 - - [12/Jul/2018:10:03:17 +0200] "GET /favicon.ico HTTP/1.1" 200 8210 "-" "Safari/13605.1.33.1.2 CFNetwork/897.15 Darwin/17.5.0 (x86_64)"
176.10.55.146 - - [12/Jul/2018:10:03:17 +0200] "GET /apple-touch-icon-precomposed.png HTTP/1.1" 200 8210 "-" "Safari/13605.1.33.1.2 CFNetwork/897.15 Darwin/17.5.0 (x86_64)"
176.10.55.146 - - [12/Jul/2018:10:03:18 +0200] "GET /apple-touch-icon.png HTTP/1.1" 200 8210 "-" "Safari/13605.1.33.1.2 CFNetwork/897.15 Darwin/17.5.0 (x86_64)"
176.10.55.146 - - [12/Jul/2018:10:03:18 +0200] "GET /favicon.ico HTTP/1.1" 200 8210 "-" "Safari/13605.1.33.1.2 CFNetwork/897.15 Darwin/17.5.0 (x86_64)"
87.128.9.210 - - [12/Jul/2018:10:11:24 +0200] "GET /favicon.ico HTTP/1.1" 200 8210 "-" "Mozilla/5.0 (Windows NT 6.1; Win64; x64; rv:61.0) Gecko/20100101 Firefox/61.0"
66.249.75.157 - - [12/Jul/2018:10:15:12 +0200] "GET /informationen/spediteur HTTP/1.1" 200 111924 "-" "Mozilla/5.0 (Linux; Android 6.0.1; Nexus 5X Build/MMB29P) AppleWebKit/537.36 (KHTML, like Gecko) Chrome/41.0.2272.96 Mobile Safari/537.36 (compatible; Googlebot/2.1; +http://www.google.com/bot.html)"
37.229.254.233 - - [12/Jul/2018:10:15:25 +0200] "GET /exportdokumente/drittlandexporte/ HTTP/1.1" 200 7480 "https://ww2awards.info/" "Mozilla/4.0 (compatible; MSIE 6.0; Windows NT 5.0; APC; .NET CLR 1.0.3705; .NET CLR 1.1.4322; .NET CLR 2.0.50215; InfoPath.1)"
37.229.254.233 - - [12/Jul/2018:10:15:27 +0200] "GET /exportdokumente/drittlandexporte/ HTTP/1.1" 200 7480 "https://ww2awards.info/" "Mozilla/4.0 (compatible; MSIE 6.0; Windows NT 5.0; APC; .NET CLR 1.0.3705; .NET CLR 1.1.4322; .NET CLR 2.0.50215; InfoPath.1)"
37.229.254.233 - - [12/Jul/2018:10:15:28 +0200] "GET /exportdokumente/drittlandexporte/ HTTP/1.1" 200 7480 "https://ww2awards.info/" "Mozilla/4.0 (compatible; MSIE 6.0; Windows NT 5.0; APC; .NET CLR 1.0.3705; .NET CLR 1.1.4322; .NET CLR 2.0.50215; InfoPath.1)"
66.249.75.157 - - [12/Jul/2018:10:15:33 +0200] "GET /css/print.css HTTP/1.1" 200 830 "http://www.alle-ziele-spedition.de/informationen/spediteur" "Mozilla/5.0 (Linux; Android 6.0.1; Nexus 5X Build/MMB29P) AppleWebKit/537.36 (KHTML, like Gecko) Chrome/41.0.2272.96 Mobile Safari/537.36 (compatible; Googlebot/2.1; +http://www.google.com/bot.html)"
66.249.75.157 - - [12/Jul/2018:10:21:02 +0200] "GET /impressum HTTP/1.1" 200 4964 "-" "Mozilla/5.0 (Linux; Android 6.0.1; Nexus 5X Build/MMB29P) AppleWebKit/537.36 (KHTML, like Gecko) Chrome/41.0.2272.96 Mobile Safari/537.36 (compatible; Googlebot/2.1; +http://www.google.com/bot.html)"
66.249.75.159 - - [12/Jul/2018:10:32:38 +0200] "GET /doc/Frachtrecht%20HGB.doc HTTP/1.1" 304 - "-" "Mozilla/5.0 (Linux; Android 6.0.1; Nexus 5X Build/MMB29P) AppleWebKit/537.36 (KHTML, like Gecko) Chrome/41.0.2272.96 Mobile Safari/537.36 (compatible; Googlebot/2.1; +http://www.google.com/bot.html)"
66.249.75.157 - - [12/Jul/2018:10:38:26 +0200] "GET /robots.txt HTTP/1.1" 200 8210 "-" "Mozilla/5.0 (compatible; Googlebot/2.1; +http://www.google.com/bot.html)"
66.249.75.155 - - [12/Jul/2018:10:38:26 +0200] "GET /exportdokumente/drittlandexporte HTTP/1.1" 200 7480 "-" "Mozilla/5.0 (Linux; Android 6.0.1; Nexus 5X Build/MMB29P) AppleWebKit/537.36 (KHTML, like Gecko) Chrome/41.0.2272.96 Mobile Safari/537.36 (compatible; Googlebot/2.1; +http://www.google.com/bot.html)"
176.10.55.146 - - [12/Jul/2018:10:40:40 +0200] "GET /exportdokumente/wertgrenzen HTTP/1.1" 200 5733 "-" "Mozilla/5.0 (iPhone; CPU iPhone OS 11_4 like Mac OS X) AppleWebKit/605.1.15 (KHTML, like Gecko) Version/11.0 Mobile/15E148 Safari/604.1"
176.10.55.146 - - [12/Jul/2018:10:40:40 +0200] "GET /apple-touch-icon-120x120-precomposed.png HTTP/1.1" 200 8210 "-" "MobileSafari/604.1 CFNetwork/901.1 Darwin/17.6.0"
176.10.55.146 - - [12/Jul/2018:10:40:40 +0200] "GET /apple-touch-icon-120x120.png HTTP/1.1" 200 8210 "-" "MobileSafari/604.1 CFNetwork/901.1 Darwin/17.6.0"
176.10.55.146 - - [12/Jul/2018:10:40:41 +0200] "GET /apple-touch-icon-precomposed.png HTTP/1.1" 200 8210 "-" "MobileSafari/604.1 CFNetwork/901.1 Darwin/17.6.0"
176.10.55.146 - - [12/Jul/2018:10:40:41 +0200] "GET /apple-touch-icon.png HTTP/1.1" 200 8210 "-" "MobileSafari/604.1 CFNetwork/901.1 Darwin/17.6.0"
176.10.55.146 - - [12/Jul/2018:10:40:41 +0200] "GET /favicon.ico HTTP/1.1" 200 8210 "-" "MobileSafari/604.1 CFNetwork/901.1 Darwin/17.6.0"
176.10.55.146 - - [12/Jul/2018:10:40:41 +0200] "GET /apple-touch-icon-120x120-precomposed.png HTTP/1.1" 200 8210 "-" "MobileSafari/604.1 CFNetwork/901.1 Darwin/17.6.0"
176.10.55.146 - - [12/Jul/2018:10:40:41 +0200] "GET /apple-touch-icon-120x120.png HTTP/1.1" 200 8210 "-" "MobileSafari/604.1 CFNetwork/901.1 Darwin/17.6.0"
176.10.55.146 - - [12/Jul/2018:10:40:42 +0200] "GET /apple-touch-icon-precomposed.png HTTP/1.1" 200 8210 "-" "MobileSafari/604.1 CFNetwork/901.1 Darwin/17.6.0"
176.10.55.146 - - [12/Jul/2018:10:40:42 +0200] "GET /apple-touch-icon.png HTTP/1.1" 200 8210 "-" "MobileSafari/604.1 CFNetwork/901.1 Darwin/17.6.0"
176.10.55.146 - - [12/Jul/2018:10:40:42 +0200] "GET /favicon.ico HTTP/1.1" 200 8210 "-" "MobileSafari/604.1 CFNetwork/901.1 Darwin/17.6.0"
212.38.5.49 - - [12/Jul/2018:10:51:20 +0200] "GET /pdf/Frachtrecht%20HGB.pdf HTTP/1.1" 200 19672 "https://www.google.de/" "Mozilla/5.0 (Windows NT 10.0; Win64; x64) AppleWebKit/537.36 (KHTML, like Gecko) Chrome/58.0.3029.110 Safari/537.36 Edge/16.16299"
212.38.5.49 - - [12/Jul/2018:10:51:20 +0200] "GET /pdf/Frachtrecht%20HGB.pdf HTTP/1.1" 206 19672 "http://www.alle-ziele-spedition.de/pdf/Frachtrecht%20HGB.pdf" "Mozilla/5.0 (Windows NT 10.0; Win64; x64) AppleWebKit/537.36 (KHTML, like Gecko) Chrome/58.0.3029.110 Safari/537.36 Edge/16.16299"
37.229.254.170 - - [12/Jul/2018:10:52:10 +0200] "GET /exportdokumente/drittlandexporte/ HTTP/1.1" 200 7480 "https://dawlenie.com/" "Mozilla/4.0 (compatible; MSIE 6.0; Windows NT 5.1)"
54.166.184.127 - - [12/Jul/2018:11:03:59 +0200] "GET / HTTP/1.1" 200 3316 "-" "Mozilla/4.0 (compatible; MSIE 8.0; Windows NT 5.1; Trident/4.0)"
212.7.174.218 - - [12/Jul/2018:11:09:07 +0200] "GET /pdf/Frachtrecht%20HGB.pdf HTTP/1.1" 200 19672 "http://www.google.de/url?sa=t&rct=j&q=&esrc=s&source=web&cd=1&ved=0ahUKEwjn8oftmZncAhWRZVAKHSYLC2MQFggqMAA&url=http%3A%2F%2Fwww.alle-ziele-spedition.de%2Fpdf%2FFrachtrecht%2520HGB.pdf&usg=AOvVaw28xaDuxS0QnWNxSm15l6kY" "Mozilla/5.0 (Windows NT 10.0; WOW64; Trident/7.0; rv:11.0) like Gecko"
109.192.183.244 - - [12/Jul/2018:11:12:18 +0200] "GET /pdf/Frachtrecht%20HGB.pdf HTTP/1.1" 200 19672 "https://www.google.de/" "Mozilla/5.0 (Windows NT 6.1; Win64; x64) AppleWebKit/537.36 (KHTML, like Gecko) Chrome/67.0.3396.99 Safari/537.36"
109.192.183.244 - - [12/Jul/2018:11:12:19 +0200] "GET /favicon.ico HTTP/1.1" 200 8210 "http://www.alle-ziele-spedition.de/pdf/Frachtrecht%20HGB.pdf" "Mozilla/5.0 (Windows NT 6.1; Win64; x64) AppleWebKit/537.36 (KHTML, like Gecko) Chrome/67.0.3396.99 Safari/537.36"
95.160.183.36 - - [12/Jul/2018:11:17:47 +0200] "GET / HTTP/1.1" 200 3316 "-" "Mozilla/5.0 (Windows NT 10.0; Win64; x64) AppleWebKit/537.36 (KHTML, like Gecko) Chrome/67.0.3396.99 Safari/537.36"
95.160.183.36 - - [12/Jul/2018:11:17:47 +0200] "GET /css/screen.css HTTP/1.1" 200 13636 "http://www.alle-ziele-spedition.de/" "Mozilla/5.0 (Windows NT 10.0; Win64; x64) AppleWebKit/537.36 (KHTML, like Gecko) Chrome/67.0.3396.99 Safari/537.36"
95.160.183.36 - - [12/Jul/2018:11:17:47 +0200] "GET /css/print.css HTTP/1.1" 200 830 "http://www.alle-ziele-spedition.de/" "Mozilla/5.0 (Windows NT 10.0; Win64; x64) AppleWebKit/537.36 (KHTML, like Gecko) Chrome/67.0.3396.99 Safari/537.36"
95.160.183.36 - - [12/Jul/2018:11:17:47 +0200] "GET /js/curvycorners.src.js HTTP/1.1" 200 60221 "http://www.alle-ziele-spedition.de/" "Mozilla/5.0 (Windows NT 10.0; Win64; x64) AppleWebKit/537.36 (KHTML, like Gecko) Chrome/67.0.3396.99 Safari/537.36"
95.160.183.36 - - [12/Jul/2018:11:17:47 +0200] "GET /img/globus_finger.jpg HTTP/1.1" 200 8787 "http://www.alle-ziele-spedition.de/css/screen.css" "Mozilla/5.0 (Windows NT 10.0; Win64; x64) AppleWebKit/537.36 (KHTML, like Gecko) Chrome/67.0.3396.99 Safari/537.36"
95.160.183.36 - - [12/Jul/2018:11:17:47 +0200] "GET /img/14351312.jpg HTTP/1.1" 200 16335 "http://www.alle-ziele-spedition.de/css/screen.css" "Mozilla/5.0 (Windows NT 10.0; Win64; x64) AppleWebKit/537.36 (KHTML, like Gecko) Chrome/67.0.3396.99 Safari/537.36"
95.160.183.36 - - [12/Jul/2018:11:17:47 +0200] "GET /img/hg_body.gif HTTP/1.1" 200 1754 "http://www.alle-ziele-spedition.de/css/screen.css" "Mozilla/5.0 (Windows NT 10.0; Win64; x64) AppleWebKit/537.36 (KHTML, like Gecko) Chrome/67.0.3396.99 Safari/537.36"
95.160.183.36 - - [12/Jul/2018:11:17:47 +0200] "GET /img/9606427.jpg HTTP/1.1" 200 21711 "http://www.alle-ziele-spedition.de/css/screen.css" "Mozilla/5.0 (Windows NT 10.0; Win64; x64) AppleWebKit/537.36 (KHTML, like Gecko) Chrome/67.0.3396.99 Safari/537.36"
95.160.183.36 - - [12/Jul/2018:11:17:47 +0200] "GET /img/52814.jpg HTTP/1.1" 200 14378 "http://www.alle-ziele-spedition.de/css/screen.css" "Mozilla/5.0 (Windows NT 10.0; Win64; x64) AppleWebKit/537.36 (KHTML, like Gecko) Chrome/67.0.3396.99 Safari/537.36"
95.160.183.36 - - [12/Jul/2018:11:17:47 +0200] "GET /img/7183587b.jpg HTTP/1.1" 200 12190 "http://www.alle-ziele-spedition.de/css/screen.css" "Mozilla/5.0 (Windows NT 10.0; Win64; x64) AppleWebKit/537.36 (KHTML, like Gecko) Chrome/67.0.3396.99 Safari/537.36"
95.160.183.36 - - [12/Jul/2018:11:17:47 +0200] "GET /img/head_hg.jpg HTTP/1.1" 200 18629 "http://www.alle-ziele-spedition.de/css/screen.css" "Mozilla/5.0 (Windows NT 10.0; Win64; x64) AppleWebKit/537.36 (KHTML, like Gecko) Chrome/67.0.3396.99 Safari/537.36"
95.160.183.36 - - [12/Jul/2018:11:17:47 +0200] "GET /img/berlin_footer2.gif HTTP/1.1" 200 2795 "http://www.alle-ziele-spedition.de/css/screen.css" "Mozilla/5.0 (Windows NT 10.0; Win64; x64) AppleWebKit/537.36 (KHTML, like Gecko) Chrome/67.0.3396.99 Safari/537.36"
95.160.183.36 - - [12/Jul/2018:11:17:47 +0200] "GET /img/857034.jpg HTTP/1.1" 200 14613 "http://www.alle-ziele-spedition.de/css/screen.css" "Mozilla/5.0 (Windows NT 10.0; Win64; x64) AppleWebKit/537.36 (KHTML, like Gecko) Chrome/67.0.3396.99 Safari/537.36"
95.160.183.36 - - [12/Jul/2018:11:17:48 +0200] "GET /favicon.ico HTTP/1.1" 200 8210 "http://www.alle-ziele-spedition.de/" "Mozilla/5.0 (Windows NT 10.0; Win64; x64) AppleWebKit/537.36 (KHTML, like Gecko) Chrome/67.0.3396.99 Safari/537.36"
95.160.183.36 - - [12/Jul/2018:11:17:51 +0200] "GET /geschaeftskunden HTTP/1.1" 200 4078 "http://www.alle-ziele-spedition.de/" "Mozilla/5.0 (Windows NT 10.0; Win64; x64) AppleWebKit/537.36 (KHTML, like Gecko) Chrome/67.0.3396.99 Safari/537.36"
95.160.183.36 - - [12/Jul/2018:11:17:51 +0200] "GET /favicon.ico HTTP/1.1" 200 8210 "http://www.alle-ziele-spedition.de/geschaeftskunden" "Mozilla/5.0 (Windows NT 10.0; Win64; x64) AppleWebKit/537.36 (KHTML, like Gecko) Chrome/67.0.3396.99 Safari/537.36"
95.160.183.36 - - [12/Jul/2018:11:17:53 +0200] "GET /exportdokumente HTTP/1.1" 200 3581 "http://www.alle-ziele-spedition.de/geschaeftskunden" "Mozilla/5.0 (Windows NT 10.0; Win64; x64) AppleWebKit/537.36 (KHTML, like Gecko) Chrome/67.0.3396.99 Safari/537.36"
95.160.183.36 - - [12/Jul/2018:11:17:53 +0200] "GET /img/customdeclar.jpg HTTP/1.1" 200 6759 "http://www.alle-ziele-spedition.de/css/screen.css" "Mozilla/5.0 (Windows NT 10.0; Win64; x64) AppleWebKit/537.36 (KHTML, like Gecko) Chrome/67.0.3396.99 Safari/537.36"
95.160.183.36 - - [12/Jul/2018:11:17:53 +0200] "GET /img/42884495.jpg HTTP/1.1" 200 14885 "http://www.alle-ziele-spedition.de/css/screen.css" "Mozilla/5.0 (Windows NT 10.0; Win64; x64) AppleWebKit/537.36 (KHTML, like Gecko) Chrome/67.0.3396.99 Safari/537.36"
95.160.183.36 - - [12/Jul/2018:11:17:53 +0200] "GET /img/40362199.jpg HTTP/1.1" 200 25594 "http://www.alle-ziele-spedition.de/css/screen.css" "Mozilla/5.0 (Windows NT 10.0; Win64; x64) AppleWebKit/537.36 (KHTML, like Gecko) Chrome/67.0.3396.99 Safari/537.36"
