66.249.75.159 - - [12/Jul/2018:16:52:59 +0200] "GET /exportdokumente/drittlandexporte HTTP/1.1" 200 7480 "-" "Mozilla/5.0 (Linux; Android 6.0.1; Nexus 5X Build/MMB29P) AppleWebKit/537.36 (KHTML, like Gecko) Chrome/41.0.2272.96 Mobile Safari/537.36 (compatible; Googlebot/2.1; +http://www.google.com/bot.html)"
173.205.33.17 - - [12/Jul/2018:16:58:56 +0200] "GET / HTTP/1.1" 200 3316 "-" "Mozilla/5.0 (Windows NT 6.1; WOW64; Trident/7.0; rv:11.0) like Gecko"
77.67.54.4 - - [12/Jul/2018:16:58:57 +0200] "GET / HTTP/1.1" 200 3316 "-" "Mozilla/5.0 (Windows NT 6.1; WOW64; Trident/7.0; rv:11.0) like Gecko"
95.90.193.172 - - [12/Jul/2018:17:01:17 +0200] "GET /exportdokumente/drittlandexporte HTTP/1.1" 200 7480 "https://www.google.de/" "Mozilla/5.0 (Windows NT 6.1; Win64; x64; rv:61.0) Gecko/20100101 Firefox/61.0"
95.90.193.172 - - [12/Jul/2018:17:01:17 +0200] "GET /css/print.css HTTP/1.1" 200 830 "http://www.alle-ziele-spedition.de/exportdokumente/drittlandexporte" "Mozilla/5.0 (Windows NT 6.1; Win64; x64; rv:61.0) Gecko/20100101 Firefox/61.0"
95.90.193.172 - - [12/Jul/2018:17:01:17 +0200] "GET /css/screen.css HTTP/1.1" 200 13636 "http://www.alle-ziele-spedition.de/exportdokumente/drittlandexporte" "Mozilla/5.0 (Windows NT 6.1; Win64; x64; rv:61.0) Gecko/20100101 Firefox/61.0"
95.90.193.172 - - [12/Jul/2018:17:01:17 +0200] "GET /js/curvycorners.src.js HTTP/1.1" 200 60221 "http://www.alle-ziele-spedition.de/exportdokumente/drittlandexporte" "Mozilla/5.0 (Windows NT 6.1; Win64; x64; rv:61.0) Gecko/20100101 Firefox/61.0"
95.90.193.172 - - [12/Jul/2018:17:01:18 +0200] "GET /img/hg_body.gif HTTP/1.1" 200 1754 "http://www.alle-ziele-spedition.de/css/screen.css" "Mozilla/5.0 (Windows NT 6.1; Win64; x64; rv:61.0) Gecko/20100101 Firefox/61.0"
95.90.193.172 - - [12/Jul/2018:17:01:18 +0200] "GET /img/head_hg.jpg HTTP/1.1" 200 18629 "http://www.alle-ziele-spedition.de/css/screen.css" "Mozilla/5.0 (Windows NT 6.1; Win64; x64; rv:61.0) Gecko/20100101 Firefox/61.0"
95.90.193.172 - - [12/Jul/2018:17:01:18 +0200] "GET /img/41954271.jpg HTTP/1.1" 200 20594 "http://www.alle-ziele-spedition.de/css/screen.css" "Mozilla/5.0 (Windows NT 6.1; Win64; x64; rv:61.0) Gecko/20100101 Firefox/61.0"
95.90.193.172 - - [12/Jul/2018:17:01:18 +0200] "GET /img/40362199.jpg HTTP/1.1" 200 25594 "http://www.alle-ziele-spedition.de/css/screen.css" "Mozilla/5.0 (Windows NT 6.1; Win64; x64; rv:61.0) Gecko/20100101 Firefox/61.0"
95.90.193.172 - - [12/Jul/2018:17:01:18 +0200] "GET /img/42884495.jpg HTTP/1.1" 200 14885 "http://www.alle-ziele-spedition.de/css/screen.css" "Mozilla/5.0 (Windows NT 6.1; Win64; x64; rv:61.0) Gecko/20100101 Firefox/61.0"
95.90.193.172 - - [12/Jul/2018:17:01:18 +0200] "GET /img/berlin_footer2.gif HTTP/1.1" 200 2795 "http://www.alle-ziele-spedition.de/css/screen.css" "Mozilla/5.0 (Windows NT 6.1; Win64; x64; rv:61.0) Gecko/20100101 Firefox/61.0"
95.90.193.172 - - [12/Jul/2018:17:01:18 +0200] "GET /img/customdeclar.jpg HTTP/1.1" 200 6759 "http://www.alle-ziele-spedition.de/css/screen.css" "Mozilla/5.0 (Windows NT 6.1; Win64; x64; rv:61.0) Gecko/20100101 Firefox/61.0"
95.90.193.172 - - [12/Jul/2018:17:01:18 +0200] "GET /favicon.ico HTTP/1.1" 200 8210 "-" "Mozilla/5.0 (Windows NT 6.1; Win64; x64; rv:61.0) Gecko/20100101 Firefox/61.0"
95.90.193.172 - - [12/Jul/2018:17:01:18 +0200] "GET /favicon.ico HTTP/1.1" 200 8210 "-" "Mozilla/5.0 (Windows NT 6.1; Win64; x64; rv:61.0) Gecko/20100101 Firefox/61.0"
66.249.75.155 - - [12/Jul/2018:17:02:59 +0200] "GET /impressum HTTP/1.1" 200 4964 "-" "Mozilla/5.0 (Linux; Android 6.0.1; Nexus 5X Build/MMB29P) AppleWebKit/537.36 (KHTML, like Gecko) Chrome/41.0.2272.96 Mobile Safari/537.36 (compatible; Googlebot/2.1; +http://www.google.com/bot.html)"
66.249.75.155 - - [12/Jul/2018:17:02:59 +0200] "GET /robots.txt HTTP/1.1" 200 8210 "-" "Mozilla/5.0 (compatible; Googlebot/2.1; +http://www.google.com/bot.html)"
66.249.75.157 - - [12/Jul/2018:17:03:26 +0200] "GET /css/screen.css HTTP/1.1" 200 13636 "http://www.alle-ziele-spedition.de/impressum" "Mozilla/5.0 (Linux; Android 6.0.1; Nexus 5X Build/MMB29P) AppleWebKit/537.36 (KHTML, like Gecko) Chrome/41.0.2272.96 Mobile Safari/537.36 (compatible; Googlebot/2.1; +http://www.google.com/bot.html)"
217.5.177.42 - - [12/Jul/2018:17:14:44 +0200] "GET /pdf/Frachtrecht%20HGB.pdf HTTP/1.1" 200 19672 "https://www.google.com/" "Mozilla/5.0 (Windows NT 6.1; Win64; x64; rv:61.0) Gecko/20100101 Firefox/61.0"
217.5.177.42 - - [12/Jul/2018:17:14:46 +0200] "GET /favicon.ico HTTP/1.1" 200 8210 "-" "Mozilla/5.0 (Windows NT 6.1; Win64; x64; rv:61.0) Gecko/20100101 Firefox/61.0"
217.5.177.42 - - [12/Jul/2018:17:14:46 +0200] "GET /favicon.ico HTTP/1.1" 200 8210 "-" "Mozilla/5.0 (Windows NT 6.1; Win64; x64; rv:61.0) Gecko/20100101 Firefox/61.0"
217.5.177.42 - - [12/Jul/2018:17:14:47 +0200] "GET /pdf/Frachtrecht%20HGB.pdf HTTP/1.1" 206 19672 "https://www.google.com/" "Mozilla/5.0 (Windows NT 6.1; Win64; x64; rv:61.0) Gecko/20100101 Firefox/61.0"
54.245.27.119 - - [12/Jul/2018:17:15:46 +0200] "GET /pdf/Frachtrecht%20HGB.pdf HTTP/1.1" 200 19672 "-" "Mozilla/4.0 (compatible; MSIE 8.0; Windows NT 5.1; Trident/4.0)"
35.195.177.183 - - [12/Jul/2018:17:22:26 +0200] "HEAD / HTTP/1.1" 200 - "-" "-"
35.195.177.183 - - [12/Jul/2018:17:22:26 +0200] "GET / HTTP/1.1" 200 3316 "-" "-"
66.249.75.157 - - [12/Jul/2018:17:22:59 +0200] "GET /doc/Frachtrecht%20HGB.doc HTTP/1.1" 304 - "-" "Mozilla/5.0 (Linux; Android 6.0.1; Nexus 5X Build/MMB29P) AppleWebKit/537.36 (KHTML, like Gecko) Chrome/41.0.2272.96 Mobile Safari/537.36 (compatible; Googlebot/2.1; +http://www.google.com/bot.html)"
66.249.75.159 - - [12/Jul/2018:17:52:59 +0200] "GET /exportdokumente/wertgrenzen HTTP/1.1" 200 5733 "-" "Mozilla/5.0 (Linux; Android 6.0.1; Nexus 5X Build/MMB29P) AppleWebKit/537.36 (KHTML, like Gecko) Chrome/41.0.2272.96 Mobile Safari/537.36 (compatible; Googlebot/2.1; +http://www.google.com/bot.html)"
66.249.75.157 - - [12/Jul/2018:17:53:02 +0200] "GET /css/screen.css HTTP/1.1" 200 13636 "http://www.alle-ziele-spedition.de/exportdokumente/wertgrenzen" "Mozilla/5.0 (Linux; Android 6.0.1; Nexus 5X Build/MMB29P) AppleWebKit/537.36 (KHTML, like Gecko) Chrome/41.0.2272.96 Mobile Safari/537.36 (compatible; Googlebot/2.1; +http://www.google.com/bot.html)"
195.243.243.36 - - [12/Jul/2018:17:57:50 +0200] "GET /pdf/Frachtrecht%20HGB.pdf HTTP/1.1" 200 19672 "-" "Mozilla/5.0 (Windows NT 10.0; Win64; x64) AppleWebKit/537.36 (KHTML, like Gecko) Chrome/67.0.3396.99 Safari/537.36"
195.243.243.36 - - [12/Jul/2018:17:57:51 +0200] "GET /favicon.ico HTTP/1.1" 200 8210 "http://www.alle-ziele-spedition.de/pdf/Frachtrecht%20HGB.pdf" "Mozilla/5.0 (Windows NT 10.0; Win64; x64) AppleWebKit/537.36 (KHTML, like Gecko) Chrome/67.0.3396.99 Safari/537.36"
66.249.75.159 - - [12/Jul/2018:18:12:59 +0200] "GET /robots.txt HTTP/1.1" 200 8210 "-" "Mozilla/5.0 (compatible; Googlebot/2.1; +http://www.google.com/bot.html)"
66.249.75.155 - - [12/Jul/2018:18:13:00 +0200] "GET /informationen/spediteur HTTP/1.1" 200 111924 "-" "Mozilla/5.0 (Linux; Android 6.0.1; Nexus 5X Build/MMB29P) AppleWebKit/537.36 (KHTML, like Gecko) Chrome/41.0.2272.96 Mobile Safari/537.36 (compatible; Googlebot/2.1; +http://www.google.com/bot.html)"
176.10.55.146 - - [12/Jul/2018:18:17:16 +0200] "GET /exportdokumente/wertgrenzen HTTP/1.1" 200 5733 "-" "Mozilla/5.0 (iPhone; CPU iPhone OS 11_4 like Mac OS X) AppleWebKit/605.1.15 (KHTML, like Gecko) Version/11.0 Mobile/15E148 Safari/604.1"
176.10.55.146 - - [12/Jul/2018:18:17:16 +0200] "GET /apple-touch-icon-120x120-precomposed.png HTTP/1.1" 200 8210 "-" "MobileSafari/604.1 CFNetwork/901.1 Darwin/17.6.0"
176.10.55.146 - - [12/Jul/2018:18:17:17 +0200] "GET /apple-touch-icon-120x120.png HTTP/1.1" 200 8210 "-" "MobileSafari/604.1 CFNetwork/901.1 Darwin/17.6.0"
176.10.55.146 - - [12/Jul/2018:18:17:17 +0200] "GET /apple-touch-icon-precomposed.png HTTP/1.1" 200 8210 "-" "MobileSafari/604.1 CFNetwork/901.1 Darwin/17.6.0"
176.10.55.146 - - [12/Jul/2018:18:17:17 +0200] "GET /apple-touch-icon.png HTTP/1.1" 200 8210 "-" "MobileSafari/604.1 CFNetwork/901.1 Darwin/17.6.0"
176.10.55.146 - - [12/Jul/2018:18:17:18 +0200] "GET /favicon.ico HTTP/1.1" 200 8210 "-" "MobileSafari/604.1 CFNetwork/901.1 Darwin/17.6.0"
176.10.55.146 - - [12/Jul/2018:18:17:18 +0200] "GET /apple-touch-icon-120x120-precomposed.png HTTP/1.1" 200 8210 "-" "MobileSafari/604.1 CFNetwork/901.1 Darwin/17.6.0"
176.10.55.146 - - [12/Jul/2018:18:17:18 +0200] "GET /apple-touch-icon-120x120.png HTTP/1.1" 200 8210 "-" "MobileSafari/604.1 CFNetwork/901.1 Darwin/17.6.0"
176.10.55.146 - - [12/Jul/2018:18:17:18 +0200] "GET /apple-touch-icon-precomposed.png HTTP/1.1" 200 8210 "-" "MobileSafari/604.1 CFNetwork/901.1 Darwin/17.6.0"
176.10.55.146 - - [12/Jul/2018:18:17:18 +0200] "GET /apple-touch-icon.png HTTP/1.1" 200 8210 "-" "MobileSafari/604.1 CFNetwork/901.1 Darwin/17.6.0"
176.10.55.146 - - [12/Jul/2018:18:17:19 +0200] "GET /favicon.ico HTTP/1.1" 200 8210 "-" "MobileSafari/604.1 CFNetwork/901.1 Darwin/17.6.0"
144.76.162.206 - - [12/Jul/2018:18:45:32 +0200] "GET / HTTP/1.1" 200 3316 "-" "Mozilla/5.0 (Windows NT 10.0; Win64; x64) AppleWebKit/537.36 (KHTML, like Gecko) Chrome/58.0.3029.110 Safari/537.36 Edge/16.16299"
178.137.160.220 - - [12/Jul/2018:18:52:10 +0200] "GET /exportdokumente/drittlandexporte/ HTTP/1.1" 200 7480 "http://xn----8sblgmbj1a1bk8l.xn----161-4vemb6cjl7anbaea3afninj.xn--p1ai/" "Mozilla/4.0 (compatible; MSIE 6.0; Windows NT 5.1; SV1; .NET CLR 1.1.4322) NS8/0.9.6"
178.137.160.220 - - [12/Jul/2018:18:52:12 +0200] "GET /exportdokumente/drittlandexporte/ HTTP/1.1" 200 7480 "http://xn----8sblgmbj1a1bk8l.xn----161-4vemb6cjl7anbaea3afninj.xn--p1ai/" "Mozilla/4.0 (compatible; MSIE 6.0; Windows NT 5.1; SV1; .NET CLR 1.1.4322) NS8/0.9.6"
66.249.75.159 - - [12/Jul/2018:19:43:00 +0200] "GET /robots.txt HTTP/1.1" 200 8210 "-" "Mozilla/5.0 (compatible; Googlebot/2.1; +http://www.google.com/bot.html)"
66.249.75.155 - - [12/Jul/2018:19:43:01 +0200] "GET /exportdokumente/drittlandexporte HTTP/1.1" 200 7480 "-" "Mozilla/5.0 (Linux; Android 6.0.1; Nexus 5X Build/MMB29P) AppleWebKit/537.36 (KHTML, like Gecko) Chrome/41.0.2272.96 Mobile Safari/537.36 (compatible; Googlebot/2.1; +http://www.google.com/bot.html)"
176.10.55.146 - - [12/Jul/2018:19:50:15 +0200] "GET /exportdokumente/wertgrenzen HTTP/1.1" 200 5733 "-" "Mozilla/5.0 (Macintosh; Intel Mac OS X 10_13_4) AppleWebKit/605.1.15 (KHTML, like Gecko)"
176.10.55.146 - - [12/Jul/2018:19:50:15 +0200] "GET /apple-touch-icon-precomposed.png HTTP/1.1" 200 8210 "-" "Safari/13605.1.33.1.2 CFNetwork/897.15 Darwin/17.5.0 (x86_64)"
176.10.55.146 - - [12/Jul/2018:19:50:16 +0200] "GET /apple-touch-icon.png HTTP/1.1" 200 8210 "-" "Safari/13605.1.33.1.2 CFNetwork/897.15 Darwin/17.5.0 (x86_64)"
176.10.55.146 - - [12/Jul/2018:19:50:16 +0200] "GET /favicon.ico HTTP/1.1" 200 8210 "-" "Safari/13605.1.33.1.2 CFNetwork/897.15 Darwin/17.5.0 (x86_64)"
176.10.55.146 - - [12/Jul/2018:19:50:16 +0200] "GET /apple-touch-icon-precomposed.png HTTP/1.1" 200 8210 "-" "Safari/13605.1.33.1.2 CFNetwork/897.15 Darwin/17.5.0 (x86_64)"
176.10.55.146 - - [12/Jul/2018:19:50:17 +0200] "GET /apple-touch-icon.png HTTP/1.1" 200 8210 "-" "Safari/13605.1.33.1.2 CFNetwork/897.15 Darwin/17.5.0 (x86_64)"
176.10.55.146 - - [12/Jul/2018:19:50:17 +0200] "GET /favicon.ico HTTP/1.1" 200 8210 "-" "Safari/13605.1.33.1.2 CFNetwork/897.15 Darwin/17.5.0 (x86_64)"
176.10.55.146 - - [12/Jul/2018:19:50:17 +0200] "GET /exportdokumente/wertgrenzen HTTP/1.1" 200 5733 "-" "\"Mozilla/5.0 (iPhone; CPU iPhone OS 11_0 like Mac OS X) AppleWebKit/604.1.38 (KHTML, like Gecko) Version/11.0 Mobile/15A372 Safari/604.1\""
176.10.55.146 - - [12/Jul/2018:19:50:18 +0200] "GET /apple-touch-icon-precomposed.png HTTP/1.1" 200 8210 "-" "Safari/13605.1.33.1.2 CFNetwork/897.15 Darwin/17.5.0 (x86_64)"
176.10.55.146 - - [12/Jul/2018:19:50:18 +0200] "GET /apple-touch-icon.png HTTP/1.1" 200 8210 "-" "Safari/13605.1.33.1.2 CFNetwork/897.15 Darwin/17.5.0 (x86_64)"
176.10.55.146 - - [12/Jul/2018:19:50:18 +0200] "GET /favicon.ico HTTP/1.1" 200 8210 "-" "Safari/13605.1.33.1.2 CFNetwork/897.15 Darwin/17.5.0 (x86_64)"
176.10.55.146 - - [12/Jul/2018:19:50:19 +0200] "GET /apple-touch-icon-precomposed.png HTTP/1.1" 200 8210 "-" "Safari/13605.1.33.1.2 CFNetwork/897.15 Darwin/17.5.0 (x86_64)"
176.10.55.146 - - [12/Jul/2018:19:50:19 +0200] "GET /apple-touch-icon.png HTTP/1.1" 200 8210 "-" "Safari/13605.1.33.1.2 CFNetwork/897.15 Darwin/17.5.0 (x86_64)"
176.10.55.146 - - [12/Jul/2018:19:50:19 +0200] "GET /favicon.ico HTTP/1.1" 200 8210 "-" "Safari/13605.1.33.1.2 CFNetwork/897.15 Darwin/17.5.0 (x86_64)"
66.249.75.157 - - [12/Jul/2018:20:03:00 +0200] "GET /doc/Frachtrecht%20HGB.doc HTTP/1.1" 304 - "-" "Mozilla/5.0 (Linux; Android 6.0.1; Nexus 5X Build/MMB29P) AppleWebKit/537.36 (KHTML, like Gecko) Chrome/41.0.2272.96 Mobile Safari/537.36 (compatible; Googlebot/2.1; +http://www.google.com/bot.html)"
80.187.101.14 - - [12/Jul/2018:20:16:38 +0200] "GET /exportdokumente/drittlandexporte HTTP/1.1" 200 7480 "-" "Mozilla/5.0 (iPhone; CPU iPhone OS 11_3 like Mac OS X) AppleWebKit/605.1.15 (KHTML, like Gecko) Version/11.0 Mobile/15E148 Safari/604.1"
80.187.101.14 - - [12/Jul/2018:20:16:39 +0200] "GET /apple-touch-icon-120x120-precomposed.png HTTP/1.1" 200 8210 "-" "MobileSafari/604.1 CFNetwork/897.15 Darwin/17.5.0"
80.187.101.14 - - [12/Jul/2018:20:16:39 +0200] "GET /apple-touch-icon-120x120.png HTTP/1.1" 200 8210 "-" "MobileSafari/604.1 CFNetwork/897.15 Darwin/17.5.0"
80.187.101.14 - - [12/Jul/2018:20:16:39 +0200] "GET /apple-touch-icon-precomposed.png HTTP/1.1" 200 8210 "-" "MobileSafari/604.1 CFNetwork/897.15 Darwin/17.5.0"
80.187.101.14 - - [12/Jul/2018:20:16:40 +0200] "GET /apple-touch-icon.png HTTP/1.1" 200 8210 "-" "MobileSafari/604.1 CFNetwork/897.15 Darwin/17.5.0"
80.187.101.14 - - [12/Jul/2018:20:16:40 +0200] "GET /favicon.ico HTTP/1.1" 200 8210 "-" "MobileSafari/604.1 CFNetwork/897.15 Darwin/17.5.0"
80.187.101.14 - - [12/Jul/2018:20:16:40 +0200] "GET /apple-touch-icon-120x120-precomposed.png HTTP/1.1" 200 8210 "-" "MobileSafari/604.1 CFNetwork/897.15 Darwin/17.5.0"
80.187.101.14 - - [12/Jul/2018:20:16:40 +0200] "GET /apple-touch-icon-120x120.png HTTP/1.1" 200 8210 "-" "MobileSafari/604.1 CFNetwork/897.15 Darwin/17.5.0"
80.187.101.14 - - [12/Jul/2018:20:16:40 +0200] "GET /apple-touch-icon-precomposed.png HTTP/1.1" 200 8210 "-" "MobileSafari/604.1 CFNetwork/897.15 Darwin/17.5.0"
80.187.101.14 - - [12/Jul/2018:20:16:41 +0200] "GET /apple-touch-icon.png HTTP/1.1" 200 8210 "-" "MobileSafari/604.1 CFNetwork/897.15 Darwin/17.5.0"
80.187.101.14 - - [12/Jul/2018:20:16:41 +0200] "GET /favicon.ico HTTP/1.1" 200 8210 "-" "MobileSafari/604.1 CFNetwork/897.15 Darwin/17.5.0"
66.249.75.157 - - [12/Jul/2018:20:23:00 +0200] "GET /exportdokumente/wertgrenzen HTTP/1.1" 200 5733 "-" "Mozilla/5.0 (Linux; Android 6.0.1; Nexus 5X Build/MMB29P) AppleWebKit/537.36 (KHTML, like Gecko) Chrome/41.0.2272.96 Mobile Safari/537.36 (compatible; Googlebot/2.1; +http://www.google.com/bot.html)"
80.187.102.102 - - [12/Jul/2018:20:27:18 +0200] "GET /img/P050222-05.jpg HTTP/1.1" 200 302910 "-" "com.google.GoogleMobile/53.1.0 iPhone/11.4 hw/iPhone8_4"
80.187.102.102 - - [12/Jul/2018:20:27:45 +0200] "GET /img/Multiwheels.jpg HTTP/1.1" 200 394656 "-" "com.google.GoogleMobile/53.1.0 iPhone/11.4 hw/iPhone8_4"
80.187.107.167 - - [12/Jul/2018:20:28:22 +0200] "GET / HTTP/1.1" 200 3316 "-" "Mozilla/5.0 (iPhone; CPU iPhone OS 11_4 like Mac OS X) AppleWebKit/605.1.15 (KHTML, like Gecko) Version/11.0 Mobile/15E148 Safari/604.1"
80.187.107.167 - - [12/Jul/2018:20:28:23 +0200] "GET /apple-touch-icon-120x120-precomposed.png HTTP/1.1" 200 8210 "-" "MobileSafari/604.1 CFNetwork/901.1 Darwin/17.6.0"
80.187.107.167 - - [12/Jul/2018:20:28:23 +0200] "GET /apple-touch-icon-120x120.png HTTP/1.1" 200 8210 "-" "MobileSafari/604.1 CFNetwork/901.1 Darwin/17.6.0"
80.187.107.167 - - [12/Jul/2018:20:28:23 +0200] "GET /apple-touch-icon-precomposed.png HTTP/1.1" 200 8210 "-" "MobileSafari/604.1 CFNetwork/901.1 Darwin/17.6.0"
80.187.107.167 - - [12/Jul/2018:20:28:24 +0200] "GET /apple-touch-icon.png HTTP/1.1" 200 8210 "-" "MobileSafari/604.1 CFNetwork/901.1 Darwin/17.6.0"
80.187.107.167 - - [12/Jul/2018:20:28:24 +0200] "GET /favicon.ico HTTP/1.1" 200 8210 "-" "MobileSafari/604.1 CFNetwork/901.1 Darwin/17.6.0"
80.187.107.167 - - [12/Jul/2018:20:28:24 +0200] "GET /apple-touch-icon-120x120-precomposed.png HTTP/1.1" 200 8210 "-" "MobileSafari/604.1 CFNetwork/901.1 Darwin/17.6.0"
80.187.107.167 - - [12/Jul/2018:20:28:24 +0200] "GET /apple-touch-icon-120x120.png HTTP/1.1" 200 8210 "-" "MobileSafari/604.1 CFNetwork/901.1 Darwin/17.6.0"
80.187.107.167 - - [12/Jul/2018:20:28:25 +0200] "GET /apple-touch-icon-precomposed.png HTTP/1.1" 200 8210 "-" "MobileSafari/604.1 CFNetwork/901.1 Darwin/17.6.0"
80.187.107.167 - - [12/Jul/2018:20:28:25 +0200] "GET /apple-touch-icon.png HTTP/1.1" 200 8210 "-" "MobileSafari/604.1 CFNetwork/901.1 Darwin/17.6.0"
80.187.107.167 - - [12/Jul/2018:20:28:25 +0200] "GET /favicon.ico HTTP/1.1" 200 8210 "-" "MobileSafari/604.1 CFNetwork/901.1 Darwin/17.6.0"
66.249.75.157 - - [12/Jul/2018:20:41:00 +0200] "GET /exportdokumente/drittlandexporte HTTP/1.1" 200 7480 "-" "Mozilla/5.0 (Linux; Android 6.0.1; Nexus 5X Build/MMB29P) AppleWebKit/537.36 (KHTML, like Gecko) Chrome/41.0.2272.96 Mobile Safari/537.36 (compatible; Googlebot/2.1; +http://www.google.com/bot.html)"
66.249.75.155 - - [12/Jul/2018:20:53:00 +0200] "GET /robots.txt HTTP/1.1" 200 8210 "-" "Mozilla/5.0 (compatible; Googlebot/2.1; +http://www.google.com/bot.html)"
66.249.75.155 - - [12/Jul/2018:20:53:00 +0200] "GET /informationen/spediteur HTTP/1.1" 200 111924 "-" "Mozilla/5.0 (Linux; Android 6.0.1; Nexus 5X Build/MMB29P) AppleWebKit/537.36 (KHTML, like Gecko) Chrome/41.0.2272.96 Mobile Safari/537.36 (compatible; Googlebot/2.1; +http://www.google.com/bot.html)"
77.75.76.161 - - [12/Jul/2018:21:04:17 +0200] "GET /robots.txt HTTP/1.1" 200 8210 "-" "Mozilla/5.0 (compatible; SeznamBot/3.2; +http://napoveda.seznam.cz/en/seznambot-intro/)"
77.75.76.161 - - [12/Jul/2018:21:04:18 +0200] "GET /informationen/spediteur HTTP/1.1" 200 111924 "-" "Mozilla/5.0 (compatible; SeznamBot/3.2; +http://napoveda.seznam.cz/en/seznambot-intro/)"
46.119.125.180 - - [12/Jul/2018:21:26:21 +0200] "GET /exportdokumente/drittlandexporte/ HTTP/1.1" 200 7480 "http://viagra-soft.ru/" "Mozilla/4.0 (compatible; MSIE 6.0; Windows NT 5.1; SV1; .NET CLR 1.0.3705; .NET CLR 1.1.4322; .NET CLR 2.0.40607)"
46.119.125.180 - - [12/Jul/2018:21:26:23 +0200] "GET /exportdokumente/drittlandexporte/ HTTP/1.1" 200 7480 "http://viagra-soft.ru/" "Mozilla/4.0 (compatible; MSIE 6.0; Windows NT 5.1; SV1; .NET CLR 1.0.3705; .NET CLR 1.1.4322; .NET CLR 2.0.40607)"
35.204.81.174 - - [12/Jul/2018:21:46:05 +0200] "GET /img/captcha/d807748b361a7f2b5a67845036668219.png HTTP/1.1" 200 8210 "-" "Mozilla/5.0 (compatible; tracemyfile/1.0; +bot@tracemyfile.com)"
79.199.254.5 - - [12/Jul/2018:21:50:06 +0200] "GET /pdf/Frachtrecht%20HGB.pdf HTTP/1.1" 200 19672 "-" "Mozilla/5.0 (Macintosh; Intel Mac OS X 10_13_5) AppleWebKit/605.1.15 (KHTML, like Gecko)"
79.199.254.5 - - [12/Jul/2018:21:50:07 +0200] "GET /apple-touch-icon-precomposed.png HTTP/1.1" 200 8210 "-" "Safari/13605.2.8 CFNetwork/901.1 Darwin/17.6.0 (x86_64)"
79.199.254.5 - - [12/Jul/2018:21:50:07 +0200] "GET /apple-touch-icon.png HTTP/1.1" 200 8210 "-" "Safari/13605.2.8 CFNetwork/901.1 Darwin/17.6.0 (x86_64)"
79.199.254.5 - - [12/Jul/2018:21:50:08 +0200] "GET /favicon.ico HTTP/1.1" 200 8210 "-" "Safari/13605.2.8 CFNetwork/901.1 Darwin/17.6.0 (x86_64)"
79.199.254.5 - - [12/Jul/2018:21:50:08 +0200] "GET /apple-touch-icon-precomposed.png HTTP/1.1" 200 8210 "-" "Safari/13605.2.8 CFNetwork/901.1 Darwin/17.6.0 (x86_64)"
79.199.254.5 - - [12/Jul/2018:21:50:08 +0200] "GET /apple-touch-icon.png HTTP/1.1" 200 8210 "-" "Safari/13605.2.8 CFNetwork/901.1 Darwin/17.6.0 (x86_64)"
79.199.254.5 - - [12/Jul/2018:21:50:08 +0200] "GET /favicon.ico HTTP/1.1" 200 8210 "-" "Safari/13605.2.8 CFNetwork/901.1 Darwin/17.6.0 (x86_64)"
79.199.254.5 - - [12/Jul/2018:21:50:09 +0200] "GET /pdf/Frachtrecht%20HGB.pdf HTTP/1.1" 200 19672 "-" "\"Mozilla/5.0 (iPhone; CPU iPhone OS 11_0 like Mac OS X) AppleWebKit/604.1.38 (KHTML, like Gecko) Version/11.0 Mobile/15A372 Safari/604.1\""
79.199.254.5 - - [12/Jul/2018:21:50:09 +0200] "GET /apple-touch-icon-precomposed.png HTTP/1.1" 200 8210 "-" "Safari/13605.2.8 CFNetwork/901.1 Darwin/17.6.0 (x86_64)"
79.199.254.5 - - [12/Jul/2018:21:50:09 +0200] "GET /apple-touch-icon.png HTTP/1.1" 200 8210 "-" "Safari/13605.2.8 CFNetwork/901.1 Darwin/17.6.0 (x86_64)"
79.199.254.5 - - [12/Jul/2018:21:50:09 +0200] "GET /favicon.ico HTTP/1.1" 200 8210 "-" "Safari/13605.2.8 CFNetwork/901.1 Darwin/17.6.0 (x86_64)"
79.199.254.5 - - [12/Jul/2018:21:50:09 +0200] "GET /apple-touch-icon-precomposed.png HTTP/1.1" 200 8210 "-" "Safari/13605.2.8 CFNetwork/901.1 Darwin/17.6.0 (x86_64)"
79.199.254.5 - - [12/Jul/2018:21:50:10 +0200] "GET /apple-touch-icon.png HTTP/1.1" 200 8210 "-" "Safari/13605.2.8 CFNetwork/901.1 Darwin/17.6.0 (x86_64)"
79.199.254.5 - - [12/Jul/2018:21:50:10 +0200] "GET /favicon.ico HTTP/1.1" 200 8210 "-" "Safari/13605.2.8 CFNetwork/901.1 Darwin/17.6.0 (x86_64)"
217.235.85.171 - - [12/Jul/2018:21:52:08 +0200] "GET /pdf/Frachtrecht%20HGB.pdf HTTP/1.1" 200 19672 "https://www.google.com/" "Mozilla/5.0 (iPhone; CPU iPhone OS 11_4 like Mac OS X) AppleWebKit/605.1.15 (KHTML, like Gecko) Version/11.0 Mobile/15E148 Safari/604.1"
66.249.75.155 - - [12/Jul/2018:21:53:00 +0200] "GET /exportdokumente/drittlandexporte HTTP/1.1" 200 7480 "-" "Mozilla/5.0 (Linux; Android 6.0.1; Nexus 5X Build/MMB29P) AppleWebKit/537.36 (KHTML, like Gecko) Chrome/41.0.2272.96 Mobile Safari/537.36 (compatible; Googlebot/2.1; +http://www.google.com/bot.html)"
217.233.149.188 - - [12/Jul/2018:21:59:27 +0200] "GET /exportdokumente/drittlandexporte HTTP/1.1" 200 7480 "https://www.google.de/" "Mozilla/5.0 (iPad; CPU OS 11_4 like Mac OS X) AppleWebKit/605.1.15 (KHTML, like Gecko) Version/11.0 Mobile/15E148 Safari/604.1"
217.233.149.188 - - [12/Jul/2018:21:59:27 +0200] "GET /css/screen.css HTTP/1.1" 200 13636 "http://www.alle-ziele-spedition.de/exportdokumente/drittlandexporte" "Mozilla/5.0 (iPad; CPU OS 11_4 like Mac OS X) AppleWebKit/605.1.15 (KHTML, like Gecko) Version/11.0 Mobile/15E148 Safari/604.1"
217.233.149.188 - - [12/Jul/2018:21:59:27 +0200] "GET /css/print.css HTTP/1.1" 200 830 "http://www.alle-ziele-spedition.de/exportdokumente/drittlandexporte" "Mozilla/5.0 (iPad; CPU OS 11_4 like Mac OS X) AppleWebKit/605.1.15 (KHTML, like Gecko) Version/11.0 Mobile/15E148 Safari/604.1"
217.233.149.188 - - [12/Jul/2018:21:59:27 +0200] "GET /js/curvycorners.src.js HTTP/1.1" 200 60221 "http://www.alle-ziele-spedition.de/exportdokumente/drittlandexporte" "Mozilla/5.0 (iPad; CPU OS 11_4 like Mac OS X) AppleWebKit/605.1.15 (KHTML, like Gecko) Version/11.0 Mobile/15E148 Safari/604.1"
217.233.149.188 - - [12/Jul/2018:21:59:28 +0200] "GET /img/head_hg.jpg HTTP/1.1" 200 18629 "http://www.alle-ziele-spedition.de/exportdokumente/drittlandexporte" "Mozilla/5.0 (iPad; CPU OS 11_4 like Mac OS X) AppleWebKit/605.1.15 (KHTML, like Gecko) Version/11.0 Mobile/15E148 Safari/604.1"
217.233.149.188 - - [12/Jul/2018:21:59:28 +0200] "GET /img/hg_body.gif HTTP/1.1" 200 1754 "http://www.alle-ziele-spedition.de/exportdokumente/drittlandexporte" "Mozilla/5.0 (iPad; CPU OS 11_4 like Mac OS X) AppleWebKit/605.1.15 (KHTML, like Gecko) Version/11.0 Mobile/15E148 Safari/604.1"
217.233.149.188 - - [12/Jul/2018:21:59:28 +0200] "GET /img/41954271.jpg HTTP/1.1" 200 20594 "http://www.alle-ziele-spedition.de/exportdokumente/drittlandexporte" "Mozilla/5.0 (iPad; CPU OS 11_4 like Mac OS X) AppleWebKit/605.1.15 (KHTML, like Gecko) Version/11.0 Mobile/15E148 Safari/604.1"
217.233.149.188 - - [12/Jul/2018:21:59:28 +0200] "GET /img/40362199.jpg HTTP/1.1" 200 25594 "http://www.alle-ziele-spedition.de/exportdokumente/drittlandexporte" "Mozilla/5.0 (iPad; CPU OS 11_4 like Mac OS X) AppleWebKit/605.1.15 (KHTML, like Gecko) Version/11.0 Mobile/15E148 Safari/604.1"
217.233.149.188 - - [12/Jul/2018:21:59:28 +0200] "GET /img/42884495.jpg HTTP/1.1" 200 14885 "http://www.alle-ziele-spedition.de/exportdokumente/drittlandexporte" "Mozilla/5.0 (iPad; CPU OS 11_4 like Mac OS X) AppleWebKit/605.1.15 (KHTML, like Gecko) Version/11.0 Mobile/15E148 Safari/604.1"
217.233.149.188 - - [12/Jul/2018:21:59:28 +0200] "GET /img/customdeclar.jpg HTTP/1.1" 200 6759 "http://www.alle-ziele-spedition.de/exportdokumente/drittlandexporte" "Mozilla/5.0 (iPad; CPU OS 11_4 like Mac OS X) AppleWebKit/605.1.15 (KHTML, like Gecko) Version/11.0 Mobile/15E148 Safari/604.1"
217.233.149.188 - - [12/Jul/2018:21:59:28 +0200] "GET /img/berlin_footer2.gif HTTP/1.1" 200 2795 "http://www.alle-ziele-spedition.de/exportdokumente/drittlandexporte" "Mozilla/5.0 (iPad; CPU OS 11_4 like Mac OS X) AppleWebKit/605.1.15 (KHTML, like Gecko) Version/11.0 Mobile/15E148 Safari/604.1"
66.249.75.157 - - [12/Jul/2018:22:13:01 +0200] "GET /robots.txt HTTP/1.1" 200 8210 "-" "Mozilla/5.0 (compatible; Googlebot/2.1; +http://www.google.com/bot.html)"
66.249.75.159 - - [12/Jul/2018:22:13:01 +0200] "GET / HTTP/1.1" 200 3316 "-" "Mozilla/5.0 (Linux; Android 6.0.1; Nexus 5X Build/MMB29P) AppleWebKit/537.36 (KHTML, like Gecko) Chrome/41.0.2272.96 Mobile Safari/537.36 (compatible; Googlebot/2.1; +http://www.google.com/bot.html)"
178.137.86.234 - - [12/Jul/2018:22:19:03 +0200] "GET /exportdokumente/drittlandexporte/ HTTP/1.1" 200 7480 "http://mobile.regionshop.biz/" "Mozilla/4.0 (compatible; MSIE 5.5; Windows NT 5.0)"
54.36.150.105 - - [12/Jul/2018:22:25:48 +0200] "GET /robots.txt HTTP/1.1" 200 8210 "-" "Mozilla/5.0 (compatible; AhrefsBot/5.2; +http://ahrefs.com/robot/)"
66.249.75.157 - - [12/Jul/2018:22:33:01 +0200] "GET /exportdokumente/wertgrenzen HTTP/1.1" 200 5733 "-" "Mozilla/5.0 (Linux; Android 6.0.1; Nexus 5X Build/MMB29P) AppleWebKit/537.36 (KHTML, like Gecko) Chrome/41.0.2272.96 Mobile Safari/537.36 (compatible; Googlebot/2.1; +http://www.google.com/bot.html)"
77.75.78.169 - - [12/Jul/2018:22:35:55 +0200] "GET /robots.txt HTTP/1.1" 200 8210 "-" "Mozilla/5.0 (compatible; SeznamBot/3.2; +http://napoveda.seznam.cz/en/seznambot-intro/)"
77.75.78.169 - - [12/Jul/2018:22:36:05 +0200] "GET /informationen HTTP/1.1" 200 3978 "-" "Mozilla/5.0 (compatible; SeznamBot/3.2; +http://napoveda.seznam.cz/en/seznambot-intro/)"
66.249.75.159 - - [12/Jul/2018:22:43:01 +0200] "GET /informationen/spediteur HTTP/1.1" 200 111924 "-" "Mozilla/5.0 (Linux; Android 6.0.1; Nexus 5X Build/MMB29P) AppleWebKit/537.36 (KHTML, like Gecko) Chrome/41.0.2272.96 Mobile Safari/537.36 (compatible; Googlebot/2.1; +http://www.google.com/bot.html)"
178.137.86.234 - - [12/Jul/2018:23:04:47 +0200] "GET /exportdokumente/drittlandexporte/ HTTP/1.1" 200 7480 "https://luckybull.io/" "Mozilla/4.0 (compatible; MSIE 6.0; Windows NT 5.1; Crazy Browser 1.0.5)"
178.137.86.234 - - [12/Jul/2018:23:04:48 +0200] "GET /exportdokumente/drittlandexporte/ HTTP/1.1" 200 7480 "https://luckybull.io/" "Mozilla/4.0 (compatible; MSIE 6.0; Windows NT 5.1; Crazy Browser 1.0.5)"
66.249.75.159 - - [12/Jul/2018:23:23:01 +0200] "GET /robots.txt HTTP/1.1" 200 8210 "-" "Mozilla/5.0 (compatible; Googlebot/2.1; +http://www.google.com/bot.html)"
66.249.75.157 - - [12/Jul/2018:23:23:01 +0200] "GET /exportdokumente/drittlandexporte HTTP/1.1" 200 7480 "-" "Mozilla/5.0 (Linux; Android 6.0.1; Nexus 5X Build/MMB29P) AppleWebKit/537.36 (KHTML, like Gecko) Chrome/41.0.2272.96 Mobile Safari/537.36 (compatible; Googlebot/2.1; +http://www.google.com/bot.html)"
66.249.75.155 - - [13/Jul/2018:00:03:01 +0200] "GET /exportdokumente/wertgrenzen HTTP/1.1" 200 5733 "-" "Mozilla/5.0 (Linux; Android 6.0.1; Nexus 5X Build/MMB29P) AppleWebKit/537.36 (KHTML, like Gecko) Chrome/41.0.2272.96 Mobile Safari/537.36 (compatible; Googlebot/2.1; +http://www.google.com/bot.html)"
178.137.16.67 - - [13/Jul/2018:00:05:21 +0200] "GET /exportdokumente/drittlandexporte/ HTTP/1.1" 200 7480 "http://prostitutki-spb.spb.ru/" "Mozilla/4.0 (compatible; MSIE 6.0; Windows NT 5.1; Crazy Browser 1.0.5)"
178.137.16.67 - - [13/Jul/2018:00:05:22 +0200] "GET /exportdokumente/drittlandexporte/ HTTP/1.1" 200 7480 "http://prostitutki-spb.spb.ru/" "Mozilla/4.0 (compatible; MSIE 6.0; Windows NT 5.1; Crazy Browser 1.0.5)"
66.249.75.155 - - [13/Jul/2018:00:23:01 +0200] "GET /informationen/spediteur HTTP/1.1" 200 111924 "-" "Mozilla/5.0 (Linux; Android 6.0.1; Nexus 5X Build/MMB29P) AppleWebKit/537.36 (KHTML, like Gecko) Chrome/41.0.2272.96 Mobile Safari/537.36 (compatible; Googlebot/2.1; +http://www.google.com/bot.html)"
66.249.75.157 - - [13/Jul/2018:00:33:01 +0200] "GET /exportdokumente/drittlandexporte HTTP/1.1" 200 7480 "-" "Mozilla/5.0 (Linux; Android 6.0.1; Nexus 5X Build/MMB29P) AppleWebKit/537.36 (KHTML, like Gecko) Chrome/41.0.2272.96 Mobile Safari/537.36 (compatible; Googlebot/2.1; +http://www.google.com/bot.html)"
66.249.75.157 - - [13/Jul/2018:00:33:01 +0200] "GET /robots.txt HTTP/1.1" 200 8210 "-" "Mozilla/5.0 (compatible; Googlebot/2.1; +http://www.google.com/bot.html)"
77.75.78.169 - - [13/Jul/2018:00:44:11 +0200] "GET /robots.txt HTTP/1.1" 200 8210 "-" "Mozilla/5.0 (compatible; SeznamBot/3.2; +http://napoveda.seznam.cz/en/seznambot-intro/)"
77.75.78.169 - - [13/Jul/2018:00:44:12 +0200] "GET /geschaeftskunden HTTP/1.1" 200 4078 "-" "Mozilla/5.0 (compatible; SeznamBot/3.2; +http://napoveda.seznam.cz/en/seznambot-intro/)"
37.229.254.170 - - [13/Jul/2018:01:36:18 +0200] "GET /exportdokumente/drittlandexporte/ HTTP/1.1" 200 7480 "https://infektsii.com/" "Mozilla/4.0 (compatible; MSIE 6.0; Windows NT 5.2; SV1; .NET CLR 1.1.4322; .NET CLR 2.0.50727)"
37.229.254.170 - - [13/Jul/2018:01:36:19 +0200] "GET /exportdokumente/drittlandexporte/ HTTP/1.1" 200 7480 "https://infektsii.com/" "Mozilla/4.0 (compatible; MSIE 6.0; Windows NT 5.2; SV1; .NET CLR 1.1.4322; .NET CLR 2.0.50727)"
37.229.254.170 - - [13/Jul/2018:01:36:19 +0200] "GET /exportdokumente/drittlandexporte/ HTTP/1.1" 200 7480 "https://infektsii.com/" "Mozilla/4.0 (compatible; MSIE 6.0; Windows NT 5.2; SV1; .NET CLR 1.1.4322; .NET CLR 2.0.50727)"
66.249.75.155 - - [13/Jul/2018:01:41:59 +0200] "GET /robots.txt HTTP/1.1" 200 8210 "-" "Mozilla/5.0 (compatible; Googlebot/2.1; +http://www.google.com/bot.html)"
66.249.75.155 - - [13/Jul/2018:01:41:59 +0200] "GET /exportdokumente/drittlandexporte HTTP/1.1" 200 7480 "-" "Mozilla/5.0 (Linux; Android 6.0.1; Nexus 5X Build/MMB29P) AppleWebKit/537.36 (KHTML, like Gecko) Chrome/41.0.2272.96 Mobile Safari/537.36 (compatible; Googlebot/2.1; +http://www.google.com/bot.html)"
66.249.75.157 - - [13/Jul/2018:01:49:17 +0200] "GET /informationen/spediteur HTTP/1.1" 200 111924 "-" "Mozilla/5.0 (Linux; Android 6.0.1; Nexus 5X Build/MMB29P) AppleWebKit/537.36 (KHTML, like Gecko) Chrome/41.0.2272.96 Mobile Safari/537.36 (compatible; Googlebot/2.1; +http://www.google.com/bot.html)"
66.249.75.159 - - [13/Jul/2018:01:59:17 +0200] "GET /exportdokumente/wertgrenzen HTTP/1.1" 200 5733 "-" "Mozilla/5.0 (Linux; Android 6.0.1; Nexus 5X Build/MMB29P) AppleWebKit/537.36 (KHTML, like Gecko) Chrome/41.0.2272.96 Mobile Safari/537.36 (compatible; Googlebot/2.1; +http://www.google.com/bot.html)"
178.137.16.67 - - [13/Jul/2018:01:59:33 +0200] "GET /exportdokumente/drittlandexporte/ HTTP/1.1" 200 7480 "http://elementspluss.ru/" "Mozilla/4.0 (compatible; MSIE 5.5; Windows NT 4.0; .NET CLR 1.0.2914)"
178.137.16.67 - - [13/Jul/2018:01:59:34 +0200] "GET /exportdokumente/drittlandexporte/ HTTP/1.1" 200 7480 "http://elementspluss.ru/" "Mozilla/4.0 (compatible; MSIE 5.5; Windows NT 4.0; .NET CLR 1.0.2914)"
178.137.16.67 - - [13/Jul/2018:01:59:35 +0200] "GET /exportdokumente/drittlandexporte/ HTTP/1.1" 200 7480 "http://elementspluss.ru/" "Mozilla/4.0 (compatible; MSIE 5.5; Windows NT 4.0; .NET CLR 1.0.2914)"
40.77.167.198 - - [13/Jul/2018:02:09:05 +0200] "GET /privatkunden/stueckgut HTTP/1.1" 200 8210 "-" "Mozilla/5.0 (compatible; bingbot/2.0; +http://www.bing.com/bingbot.htm)"
40.77.167.208 - - [13/Jul/2018:02:09:13 +0200] "GET /css/print.css HTTP/1.1" 200 830 "-" "Mozilla/5.0 (compatible; bingbot/2.0; +http://www.bing.com/bingbot.htm)"
66.249.75.159 - - [13/Jul/2018:03:19:17 +0200] "GET /robots.txt HTTP/1.1" 200 8210 "-" "Mozilla/5.0 (compatible; Googlebot/2.1; +http://www.google.com/bot.html)"
66.249.75.157 - - [13/Jul/2018:03:19:18 +0200] "GET /exportdokumente/drittlandexporte HTTP/1.1" 200 7480 "-" "Mozilla/5.0 (Linux; Android 6.0.1; Nexus 5X Build/MMB29P) AppleWebKit/537.36 (KHTML, like Gecko) Chrome/41.0.2272.96 Mobile Safari/537.36 (compatible; Googlebot/2.1; +http://www.google.com/bot.html)"
66.249.75.155 - - [13/Jul/2018:03:29:17 +0200] "GET / HTTP/1.1" 200 3316 "-" "Mozilla/5.0 (Linux; Android 6.0.1; Nexus 5X Build/MMB29P) AppleWebKit/537.36 (KHTML, like Gecko) Chrome/41.0.2272.96 Mobile Safari/537.36 (compatible; Googlebot/2.1; +http://www.google.com/bot.html)"
66.249.75.155 - - [13/Jul/2018:03:39:17 +0200] "GET /informationen/spediteur HTTP/1.1" 200 111924 "-" "Mozilla/5.0 (Linux; Android 6.0.1; Nexus 5X Build/MMB29P) AppleWebKit/537.36 (KHTML, like Gecko) Chrome/41.0.2272.96 Mobile Safari/537.36 (compatible; Googlebot/2.1; +http://www.google.com/bot.html)"
66.249.75.159 - - [13/Jul/2018:03:49:17 +0200] "GET /exportdokumente/wertgrenzen HTTP/1.1" 200 5733 "-" "Mozilla/5.0 (Linux; Android 6.0.1; Nexus 5X Build/MMB29P) AppleWebKit/537.36 (KHTML, like Gecko) Chrome/41.0.2272.96 Mobile Safari/537.36 (compatible; Googlebot/2.1; +http://www.google.com/bot.html)"
66.249.75.155 - - [13/Jul/2018:04:03:24 +0200] "GET /favicon.ico HTTP/1.1" 200 8210 "-" "Googlebot-Image/1.0"
37.229.254.233 - - [13/Jul/2018:04:38:08 +0200] "GET /exportdokumente/drittlandexporte/ HTTP/1.1" 200 7480 "http://xn--d1abj0abs9d.in.ua/" "Mozilla/4.0 (compatible; Powermarks/3.5; Windows 95/98/2000/NT)"
37.229.254.233 - - [13/Jul/2018:04:38:08 +0200] "GET /exportdokumente/drittlandexporte/ HTTP/1.1" 200 7480 "http://xn--d1abj0abs9d.in.ua/" "Mozilla/4.0 (compatible; Powermarks/3.5; Windows 95/98/2000/NT)"
37.229.254.233 - - [13/Jul/2018:04:38:09 +0200] "GET /exportdokumente/drittlandexporte/ HTTP/1.1" 200 7480 "http://xn--d1abj0abs9d.in.ua/" "Mozilla/4.0 (compatible; Powermarks/3.5; Windows 95/98/2000/NT)"
66.249.75.155 - - [13/Jul/2018:04:39:18 +0200] "GET /robots.txt HTTP/1.1" 200 8210 "-" "Mozilla/5.0 (compatible; Googlebot/2.1; +http://www.google.com/bot.html)"
66.249.75.159 - - [13/Jul/2018:04:39:18 +0200] "GET /exportdokumente/drittlandexporte HTTP/1.1" 200 7480 "-" "Mozilla/5.0 (Linux; Android 6.0.1; Nexus 5X Build/MMB29P) AppleWebKit/537.36 (KHTML, like Gecko) Chrome/41.0.2272.96 Mobile Safari/537.36 (compatible; Googlebot/2.1; +http://www.google.com/bot.html)"
178.159.37.70 - - [13/Jul/2018:04:51:41 +0200] "GET /exportdokumente/drittlandexporte/ HTTP/1.1" 200 7480 "http://xn----ctbigni3aj4h.xn--p1ai/" "Mozilla/4.0 (compatible; MSIE 7.0b; Windows NT 6.0 ; .NET CLR 2.0.50215; SL Commerce Client v1.0; Tablet PC 2.0"
178.159.37.70 - - [13/Jul/2018:04:51:41 +0200] "GET /exportdokumente/drittlandexporte/ HTTP/1.1" 200 7480 "http://xn----ctbigni3aj4h.xn--p1ai/" "Mozilla/4.0 (compatible; MSIE 7.0b; Windows NT 6.0 ; .NET CLR 2.0.50215; SL Commerce Client v1.0; Tablet PC 2.0"
178.159.37.70 - - [13/Jul/2018:04:51:42 +0200] "GET /exportdokumente/drittlandexporte/ HTTP/1.1" 200 7480 "http://xn----ctbigni3aj4h.xn--p1ai/" "Mozilla/4.0 (compatible; MSIE 7.0b; Windows NT 6.0 ; .NET CLR 2.0.50215; SL Commerce Client v1.0; Tablet PC 2.0"
66.249.75.155 - - [13/Jul/2018:04:59:18 +0200] "GET /informationen/spediteur HTTP/1.1" 200 111924 "-" "Mozilla/5.0 (Linux; Android 6.0.1; Nexus 5X Build/MMB29P) AppleWebKit/537.36 (KHTML, like Gecko) Chrome/41.0.2272.96 Mobile Safari/537.36 (compatible; Googlebot/2.1; +http://www.google.com/bot.html)"
66.249.93.40 - - [13/Jul/2018:05:10:02 +0200] "GET / HTTP/1.1" 200 3316 "-" "Mozilla/5.0 (X11; Linux x86_64) AppleWebKit/537.36 (KHTML, like Gecko) Chrome/49.0.2623.75 Safari/537.36 Google Favicon"
66.249.93.38 - - [13/Jul/2018:05:10:03 +0200] "GET /favicon.ico HTTP/1.1" 200 8210 "-" "Mozilla/5.0 (X11; Linux x86_64) AppleWebKit/537.36 (KHTML, like Gecko) Chrome/49.0.2623.75 Safari/537.36 Google Favicon"
66.249.75.157 - - [13/Jul/2018:05:19:18 +0200] "GET /exportdokumente/wertgrenzen HTTP/1.1" 200 5733 "-" "Mozilla/5.0 (Linux; Android 6.0.1; Nexus 5X Build/MMB29P) AppleWebKit/537.36 (KHTML, like Gecko) Chrome/41.0.2272.96 Mobile Safari/537.36 (compatible; Googlebot/2.1; +http://www.google.com/bot.html)"
66.249.75.155 - - [13/Jul/2018:05:44:08 +0200] "GET /robots.txt HTTP/1.1" 200 8210 "-" "Mozilla/5.0 (compatible; Googlebot/2.1; +http://www.google.com/bot.html)"
66.249.75.157 - - [13/Jul/2018:05:44:09 +0200] "GET / HTTP/1.1" 200 3316 "-" "Mozilla/5.0 (Linux; Android 6.0.1; Nexus 5X Build/MMB29P) AppleWebKit/537.36 (KHTML, like Gecko) Chrome/41.0.2272.96 Mobile Safari/537.36 (compatible; Googlebot/2.1; +http://www.google.com/bot.html)"
40.77.167.208 - - [13/Jul/2018:06:08:51 +0200] "GET /geschaeftskunden HTTP/1.1" 200 4078 "-" "Mozilla/5.0 (compatible; bingbot/2.0; +http://www.bing.com/bingbot.htm)"
40.77.167.145 - - [13/Jul/2018:06:08:58 +0200] "GET /robots.txt HTTP/1.1" 200 8210 "-" "Mozilla/5.0 (compatible; bingbot/2.0; +http://www.bing.com/bingbot.htm)"
40.77.167.145 - - [13/Jul/2018:06:08:58 +0200] "GET /robots.txt HTTP/1.1" 200 8210 "-" "Mozilla/5.0 (compatible; bingbot/2.0; +http://www.bing.com/bingbot.htm)"
40.77.167.208 - - [13/Jul/2018:06:09:08 +0200] "GET /js/curvycorners.src.js HTTP/1.1" 200 60221 "-" "Mozilla/5.0 (compatible; bingbot/2.0; +http://www.bing.com/bingbot.htm)"
207.46.13.161 - - [13/Jul/2018:06:09:11 +0200] "GET /css/screen.css HTTP/1.1" 200 13636 "-" "Mozilla/5.0 (compatible; bingbot/2.0; +http://www.bing.com/bingbot.htm)"
66.249.75.159 - - [13/Jul/2018:06:44:09 +0200] "GET /informationen/spediteur HTTP/1.1" 200 111924 "-" "Mozilla/5.0 (Linux; Android 6.0.1; Nexus 5X Build/MMB29P) AppleWebKit/537.36 (KHTML, like Gecko) Chrome/41.0.2272.96 Mobile Safari/537.36 (compatible; Googlebot/2.1; +http://www.google.com/bot.html)"
40.77.189.108 - - [13/Jul/2018:07:10:07 +0200] "GET /img/hg_body.gif HTTP/1.1" 200 1754 "-" "Mozilla/5.0 (Windows NT 6.1; WOW64) AppleWebKit/534+ (KHTML, like Gecko) BingPreview/1.0b"
40.77.190.199 - - [13/Jul/2018:07:10:07 +0200] "GET /img/head_hg.jpg HTTP/1.1" 200 18629 "-" "Mozilla/5.0 (Windows NT 6.1; WOW64) AppleWebKit/534+ (KHTML, like Gecko) BingPreview/1.0b"
40.77.190.64 - - [13/Jul/2018:07:10:08 +0200] "GET /img/7183587b.jpg HTTP/1.1" 200 12190 "-" "Mozilla/5.0 (Windows NT 6.1; WOW64) AppleWebKit/534+ (KHTML, like Gecko) BingPreview/1.0b"
40.77.190.199 - - [13/Jul/2018:07:10:09 +0200] "GET /img/857034.jpg HTTP/1.1" 200 14613 "-" "Mozilla/5.0 (Windows NT 6.1; WOW64) AppleWebKit/534+ (KHTML, like Gecko) BingPreview/1.0b"
40.77.189.229 - - [13/Jul/2018:07:10:09 +0200] "GET /img/52814.jpg HTTP/1.1" 200 14378 "-" "Mozilla/5.0 (Windows NT 6.1; WOW64) AppleWebKit/534+ (KHTML, like Gecko) BingPreview/1.0b"
40.77.190.199 - - [13/Jul/2018:07:10:10 +0200] "GET /img/9606427.jpg HTTP/1.1" 200 21711 "-" "Mozilla/5.0 (Windows NT 6.1; WOW64) AppleWebKit/534+ (KHTML, like Gecko) BingPreview/1.0b"
40.77.190.64 - - [13/Jul/2018:07:10:10 +0200] "GET /img/14351312.jpg HTTP/1.1" 200 16335 "-" "Mozilla/5.0 (Windows NT 6.1; WOW64) AppleWebKit/534+ (KHTML, like Gecko) BingPreview/1.0b"
40.77.189.47 - - [13/Jul/2018:07:10:11 +0200] "GET /img/berlin_footer2.gif HTTP/1.1" 200 2795 "-" "Mozilla/5.0 (Windows NT 6.1; WOW64) AppleWebKit/534+ (KHTML, like Gecko) BingPreview/1.0b"
66.249.75.159 - - [13/Jul/2018:07:14:09 +0200] "GET /robots.txt HTTP/1.1" 200 8210 "-" "Mozilla/5.0 (compatible; Googlebot/2.1; +http://www.google.com/bot.html)"
66.249.75.159 - - [13/Jul/2018:07:14:10 +0200] "GET /exportdokumente/drittlandexporte HTTP/1.1" 200 7480 "-" "Mozilla/5.0 (Linux; Android 6.0.1; Nexus 5X Build/MMB29P) AppleWebKit/537.36 (KHTML, like Gecko) Chrome/41.0.2272.96 Mobile Safari/537.36 (compatible; Googlebot/2.1; +http://www.google.com/bot.html)"
80.147.82.60 - - [13/Jul/2018:07:37:56 +0200] "GET /exportdokumente/wertgrenzen HTTP/1.1" 200 5733 "-" "Mozilla/5.0 (Macintosh; Intel Mac OS X 10_11_6) AppleWebKit/605.1.15 (KHTML, like Gecko)"
80.147.82.60 - - [13/Jul/2018:07:37:57 +0200] "GET /apple-touch-icon-precomposed.png HTTP/1.1" 200 8210 "-" "Safari/11605.1.33.1.4 CFNetwork/760.9 Darwin/15.6.0 (x86_64)"
80.147.82.60 - - [13/Jul/2018:07:37:57 +0200] "GET /apple-touch-icon.png HTTP/1.1" 200 8210 "-" "Safari/11605.1.33.1.4 CFNetwork/760.9 Darwin/15.6.0 (x86_64)"
80.147.82.60 - - [13/Jul/2018:07:37:57 +0200] "GET /favicon.ico HTTP/1.1" 200 8210 "-" "Safari/11605.1.33.1.4 CFNetwork/760.9 Darwin/15.6.0 (x86_64)"
80.147.82.60 - - [13/Jul/2018:07:37:58 +0200] "GET /apple-touch-icon-precomposed.png HTTP/1.1" 200 8210 "-" "Safari/11605.1.33.1.4 CFNetwork/760.9 Darwin/15.6.0 (x86_64)"
80.147.82.60 - - [13/Jul/2018:07:37:58 +0200] "GET /apple-touch-icon.png HTTP/1.1" 200 8210 "-" "Safari/11605.1.33.1.4 CFNetwork/760.9 Darwin/15.6.0 (x86_64)"
80.147.82.60 - - [13/Jul/2018:07:37:58 +0200] "GET /favicon.ico HTTP/1.1" 200 8210 "-" "Safari/11605.1.33.1.4 CFNetwork/760.9 Darwin/15.6.0 (x86_64)"
80.147.82.60 - - [13/Jul/2018:07:37:58 +0200] "GET /exportdokumente/wertgrenzen HTTP/1.1" 200 5733 "-" "\"Mozilla/5.0 (iPhone; CPU iPhone OS 11_0 like Mac OS X) AppleWebKit/604.1.38 (KHTML, like Gecko) Version/11.0 Mobile/15A372 Safari/604.1\""
80.147.82.60 - - [13/Jul/2018:07:37:59 +0200] "GET /apple-touch-icon-precomposed.png HTTP/1.1" 200 8210 "-" "Safari/11605.1.33.1.4 CFNetwork/760.9 Darwin/15.6.0 (x86_64)"
80.147.82.60 - - [13/Jul/2018:07:37:59 +0200] "GET /apple-touch-icon.png HTTP/1.1" 200 8210 "-" "Safari/11605.1.33.1.4 CFNetwork/760.9 Darwin/15.6.0 (x86_64)"
77.75.78.160 - - [13/Jul/2018:07:39:58 +0200] "GET /robots.txt HTTP/1.1" 200 8210 "-" "Mozilla/5.0 (compatible; SeznamBot/3.2; +http://napoveda.seznam.cz/en/seznambot-intro/)"
77.75.78.160 - - [13/Jul/2018:07:39:59 +0200] "GET /img/lieboch2.jpg HTTP/1.1" 304 - "-" "Mozilla/5.0 (compatible; SeznamBot/3.2; +http://napoveda.seznam.cz/en/seznambot-intro/)"
192.249.39.3 - - [13/Jul/2018:07:54:11 +0200] "GET /pdf/Frachtrecht%20HGB.pdf HTTP/1.1" 200 19672 "https://www.google.it/" "Mozilla/5.0 (Windows NT 6.1; Win64; x64) AppleWebKit/537.36 (KHTML, like Gecko) Chrome/67.0.3396.99 Safari/537.36"
192.249.39.3 - - [13/Jul/2018:07:54:14 +0200] "GET /pdf/Frachtrecht%20HGB.pdf HTTP/1.1" 200 19672 "http://10.201.10.76:15871/cgi-bin/blockOptions.cgi?ws-session=527252956" "Mozilla/5.0 (Windows NT 6.1; Win64; x64) AppleWebKit/537.36 (KHTML, like Gecko) Chrome/67.0.3396.99 Safari/537.36"
192.249.39.3 - - [13/Jul/2018:07:54:14 +0200] "GET /favicon.ico HTTP/1.1" 200 8210 "http://www.alle-ziele-spedition.de/pdf/Frachtrecht%20HGB.pdf" "Mozilla/5.0 (Windows NT 6.1; Win64; x64) AppleWebKit/537.36 (KHTML, like Gecko) Chrome/67.0.3396.99 Safari/537.36"
66.249.75.155 - - [13/Jul/2018:08:14:09 +0200] "GET /informationen/spediteur HTTP/1.1" 200 111924 "-" "Mozilla/5.0 (Linux; Android 6.0.1; Nexus 5X Build/MMB29P) AppleWebKit/537.36 (KHTML, like Gecko) Chrome/41.0.2272.96 Mobile Safari/537.36 (compatible; Googlebot/2.1; +http://www.google.com/bot.html)"
77.67.54.1 - - [13/Jul/2018:08:15:32 +0200] "GET / HTTP/1.1" 200 3316 "-" "Mozilla/5.0 (Windows NT 6.1; WOW64; Trident/7.0; rv:11.0) like Gecko"
195.243.243.36 - - [13/Jul/2018:08:27:21 +0200] "GET /pdf/Frachtrecht%20HGB.pdf HTTP/1.1" 304 - "-" "Mozilla/5.0 (Windows NT 10.0; Win64; x64) AppleWebKit/537.36 (KHTML, like Gecko) Chrome/67.0.3396.99 Safari/537.36"
109.41.0.185 - - [13/Jul/2018:08:34:05 +0200] "GET /pdf/Frachtrecht%20HGB.pdf HTTP/1.1" 200 19672 "-" "Dalvik/2.1.0 (Linux; U; Android 8.0.0; ANE-LX1 Build/HUAWEIANE-LX1)"
80.120.58.105 - - [13/Jul/2018:08:37:51 +0200] "GET /informationen/faq HTTP/1.1" 200 7235 "https://www.google.at/" "Mozilla/5.0 (Windows NT 10.0; Win64; x64) AppleWebKit/537.36 (KHTML, like Gecko) Chrome/67.0.3396.99 Safari/537.36"
80.120.58.105 - - [13/Jul/2018:08:37:51 +0200] "GET /css/screen.css HTTP/1.1" 200 13636 "http://www.alle-ziele-spedition.de/informationen/faq" "Mozilla/5.0 (Windows NT 10.0; Win64; x64) AppleWebKit/537.36 (KHTML, like Gecko) Chrome/67.0.3396.99 Safari/537.36"
80.120.58.105 - - [13/Jul/2018:08:37:51 +0200] "GET /js/curvycorners.src.js HTTP/1.1" 200 60221 "http://www.alle-ziele-spedition.de/informationen/faq" "Mozilla/5.0 (Windows NT 10.0; Win64; x64) AppleWebKit/537.36 (KHTML, like Gecko) Chrome/67.0.3396.99 Safari/537.36"
80.120.58.105 - - [13/Jul/2018:08:37:51 +0200] "GET /css/print.css HTTP/1.1" 200 830 "http://www.alle-ziele-spedition.de/informationen/faq" "Mozilla/5.0 (Windows NT 10.0; Win64; x64) AppleWebKit/537.36 (KHTML, like Gecko) Chrome/67.0.3396.99 Safari/537.36"
80.120.58.105 - - [13/Jul/2018:08:37:51 +0200] "GET /img/hg_body.gif HTTP/1.1" 200 1754 "http://www.alle-ziele-spedition.de/css/screen.css" "Mozilla/5.0 (Windows NT 10.0; Win64; x64) AppleWebKit/537.36 (KHTML, like Gecko) Chrome/67.0.3396.99 Safari/537.36"
80.120.58.105 - - [13/Jul/2018:08:37:51 +0200] "GET /img/berlin_footer2.gif HTTP/1.1" 200 2795 "http://www.alle-ziele-spedition.de/css/screen.css" "Mozilla/5.0 (Windows NT 10.0; Win64; x64) AppleWebKit/537.36 (KHTML, like Gecko) Chrome/67.0.3396.99 Safari/537.36"
80.120.58.105 - - [13/Jul/2018:08:37:51 +0200] "GET /img/37796688.jpg HTTP/1.1" 200 19232 "http://www.alle-ziele-spedition.de/css/screen.css" "Mozilla/5.0 (Windows NT 10.0; Win64; x64) AppleWebKit/537.36 (KHTML, like Gecko) Chrome/67.0.3396.99 Safari/537.36"
80.120.58.105 - - [13/Jul/2018:08:37:51 +0200] "GET /img/30891670.jpg HTTP/1.1" 200 6613 "http://www.alle-ziele-spedition.de/css/screen.css" "Mozilla/5.0 (Windows NT 10.0; Win64; x64) AppleWebKit/537.36 (KHTML, like Gecko) Chrome/67.0.3396.99 Safari/537.36"
80.120.58.105 - - [13/Jul/2018:08:37:51 +0200] "GET /img/39858922.jpg HTTP/1.1" 200 13545 "http://www.alle-ziele-spedition.de/css/screen.css" "Mozilla/5.0 (Windows NT 10.0; Win64; x64) AppleWebKit/537.36 (KHTML, like Gecko) Chrome/67.0.3396.99 Safari/537.36"
80.120.58.105 - - [13/Jul/2018:08:37:51 +0200] "GET /img/head_hg.jpg HTTP/1.1" 200 18629 "http://www.alle-ziele-spedition.de/css/screen.css" "Mozilla/5.0 (Windows NT 10.0; Win64; x64) AppleWebKit/537.36 (KHTML, like Gecko) Chrome/67.0.3396.99 Safari/537.36"
80.120.58.105 - - [13/Jul/2018:08:37:52 +0200] "GET /favicon.ico HTTP/1.1" 200 8210 "http://www.alle-ziele-spedition.de/informationen/faq" "Mozilla/5.0 (Windows NT 10.0; Win64; x64) AppleWebKit/537.36 (KHTML, like Gecko) Chrome/67.0.3396.99 Safari/537.36"
66.249.75.159 - - [13/Jul/2018:08:54:10 +0200] "GET /robots.txt HTTP/1.1" 200 8210 "-" "Mozilla/5.0 (compatible; Googlebot/2.1; +http://www.google.com/bot.html)"
66.249.75.159 - - [13/Jul/2018:08:54:10 +0200] "GET /exportdokumente/drittlandexporte HTTP/1.1" 200 7480 "-" "Mozilla/5.0 (Linux; Android 6.0.1; Nexus 5X Build/MMB29P) AppleWebKit/537.36 (KHTML, like Gecko) Chrome/41.0.2272.96 Mobile Safari/537.36 (compatible; Googlebot/2.1; +http://www.google.com/bot.html)"
66.249.75.157 - - [13/Jul/2018:08:54:13 +0200] "GET /css/screen.css HTTP/1.1" 200 13636 "http://www.alle-ziele-spedition.de/exportdokumente/drittlandexporte" "Mozilla/5.0 (Linux; Android 6.0.1; Nexus 5X Build/MMB29P) AppleWebKit/537.36 (KHTML, like Gecko) Chrome/41.0.2272.96 Mobile Safari/537.36 (compatible; Googlebot/2.1; +http://www.google.com/bot.html)"
165.72.200.11 - - [13/Jul/2018:08:58:17 +0200] "GET /pdf/Frachtrecht%20HGB.pdf HTTP/1.1" 200 19672 "http://www.google.com/url?sa=t&rct=j&q=&esrc=s&source=web&cd=1&ved=0ahUKEwicmJzdvpvcAhVJLMAKHYlkBEQQFggmMAA&url=http%3A%2F%2Fwww.alle-ziele-spedition.de%2Fpdf%2FFrachtrecht%2520HGB.pdf&usg=AOvVaw28xaDuxS0QnWNxSm15l6kY" "Mozilla/5.0 (Windows NT 6.1; WOW64; Trident/7.0; rv:11.0) like Gecko"
185.184.224.129 - - [13/Jul/2018:09:00:46 +0200] "GET /pdf/Frachtrecht%20HGB.pdf HTTP/1.1" 200 19672 "http://www.google.com/url?sa=t&rct=j&q=&esrc=s&source=web&cd=1&ved=0ahUKEwi7k7-nv5vcAhXEJFAKHWkcBEYQFggoMAA&url=http%3A%2F%2Fwww.alle-ziele-spedition.de%2Fpdf%2FFrachtrecht%2520HGB.pdf&usg=AOvVaw28xaDuxS0QnWNxSm15l6kY" "Mozilla/5.0 (Windows NT 6.1; Trident/7.0; rv:11.0) like Gecko"
87.128.9.210 - - [13/Jul/2018:09:03:07 +0200] "GET /favicon.ico HTTP/1.1" 200 8210 "-" "Mozilla/5.0 (Windows NT 6.1; Win64; x64; rv:61.0) Gecko/20100101 Firefox/61.0"
37.229.254.170 - - [13/Jul/2018:09:05:39 +0200] "GET /exportdokumente/drittlandexporte/ HTTP/1.1" 200 7480 "https://moinozhki.com/" "Mozilla/4.7 (compatible; OffByOne; Windows 2000) Webster Pro V3.4"
37.229.254.170 - - [13/Jul/2018:09:05:40 +0200] "GET /exportdokumente/drittlandexporte/ HTTP/1.1" 200 7480 "https://moinozhki.com/" "Mozilla/4.7 (compatible; OffByOne; Windows 2000) Webster Pro V3.4"
37.229.254.170 - - [13/Jul/2018:09:05:41 +0200] "GET /exportdokumente/drittlandexporte/ HTTP/1.1" 200 7480 "https://moinozhki.com/" "Mozilla/4.7 (compatible; OffByOne; Windows 2000) Webster Pro V3.4"
176.10.55.146 - - [13/Jul/2018:09:11:20 +0200] "GET /exportdokumente/wertgrenzen HTTP/1.1" 200 5733 "-" "Mozilla/5.0 (iPhone; CPU iPhone OS 11_4 like Mac OS X) AppleWebKit/605.1.15 (KHTML, like Gecko) Version/11.0 Mobile/15E148 Safari/604.1"
176.10.55.146 - - [13/Jul/2018:09:11:20 +0200] "GET /apple-touch-icon-120x120-precomposed.png HTTP/1.1" 200 8210 "-" "MobileSafari/604.1 CFNetwork/901.1 Darwin/17.6.0"
176.10.55.146 - - [13/Jul/2018:09:11:20 +0200] "GET /apple-touch-icon-120x120.png HTTP/1.1" 200 8210 "-" "MobileSafari/604.1 CFNetwork/901.1 Darwin/17.6.0"
176.10.55.146 - - [13/Jul/2018:09:11:21 +0200] "GET /apple-touch-icon-precomposed.png HTTP/1.1" 200 8210 "-" "MobileSafari/604.1 CFNetwork/901.1 Darwin/17.6.0"
176.10.55.146 - - [13/Jul/2018:09:11:21 +0200] "GET /apple-touch-icon.png HTTP/1.1" 200 8210 "-" "MobileSafari/604.1 CFNetwork/901.1 Darwin/17.6.0"
176.10.55.146 - - [13/Jul/2018:09:11:21 +0200] "GET /favicon.ico HTTP/1.1" 200 8210 "-" "MobileSafari/604.1 CFNetwork/901.1 Darwin/17.6.0"
