212.91.246.72 - - [06/Jun/2024:09:45:21 +0200] "GET / HTTP/1.1" 200 1229 "-" "Mozilla/5.0 (compatible; PRTG Network Monitor (www.paessler.com); Windows)"
212.91.246.72 - - [06/Jun/2024:09:46:21 +0200] "GET / HTTP/1.1" 200 1229 "-" "Mozilla/5.0 (compatible; PRTG Network Monitor (www.paessler.com); Windows)"
212.91.246.72 - - [06/Jun/2024:09:47:21 +0200] "GET / HTTP/1.1" 200 1229 "-" "Mozilla/5.0 (compatible; PRTG Network Monitor (www.paessler.com); Windows)"
212.91.246.72 - - [06/Jun/2024:09:48:21 +0200] "GET / HTTP/1.1" 200 1229 "-" "Mozilla/5.0 (compatible; PRTG Network Monitor (www.paessler.com); Windows)"
87.121.69.52 - - [06/Jun/2024:09:48:32 +0200] "CONNECT google.com:443 HTTP/1.1" 405 340 "-" "Go-http-client/1.1"
212.91.246.72 - - [06/Jun/2024:09:49:21 +0200] "GET / HTTP/1.1" 200 1229 "-" "Mozilla/5.0 (compatible; PRTG Network Monitor (www.paessler.com); Windows)"
188.166.175.128 - - [06/Jun/2024:09:50:05 +0200] "" 501 315 "-" "-"
212.91.246.72 - - [06/Jun/2024:09:50:22 +0200] "GET / HTTP/1.1" 200 1229 "-" "Mozilla/5.0 (compatible; PRTG Network Monitor (www.paessler.com); Windows)"
87.121.69.52 - - [06/Jun/2024:09:51:19 +0200] "CONNECT google.com:443 HTTP/1.1" 405 340 "-" "Go-http-client/1.1"
212.91.246.72 - - [06/Jun/2024:09:51:22 +0200] "GET / HTTP/1.1" 200 1229 "-" "Mozilla/5.0 (compatible; PRTG Network Monitor (www.paessler.com); Windows)"
212.91.246.72 - - [06/Jun/2024:09:52:22 +0200] "GET / HTTP/1.1" 200 1229 "-" "Mozilla/5.0 (compatible; PRTG Network Monitor (www.paessler.com); Windows)"
85.204.93.210 - - [06/Jun/2024:09:52:32 +0200] "GET / HTTP/1.1" 200 1229 "-" "Mozilla/5.0 (Windows NT 6.1; WOW64) AppleWebKit/537.36 (KHTML, like Gecko) Chrome/51.0.2704.103 Safari/537.36"
212.91.246.72 - - [06/Jun/2024:09:53:22 +0200] "GET / HTTP/1.1" 200 1229 "-" "Mozilla/5.0 (compatible; PRTG Network Monitor (www.paessler.com); Windows)"
165.227.216.33 - - [06/Jun/2024:09:53:29 +0200] "GET / HTTP/1.0" 200 1229 "-" "Mozilla/5.0 (X11; Linux x86_64; rv:73.0) Gecko/20100101 Firefox/73.0"
212.91.246.72 - - [06/Jun/2024:09:54:22 +0200] "GET / HTTP/1.1" 200 1229 "-" "Mozilla/5.0 (compatible; PRTG Network Monitor (www.paessler.com); Windows)"
212.91.246.72 - - [06/Jun/2024:09:55:22 +0200] "GET / HTTP/1.1" 200 1229 "-" "Mozilla/5.0 (compatible; PRTG Network Monitor (www.paessler.com); Windows)"
212.91.246.72 - - [06/Jun/2024:09:56:22 +0200] "GET / HTTP/1.1" 200 1229 "-" "Mozilla/5.0 (compatible; PRTG Network Monitor (www.paessler.com); Windows)"
87.121.69.52 - - [06/Jun/2024:09:57:14 +0200] "CONNECT google.com:443 HTTP/1.1" 405 340 "-" "Go-http-client/1.1"
212.91.246.72 - - [06/Jun/2024:09:57:22 +0200] "GET / HTTP/1.1" 200 1229 "-" "Mozilla/5.0 (compatible; PRTG Network Monitor (www.paessler.com); Windows)"
64.62.197.25 - - [06/Jun/2024:09:57:31 +0200] "GET / HTTP/1.1" 200 1229 "-" "Mozilla/5.0 (Windows NT 10.0; rv:109.0) Gecko/20100101 Firefox/115.0"
65.49.1.48 - - [06/Jun/2024:09:57:40 +0200] "GET / HTTP/1.1" 200 1229 "-" "Mozilla/5.0 (X11; CrOS x86_64 14541.0.0) AppleWebKit/537.36 (KHTML, like Gecko) Chrome/123.0.0.0 Safari/537.36"
188.166.175.128 - - [06/Jun/2024:09:58:12 +0200] "" 501 315 "-" "-"
212.91.246.72 - - [06/Jun/2024:09:58:22 +0200] "GET / HTTP/1.1" 200 1229 "-" "Mozilla/5.0 (compatible; PRTG Network Monitor (www.paessler.com); Windows)"
212.91.246.72 - - [06/Jun/2024:09:59:22 +0200] "GET / HTTP/1.1" 200 1229 "-" "Mozilla/5.0 (compatible; PRTG Network Monitor (www.paessler.com); Windows)"
64.62.197.19 - - [06/Jun/2024:09:59:38 +0200] "GET /favicon.ico HTTP/1.1" 404 316 "-" "Mozilla/5.0 (Windows NT 10.0; Win64; x64) AppleWebKit/537.36 (KHTML, like Gecko) Chrome/108.0.0.0 Safari/537.36 OPR/94.0.0.0"
64.62.197.23 - - [06/Jun/2024:10:00:14 +0200] "GET /geoserver/web/ HTTP/1.1" 404 319 "-" "Mozilla/5.0 (Windows NT 10.0; rv:109.0) Gecko/20100101 Firefox/115.0"
212.91.246.72 - - [06/Jun/2024:10:00:22 +0200] "GET / HTTP/1.1" 200 1229 "-" "Mozilla/5.0 (compatible; PRTG Network Monitor (www.paessler.com); Windows)"
65.49.1.39 - - [06/Jun/2024:10:00:44 +0200] "GET /favicon.ico HTTP/1.1" 404 316 "-" "Mozilla/5.0 (Macintosh; Intel Mac OS X 10_15_7) AppleWebKit/537.36 (KHTML, like Gecko) Chrome/122.0.0.0 Safari/537.36"
180.149.125.168 - - [06/Jun/2024:10:00:50 +0200] "GET / HTTP/1.1" 200 1229 "-" "Mozilla/5.0 (Windows NT 10.0; Win64; x64) AppleWebKit/537.36 (KHTML, like Gecko) Chrome/125.0.0.0 Safari/537.36"
87.121.69.52 - - [06/Jun/2024:10:01:18 +0200] "CONNECT google.com:443 HTTP/1.1" 405 340 "-" "Go-http-client/1.1"
212.91.246.72 - - [06/Jun/2024:10:01:22 +0200] "GET / HTTP/1.1" 200 1229 "-" "Mozilla/5.0 (compatible; PRTG Network Monitor (www.paessler.com); Windows)"
65.49.1.48 - - [06/Jun/2024:10:01:27 +0200] "GET /geoserver/web/ HTTP/1.1" 404 319 "-" "Mozilla/5.0 (X11; CrOS x86_64 14541.0.0) AppleWebKit/537.36 (KHTML, like Gecko) Chrome/123.0.0.0 Safari/537.36"
212.91.246.72 - - [06/Jun/2024:10:02:22 +0200] "GET / HTTP/1.1" 200 1229 "-" "Mozilla/5.0 (compatible; PRTG Network Monitor (www.paessler.com); Windows)"
212.91.246.72 - - [06/Jun/2024:10:03:23 +0200] "GET / HTTP/1.1" 200 1229 "-" "Mozilla/5.0 (compatible; PRTG Network Monitor (www.paessler.com); Windows)"
212.91.246.72 - - [06/Jun/2024:10:04:23 +0200] "GET / HTTP/1.1" 200 1229 "-" "Mozilla/5.0 (compatible; PRTG Network Monitor (www.paessler.com); Windows)"
188.166.175.128 - - [06/Jun/2024:10:04:24 +0200] "" 501 315 "-" "-"
212.91.246.72 - - [06/Jun/2024:10:05:23 +0200] "GET / HTTP/1.1" 200 1229 "-" "Mozilla/5.0 (compatible; PRTG Network Monitor (www.paessler.com); Windows)"
205.210.31.162 - - [06/Jun/2024:10:05:33 +0200] "\x16\x03\x01" 501 318 "-" "-"
205.210.31.162 - - [06/Jun/2024:10:05:34 +0200] "\x16\x03\x01" 501 318 "-" "-"
52.230.152.143 - - [06/Jun/2024:10:05:57 +0200] "GET /robots.txt HTTP/1.1" 404 327 "-" "Mozilla/5.0 AppleWebKit/537.36 (KHTML, like Gecko; compatible; GPTBot/1.0; +https://openai.com/gptbot)"
188.166.175.128 - - [06/Jun/2024:10:05:58 +0200] "" 501 315 "-" "-"
212.91.246.72 - - [06/Jun/2024:10:06:23 +0200] "GET / HTTP/1.1" 200 1229 "-" "Mozilla/5.0 (compatible; PRTG Network Monitor (www.paessler.com); Windows)"
212.91.246.72 - - [06/Jun/2024:10:07:23 +0200] "GET / HTTP/1.1" 200 1229 "-" "Mozilla/5.0 (compatible; PRTG Network Monitor (www.paessler.com); Windows)"
212.91.246.72 - - [06/Jun/2024:10:08:23 +0200] "GET / HTTP/1.1" 200 1229 "-" "Mozilla/5.0 (compatible; PRTG Network Monitor (www.paessler.com); Windows)"
91.92.247.105 - - [06/Jun/2024:10:08:31 +0200] "HEAD / HTTP/1.0" 200 - "-" "-"
91.92.247.105 - - [06/Jun/2024:10:08:32 +0200] "GET / HTTP/1.1" 200 1229 "-" "Go-http-client/1.1"
212.91.246.72 - - [06/Jun/2024:10:09:23 +0200] "GET / HTTP/1.1" 200 1229 "-" "Mozilla/5.0 (compatible; PRTG Network Monitor (www.paessler.com); Windows)"
141.98.11.79 - - [06/Jun/2024:10:09:27 +0200] "CONNECT google.com:443 HTTP/1.1" 405 340 "-" "Go-http-client/1.1"
212.91.246.72 - - [06/Jun/2024:10:10:23 +0200] "GET / HTTP/1.1" 200 1229 "-" "Mozilla/5.0 (compatible; PRTG Network Monitor (www.paessler.com); Windows)"
212.91.246.72 - - [06/Jun/2024:10:11:24 +0200] "GET / HTTP/1.1" 200 1229 "-" "Mozilla/5.0 (compatible; PRTG Network Monitor (www.paessler.com); Windows)"
212.91.246.72 - - [06/Jun/2024:10:12:23 +0200] "GET / HTTP/1.1" 200 1229 "-" "Mozilla/5.0 (compatible; PRTG Network Monitor (www.paessler.com); Windows)"
212.91.246.72 - - [06/Jun/2024:10:13:23 +0200] "GET / HTTP/1.1" 200 1229 "-" "Mozilla/5.0 (compatible; PRTG Network Monitor (www.paessler.com); Windows)"
212.91.246.72 - - [06/Jun/2024:10:14:23 +0200] "GET / HTTP/1.1" 200 1229 "-" "Mozilla/5.0 (compatible; PRTG Network Monitor (www.paessler.com); Windows)"
212.91.246.72 - - [06/Jun/2024:10:15:23 +0200] "GET / HTTP/1.1" 200 1229 "-" "Mozilla/5.0 (compatible; PRTG Network Monitor (www.paessler.com); Windows)"
165.227.216.33 - - [06/Jun/2024:10:15:36 +0200] "GET / HTTP/1.1" 200 1229 "-" "Mozilla/5.0 (X11; Linux x86_64; rv:73.0) Gecko/20100101 Firefox/73.0"
165.227.216.33 - - [06/Jun/2024:10:15:36 +0200] "GET /favicon.ico HTTP/1.1" 404 316 "http://212.91.246.82/" "Mozilla/5.0 (X11; Linux x86_64; rv:73.0) Gecko/20100101 Firefox/73.0"
87.121.69.52 - - [06/Jun/2024:10:16:03 +0200] "CONNECT google.com:443 HTTP/1.1" 405 340 "-" "Go-http-client/1.1"
212.91.246.72 - - [06/Jun/2024:10:16:23 +0200] "GET / HTTP/1.1" 200 1229 "-" "Mozilla/5.0 (compatible; PRTG Network Monitor (www.paessler.com); Windows)"
87.121.69.52 - - [06/Jun/2024:10:16:42 +0200] "CONNECT google.com:443 HTTP/1.1" 405 340 "-" "Go-http-client/1.1"
212.91.246.72 - - [06/Jun/2024:10:17:24 +0200] "GET / HTTP/1.1" 200 1229 "-" "Mozilla/5.0 (compatible; PRTG Network Monitor (www.paessler.com); Windows)"
212.91.246.72 - - [06/Jun/2024:10:18:24 +0200] "GET / HTTP/1.1" 200 1229 "-" "Mozilla/5.0 (compatible; PRTG Network Monitor (www.paessler.com); Windows)"
87.121.69.52 - - [06/Jun/2024:10:18:29 +0200] "CONNECT google.com:443 HTTP/1.1" 405 340 "-" "Go-http-client/1.1"
212.91.246.72 - - [06/Jun/2024:10:19:24 +0200] "GET / HTTP/1.1" 200 1229 "-" "Mozilla/5.0 (compatible; PRTG Network Monitor (www.paessler.com); Windows)"
212.91.246.72 - - [06/Jun/2024:10:20:24 +0200] "GET / HTTP/1.1" 200 1229 "-" "Mozilla/5.0 (compatible; PRTG Network Monitor (www.paessler.com); Windows)"
87.121.69.52 - - [06/Jun/2024:10:20:40 +0200] "CONNECT google.com:443 HTTP/1.1" 405 340 "-" "Go-http-client/1.1"
212.91.246.72 - - [06/Jun/2024:10:21:24 +0200] "GET / HTTP/1.1" 200 1229 "-" "Mozilla/5.0 (compatible; PRTG Network Monitor (www.paessler.com); Windows)"
212.91.246.72 - - [06/Jun/2024:10:22:24 +0200] "GET / HTTP/1.1" 200 1229 "-" "Mozilla/5.0 (compatible; PRTG Network Monitor (www.paessler.com); Windows)"
64.62.156.101 - - [06/Jun/2024:10:23:21 +0200] "\x16\x03\x01" 501 318 "-" "-"
212.91.246.72 - - [06/Jun/2024:10:23:24 +0200] "GET / HTTP/1.1" 200 1229 "-" "Mozilla/5.0 (compatible; PRTG Network Monitor (www.paessler.com); Windows)"
205.210.31.216 - - [06/Jun/2024:10:23:38 +0200] "\x16\x03\x01" 501 318 "-" "-"
162.142.125.202 - - [06/Jun/2024:10:23:39 +0200] "GET / HTTP/1.1" 200 1229 "-" "-"
205.210.31.216 - - [06/Jun/2024:10:23:39 +0200] "\x16\x03\x01" 501 318 "-" "-"
162.142.125.202 - - [06/Jun/2024:10:23:42 +0200] "GET / HTTP/1.1" 200 1229 "-" "Mozilla/5.0 (compatible; CensysInspect/1.1; +https://about.censys.io/)"
162.142.125.202 - - [06/Jun/2024:10:23:42 +0200] "PRI * HTTP/2.0" 400 329 "-" "-"
162.142.125.202 - - [06/Jun/2024:10:23:42 +0200] "GET /favicon.ico HTTP/1.1" 404 316 "-" "Mozilla/5.0 (compatible; CensysInspect/1.1; +https://about.censys.io/)"
64.62.197.240 - - [06/Jun/2024:10:24:00 +0200] "\x16\x03\x01" 501 318 "-" "-"
212.91.246.72 - - [06/Jun/2024:10:24:24 +0200] "GET / HTTP/1.1" 200 1229 "-" "Mozilla/5.0 (compatible; PRTG Network Monitor (www.paessler.com); Windows)"
194.59.30.97 - - [06/Jun/2024:10:25:17 +0200] "GET / HTTP/1.1" 200 1229 "-" "Mozilla/5.0 zgrab/0.x"
212.91.246.72 - - [06/Jun/2024:10:25:25 +0200] "GET / HTTP/1.1" 200 1229 "-" "Mozilla/5.0 (compatible; PRTG Network Monitor (www.paessler.com); Windows)"
212.91.246.72 - - [06/Jun/2024:10:26:25 +0200] "GET / HTTP/1.1" 200 1229 "-" "Mozilla/5.0 (compatible; PRTG Network Monitor (www.paessler.com); Windows)"
212.91.246.72 - - [06/Jun/2024:10:27:25 +0200] "GET / HTTP/1.1" 200 1229 "-" "Mozilla/5.0 (compatible; PRTG Network Monitor (www.paessler.com); Windows)"
212.91.246.72 - - [06/Jun/2024:10:28:25 +0200] "GET / HTTP/1.1" 200 1229 "-" "Mozilla/5.0 (compatible; PRTG Network Monitor (www.paessler.com); Windows)"
68.183.193.242 - - [06/Jun/2024:10:28:39 +0200] "GET /aaa9 HTTP/1.1" 404 309 "-" "Mozilla/5.0 zgrab/0.x"
68.183.193.242 - - [06/Jun/2024:10:28:45 +0200] "GET /aab8 HTTP/1.1" 404 309 "-" "Mozilla/5.0 zgrab/0.x"
68.183.193.242 - - [06/Jun/2024:10:28:50 +0200] "GET / HTTP/1.1" 200 1229 "-" "Mozilla/5.0 zgrab/0.x"
34.78.6.216 - - [06/Jun/2024:10:29:22 +0200] "GET / HTTP/1.1" 200 1229 "-" "python-requests/2.32.2"
212.91.246.72 - - [06/Jun/2024:10:29:25 +0200] "GET / HTTP/1.1" 200 1229 "-" "Mozilla/5.0 (compatible; PRTG Network Monitor (www.paessler.com); Windows)"
212.91.246.72 - - [06/Jun/2024:10:30:25 +0200] "GET / HTTP/1.1" 200 1229 "-" "Mozilla/5.0 (compatible; PRTG Network Monitor (www.paessler.com); Windows)"
87.121.69.52 - - [06/Jun/2024:10:30:40 +0200] "CONNECT google.com:443 HTTP/1.1" 405 340 "-" "Go-http-client/1.1"
212.91.246.72 - - [06/Jun/2024:10:31:25 +0200] "GET / HTTP/1.1" 200 1229 "-" "Mozilla/5.0 (compatible; PRTG Network Monitor (www.paessler.com); Windows)"
212.91.246.72 - - [06/Jun/2024:10:32:25 +0200] "GET / HTTP/1.1" 200 1229 "-" "Mozilla/5.0 (compatible; PRTG Network Monitor (www.paessler.com); Windows)"
212.91.246.72 - - [06/Jun/2024:10:33:25 +0200] "GET / HTTP/1.1" 200 1229 "-" "Mozilla/5.0 (compatible; PRTG Network Monitor (www.paessler.com); Windows)"
212.91.246.72 - - [06/Jun/2024:10:34:25 +0200] "GET / HTTP/1.1" 200 1229 "-" "Mozilla/5.0 (compatible; PRTG Network Monitor (www.paessler.com); Windows)"
212.91.246.72 - - [06/Jun/2024:10:35:25 +0200] "GET / HTTP/1.1" 200 1229 "-" "Mozilla/5.0 (compatible; PRTG Network Monitor (www.paessler.com); Windows)"
167.71.52.10 - - [06/Jun/2024:10:35:43 +0200] "\x16\x03\x01" 501 318 "-" "-"
167.71.52.10 - - [06/Jun/2024:10:35:43 +0200] "\x16\x03\x01" 501 318 "-" "-"
167.71.52.10 - - [06/Jun/2024:10:35:43 +0200] "GET / HTTP/1.1" 200 1229 "-" "Mozilla/5.0 (Windows NT 10.0; Win64; x64) AppleWebKit/537.36 (KHTML, like Gecko) Chrome/108.0.0.0 Safari/537.36"
167.71.52.10 - - [06/Jun/2024:10:35:43 +0200] "GET /form.html HTTP/1.1" 404 314 "-" "curl/8.1.2"
167.71.52.10 - - [06/Jun/2024:10:35:43 +0200] "GET /upl.php HTTP/1.1" 404 312 "-" "Mozilla/5.0"
167.71.52.10 - - [06/Jun/2024:10:35:43 +0200] "\x16\x03\x01" 501 318 "-" "-"
167.71.52.10 - - [06/Jun/2024:10:35:43 +0200] "GET /geoip/ HTTP/1.1" 404 311 "-" "Mozilla/5.0 (Windows NT 10.0; Win64; x64) AppleWebKit/537.36 (KHTML, like Gecko) Chrome/108.0.0.0 Safari/537.36"
167.71.52.10 - - [06/Jun/2024:10:35:43 +0200] "GET /favicon.ico HTTP/1.1" 404 316 "-" "Mozilla/5.0 (Windows NT 10.0; Win64; x64) AppleWebKit/537.36 (KHTML, like Gecko) Chrome/108.0.0.0 Safari/537.36"
167.71.52.10 - - [06/Jun/2024:10:35:43 +0200] "GET /1.php HTTP/1.1" 404 310 "-" "Mozilla/5.0 (Windows NT 10.0; Win64; x64) AppleWebKit/537.36 (KHTML, like Gecko) Chrome/108.0.0.0 Safari/537.36"
167.71.52.10 - - [06/Jun/2024:10:35:43 +0200] "GET /bundle.js HTTP/1.1" 404 314 "-" "Mozilla/5.0 (Windows NT 10.0; Win64; x64) AppleWebKit/537.36 (KHTML, like Gecko) Chrome/108.0.0.0 Safari/537.36"
167.71.52.10 - - [06/Jun/2024:10:35:43 +0200] "GET /files/ HTTP/1.1" 404 311 "-" "Mozilla/5.0 (Windows NT 10.0; Win64; x64) AppleWebKit/537.36 (KHTML, like Gecko) Chrome/108.0.0.0 Safari/537.36"
167.71.52.10 - - [06/Jun/2024:10:35:43 +0200] "GET /systembc/password.php HTTP/1.1" 404 326 "-" "Mozilla/5.0 (Windows NT 10.0; Win64; x64) AppleWebKit/537.36 (KHTML, like Gecko) Chrome/108.0.0.0 Safari/537.36"
167.71.52.10 - - [06/Jun/2024:10:35:43 +0200] "GET /password.php HTTP/1.1" 404 317 "-" "Mozilla/5.0 (Windows NT 10.0; Win64; x64) AppleWebKit/537.36 (KHTML, like Gecko) Chrome/108.0.0.0 Safari/537.36"
167.71.52.10 - - [06/Jun/2024:10:35:43 +0200] "GET /info.php HTTP/1.1" 404 313 "-" "Mozilla/5.0 (Windows NT 10.0; Win64; x64) AppleWebKit/537.36 (KHTML, like Gecko) Chrome/108.0.0.0 Safari/537.36"
212.91.246.72 - - [06/Jun/2024:10:36:25 +0200] "GET / HTTP/1.1" 200 1229 "-" "Mozilla/5.0 (compatible; PRTG Network Monitor (www.paessler.com); Windows)"
212.91.246.72 - - [06/Jun/2024:10:37:26 +0200] "GET / HTTP/1.1" 200 1229 "-" "Mozilla/5.0 (compatible; PRTG Network Monitor (www.paessler.com); Windows)"
212.91.246.72 - - [06/Jun/2024:10:38:26 +0200] "GET / HTTP/1.1" 200 1229 "-" "Mozilla/5.0 (compatible; PRTG Network Monitor (www.paessler.com); Windows)"
212.91.246.72 - - [06/Jun/2024:10:39:26 +0200] "GET / HTTP/1.1" 200 1229 "-" "Mozilla/5.0 (compatible; PRTG Network Monitor (www.paessler.com); Windows)"
212.91.246.72 - - [06/Jun/2024:10:40:26 +0200] "GET / HTTP/1.1" 200 1229 "-" "Mozilla/5.0 (compatible; PRTG Network Monitor (www.paessler.com); Windows)"
212.91.246.72 - - [06/Jun/2024:10:41:26 +0200] "GET / HTTP/1.1" 200 1229 "-" "Mozilla/5.0 (compatible; PRTG Network Monitor (www.paessler.com); Windows)"
199.45.154.53 - - [06/Jun/2024:10:41:40 +0200] "GET / HTTP/1.1" 200 1229 "-" "-"
199.45.154.53 - - [06/Jun/2024:10:41:44 +0200] "GET / HTTP/1.1" 200 1229 "-" "Mozilla/5.0 (compatible; CensysInspect/1.1; +https://about.censys.io/)"
199.45.154.53 - - [06/Jun/2024:10:41:44 +0200] "PRI * HTTP/2.0" 400 329 "-" "-"
199.45.154.53 - - [06/Jun/2024:10:41:45 +0200] "GET /favicon.ico HTTP/1.1" 404 316 "-" "Mozilla/5.0 (compatible; CensysInspect/1.1; +https://about.censys.io/)"
212.91.246.72 - - [06/Jun/2024:10:42:26 +0200] "GET / HTTP/1.1" 200 1229 "-" "Mozilla/5.0 (compatible; PRTG Network Monitor (www.paessler.com); Windows)"
212.91.246.72 - - [06/Jun/2024:10:43:26 +0200] "GET / HTTP/1.1" 200 1229 "-" "Mozilla/5.0 (compatible; PRTG Network Monitor (www.paessler.com); Windows)"
134.122.30.157 - - [06/Jun/2024:10:43:35 +0200] "GET /aaa9 HTTP/1.1" 404 309 "-" "Mozilla/5.0 zgrab/0.x"
134.122.30.157 - - [06/Jun/2024:10:43:39 +0200] "GET /aab8 HTTP/1.1" 404 309 "-" "Mozilla/5.0 zgrab/0.x"
134.122.30.157 - - [06/Jun/2024:10:43:43 +0200] "GET / HTTP/1.1" 200 1229 "-" "Mozilla/5.0 zgrab/0.x"
212.91.246.72 - - [06/Jun/2024:10:44:26 +0200] "GET / HTTP/1.1" 200 1229 "-" "Mozilla/5.0 (compatible; PRTG Network Monitor (www.paessler.com); Windows)"
141.98.11.79 - - [06/Jun/2024:10:45:17 +0200] "CONNECT google.com:443 HTTP/1.1" 405 340 "-" "Go-http-client/1.1"
212.91.246.72 - - [06/Jun/2024:10:45:26 +0200] "GET / HTTP/1.1" 200 1229 "-" "Mozilla/5.0 (compatible; PRTG Network Monitor (www.paessler.com); Windows)"
212.91.246.72 - - [06/Jun/2024:10:46:26 +0200] "GET / HTTP/1.1" 200 1229 "-" "Mozilla/5.0 (compatible; PRTG Network Monitor (www.paessler.com); Windows)"
212.91.246.72 - - [06/Jun/2024:10:47:27 +0200] "GET / HTTP/1.1" 200 1229 "-" "Mozilla/5.0 (compatible; PRTG Network Monitor (www.paessler.com); Windows)"
162.216.150.28 - - [06/Jun/2024:10:48:23 +0200] "GET / HTTP/1.1" 200 1229 "-" "Expanse, a Palo Alto Networks company, searches across the global IPv4 space multiple times per day to identify customers' presences on the Internet. If you would like to be excluded from our scans, please send IP addresses/domains to: scaninfo@paloaltonetworks.com"
212.91.246.72 - - [06/Jun/2024:10:48:27 +0200] "GET / HTTP/1.1" 200 1229 "-" "Mozilla/5.0 (compatible; PRTG Network Monitor (www.paessler.com); Windows)"
212.91.246.72 - - [06/Jun/2024:10:49:27 +0200] "GET / HTTP/1.1" 200 1229 "-" "Mozilla/5.0 (compatible; PRTG Network Monitor (www.paessler.com); Windows)"
212.91.246.72 - - [06/Jun/2024:10:50:27 +0200] "GET / HTTP/1.1" 200 1229 "-" "Mozilla/5.0 (compatible; PRTG Network Monitor (www.paessler.com); Windows)"
212.91.246.72 - - [06/Jun/2024:10:51:27 +0200] "GET / HTTP/1.1" 200 1229 "-" "Mozilla/5.0 (compatible; PRTG Network Monitor (www.paessler.com); Windows)"
188.166.175.128 - - [06/Jun/2024:10:51:31 +0200] "" 501 315 "-" "-"
212.91.246.72 - - [06/Jun/2024:10:52:27 +0200] "GET / HTTP/1.1" 200 1229 "-" "Mozilla/5.0 (compatible; PRTG Network Monitor (www.paessler.com); Windows)"
212.91.246.72 - - [06/Jun/2024:10:53:27 +0200] "GET / HTTP/1.1" 200 1229 "-" "Mozilla/5.0 (compatible; PRTG Network Monitor (www.paessler.com); Windows)"
212.91.246.72 - - [06/Jun/2024:10:54:27 +0200] "GET / HTTP/1.1" 200 1229 "-" "Mozilla/5.0 (compatible; PRTG Network Monitor (www.paessler.com); Windows)"
212.91.246.72 - - [06/Jun/2024:10:55:27 +0200] "GET / HTTP/1.1" 200 1229 "-" "Mozilla/5.0 (compatible; PRTG Network Monitor (www.paessler.com); Windows)"
212.91.246.72 - - [06/Jun/2024:10:56:27 +0200] "GET / HTTP/1.1" 200 1229 "-" "Mozilla/5.0 (compatible; PRTG Network Monitor (www.paessler.com); Windows)"
212.91.246.72 - - [06/Jun/2024:10:57:27 +0200] "GET / HTTP/1.1" 200 1229 "-" "Mozilla/5.0 (compatible; PRTG Network Monitor (www.paessler.com); Windows)"
212.91.246.72 - - [06/Jun/2024:10:58:27 +0200] "GET / HTTP/1.1" 200 1229 "-" "Mozilla/5.0 (compatible; PRTG Network Monitor (www.paessler.com); Windows)"
212.91.246.72 - - [06/Jun/2024:10:59:28 +0200] "GET / HTTP/1.1" 200 1229 "-" "Mozilla/5.0 (compatible; PRTG Network Monitor (www.paessler.com); Windows)"
148.153.56.86 - - [06/Jun/2024:11:00:00 +0200] "GET /9jBw HTTP/1.1" 404 309 "-" "Mozilla/5.0 (Macintosh; Intel Mac OS X 10.9; rv:32.0) Gecko/20100101 Firefox/32.0"
148.153.56.86 - - [06/Jun/2024:11:00:00 +0200] "GET /zFMP HTTP/1.1" 404 309 "-" "Mozilla/5.0 (Macintosh; Intel Mac OS X 10.9; rv:32.0) Gecko/20100101 Firefox/32.0"
148.153.56.86 - - [06/Jun/2024:11:00:01 +0200] "GET /aab8 HTTP/1.1" 404 309 "-" "Mozilla/5.0 (Macintosh; Intel Mac OS X 10.9; rv:32.0) Gecko/20100101 Firefox/32.0"
148.153.56.86 - - [06/Jun/2024:11:00:01 +0200] "GET /jquery-3.3.1.slim.min.js HTTP/1.1" 404 329 "-" "Mozilla/5.0 (Macintosh; Intel Mac OS X 10.9; rv:32.0) Gecko/20100101 Firefox/32.0"
148.153.56.86 - - [06/Jun/2024:11:00:01 +0200] "GET /aab9 HTTP/1.1" 404 309 "-" "Mozilla/5.0 (Macintosh; Intel Mac OS X 10.9; rv:32.0) Gecko/20100101 Firefox/32.0"
148.153.56.86 - - [06/Jun/2024:11:00:02 +0200] "GET /jquery-3.3.2.slim.min.js HTTP/1.1" 404 329 "-" "Mozilla/5.0 (Macintosh; Intel Mac OS X 10.9; rv:32.0) Gecko/20100101 Firefox/32.0"
212.91.246.72 - - [06/Jun/2024:11:00:28 +0200] "GET / HTTP/1.1" 200 1229 "-" "Mozilla/5.0 (compatible; PRTG Network Monitor (www.paessler.com); Windows)"
212.91.246.72 - - [06/Jun/2024:11:01:28 +0200] "GET / HTTP/1.1" 200 1229 "-" "Mozilla/5.0 (compatible; PRTG Network Monitor (www.paessler.com); Windows)"
212.91.246.72 - - [06/Jun/2024:11:02:28 +0200] "GET / HTTP/1.1" 200 1229 "-" "Mozilla/5.0 (compatible; PRTG Network Monitor (www.paessler.com); Windows)"
212.91.246.72 - - [06/Jun/2024:11:03:28 +0200] "GET / HTTP/1.1" 200 1229 "-" "Mozilla/5.0 (compatible; PRTG Network Monitor (www.paessler.com); Windows)"
212.91.246.72 - - [06/Jun/2024:11:04:28 +0200] "GET / HTTP/1.1" 200 1229 "-" "Mozilla/5.0 (compatible; PRTG Network Monitor (www.paessler.com); Windows)"
212.91.246.72 - - [06/Jun/2024:11:05:28 +0200] "GET / HTTP/1.1" 200 1229 "-" "Mozilla/5.0 (compatible; PRTG Network Monitor (www.paessler.com); Windows)"
212.91.246.72 - - [06/Jun/2024:11:06:28 +0200] "GET / HTTP/1.1" 200 1229 "-" "Mozilla/5.0 (compatible; PRTG Network Monitor (www.paessler.com); Windows)"
189.90.255.215 - - [06/Jun/2024:11:06:58 +0200] "GET / HTTP/1.1" 200 1229 "-" "Mozilla/5.0 (Windows NT 6.1; WOW64) AppleWebKit/537.36 (KHTML, like Gecko) Chrome/51.0.2704.103 Safari/537.36"
212.91.246.72 - - [06/Jun/2024:11:07:28 +0200] "GET / HTTP/1.1" 200 1229 "-" "Mozilla/5.0 (compatible; PRTG Network Monitor (www.paessler.com); Windows)"
212.91.246.72 - - [06/Jun/2024:11:08:28 +0200] "GET / HTTP/1.1" 200 1229 "-" "Mozilla/5.0 (compatible; PRTG Network Monitor (www.paessler.com); Windows)"
205.210.31.52 - - [06/Jun/2024:11:09:15 +0200] "GET / HTTP/1.0" 200 1229 "-" "Expanse, a Palo Alto Networks company, searches across the global IPv4 space multiple times per day to identify customers' presences on the Internet. If you would like to be excluded from our scans, please send IP addresses/domains to: scaninfo@paloaltonetworks.com"
212.91.246.72 - - [06/Jun/2024:11:09:29 +0200] "GET / HTTP/1.1" 200 1229 "-" "Mozilla/5.0 (compatible; PRTG Network Monitor (www.paessler.com); Windows)"
143.110.150.98 - - [06/Jun/2024:11:10:19 +0200] "\x16\x03\x01" 501 318 "-" "-"
143.110.150.98 - - [06/Jun/2024:11:10:19 +0200] "\x16\x03\x01" 501 318 "-" "-"
143.110.150.98 - - [06/Jun/2024:11:10:19 +0200] "GET / HTTP/1.1" 200 1229 "-" "Mozilla/5.0 (Windows NT 10.0; Win64; x64) AppleWebKit/537.36 (KHTML, like Gecko) Chrome/108.0.0.0 Safari/537.36"
143.110.150.98 - - [06/Jun/2024:11:10:20 +0200] "GET /form.html HTTP/1.1" 404 314 "-" "curl/8.1.2"
143.110.150.98 - - [06/Jun/2024:11:10:20 +0200] "GET /upl.php HTTP/1.1" 404 312 "-" "Mozilla/5.0"
143.110.150.98 - - [06/Jun/2024:11:10:20 +0200] "\x16\x03\x01" 501 318 "-" "-"
143.110.150.98 - - [06/Jun/2024:11:10:21 +0200] "GET /geoip/ HTTP/1.1" 404 311 "-" "Mozilla/5.0 (Windows NT 10.0; Win64; x64) AppleWebKit/537.36 (KHTML, like Gecko) Chrome/108.0.0.0 Safari/537.36"
143.110.150.98 - - [06/Jun/2024:11:10:21 +0200] "GET /favicon.ico HTTP/1.1" 404 316 "-" "Mozilla/5.0 (Windows NT 10.0; Win64; x64) AppleWebKit/537.36 (KHTML, like Gecko) Chrome/108.0.0.0 Safari/537.36"
143.110.150.98 - - [06/Jun/2024:11:10:21 +0200] "GET /1.php HTTP/1.1" 404 310 "-" "Mozilla/5.0 (Windows NT 10.0; Win64; x64) AppleWebKit/537.36 (KHTML, like Gecko) Chrome/108.0.0.0 Safari/537.36"
143.110.150.98 - - [06/Jun/2024:11:10:22 +0200] "GET /bundle.js HTTP/1.1" 404 314 "-" "Mozilla/5.0 (Windows NT 10.0; Win64; x64) AppleWebKit/537.36 (KHTML, like Gecko) Chrome/108.0.0.0 Safari/537.36"
143.110.150.98 - - [06/Jun/2024:11:10:22 +0200] "GET /files/ HTTP/1.1" 404 311 "-" "Mozilla/5.0 (Windows NT 10.0; Win64; x64) AppleWebKit/537.36 (KHTML, like Gecko) Chrome/108.0.0.0 Safari/537.36"
143.110.150.98 - - [06/Jun/2024:11:10:22 +0200] "GET /systembc/password.php HTTP/1.1" 404 326 "-" "Mozilla/5.0 (Windows NT 10.0; Win64; x64) AppleWebKit/537.36 (KHTML, like Gecko) Chrome/108.0.0.0 Safari/537.36"
143.110.150.98 - - [06/Jun/2024:11:10:23 +0200] "GET /password.php HTTP/1.1" 404 317 "-" "Mozilla/5.0 (Windows NT 10.0; Win64; x64) AppleWebKit/537.36 (KHTML, like Gecko) Chrome/108.0.0.0 Safari/537.36"
143.110.150.98 - - [06/Jun/2024:11:10:23 +0200] "GET /info.php HTTP/1.1" 404 313 "-" "Mozilla/5.0 (Windows NT 10.0; Win64; x64) AppleWebKit/537.36 (KHTML, like Gecko) Chrome/108.0.0.0 Safari/537.36"
212.91.246.72 - - [06/Jun/2024:11:10:29 +0200] "GET / HTTP/1.1" 200 1229 "-" "Mozilla/5.0 (compatible; PRTG Network Monitor (www.paessler.com); Windows)"
180.253.79.216 - - [06/Jun/2024:11:11:03 +0200] "GET / HTTP/1.1" 200 1229 "-" "Mozilla/5.0 (Windows NT 6.1; WOW64) AppleWebKit/537.36 (KHTML, like Gecko) Chrome/51.0.2704.103 Safari/537.36"
212.91.246.72 - - [06/Jun/2024:11:11:29 +0200] "GET / HTTP/1.1" 200 1229 "-" "Mozilla/5.0 (compatible; PRTG Network Monitor (www.paessler.com); Windows)"
212.91.246.72 - - [06/Jun/2024:11:12:29 +0200] "GET / HTTP/1.1" 200 1229 "-" "Mozilla/5.0 (compatible; PRTG Network Monitor (www.paessler.com); Windows)"
212.91.246.72 - - [06/Jun/2024:11:13:29 +0200] "GET / HTTP/1.1" 200 1229 "-" "Mozilla/5.0 (compatible; PRTG Network Monitor (www.paessler.com); Windows)"
212.91.246.72 - - [06/Jun/2024:11:14:29 +0200] "GET / HTTP/1.1" 200 1229 "-" "Mozilla/5.0 (compatible; PRTG Network Monitor (www.paessler.com); Windows)"
194.32.120.171 - - [06/Jun/2024:11:14:43 +0200] "\x16\x03\x01" 501 318 "-" "-"
185.192.70.22 - - [06/Jun/2024:11:14:43 +0200] "GET / HTTP/1.1" 200 1229 "-" "-"
194.32.120.161 - - [06/Jun/2024:11:14:52 +0200] "GET / HTTP/1.1" 200 1229 "-" "Mozilla/5.0 (Windows NT 10.0; Win64; x64) AppleWebKit/537.36 (KHTML, like Gecko) Chrome/107.0.0.0 Safari/537.36"
212.91.246.72 - - [06/Jun/2024:11:15:29 +0200] "GET / HTTP/1.1" 200 1229 "-" "Mozilla/5.0 (compatible; PRTG Network Monitor (www.paessler.com); Windows)"
162.216.149.245 - - [06/Jun/2024:11:15:44 +0200] "GET / HTTP/1.1" 200 1229 "-" "Expanse, a Palo Alto Networks company, searches across the global IPv4 space multiple times per day to identify customers' presences on the Internet. If you would like to be excluded from our scans, please send IP addresses/domains to: scaninfo@paloaltonetworks.com"
212.91.246.72 - - [06/Jun/2024:11:16:29 +0200] "GET / HTTP/1.1" 200 1229 "-" "Mozilla/5.0 (compatible; PRTG Network Monitor (www.paessler.com); Windows)"
212.91.246.72 - - [06/Jun/2024:11:17:29 +0200] "GET / HTTP/1.1" 200 1229 "-" "Mozilla/5.0 (compatible; PRTG Network Monitor (www.paessler.com); Windows)"
212.91.246.72 - - [06/Jun/2024:11:18:29 +0200] "GET / HTTP/1.1" 200 1229 "-" "Mozilla/5.0 (compatible; PRTG Network Monitor (www.paessler.com); Windows)"
212.91.246.72 - - [06/Jun/2024:11:19:29 +0200] "GET / HTTP/1.1" 200 1229 "-" "Mozilla/5.0 (compatible; PRTG Network Monitor (www.paessler.com); Windows)"
212.91.246.72 - - [06/Jun/2024:11:20:30 +0200] "GET / HTTP/1.1" 200 1229 "-" "Mozilla/5.0 (compatible; PRTG Network Monitor (www.paessler.com); Windows)"
212.91.246.72 - - [06/Jun/2024:11:21:30 +0200] "GET / HTTP/1.1" 200 1229 "-" "Mozilla/5.0 (compatible; PRTG Network Monitor (www.paessler.com); Windows)"
212.91.246.72 - - [06/Jun/2024:11:22:30 +0200] "GET / HTTP/1.1" 200 1229 "-" "Mozilla/5.0 (compatible; PRTG Network Monitor (www.paessler.com); Windows)"
147.185.133.49 - - [06/Jun/2024:11:23:16 +0200] "GET / HTTP/1.1" 200 1229 "-" "Expanse, a Palo Alto Networks company, searches across the global IPv4 space multiple times per day to identify customers' presences on the Internet. If you would like to be excluded from our scans, please send IP addresses/domains to: scaninfo@paloaltonetworks.com"
212.91.246.72 - - [06/Jun/2024:11:23:30 +0200] "GET / HTTP/1.1" 200 1229 "-" "Mozilla/5.0 (compatible; PRTG Network Monitor (www.paessler.com); Windows)"
194.32.120.174 - - [06/Jun/2024:11:23:35 +0200] "\x16\x03\x01" 501 318 "-" "-"
194.32.120.176 - - [06/Jun/2024:11:23:36 +0200] "GET / HTTP/1.1" 200 1229 "-" "-"
194.32.120.159 - - [06/Jun/2024:11:23:42 +0200] "GET / HTTP/1.1" 200 1229 "-" "Mozilla/5.0 (X11; Linux x86_64; rv:105.0) Gecko/20100101 Firefox/105.0"
212.91.246.72 - - [06/Jun/2024:11:24:30 +0200] "GET / HTTP/1.1" 200 1229 "-" "Mozilla/5.0 (compatible; PRTG Network Monitor (www.paessler.com); Windows)"
212.91.246.72 - - [06/Jun/2024:11:25:30 +0200] "GET / HTTP/1.1" 200 1229 "-" "Mozilla/5.0 (compatible; PRTG Network Monitor (www.paessler.com); Windows)"
41.234.206.17 - - [06/Jun/2024:11:26:14 +0200] "GET / HTTP/1.1" 200 1229 "-" "Mozilla/5.0 (Windows NT 10.0; WOW64) AppleWebKit/537.36 (KHTML, like Gecko) Chrome/52.0.2743.116 Safari/537.36"
212.91.246.72 - - [06/Jun/2024:11:26:30 +0200] "GET / HTTP/1.1" 200 1229 "-" "Mozilla/5.0 (compatible; PRTG Network Monitor (www.paessler.com); Windows)"
212.91.246.72 - - [06/Jun/2024:11:27:31 +0200] "GET / HTTP/1.1" 200 1229 "-" "Mozilla/5.0 (compatible; PRTG Network Monitor (www.paessler.com); Windows)"
212.91.246.72 - - [06/Jun/2024:11:28:31 +0200] "GET / HTTP/1.1" 200 1229 "-" "Mozilla/5.0 (compatible; PRTG Network Monitor (www.paessler.com); Windows)"
212.91.246.72 - - [06/Jun/2024:11:29:31 +0200] "GET / HTTP/1.1" 200 1229 "-" "Mozilla/5.0 (compatible; PRTG Network Monitor (www.paessler.com); Windows)"
212.91.246.72 - - [06/Jun/2024:11:30:31 +0200] "GET / HTTP/1.1" 200 1229 "-" "Mozilla/5.0 (compatible; PRTG Network Monitor (www.paessler.com); Windows)"
212.91.246.72 - - [06/Jun/2024:11:31:31 +0200] "GET / HTTP/1.1" 200 1229 "-" "Mozilla/5.0 (compatible; PRTG Network Monitor (www.paessler.com); Windows)"
91.92.249.23 - - [06/Jun/2024:11:32:05 +0200] "HEAD / HTTP/1.0" 200 - "-" "-"
91.92.249.23 - - [06/Jun/2024:11:32:06 +0200] "GET / HTTP/1.1" 200 1229 "-" "Go-http-client/1.1"
212.91.246.72 - - [06/Jun/2024:11:32:31 +0200] "GET / HTTP/1.1" 200 1229 "-" "Mozilla/5.0 (compatible; PRTG Network Monitor (www.paessler.com); Windows)"
143.110.229.48 - - [06/Jun/2024:11:33:07 +0200] "GET / HTTP/1.1" 200 1229 "-" "Mozilla/5.0 (Macintosh; Intel Mac OS X 10_15_7) AppleWebKit/537.36 (KHTML, like Gecko) Chrome/121.0.0.0 Safari/537.36"
167.94.145.102 - - [06/Jun/2024:11:33:14 +0200] "GET / HTTP/1.1" 200 1229 "-" "-"
167.94.145.102 - - [06/Jun/2024:11:33:17 +0200] "GET / HTTP/1.1" 200 1229 "-" "Mozilla/5.0 (compatible; CensysInspect/1.1; +https://about.censys.io/)"
167.94.145.102 - - [06/Jun/2024:11:33:17 +0200] "PRI * HTTP/2.0" 400 329 "-" "-"
167.94.145.102 - - [06/Jun/2024:11:33:17 +0200] "GET /favicon.ico HTTP/1.1" 404 316 "-" "Mozilla/5.0 (compatible; CensysInspect/1.1; +https://about.censys.io/)"
212.91.246.72 - - [06/Jun/2024:11:33:31 +0200] "GET / HTTP/1.1" 200 1229 "-" "Mozilla/5.0 (compatible; PRTG Network Monitor (www.paessler.com); Windows)"
212.91.246.72 - - [06/Jun/2024:11:34:31 +0200] "GET / HTTP/1.1" 200 1229 "-" "Mozilla/5.0 (compatible; PRTG Network Monitor (www.paessler.com); Windows)"
212.91.246.72 - - [06/Jun/2024:11:35:32 +0200] "GET / HTTP/1.1" 200 1229 "-" "Mozilla/5.0 (compatible; PRTG Network Monitor (www.paessler.com); Windows)"
212.91.246.72 - - [06/Jun/2024:11:36:32 +0200] "GET / HTTP/1.1" 200 1229 "-" "Mozilla/5.0 (compatible; PRTG Network Monitor (www.paessler.com); Windows)"
212.91.246.72 - - [06/Jun/2024:11:37:32 +0200] "GET / HTTP/1.1" 200 1229 "-" "Mozilla/5.0 (compatible; PRTG Network Monitor (www.paessler.com); Windows)"
212.91.246.72 - - [06/Jun/2024:11:38:32 +0200] "GET / HTTP/1.1" 200 1229 "-" "Mozilla/5.0 (compatible; PRTG Network Monitor (www.paessler.com); Windows)"
167.172.80.188 - - [06/Jun/2024:11:38:58 +0200] "\x16\x03\x01" 501 318 "-" "-"
167.172.80.188 - - [06/Jun/2024:11:38:58 +0200] "\x16\x03\x01" 501 318 "-" "-"
167.172.80.188 - - [06/Jun/2024:11:38:59 +0200] "GET / HTTP/1.1" 200 1229 "-" "Mozilla/5.0 (Windows NT 10.0; Win64; x64) AppleWebKit/537.36 (KHTML, like Gecko) Chrome/108.0.0.0 Safari/537.36"
167.172.80.188 - - [06/Jun/2024:11:39:03 +0200] "GET /form.html HTTP/1.1" 404 314 "-" "curl/8.1.2"
167.172.80.188 - - [06/Jun/2024:11:39:04 +0200] "GET /upl.php HTTP/1.1" 404 312 "-" "Mozilla/5.0"
167.172.80.188 - - [06/Jun/2024:11:39:04 +0200] "\x16\x03\x01" 501 318 "-" "-"
167.172.80.188 - - [06/Jun/2024:11:39:05 +0200] "GET /geoip/ HTTP/1.1" 404 311 "-" "Mozilla/5.0 (Windows NT 10.0; Win64; x64) AppleWebKit/537.36 (KHTML, like Gecko) Chrome/108.0.0.0 Safari/537.36"
167.172.80.188 - - [06/Jun/2024:11:39:08 +0200] "GET /favicon.ico HTTP/1.1" 404 316 "-" "Mozilla/5.0 (Windows NT 10.0; Win64; x64) AppleWebKit/537.36 (KHTML, like Gecko) Chrome/108.0.0.0 Safari/537.36"
167.172.80.188 - - [06/Jun/2024:11:39:09 +0200] "GET /1.php HTTP/1.1" 404 310 "-" "Mozilla/5.0 (Windows NT 10.0; Win64; x64) AppleWebKit/537.36 (KHTML, like Gecko) Chrome/108.0.0.0 Safari/537.36"
167.172.80.188 - - [06/Jun/2024:11:39:10 +0200] "GET /bundle.js HTTP/1.1" 404 314 "-" "Mozilla/5.0 (Windows NT 10.0; Win64; x64) AppleWebKit/537.36 (KHTML, like Gecko) Chrome/108.0.0.0 Safari/537.36"
167.172.80.188 - - [06/Jun/2024:11:39:10 +0200] "GET /files/ HTTP/1.1" 404 311 "-" "Mozilla/5.0 (Windows NT 10.0; Win64; x64) AppleWebKit/537.36 (KHTML, like Gecko) Chrome/108.0.0.0 Safari/537.36"
167.172.80.188 - - [06/Jun/2024:11:39:14 +0200] "GET /systembc/password.php HTTP/1.1" 404 326 "-" "Mozilla/5.0 (Windows NT 10.0; Win64; x64) AppleWebKit/537.36 (KHTML, like Gecko) Chrome/108.0.0.0 Safari/537.36"
167.172.80.188 - - [06/Jun/2024:11:39:15 +0200] "GET /password.php HTTP/1.1" 404 317 "-" "Mozilla/5.0 (Windows NT 10.0; Win64; x64) AppleWebKit/537.36 (KHTML, like Gecko) Chrome/108.0.0.0 Safari/537.36"
167.172.80.188 - - [06/Jun/2024:11:39:16 +0200] "GET /info.php HTTP/1.1" 404 313 "-" "Mozilla/5.0 (Windows NT 10.0; Win64; x64) AppleWebKit/537.36 (KHTML, like Gecko) Chrome/108.0.0.0 Safari/537.36"
212.91.246.72 - - [06/Jun/2024:11:39:32 +0200] "GET / HTTP/1.1" 200 1229 "-" "Mozilla/5.0 (compatible; PRTG Network Monitor (www.paessler.com); Windows)"
212.91.246.72 - - [06/Jun/2024:11:40:32 +0200] "GET / HTTP/1.1" 200 1229 "-" "Mozilla/5.0 (compatible; PRTG Network Monitor (www.paessler.com); Windows)"
212.91.246.72 - - [06/Jun/2024:11:41:32 +0200] "GET / HTTP/1.1" 200 1229 "-" "Mozilla/5.0 (compatible; PRTG Network Monitor (www.paessler.com); Windows)"
212.91.246.72 - - [06/Jun/2024:11:42:33 +0200] "GET / HTTP/1.1" 200 1229 "-" "Mozilla/5.0 (compatible; PRTG Network Monitor (www.paessler.com); Windows)"
185.158.2.139 - - [06/Jun/2024:11:42:58 +0200] "GET / HTTP/1.1" 200 1229 "-" "Mozilla/5.0 (Windows NT 10.0; WOW64) AppleWebKit/537.36 (KHTML, like Gecko) Chrome/52.0.2743.116 Safari/537.36"
212.91.246.72 - - [06/Jun/2024:11:43:33 +0200] "GET / HTTP/1.1" 200 1229 "-" "Mozilla/5.0 (compatible; PRTG Network Monitor (www.paessler.com); Windows)"
212.91.246.72 - - [06/Jun/2024:11:44:33 +0200] "GET / HTTP/1.1" 200 1229 "-" "Mozilla/5.0 (compatible; PRTG Network Monitor (www.paessler.com); Windows)"
212.91.246.72 - - [06/Jun/2024:11:45:33 +0200] "GET / HTTP/1.1" 200 1229 "-" "Mozilla/5.0 (compatible; PRTG Network Monitor (www.paessler.com); Windows)"
141.98.11.79 - - [06/Jun/2024:11:45:40 +0200] "CONNECT google.com:443 HTTP/1.1" 405 340 "-" "Go-http-client/1.1"
212.91.246.72 - - [06/Jun/2024:11:46:33 +0200] "GET / HTTP/1.1" 200 1229 "-" "Mozilla/5.0 (compatible; PRTG Network Monitor (www.paessler.com); Windows)"
212.91.246.72 - - [06/Jun/2024:11:47:33 +0200] "GET / HTTP/1.1" 200 1229 "-" "Mozilla/5.0 (compatible; PRTG Network Monitor (www.paessler.com); Windows)"
212.91.246.72 - - [06/Jun/2024:11:48:33 +0200] "GET / HTTP/1.1" 200 1229 "-" "Mozilla/5.0 (compatible; PRTG Network Monitor (www.paessler.com); Windows)"
43.157.42.61 - - [06/Jun/2024:11:48:46 +0200] "GET / HTTP/1.1" 200 1229 "-" "Mozilla/5.0 (Windows NT 10.0; Win64; x64) AppleWebKit/537.36 (KHTML, like Gecko) Chrome/58.0.3029.110 Safari/537.3"
43.157.42.61 - - [06/Jun/2024:11:48:46 +0200] "GET / HTTP/1.1" 200 1229 "-" "Mozilla/5.0 (Windows NT 10.0; Win64; x64) AppleWebKit/537.36 (KHTML, like Gecko) Chrome/58.0.3029.110 Safari/537.3"
43.157.42.61 - - [06/Jun/2024:11:48:46 +0200] "GET / HTTP/1.1" 200 1229 "-" "Mozilla/5.0 (Windows NT 10.0; Win64; x64) AppleWebKit/537.36 (KHTML, like Gecko) Chrome/58.0.3029.110 Safari/537.3"
43.157.42.61 - - [06/Jun/2024:11:48:46 +0200] "GET / HTTP/1.1" 200 1229 "-" "Mozilla/5.0 (Windows NT 10.0; Win64; x64) AppleWebKit/537.36 (KHTML, like Gecko) Chrome/58.0.3029.110 Safari/537.3"
43.157.42.61 - - [06/Jun/2024:11:48:46 +0200] "GET / HTTP/1.1" 200 1229 "-" "Mozilla/5.0 (Windows NT 10.0; Win64; x64) AppleWebKit/537.36 (KHTML, like Gecko) Chrome/58.0.3029.110 Safari/537.3"
43.157.42.61 - - [06/Jun/2024:11:48:46 +0200] "GET / HTTP/1.1" 200 1229 "-" "Mozilla/5.0 (Windows NT 10.0; Win64; x64) AppleWebKit/537.36 (KHTML, like Gecko) Chrome/58.0.3029.110 Safari/537.3"
43.157.42.61 - - [06/Jun/2024:11:48:46 +0200] "GET / HTTP/1.1" 200 1229 "-" "Mozilla/5.0 (Windows NT 10.0; Win64; x64) AppleWebKit/537.36 (KHTML, like Gecko) Chrome/58.0.3029.110 Safari/537.3"
43.157.42.61 - - [06/Jun/2024:11:48:46 +0200] "GET / HTTP/1.1" 200 1229 "-" "Mozilla/5.0 (Windows NT 10.0; Win64; x64) AppleWebKit/537.36 (KHTML, like Gecko) Chrome/58.0.3029.110 Safari/537.3"
43.157.42.61 - - [06/Jun/2024:11:48:46 +0200] "GET / HTTP/1.1" 200 1229 "-" "Mozilla/5.0 (Windows NT 10.0; Win64; x64) AppleWebKit/537.36 (KHTML, like Gecko) Chrome/58.0.3029.110 Safari/537.3"
43.157.42.61 - - [06/Jun/2024:11:48:46 +0200] "GET / HTTP/1.1" 200 1229 "-" "Mozilla/5.0 (Windows NT 10.0; Win64; x64) AppleWebKit/537.36 (KHTML, like Gecko) Chrome/58.0.3029.110 Safari/537.3"
212.91.246.72 - - [06/Jun/2024:11:49:33 +0200] "GET / HTTP/1.1" 200 1229 "-" "Mozilla/5.0 (compatible; PRTG Network Monitor (www.paessler.com); Windows)"
212.91.246.72 - - [06/Jun/2024:11:50:33 +0200] "GET / HTTP/1.1" 200 1229 "-" "Mozilla/5.0 (compatible; PRTG Network Monitor (www.paessler.com); Windows)"
212.91.246.72 - - [06/Jun/2024:11:51:34 +0200] "GET / HTTP/1.1" 200 1229 "-" "Mozilla/5.0 (compatible; PRTG Network Monitor (www.paessler.com); Windows)"
212.91.246.72 - - [06/Jun/2024:11:52:34 +0200] "GET / HTTP/1.1" 200 1229 "-" "Mozilla/5.0 (compatible; PRTG Network Monitor (www.paessler.com); Windows)"
212.91.246.72 - - [06/Jun/2024:11:53:34 +0200] "GET / HTTP/1.1" 200 1229 "-" "Mozilla/5.0 (compatible; PRTG Network Monitor (www.paessler.com); Windows)"
170.64.134.120 - - [06/Jun/2024:11:54:28 +0200] "GET /aaa9 HTTP/1.1" 404 309 "-" "Mozilla/5.0 zgrab/0.x"
170.64.134.120 - - [06/Jun/2024:11:54:30 +0200] "GET /aab8 HTTP/1.1" 404 309 "-" "Mozilla/5.0 zgrab/0.x"
170.64.134.120 - - [06/Jun/2024:11:54:33 +0200] "GET / HTTP/1.1" 200 1229 "-" "Mozilla/5.0 zgrab/0.x"
212.91.246.72 - - [06/Jun/2024:11:54:34 +0200] "GET / HTTP/1.1" 200 1229 "-" "Mozilla/5.0 (compatible; PRTG Network Monitor (www.paessler.com); Windows)"
212.91.246.72 - - [06/Jun/2024:11:55:34 +0200] "GET / HTTP/1.1" 200 1229 "-" "Mozilla/5.0 (compatible; PRTG Network Monitor (www.paessler.com); Windows)"
212.91.246.72 - - [06/Jun/2024:11:56:34 +0200] "GET / HTTP/1.1" 200 1229 "-" "Mozilla/5.0 (compatible; PRTG Network Monitor (www.paessler.com); Windows)"
212.91.246.72 - - [06/Jun/2024:11:57:34 +0200] "GET / HTTP/1.1" 200 1229 "-" "Mozilla/5.0 (compatible; PRTG Network Monitor (www.paessler.com); Windows)"
212.91.246.72 - - [06/Jun/2024:11:58:34 +0200] "GET / HTTP/1.1" 200 1229 "-" "Mozilla/5.0 (compatible; PRTG Network Monitor (www.paessler.com); Windows)"
208.76.202.164 - - [06/Jun/2024:11:58:39 +0200] "GET / HTTP/1.1" 200 1229 "-" "Mozilla/5.0 (Windows NT 6.1; WOW64) AppleWebKit/537.36 (KHTML, like Gecko) Chrome/51.0.2704.103 Safari/537.36"
212.91.246.72 - - [06/Jun/2024:11:59:34 +0200] "GET / HTTP/1.1" 200 1229 "-" "Mozilla/5.0 (compatible; PRTG Network Monitor (www.paessler.com); Windows)"
212.91.246.72 - - [06/Jun/2024:12:00:34 +0200] "GET / HTTP/1.1" 200 1229 "-" "Mozilla/5.0 (compatible; PRTG Network Monitor (www.paessler.com); Windows)"
212.91.246.72 - - [06/Jun/2024:12:01:35 +0200] "GET / HTTP/1.1" 200 1229 "-" "Mozilla/5.0 (compatible; PRTG Network Monitor (www.paessler.com); Windows)"
212.91.246.72 - - [06/Jun/2024:12:02:35 +0200] "GET / HTTP/1.1" 200 1229 "-" "Mozilla/5.0 (compatible; PRTG Network Monitor (www.paessler.com); Windows)"
212.91.246.72 - - [06/Jun/2024:12:03:35 +0200] "GET / HTTP/1.1" 200 1229 "-" "Mozilla/5.0 (compatible; PRTG Network Monitor (www.paessler.com); Windows)"
78.153.140.179 - - [06/Jun/2024:12:04:02 +0200] "\x16\x03\x01" 501 318 "-" "-"
78.153.140.179 - - [06/Jun/2024:12:04:02 +0200] "GET /.env HTTP/1.1" 404 309 "-" "Mozilla/5.0 (X11; Linux x86_64) AppleWebKit/537.36 (KHTML, like Gecko) Chrome/81.0.4044.129 Safari/537.36"
212.91.246.72 - - [06/Jun/2024:12:04:35 +0200] "GET / HTTP/1.1" 200 1229 "-" "Mozilla/5.0 (compatible; PRTG Network Monitor (www.paessler.com); Windows)"
212.91.246.72 - - [06/Jun/2024:12:05:35 +0200] "GET / HTTP/1.1" 200 1229 "-" "Mozilla/5.0 (compatible; PRTG Network Monitor (www.paessler.com); Windows)"
78.153.140.177 - - [06/Jun/2024:12:05:57 +0200] "GET /.env HTTP/1.1" 404 309 "-" "Mozilla/5.0 (X11; Linux x86_64) AppleWebKit/537.36 (KHTML, like Gecko) Chrome/81.0.4044.129 Safari/537.36"
78.153.140.177 - - [06/Jun/2024:12:05:57 +0200] "\x16\x03\x01\x01H\x01" 501 321 "-" "-"
212.91.246.72 - - [06/Jun/2024:12:06:35 +0200] "GET / HTTP/1.1" 200 1229 "-" "Mozilla/5.0 (compatible; PRTG Network Monitor (www.paessler.com); Windows)"
188.166.175.128 - - [06/Jun/2024:12:07:24 +0200] "" 501 315 "-" "-"
212.91.246.72 - - [06/Jun/2024:12:07:35 +0200] "GET / HTTP/1.1" 200 1229 "-" "Mozilla/5.0 (compatible; PRTG Network Monitor (www.paessler.com); Windows)"
212.91.246.72 - - [06/Jun/2024:12:08:35 +0200] "GET / HTTP/1.1" 200 1229 "-" "Mozilla/5.0 (compatible; PRTG Network Monitor (www.paessler.com); Windows)"
212.91.246.72 - - [06/Jun/2024:12:09:35 +0200] "GET / HTTP/1.1" 200 1229 "-" "Mozilla/5.0 (compatible; PRTG Network Monitor (www.paessler.com); Windows)"
212.91.246.72 - - [06/Jun/2024:12:10:36 +0200] "GET / HTTP/1.1" 200 1229 "-" "Mozilla/5.0 (compatible; PRTG Network Monitor (www.paessler.com); Windows)"
134.122.41.4 - - [06/Jun/2024:12:10:47 +0200] "\x16\x03\x01" 501 318 "-" "-"
134.122.41.4 - - [06/Jun/2024:12:10:47 +0200] "\x16\x03\x01" 501 318 "-" "-"
134.122.41.4 - - [06/Jun/2024:12:10:47 +0200] "GET / HTTP/1.1" 200 1229 "-" "Mozilla/5.0 (Windows NT 10.0; Win64; x64) AppleWebKit/537.36 (KHTML, like Gecko) Chrome/108.0.0.0 Safari/537.36"
134.122.41.4 - - [06/Jun/2024:12:10:48 +0200] "GET /form.html HTTP/1.1" 404 314 "-" "curl/8.1.2"
134.122.41.4 - - [06/Jun/2024:12:10:48 +0200] "GET /upl.php HTTP/1.1" 404 312 "-" "Mozilla/5.0"
134.122.41.4 - - [06/Jun/2024:12:10:48 +0200] "\x16\x03\x01" 501 318 "-" "-"
134.122.41.4 - - [06/Jun/2024:12:10:48 +0200] "GET /geoip/ HTTP/1.1" 404 311 "-" "Mozilla/5.0 (Windows NT 10.0; Win64; x64) AppleWebKit/537.36 (KHTML, like Gecko) Chrome/108.0.0.0 Safari/537.36"
134.122.41.4 - - [06/Jun/2024:12:10:49 +0200] "GET /favicon.ico HTTP/1.1" 404 316 "-" "Mozilla/5.0 (Windows NT 10.0; Win64; x64) AppleWebKit/537.36 (KHTML, like Gecko) Chrome/108.0.0.0 Safari/537.36"
134.122.41.4 - - [06/Jun/2024:12:10:49 +0200] "GET /1.php HTTP/1.1" 404 310 "-" "Mozilla/5.0 (Windows NT 10.0; Win64; x64) AppleWebKit/537.36 (KHTML, like Gecko) Chrome/108.0.0.0 Safari/537.36"
134.122.41.4 - - [06/Jun/2024:12:10:49 +0200] "GET /bundle.js HTTP/1.1" 404 314 "-" "Mozilla/5.0 (Windows NT 10.0; Win64; x64) AppleWebKit/537.36 (KHTML, like Gecko) Chrome/108.0.0.0 Safari/537.36"
134.122.41.4 - - [06/Jun/2024:12:10:49 +0200] "GET /files/ HTTP/1.1" 404 311 "-" "Mozilla/5.0 (Windows NT 10.0; Win64; x64) AppleWebKit/537.36 (KHTML, like Gecko) Chrome/108.0.0.0 Safari/537.36"
134.122.41.4 - - [06/Jun/2024:12:10:50 +0200] "GET /systembc/password.php HTTP/1.1" 404 326 "-" "Mozilla/5.0 (Windows NT 10.0; Win64; x64) AppleWebKit/537.36 (KHTML, like Gecko) Chrome/108.0.0.0 Safari/537.36"
134.122.41.4 - - [06/Jun/2024:12:10:50 +0200] "GET /password.php HTTP/1.1" 404 317 "-" "Mozilla/5.0 (Windows NT 10.0; Win64; x64) AppleWebKit/537.36 (KHTML, like Gecko) Chrome/108.0.0.0 Safari/537.36"
134.122.41.4 - - [06/Jun/2024:12:10:50 +0200] "GET /info.php HTTP/1.1" 404 313 "-" "Mozilla/5.0 (Windows NT 10.0; Win64; x64) AppleWebKit/537.36 (KHTML, like Gecko) Chrome/108.0.0.0 Safari/537.36"
92.249.48.237 - - [06/Jun/2024:12:11:30 +0200] "GET / HTTP/1.1" 200 1229 "-" "-"
212.91.246.72 - - [06/Jun/2024:12:11:36 +0200] "GET / HTTP/1.1" 200 1229 "-" "Mozilla/5.0 (compatible; PRTG Network Monitor (www.paessler.com); Windows)"
212.91.246.72 - - [06/Jun/2024:12:12:36 +0200] "GET / HTTP/1.1" 200 1229 "-" "Mozilla/5.0 (compatible; PRTG Network Monitor (www.paessler.com); Windows)"
212.91.246.72 - - [06/Jun/2024:12:13:36 +0200] "GET / HTTP/1.1" 200 1229 "-" "Mozilla/5.0 (compatible; PRTG Network Monitor (www.paessler.com); Windows)"
212.91.246.72 - - [06/Jun/2024:12:14:36 +0200] "GET / HTTP/1.1" 200 1229 "-" "Mozilla/5.0 (compatible; PRTG Network Monitor (www.paessler.com); Windows)"
212.91.246.72 - - [06/Jun/2024:12:15:36 +0200] "GET / HTTP/1.1" 200 1229 "-" "Mozilla/5.0 (compatible; PRTG Network Monitor (www.paessler.com); Windows)"
212.91.246.72 - - [06/Jun/2024:12:16:36 +0200] "GET / HTTP/1.1" 200 1229 "-" "Mozilla/5.0 (compatible; PRTG Network Monitor (www.paessler.com); Windows)"
141.98.11.79 - - [06/Jun/2024:12:16:55 +0200] "CONNECT google.com:443 HTTP/1.1" 405 340 "-" "Go-http-client/1.1"
212.91.246.72 - - [06/Jun/2024:12:17:36 +0200] "GET / HTTP/1.1" 200 1229 "-" "Mozilla/5.0 (compatible; PRTG Network Monitor (www.paessler.com); Windows)"
212.91.246.72 - - [06/Jun/2024:12:18:36 +0200] "GET / HTTP/1.1" 200 1229 "-" "Mozilla/5.0 (compatible; PRTG Network Monitor (www.paessler.com); Windows)"
212.91.246.72 - - [06/Jun/2024:12:19:36 +0200] "GET / HTTP/1.1" 200 1229 "-" "Mozilla/5.0 (compatible; PRTG Network Monitor (www.paessler.com); Windows)"
212.91.246.72 - - [06/Jun/2024:12:20:37 +0200] "GET / HTTP/1.1" 200 1229 "-" "Mozilla/5.0 (compatible; PRTG Network Monitor (www.paessler.com); Windows)"
212.91.246.72 - - [06/Jun/2024:12:21:37 +0200] "GET / HTTP/1.1" 200 1229 "-" "Mozilla/5.0 (compatible; PRTG Network Monitor (www.paessler.com); Windows)"
212.91.246.72 - - [06/Jun/2024:12:22:37 +0200] "GET / HTTP/1.1" 200 1229 "-" "Mozilla/5.0 (compatible; PRTG Network Monitor (www.paessler.com); Windows)"
212.91.246.72 - - [06/Jun/2024:12:23:37 +0200] "GET / HTTP/1.1" 200 1229 "-" "Mozilla/5.0 (compatible; PRTG Network Monitor (www.paessler.com); Windows)"
212.91.246.72 - - [06/Jun/2024:12:24:37 +0200] "GET / HTTP/1.1" 200 1229 "-" "Mozilla/5.0 (compatible; PRTG Network Monitor (www.paessler.com); Windows)"
212.91.246.72 - - [06/Jun/2024:12:25:37 +0200] "GET / HTTP/1.1" 200 1229 "-" "Mozilla/5.0 (compatible; PRTG Network Monitor (www.paessler.com); Windows)"
141.98.11.79 - - [06/Jun/2024:12:26:20 +0200] "CONNECT google.com:443 HTTP/1.1" 405 340 "-" "Go-http-client/1.1"
212.91.246.72 - - [06/Jun/2024:12:26:37 +0200] "GET / HTTP/1.1" 200 1229 "-" "Mozilla/5.0 (compatible; PRTG Network Monitor (www.paessler.com); Windows)"
212.91.246.72 - - [06/Jun/2024:12:27:37 +0200] "GET / HTTP/1.1" 200 1229 "-" "Mozilla/5.0 (compatible; PRTG Network Monitor (www.paessler.com); Windows)"
188.166.175.128 - - [06/Jun/2024:12:28:14 +0200] "" 501 315 "-" "-"
212.91.246.72 - - [06/Jun/2024:12:28:38 +0200] "GET / HTTP/1.1" 200 1229 "-" "Mozilla/5.0 (compatible; PRTG Network Monitor (www.paessler.com); Windows)"
212.91.246.72 - - [06/Jun/2024:12:29:38 +0200] "GET / HTTP/1.1" 200 1229 "-" "Mozilla/5.0 (compatible; PRTG Network Monitor (www.paessler.com); Windows)"
212.91.246.72 - - [06/Jun/2024:12:30:38 +0200] "GET / HTTP/1.1" 200 1229 "-" "Mozilla/5.0 (compatible; PRTG Network Monitor (www.paessler.com); Windows)"
64.62.197.10 - - [06/Jun/2024:12:31:12 +0200] "GET / HTTP/1.1" 200 1229 "-" "Mozilla/5.0 (X11; Linux x86_64; rv:124.0) Gecko/20100101 Firefox/124.0"
184.105.247.252 - - [06/Jun/2024:12:31:23 +0200] "GET / HTTP/1.1" 200 1229 "-" "Mozilla/5.0 (Windows NT 10.0; WOW64) AppleWebKit/537.36 (KHTML, like Gecko) Chrome/94.0.4606.71 Safari/537.36 SE 2.X MetaSr 1.0"
64.62.197.210 - - [06/Jun/2024:12:31:33 +0200] "GET / HTTP/1.1" 200 1229 "-" "Mozilla/5.0 (Macintosh; Intel Mac OS X 10_15_7) AppleWebKit/537.36 (KHTML, like Gecko) Chrome/124.0.0.0 Safari/537.36 Edg/124.0.0.0"
64.62.197.40 - - [06/Jun/2024:12:31:37 +0200] "GET / HTTP/1.1" 200 1229 "-" "Mozilla/5.0 (Windows NT 10.0; Win64; x64; rv:109.0) Gecko/20100101 Firefox/116.0"
212.91.246.72 - - [06/Jun/2024:12:31:38 +0200] "GET / HTTP/1.1" 200 1229 "-" "Mozilla/5.0 (compatible; PRTG Network Monitor (www.paessler.com); Windows)"
34.140.130.61 - - [06/Jun/2024:12:31:40 +0200] "GET / HTTP/1.1" 200 1229 "-" "python-requests/2.32.2"
212.91.246.72 - - [06/Jun/2024:12:32:38 +0200] "GET / HTTP/1.1" 200 1229 "-" "Mozilla/5.0 (compatible; PRTG Network Monitor (www.paessler.com); Windows)"
