185.196.8.126 - - [04/Feb/2024:10:37:07 +0100] "GET /api/.git/config HTTP/1.1" 404 320 "-" "Mozilla/5.0 (Windows NT 10.0; Win64; x64) AppleWebKit/537.36 (KHTML, like Gecko) Chrome/100.0.4896.127 Safari/537.36"
185.196.8.126 - - [04/Feb/2024:10:37:07 +0100] "GET /backup/.git/config HTTP/1.1" 404 323 "-" "Opera/9.80 (Windows NT 6.1; WOW64) Presto/2.12.388 Version/12.16"
185.196.8.126 - - [04/Feb/2024:10:37:07 +0100] "GET /bak/.git/config HTTP/1.1" 404 320 "-" "Mozilla/4.0 (compatible; MSIE 7.0; Windows Phone OS 7.0; Trident/3.1; IEMobile/7.0) Asus;Galaxy6"
185.196.8.126 - - [04/Feb/2024:10:37:07 +0100] "GET /git/.git/config HTTP/1.1" 404 320 "-" "CSSCheck/1.2.2"
51.83.75.133 - - [04/Feb/2024:10:37:21 +0100] "GET /manager/html HTTP/1.1" 404 317 "-" "Mozilla/5.0 (Windows NT 10.0; WOW64) AppleWebKit/537.36 (KHTML, like Gecko) Chrome/62.0.3202.9 Safari/537.36"
212.91.246.72 - - [04/Feb/2024:10:37:27 +0100] "GET / HTTP/1.1" 200 1229 "-" "Mozilla/5.0 (compatible; PRTG Network Monitor (www.paessler.com); Windows)"
51.83.75.133 - - [04/Feb/2024:10:38:22 +0100] "GET /manager/html HTTP/1.1" 404 317 "-" "Mozilla/5.0 (Windows NT 10.0; WOW64) AppleWebKit/537.36 (KHTML, like Gecko) Chrome/62.0.3202.9 Safari/537.36"
212.91.246.72 - - [04/Feb/2024:10:38:27 +0100] "GET / HTTP/1.1" 200 1229 "-" "Mozilla/5.0 (compatible; PRTG Network Monitor (www.paessler.com); Windows)"
212.91.246.72 - - [04/Feb/2024:10:39:27 +0100] "GET / HTTP/1.1" 200 1229 "-" "Mozilla/5.0 (compatible; PRTG Network Monitor (www.paessler.com); Windows)"
212.91.246.72 - - [04/Feb/2024:10:40:28 +0100] "GET / HTTP/1.1" 200 1229 "-" "Mozilla/5.0 (compatible; PRTG Network Monitor (www.paessler.com); Windows)"
146.19.24.23 - - [04/Feb/2024:10:40:45 +0100] "GET / HTTP/1.1" 200 1229 "-" "-"
13.40.30.172 - - [04/Feb/2024:10:41:18 +0100] "\x16\x03\x01" 501 318 "-" "-"
212.91.246.72 - - [04/Feb/2024:10:41:28 +0100] "GET / HTTP/1.1" 200 1229 "-" "Mozilla/5.0 (compatible; PRTG Network Monitor (www.paessler.com); Windows)"
13.40.30.172 - - [04/Feb/2024:10:42:14 +0100] "GET /admin/index.html HTTP/1.1" 404 321 "-" "'Cloud mapping experiment. Contact research@pdrlabs.net'"
212.91.246.72 - - [04/Feb/2024:10:42:28 +0100] "GET / HTTP/1.1" 200 1229 "-" "Mozilla/5.0 (compatible; PRTG Network Monitor (www.paessler.com); Windows)"
212.91.246.72 - - [04/Feb/2024:10:43:28 +0100] "GET / HTTP/1.1" 200 1229 "-" "Mozilla/5.0 (compatible; PRTG Network Monitor (www.paessler.com); Windows)"
51.83.75.133 - - [04/Feb/2024:10:43:32 +0100] "GET /manager/html HTTP/1.1" 404 317 "-" "Mozilla/5.0 (Windows NT 10.0; WOW64) AppleWebKit/537.36 (KHTML, like Gecko) Chrome/62.0.3202.9 Safari/537.36"
212.91.246.72 - - [04/Feb/2024:10:44:28 +0100] "GET / HTTP/1.1" 200 1229 "-" "Mozilla/5.0 (compatible; PRTG Network Monitor (www.paessler.com); Windows)"
80.66.88.215 - - [04/Feb/2024:10:45:10 +0100] "\x03" 501 316 "-" "-"
212.91.246.72 - - [04/Feb/2024:10:45:29 +0100] "GET / HTTP/1.1" 200 1229 "-" "Mozilla/5.0 (compatible; PRTG Network Monitor (www.paessler.com); Windows)"
212.91.246.72 - - [04/Feb/2024:10:46:29 +0100] "GET / HTTP/1.1" 200 1229 "-" "Mozilla/5.0 (compatible; PRTG Network Monitor (www.paessler.com); Windows)"
13.40.30.172 - - [04/Feb/2024:10:47:18 +0100] "\x16\x03\x01" 501 318 "-" "-"
212.91.246.72 - - [04/Feb/2024:10:47:29 +0100] "GET / HTTP/1.1" 200 1229 "-" "Mozilla/5.0 (compatible; PRTG Network Monitor (www.paessler.com); Windows)"
13.40.30.172 - - [04/Feb/2024:10:48:17 +0100] "GET /index.html HTTP/1.1" 200 1229 "-" "'Cloud mapping experiment. Contact research@pdrlabs.net'"
212.91.246.72 - - [04/Feb/2024:10:48:29 +0100] "GET / HTTP/1.1" 200 1229 "-" "Mozilla/5.0 (compatible; PRTG Network Monitor (www.paessler.com); Windows)"
212.91.246.72 - - [04/Feb/2024:10:49:29 +0100] "GET / HTTP/1.1" 200 1229 "-" "Mozilla/5.0 (compatible; PRTG Network Monitor (www.paessler.com); Windows)"
64.62.197.53 - - [04/Feb/2024:10:49:53 +0100] "GET / HTTP/1.1" 200 1229 "-" "Mozilla/5.0 (X11; Linux x86_64; rv:109.0) Gecko/20100101 Firefox/109.0"
64.62.197.48 - - [04/Feb/2024:10:50:17 +0100] "GET / HTTP/1.1" 200 1229 "-" "Mozilla/5.0 (X11; Linux x86_64; rv:109.0) Gecko/20100101 Firefox/109.0"
212.91.246.72 - - [04/Feb/2024:10:50:29 +0100] "GET / HTTP/1.1" 200 1229 "-" "Mozilla/5.0 (compatible; PRTG Network Monitor (www.paessler.com); Windows)"
74.82.47.5 - - [04/Feb/2024:10:50:51 +0100] "GET / HTTP/1.1" 200 1229 "-" "Mozilla/5.0 (Windows NT 10.0; Win64; x64) AppleWebKit/537.36 (KHTML, like Gecko) Chrome/109.0.0.0 Safari/537.36 OPR/95.0.0.0"
212.91.246.72 - - [04/Feb/2024:10:51:30 +0100] "GET / HTTP/1.1" 200 1229 "-" "Mozilla/5.0 (compatible; PRTG Network Monitor (www.paessler.com); Windows)"
64.62.197.59 - - [04/Feb/2024:10:51:37 +0100] "GET /favicon.ico HTTP/1.1" 404 316 "-" "Mozilla/5.0 (Windows NT 10.0; Win64; x64; rv:109.0) Gecko/20100101 Firefox/109.0"
64.62.197.52 - - [04/Feb/2024:10:51:42 +0100] "GET /favicon.ico HTTP/1.1" 404 316 "-" "Mozilla/5.0 (Windows NT 10.0; Win64; x64; rv:109.0) Gecko/20100101 Firefox/109.0"
185.91.127.66 - - [04/Feb/2024:10:51:47 +0100] "GET / HTTP/1.1" 200 1229 "-" "Mozilla/5.0 (Windows NT 10.0; Win64; x64) AppleWebKit/537.36 (KHTML, like Gecko) Chrome/98.0.4758.102 Safari/537.36"
64.62.197.50 - - [04/Feb/2024:10:52:10 +0100] "GET /geoserver/web/ HTTP/1.1" 404 319 "-" "Mozilla/5.0 (X11; Linux x86_64; rv:109.0) Gecko/20100101 Firefox/109.0"
64.62.197.52 - - [04/Feb/2024:10:52:10 +0100] "GET /geoserver/web/ HTTP/1.1" 404 319 "-" "Mozilla/5.0 (X11; Linux x86_64; rv:109.0) Gecko/20100101 Firefox/109.0"
212.91.246.72 - - [04/Feb/2024:10:52:30 +0100] "GET / HTTP/1.1" 200 1229 "-" "Mozilla/5.0 (compatible; PRTG Network Monitor (www.paessler.com); Windows)"
74.82.47.5 - - [04/Feb/2024:10:52:33 +0100] "GET /favicon.ico HTTP/1.1" 404 316 "-" "Mozilla/5.0 (Macintosh; Intel Mac OS X 10_15_7) AppleWebKit/537.36 (KHTML, like Gecko) Chrome/109.0.0.0 Safari/537.36"
74.82.47.5 - - [04/Feb/2024:10:53:27 +0100] "GET /geoserver/web/ HTTP/1.1" 404 319 "-" "Mozilla/5.0 (Windows NT 10.0; Win64; x64) AppleWebKit/537.36 (KHTML, like Gecko) Chrome/109.0.0.0 Safari/537.36 OPR/95.0.0.0"
212.91.246.72 - - [04/Feb/2024:10:53:30 +0100] "GET / HTTP/1.1" 200 1229 "-" "Mozilla/5.0 (compatible; PRTG Network Monitor (www.paessler.com); Windows)"
13.40.30.172 - - [04/Feb/2024:10:53:43 +0100] "\x16\x03\x01" 501 318 "-" "-"
185.91.127.66 - - [04/Feb/2024:10:54:07 +0100] "GET / HTTP/1.1" 200 1229 "-" "Mozilla/5.0 (Windows NT 10.0; Win64; x64) AppleWebKit/537.36 (KHTML, like Gecko) Chrome/98.0.4758.102 Safari/537.36"
212.91.246.72 - - [04/Feb/2024:10:54:30 +0100] "GET / HTTP/1.1" 200 1229 "-" "Mozilla/5.0 (compatible; PRTG Network Monitor (www.paessler.com); Windows)"
13.40.30.172 - - [04/Feb/2024:10:54:37 +0100] "GET /+CSCOE+/logon.html HTTP/1.1" 404 323 "-" "'Cloud mapping experiment. Contact research@pdrlabs.net'"
212.91.246.72 - - [04/Feb/2024:10:55:30 +0100] "GET / HTTP/1.1" 200 1229 "-" "Mozilla/5.0 (compatible; PRTG Network Monitor (www.paessler.com); Windows)"
212.91.246.72 - - [04/Feb/2024:10:56:30 +0100] "GET / HTTP/1.1" 200 1229 "-" "Mozilla/5.0 (compatible; PRTG Network Monitor (www.paessler.com); Windows)"
212.91.246.72 - - [04/Feb/2024:10:57:31 +0100] "GET / HTTP/1.1" 200 1229 "-" "Mozilla/5.0 (compatible; PRTG Network Monitor (www.paessler.com); Windows)"
212.91.246.72 - - [04/Feb/2024:10:58:31 +0100] "GET / HTTP/1.1" 200 1229 "-" "Mozilla/5.0 (compatible; PRTG Network Monitor (www.paessler.com); Windows)"
13.40.30.172 - - [04/Feb/2024:10:59:13 +0100] "\x16\x03\x01" 501 318 "-" "-"
78.153.140.175 - - [04/Feb/2024:10:59:24 +0100] "GET /.env HTTP/1.1" 404 309 "-" "Mozilla/5.0 (X11; Linux x86_64) AppleWebKit/537.36 (KHTML, like Gecko) Chrome/81.0.4044.129 Safari/537.36"
78.153.140.175 - - [04/Feb/2024:10:59:26 +0100] "\x16\x03\x01\x01H\x01" 501 321 "-" "-"
212.91.246.72 - - [04/Feb/2024:10:59:31 +0100] "GET / HTTP/1.1" 200 1229 "-" "Mozilla/5.0 (compatible; PRTG Network Monitor (www.paessler.com); Windows)"
13.40.30.172 - - [04/Feb/2024:11:00:23 +0100] "GET /cgi-bin/login.cgi HTTP/1.1" 404 322 "-" "'Cloud mapping experiment. Contact research@pdrlabs.net'"
78.153.140.224 - - [04/Feb/2024:11:00:29 +0100] "GET /.env HTTP/1.1" 404 309 "-" "Mozilla/5.0 (X11; Linux x86_64) AppleWebKit/537.36 (KHTML, like Gecko) Chrome/81.0.4044.129 Safari/537.36"
78.153.140.224 - - [04/Feb/2024:11:00:29 +0100] "\x16\x03\x01" 501 318 "-" "-"
212.91.246.72 - - [04/Feb/2024:11:00:31 +0100] "GET / HTTP/1.1" 200 1229 "-" "Mozilla/5.0 (compatible; PRTG Network Monitor (www.paessler.com); Windows)"
45.95.147.244 - - [04/Feb/2024:11:01:28 +0100] "POST /boaform/admin/formLogin HTTP/1.1" 404 328 "http://212.91.246.80:80/admin/login.asp" "Mozilla/5.0 (X11; Ubuntu; Linux x86_64; rv:71.0) Gecko/20100101 Firefox/71.0"
212.91.246.72 - - [04/Feb/2024:11:01:31 +0100] "GET / HTTP/1.1" 200 1229 "-" "Mozilla/5.0 (compatible; PRTG Network Monitor (www.paessler.com); Windows)"
91.92.249.164 - - [04/Feb/2024:11:02:03 +0100] "HEAD / HTTP/1.0" 200 - "-" "-"
91.92.249.164 - - [04/Feb/2024:11:02:05 +0100] "HEAD / HTTP/1.0" 200 - "-" "-"
91.92.249.164 - - [04/Feb/2024:11:02:05 +0100] "GET /.env HTTP/1.1" 404 309 "-" "Go-http-client/1.1"
91.92.249.164 - - [04/Feb/2024:11:02:05 +0100] "HEAD / HTTP/1.0" 200 - "-" "-"
91.92.249.164 - - [04/Feb/2024:11:02:05 +0100] "GET /.env.dev HTTP/1.1" 404 313 "-" "Go-http-client/1.1"
91.92.249.164 - - [04/Feb/2024:11:02:05 +0100] "HEAD / HTTP/1.0" 200 - "-" "-"
91.92.249.164 - - [04/Feb/2024:11:02:05 +0100] "GET /.env.prod HTTP/1.1" 404 314 "-" "Go-http-client/1.1"
91.92.249.164 - - [04/Feb/2024:11:02:05 +0100] "HEAD / HTTP/1.0" 200 - "-" "-"
91.92.249.164 - - [04/Feb/2024:11:02:05 +0100] "GET /sendgrid.env HTTP/1.1" 404 317 "-" "Go-http-client/1.1"
91.92.249.164 - - [04/Feb/2024:11:02:06 +0100] "HEAD / HTTP/1.0" 200 - "-" "-"
91.92.249.164 - - [04/Feb/2024:11:02:06 +0100] "GET /?pp=env HTTP/1.1" 200 1229 "-" "Go-http-client/1.1"
91.92.249.164 - - [04/Feb/2024:11:02:06 +0100] "HEAD / HTTP/1.0" 200 - "-" "-"
91.92.249.164 - - [04/Feb/2024:11:02:06 +0100] "GET /docker-compose.yml HTTP/1.1" 404 323 "-" "Go-http-client/1.1"
91.92.249.164 - - [04/Feb/2024:11:02:06 +0100] "HEAD / HTTP/1.0" 200 - "-" "-"
91.92.249.164 - - [04/Feb/2024:11:02:06 +0100] "GET /app/config/parameters.yml HTTP/1.1" 404 330 "-" "Go-http-client/1.1"
91.92.249.164 - - [04/Feb/2024:11:02:06 +0100] "HEAD / HTTP/1.0" 200 - "-" "-"
91.92.249.164 - - [04/Feb/2024:11:02:06 +0100] "GET /appsettings.json HTTP/1.1" 404 321 "-" "Go-http-client/1.1"
212.91.246.72 - - [04/Feb/2024:11:02:31 +0100] "GET / HTTP/1.1" 200 1229 "-" "Mozilla/5.0 (compatible; PRTG Network Monitor (www.paessler.com); Windows)"
212.91.246.72 - - [04/Feb/2024:11:03:32 +0100] "GET / HTTP/1.1" 200 1229 "-" "Mozilla/5.0 (compatible; PRTG Network Monitor (www.paessler.com); Windows)"
212.91.246.72 - - [04/Feb/2024:11:04:32 +0100] "GET / HTTP/1.1" 200 1229 "-" "Mozilla/5.0 (compatible; PRTG Network Monitor (www.paessler.com); Windows)"
167.248.133.124 - - [04/Feb/2024:11:04:33 +0100] "GET / HTTP/1.1" 200 1229 "-" "-"
167.248.133.124 - - [04/Feb/2024:11:04:37 +0100] "GET / HTTP/1.1" 200 1229 "-" "Mozilla/5.0 (compatible; CensysInspect/1.1; +https://about.censys.io/)"
167.248.133.124 - - [04/Feb/2024:11:04:37 +0100] "PRI * HTTP/2.0" 400 329 "-" "-"
167.248.133.124 - - [04/Feb/2024:11:04:38 +0100] "GET /favicon.ico HTTP/1.1" 404 316 "-" "Mozilla/5.0 (compatible; CensysInspect/1.1; +https://about.censys.io/)"
212.91.246.72 - - [04/Feb/2024:11:05:32 +0100] "GET / HTTP/1.1" 200 1229 "-" "Mozilla/5.0 (compatible; PRTG Network Monitor (www.paessler.com); Windows)"
13.40.30.172 - - [04/Feb/2024:11:05:41 +0100] "\x16\x03\x01" 501 318 "-" "-"
13.40.30.172 - - [04/Feb/2024:11:06:31 +0100] "GET /logon.htm HTTP/1.1" 404 314 "-" "'Cloud mapping experiment. Contact research@pdrlabs.net'"
212.91.246.72 - - [04/Feb/2024:11:06:32 +0100] "GET / HTTP/1.1" 200 1229 "-" "Mozilla/5.0 (compatible; PRTG Network Monitor (www.paessler.com); Windows)"
212.91.246.72 - - [04/Feb/2024:11:07:32 +0100] "GET / HTTP/1.1" 200 1229 "-" "Mozilla/5.0 (compatible; PRTG Network Monitor (www.paessler.com); Windows)"
212.91.246.72 - - [04/Feb/2024:11:08:32 +0100] "GET / HTTP/1.1" 200 1229 "-" "Mozilla/5.0 (compatible; PRTG Network Monitor (www.paessler.com); Windows)"
212.91.246.72 - - [04/Feb/2024:11:09:33 +0100] "GET / HTTP/1.1" 200 1229 "-" "Mozilla/5.0 (compatible; PRTG Network Monitor (www.paessler.com); Windows)"
36.68.224.5 - - [04/Feb/2024:11:09:51 +0100] "GET / HTTP/1.1" 200 1229 "-" "Mozilla/5.0 (Windows NT 10.0; WOW64) AppleWebKit/537.36 (KHTML, like Gecko) Chrome/51.0.2704.103 Safari/537.36"
212.91.246.72 - - [04/Feb/2024:11:10:33 +0100] "GET / HTTP/1.1" 200 1229 "-" "Mozilla/5.0 (compatible; PRTG Network Monitor (www.paessler.com); Windows)"
212.91.246.72 - - [04/Feb/2024:11:11:33 +0100] "GET / HTTP/1.1" 200 1229 "-" "Mozilla/5.0 (compatible; PRTG Network Monitor (www.paessler.com); Windows)"
13.40.30.172 - - [04/Feb/2024:11:11:48 +0100] "\x16\x03\x01" 501 318 "-" "-"
212.91.246.72 - - [04/Feb/2024:11:12:33 +0100] "GET / HTTP/1.1" 200 1229 "-" "Mozilla/5.0 (compatible; PRTG Network Monitor (www.paessler.com); Windows)"
13.40.30.172 - - [04/Feb/2024:11:12:42 +0100] "GET /login.jsp HTTP/1.1" 404 314 "-" "'Cloud mapping experiment. Contact research@pdrlabs.net'"
212.91.246.72 - - [04/Feb/2024:11:13:33 +0100] "GET / HTTP/1.1" 200 1229 "-" "Mozilla/5.0 (compatible; PRTG Network Monitor (www.paessler.com); Windows)"
212.91.246.72 - - [04/Feb/2024:11:14:33 +0100] "GET / HTTP/1.1" 200 1229 "-" "Mozilla/5.0 (compatible; PRTG Network Monitor (www.paessler.com); Windows)"
212.91.246.72 - - [04/Feb/2024:11:15:34 +0100] "GET / HTTP/1.1" 200 1229 "-" "Mozilla/5.0 (compatible; PRTG Network Monitor (www.paessler.com); Windows)"
185.91.127.66 - - [04/Feb/2024:11:16:00 +0100] "GET / HTTP/1.1" 200 1229 "-" "Mozilla/5.0 (Windows NT 10.0; Win64; x64) AppleWebKit/537.36 (KHTML, like Gecko) Chrome/98.0.4758.102 Safari/537.36"
212.91.246.72 - - [04/Feb/2024:11:16:34 +0100] "GET / HTTP/1.1" 200 1229 "-" "Mozilla/5.0 (compatible; PRTG Network Monitor (www.paessler.com); Windows)"
212.91.246.72 - - [04/Feb/2024:11:17:34 +0100] "GET / HTTP/1.1" 200 1229 "-" "Mozilla/5.0 (compatible; PRTG Network Monitor (www.paessler.com); Windows)"
185.91.127.66 - - [04/Feb/2024:11:17:51 +0100] "GET / HTTP/1.1" 200 1229 "-" "Mozilla/5.0 (Windows NT 10.0; Win64; x64) AppleWebKit/537.36 (KHTML, like Gecko) Chrome/98.0.4758.102 Safari/537.36"
13.40.30.172 - - [04/Feb/2024:11:17:56 +0100] "\x16\x03\x01" 501 318 "-" "-"
212.91.246.72 - - [04/Feb/2024:11:18:34 +0100] "GET / HTTP/1.1" 200 1229 "-" "Mozilla/5.0 (compatible; PRTG Network Monitor (www.paessler.com); Windows)"
13.40.30.172 - - [04/Feb/2024:11:18:49 +0100] "GET /doc/index.html HTTP/1.1" 404 319 "-" "'Cloud mapping experiment. Contact research@pdrlabs.net'"
212.91.246.72 - - [04/Feb/2024:11:19:34 +0100] "GET / HTTP/1.1" 200 1229 "-" "Mozilla/5.0 (compatible; PRTG Network Monitor (www.paessler.com); Windows)"
212.91.246.72 - - [04/Feb/2024:11:20:34 +0100] "GET / HTTP/1.1" 200 1229 "-" "Mozilla/5.0 (compatible; PRTG Network Monitor (www.paessler.com); Windows)"
212.91.246.72 - - [04/Feb/2024:11:21:35 +0100] "GET / HTTP/1.1" 200 1229 "-" "Mozilla/5.0 (compatible; PRTG Network Monitor (www.paessler.com); Windows)"
146.19.24.23 - - [04/Feb/2024:11:22:27 +0100] "GET / HTTP/1.1" 200 1229 "-" "-"
212.91.246.72 - - [04/Feb/2024:11:22:35 +0100] "GET / HTTP/1.1" 200 1229 "-" "Mozilla/5.0 (compatible; PRTG Network Monitor (www.paessler.com); Windows)"
13.40.30.172 - - [04/Feb/2024:11:23:24 +0100] "\x16\x03\x01" 501 318 "-" "-"
212.91.246.72 - - [04/Feb/2024:11:23:35 +0100] "GET / HTTP/1.1" 200 1229 "-" "Mozilla/5.0 (compatible; PRTG Network Monitor (www.paessler.com); Windows)"
212.91.246.72 - - [04/Feb/2024:11:24:35 +0100] "GET / HTTP/1.1" 200 1229 "-" "Mozilla/5.0 (compatible; PRTG Network Monitor (www.paessler.com); Windows)"
13.40.30.172 - - [04/Feb/2024:11:24:53 +0100] "GET / HTTP/1.1" 200 1229 "-" "'Cloud mapping experiment. Contact research@pdrlabs.net'"
212.91.246.72 - - [04/Feb/2024:11:25:35 +0100] "GET / HTTP/1.1" 200 1229 "-" "Mozilla/5.0 (compatible; PRTG Network Monitor (www.paessler.com); Windows)"
212.91.246.72 - - [04/Feb/2024:11:26:35 +0100] "GET / HTTP/1.1" 200 1229 "-" "Mozilla/5.0 (compatible; PRTG Network Monitor (www.paessler.com); Windows)"
212.91.246.72 - - [04/Feb/2024:11:27:36 +0100] "GET / HTTP/1.1" 200 1229 "-" "Mozilla/5.0 (compatible; PRTG Network Monitor (www.paessler.com); Windows)"
212.91.246.72 - - [04/Feb/2024:11:28:36 +0100] "GET / HTTP/1.1" 200 1229 "-" "Mozilla/5.0 (compatible; PRTG Network Monitor (www.paessler.com); Windows)"
45.95.147.245 - - [04/Feb/2024:11:29:04 +0100] "POST /boaform/admin/formLogin HTTP/1.1" 404 328 "http://212.91.246.82:80/admin/login.asp" "Mozilla/5.0 (X11; Ubuntu; Linux x86_64; rv:71.0) Gecko/20100101 Firefox/71.0"
146.19.24.23 - - [04/Feb/2024:11:29:04 +0100] "GET / HTTP/1.1" 200 1229 "-" "-"
212.91.246.72 - - [04/Feb/2024:11:29:36 +0100] "GET / HTTP/1.1" 200 1229 "-" "Mozilla/5.0 (compatible; PRTG Network Monitor (www.paessler.com); Windows)"
212.91.246.72 - - [04/Feb/2024:11:30:36 +0100] "GET / HTTP/1.1" 200 1229 "-" "Mozilla/5.0 (compatible; PRTG Network Monitor (www.paessler.com); Windows)"
212.91.246.72 - - [04/Feb/2024:11:31:36 +0100] "GET / HTTP/1.1" 200 1229 "-" "Mozilla/5.0 (compatible; PRTG Network Monitor (www.paessler.com); Windows)"
212.91.246.72 - - [04/Feb/2024:11:32:37 +0100] "GET / HTTP/1.1" 200 1229 "-" "Mozilla/5.0 (compatible; PRTG Network Monitor (www.paessler.com); Windows)"
162.216.150.128 - - [04/Feb/2024:11:32:37 +0100] "GET / HTTP/1.1" 200 1229 "-" "Expanse, a Palo Alto Networks company, searches across the global IPv4 space multiple times per day to identify customers' presences on the Internet. If you would like to be excluded from our scans, please send IP addresses/domains to: scaninfo@paloaltonetworks.com"
185.91.127.66 - - [04/Feb/2024:11:32:42 +0100] "GET / HTTP/1.1" 200 1229 "-" "Mozilla/5.0 (Windows NT 10.0; Win64; x64) AppleWebKit/537.36 (KHTML, like Gecko) Chrome/98.0.4758.102 Safari/537.36"
212.91.246.72 - - [04/Feb/2024:11:33:37 +0100] "GET / HTTP/1.1" 200 1229 "-" "Mozilla/5.0 (compatible; PRTG Network Monitor (www.paessler.com); Windows)"
212.91.246.72 - - [04/Feb/2024:11:34:37 +0100] "GET / HTTP/1.1" 200 1229 "-" "Mozilla/5.0 (compatible; PRTG Network Monitor (www.paessler.com); Windows)"
212.91.246.72 - - [04/Feb/2024:11:35:37 +0100] "GET / HTTP/1.1" 200 1229 "-" "Mozilla/5.0 (compatible; PRTG Network Monitor (www.paessler.com); Windows)"
212.91.246.72 - - [04/Feb/2024:11:36:37 +0100] "GET / HTTP/1.1" 200 1229 "-" "Mozilla/5.0 (compatible; PRTG Network Monitor (www.paessler.com); Windows)"
212.91.246.72 - - [04/Feb/2024:11:37:37 +0100] "GET / HTTP/1.1" 200 1229 "-" "Mozilla/5.0 (compatible; PRTG Network Monitor (www.paessler.com); Windows)"
212.91.246.72 - - [04/Feb/2024:11:38:38 +0100] "GET / HTTP/1.1" 200 1229 "-" "Mozilla/5.0 (compatible; PRTG Network Monitor (www.paessler.com); Windows)"
212.91.246.72 - - [04/Feb/2024:11:39:38 +0100] "GET / HTTP/1.1" 200 1229 "-" "Mozilla/5.0 (compatible; PRTG Network Monitor (www.paessler.com); Windows)"
146.19.24.23 - - [04/Feb/2024:11:40:12 +0100] "GET / HTTP/1.1" 200 1229 "-" "-"
212.91.246.72 - - [04/Feb/2024:11:40:38 +0100] "GET / HTTP/1.1" 200 1229 "-" "Mozilla/5.0 (compatible; PRTG Network Monitor (www.paessler.com); Windows)"
212.91.246.72 - - [04/Feb/2024:11:41:38 +0100] "GET / HTTP/1.1" 200 1229 "-" "Mozilla/5.0 (compatible; PRTG Network Monitor (www.paessler.com); Windows)"
35.190.199.12 - - [04/Feb/2024:11:42:21 +0100] "GET / HTTP/1.1" 200 1229 "-" "python-requests/2.31.0"
212.91.246.72 - - [04/Feb/2024:11:42:38 +0100] "GET / HTTP/1.1" 200 1229 "-" "Mozilla/5.0 (compatible; PRTG Network Monitor (www.paessler.com); Windows)"
185.91.127.66 - - [04/Feb/2024:11:42:46 +0100] "GET / HTTP/1.1" 200 1229 "-" "Mozilla/5.0 (Windows NT 10.0; Win64; x64) AppleWebKit/537.36 (KHTML, like Gecko) Chrome/98.0.4758.102 Safari/537.36"
212.91.246.72 - - [04/Feb/2024:11:43:38 +0100] "GET / HTTP/1.1" 200 1229 "-" "Mozilla/5.0 (compatible; PRTG Network Monitor (www.paessler.com); Windows)"
34.76.158.233 - - [04/Feb/2024:11:44:16 +0100] "GET / HTTP/1.1" 200 1229 "-" "python-requests/2.31.0"
212.91.246.72 - - [04/Feb/2024:11:44:39 +0100] "GET / HTTP/1.1" 200 1229 "-" "Mozilla/5.0 (compatible; PRTG Network Monitor (www.paessler.com); Windows)"
35.190.199.12 - - [04/Feb/2024:11:45:18 +0100] "GET / HTTP/1.1" 200 1229 "-" "python-requests/2.31.0"
212.91.246.72 - - [04/Feb/2024:11:45:39 +0100] "GET / HTTP/1.1" 200 1229 "-" "Mozilla/5.0 (compatible; PRTG Network Monitor (www.paessler.com); Windows)"
35.190.199.12 - - [04/Feb/2024:11:45:41 +0100] "GET / HTTP/1.1" 200 1229 "-" "python-requests/2.31.0"
35.190.199.12 - - [04/Feb/2024:11:45:42 +0100] "GET / HTTP/1.1" 200 1229 "-" "python-requests/2.31.0"
34.76.158.233 - - [04/Feb/2024:11:46:38 +0100] "GET / HTTP/1.1" 200 1229 "-" "python-requests/2.31.0"
212.91.246.72 - - [04/Feb/2024:11:46:39 +0100] "GET / HTTP/1.1" 200 1229 "-" "Mozilla/5.0 (compatible; PRTG Network Monitor (www.paessler.com); Windows)"
43.131.243.208 - - [04/Feb/2024:11:46:49 +0100] "GET / HTTP/1.1" 200 1229 "-" "Mozilla/5.0 (iPhone; CPU iPhone OS 13_2_3 like Mac OS X) AppleWebKit/605.1.15 (KHTML, like Gecko) Version/13.0.3 Mobile/15E148 Safari/604.1"
35.190.199.12 - - [04/Feb/2024:11:47:03 +0100] "GET / HTTP/1.1" 200 1229 "-" "python-requests/2.31.0"
212.91.246.72 - - [04/Feb/2024:11:47:39 +0100] "GET / HTTP/1.1" 200 1229 "-" "Mozilla/5.0 (compatible; PRTG Network Monitor (www.paessler.com); Windows)"
34.140.248.32 - - [04/Feb/2024:11:47:50 +0100] "GET / HTTP/1.1" 200 1229 "-" "python-requests/2.31.0"
35.187.98.121 - - [04/Feb/2024:11:47:50 +0100] "GET / HTTP/1.1" 200 1229 "-" "python-requests/2.31.0"
212.91.246.72 - - [04/Feb/2024:11:48:39 +0100] "GET / HTTP/1.1" 200 1229 "-" "Mozilla/5.0 (compatible; PRTG Network Monitor (www.paessler.com); Windows)"
212.91.246.72 - - [04/Feb/2024:11:49:39 +0100] "GET / HTTP/1.1" 200 1229 "-" "Mozilla/5.0 (compatible; PRTG Network Monitor (www.paessler.com); Windows)"
212.91.246.72 - - [04/Feb/2024:11:50:39 +0100] "GET / HTTP/1.1" 200 1229 "-" "Mozilla/5.0 (compatible; PRTG Network Monitor (www.paessler.com); Windows)"
45.131.111.142 - - [04/Feb/2024:11:51:36 +0100] "GET / HTTP/1.1" 200 1229 "-" "-"
212.91.246.72 - - [04/Feb/2024:11:51:40 +0100] "GET / HTTP/1.1" 200 1229 "-" "Mozilla/5.0 (compatible; PRTG Network Monitor (www.paessler.com); Windows)"
212.91.246.72 - - [04/Feb/2024:11:52:40 +0100] "GET / HTTP/1.1" 200 1229 "-" "Mozilla/5.0 (compatible; PRTG Network Monitor (www.paessler.com); Windows)"
212.91.246.72 - - [04/Feb/2024:11:53:40 +0100] "GET / HTTP/1.1" 200 1229 "-" "Mozilla/5.0 (compatible; PRTG Network Monitor (www.paessler.com); Windows)"
212.91.246.72 - - [04/Feb/2024:11:54:40 +0100] "GET / HTTP/1.1" 200 1229 "-" "Mozilla/5.0 (compatible; PRTG Network Monitor (www.paessler.com); Windows)"
212.91.246.72 - - [04/Feb/2024:11:55:40 +0100] "GET / HTTP/1.1" 200 1229 "-" "Mozilla/5.0 (compatible; PRTG Network Monitor (www.paessler.com); Windows)"
212.91.246.72 - - [04/Feb/2024:11:56:41 +0100] "GET / HTTP/1.1" 200 1229 "-" "Mozilla/5.0 (compatible; PRTG Network Monitor (www.paessler.com); Windows)"
212.91.246.72 - - [04/Feb/2024:11:57:41 +0100] "GET / HTTP/1.1" 200 1229 "-" "Mozilla/5.0 (compatible; PRTG Network Monitor (www.paessler.com); Windows)"
212.91.246.72 - - [04/Feb/2024:11:58:41 +0100] "GET / HTTP/1.1" 200 1229 "-" "Mozilla/5.0 (compatible; PRTG Network Monitor (www.paessler.com); Windows)"
212.91.246.72 - - [04/Feb/2024:11:59:41 +0100] "GET / HTTP/1.1" 200 1229 "-" "Mozilla/5.0 (compatible; PRTG Network Monitor (www.paessler.com); Windows)"
212.91.246.72 - - [04/Feb/2024:12:00:41 +0100] "GET / HTTP/1.1" 200 1229 "-" "Mozilla/5.0 (compatible; PRTG Network Monitor (www.paessler.com); Windows)"
212.91.246.72 - - [04/Feb/2024:12:01:41 +0100] "GET / HTTP/1.1" 200 1229 "-" "Mozilla/5.0 (compatible; PRTG Network Monitor (www.paessler.com); Windows)"
165.154.182.174 - - [04/Feb/2024:12:02:32 +0100] "GET / HTTP/1.1" 200 1229 "-" "curl/7.29.0"
165.154.182.174 - - [04/Feb/2024:12:02:33 +0100] "\x16\x03\x01" 501 318 "-" "-"
165.154.182.174 - - [04/Feb/2024:12:02:33 +0100] "t3 12.1.2" 400 329 "-" "-"
212.91.246.72 - - [04/Feb/2024:12:02:42 +0100] "GET / HTTP/1.1" 200 1229 "-" "Mozilla/5.0 (compatible; PRTG Network Monitor (www.paessler.com); Windows)"
147.75.81.1 - - [04/Feb/2024:12:03:36 +0100] "GET / HTTP/1.1" 200 1229 "-" "Mozilla/5.0 (Windows NT 10.0; Win64; x64) AppleWebKit/537.36 (KHTML, like Gecko) Chrome/98.0.4758.102 Safari/537.36"
212.91.246.72 - - [04/Feb/2024:12:03:42 +0100] "GET / HTTP/1.1" 200 1229 "-" "Mozilla/5.0 (compatible; PRTG Network Monitor (www.paessler.com); Windows)"
212.91.246.72 - - [04/Feb/2024:12:04:42 +0100] "GET / HTTP/1.1" 200 1229 "-" "Mozilla/5.0 (compatible; PRTG Network Monitor (www.paessler.com); Windows)"
212.91.246.72 - - [04/Feb/2024:12:05:42 +0100] "GET / HTTP/1.1" 200 1229 "-" "Mozilla/5.0 (compatible; PRTG Network Monitor (www.paessler.com); Windows)"
212.91.246.72 - - [04/Feb/2024:12:06:42 +0100] "GET / HTTP/1.1" 200 1229 "-" "Mozilla/5.0 (compatible; PRTG Network Monitor (www.paessler.com); Windows)"
212.91.246.72 - - [04/Feb/2024:12:07:42 +0100] "GET / HTTP/1.1" 200 1229 "-" "Mozilla/5.0 (compatible; PRTG Network Monitor (www.paessler.com); Windows)"
212.91.246.72 - - [04/Feb/2024:12:08:43 +0100] "GET / HTTP/1.1" 200 1229 "-" "Mozilla/5.0 (compatible; PRTG Network Monitor (www.paessler.com); Windows)"
212.91.246.72 - - [04/Feb/2024:12:09:43 +0100] "GET / HTTP/1.1" 200 1229 "-" "Mozilla/5.0 (compatible; PRTG Network Monitor (www.paessler.com); Windows)"
45.131.111.142 - - [04/Feb/2024:12:09:58 +0100] "GET / HTTP/1.1" 200 1229 "-" "-"
212.91.246.72 - - [04/Feb/2024:12:10:43 +0100] "GET / HTTP/1.1" 200 1229 "-" "Mozilla/5.0 (compatible; PRTG Network Monitor (www.paessler.com); Windows)"
212.91.246.72 - - [04/Feb/2024:12:11:43 +0100] "GET / HTTP/1.1" 200 1229 "-" "Mozilla/5.0 (compatible; PRTG Network Monitor (www.paessler.com); Windows)"
212.91.246.72 - - [04/Feb/2024:12:12:43 +0100] "GET / HTTP/1.1" 200 1229 "-" "Mozilla/5.0 (compatible; PRTG Network Monitor (www.paessler.com); Windows)"
212.91.246.72 - - [04/Feb/2024:12:13:43 +0100] "GET / HTTP/1.1" 200 1229 "-" "Mozilla/5.0 (compatible; PRTG Network Monitor (www.paessler.com); Windows)"
212.91.246.72 - - [04/Feb/2024:12:14:43 +0100] "GET / HTTP/1.1" 200 1229 "-" "Mozilla/5.0 (compatible; PRTG Network Monitor (www.paessler.com); Windows)"
212.91.246.72 - - [04/Feb/2024:12:15:43 +0100] "GET / HTTP/1.1" 200 1229 "-" "Mozilla/5.0 (compatible; PRTG Network Monitor (www.paessler.com); Windows)"
212.91.246.72 - - [04/Feb/2024:12:16:44 +0100] "GET / HTTP/1.1" 200 1229 "-" "Mozilla/5.0 (compatible; PRTG Network Monitor (www.paessler.com); Windows)"
212.91.246.72 - - [04/Feb/2024:12:17:44 +0100] "GET / HTTP/1.1" 200 1229 "-" "Mozilla/5.0 (compatible; PRTG Network Monitor (www.paessler.com); Windows)"
147.75.81.1 - - [04/Feb/2024:12:18:44 +0100] "GET /login HTTP/1.1" 404 310 "-" "Mozilla/5.0 (Windows NT 10.0; Win64; x64) AppleWebKit/537.36 (KHTML, like Gecko) Chrome/98.0.4758.102 Safari/537.36"
212.91.246.72 - - [04/Feb/2024:12:18:44 +0100] "GET / HTTP/1.1" 200 1229 "-" "Mozilla/5.0 (compatible; PRTG Network Monitor (www.paessler.com); Windows)"
147.75.81.1 - - [04/Feb/2024:12:19:01 +0100] "GET /login HTTP/1.1" 404 310 "-" "Mozilla/5.0 (Windows NT 10.0; Win64; x64) AppleWebKit/537.36 (KHTML, like Gecko) Chrome/98.0.4758.102 Safari/537.36"
212.91.246.72 - - [04/Feb/2024:12:19:44 +0100] "GET / HTTP/1.1" 200 1229 "-" "Mozilla/5.0 (compatible; PRTG Network Monitor (www.paessler.com); Windows)"
212.91.246.72 - - [04/Feb/2024:12:20:44 +0100] "GET / HTTP/1.1" 200 1229 "-" "Mozilla/5.0 (compatible; PRTG Network Monitor (www.paessler.com); Windows)"
212.91.246.72 - - [04/Feb/2024:12:21:44 +0100] "GET / HTTP/1.1" 200 1229 "-" "Mozilla/5.0 (compatible; PRTG Network Monitor (www.paessler.com); Windows)"
146.19.24.23 - - [04/Feb/2024:12:21:57 +0100] "GET / HTTP/1.1" 200 1229 "-" "-"
212.91.246.72 - - [04/Feb/2024:12:22:45 +0100] "GET / HTTP/1.1" 200 1229 "-" "Mozilla/5.0 (compatible; PRTG Network Monitor (www.paessler.com); Windows)"
176.97.210.229 - - [04/Feb/2024:12:22:53 +0100] "GET / HTTP/1.1" 200 1229 "-" "-"
212.91.246.72 - - [04/Feb/2024:12:23:45 +0100] "GET / HTTP/1.1" 200 1229 "-" "Mozilla/5.0 (compatible; PRTG Network Monitor (www.paessler.com); Windows)"
45.131.111.142 - - [04/Feb/2024:12:24:02 +0100] "GET / HTTP/1.1" 200 1229 "-" "-"
212.91.246.72 - - [04/Feb/2024:12:24:45 +0100] "GET / HTTP/1.1" 200 1229 "-" "Mozilla/5.0 (compatible; PRTG Network Monitor (www.paessler.com); Windows)"
35.187.98.121 - - [04/Feb/2024:12:25:23 +0100] "GET / HTTP/1.1" 200 1229 "-" "python-requests/2.31.0"
212.91.246.72 - - [04/Feb/2024:12:25:45 +0100] "GET / HTTP/1.1" 200 1229 "-" "Mozilla/5.0 (compatible; PRTG Network Monitor (www.paessler.com); Windows)"
212.91.246.72 - - [04/Feb/2024:12:26:45 +0100] "GET / HTTP/1.1" 200 1229 "-" "Mozilla/5.0 (compatible; PRTG Network Monitor (www.paessler.com); Windows)"
147.75.81.1 - - [04/Feb/2024:12:26:58 +0100] "GET /login HTTP/1.1" 404 310 "-" "Mozilla/5.0 (Windows NT 10.0; Win64; x64) AppleWebKit/537.36 (KHTML, like Gecko) Chrome/98.0.4758.102 Safari/537.36"
212.91.246.72 - - [04/Feb/2024:12:27:45 +0100] "GET / HTTP/1.1" 200 1229 "-" "Mozilla/5.0 (compatible; PRTG Network Monitor (www.paessler.com); Windows)"
47.88.86.63 - - [04/Feb/2024:12:27:49 +0100] "GET / HTTP/1.1" 200 1229 "-" "Mozilla/5.0 (Linux; Android 10; LIO-AN00 Build/HUAWEILIO-AN00; wv) AppleWebKit/537.36 (KHTML, like Gecko) Chrome/103.0.5060.114 Mobile Safari/537.36"
47.251.15.21 - - [04/Feb/2024:12:27:50 +0100] "GET /Public/home/js/check.js HTTP/1.1" 404 328 "-" "Mozilla/5.0 (Linux; Android 10; LIO-AN00 Build/HUAWEILIO-AN00; wv) AppleWebKit/537.36 (KHTML, like Gecko) Chrome/103.0.5060.114 Mobile Safari/537.36"
47.89.193.239 - - [04/Feb/2024:12:27:51 +0100] "GET /static/admin/javascript/hetong.js HTTP/1.1" 404 338 "-" "Mozilla/5.0 (Linux; Android 10; LIO-AN00 Build/HUAWEILIO-AN00; wv) AppleWebKit/537.36 (KHTML, like Gecko) Chrome/103.0.5060.114 Mobile Safari/537.36"
45.131.111.142 - - [04/Feb/2024:12:27:52 +0100] "GET / HTTP/1.1" 200 1229 "-" "-"
147.75.81.1 - - [04/Feb/2024:12:27:58 +0100] "GET /login HTTP/1.1" 404 310 "-" "Mozilla/5.0 (Windows NT 10.0; Win64; x64) AppleWebKit/537.36 (KHTML, like Gecko) Chrome/98.0.4758.102 Safari/537.36"
45.95.147.245 - - [04/Feb/2024:12:28:41 +0100] "POST /boaform/admin/formLogin HTTP/1.1" 404 328 "http://212.91.246.88:80/admin/login.asp" "Mozilla/5.0 (X11; Ubuntu; Linux x86_64; rv:71.0) Gecko/20100101 Firefox/71.0"
212.91.246.72 - - [04/Feb/2024:12:28:46 +0100] "GET / HTTP/1.1" 200 1229 "-" "Mozilla/5.0 (compatible; PRTG Network Monitor (www.paessler.com); Windows)"
212.91.246.72 - - [04/Feb/2024:12:29:46 +0100] "GET / HTTP/1.1" 200 1229 "-" "Mozilla/5.0 (compatible; PRTG Network Monitor (www.paessler.com); Windows)"
212.91.246.72 - - [04/Feb/2024:12:30:46 +0100] "GET / HTTP/1.1" 200 1229 "-" "Mozilla/5.0 (compatible; PRTG Network Monitor (www.paessler.com); Windows)"
185.142.236.43 - - [04/Feb/2024:12:31:19 +0100] "GET / HTTP/1.1" 200 1229 "-" "Mozilla/5.0 (Windows NT 6.1) AppleWebKit/537.36 (KHTML, like Gecko) Chrome/41.0.2228.0 Safari/537.36"
185.142.236.43 - - [04/Feb/2024:12:31:19 +0100] "GET /robots.txt HTTP/1.1" 404 315 "-" "-"
185.142.236.43 - - [04/Feb/2024:12:31:20 +0100] "GET /sitemap.xml HTTP/1.1" 404 316 "-" "-"
185.142.236.43 - - [04/Feb/2024:12:31:20 +0100] "GET /.well-known/security.txt HTTP/1.1" 404 329 "-" "-"
185.142.236.43 - - [04/Feb/2024:12:31:22 +0100] "GET /favicon.ico HTTP/1.1" 404 316 "-" "Mozilla/5.0 (Windows NT 10.0; Win64; x64) AppleWebKit/537.36 (KHTML, like Gecko) Chrome/102.0.5005.63 Safari/537.36"
212.91.246.72 - - [04/Feb/2024:12:31:46 +0100] "GET / HTTP/1.1" 200 1229 "-" "Mozilla/5.0 (compatible; PRTG Network Monitor (www.paessler.com); Windows)"
146.19.24.23 - - [04/Feb/2024:12:32:26 +0100] "GET / HTTP/1.1" 200 1229 "-" "-"
212.91.246.72 - - [04/Feb/2024:12:32:46 +0100] "GET / HTTP/1.1" 200 1229 "-" "Mozilla/5.0 (compatible; PRTG Network Monitor (www.paessler.com); Windows)"
212.91.246.72 - - [04/Feb/2024:12:33:46 +0100] "GET / HTTP/1.1" 200 1229 "-" "Mozilla/5.0 (compatible; PRTG Network Monitor (www.paessler.com); Windows)"
212.91.246.72 - - [04/Feb/2024:12:34:46 +0100] "GET / HTTP/1.1" 200 1229 "-" "Mozilla/5.0 (compatible; PRTG Network Monitor (www.paessler.com); Windows)"
147.75.81.1 - - [04/Feb/2024:12:35:09 +0100] "GET /login HTTP/1.1" 404 310 "-" "Mozilla/5.0 (Windows NT 10.0; Win64; x64) AppleWebKit/537.36 (KHTML, like Gecko) Chrome/98.0.4758.102 Safari/537.36"
147.75.81.1 - - [04/Feb/2024:12:35:28 +0100] "GET /login HTTP/1.1" 404 310 "-" "Mozilla/5.0 (Windows NT 10.0; Win64; x64) AppleWebKit/537.36 (KHTML, like Gecko) Chrome/98.0.4758.102 Safari/537.36"
212.91.246.72 - - [04/Feb/2024:12:35:47 +0100] "GET / HTTP/1.1" 200 1229 "-" "Mozilla/5.0 (compatible; PRTG Network Monitor (www.paessler.com); Windows)"
212.91.246.72 - - [04/Feb/2024:12:36:47 +0100] "GET / HTTP/1.1" 200 1229 "-" "Mozilla/5.0 (compatible; PRTG Network Monitor (www.paessler.com); Windows)"
146.19.24.23 - - [04/Feb/2024:12:37:18 +0100] "GET / HTTP/1.1" 200 1229 "-" "-"
212.91.246.72 - - [04/Feb/2024:12:37:47 +0100] "GET / HTTP/1.1" 200 1229 "-" "Mozilla/5.0 (compatible; PRTG Network Monitor (www.paessler.com); Windows)"
146.19.24.23 - - [04/Feb/2024:12:38:19 +0100] "GET / HTTP/1.1" 200 1229 "-" "-"
146.19.24.23 - - [04/Feb/2024:12:38:27 +0100] "GET / HTTP/1.1" 200 1229 "-" "-"
147.75.81.1 - - [04/Feb/2024:12:38:33 +0100] "GET /login HTTP/1.1" 404 310 "-" "Mozilla/5.0 (Windows NT 10.0; Win64; x64) AppleWebKit/537.36 (KHTML, like Gecko) Chrome/98.0.4758.102 Safari/537.36"
147.75.81.1 - - [04/Feb/2024:12:38:47 +0100] "GET /login HTTP/1.1" 404 310 "-" "Mozilla/5.0 (Windows NT 10.0; Win64; x64) AppleWebKit/537.36 (KHTML, like Gecko) Chrome/98.0.4758.102 Safari/537.36"
212.91.246.72 - - [04/Feb/2024:12:38:47 +0100] "GET / HTTP/1.1" 200 1229 "-" "Mozilla/5.0 (compatible; PRTG Network Monitor (www.paessler.com); Windows)"
212.91.246.72 - - [04/Feb/2024:12:39:47 +0100] "GET / HTTP/1.1" 200 1229 "-" "Mozilla/5.0 (compatible; PRTG Network Monitor (www.paessler.com); Windows)"
212.91.246.72 - - [04/Feb/2024:12:40:47 +0100] "GET / HTTP/1.1" 200 1229 "-" "Mozilla/5.0 (compatible; PRTG Network Monitor (www.paessler.com); Windows)"
212.91.246.72 - - [04/Feb/2024:12:41:47 +0100] "GET / HTTP/1.1" 200 1229 "-" "Mozilla/5.0 (compatible; PRTG Network Monitor (www.paessler.com); Windows)"
212.91.246.72 - - [04/Feb/2024:12:42:48 +0100] "GET / HTTP/1.1" 200 1229 "-" "Mozilla/5.0 (compatible; PRTG Network Monitor (www.paessler.com); Windows)"
212.91.246.72 - - [04/Feb/2024:12:43:48 +0100] "GET / HTTP/1.1" 200 1229 "-" "Mozilla/5.0 (compatible; PRTG Network Monitor (www.paessler.com); Windows)"
212.91.246.72 - - [04/Feb/2024:12:44:48 +0100] "GET / HTTP/1.1" 200 1229 "-" "Mozilla/5.0 (compatible; PRTG Network Monitor (www.paessler.com); Windows)"
212.91.246.72 - - [04/Feb/2024:12:45:48 +0100] "GET / HTTP/1.1" 200 1229 "-" "Mozilla/5.0 (compatible; PRTG Network Monitor (www.paessler.com); Windows)"
212.91.246.72 - - [04/Feb/2024:12:46:48 +0100] "GET / HTTP/1.1" 200 1229 "-" "Mozilla/5.0 (compatible; PRTG Network Monitor (www.paessler.com); Windows)"
212.91.246.72 - - [04/Feb/2024:12:47:48 +0100] "GET / HTTP/1.1" 200 1229 "-" "Mozilla/5.0 (compatible; PRTG Network Monitor (www.paessler.com); Windows)"
212.91.246.72 - - [04/Feb/2024:12:48:49 +0100] "GET / HTTP/1.1" 200 1229 "-" "Mozilla/5.0 (compatible; PRTG Network Monitor (www.paessler.com); Windows)"
212.91.246.72 - - [04/Feb/2024:12:49:49 +0100] "GET / HTTP/1.1" 200 1229 "-" "Mozilla/5.0 (compatible; PRTG Network Monitor (www.paessler.com); Windows)"
212.91.246.72 - - [04/Feb/2024:12:50:49 +0100] "GET / HTTP/1.1" 200 1229 "-" "Mozilla/5.0 (compatible; PRTG Network Monitor (www.paessler.com); Windows)"
45.95.147.245 - - [04/Feb/2024:12:51:48 +0100] "POST /boaform/admin/formLogin HTTP/1.1" 404 328 "http://212.91.246.83:80/admin/login.asp" "Mozilla/5.0 (X11; Ubuntu; Linux x86_64; rv:71.0) Gecko/20100101 Firefox/71.0"
212.91.246.72 - - [04/Feb/2024:12:51:49 +0100] "GET / HTTP/1.1" 200 1229 "-" "Mozilla/5.0 (compatible; PRTG Network Monitor (www.paessler.com); Windows)"
212.91.246.72 - - [04/Feb/2024:12:52:49 +0100] "GET / HTTP/1.1" 200 1229 "-" "Mozilla/5.0 (compatible; PRTG Network Monitor (www.paessler.com); Windows)"
170.64.128.231 - - [04/Feb/2024:12:53:04 +0100] "GET http://165.232.135.20/212.91.246.88 HTTP/1.1" 404 319 "-" "Mozilla/0 (Project 25499 Scanner)"
212.91.246.72 - - [04/Feb/2024:12:53:49 +0100] "GET / HTTP/1.1" 200 1229 "-" "Mozilla/5.0 (compatible; PRTG Network Monitor (www.paessler.com); Windows)"
212.91.246.72 - - [04/Feb/2024:12:54:50 +0100] "GET / HTTP/1.1" 200 1229 "-" "Mozilla/5.0 (compatible; PRTG Network Monitor (www.paessler.com); Windows)"
212.91.246.72 - - [04/Feb/2024:12:55:50 +0100] "GET / HTTP/1.1" 200 1229 "-" "Mozilla/5.0 (compatible; PRTG Network Monitor (www.paessler.com); Windows)"
212.91.246.72 - - [04/Feb/2024:12:56:50 +0100] "GET / HTTP/1.1" 200 1229 "-" "Mozilla/5.0 (compatible; PRTG Network Monitor (www.paessler.com); Windows)"
212.91.246.72 - - [04/Feb/2024:12:57:50 +0100] "GET / HTTP/1.1" 200 1229 "-" "Mozilla/5.0 (compatible; PRTG Network Monitor (www.paessler.com); Windows)"
212.91.246.72 - - [04/Feb/2024:12:58:50 +0100] "GET / HTTP/1.1" 200 1229 "-" "Mozilla/5.0 (compatible; PRTG Network Monitor (www.paessler.com); Windows)"
212.91.246.72 - - [04/Feb/2024:12:59:50 +0100] "GET / HTTP/1.1" 200 1229 "-" "Mozilla/5.0 (compatible; PRTG Network Monitor (www.paessler.com); Windows)"
212.91.246.72 - - [04/Feb/2024:13:00:50 +0100] "GET / HTTP/1.1" 200 1229 "-" "Mozilla/5.0 (compatible; PRTG Network Monitor (www.paessler.com); Windows)"
212.91.246.72 - - [04/Feb/2024:13:01:51 +0100] "GET / HTTP/1.1" 200 1229 "-" "Mozilla/5.0 (compatible; PRTG Network Monitor (www.paessler.com); Windows)"
212.91.246.72 - - [04/Feb/2024:13:02:51 +0100] "GET / HTTP/1.1" 200 1229 "-" "Mozilla/5.0 (compatible; PRTG Network Monitor (www.paessler.com); Windows)"
212.91.246.72 - - [04/Feb/2024:13:03:51 +0100] "GET / HTTP/1.1" 200 1229 "-" "Mozilla/5.0 (compatible; PRTG Network Monitor (www.paessler.com); Windows)"
212.91.246.72 - - [04/Feb/2024:13:04:51 +0100] "GET / HTTP/1.1" 200 1229 "-" "Mozilla/5.0 (compatible; PRTG Network Monitor (www.paessler.com); Windows)"
212.91.246.72 - - [04/Feb/2024:13:05:51 +0100] "GET / HTTP/1.1" 200 1229 "-" "Mozilla/5.0 (compatible; PRTG Network Monitor (www.paessler.com); Windows)"
212.91.246.72 - - [04/Feb/2024:13:06:52 +0100] "GET / HTTP/1.1" 200 1229 "-" "Mozilla/5.0 (compatible; PRTG Network Monitor (www.paessler.com); Windows)"
212.91.246.72 - - [04/Feb/2024:13:07:52 +0100] "GET / HTTP/1.1" 200 1229 "-" "Mozilla/5.0 (compatible; PRTG Network Monitor (www.paessler.com); Windows)"
212.91.246.72 - - [04/Feb/2024:13:08:52 +0100] "GET / HTTP/1.1" 200 1229 "-" "Mozilla/5.0 (compatible; PRTG Network Monitor (www.paessler.com); Windows)"
212.91.246.72 - - [04/Feb/2024:13:09:52 +0100] "GET / HTTP/1.1" 200 1229 "-" "Mozilla/5.0 (compatible; PRTG Network Monitor (www.paessler.com); Windows)"
212.91.246.72 - - [04/Feb/2024:13:10:52 +0100] "GET / HTTP/1.1" 200 1229 "-" "Mozilla/5.0 (compatible; PRTG Network Monitor (www.paessler.com); Windows)"
212.91.246.72 - - [04/Feb/2024:13:11:52 +0100] "GET / HTTP/1.1" 200 1229 "-" "Mozilla/5.0 (compatible; PRTG Network Monitor (www.paessler.com); Windows)"
184.105.247.252 - - [04/Feb/2024:13:12:45 +0100] "\x16\x03\x01" 501 318 "-" "-"
212.91.246.72 - - [04/Feb/2024:13:12:53 +0100] "GET / HTTP/1.1" 200 1229 "-" "Mozilla/5.0 (compatible; PRTG Network Monitor (www.paessler.com); Windows)"
212.91.246.72 - - [04/Feb/2024:13:13:53 +0100] "GET / HTTP/1.1" 200 1229 "-" "Mozilla/5.0 (compatible; PRTG Network Monitor (www.paessler.com); Windows)"
147.75.81.1 - - [04/Feb/2024:13:14:52 +0100] "GET /login HTTP/1.1" 404 311 "-" "Mozilla/5.0 (Windows NT 10.0; Win64; x64) AppleWebKit/537.36 (KHTML, like Gecko) Chrome/98.0.4758.102 Safari/537.36"
212.91.246.72 - - [04/Feb/2024:13:14:53 +0100] "GET / HTTP/1.1" 200 1229 "-" "Mozilla/5.0 (compatible; PRTG Network Monitor (www.paessler.com); Windows)"
147.75.81.1 - - [04/Feb/2024:13:15:53 +0100] "GET /login HTTP/1.1" 404 311 "-" "Mozilla/5.0 (Windows NT 10.0; Win64; x64) AppleWebKit/537.36 (KHTML, like Gecko) Chrome/98.0.4758.102 Safari/537.36"
212.91.246.72 - - [04/Feb/2024:13:15:53 +0100] "GET / HTTP/1.1" 200 1229 "-" "Mozilla/5.0 (compatible; PRTG Network Monitor (www.paessler.com); Windows)"
65.49.1.18 - - [04/Feb/2024:13:15:56 +0100] "\x16\x03\x01" 501 318 "-" "-"
64.62.197.109 - - [04/Feb/2024:13:16:31 +0100] "\x16\x03\x01" 501 318 "-" "-"
212.91.246.72 - - [04/Feb/2024:13:16:53 +0100] "GET / HTTP/1.1" 200 1229 "-" "Mozilla/5.0 (compatible; PRTG Network Monitor (www.paessler.com); Windows)"
212.91.246.72 - - [04/Feb/2024:13:17:53 +0100] "GET / HTTP/1.1" 200 1229 "-" "Mozilla/5.0 (compatible; PRTG Network Monitor (www.paessler.com); Windows)"
78.153.140.175 - - [04/Feb/2024:13:18:53 +0100] "GET /.env HTTP/1.1" 404 309 "-" "Mozilla/5.0 (X11; Linux x86_64) AppleWebKit/537.36 (KHTML, like Gecko) Chrome/81.0.4044.129 Safari/537.36"
212.91.246.72 - - [04/Feb/2024:13:18:54 +0100] "GET / HTTP/1.1" 200 1229 "-" "Mozilla/5.0 (compatible; PRTG Network Monitor (www.paessler.com); Windows)"
78.153.140.175 - - [04/Feb/2024:13:18:55 +0100] "\x16\x03\x01\x01H\x01" 501 321 "-" "-"
212.91.246.72 - - [04/Feb/2024:13:19:54 +0100] "GET / HTTP/1.1" 200 1229 "-" "Mozilla/5.0 (compatible; PRTG Network Monitor (www.paessler.com); Windows)"
18.133.181.228 - - [04/Feb/2024:13:20:47 +0100] "\x16\x03\x01" 501 318 "-" "-"
212.91.246.72 - - [04/Feb/2024:13:20:54 +0100] "GET / HTTP/1.1" 200 1229 "-" "Mozilla/5.0 (compatible; PRTG Network Monitor (www.paessler.com); Windows)"
45.95.147.245 - - [04/Feb/2024:13:21:49 +0100] "POST /boaform/admin/formLogin HTTP/1.1" 404 328 "http://212.91.246.89:80/admin/login.asp" "Mozilla/5.0 (X11; Ubuntu; Linux x86_64; rv:71.0) Gecko/20100101 Firefox/71.0"
212.91.246.72 - - [04/Feb/2024:13:21:54 +0100] "GET / HTTP/1.1" 200 1229 "-" "Mozilla/5.0 (compatible; PRTG Network Monitor (www.paessler.com); Windows)"
198.199.111.202 - - [04/Feb/2024:13:22:52 +0100] "GET /manager/html HTTP/1.1" 404 317 "-" "Mozilla/5.0 zgrab/0.x"
212.91.246.72 - - [04/Feb/2024:13:22:54 +0100] "GET / HTTP/1.1" 200 1229 "-" "Mozilla/5.0 (compatible; PRTG Network Monitor (www.paessler.com); Windows)"
198.199.111.202 - - [04/Feb/2024:13:23:16 +0100] "GET /manager/html HTTP/1.1" 404 317 "-" "Mozilla/5.0 zgrab/0.x"
198.199.111.202 - - [04/Feb/2024:13:23:24 +0100] "GET /manager/html HTTP/1.1" 404 317 "-" "Mozilla/5.0 zgrab/0.x"
198.199.111.202 - - [04/Feb/2024:13:23:31 +0100] "GET /manager/html HTTP/1.1" 404 317 "-" "Mozilla/5.0 zgrab/0.x"
147.75.81.1 - - [04/Feb/2024:13:23:48 +0100] "GET /login HTTP/1.1" 404 311 "-" "Mozilla/5.0 (Windows NT 10.0; Win64; x64) AppleWebKit/537.36 (KHTML, like Gecko) Chrome/98.0.4758.102 Safari/537.36"
212.91.246.72 - - [04/Feb/2024:13:23:54 +0100] "GET / HTTP/1.1" 200 1229 "-" "Mozilla/5.0 (compatible; PRTG Network Monitor (www.paessler.com); Windows)"
198.199.111.202 - - [04/Feb/2024:13:24:17 +0100] "GET /manager/html HTTP/1.1" 404 317 "-" "Mozilla/5.0 zgrab/0.x"
198.199.111.202 - - [04/Feb/2024:13:24:22 +0100] "GET /manager/html HTTP/1.1" 404 317 "-" "Mozilla/5.0 zgrab/0.x"
198.199.111.202 - - [04/Feb/2024:13:24:25 +0100] "GET /manager/html HTTP/1.1" 404 317 "-" "Mozilla/5.0 zgrab/0.x"
212.91.246.72 - - [04/Feb/2024:13:24:55 +0100] "GET / HTTP/1.1" 200 1229 "-" "Mozilla/5.0 (compatible; PRTG Network Monitor (www.paessler.com); Windows)"
198.199.111.202 - - [04/Feb/2024:13:24:59 +0100] "GET /manager/html HTTP/1.1" 404 317 "-" "Mozilla/5.0 zgrab/0.x"
198.199.111.202 - - [04/Feb/2024:13:25:09 +0100] "GET /manager/html HTTP/1.1" 404 317 "-" "Mozilla/5.0 zgrab/0.x"
198.199.111.202 - - [04/Feb/2024:13:25:18 +0100] "GET /manager/html HTTP/1.1" 404 317 "-" "Mozilla/5.0 zgrab/0.x"
212.91.246.72 - - [04/Feb/2024:13:25:55 +0100] "GET / HTTP/1.1" 200 1229 "-" "Mozilla/5.0 (compatible; PRTG Network Monitor (www.paessler.com); Windows)"
212.91.246.72 - - [04/Feb/2024:13:26:55 +0100] "GET / HTTP/1.1" 200 1229 "-" "Mozilla/5.0 (compatible; PRTG Network Monitor (www.paessler.com); Windows)"
212.91.246.72 - - [04/Feb/2024:13:27:55 +0100] "GET / HTTP/1.1" 200 1229 "-" "Mozilla/5.0 (compatible; PRTG Network Monitor (www.paessler.com); Windows)"
18.133.181.228 - - [04/Feb/2024:13:28:24 +0100] "GET /favicon.ico HTTP/1.1" 404 316 "-" "'Cloud mapping experiment. Contact research@pdrlabs.net'"
212.91.246.72 - - [04/Feb/2024:13:28:55 +0100] "GET / HTTP/1.1" 200 1229 "-" "Mozilla/5.0 (compatible; PRTG Network Monitor (www.paessler.com); Windows)"
212.91.246.72 - - [04/Feb/2024:13:29:56 +0100] "GET / HTTP/1.1" 200 1229 "-" "Mozilla/5.0 (compatible; PRTG Network Monitor (www.paessler.com); Windows)"
212.91.246.72 - - [04/Feb/2024:13:30:56 +0100] "GET / HTTP/1.1" 200 1229 "-" "Mozilla/5.0 (compatible; PRTG Network Monitor (www.paessler.com); Windows)"
18.133.181.228 - - [04/Feb/2024:13:31:04 +0100] "\x16\x03\x01" 501 318 "-" "-"
212.91.246.72 - - [04/Feb/2024:13:31:56 +0100] "GET / HTTP/1.1" 200 1229 "-" "Mozilla/5.0 (compatible; PRTG Network Monitor (www.paessler.com); Windows)"
212.91.246.72 - - [04/Feb/2024:13:32:56 +0100] "GET / HTTP/1.1" 200 1229 "-" "Mozilla/5.0 (compatible; PRTG Network Monitor (www.paessler.com); Windows)"
146.19.24.23 - - [04/Feb/2024:13:33:19 +0100] "GET / HTTP/1.1" 200 1229 "-" "-"
18.133.181.228 - - [04/Feb/2024:13:33:31 +0100] "GET /manage/account/login HTTP/1.1" 404 325 "-" "'Cloud mapping experiment. Contact research@pdrlabs.net'"
212.91.246.72 - - [04/Feb/2024:13:33:56 +0100] "GET / HTTP/1.1" 200 1229 "-" "Mozilla/5.0 (compatible; PRTG Network Monitor (www.paessler.com); Windows)"
212.91.246.72 - - [04/Feb/2024:13:34:56 +0100] "GET / HTTP/1.1" 200 1229 "-" "Mozilla/5.0 (compatible; PRTG Network Monitor (www.paessler.com); Windows)"
146.19.24.23 - - [04/Feb/2024:13:35:11 +0100] "GET / HTTP/1.1" 200 1229 "-" "-"
170.64.128.231 - - [04/Feb/2024:13:35:19 +0100] "GET http://165.232.135.20/212.91.246.82 HTTP/1.1" 404 319 "-" "Mozilla/0 (Project 25499 Scanner)"
212.91.246.72 - - [04/Feb/2024:13:35:57 +0100] "GET / HTTP/1.1" 200 1229 "-" "Mozilla/5.0 (compatible; PRTG Network Monitor (www.paessler.com); Windows)"
18.133.181.228 - - [04/Feb/2024:13:36:44 +0100] "\x16\x03\x01" 501 318 "-" "-"
212.91.246.72 - - [04/Feb/2024:13:36:57 +0100] "GET / HTTP/1.1" 200 1229 "-" "Mozilla/5.0 (compatible; PRTG Network Monitor (www.paessler.com); Windows)"
212.91.246.72 - - [04/Feb/2024:13:37:57 +0100] "GET / HTTP/1.1" 200 1229 "-" "Mozilla/5.0 (compatible; PRTG Network Monitor (www.paessler.com); Windows)"
146.19.24.23 - - [04/Feb/2024:13:38:35 +0100] "GET / HTTP/1.1" 200 1229 "-" "-"
212.91.246.72 - - [04/Feb/2024:13:38:57 +0100] "GET / HTTP/1.1" 200 1229 "-" "Mozilla/5.0 (compatible; PRTG Network Monitor (www.paessler.com); Windows)"
18.133.181.228 - - [04/Feb/2024:13:39:01 +0100] "GET /admin/index.html HTTP/1.1" 404 321 "-" "'Cloud mapping experiment. Contact research@pdrlabs.net'"
212.91.246.72 - - [04/Feb/2024:13:39:57 +0100] "GET / HTTP/1.1" 200 1229 "-" "Mozilla/5.0 (compatible; PRTG Network Monitor (www.paessler.com); Windows)"
212.91.246.72 - - [04/Feb/2024:13:40:58 +0100] "GET / HTTP/1.1" 200 1229 "-" "Mozilla/5.0 (compatible; PRTG Network Monitor (www.paessler.com); Windows)"
212.91.246.72 - - [04/Feb/2024:13:41:58 +0100] "GET / HTTP/1.1" 200 1229 "-" "Mozilla/5.0 (compatible; PRTG Network Monitor (www.paessler.com); Windows)"
18.133.181.228 - - [04/Feb/2024:13:42:12 +0100] "\x16\x03\x01" 501 318 "-" "-"
212.91.246.72 - - [04/Feb/2024:13:42:58 +0100] "GET / HTTP/1.1" 200 1229 "-" "Mozilla/5.0 (compatible; PRTG Network Monitor (www.paessler.com); Windows)"
212.91.246.72 - - [04/Feb/2024:13:43:58 +0100] "GET / HTTP/1.1" 200 1229 "-" "Mozilla/5.0 (compatible; PRTG Network Monitor (www.paessler.com); Windows)"
18.133.181.228 - - [04/Feb/2024:13:44:28 +0100] "GET /index.html HTTP/1.1" 200 1229 "-" "'Cloud mapping experiment. Contact research@pdrlabs.net'"
212.91.246.72 - - [04/Feb/2024:13:44:58 +0100] "GET / HTTP/1.1" 200 1229 "-" "Mozilla/5.0 (compatible; PRTG Network Monitor (www.paessler.com); Windows)"
146.19.24.23 - - [04/Feb/2024:13:45:57 +0100] "GET / HTTP/1.1" 200 1229 "-" "-"
212.91.246.72 - - [04/Feb/2024:13:45:58 +0100] "GET / HTTP/1.1" 200 1229 "-" "Mozilla/5.0 (compatible; PRTG Network Monitor (www.paessler.com); Windows)"
212.91.246.72 - - [04/Feb/2024:13:46:58 +0100] "GET / HTTP/1.1" 200 1229 "-" "Mozilla/5.0 (compatible; PRTG Network Monitor (www.paessler.com); Windows)"
18.133.181.228 - - [04/Feb/2024:13:47:15 +0100] "\x16\x03\x01" 501 318 "-" "-"
212.91.246.72 - - [04/Feb/2024:13:47:59 +0100] "GET / HTTP/1.1" 200 1229 "-" "Mozilla/5.0 (compatible; PRTG Network Monitor (www.paessler.com); Windows)"
212.91.246.72 - - [04/Feb/2024:13:48:59 +0100] "GET / HTTP/1.1" 200 1229 "-" "Mozilla/5.0 (compatible; PRTG Network Monitor (www.paessler.com); Windows)"
18.133.181.228 - - [04/Feb/2024:13:49:33 +0100] "GET /+CSCOE+/logon.html HTTP/1.1" 404 323 "-" "'Cloud mapping experiment. Contact research@pdrlabs.net'"
212.91.246.72 - - [04/Feb/2024:13:49:59 +0100] "GET / HTTP/1.1" 200 1229 "-" "Mozilla/5.0 (compatible; PRTG Network Monitor (www.paessler.com); Windows)"
212.91.246.72 - - [04/Feb/2024:13:50:59 +0100] "GET / HTTP/1.1" 200 1229 "-" "Mozilla/5.0 (compatible; PRTG Network Monitor (www.paessler.com); Windows)"
212.91.246.72 - - [04/Feb/2024:13:51:59 +0100] "GET / HTTP/1.1" 200 1229 "-" "Mozilla/5.0 (compatible; PRTG Network Monitor (www.paessler.com); Windows)"
