212.91.246.72 - - [03/Aug/2023:06:11:30 +0200] "GET / HTTP/1.1" 200 1229 "-" "Mozilla/5.0 (compatible; PRTG Network Monitor (www.paessler.com); Windows)"
212.91.246.72 - - [03/Aug/2023:06:12:30 +0200] "GET / HTTP/1.1" 200 1229 "-" "Mozilla/5.0 (compatible; PRTG Network Monitor (www.paessler.com); Windows)"
212.91.246.72 - - [03/Aug/2023:06:13:30 +0200] "GET / HTTP/1.1" 200 1229 "-" "Mozilla/5.0 (compatible; PRTG Network Monitor (www.paessler.com); Windows)"
212.91.246.72 - - [03/Aug/2023:06:14:30 +0200] "GET / HTTP/1.1" 200 1229 "-" "Mozilla/5.0 (compatible; PRTG Network Monitor (www.paessler.com); Windows)"
212.91.246.72 - - [03/Aug/2023:06:15:30 +0200] "GET / HTTP/1.1" 200 1229 "-" "Mozilla/5.0 (compatible; PRTG Network Monitor (www.paessler.com); Windows)"
212.91.246.72 - - [03/Aug/2023:06:16:30 +0200] "GET / HTTP/1.1" 200 1229 "-" "Mozilla/5.0 (compatible; PRTG Network Monitor (www.paessler.com); Windows)"
212.91.246.72 - - [03/Aug/2023:06:17:30 +0200] "GET / HTTP/1.1" 200 1229 "-" "Mozilla/5.0 (compatible; PRTG Network Monitor (www.paessler.com); Windows)"
212.91.246.72 - - [03/Aug/2023:06:18:30 +0200] "GET / HTTP/1.1" 200 1229 "-" "Mozilla/5.0 (compatible; PRTG Network Monitor (www.paessler.com); Windows)"
212.91.246.72 - - [03/Aug/2023:06:19:30 +0200] "GET / HTTP/1.1" 200 1229 "-" "Mozilla/5.0 (compatible; PRTG Network Monitor (www.paessler.com); Windows)"
212.91.246.72 - - [03/Aug/2023:06:20:30 +0200] "GET / HTTP/1.1" 200 1229 "-" "Mozilla/5.0 (compatible; PRTG Network Monitor (www.paessler.com); Windows)"
212.91.246.72 - - [03/Aug/2023:06:21:30 +0200] "GET / HTTP/1.1" 200 1229 "-" "Mozilla/5.0 (compatible; PRTG Network Monitor (www.paessler.com); Windows)"
212.91.246.72 - - [03/Aug/2023:06:22:30 +0200] "GET / HTTP/1.1" 200 1229 "-" "Mozilla/5.0 (compatible; PRTG Network Monitor (www.paessler.com); Windows)"
212.91.246.72 - - [03/Aug/2023:06:23:30 +0200] "GET / HTTP/1.1" 200 1229 "-" "Mozilla/5.0 (compatible; PRTG Network Monitor (www.paessler.com); Windows)"
212.91.246.72 - - [03/Aug/2023:06:24:30 +0200] "GET / HTTP/1.1" 200 1229 "-" "Mozilla/5.0 (compatible; PRTG Network Monitor (www.paessler.com); Windows)"
212.91.246.72 - - [03/Aug/2023:06:25:30 +0200] "GET / HTTP/1.1" 200 1229 "-" "Mozilla/5.0 (compatible; PRTG Network Monitor (www.paessler.com); Windows)"
5.196.102.78 - - [03/Aug/2023:06:25:31 +0200] "GET /favicon.ico HTTP/1.1" 404 316 "-" "Mozilla/5.0 (X11; Ubuntu; Linux x86_64; rv:109.0) Gecko/20100101 Firefox/115.0"
212.91.246.72 - - [03/Aug/2023:06:26:30 +0200] "GET / HTTP/1.1" 200 1229 "-" "Mozilla/5.0 (compatible; PRTG Network Monitor (www.paessler.com); Windows)"
212.91.246.72 - - [03/Aug/2023:06:27:30 +0200] "GET / HTTP/1.1" 200 1229 "-" "Mozilla/5.0 (compatible; PRTG Network Monitor (www.paessler.com); Windows)"
212.91.246.72 - - [03/Aug/2023:06:28:30 +0200] "GET / HTTP/1.1" 200 1229 "-" "Mozilla/5.0 (compatible; PRTG Network Monitor (www.paessler.com); Windows)"
205.210.31.72 - - [03/Aug/2023:06:29:00 +0200] "\x16\x03\x01" 501 318 "-" "-"
212.91.246.72 - - [03/Aug/2023:06:29:30 +0200] "GET / HTTP/1.1" 200 1229 "-" "Mozilla/5.0 (compatible; PRTG Network Monitor (www.paessler.com); Windows)"
135.148.13.183 - - [03/Aug/2023:06:29:38 +0200] "POST /boaform/admin/formLogin HTTP/1.1" 404 328 "http://212.91.246.88:80/admin/login.asp" "Mozilla/5.0 (X11; Ubuntu; Linux x86_64; rv:71.0) Gecko/20100101 Firefox/71.0"
212.91.246.72 - - [03/Aug/2023:06:30:30 +0200] "GET / HTTP/1.1" 200 1229 "-" "Mozilla/5.0 (compatible; PRTG Network Monitor (www.paessler.com); Windows)"
212.91.246.72 - - [03/Aug/2023:06:31:30 +0200] "GET / HTTP/1.1" 200 1229 "-" "Mozilla/5.0 (compatible; PRTG Network Monitor (www.paessler.com); Windows)"
64.62.197.186 - - [03/Aug/2023:06:31:31 +0200] "\x16\x03\x01" 501 318 "-" "-"
184.105.247.252 - - [03/Aug/2023:06:32:17 +0200] "\x16\x03\x01" 501 318 "-" "-"
45.156.128.12 - - [03/Aug/2023:06:32:28 +0200] "GET / HTTP/1.1" 200 1229 "-" "Mozilla/5.0 (Windows NT 10.0; Win64; x64) AppleWebKit/537.36 (KHTML, like Gecko) Chrome/60.0.3112.113 Safari/537.36"
212.91.246.72 - - [03/Aug/2023:06:32:30 +0200] "GET / HTTP/1.1" 200 1229 "-" "Mozilla/5.0 (compatible; PRTG Network Monitor (www.paessler.com); Windows)"
64.62.197.66 - - [03/Aug/2023:06:32:36 +0200] "\x16\x03\x01" 501 318 "-" "-"
212.91.246.72 - - [03/Aug/2023:06:33:30 +0200] "GET / HTTP/1.1" 200 1229 "-" "Mozilla/5.0 (compatible; PRTG Network Monitor (www.paessler.com); Windows)"
194.165.16.72 - - [03/Aug/2023:06:33:58 +0200] "\x03" 501 316 "-" "-"
206.189.116.251 - - [03/Aug/2023:06:34:06 +0200] "\x16\x03\x01" 501 318 "-" "-"
206.189.116.251 - - [03/Aug/2023:06:34:06 +0200] "\x16\x03\x01" 501 318 "-" "-"
206.189.116.251 - - [03/Aug/2023:06:34:06 +0200] "GET / HTTP/1.1" 200 1229 "-" "Mozilla/5.0 (Windows NT 10.0; Win64; x64) AppleWebKit/537.36 (KHTML, like Gecko) Chrome/108.0.0.0 Safari/537.36"
206.189.116.251 - - [03/Aug/2023:06:34:06 +0200] "GET /client/get_targets HTTP/1.1" 404 323 "-" "Mozilla/5.0 (Windows NT 10.0; Win64; x64) AppleWebKit/537.36 (KHTML, like Gecko) Chrome/108.0.0.0 Safari/537.36"
206.189.116.251 - - [03/Aug/2023:06:34:06 +0200] "GET /upl.php HTTP/1.1" 404 312 "-" "Mozilla/5.0"
206.189.116.251 - - [03/Aug/2023:06:34:06 +0200] "\x16\x03\x01" 501 318 "-" "-"
206.189.116.251 - - [03/Aug/2023:06:34:06 +0200] "GET /geoip/ HTTP/1.1" 404 311 "-" "Mozilla/5.0 (Windows NT 10.0; Win64; x64) AppleWebKit/537.36 (KHTML, like Gecko) Chrome/108.0.0.0 Safari/537.36"
206.189.116.251 - - [03/Aug/2023:06:34:06 +0200] "GET / HTTP/1.1" 200 1229 "-" "Mozilla/5.0 (iPhone; CPU iPhone OS 13_3_1 like Mac OS X) AppleWebKit/605.1.15 (KHTML, like Gecko) Version/13.0.5 Mobile/15E148 Snapchat/10.77.0.54 (like Safari/604.1)"
206.189.116.251 - - [03/Aug/2023:06:34:06 +0200] "GET /favicon.ico HTTP/1.1" 404 316 "-" "Mozilla/5.0 (Windows NT 10.0; Win64; x64) AppleWebKit/537.36 (KHTML, like Gecko) Chrome/108.0.0.0 Safari/537.36"
206.189.116.251 - - [03/Aug/2023:06:34:06 +0200] "GET /1.php HTTP/1.1" 404 310 "-" "Mozilla/5.0 (Windows NT 10.0; Win64; x64) AppleWebKit/537.36 (KHTML, like Gecko) Chrome/108.0.0.0 Safari/537.36"
206.189.116.251 - - [03/Aug/2023:06:34:06 +0200] "GET /bundle.js HTTP/1.1" 404 314 "-" "Mozilla/5.0 (Windows NT 10.0; Win64; x64) AppleWebKit/537.36 (KHTML, like Gecko) Chrome/108.0.0.0 Safari/537.36"
206.189.116.251 - - [03/Aug/2023:06:34:06 +0200] "GET /files/ HTTP/1.1" 404 311 "-" "Mozilla/5.0 (Windows NT 10.0; Win64; x64) AppleWebKit/537.36 (KHTML, like Gecko) Chrome/108.0.0.0 Safari/537.36"
212.91.246.72 - - [03/Aug/2023:06:34:30 +0200] "GET / HTTP/1.1" 200 1229 "-" "Mozilla/5.0 (compatible; PRTG Network Monitor (www.paessler.com); Windows)"
212.91.246.72 - - [03/Aug/2023:06:35:30 +0200] "GET / HTTP/1.1" 200 1229 "-" "Mozilla/5.0 (compatible; PRTG Network Monitor (www.paessler.com); Windows)"
212.91.246.72 - - [03/Aug/2023:06:36:30 +0200] "GET / HTTP/1.1" 200 1229 "-" "Mozilla/5.0 (compatible; PRTG Network Monitor (www.paessler.com); Windows)"
212.91.246.72 - - [03/Aug/2023:06:37:30 +0200] "GET / HTTP/1.1" 200 1229 "-" "Mozilla/5.0 (compatible; PRTG Network Monitor (www.paessler.com); Windows)"
212.91.246.72 - - [03/Aug/2023:06:38:30 +0200] "GET / HTTP/1.1" 200 1229 "-" "Mozilla/5.0 (compatible; PRTG Network Monitor (www.paessler.com); Windows)"
212.91.246.72 - - [03/Aug/2023:06:39:30 +0200] "GET / HTTP/1.1" 200 1229 "-" "Mozilla/5.0 (compatible; PRTG Network Monitor (www.paessler.com); Windows)"
212.91.246.72 - - [03/Aug/2023:06:40:30 +0200] "GET / HTTP/1.1" 200 1229 "-" "Mozilla/5.0 (compatible; PRTG Network Monitor (www.paessler.com); Windows)"
212.91.246.72 - - [03/Aug/2023:06:41:30 +0200] "GET / HTTP/1.1" 200 1229 "-" "Mozilla/5.0 (compatible; PRTG Network Monitor (www.paessler.com); Windows)"
35.203.210.103 - - [03/Aug/2023:06:42:10 +0200] "GET / HTTP/1.1" 200 1229 "-" "Expanse, a Palo Alto Networks company, searches across the global IPv4 space multiple times per day to identify customers' presences on the Internet. If you would like to be excluded from our scans, please send IP addresses/domains to: scaninfo@paloaltonetworks.com"
212.91.246.72 - - [03/Aug/2023:06:42:30 +0200] "GET / HTTP/1.1" 200 1229 "-" "Mozilla/5.0 (compatible; PRTG Network Monitor (www.paessler.com); Windows)"
212.91.246.72 - - [03/Aug/2023:06:43:30 +0200] "GET / HTTP/1.1" 200 1229 "-" "Mozilla/5.0 (compatible; PRTG Network Monitor (www.paessler.com); Windows)"
212.91.246.72 - - [03/Aug/2023:06:44:30 +0200] "GET / HTTP/1.1" 200 1229 "-" "Mozilla/5.0 (compatible; PRTG Network Monitor (www.paessler.com); Windows)"
212.91.246.72 - - [03/Aug/2023:06:45:30 +0200] "GET / HTTP/1.1" 200 1229 "-" "Mozilla/5.0 (compatible; PRTG Network Monitor (www.paessler.com); Windows)"
212.91.246.72 - - [03/Aug/2023:06:46:30 +0200] "GET / HTTP/1.1" 200 1229 "-" "Mozilla/5.0 (compatible; PRTG Network Monitor (www.paessler.com); Windows)"
212.91.246.72 - - [03/Aug/2023:06:47:30 +0200] "GET / HTTP/1.1" 200 1229 "-" "Mozilla/5.0 (compatible; PRTG Network Monitor (www.paessler.com); Windows)"
64.62.197.155 - - [03/Aug/2023:06:48:14 +0200] "GET / HTTP/1.1" 200 1229 "-" "Mozilla/5.0 (Macintosh; Intel Mac OS X 10_15_7) AppleWebKit/605.1.15 (KHTML, like Gecko) Version/15.4 Safari/605.1.15"
74.82.47.5 - - [03/Aug/2023:06:48:24 +0200] "GET / HTTP/1.1" 200 1229 "-" "Mozilla/5.0 (X11; Linux x86_64; rv:102.0) Gecko/20100101 Firefox/102.0"
212.91.246.72 - - [03/Aug/2023:06:48:30 +0200] "GET / HTTP/1.1" 200 1229 "-" "Mozilla/5.0 (compatible; PRTG Network Monitor (www.paessler.com); Windows)"
184.105.247.254 - - [03/Aug/2023:06:48:45 +0200] "GET / HTTP/1.1" 200 1229 "-" "Mozilla/5.0 (X11; Linux x86_64; rv:102.0) Gecko/20100101 Firefox/102.0"
212.91.246.72 - - [03/Aug/2023:06:49:30 +0200] "GET / HTTP/1.1" 200 1229 "-" "Mozilla/5.0 (compatible; PRTG Network Monitor (www.paessler.com); Windows)"
64.62.197.153 - - [03/Aug/2023:06:49:58 +0200] "GET /favicon.ico HTTP/1.1" 404 316 "-" "Mozilla/5.0 (Windows NT 10.0; Win64; x64; rv:109.0) Gecko/20100101 Firefox/112.0"
212.91.246.72 - - [03/Aug/2023:06:50:30 +0200] "GET / HTTP/1.1" 200 1229 "-" "Mozilla/5.0 (compatible; PRTG Network Monitor (www.paessler.com); Windows)"
74.82.47.5 - - [03/Aug/2023:06:50:31 +0200] "GET /favicon.ico HTTP/1.1" 404 316 "-" "Mozilla/5.0 (Macintosh; Intel Mac OS X 10_15_7) AppleWebKit/605.1.15 (KHTML, like Gecko) Version/16.0 Safari/605.1.15"
64.62.197.166 - - [03/Aug/2023:06:50:50 +0200] "GET /geoserver/web/ HTTP/1.1" 404 319 "-" "Mozilla/5.0 (Macintosh; Intel Mac OS X 10_15_7) AppleWebKit/605.1.15 (KHTML, like Gecko) Version/15.4 Safari/605.1.15"
184.105.247.254 - - [03/Aug/2023:06:51:12 +0200] "GET /favicon.ico HTTP/1.1" 404 316 "-" "Mozilla/5.0 (X11; Linux x86_64) AppleWebKit/537.36 (KHTML, like Gecko) Chrome/108.0.0.0 Safari/537.36"
212.91.246.72 - - [03/Aug/2023:06:51:30 +0200] "GET / HTTP/1.1" 200 1229 "-" "Mozilla/5.0 (compatible; PRTG Network Monitor (www.paessler.com); Windows)"
74.82.47.5 - - [03/Aug/2023:06:51:34 +0200] "GET /geoserver/web/ HTTP/1.1" 404 319 "-" "Mozilla/5.0 (X11; Linux x86_64; rv:102.0) Gecko/20100101 Firefox/102.0"
184.105.247.254 - - [03/Aug/2023:06:52:11 +0200] "GET /geoserver/web/ HTTP/1.1" 404 319 "-" "Mozilla/5.0 (X11; Linux x86_64; rv:102.0) Gecko/20100101 Firefox/102.0"
212.91.246.72 - - [03/Aug/2023:06:52:30 +0200] "GET / HTTP/1.1" 200 1229 "-" "Mozilla/5.0 (compatible; PRTG Network Monitor (www.paessler.com); Windows)"
212.91.246.72 - - [03/Aug/2023:06:53:30 +0200] "GET / HTTP/1.1" 200 1229 "-" "Mozilla/5.0 (compatible; PRTG Network Monitor (www.paessler.com); Windows)"
212.91.246.72 - - [03/Aug/2023:06:54:30 +0200] "GET / HTTP/1.1" 200 1229 "-" "Mozilla/5.0 (compatible; PRTG Network Monitor (www.paessler.com); Windows)"
212.91.246.72 - - [03/Aug/2023:06:55:30 +0200] "GET / HTTP/1.1" 200 1229 "-" "Mozilla/5.0 (compatible; PRTG Network Monitor (www.paessler.com); Windows)"
212.91.246.72 - - [03/Aug/2023:06:56:30 +0200] "GET / HTTP/1.1" 200 1229 "-" "Mozilla/5.0 (compatible; PRTG Network Monitor (www.paessler.com); Windows)"
212.91.246.72 - - [03/Aug/2023:06:57:30 +0200] "GET / HTTP/1.1" 200 1229 "-" "Mozilla/5.0 (compatible; PRTG Network Monitor (www.paessler.com); Windows)"
212.91.246.72 - - [03/Aug/2023:06:58:30 +0200] "GET / HTTP/1.1" 200 1229 "-" "Mozilla/5.0 (compatible; PRTG Network Monitor (www.paessler.com); Windows)"
212.91.246.72 - - [03/Aug/2023:06:59:30 +0200] "GET / HTTP/1.1" 200 1229 "-" "Mozilla/5.0 (compatible; PRTG Network Monitor (www.paessler.com); Windows)"
45.154.96.235 - - [03/Aug/2023:07:00:26 +0200] "GET /.env HTTP/1.1" 404 309 "-" "Mozilla/5.0 (Linux; Android 8.0; Pixel 2 Build/OPD3.170816.012) AppleWebKit/537.36 (KHTML, like Gecko) Chrome/75.0.3765.0 Mobile Safari/537.36"
212.91.246.72 - - [03/Aug/2023:07:00:30 +0200] "GET / HTTP/1.1" 200 1229 "-" "Mozilla/5.0 (compatible; PRTG Network Monitor (www.paessler.com); Windows)"
212.91.246.72 - - [03/Aug/2023:07:01:30 +0200] "GET / HTTP/1.1" 200 1229 "-" "Mozilla/5.0 (compatible; PRTG Network Monitor (www.paessler.com); Windows)"
212.91.246.72 - - [03/Aug/2023:07:02:30 +0200] "GET / HTTP/1.1" 200 1229 "-" "Mozilla/5.0 (compatible; PRTG Network Monitor (www.paessler.com); Windows)"
212.91.246.72 - - [03/Aug/2023:07:03:30 +0200] "GET / HTTP/1.1" 200 1229 "-" "Mozilla/5.0 (compatible; PRTG Network Monitor (www.paessler.com); Windows)"
212.91.246.72 - - [03/Aug/2023:07:04:30 +0200] "GET / HTTP/1.1" 200 1229 "-" "Mozilla/5.0 (compatible; PRTG Network Monitor (www.paessler.com); Windows)"
179.43.191.18 - - [03/Aug/2023:07:04:46 +0200] "GET /reklam/ HTTP/1.1" 404 323 "-" "-"
179.43.191.18 - - [03/Aug/2023:07:04:46 +0200] "GET /reklam/ HTTP/1.1" 404 323 "-" "-"
179.43.191.18 - - [03/Aug/2023:07:04:46 +0200] "GET /reklam/ HTTP/1.1" 404 323 "-" "-"
179.43.191.18 - - [03/Aug/2023:07:04:46 +0200] "GET /reklam/ HTTP/1.1" 404 323 "-" "-"
179.43.191.18 - - [03/Aug/2023:07:04:46 +0200] "GET /reklam/ HTTP/1.1" 404 323 "-" "-"
179.43.191.18 - - [03/Aug/2023:07:04:46 +0200] "GET /reklam/ HTTP/1.1" 404 323 "-" "-"
179.43.191.18 - - [03/Aug/2023:07:04:46 +0200] "GET /reklam/ HTTP/1.1" 404 323 "-" "-"
179.43.191.18 - - [03/Aug/2023:07:04:46 +0200] "GET /reklam/ HTTP/1.1" 404 323 "-" "-"
179.43.191.18 - - [03/Aug/2023:07:04:46 +0200] "GET /reklam/ HTTP/1.1" 404 323 "-" "-"
179.43.191.18 - - [03/Aug/2023:07:04:46 +0200] "GET /reklam/ HTTP/1.1" 404 323 "-" "-"
45.156.128.7 - - [03/Aug/2023:07:04:47 +0200] "GET / HTTP/1.1" 200 1229 "-" "Mozilla/5.0 (Windows NT 10.0; Win64; x64) AppleWebKit/537.36 (KHTML, like Gecko) Chrome/60.0.3112.113 Safari/537.36"
212.91.246.72 - - [03/Aug/2023:07:05:30 +0200] "GET / HTTP/1.1" 200 1229 "-" "Mozilla/5.0 (compatible; PRTG Network Monitor (www.paessler.com); Windows)"
45.79.172.21 - - [03/Aug/2023:07:05:57 +0200] "GET / HTTP/1.1" 200 1229 "-" "Mozilla/5.0 (Macintosh; Intel Mac OS X 13_1) AppleWebKit/537.36 (KHTML, like Gecko) Chrome/108.0.0.0 Safari/537.36"
212.91.246.72 - - [03/Aug/2023:07:06:30 +0200] "GET / HTTP/1.1" 200 1229 "-" "Mozilla/5.0 (compatible; PRTG Network Monitor (www.paessler.com); Windows)"
212.91.246.72 - - [03/Aug/2023:07:07:30 +0200] "GET / HTTP/1.1" 200 1229 "-" "Mozilla/5.0 (compatible; PRTG Network Monitor (www.paessler.com); Windows)"
185.180.143.141 - - [03/Aug/2023:07:07:31 +0200] "GET / HTTP/1.1" 200 1229 "-" "Mozilla/5.0 (Windows NT 10.0; Win64; x64) AppleWebKit/537.36 (KHTML, like Gecko) Chrome/60.0.3112.113 Safari/537.36"
212.91.246.72 - - [03/Aug/2023:07:08:30 +0200] "GET / HTTP/1.1" 200 1229 "-" "Mozilla/5.0 (compatible; PRTG Network Monitor (www.paessler.com); Windows)"
212.91.246.72 - - [03/Aug/2023:07:09:30 +0200] "GET / HTTP/1.1" 200 1229 "-" "Mozilla/5.0 (compatible; PRTG Network Monitor (www.paessler.com); Windows)"
212.91.246.72 - - [03/Aug/2023:07:10:30 +0200] "GET / HTTP/1.1" 200 1229 "-" "Mozilla/5.0 (compatible; PRTG Network Monitor (www.paessler.com); Windows)"
212.91.246.72 - - [03/Aug/2023:07:11:30 +0200] "GET / HTTP/1.1" 200 1229 "-" "Mozilla/5.0 (compatible; PRTG Network Monitor (www.paessler.com); Windows)"
212.91.246.72 - - [03/Aug/2023:07:12:30 +0200] "GET / HTTP/1.1" 200 1229 "-" "Mozilla/5.0 (compatible; PRTG Network Monitor (www.paessler.com); Windows)"
212.91.246.72 - - [03/Aug/2023:07:13:30 +0200] "GET / HTTP/1.1" 200 1229 "-" "Mozilla/5.0 (compatible; PRTG Network Monitor (www.paessler.com); Windows)"
212.91.246.72 - - [03/Aug/2023:07:14:30 +0200] "GET / HTTP/1.1" 200 1229 "-" "Mozilla/5.0 (compatible; PRTG Network Monitor (www.paessler.com); Windows)"
212.91.246.72 - - [03/Aug/2023:07:15:30 +0200] "GET / HTTP/1.1" 200 1229 "-" "Mozilla/5.0 (compatible; PRTG Network Monitor (www.paessler.com); Windows)"
103.14.26.208 - - [03/Aug/2023:07:16:07 +0200] "GET /restore.php HTTP/1.1" 404 316 "-" "-"
212.91.246.72 - - [03/Aug/2023:07:16:30 +0200] "GET / HTTP/1.1" 200 1229 "-" "Mozilla/5.0 (compatible; PRTG Network Monitor (www.paessler.com); Windows)"
212.91.246.72 - - [03/Aug/2023:07:17:30 +0200] "GET / HTTP/1.1" 200 1229 "-" "Mozilla/5.0 (compatible; PRTG Network Monitor (www.paessler.com); Windows)"
198.235.24.128 - - [03/Aug/2023:07:18:08 +0200] "GET / HTTP/1.0" 200 1229 "-" "Expanse, a Palo Alto Networks company, searches across the global IPv4 space multiple times per day to identify customers' presences on the Internet. If you would like to be excluded from our scans, please send IP addresses/domains to: scaninfo@paloaltonetworks.com"
212.91.246.72 - - [03/Aug/2023:07:18:30 +0200] "GET / HTTP/1.1" 200 1229 "-" "Mozilla/5.0 (compatible; PRTG Network Monitor (www.paessler.com); Windows)"
212.91.246.72 - - [03/Aug/2023:07:19:30 +0200] "GET / HTTP/1.1" 200 1229 "-" "Mozilla/5.0 (compatible; PRTG Network Monitor (www.paessler.com); Windows)"
212.91.246.72 - - [03/Aug/2023:07:20:30 +0200] "GET / HTTP/1.1" 200 1229 "-" "Mozilla/5.0 (compatible; PRTG Network Monitor (www.paessler.com); Windows)"
212.91.246.72 - - [03/Aug/2023:07:21:30 +0200] "GET / HTTP/1.1" 200 1229 "-" "Mozilla/5.0 (compatible; PRTG Network Monitor (www.paessler.com); Windows)"
212.91.246.72 - - [03/Aug/2023:07:22:30 +0200] "GET / HTTP/1.1" 200 1229 "-" "Mozilla/5.0 (compatible; PRTG Network Monitor (www.paessler.com); Windows)"
134.122.42.174 - - [03/Aug/2023:07:23:13 +0200] "\x16\x03\x01" 501 318 "-" "-"
134.122.42.174 - - [03/Aug/2023:07:23:13 +0200] "\x16\x03\x01" 501 318 "-" "-"
134.122.42.174 - - [03/Aug/2023:07:23:13 +0200] "GET / HTTP/1.1" 200 1229 "-" "Mozilla/5.0 (Windows NT 10.0; Win64; x64) AppleWebKit/537.36 (KHTML, like Gecko) Chrome/108.0.0.0 Safari/537.36"
134.122.42.174 - - [03/Aug/2023:07:23:13 +0200] "GET /client/get_targets HTTP/1.1" 404 323 "-" "Mozilla/5.0 (Windows NT 10.0; Win64; x64) AppleWebKit/537.36 (KHTML, like Gecko) Chrome/108.0.0.0 Safari/537.36"
134.122.42.174 - - [03/Aug/2023:07:23:14 +0200] "GET /upl.php HTTP/1.1" 404 312 "-" "Mozilla/5.0"
134.122.42.174 - - [03/Aug/2023:07:23:14 +0200] "\x16\x03\x01" 501 318 "-" "-"
134.122.42.174 - - [03/Aug/2023:07:23:14 +0200] "GET /geoip/ HTTP/1.1" 404 311 "-" "Mozilla/5.0 (Windows NT 10.0; Win64; x64) AppleWebKit/537.36 (KHTML, like Gecko) Chrome/108.0.0.0 Safari/537.36"
134.122.42.174 - - [03/Aug/2023:07:23:14 +0200] "GET / HTTP/1.1" 200 1229 "-" "Mozilla/5.0 (iPhone; CPU iPhone OS 13_3_1 like Mac OS X) AppleWebKit/605.1.15 (KHTML, like Gecko) Version/13.0.5 Mobile/15E148 Snapchat/10.77.0.54 (like Safari/604.1)"
134.122.42.174 - - [03/Aug/2023:07:23:15 +0200] "GET /favicon.ico HTTP/1.1" 404 316 "-" "Mozilla/5.0 (Windows NT 10.0; Win64; x64) AppleWebKit/537.36 (KHTML, like Gecko) Chrome/108.0.0.0 Safari/537.36"
134.122.42.174 - - [03/Aug/2023:07:23:15 +0200] "GET /1.php HTTP/1.1" 404 310 "-" "Mozilla/5.0 (Windows NT 10.0; Win64; x64) AppleWebKit/537.36 (KHTML, like Gecko) Chrome/108.0.0.0 Safari/537.36"
134.122.42.174 - - [03/Aug/2023:07:23:15 +0200] "GET /bundle.js HTTP/1.1" 404 314 "-" "Mozilla/5.0 (Windows NT 10.0; Win64; x64) AppleWebKit/537.36 (KHTML, like Gecko) Chrome/108.0.0.0 Safari/537.36"
134.122.42.174 - - [03/Aug/2023:07:23:16 +0200] "GET /files/ HTTP/1.1" 404 311 "-" "Mozilla/5.0 (Windows NT 10.0; Win64; x64) AppleWebKit/537.36 (KHTML, like Gecko) Chrome/108.0.0.0 Safari/537.36"
172.104.11.4 - - [03/Aug/2023:07:23:27 +0200] "GET / HTTP/1.1" 200 1229 "-" "Mozilla/5.0 (Macintosh; Intel Mac OS X 13_1) AppleWebKit/537.36 (KHTML, like Gecko) Chrome/108.0.0.0 Safari/537.36"
212.91.246.72 - - [03/Aug/2023:07:23:30 +0200] "GET / HTTP/1.1" 200 1229 "-" "Mozilla/5.0 (compatible; PRTG Network Monitor (www.paessler.com); Windows)"
212.91.246.72 - - [03/Aug/2023:07:24:30 +0200] "GET / HTTP/1.1" 200 1229 "-" "Mozilla/5.0 (compatible; PRTG Network Monitor (www.paessler.com); Windows)"
45.79.181.223 - - [03/Aug/2023:07:25:16 +0200] "GET / HTTP/1.1" 200 1229 "-" "Mozilla/5.0 (Macintosh; Intel Mac OS X 13_1) AppleWebKit/537.36 (KHTML, like Gecko) Chrome/108.0.0.0 Safari/537.36"
212.91.246.72 - - [03/Aug/2023:07:25:30 +0200] "GET / HTTP/1.1" 200 1229 "-" "Mozilla/5.0 (compatible; PRTG Network Monitor (www.paessler.com); Windows)"
212.91.246.72 - - [03/Aug/2023:07:26:30 +0200] "GET / HTTP/1.1" 200 1229 "-" "Mozilla/5.0 (compatible; PRTG Network Monitor (www.paessler.com); Windows)"
212.91.246.72 - - [03/Aug/2023:07:27:30 +0200] "GET / HTTP/1.1" 200 1229 "-" "Mozilla/5.0 (compatible; PRTG Network Monitor (www.paessler.com); Windows)"
212.91.246.72 - - [03/Aug/2023:07:28:30 +0200] "GET / HTTP/1.1" 200 1229 "-" "Mozilla/5.0 (compatible; PRTG Network Monitor (www.paessler.com); Windows)"
212.91.246.72 - - [03/Aug/2023:07:29:30 +0200] "GET / HTTP/1.1" 200 1229 "-" "Mozilla/5.0 (compatible; PRTG Network Monitor (www.paessler.com); Windows)"
212.91.246.72 - - [03/Aug/2023:07:30:30 +0200] "GET / HTTP/1.1" 200 1229 "-" "Mozilla/5.0 (compatible; PRTG Network Monitor (www.paessler.com); Windows)"
212.91.246.72 - - [03/Aug/2023:07:31:30 +0200] "GET / HTTP/1.1" 200 1229 "-" "Mozilla/5.0 (compatible; PRTG Network Monitor (www.paessler.com); Windows)"
212.91.246.72 - - [03/Aug/2023:07:32:30 +0200] "GET / HTTP/1.1" 200 1229 "-" "Mozilla/5.0 (compatible; PRTG Network Monitor (www.paessler.com); Windows)"
212.91.246.72 - - [03/Aug/2023:07:33:30 +0200] "GET / HTTP/1.1" 200 1229 "-" "Mozilla/5.0 (compatible; PRTG Network Monitor (www.paessler.com); Windows)"
212.91.246.72 - - [03/Aug/2023:07:34:30 +0200] "GET / HTTP/1.1" 200 1229 "-" "Mozilla/5.0 (compatible; PRTG Network Monitor (www.paessler.com); Windows)"
212.91.246.72 - - [03/Aug/2023:07:35:30 +0200] "GET / HTTP/1.1" 200 1229 "-" "Mozilla/5.0 (compatible; PRTG Network Monitor (www.paessler.com); Windows)"
212.91.246.72 - - [03/Aug/2023:07:36:30 +0200] "GET / HTTP/1.1" 200 1229 "-" "Mozilla/5.0 (compatible; PRTG Network Monitor (www.paessler.com); Windows)"
205.210.31.46 - - [03/Aug/2023:07:37:27 +0200] "\x16\x03\x01" 501 318 "-" "-"
135.148.13.183 - - [03/Aug/2023:07:44:57 +0200] "POST /boaform/admin/formLogin HTTP/1.1" 404 328 "http://212.91.246.87:80/admin/login.asp" "Mozilla/5.0 (X11; Ubuntu; Linux x86_64; rv:71.0) Gecko/20100101 Firefox/71.0"
212.91.246.72 - - [03/Aug/2023:07:45:37 +0200] "GET / HTTP/1.1" 200 1229 "-" "Mozilla/5.0 (compatible; PRTG Network Monitor (www.paessler.com); Windows)"
212.91.246.72 - - [03/Aug/2023:07:46:37 +0200] "GET / HTTP/1.1" 200 1229 "-" "Mozilla/5.0 (compatible; PRTG Network Monitor (www.paessler.com); Windows)"
212.91.246.72 - - [03/Aug/2023:07:47:37 +0200] "GET / HTTP/1.1" 200 1229 "-" "Mozilla/5.0 (compatible; PRTG Network Monitor (www.paessler.com); Windows)"
212.91.246.72 - - [03/Aug/2023:07:48:37 +0200] "GET / HTTP/1.1" 200 1229 "-" "Mozilla/5.0 (compatible; PRTG Network Monitor (www.paessler.com); Windows)"
212.91.246.72 - - [03/Aug/2023:07:49:37 +0200] "GET / HTTP/1.1" 200 1229 "-" "Mozilla/5.0 (compatible; PRTG Network Monitor (www.paessler.com); Windows)"
212.91.246.72 - - [03/Aug/2023:07:50:37 +0200] "GET / HTTP/1.1" 200 1229 "-" "Mozilla/5.0 (compatible; PRTG Network Monitor (www.paessler.com); Windows)"
212.91.246.72 - - [03/Aug/2023:07:51:37 +0200] "GET / HTTP/1.1" 200 1229 "-" "Mozilla/5.0 (compatible; PRTG Network Monitor (www.paessler.com); Windows)"
212.91.246.72 - - [03/Aug/2023:07:52:37 +0200] "GET / HTTP/1.1" 200 1229 "-" "Mozilla/5.0 (compatible; PRTG Network Monitor (www.paessler.com); Windows)"
212.91.246.72 - - [03/Aug/2023:07:53:37 +0200] "GET / HTTP/1.1" 200 1229 "-" "Mozilla/5.0 (compatible; PRTG Network Monitor (www.paessler.com); Windows)"
197.220.97.203 - - [03/Aug/2023:07:53:58 +0200] "GET / HTTP/1.1" 200 1229 "-" "Mozilla/5.0 (Macintosh; Intel Mac OS X 10_11_6) AppleWebKit/601.7.7 (KHTML, like Gecko) Version/9.1.2 Safari/601.7.7"
212.91.246.72 - - [03/Aug/2023:07:54:37 +0200] "GET / HTTP/1.1" 200 1229 "-" "Mozilla/5.0 (compatible; PRTG Network Monitor (www.paessler.com); Windows)"
159.223.102.0 - - [03/Aug/2023:07:54:53 +0200] "\x16\x03\x01" 501 318 "-" "-"
159.223.102.0 - - [03/Aug/2023:07:54:53 +0200] "\x16\x03\x01" 501 318 "-" "-"
159.223.102.0 - - [03/Aug/2023:07:54:53 +0200] "GET / HTTP/1.1" 200 1229 "-" "Mozilla/5.0 (Windows NT 10.0; Win64; x64) AppleWebKit/537.36 (KHTML, like Gecko) Chrome/108.0.0.0 Safari/537.36"
159.223.102.0 - - [03/Aug/2023:07:54:54 +0200] "GET /client/get_targets HTTP/1.1" 404 323 "-" "Mozilla/5.0 (Windows NT 10.0; Win64; x64) AppleWebKit/537.36 (KHTML, like Gecko) Chrome/108.0.0.0 Safari/537.36"
159.223.102.0 - - [03/Aug/2023:07:54:54 +0200] "GET /upl.php HTTP/1.1" 404 312 "-" "Mozilla/5.0"
159.223.102.0 - - [03/Aug/2023:07:54:54 +0200] "\x16\x03\x01" 501 318 "-" "-"
159.223.102.0 - - [03/Aug/2023:07:54:54 +0200] "GET /geoip/ HTTP/1.1" 404 311 "-" "Mozilla/5.0 (Windows NT 10.0; Win64; x64) AppleWebKit/537.36 (KHTML, like Gecko) Chrome/108.0.0.0 Safari/537.36"
159.223.102.0 - - [03/Aug/2023:07:54:54 +0200] "GET / HTTP/1.1" 200 1229 "-" "Mozilla/5.0 (iPhone; CPU iPhone OS 13_3_1 like Mac OS X) AppleWebKit/605.1.15 (KHTML, like Gecko) Version/13.0.5 Mobile/15E148 Snapchat/10.77.0.54 (like Safari/604.1)"
159.223.102.0 - - [03/Aug/2023:07:54:55 +0200] "GET /favicon.ico HTTP/1.1" 404 316 "-" "Mozilla/5.0 (Windows NT 10.0; Win64; x64) AppleWebKit/537.36 (KHTML, like Gecko) Chrome/108.0.0.0 Safari/537.36"
159.223.102.0 - - [03/Aug/2023:07:54:55 +0200] "GET /1.php HTTP/1.1" 404 310 "-" "Mozilla/5.0 (Windows NT 10.0; Win64; x64) AppleWebKit/537.36 (KHTML, like Gecko) Chrome/108.0.0.0 Safari/537.36"
159.223.102.0 - - [03/Aug/2023:07:54:55 +0200] "GET /bundle.js HTTP/1.1" 404 314 "-" "Mozilla/5.0 (Windows NT 10.0; Win64; x64) AppleWebKit/537.36 (KHTML, like Gecko) Chrome/108.0.0.0 Safari/537.36"
159.223.102.0 - - [03/Aug/2023:07:54:55 +0200] "GET /files/ HTTP/1.1" 404 311 "-" "Mozilla/5.0 (Windows NT 10.0; Win64; x64) AppleWebKit/537.36 (KHTML, like Gecko) Chrome/108.0.0.0 Safari/537.36"
212.91.246.72 - - [03/Aug/2023:07:55:37 +0200] "GET / HTTP/1.1" 200 1229 "-" "Mozilla/5.0 (compatible; PRTG Network Monitor (www.paessler.com); Windows)"
212.91.246.72 - - [03/Aug/2023:07:56:37 +0200] "GET / HTTP/1.1" 200 1229 "-" "Mozilla/5.0 (compatible; PRTG Network Monitor (www.paessler.com); Windows)"
212.91.246.72 - - [03/Aug/2023:07:57:37 +0200] "GET / HTTP/1.1" 200 1229 "-" "Mozilla/5.0 (compatible; PRTG Network Monitor (www.paessler.com); Windows)"
212.91.246.72 - - [03/Aug/2023:07:58:37 +0200] "GET / HTTP/1.1" 200 1229 "-" "Mozilla/5.0 (compatible; PRTG Network Monitor (www.paessler.com); Windows)"
212.91.246.72 - - [03/Aug/2023:07:59:37 +0200] "GET / HTTP/1.1" 200 1229 "-" "Mozilla/5.0 (compatible; PRTG Network Monitor (www.paessler.com); Windows)"
212.91.246.72 - - [03/Aug/2023:08:00:37 +0200] "GET / HTTP/1.1" 200 1229 "-" "Mozilla/5.0 (compatible; PRTG Network Monitor (www.paessler.com); Windows)"
212.91.246.72 - - [03/Aug/2023:08:01:37 +0200] "GET / HTTP/1.1" 200 1229 "-" "Mozilla/5.0 (compatible; PRTG Network Monitor (www.paessler.com); Windows)"
109.205.213.134 - - [03/Aug/2023:08:02:21 +0200] "GET /.git/config HTTP/1.1" 404 316 "-" "W3C_Validator/1.654"
212.91.246.72 - - [03/Aug/2023:08:02:37 +0200] "GET / HTTP/1.1" 200 1229 "-" "Mozilla/5.0 (compatible; PRTG Network Monitor (www.paessler.com); Windows)"
212.91.246.72 - - [03/Aug/2023:08:03:37 +0200] "GET / HTTP/1.1" 200 1229 "-" "Mozilla/5.0 (compatible; PRTG Network Monitor (www.paessler.com); Windows)"
78.130.150.82 - - [03/Aug/2023:08:04:21 +0200] "GET / HTTP/1.0" 200 1229 "-" "Mozilla/5.0 (Windows NT 6.1; WOW64) AppleWebKit/537.36 (KHTML, like Gecko) Chrome/52.0.2743.116 Safari/537.36"
212.91.246.72 - - [03/Aug/2023:08:04:37 +0200] "GET / HTTP/1.1" 200 1229 "-" "Mozilla/5.0 (compatible; PRTG Network Monitor (www.paessler.com); Windows)"
212.91.246.72 - - [03/Aug/2023:08:05:37 +0200] "GET / HTTP/1.1" 200 1229 "-" "Mozilla/5.0 (compatible; PRTG Network Monitor (www.paessler.com); Windows)"
212.91.246.72 - - [03/Aug/2023:08:06:37 +0200] "GET / HTTP/1.1" 200 1229 "-" "Mozilla/5.0 (compatible; PRTG Network Monitor (www.paessler.com); Windows)"
212.91.246.72 - - [03/Aug/2023:08:07:37 +0200] "GET / HTTP/1.1" 200 1229 "-" "Mozilla/5.0 (compatible; PRTG Network Monitor (www.paessler.com); Windows)"
84.54.51.12 - - [03/Aug/2023:08:07:52 +0200] "CONNECT google.com:443 HTTP/1.1" 405 340 "-" "Go-http-client/1.1"
34.247.217.189 - - [03/Aug/2023:08:08:25 +0200] "HEAD /spicons/apache_pb.gif HTTP/1.0" 404 - "-" "Mozilla/5.0 (compatible; NetcraftSurveyAgent/1.0; +info@netcraft.com)"
212.91.246.72 - - [03/Aug/2023:08:08:37 +0200] "GET / HTTP/1.1" 200 1229 "-" "Mozilla/5.0 (compatible; PRTG Network Monitor (www.paessler.com); Windows)"
167.94.146.58 - - [03/Aug/2023:08:09:01 +0200] "GET / HTTP/1.1" 200 1229 "-" "-"
167.94.146.58 - - [03/Aug/2023:08:09:01 +0200] "GET / HTTP/1.1" 200 1229 "-" "Mozilla/5.0 (compatible; CensysInspect/1.1; +https://about.censys.io/)"
167.94.146.58 - - [03/Aug/2023:08:09:01 +0200] "PRI * HTTP/2.0" 400 329 "-" "-"
167.94.146.58 - - [03/Aug/2023:08:09:01 +0200] "GET /favicon.ico HTTP/1.1" 404 316 "-" "Mozilla/5.0 (compatible; CensysInspect/1.1; +https://about.censys.io/)"
212.91.246.72 - - [03/Aug/2023:08:09:37 +0200] "GET / HTTP/1.1" 200 1229 "-" "Mozilla/5.0 (compatible; PRTG Network Monitor (www.paessler.com); Windows)"
212.91.246.72 - - [03/Aug/2023:08:10:37 +0200] "GET / HTTP/1.1" 200 1229 "-" "Mozilla/5.0 (compatible; PRTG Network Monitor (www.paessler.com); Windows)"
212.91.246.72 - - [03/Aug/2023:08:11:37 +0200] "GET / HTTP/1.1" 200 1229 "-" "Mozilla/5.0 (compatible; PRTG Network Monitor (www.paessler.com); Windows)"
212.91.246.72 - - [03/Aug/2023:08:12:37 +0200] "GET / HTTP/1.1" 200 1229 "-" "Mozilla/5.0 (compatible; PRTG Network Monitor (www.paessler.com); Windows)"
185.170.144.3 - - [03/Aug/2023:08:13:16 +0200] "\x03" 501 316 "-" "-"
212.91.246.72 - - [03/Aug/2023:08:13:37 +0200] "GET / HTTP/1.1" 200 1229 "-" "Mozilla/5.0 (compatible; PRTG Network Monitor (www.paessler.com); Windows)"
185.80.32.53 - - [03/Aug/2023:08:14:30 +0200] "GET / HTTP/1.1" 200 1229 "-" "Mozilla/5.0 (Windows NT 10.0; WOW64) AppleWebKit/537.36 (KHTML, like Gecko) Chrome/51.0.2704.103 Safari/537.36"
212.91.246.72 - - [03/Aug/2023:08:14:37 +0200] "GET / HTTP/1.1" 200 1229 "-" "Mozilla/5.0 (compatible; PRTG Network Monitor (www.paessler.com); Windows)"
212.91.246.72 - - [03/Aug/2023:08:15:37 +0200] "GET / HTTP/1.1" 200 1229 "-" "Mozilla/5.0 (compatible; PRTG Network Monitor (www.paessler.com); Windows)"
212.91.246.72 - - [03/Aug/2023:08:16:37 +0200] "GET / HTTP/1.1" 200 1229 "-" "Mozilla/5.0 (compatible; PRTG Network Monitor (www.paessler.com); Windows)"
45.154.96.235 - - [03/Aug/2023:08:16:38 +0200] "GET /.aws/credentials HTTP/1.1" 404 321 "-" "Mozilla/5.0 (Linux; Android 11; Pixel 5) AppleWebKit/537.36 (KHTML, like Gecko) Chrome/99.0.4812.0 Mobile Safari/537.36"
212.91.246.72 - - [03/Aug/2023:08:17:37 +0200] "GET / HTTP/1.1" 200 1229 "-" "Mozilla/5.0 (compatible; PRTG Network Monitor (www.paessler.com); Windows)"
212.91.246.72 - - [03/Aug/2023:08:18:37 +0200] "GET / HTTP/1.1" 200 1229 "-" "Mozilla/5.0 (compatible; PRTG Network Monitor (www.paessler.com); Windows)"
212.91.246.72 - - [03/Aug/2023:08:19:37 +0200] "GET / HTTP/1.1" 200 1229 "-" "Mozilla/5.0 (compatible; PRTG Network Monitor (www.paessler.com); Windows)"
212.91.246.72 - - [03/Aug/2023:08:20:37 +0200] "GET / HTTP/1.1" 200 1229 "-" "Mozilla/5.0 (compatible; PRTG Network Monitor (www.paessler.com); Windows)"
212.91.246.72 - - [03/Aug/2023:08:21:37 +0200] "GET / HTTP/1.1" 200 1229 "-" "Mozilla/5.0 (compatible; PRTG Network Monitor (www.paessler.com); Windows)"
212.91.246.72 - - [03/Aug/2023:08:22:37 +0200] "GET / HTTP/1.1" 200 1229 "-" "Mozilla/5.0 (compatible; PRTG Network Monitor (www.paessler.com); Windows)"
212.91.246.72 - - [03/Aug/2023:08:23:37 +0200] "GET / HTTP/1.1" 200 1229 "-" "Mozilla/5.0 (compatible; PRTG Network Monitor (www.paessler.com); Windows)"
212.91.246.72 - - [03/Aug/2023:08:24:37 +0200] "GET / HTTP/1.1" 200 1229 "-" "Mozilla/5.0 (compatible; PRTG Network Monitor (www.paessler.com); Windows)"
212.91.246.72 - - [03/Aug/2023:08:25:37 +0200] "GET / HTTP/1.1" 200 1229 "-" "Mozilla/5.0 (compatible; PRTG Network Monitor (www.paessler.com); Windows)"
212.91.246.72 - - [03/Aug/2023:08:26:37 +0200] "GET / HTTP/1.1" 200 1229 "-" "Mozilla/5.0 (compatible; PRTG Network Monitor (www.paessler.com); Windows)"
157.245.40.54 - - [03/Aug/2023:08:26:52 +0200] "\x16\x03\x01\x01\xfc\x01" 501 321 "-" "-"
157.245.40.54 - - [03/Aug/2023:08:26:58 +0200] "\x16\x03\x01\x01\xfc\x01" 501 321 "-" "-"
212.91.246.72 - - [03/Aug/2023:08:27:37 +0200] "GET / HTTP/1.1" 200 1229 "-" "Mozilla/5.0 (compatible; PRTG Network Monitor (www.paessler.com); Windows)"
212.91.246.72 - - [03/Aug/2023:08:28:37 +0200] "GET / HTTP/1.1" 200 1229 "-" "Mozilla/5.0 (compatible; PRTG Network Monitor (www.paessler.com); Windows)"
212.91.246.72 - - [03/Aug/2023:08:29:37 +0200] "GET / HTTP/1.1" 200 1229 "-" "Mozilla/5.0 (compatible; PRTG Network Monitor (www.paessler.com); Windows)"
212.91.246.72 - - [03/Aug/2023:08:30:37 +0200] "GET / HTTP/1.1" 200 1229 "-" "Mozilla/5.0 (compatible; PRTG Network Monitor (www.paessler.com); Windows)"
212.91.246.72 - - [03/Aug/2023:08:31:37 +0200] "GET / HTTP/1.1" 200 1229 "-" "Mozilla/5.0 (compatible; PRTG Network Monitor (www.paessler.com); Windows)"
212.91.246.72 - - [03/Aug/2023:08:32:37 +0200] "GET / HTTP/1.1" 200 1229 "-" "Mozilla/5.0 (compatible; PRTG Network Monitor (www.paessler.com); Windows)"
37.252.221.124 - - [03/Aug/2023:08:32:55 +0200] "GET / HTTP/1.1" 200 1229 "-" "Mozilla/5.0 (Windows NT 10.0; WOW64) AppleWebKit/537.36 (KHTML, like Gecko) Chrome/51.0.2704.103 Safari/537.36"
212.91.246.72 - - [03/Aug/2023:08:33:37 +0200] "GET / HTTP/1.1" 200 1229 "-" "Mozilla/5.0 (compatible; PRTG Network Monitor (www.paessler.com); Windows)"
212.91.246.72 - - [03/Aug/2023:08:34:37 +0200] "GET / HTTP/1.1" 200 1229 "-" "Mozilla/5.0 (compatible; PRTG Network Monitor (www.paessler.com); Windows)"
167.99.13.19 - - [03/Aug/2023:08:34:43 +0200] "GET /aaa9 HTTP/1.1" 404 309 "-" "Mozilla/5.0 zgrab/0.x"
167.99.13.19 - - [03/Aug/2023:08:34:52 +0200] "GET /aab8 HTTP/1.1" 404 309 "-" "Mozilla/5.0 zgrab/0.x"
167.99.13.19 - - [03/Aug/2023:08:34:59 +0200] "GET / HTTP/1.1" 200 1229 "-" "Mozilla/5.0 zgrab/0.x"
212.91.246.72 - - [03/Aug/2023:08:35:37 +0200] "GET / HTTP/1.1" 200 1229 "-" "Mozilla/5.0 (compatible; PRTG Network Monitor (www.paessler.com); Windows)"
212.91.246.72 - - [03/Aug/2023:08:36:37 +0200] "GET / HTTP/1.1" 200 1229 "-" "Mozilla/5.0 (compatible; PRTG Network Monitor (www.paessler.com); Windows)"
212.91.246.72 - - [03/Aug/2023:08:37:37 +0200] "GET / HTTP/1.1" 200 1229 "-" "Mozilla/5.0 (compatible; PRTG Network Monitor (www.paessler.com); Windows)"
212.91.246.72 - - [03/Aug/2023:08:38:37 +0200] "GET / HTTP/1.1" 200 1229 "-" "Mozilla/5.0 (compatible; PRTG Network Monitor (www.paessler.com); Windows)"
212.91.246.72 - - [03/Aug/2023:08:39:37 +0200] "GET / HTTP/1.1" 200 1229 "-" "Mozilla/5.0 (compatible; PRTG Network Monitor (www.paessler.com); Windows)"
51.222.253.16 - - [03/Aug/2023:08:39:39 +0200] "GET /robots.txt HTTP/1.1" 404 327 "-" "Mozilla/5.0 (compatible; AhrefsBot/7.0; +http://ahrefs.com/robot/)"
54.36.148.158 - - [03/Aug/2023:08:39:42 +0200] "GET / HTTP/1.1" 200 1229 "-" "Mozilla/5.0 (compatible; AhrefsBot/7.0; +http://ahrefs.com/robot/)"
157.245.40.54 - - [03/Aug/2023:08:40:06 +0200] "\x16\x03\x01\x01\xfc\x01" 501 321 "-" "-"
157.245.40.54 - - [03/Aug/2023:08:40:08 +0200] "\x16\x03\x01\x01\xfc\x01" 501 321 "-" "-"
157.245.40.54 - - [03/Aug/2023:08:40:30 +0200] "\x16\x03\x01\x01\xfc\x01" 501 321 "-" "-"
157.245.40.54 - - [03/Aug/2023:08:40:32 +0200] "\x16\x03\x01\x01\xfc\x01" 501 321 "-" "-"
157.245.40.54 - - [03/Aug/2023:08:40:32 +0200] "\x16\x03\x01\x01\xfc\x01" 501 321 "-" "-"
157.245.40.54 - - [03/Aug/2023:08:40:35 +0200] "\x16\x03\x01\x01\xfc\x01" 501 321 "-" "-"
212.91.246.72 - - [03/Aug/2023:08:40:37 +0200] "GET / HTTP/1.1" 200 1229 "-" "Mozilla/5.0 (compatible; PRTG Network Monitor (www.paessler.com); Windows)"
157.245.40.54 - - [03/Aug/2023:08:41:05 +0200] "\x16\x03\x01\x01\xfc\x01" 501 321 "-" "-"
157.245.40.54 - - [03/Aug/2023:08:41:24 +0200] "\x16\x03\x01\x01\xfc\x01" 501 321 "-" "-"
212.91.246.72 - - [03/Aug/2023:08:41:37 +0200] "GET / HTTP/1.1" 200 1229 "-" "Mozilla/5.0 (compatible; PRTG Network Monitor (www.paessler.com); Windows)"
212.91.246.72 - - [03/Aug/2023:08:42:37 +0200] "GET / HTTP/1.1" 200 1229 "-" "Mozilla/5.0 (compatible; PRTG Network Monitor (www.paessler.com); Windows)"
185.180.140.6 - - [03/Aug/2023:08:43:29 +0200] "GET / HTTP/1.1" 200 1229 "-" "Mozilla/5.0 (Windows NT 10.0; Win64; x64) AppleWebKit/537.36 (KHTML, like Gecko) Chrome/60.0.3112.113 Safari/537.36"
212.91.246.72 - - [03/Aug/2023:08:43:37 +0200] "GET / HTTP/1.1" 200 1229 "-" "Mozilla/5.0 (compatible; PRTG Network Monitor (www.paessler.com); Windows)"
212.91.246.72 - - [03/Aug/2023:08:44:37 +0200] "GET / HTTP/1.1" 200 1229 "-" "Mozilla/5.0 (compatible; PRTG Network Monitor (www.paessler.com); Windows)"
212.91.246.72 - - [03/Aug/2023:08:45:37 +0200] "GET / HTTP/1.1" 200 1229 "-" "Mozilla/5.0 (compatible; PRTG Network Monitor (www.paessler.com); Windows)"
135.148.13.183 - - [03/Aug/2023:08:46:23 +0200] "POST /boaform/admin/formLogin HTTP/1.1" 404 328 "http://212.91.246.80:80/admin/login.asp" "Mozilla/5.0 (X11; Ubuntu; Linux x86_64; rv:71.0) Gecko/20100101 Firefox/71.0"
212.91.246.72 - - [03/Aug/2023:08:46:37 +0200] "GET / HTTP/1.1" 200 1229 "-" "Mozilla/5.0 (compatible; PRTG Network Monitor (www.paessler.com); Windows)"
212.91.246.72 - - [03/Aug/2023:08:47:37 +0200] "GET / HTTP/1.1" 200 1229 "-" "Mozilla/5.0 (compatible; PRTG Network Monitor (www.paessler.com); Windows)"
212.91.246.72 - - [03/Aug/2023:08:48:37 +0200] "GET / HTTP/1.1" 200 1229 "-" "Mozilla/5.0 (compatible; PRTG Network Monitor (www.paessler.com); Windows)"
212.91.246.72 - - [03/Aug/2023:08:49:37 +0200] "GET / HTTP/1.1" 200 1229 "-" "Mozilla/5.0 (compatible; PRTG Network Monitor (www.paessler.com); Windows)"
212.91.246.72 - - [03/Aug/2023:08:50:37 +0200] "GET / HTTP/1.1" 200 1229 "-" "Mozilla/5.0 (compatible; PRTG Network Monitor (www.paessler.com); Windows)"
167.94.146.60 - - [03/Aug/2023:08:51:08 +0200] "GET / HTTP/1.1" 200 1229 "-" "-"
167.94.146.60 - - [03/Aug/2023:08:51:08 +0200] "GET / HTTP/1.1" 200 1229 "-" "Mozilla/5.0 (compatible; CensysInspect/1.1; +https://about.censys.io/)"
167.94.146.60 - - [03/Aug/2023:08:51:08 +0200] "PRI * HTTP/2.0" 400 329 "-" "-"
167.94.146.60 - - [03/Aug/2023:08:51:08 +0200] "GET /favicon.ico HTTP/1.1" 404 316 "-" "Mozilla/5.0 (compatible; CensysInspect/1.1; +https://about.censys.io/)"
212.91.246.72 - - [03/Aug/2023:08:51:37 +0200] "GET / HTTP/1.1" 200 1229 "-" "Mozilla/5.0 (compatible; PRTG Network Monitor (www.paessler.com); Windows)"
212.91.246.72 - - [03/Aug/2023:08:52:37 +0200] "GET / HTTP/1.1" 200 1229 "-" "Mozilla/5.0 (compatible; PRTG Network Monitor (www.paessler.com); Windows)"
212.91.246.72 - - [03/Aug/2023:08:53:37 +0200] "GET / HTTP/1.1" 200 1229 "-" "Mozilla/5.0 (compatible; PRTG Network Monitor (www.paessler.com); Windows)"
212.91.246.72 - - [03/Aug/2023:08:54:37 +0200] "GET / HTTP/1.1" 200 1229 "-" "Mozilla/5.0 (compatible; PRTG Network Monitor (www.paessler.com); Windows)"
64.62.197.177 - - [03/Aug/2023:08:55:21 +0200] "\x16\x03\x01" 501 318 "-" "-"
216.218.206.67 - - [03/Aug/2023:08:55:32 +0200] "\x16\x03\x01" 501 318 "-" "-"
212.91.246.72 - - [03/Aug/2023:08:55:37 +0200] "GET / HTTP/1.1" 200 1229 "-" "Mozilla/5.0 (compatible; PRTG Network Monitor (www.paessler.com); Windows)"
74.82.47.2 - - [03/Aug/2023:08:55:50 +0200] "\x16\x03\x01" 501 318 "-" "-"
212.91.246.72 - - [03/Aug/2023:08:56:37 +0200] "GET / HTTP/1.1" 200 1229 "-" "Mozilla/5.0 (compatible; PRTG Network Monitor (www.paessler.com); Windows)"
205.210.31.227 - - [03/Aug/2023:08:57:10 +0200] "GET / HTTP/1.0" 200 1229 "-" "Expanse, a Palo Alto Networks company, searches across the global IPv4 space multiple times per day to identify customers' presences on the Internet. If you would like to be excluded from our scans, please send IP addresses/domains to: scaninfo@paloaltonetworks.com"
212.91.246.72 - - [03/Aug/2023:08:57:37 +0200] "GET / HTTP/1.1" 200 1229 "-" "Mozilla/5.0 (compatible; PRTG Network Monitor (www.paessler.com); Windows)"
154.209.125.124 - - [03/Aug/2023:08:58:11 +0200] "GET / HTTP/1.1" 200 1229 "-" "Mozilla/5.0 (Macintosh; Intel Mac OS X 10.11; rv:47.0) Gecko/20100101 Firefox/47.0"
212.91.246.72 - - [03/Aug/2023:08:58:37 +0200] "GET / HTTP/1.1" 200 1229 "-" "Mozilla/5.0 (compatible; PRTG Network Monitor (www.paessler.com); Windows)"
8.210.183.67 - - [03/Aug/2023:08:58:49 +0200] "GET /login?from=%2F HTTP/1.1" 404 310 "-" "Mozilla/5.0 (Windows NT 10.0; Win64; x64) AppleWebKit/537.36 (KHTML, like Gecko) Chrome/115.0.0.0 Safari/537.36"
212.91.246.72 - - [03/Aug/2023:08:59:37 +0200] "GET / HTTP/1.1" 200 1229 "-" "Mozilla/5.0 (compatible; PRTG Network Monitor (www.paessler.com); Windows)"
212.91.246.72 - - [03/Aug/2023:09:00:37 +0200] "GET / HTTP/1.1" 200 1229 "-" "Mozilla/5.0 (compatible; PRTG Network Monitor (www.paessler.com); Windows)"
212.91.246.72 - - [03/Aug/2023:09:01:37 +0200] "GET / HTTP/1.1" 200 1229 "-" "Mozilla/5.0 (compatible; PRTG Network Monitor (www.paessler.com); Windows)"
212.91.246.72 - - [03/Aug/2023:09:02:37 +0200] "GET / HTTP/1.1" 200 1229 "-" "Mozilla/5.0 (compatible; PRTG Network Monitor (www.paessler.com); Windows)"
172.105.128.11 - - [03/Aug/2023:09:03:08 +0200] "GET / HTTP/1.1" 200 1229 "-" "Mozilla/5.0 (Macintosh; Intel Mac OS X 13_1) AppleWebKit/537.36 (KHTML, like Gecko) Chrome/108.0.0.0 Safari/537.36"
212.91.246.72 - - [03/Aug/2023:09:03:37 +0200] "GET / HTTP/1.1" 200 1229 "-" "Mozilla/5.0 (compatible; PRTG Network Monitor (www.paessler.com); Windows)"
212.91.246.72 - - [03/Aug/2023:09:04:37 +0200] "GET / HTTP/1.1" 200 1229 "-" "Mozilla/5.0 (compatible; PRTG Network Monitor (www.paessler.com); Windows)"
212.91.246.72 - - [03/Aug/2023:09:05:37 +0200] "GET / HTTP/1.1" 200 1229 "-" "Mozilla/5.0 (compatible; PRTG Network Monitor (www.paessler.com); Windows)"
212.91.246.72 - - [03/Aug/2023:09:06:37 +0200] "GET / HTTP/1.1" 200 1229 "-" "Mozilla/5.0 (compatible; PRTG Network Monitor (www.paessler.com); Windows)"
212.91.246.72 - - [03/Aug/2023:09:07:37 +0200] "GET / HTTP/1.1" 200 1229 "-" "Mozilla/5.0 (compatible; PRTG Network Monitor (www.paessler.com); Windows)"
212.91.246.72 - - [03/Aug/2023:09:08:37 +0200] "GET / HTTP/1.1" 200 1229 "-" "Mozilla/5.0 (compatible; PRTG Network Monitor (www.paessler.com); Windows)"
212.91.246.72 - - [03/Aug/2023:09:09:37 +0200] "GET / HTTP/1.1" 200 1229 "-" "Mozilla/5.0 (compatible; PRTG Network Monitor (www.paessler.com); Windows)"
212.91.246.72 - - [03/Aug/2023:09:10:37 +0200] "GET / HTTP/1.1" 200 1229 "-" "Mozilla/5.0 (compatible; PRTG Network Monitor (www.paessler.com); Windows)"
212.91.246.72 - - [03/Aug/2023:09:11:37 +0200] "GET / HTTP/1.1" 200 1229 "-" "Mozilla/5.0 (compatible; PRTG Network Monitor (www.paessler.com); Windows)"
198.235.24.223 - - [03/Aug/2023:09:12:03 +0200] "GET / HTTP/1.0" 200 1229 "-" "Expanse, a Palo Alto Networks company, searches across the global IPv4 space multiple times per day to identify customers' presences on the Internet. If you would like to be excluded from our scans, please send IP addresses/domains to: scaninfo@paloaltonetworks.com"
212.91.246.72 - - [03/Aug/2023:09:12:37 +0200] "GET / HTTP/1.1" 200 1229 "-" "Mozilla/5.0 (compatible; PRTG Network Monitor (www.paessler.com); Windows)"
65.49.20.69 - - [03/Aug/2023:09:13:02 +0200] "GET / HTTP/1.1" 200 1229 "-" "Mozilla/5.0 (Macintosh; Intel Mac OS X 10_15_7) AppleWebKit/605.1.15 (KHTML, like Gecko) Version/16.3 Safari/605.1.15"
212.91.246.72 - - [03/Aug/2023:09:13:37 +0200] "GET / HTTP/1.1" 200 1229 "-" "Mozilla/5.0 (compatible; PRTG Network Monitor (www.paessler.com); Windows)"
212.91.246.72 - - [03/Aug/2023:09:14:37 +0200] "GET / HTTP/1.1" 200 1229 "-" "Mozilla/5.0 (compatible; PRTG Network Monitor (www.paessler.com); Windows)"
71.6.134.231 - - [03/Aug/2023:09:15:09 +0200] "GET / HTTP/1.1" 200 1229 "-" "Mozilla/5.0 (Windows NT 10.0; Win64; x64) AppleWebKit/537.36 (KHTML, like Gecko) Chrome/102.0.0.0 Safari/537.36"
45.79.181.94 - - [03/Aug/2023:09:15:28 +0200] "GET / HTTP/1.1" 200 1229 "-" "Mozilla/5.0 (Macintosh; Intel Mac OS X 13_1) AppleWebKit/537.36 (KHTML, like Gecko) Chrome/108.0.0.0 Safari/537.36"
212.91.246.72 - - [03/Aug/2023:09:15:37 +0200] "GET / HTTP/1.1" 200 1229 "-" "Mozilla/5.0 (compatible; PRTG Network Monitor (www.paessler.com); Windows)"
212.91.246.72 - - [03/Aug/2023:09:16:37 +0200] "GET / HTTP/1.1" 200 1229 "-" "Mozilla/5.0 (compatible; PRTG Network Monitor (www.paessler.com); Windows)"
65.49.20.69 - - [03/Aug/2023:09:16:49 +0200] "GET /favicon.ico HTTP/1.1" 404 316 "-" "Mozilla/5.0 (X11; Ubuntu; Linux x86_64; rv:109.0) Gecko/20100101 Firefox/109.0"
212.91.246.72 - - [03/Aug/2023:09:17:37 +0200] "GET / HTTP/1.1" 200 1229 "-" "Mozilla/5.0 (compatible; PRTG Network Monitor (www.paessler.com); Windows)"
65.49.20.69 - - [03/Aug/2023:09:17:45 +0200] "GET /geoserver/web/ HTTP/1.1" 404 319 "-" "Mozilla/5.0 (Macintosh; Intel Mac OS X 10_15_7) AppleWebKit/605.1.15 (KHTML, like Gecko) Version/16.3 Safari/605.1.15"
194.165.16.73 - - [03/Aug/2023:09:17:58 +0200] "\x03" 501 316 "-" "-"
212.91.246.72 - - [03/Aug/2023:09:18:37 +0200] "GET / HTTP/1.1" 200 1229 "-" "Mozilla/5.0 (compatible; PRTG Network Monitor (www.paessler.com); Windows)"
45.154.96.235 - - [03/Aug/2023:09:19:29 +0200] "GET /.git/credentials HTTP/1.1" 404 321 "-" "Mozilla/5.0 (Linux; Android 9; Redmi Note 8T) AppleWebKit/537.36 (KHTML, like Gecko) Chrome/101.0.4951.61 Mobile Safari/537.36"
185.180.140.6 - - [03/Aug/2023:09:19:33 +0200] "GET / HTTP/1.1" 200 1229 "-" "Mozilla/5.0 (Windows NT 10.0; Win64; x64) AppleWebKit/537.36 (KHTML, like Gecko) Chrome/60.0.3112.113 Safari/537.36"
212.91.246.72 - - [03/Aug/2023:09:19:37 +0200] "GET / HTTP/1.1" 200 1229 "-" "Mozilla/5.0 (compatible; PRTG Network Monitor (www.paessler.com); Windows)"
212.91.246.72 - - [03/Aug/2023:09:20:37 +0200] "GET / HTTP/1.1" 200 1229 "-" "Mozilla/5.0 (compatible; PRTG Network Monitor (www.paessler.com); Windows)"
212.91.246.72 - - [03/Aug/2023:09:21:37 +0200] "GET / HTTP/1.1" 200 1229 "-" "Mozilla/5.0 (compatible; PRTG Network Monitor (www.paessler.com); Windows)"
212.91.246.72 - - [03/Aug/2023:09:22:37 +0200] "GET / HTTP/1.1" 200 1229 "-" "Mozilla/5.0 (compatible; PRTG Network Monitor (www.paessler.com); Windows)"
212.91.246.72 - - [03/Aug/2023:09:23:37 +0200] "GET / HTTP/1.1" 200 1229 "-" "Mozilla/5.0 (compatible; PRTG Network Monitor (www.paessler.com); Windows)"
212.91.246.72 - - [03/Aug/2023:09:24:37 +0200] "GET / HTTP/1.1" 200 1229 "-" "Mozilla/5.0 (compatible; PRTG Network Monitor (www.paessler.com); Windows)"
212.91.246.72 - - [03/Aug/2023:09:25:37 +0200] "GET / HTTP/1.1" 200 1229 "-" "Mozilla/5.0 (compatible; PRTG Network Monitor (www.paessler.com); Windows)"
5.196.102.76 - - [03/Aug/2023:09:26:13 +0200] "GET /favicon.ico HTTP/1.1" 404 316 "-" "Mozilla/5.0 (X11; Ubuntu; Linux x86_64; rv:109.0) Gecko/20100101 Firefox/115.0"
212.91.246.72 - - [03/Aug/2023:09:26:37 +0200] "GET / HTTP/1.1" 200 1229 "-" "Mozilla/5.0 (compatible; PRTG Network Monitor (www.paessler.com); Windows)"
212.91.246.72 - - [03/Aug/2023:09:27:37 +0200] "GET / HTTP/1.1" 200 1229 "-" "Mozilla/5.0 (compatible; PRTG Network Monitor (www.paessler.com); Windows)"
212.91.246.72 - - [03/Aug/2023:09:28:37 +0200] "GET / HTTP/1.1" 200 1229 "-" "Mozilla/5.0 (compatible; PRTG Network Monitor (www.paessler.com); Windows)"
212.91.246.72 - - [03/Aug/2023:09:29:37 +0200] "GET / HTTP/1.1" 200 1229 "-" "Mozilla/5.0 (compatible; PRTG Network Monitor (www.paessler.com); Windows)"
212.91.246.72 - - [03/Aug/2023:09:30:37 +0200] "GET / HTTP/1.1" 200 1229 "-" "Mozilla/5.0 (compatible; PRTG Network Monitor (www.paessler.com); Windows)"
212.91.246.72 - - [03/Aug/2023:09:31:37 +0200] "GET / HTTP/1.1" 200 1229 "-" "Mozilla/5.0 (compatible; PRTG Network Monitor (www.paessler.com); Windows)"
71.6.134.231 - - [03/Aug/2023:09:31:46 +0200] "\x16\x03\x01" 501 318 "-" "-"
212.91.246.72 - - [03/Aug/2023:09:32:37 +0200] "GET / HTTP/1.1" 200 1229 "-" "Mozilla/5.0 (compatible; PRTG Network Monitor (www.paessler.com); Windows)"
152.228.243.2 - - [03/Aug/2023:09:32:52 +0200] "GET / HTTP/1.1" 200 1229 "-" "Mozilla/5.0 (Windows NT 10.0; Win64; x64; rv:109.0) Gecko/20100101 Firefox/114.0"
212.91.246.72 - - [03/Aug/2023:09:33:37 +0200] "GET / HTTP/1.1" 200 1229 "-" "Mozilla/5.0 (compatible; PRTG Network Monitor (www.paessler.com); Windows)"
212.91.246.72 - - [03/Aug/2023:09:34:37 +0200] "GET / HTTP/1.1" 200 1229 "-" "Mozilla/5.0 (compatible; PRTG Network Monitor (www.paessler.com); Windows)"
212.91.246.72 - - [03/Aug/2023:09:35:37 +0200] "GET / HTTP/1.1" 200 1229 "-" "Mozilla/5.0 (compatible; PRTG Network Monitor (www.paessler.com); Windows)"
212.91.246.72 - - [03/Aug/2023:09:36:37 +0200] "GET / HTTP/1.1" 200 1229 "-" "Mozilla/5.0 (compatible; PRTG Network Monitor (www.paessler.com); Windows)"
212.91.246.72 - - [03/Aug/2023:09:37:37 +0200] "GET / HTTP/1.1" 200 1229 "-" "Mozilla/5.0 (compatible; PRTG Network Monitor (www.paessler.com); Windows)"
