95.111.236.86 - - [01/Aug/2023:05:13:41 +0200] "GET /y/sip/y000000000044.cfg HTTP/1.1" 404 328 "-" "libwww-perl/6.72"
95.111.236.86 - - [01/Aug/2023:05:13:41 +0200] "GET /y/sip/y000000000044.cfg HTTP/1.1" 404 328 "-" "libwww-perl/6.72"
95.111.236.86 - - [01/Aug/2023:05:13:41 +0200] "GET /y/sip/y000000000068.cfg HTTP/1.1" 404 328 "-" "libwww-perl/6.72"
95.111.236.86 - - [01/Aug/2023:05:13:41 +0200] "GET /y/sip/y000000000068.cfg HTTP/1.1" 404 328 "-" "libwww-perl/6.72"
95.111.236.86 - - [01/Aug/2023:05:13:42 +0200] "GET /y/sip/y000000000068.cfg HTTP/1.1" 404 328 "-" "libwww-perl/6.72"
95.111.236.86 - - [01/Aug/2023:05:13:42 +0200] "GET /y/sip/y000000000068.cfg HTTP/1.1" 404 328 "-" "libwww-perl/6.72"
95.111.236.86 - - [01/Aug/2023:05:13:42 +0200] "GET /y/sip/y000000000044.cfg HTTP/1.1" 404 328 "-" "libwww-perl/6.72"
95.111.236.86 - - [01/Aug/2023:05:13:42 +0200] "GET /y/sip/y000000000068.cfg HTTP/1.1" 404 328 "-" "libwww-perl/6.72"
95.111.236.86 - - [01/Aug/2023:05:13:46 +0200] "GET /y/sip/y000000000028.cfg HTTP/1.1" 404 328 "-" "libwww-perl/6.72"
95.111.236.86 - - [01/Aug/2023:05:13:46 +0200] "GET /y/sip/y000000000028.cfg HTTP/1.1" 404 328 "-" "libwww-perl/6.72"
95.111.236.86 - - [01/Aug/2023:05:13:46 +0200] "GET /y/sip/y000000000028.cfg HTTP/1.1" 404 328 "-" "libwww-perl/6.72"
95.111.236.86 - - [01/Aug/2023:05:13:46 +0200] "GET /y/sip/y000000000028.cfg HTTP/1.1" 404 328 "-" "libwww-perl/6.72"
95.111.236.86 - - [01/Aug/2023:05:13:46 +0200] "GET /y/sip/y000000000028.cfg HTTP/1.1" 404 328 "-" "libwww-perl/6.72"
95.111.236.86 - - [01/Aug/2023:05:13:46 +0200] "GET /y/sip/y000000000028.cfg HTTP/1.1" 404 328 "-" "libwww-perl/6.72"
95.111.236.86 - - [01/Aug/2023:05:13:46 +0200] "GET /y/sip/y000000000028.cfg HTTP/1.1" 404 328 "-" "libwww-perl/6.72"
95.111.236.86 - - [01/Aug/2023:05:13:47 +0200] "GET /y/sip/y000000000028.cfg HTTP/1.1" 404 328 "-" "libwww-perl/6.72"
95.111.236.86 - - [01/Aug/2023:05:13:47 +0200] "GET /y/sip/y000000000028.cfg HTTP/1.1" 404 328 "-" "libwww-perl/6.72"
95.111.236.86 - - [01/Aug/2023:05:13:47 +0200] "GET /y/sip/y000000000028.cfg HTTP/1.1" 404 328 "-" "libwww-perl/6.72"
172.105.128.12 - - [01/Aug/2023:05:14:50 +0200] "\x16\x03\x01" 501 318 "-" "-"
35.87.69.236 - - [01/Aug/2023:05:17:39 +0200] "OPTIONS / HTTP/1.1" 200 - "-" "Mozilla/5.0 (Macintosh; Intel Mac OS X 10_11_5) AppleWebKit/537.36 (KHTML, like Gecko) Chrome/50.0.2661.102 Safari/537.36"
172.105.128.13 - - [01/Aug/2023:05:17:50 +0200] "\x16\x03\x01" 501 318 "-" "-"
34.223.108.60 - - [01/Aug/2023:05:18:01 +0200] "OPTIONS / HTTP/1.1" 200 - "-" "Mozilla/5.0 (Macintosh; Intel Mac OS X 10_11_5) AppleWebKit/537.36 (KHTML, like Gecko) Chrome/50.0.2661.102 Safari/537.36"
35.216.158.194 - - [01/Aug/2023:05:22:06 +0200] "GET / HTTP/1.1" 200 1229 "-" "Mozilla/5.0"
185.180.143.81 - - [01/Aug/2023:05:22:10 +0200] "GET / HTTP/1.1" 200 1229 "-" "Mozilla/5.0 (Windows NT 10.0; Win64; x64) AppleWebKit/537.36 (KHTML, like Gecko) Chrome/60.0.3112.113 Safari/537.36"
172.105.128.13 - - [01/Aug/2023:05:26:04 +0200] "\x16\x03\x01" 501 318 "-" "-"
162.216.150.194 - - [01/Aug/2023:05:36:33 +0200] "GET / HTTP/1.1" 200 1229 "-" "Expanse, a Palo Alto Networks company, searches across the global IPv4 space multiple times per day to identify customers' presences on the Internet. If you would like to be excluded from our scans, please send IP addresses/domains to: scaninfo@paloaltonetworks.com"
198.235.24.16 - - [01/Aug/2023:05:36:42 +0200] "GET / HTTP/1.0" 200 1229 "-" "Expanse, a Palo Alto Networks company, searches across the global IPv4 space multiple times per day to identify customers' presences on the Internet. If you would like to be excluded from our scans, please send IP addresses/domains to: scaninfo@paloaltonetworks.com"
172.233.208.171 - - [01/Aug/2023:05:41:39 +0200] "CONNECT google.com:443 HTTP/1.1" 405 340 "-" "Go-http-client/1.1"
45.128.232.83 - - [01/Aug/2023:05:49:31 +0200] "GET / HTTP/1.1" 200 1229 "-" "-"
45.128.232.83 - - [01/Aug/2023:05:49:31 +0200] "POST /HNAP1/ HTTP/1.1" 404 311 "-" "Mozila/5.0"
54.36.149.39 - - [01/Aug/2023:05:51:07 +0200] "GET /robots.txt HTTP/1.1" 404 327 "-" "Mozilla/5.0 (compatible; AhrefsBot/7.0; +http://ahrefs.com/robot/)"
54.36.148.171 - - [01/Aug/2023:05:51:09 +0200] "GET / HTTP/1.1" 200 1229 "-" "Mozilla/5.0 (compatible; AhrefsBot/7.0; +http://ahrefs.com/robot/)"
172.104.11.34 - - [01/Aug/2023:05:52:45 +0200] "\x16\x03\x01" 501 318 "-" "-"
162.216.149.85 - - [01/Aug/2023:05:53:04 +0200] "GET / HTTP/1.1" 200 1229 "-" "Expanse, a Palo Alto Networks company, searches across the global IPv4 space multiple times per day to identify customers' presences on the Internet. If you would like to be excluded from our scans, please send IP addresses/domains to: scaninfo@paloaltonetworks.com"
45.128.232.83 - - [01/Aug/2023:05:56:08 +0200] "GET / HTTP/1.1" 200 1229 "-" "-"
45.128.232.83 - - [01/Aug/2023:05:56:11 +0200] "POST /HNAP1/ HTTP/1.1" 404 311 "-" "Mozila/5.0"
167.94.145.54 - - [01/Aug/2023:06:03:29 +0200] "GET / HTTP/1.1" 200 1229 "-" "-"
167.94.145.54 - - [01/Aug/2023:06:03:29 +0200] "GET / HTTP/1.1" 200 1229 "-" "Mozilla/5.0 (compatible; CensysInspect/1.1; +https://about.censys.io/)"
167.94.145.54 - - [01/Aug/2023:06:03:29 +0200] "PRI * HTTP/2.0" 400 329 "-" "-"
167.94.145.54 - - [01/Aug/2023:06:03:29 +0200] "GET /favicon.ico HTTP/1.1" 404 316 "-" "Mozilla/5.0 (compatible; CensysInspect/1.1; +https://about.censys.io/)"
34.250.12.251 - - [01/Aug/2023:06:04:51 +0200] "GET / HTTP/1.1" 200 1229 "-" "Apache-HttpClient/4.5.1 (Java/17.0.3)"
34.250.12.251 - - [01/Aug/2023:06:04:51 +0200] "GET / HTTP/1.1" 200 1229 "-" "Java/17.0.3"
172.233.208.171 - - [01/Aug/2023:06:05:22 +0200] "CONNECT google.com:443 HTTP/1.1" 405 340 "-" "Go-http-client/1.1"
95.111.236.86 - - [01/Aug/2023:06:06:21 +0200] "GET /y/tftp/y000000000000.cfg HTTP/1.1" 404 329 "-" "libwww-perl/6.72"
95.111.236.86 - - [01/Aug/2023:06:06:21 +0200] "GET /y/tftp/y000000000000.cfg HTTP/1.1" 404 329 "-" "libwww-perl/6.72"
95.111.236.86 - - [01/Aug/2023:06:06:21 +0200] "GET /y/tftp/y000000000000.cfg HTTP/1.1" 404 329 "-" "libwww-perl/6.72"
95.111.236.86 - - [01/Aug/2023:06:06:21 +0200] "GET /y/tftp/y000000000000.cfg HTTP/1.1" 404 329 "-" "libwww-perl/6.72"
95.111.236.86 - - [01/Aug/2023:06:06:21 +0200] "GET /y/tftp/y000000000000.cfg HTTP/1.1" 404 329 "-" "libwww-perl/6.72"
95.111.236.86 - - [01/Aug/2023:06:06:21 +0200] "GET /y/tftp/y000000000000.cfg HTTP/1.1" 404 329 "-" "libwww-perl/6.72"
95.111.236.86 - - [01/Aug/2023:06:06:21 +0200] "GET /y/tftp/y000000000000.cfg HTTP/1.1" 404 329 "-" "libwww-perl/6.72"
95.111.236.86 - - [01/Aug/2023:06:06:21 +0200] "GET /y/tftp/y000000000000.cfg HTTP/1.1" 404 329 "-" "libwww-perl/6.72"
95.111.236.86 - - [01/Aug/2023:06:06:22 +0200] "GET /y/tftp/y000000000000.cfg HTTP/1.1" 404 329 "-" "libwww-perl/6.72"
95.111.236.86 - - [01/Aug/2023:06:06:22 +0200] "GET /y/tftp/y000000000028.cfg HTTP/1.1" 404 329 "-" "libwww-perl/6.72"
95.111.236.86 - - [01/Aug/2023:06:06:22 +0200] "GET /y/tftp/y000000000000.cfg HTTP/1.1" 404 329 "-" "libwww-perl/6.72"
95.111.236.86 - - [01/Aug/2023:06:06:22 +0200] "GET /y/tftp/y000000000028.cfg HTTP/1.1" 404 329 "-" "libwww-perl/6.72"
95.111.236.86 - - [01/Aug/2023:06:06:22 +0200] "GET /y/tftp/y000000000028.cfg HTTP/1.1" 404 329 "-" "libwww-perl/6.72"
95.111.236.86 - - [01/Aug/2023:06:06:22 +0200] "GET /y/tftp/y000000000028.cfg HTTP/1.1" 404 329 "-" "libwww-perl/6.72"
95.111.236.86 - - [01/Aug/2023:06:06:22 +0200] "GET /y/tftp/y000000000028.cfg HTTP/1.1" 404 329 "-" "libwww-perl/6.72"
95.111.236.86 - - [01/Aug/2023:06:06:22 +0200] "GET /y/tftp/y000000000028.cfg HTTP/1.1" 404 329 "-" "libwww-perl/6.72"
95.111.236.86 - - [01/Aug/2023:06:06:22 +0200] "GET /y/tftp/y000000000068.cfg HTTP/1.1" 404 329 "-" "libwww-perl/6.72"
95.111.236.86 - - [01/Aug/2023:06:06:22 +0200] "GET /y/tftp/y000000000068.cfg HTTP/1.1" 404 329 "-" "libwww-perl/6.72"
95.111.236.86 - - [01/Aug/2023:06:06:23 +0200] "GET /y/tftp/y000000000028.cfg HTTP/1.1" 404 329 "-" "libwww-perl/6.72"
95.111.236.86 - - [01/Aug/2023:06:06:23 +0200] "GET /y/tftp/y000000000028.cfg HTTP/1.1" 404 329 "-" "libwww-perl/6.72"
95.111.236.86 - - [01/Aug/2023:06:06:23 +0200] "GET /y/tftp/y000000000028.cfg HTTP/1.1" 404 329 "-" "libwww-perl/6.72"
95.111.236.86 - - [01/Aug/2023:06:06:23 +0200] "GET /y/tftp/y000000000028.cfg HTTP/1.1" 404 329 "-" "libwww-perl/6.72"
95.111.236.86 - - [01/Aug/2023:06:06:23 +0200] "GET /y/tftp/y000000000068.cfg HTTP/1.1" 404 329 "-" "libwww-perl/6.72"
95.111.236.86 - - [01/Aug/2023:06:06:23 +0200] "GET /y/tftp/y000000000068.cfg HTTP/1.1" 404 329 "-" "libwww-perl/6.72"
95.111.236.86 - - [01/Aug/2023:06:06:23 +0200] "GET /y/tftp/y000000000068.cfg HTTP/1.1" 404 329 "-" "libwww-perl/6.72"
95.111.236.86 - - [01/Aug/2023:06:06:23 +0200] "GET /y/tftp/y000000000068.cfg HTTP/1.1" 404 329 "-" "libwww-perl/6.72"
95.111.236.86 - - [01/Aug/2023:06:06:23 +0200] "GET /y/tftp/y000000000068.cfg HTTP/1.1" 404 329 "-" "libwww-perl/6.72"
95.111.236.86 - - [01/Aug/2023:06:06:23 +0200] "GET /y/tftp/y000000000068.cfg HTTP/1.1" 404 329 "-" "libwww-perl/6.72"
95.111.236.86 - - [01/Aug/2023:06:06:23 +0200] "GET /y/tftp/y000000000068.cfg HTTP/1.1" 404 329 "-" "libwww-perl/6.72"
95.111.236.86 - - [01/Aug/2023:06:06:24 +0200] "GET /y/tftp/y000000000068.cfg HTTP/1.1" 404 329 "-" "libwww-perl/6.72"
95.111.236.86 - - [01/Aug/2023:06:06:27 +0200] "GET /y/tftp/y000000000044.cfg HTTP/1.1" 404 329 "-" "libwww-perl/6.72"
95.111.236.86 - - [01/Aug/2023:06:06:27 +0200] "GET /y/tftp/y000000000044.cfg HTTP/1.1" 404 329 "-" "libwww-perl/6.72"
95.111.236.86 - - [01/Aug/2023:06:06:27 +0200] "GET /y/tftp/y000000000044.cfg HTTP/1.1" 404 329 "-" "libwww-perl/6.72"
95.111.236.86 - - [01/Aug/2023:06:06:28 +0200] "GET /y/tftp/y000000000044.cfg HTTP/1.1" 404 329 "-" "libwww-perl/6.72"
95.111.236.86 - - [01/Aug/2023:06:06:28 +0200] "GET /y/tftp/y000000000044.cfg HTTP/1.1" 404 329 "-" "libwww-perl/6.72"
95.111.236.86 - - [01/Aug/2023:06:06:28 +0200] "GET /y/tftp/y000000000044.cfg HTTP/1.1" 404 329 "-" "libwww-perl/6.72"
95.111.236.86 - - [01/Aug/2023:06:06:28 +0200] "GET /y/tftp/y000000000044.cfg HTTP/1.1" 404 329 "-" "libwww-perl/6.72"
95.111.236.86 - - [01/Aug/2023:06:06:28 +0200] "GET /y/tftp/y000000000044.cfg HTTP/1.1" 404 329 "-" "libwww-perl/6.72"
95.111.236.86 - - [01/Aug/2023:06:06:28 +0200] "GET /y/tftp/y000000000044.cfg HTTP/1.1" 404 329 "-" "libwww-perl/6.72"
95.111.236.86 - - [01/Aug/2023:06:06:28 +0200] "GET /y/tftp/y000000000044.cfg HTTP/1.1" 404 329 "-" "libwww-perl/6.72"
35.177.248.188 - - [01/Aug/2023:06:11:37 +0200] "" 501 315 "-" "-"
35.177.248.188 - - [01/Aug/2023:06:11:55 +0200] "\x16\x03\x01" 501 318 "-" "-"
35.177.248.188 - - [01/Aug/2023:06:12:47 +0200] "\x16\x03\x01" 501 318 "-" "-"
35.177.248.188 - - [01/Aug/2023:06:13:09 +0200] "GET /favicon.ico HTTP/1.1" 404 316 "-" "'Cloud mapping experiment. Contact research@pdrlabs.net'"
35.177.248.188 - - [01/Aug/2023:06:13:23 +0200] "\x16\x03\x01" 501 318 "-" "-"
35.177.248.188 - - [01/Aug/2023:06:13:47 +0200] "GET /manage/account/login HTTP/1.1" 404 325 "-" "'Cloud mapping experiment. Contact research@pdrlabs.net'"
35.177.248.188 - - [01/Aug/2023:06:14:16 +0200] "\x16\x03\x01" 501 318 "-" "-"
35.177.248.188 - - [01/Aug/2023:06:14:38 +0200] "GET /admin/index.html HTTP/1.1" 404 321 "-" "'Cloud mapping experiment. Contact research@pdrlabs.net'"
35.177.248.188 - - [01/Aug/2023:06:15:04 +0200] "\x16\x03\x01" 501 318 "-" "-"
35.177.248.188 - - [01/Aug/2023:06:15:27 +0200] "GET /index.html HTTP/1.1" 200 1229 "-" "'Cloud mapping experiment. Contact research@pdrlabs.net'"
35.177.248.188 - - [01/Aug/2023:06:15:59 +0200] "\x16\x03\x01" 501 318 "-" "-"
35.177.248.188 - - [01/Aug/2023:06:16:21 +0200] "GET /+CSCOE+/logon.html HTTP/1.1" 404 323 "-" "'Cloud mapping experiment. Contact research@pdrlabs.net'"
35.177.248.188 - - [01/Aug/2023:06:16:50 +0200] "\x16\x03\x01" 501 318 "-" "-"
35.177.248.188 - - [01/Aug/2023:06:17:12 +0200] "GET /cgi-bin/login.cgi HTTP/1.1" 404 322 "-" "'Cloud mapping experiment. Contact research@pdrlabs.net'"
35.177.248.188 - - [01/Aug/2023:06:17:35 +0200] "\x16\x03\x01" 501 318 "-" "-"
35.177.248.188 - - [01/Aug/2023:06:17:58 +0200] "GET / HTTP/1.1" 200 1229 "-" "'Cloud mapping experiment. Contact research@pdrlabs.net'"
216.218.206.67 - - [01/Aug/2023:06:21:02 +0200] "\x16\x03\x01" 501 318 "-" "-"
180.249.211.84 - - [01/Aug/2023:06:22:43 +0200] "GET / HTTP/1.1" 200 1229 "-" "Mozilla/5.0 (Windows NT 10.0; WOW64) AppleWebKit/537.36 (KHTML, like Gecko) Chrome/52.0.2743.116 Safari/537.36"
91.192.2.125 - - [01/Aug/2023:06:25:29 +0200] "GET / HTTP/1.1" 200 1229 "-" "Mozilla/5.0 (Windows NT 6.1; WOW64) AppleWebKit/537.36 (KHTML, like Gecko) Chrome/52.0.2743.116 Safari/537.36"
185.180.143.49 - - [01/Aug/2023:06:28:51 +0200] "GET / HTTP/1.1" 200 1229 "-" "Mozilla/5.0 (Windows NT 10.0; Win64; x64) AppleWebKit/537.36 (KHTML, like Gecko) Chrome/60.0.3112.113 Safari/537.36"
172.233.208.171 - - [01/Aug/2023:06:30:25 +0200] "CONNECT google.com:443 HTTP/1.1" 405 340 "-" "Go-http-client/1.1"
18.130.4.149 - - [01/Aug/2023:06:31:15 +0200] "" 501 315 "-" "-"
18.130.4.149 - - [01/Aug/2023:06:32:14 +0200] "\x16\x03\x01" 501 318 "-" "-"
18.130.4.149 - - [01/Aug/2023:06:34:29 +0200] "GET /admin/index.html HTTP/1.1" 404 321 "-" "'Cloud mapping experiment. Contact research@pdrlabs.net'"
18.130.4.149 - - [01/Aug/2023:06:35:27 +0200] "GET /+CSCOE+/logon.html HTTP/1.1" 404 323 "-" "'Cloud mapping experiment. Contact research@pdrlabs.net'"
18.130.4.149 - - [01/Aug/2023:06:35:51 +0200] "GET /cgi-bin/login.cgi HTTP/1.1" 404 322 "-" "'Cloud mapping experiment. Contact research@pdrlabs.net'"
84.54.51.12 - - [01/Aug/2023:06:36:46 +0200] "CONNECT google.com:443 HTTP/1.1" 405 340 "-" "Go-http-client/1.1"
184.105.247.252 - - [01/Aug/2023:06:37:56 +0200] "GET / HTTP/1.1" 200 1229 "-" "Mozilla/5.0 (Windows NT 10.0; Win64; x64) AppleWebKit/537.36 (KHTML, like Gecko) Chrome/108.0.0.0 Safari/537.36 OPR/94.0.0.0 (Edition Yx GX)"
65.49.1.113 - - [01/Aug/2023:06:38:00 +0200] "GET / HTTP/1.1" 200 1229 "-" "Mozilla/5.0 (X11; Ubuntu; Linux x86_64; rv:109.0) Gecko/20100101 Firefox/109.0"
74.82.47.4 - - [01/Aug/2023:06:38:15 +0200] "GET / HTTP/1.1" 200 1229 "-" "Mozilla/5.0 (Windows NT 10.0; Win64; x64) AppleWebKit/537.36 (KHTML, like Gecko) Chrome/108.0.0.0 Safari/537.36"
65.49.1.14 - - [01/Aug/2023:06:38:45 +0200] "GET / HTTP/1.1" 200 1229 "-" "Mozilla/5.0 (Windows NT 10.0; Win64; x64; rv:109.0) Gecko/20100101 Firefox/110.0"
65.49.1.120 - - [01/Aug/2023:06:39:23 +0200] "GET /favicon.ico HTTP/1.1" 404 316 "-" "Mozilla/5.0 (X11; Linux x86_64; rv:109.0) Gecko/20100101 Firefox/110.0"
65.49.1.19 - - [01/Aug/2023:06:40:11 +0200] "GET /favicon.ico HTTP/1.1" 404 316 "-" "Mozilla/5.0 (Windows NT 10.0; Win64; x64) AppleWebKit/537.36 (KHTML, like Gecko) Chrome/110.0.0.0 Safari/537.36"
65.49.1.109 - - [01/Aug/2023:06:40:16 +0200] "GET /geoserver/web/ HTTP/1.1" 404 319 "-" "Mozilla/5.0 (X11; Ubuntu; Linux x86_64; rv:109.0) Gecko/20100101 Firefox/109.0"
184.105.247.252 - - [01/Aug/2023:06:40:24 +0200] "GET /favicon.ico HTTP/1.1" 404 316 "-" "Mozilla/5.0 (Windows NT 10.0; Win64; x64; rv:102.0) Gecko/20100101 Firefox/102.0"
65.49.1.21 - - [01/Aug/2023:06:40:54 +0200] "GET /geoserver/web/ HTTP/1.1" 404 319 "-" "Mozilla/5.0 (Windows NT 10.0; Win64; x64; rv:109.0) Gecko/20100101 Firefox/110.0"
74.82.47.4 - - [01/Aug/2023:06:41:00 +0200] "GET /favicon.ico HTTP/1.1" 404 316 "-" "Mozilla/5.0 (Windows NT 10.0; Win64; x64) AppleWebKit/537.36 (KHTML, like Gecko) Chrome/109.0.0.0 Safari/537.36 OPR/95.0.0.0 (Edition Yx 05)"
184.105.247.252 - - [01/Aug/2023:06:41:27 +0200] "GET /geoserver/web/ HTTP/1.1" 404 319 "-" "Mozilla/5.0 (Windows NT 10.0; Win64; x64) AppleWebKit/537.36 (KHTML, like Gecko) Chrome/108.0.0.0 Safari/537.36 OPR/94.0.0.0 (Edition Yx GX)"
74.82.47.4 - - [01/Aug/2023:06:42:03 +0200] "GET /geoserver/web/ HTTP/1.1" 404 319 "-" "Mozilla/5.0 (Windows NT 10.0; Win64; x64) AppleWebKit/537.36 (KHTML, like Gecko) Chrome/108.0.0.0 Safari/537.36"
128.14.134.170 - - [01/Aug/2023:06:42:17 +0200] "GET / HTTP/1.1" 200 1229 "-" "Mozilla/5.0 (Windows NT 10.0; Win64; x64) AppleWebKit/537.36 (KHTML, like Gecko) Chrome/60.0.3112.113 Safari/537.36"
202.29.233.166 - - [01/Aug/2023:06:43:26 +0200] "GET http://212.91.246.83:80/myadmin/scripts/setup.php HTTP/1.0" 404 330 "-" "-"
181.214.164.109 - - [01/Aug/2023:06:51:53 +0200] "GET / HTTP/1.1" 200 1229 "-" "Mozilla/5.0 (X11; U; Linux i686; en-US; rv:1.9a1) Gecko/20060814 Firefox/51.0"
84.54.51.12 - - [01/Aug/2023:06:55:17 +0200] "CONNECT google.com:443 HTTP/1.1" 405 340 "-" "Go-http-client/1.1"
36.225.124.27 - - [01/Aug/2023:06:56:19 +0200] "POST / HTTP/1.1" 400 329 "-" "Mozilla/5.0 (Windows NT 10.0; Win64; x64) AppleWebKit/537.36 (KHTML, like Gecko) Chrome/83.0.4103.106 Safari/537.36"
36.225.124.27 - - [01/Aug/2023:06:58:27 +0200] "GET / HTTP/1.1" 400 329 "-" "-"
95.111.236.86 - - [01/Aug/2023:06:59:20 +0200] "GET /y/voip/y000000000044.cfg HTTP/1.1" 404 329 "-" "libwww-perl/6.72"
95.111.236.86 - - [01/Aug/2023:06:59:20 +0200] "GET /y/voip/y000000000044.cfg HTTP/1.1" 404 329 "-" "libwww-perl/6.72"
95.111.236.86 - - [01/Aug/2023:06:59:20 +0200] "GET /y/voip/y000000000044.cfg HTTP/1.1" 404 329 "-" "libwww-perl/6.72"
95.111.236.86 - - [01/Aug/2023:06:59:20 +0200] "GET /y/voip/y000000000044.cfg HTTP/1.1" 404 329 "-" "libwww-perl/6.72"
95.111.236.86 - - [01/Aug/2023:06:59:20 +0200] "GET /y/voip/y000000000044.cfg HTTP/1.1" 404 329 "-" "libwww-perl/6.72"
95.111.236.86 - - [01/Aug/2023:06:59:21 +0200] "GET /y/voip/y000000000044.cfg HTTP/1.1" 404 329 "-" "libwww-perl/6.72"
95.111.236.86 - - [01/Aug/2023:06:59:21 +0200] "GET /y/voip/y000000000044.cfg HTTP/1.1" 404 329 "-" "libwww-perl/6.72"
95.111.236.86 - - [01/Aug/2023:06:59:21 +0200] "GET /y/voip/y000000000044.cfg HTTP/1.1" 404 329 "-" "libwww-perl/6.72"
95.111.236.86 - - [01/Aug/2023:06:59:21 +0200] "GET /y/voip/y000000000068.cfg HTTP/1.1" 404 329 "-" "libwww-perl/6.72"
95.111.236.86 - - [01/Aug/2023:06:59:21 +0200] "GET /y/voip/y000000000044.cfg HTTP/1.1" 404 329 "-" "libwww-perl/6.72"
95.111.236.86 - - [01/Aug/2023:06:59:21 +0200] "GET /y/voip/y000000000068.cfg HTTP/1.1" 404 329 "-" "libwww-perl/6.72"
95.111.236.86 - - [01/Aug/2023:06:59:21 +0200] "GET /y/voip/y000000000044.cfg HTTP/1.1" 404 329 "-" "libwww-perl/6.72"
95.111.236.86 - - [01/Aug/2023:06:59:21 +0200] "GET /y/voip/y000000000068.cfg HTTP/1.1" 404 329 "-" "libwww-perl/6.72"
95.111.236.86 - - [01/Aug/2023:06:59:21 +0200] "GET /y/voip/y000000000068.cfg HTTP/1.1" 404 329 "-" "libwww-perl/6.72"
95.111.236.86 - - [01/Aug/2023:06:59:21 +0200] "GET /y/voip/y000000000068.cfg HTTP/1.1" 404 329 "-" "libwww-perl/6.72"
95.111.236.86 - - [01/Aug/2023:06:59:21 +0200] "GET /y/voip/y000000000068.cfg HTTP/1.1" 404 329 "-" "libwww-perl/6.72"
95.111.236.86 - - [01/Aug/2023:06:59:22 +0200] "GET /y/voip/y000000000068.cfg HTTP/1.1" 404 329 "-" "libwww-perl/6.72"
95.111.236.86 - - [01/Aug/2023:06:59:22 +0200] "GET /y/voip/y000000000068.cfg HTTP/1.1" 404 329 "-" "libwww-perl/6.72"
95.111.236.86 - - [01/Aug/2023:06:59:22 +0200] "GET /y/voip/y000000000068.cfg HTTP/1.1" 404 329 "-" "libwww-perl/6.72"
95.111.236.86 - - [01/Aug/2023:06:59:22 +0200] "GET /y/voip/y000000000068.cfg HTTP/1.1" 404 329 "-" "libwww-perl/6.72"
95.111.236.86 - - [01/Aug/2023:06:59:22 +0200] "GET /y/voip/y000000000028.cfg HTTP/1.1" 404 329 "-" "libwww-perl/6.72"
95.111.236.86 - - [01/Aug/2023:06:59:23 +0200] "GET /y/voip/y000000000028.cfg HTTP/1.1" 404 329 "-" "libwww-perl/6.72"
95.111.236.86 - - [01/Aug/2023:06:59:23 +0200] "GET /y/voip/y000000000028.cfg HTTP/1.1" 404 329 "-" "libwww-perl/6.72"
95.111.236.86 - - [01/Aug/2023:06:59:23 +0200] "GET /y/voip/y000000000028.cfg HTTP/1.1" 404 329 "-" "libwww-perl/6.72"
95.111.236.86 - - [01/Aug/2023:06:59:23 +0200] "GET /y/voip/y000000000028.cfg HTTP/1.1" 404 329 "-" "libwww-perl/6.72"
95.111.236.86 - - [01/Aug/2023:06:59:23 +0200] "GET /y/voip/y000000000028.cfg HTTP/1.1" 404 329 "-" "libwww-perl/6.72"
95.111.236.86 - - [01/Aug/2023:06:59:23 +0200] "GET /y/voip/y000000000028.cfg HTTP/1.1" 404 329 "-" "libwww-perl/6.72"
95.111.236.86 - - [01/Aug/2023:06:59:23 +0200] "GET /y/voip/y000000000028.cfg HTTP/1.1" 404 329 "-" "libwww-perl/6.72"
95.111.236.86 - - [01/Aug/2023:06:59:23 +0200] "GET /y/voip/y000000000028.cfg HTTP/1.1" 404 329 "-" "libwww-perl/6.72"
95.111.236.86 - - [01/Aug/2023:06:59:24 +0200] "GET /y/voip/y000000000028.cfg HTTP/1.1" 404 329 "-" "libwww-perl/6.72"
95.111.236.86 - - [01/Aug/2023:06:59:27 +0200] "GET /y/voip/y000000000000.cfg HTTP/1.1" 404 329 "-" "libwww-perl/6.72"
95.111.236.86 - - [01/Aug/2023:06:59:27 +0200] "GET /y/voip/y000000000000.cfg HTTP/1.1" 404 329 "-" "libwww-perl/6.72"
95.111.236.86 - - [01/Aug/2023:06:59:27 +0200] "GET /y/voip/y000000000000.cfg HTTP/1.1" 404 329 "-" "libwww-perl/6.72"
95.111.236.86 - - [01/Aug/2023:06:59:27 +0200] "GET /y/voip/y000000000000.cfg HTTP/1.1" 404 329 "-" "libwww-perl/6.72"
95.111.236.86 - - [01/Aug/2023:06:59:27 +0200] "GET /y/voip/y000000000000.cfg HTTP/1.1" 404 329 "-" "libwww-perl/6.72"
95.111.236.86 - - [01/Aug/2023:06:59:27 +0200] "GET /y/voip/y000000000000.cfg HTTP/1.1" 404 329 "-" "libwww-perl/6.72"
95.111.236.86 - - [01/Aug/2023:06:59:27 +0200] "GET /y/voip/y000000000000.cfg HTTP/1.1" 404 329 "-" "libwww-perl/6.72"
95.111.236.86 - - [01/Aug/2023:06:59:27 +0200] "GET /y/voip/y000000000000.cfg HTTP/1.1" 404 329 "-" "libwww-perl/6.72"
95.111.236.86 - - [01/Aug/2023:06:59:28 +0200] "GET /y/voip/y000000000000.cfg HTTP/1.1" 404 329 "-" "libwww-perl/6.72"
95.111.236.86 - - [01/Aug/2023:06:59:29 +0200] "GET /y/voip/y000000000000.cfg HTTP/1.1" 404 329 "-" "libwww-perl/6.72"
212.91.246.72 - - [01/Aug/2023:07:00:14 +0200] "GET / HTTP/1.1" 200 1229 "-" "Mozilla/5.0 (compatible; PRTG Network Monitor (www.paessler.com); Windows)"
212.91.246.72 - - [01/Aug/2023:07:01:14 +0200] "GET / HTTP/1.1" 200 1229 "-" "Mozilla/5.0 (compatible; PRTG Network Monitor (www.paessler.com); Windows)"
212.91.246.72 - - [01/Aug/2023:07:02:14 +0200] "GET / HTTP/1.1" 200 1229 "-" "Mozilla/5.0 (compatible; PRTG Network Monitor (www.paessler.com); Windows)"
13.40.123.118 - - [01/Aug/2023:07:02:21 +0200] "" 501 315 "-" "-"
212.91.246.72 - - [01/Aug/2023:07:03:14 +0200] "GET / HTTP/1.1" 200 1229 "-" "Mozilla/5.0 (compatible; PRTG Network Monitor (www.paessler.com); Windows)"
13.40.123.118 - - [01/Aug/2023:07:03:34 +0200] "\x16\x03\x01" 501 318 "-" "-"
212.91.246.72 - - [01/Aug/2023:07:04:14 +0200] "GET / HTTP/1.1" 200 1229 "-" "Mozilla/5.0 (compatible; PRTG Network Monitor (www.paessler.com); Windows)"
212.91.246.72 - - [01/Aug/2023:07:05:14 +0200] "GET / HTTP/1.1" 200 1229 "-" "Mozilla/5.0 (compatible; PRTG Network Monitor (www.paessler.com); Windows)"
128.1.248.26 - - [01/Aug/2023:07:06:11 +0200] "GET / HTTP/1.1" 200 1229 "-" "Mozilla/5.0 (Windows NT 10.0; Win64; x64) AppleWebKit/537.36 (KHTML, like Gecko) Chrome/60.0.3112.113 Safari/537.36"
212.91.246.72 - - [01/Aug/2023:07:06:14 +0200] "GET / HTTP/1.1" 200 1229 "-" "Mozilla/5.0 (compatible; PRTG Network Monitor (www.paessler.com); Windows)"
13.40.123.118 - - [01/Aug/2023:07:06:55 +0200] "\x16\x03\x01" 501 318 "-" "-"
212.91.246.72 - - [01/Aug/2023:07:07:14 +0200] "GET / HTTP/1.1" 200 1229 "-" "Mozilla/5.0 (compatible; PRTG Network Monitor (www.paessler.com); Windows)"
212.91.246.72 - - [01/Aug/2023:07:08:14 +0200] "GET / HTTP/1.1" 200 1229 "-" "Mozilla/5.0 (compatible; PRTG Network Monitor (www.paessler.com); Windows)"
13.40.123.118 - - [01/Aug/2023:07:08:15 +0200] "GET /favicon.ico HTTP/1.1" 404 316 "-" "'Cloud mapping experiment. Contact research@pdrlabs.net'"
212.91.246.72 - - [01/Aug/2023:07:09:14 +0200] "GET / HTTP/1.1" 200 1229 "-" "Mozilla/5.0 (compatible; PRTG Network Monitor (www.paessler.com); Windows)"
13.40.123.118 - - [01/Aug/2023:07:09:32 +0200] "\x16\x03\x01" 501 318 "-" "-"
212.91.246.72 - - [01/Aug/2023:07:10:14 +0200] "GET / HTTP/1.1" 200 1229 "-" "Mozilla/5.0 (compatible; PRTG Network Monitor (www.paessler.com); Windows)"
172.233.208.171 - - [01/Aug/2023:07:10:27 +0200] "CONNECT google.com:443 HTTP/1.1" 405 340 "-" "Go-http-client/1.1"
13.40.123.118 - - [01/Aug/2023:07:10:50 +0200] "GET /manage/account/login HTTP/1.1" 404 325 "-" "'Cloud mapping experiment. Contact research@pdrlabs.net'"
212.91.246.72 - - [01/Aug/2023:07:11:14 +0200] "GET / HTTP/1.1" 200 1229 "-" "Mozilla/5.0 (compatible; PRTG Network Monitor (www.paessler.com); Windows)"
212.91.246.72 - - [01/Aug/2023:07:12:14 +0200] "GET / HTTP/1.1" 200 1229 "-" "Mozilla/5.0 (compatible; PRTG Network Monitor (www.paessler.com); Windows)"
212.91.246.72 - - [01/Aug/2023:07:13:14 +0200] "GET / HTTP/1.1" 200 1229 "-" "Mozilla/5.0 (compatible; PRTG Network Monitor (www.paessler.com); Windows)"
13.40.123.118 - - [01/Aug/2023:07:13:15 +0200] "\x16\x03\x01" 501 318 "-" "-"
212.91.246.72 - - [01/Aug/2023:07:14:14 +0200] "GET / HTTP/1.1" 200 1229 "-" "Mozilla/5.0 (compatible; PRTG Network Monitor (www.paessler.com); Windows)"
13.40.123.118 - - [01/Aug/2023:07:14:37 +0200] "GET /admin/index.html HTTP/1.1" 404 321 "-" "'Cloud mapping experiment. Contact research@pdrlabs.net'"
198.235.24.241 - - [01/Aug/2023:07:14:50 +0200] "GET / HTTP/1.1" 200 1229 "-" "Expanse, a Palo Alto Networks company, searches across the global IPv4 space multiple times per day to identify customers' presences on the Internet. If you would like to be excluded from our scans, please send IP addresses/domains to: scaninfo@paloaltonetworks.com"
212.91.246.72 - - [01/Aug/2023:07:15:14 +0200] "GET / HTTP/1.1" 200 1229 "-" "Mozilla/5.0 (compatible; PRTG Network Monitor (www.paessler.com); Windows)"
212.91.246.72 - - [01/Aug/2023:07:16:14 +0200] "GET / HTTP/1.1" 200 1229 "-" "Mozilla/5.0 (compatible; PRTG Network Monitor (www.paessler.com); Windows)"
172.233.208.171 - - [01/Aug/2023:07:16:46 +0200] "CONNECT google.com:443 HTTP/1.1" 405 340 "-" "Go-http-client/1.1"
13.40.123.118 - - [01/Aug/2023:07:16:51 +0200] "\x16\x03\x01" 501 318 "-" "-"
212.91.246.72 - - [01/Aug/2023:07:17:14 +0200] "GET / HTTP/1.1" 200 1229 "-" "Mozilla/5.0 (compatible; PRTG Network Monitor (www.paessler.com); Windows)"
13.40.123.118 - - [01/Aug/2023:07:18:11 +0200] "GET /index.html HTTP/1.1" 200 1229 "-" "'Cloud mapping experiment. Contact research@pdrlabs.net'"
212.91.246.72 - - [01/Aug/2023:07:18:14 +0200] "GET / HTTP/1.1" 200 1229 "-" "Mozilla/5.0 (compatible; PRTG Network Monitor (www.paessler.com); Windows)"
13.40.18.98 - - [01/Aug/2023:07:18:28 +0200] "" 501 315 "-" "-"
13.40.18.98 - - [01/Aug/2023:07:18:48 +0200] "\x16\x03\x01" 501 318 "-" "-"
212.91.246.72 - - [01/Aug/2023:07:19:14 +0200] "GET / HTTP/1.1" 200 1229 "-" "Mozilla/5.0 (compatible; PRTG Network Monitor (www.paessler.com); Windows)"
212.91.246.72 - - [01/Aug/2023:07:20:14 +0200] "GET / HTTP/1.1" 200 1229 "-" "Mozilla/5.0 (compatible; PRTG Network Monitor (www.paessler.com); Windows)"
13.40.123.118 - - [01/Aug/2023:07:20:42 +0200] "\x16\x03\x01" 501 318 "-" "-"
212.91.246.72 - - [01/Aug/2023:07:21:14 +0200] "GET / HTTP/1.1" 200 1229 "-" "Mozilla/5.0 (compatible; PRTG Network Monitor (www.paessler.com); Windows)"
85.196.146.2 - - [01/Aug/2023:07:21:25 +0200] "GET / HTTP/1.1" 200 1229 "-" "Mozilla/5.0 (Windows NT 10.0; WOW64) AppleWebKit/537.36 (KHTML, like Gecko) Chrome/52.0.2743.116 Safari/537.36"
172.233.208.171 - - [01/Aug/2023:07:21:57 +0200] "CONNECT google.com:443 HTTP/1.1" 405 340 "-" "Go-http-client/1.1"
13.40.123.118 - - [01/Aug/2023:07:22:00 +0200] "GET /+CSCOE+/logon.html HTTP/1.1" 404 323 "-" "'Cloud mapping experiment. Contact research@pdrlabs.net'"
212.91.246.72 - - [01/Aug/2023:07:22:14 +0200] "GET / HTTP/1.1" 200 1229 "-" "Mozilla/5.0 (compatible; PRTG Network Monitor (www.paessler.com); Windows)"
172.233.208.171 - - [01/Aug/2023:07:22:38 +0200] "CONNECT google.com:443 HTTP/1.1" 405 340 "-" "Go-http-client/1.1"
13.40.18.98 - - [01/Aug/2023:07:23:12 +0200] "\x16\x03\x01" 501 318 "-" "-"
212.91.246.72 - - [01/Aug/2023:07:23:14 +0200] "GET / HTTP/1.1" 200 1229 "-" "Mozilla/5.0 (compatible; PRTG Network Monitor (www.paessler.com); Windows)"
212.91.246.72 - - [01/Aug/2023:07:24:14 +0200] "GET / HTTP/1.1" 200 1229 "-" "Mozilla/5.0 (compatible; PRTG Network Monitor (www.paessler.com); Windows)"
13.40.123.118 - - [01/Aug/2023:07:24:16 +0200] "\x16\x03\x01" 501 318 "-" "-"
212.91.246.72 - - [01/Aug/2023:07:25:14 +0200] "GET / HTTP/1.1" 200 1229 "-" "Mozilla/5.0 (compatible; PRTG Network Monitor (www.paessler.com); Windows)"
13.40.18.98 - - [01/Aug/2023:07:25:17 +0200] "GET /favicon.ico HTTP/1.1" 404 316 "-" "'Cloud mapping experiment. Contact research@pdrlabs.net'"
13.40.123.118 - - [01/Aug/2023:07:25:37 +0200] "GET /cgi-bin/login.cgi HTTP/1.1" 404 322 "-" "'Cloud mapping experiment. Contact research@pdrlabs.net'"
212.91.246.72 - - [01/Aug/2023:07:26:14 +0200] "GET / HTTP/1.1" 200 1229 "-" "Mozilla/5.0 (compatible; PRTG Network Monitor (www.paessler.com); Windows)"
13.40.18.98 - - [01/Aug/2023:07:26:23 +0200] "\x16\x03\x01" 501 318 "-" "-"
212.91.246.72 - - [01/Aug/2023:07:27:14 +0200] "GET / HTTP/1.1" 200 1229 "-" "Mozilla/5.0 (compatible; PRTG Network Monitor (www.paessler.com); Windows)"
13.40.123.118 - - [01/Aug/2023:07:27:43 +0200] "\x16\x03\x01" 501 318 "-" "-"
212.91.246.72 - - [01/Aug/2023:07:28:14 +0200] "GET / HTTP/1.1" 200 1229 "-" "Mozilla/5.0 (compatible; PRTG Network Monitor (www.paessler.com); Windows)"
13.40.18.98 - - [01/Aug/2023:07:28:29 +0200] "GET /manage/account/login HTTP/1.1" 404 325 "-" "'Cloud mapping experiment. Contact research@pdrlabs.net'"
13.40.123.118 - - [01/Aug/2023:07:29:07 +0200] "GET / HTTP/1.1" 200 1229 "-" "'Cloud mapping experiment. Contact research@pdrlabs.net'"
212.91.246.72 - - [01/Aug/2023:07:29:14 +0200] "GET / HTTP/1.1" 200 1229 "-" "Mozilla/5.0 (compatible; PRTG Network Monitor (www.paessler.com); Windows)"
84.232.112.5 - - [01/Aug/2023:07:30:08 +0200] "GET / HTTP/1.1" 200 1229 "-" "Mozilla/5.0 (Macintosh; Intel Mac OS X 10_11_6) AppleWebKit/601.7.7 (KHTML, like Gecko) Version/9.1.2 Safari/601.7.7"
212.91.246.72 - - [01/Aug/2023:07:30:14 +0200] "GET / HTTP/1.1" 200 1229 "-" "Mozilla/5.0 (compatible; PRTG Network Monitor (www.paessler.com); Windows)"
13.40.18.98 - - [01/Aug/2023:07:31:00 +0200] "\x16\x03\x01" 501 318 "-" "-"
212.91.246.72 - - [01/Aug/2023:07:31:14 +0200] "GET / HTTP/1.1" 200 1229 "-" "Mozilla/5.0 (compatible; PRTG Network Monitor (www.paessler.com); Windows)"
212.91.246.72 - - [01/Aug/2023:07:32:14 +0200] "GET / HTTP/1.1" 200 1229 "-" "Mozilla/5.0 (compatible; PRTG Network Monitor (www.paessler.com); Windows)"
13.40.18.98 - - [01/Aug/2023:07:33:05 +0200] "GET /admin/index.html HTTP/1.1" 404 321 "-" "'Cloud mapping experiment. Contact research@pdrlabs.net'"
212.91.246.72 - - [01/Aug/2023:07:33:14 +0200] "GET / HTTP/1.1" 200 1229 "-" "Mozilla/5.0 (compatible; PRTG Network Monitor (www.paessler.com); Windows)"
198.235.24.254 - - [01/Aug/2023:07:33:53 +0200] "GET / HTTP/1.1" 200 1229 "-" "Expanse, a Palo Alto Networks company, searches across the global IPv4 space multiple times per day to identify customers' presences on the Internet. If you would like to be excluded from our scans, please send IP addresses/domains to: scaninfo@paloaltonetworks.com"
212.91.246.72 - - [01/Aug/2023:07:34:14 +0200] "GET / HTTP/1.1" 200 1229 "-" "Mozilla/5.0 (compatible; PRTG Network Monitor (www.paessler.com); Windows)"
212.91.246.72 - - [01/Aug/2023:07:35:14 +0200] "GET / HTTP/1.1" 200 1229 "-" "Mozilla/5.0 (compatible; PRTG Network Monitor (www.paessler.com); Windows)"
13.40.18.98 - - [01/Aug/2023:07:35:30 +0200] "\x16\x03\x01" 501 318 "-" "-"
172.233.208.171 - - [01/Aug/2023:07:35:35 +0200] "CONNECT google.com:443 HTTP/1.1" 405 340 "-" "Go-http-client/1.1"
212.91.246.72 - - [01/Aug/2023:07:36:14 +0200] "GET / HTTP/1.1" 200 1229 "-" "Mozilla/5.0 (compatible; PRTG Network Monitor (www.paessler.com); Windows)"
205.210.31.234 - - [01/Aug/2023:07:37:10 +0200] "GET / HTTP/1.0" 200 1229 "-" "Expanse, a Palo Alto Networks company, searches across the global IPv4 space multiple times per day to identify customers' presences on the Internet. If you would like to be excluded from our scans, please send IP addresses/domains to: scaninfo@paloaltonetworks.com"
212.91.246.72 - - [01/Aug/2023:07:37:14 +0200] "GET / HTTP/1.1" 200 1229 "-" "Mozilla/5.0 (compatible; PRTG Network Monitor (www.paessler.com); Windows)"
13.40.18.98 - - [01/Aug/2023:07:37:38 +0200] "GET /index.html HTTP/1.1" 200 1229 "-" "'Cloud mapping experiment. Contact research@pdrlabs.net'"
212.91.246.72 - - [01/Aug/2023:07:38:14 +0200] "GET / HTTP/1.1" 200 1229 "-" "Mozilla/5.0 (compatible; PRTG Network Monitor (www.paessler.com); Windows)"
212.91.246.72 - - [01/Aug/2023:07:39:14 +0200] "GET / HTTP/1.1" 200 1229 "-" "Mozilla/5.0 (compatible; PRTG Network Monitor (www.paessler.com); Windows)"
212.91.246.72 - - [01/Aug/2023:07:40:14 +0200] "GET / HTTP/1.1" 200 1229 "-" "Mozilla/5.0 (compatible; PRTG Network Monitor (www.paessler.com); Windows)"
13.40.18.98 - - [01/Aug/2023:07:40:39 +0200] "\x16\x03\x01" 501 318 "-" "-"
212.91.246.72 - - [01/Aug/2023:07:41:14 +0200] "GET / HTTP/1.1" 200 1229 "-" "Mozilla/5.0 (compatible; PRTG Network Monitor (www.paessler.com); Windows)"
212.91.246.72 - - [01/Aug/2023:07:42:14 +0200] "GET / HTTP/1.1" 200 1229 "-" "Mozilla/5.0 (compatible; PRTG Network Monitor (www.paessler.com); Windows)"
13.40.18.98 - - [01/Aug/2023:07:42:46 +0200] "GET /+CSCOE+/logon.html HTTP/1.1" 404 323 "-" "'Cloud mapping experiment. Contact research@pdrlabs.net'"
35.203.210.26 - - [01/Aug/2023:07:42:53 +0200] "GET / HTTP/1.1" 200 1229 "-" "Expanse, a Palo Alto Networks company, searches across the global IPv4 space multiple times per day to identify customers' presences on the Internet. If you would like to be excluded from our scans, please send IP addresses/domains to: scaninfo@paloaltonetworks.com"
80.82.77.33 - - [01/Aug/2023:07:43:07 +0200] "GET / HTTP/1.1" 200 1229 "-" "Mozilla/5.0 (Windows NT 6.1) AppleWebKit/537.36 (KHTML, like Gecko) Chrome/41.0.2228.0 Safari/537.36"
80.82.77.33 - - [01/Aug/2023:07:43:08 +0200] "GET /robots.txt HTTP/1.1" 404 315 "-" "-"
80.82.77.33 - - [01/Aug/2023:07:43:08 +0200] "GET /sitemap.xml HTTP/1.1" 404 316 "-" "-"
80.82.77.33 - - [01/Aug/2023:07:43:08 +0200] "GET /.well-known/security.txt HTTP/1.1" 404 329 "-" "-"
80.82.77.33 - - [01/Aug/2023:07:43:08 +0200] "GET /favicon.ico HTTP/1.1" 404 316 "-" "Mozilla/5.0 (Windows NT 10.0; Win64; x64) AppleWebKit/537.36 (KHTML, like Gecko) Chrome/102.0.5005.63 Safari/537.36"
212.91.246.72 - - [01/Aug/2023:07:43:14 +0200] "GET / HTTP/1.1" 200 1229 "-" "Mozilla/5.0 (compatible; PRTG Network Monitor (www.paessler.com); Windows)"
212.91.246.72 - - [01/Aug/2023:07:44:14 +0200] "GET / HTTP/1.1" 200 1229 "-" "Mozilla/5.0 (compatible; PRTG Network Monitor (www.paessler.com); Windows)"
212.91.246.72 - - [01/Aug/2023:07:45:14 +0200] "GET / HTTP/1.1" 200 1229 "-" "Mozilla/5.0 (compatible; PRTG Network Monitor (www.paessler.com); Windows)"
13.40.18.98 - - [01/Aug/2023:07:45:17 +0200] "\x16\x03\x01" 501 318 "-" "-"
185.180.143.140 - - [01/Aug/2023:07:45:21 +0200] "GET / HTTP/1.1" 200 1229 "-" "Mozilla/5.0 (Windows NT 10.0; Win64; x64) AppleWebKit/537.36 (KHTML, like Gecko) Chrome/60.0.3112.113 Safari/537.36"
212.91.246.72 - - [01/Aug/2023:07:46:14 +0200] "GET / HTTP/1.1" 200 1229 "-" "Mozilla/5.0 (compatible; PRTG Network Monitor (www.paessler.com); Windows)"
212.91.246.72 - - [01/Aug/2023:07:47:14 +0200] "GET / HTTP/1.1" 200 1229 "-" "Mozilla/5.0 (compatible; PRTG Network Monitor (www.paessler.com); Windows)"
13.40.18.98 - - [01/Aug/2023:07:47:22 +0200] "GET /cgi-bin/login.cgi HTTP/1.1" 404 322 "-" "'Cloud mapping experiment. Contact research@pdrlabs.net'"
212.91.246.72 - - [01/Aug/2023:07:48:14 +0200] "GET / HTTP/1.1" 200 1229 "-" "Mozilla/5.0 (compatible; PRTG Network Monitor (www.paessler.com); Windows)"
212.91.246.72 - - [01/Aug/2023:07:49:14 +0200] "GET / HTTP/1.1" 200 1229 "-" "Mozilla/5.0 (compatible; PRTG Network Monitor (www.paessler.com); Windows)"
13.40.18.98 - - [01/Aug/2023:07:49:16 +0200] "\x16\x03\x01" 501 318 "-" "-"
212.91.246.72 - - [01/Aug/2023:07:50:14 +0200] "GET / HTTP/1.1" 200 1229 "-" "Mozilla/5.0 (compatible; PRTG Network Monitor (www.paessler.com); Windows)"
212.91.246.72 - - [01/Aug/2023:07:51:14 +0200] "GET / HTTP/1.1" 200 1229 "-" "Mozilla/5.0 (compatible; PRTG Network Monitor (www.paessler.com); Windows)"
95.111.236.86 - - [01/Aug/2023:07:51:20 +0200] "GET /yealink/y000000000000.cfg HTTP/1.1" 404 330 "-" "libwww-perl/6.72"
95.111.236.86 - - [01/Aug/2023:07:51:21 +0200] "GET /yealink/y000000000000.cfg HTTP/1.1" 404 330 "-" "libwww-perl/6.72"
95.111.236.86 - - [01/Aug/2023:07:51:21 +0200] "GET /yealink/y000000000000.cfg HTTP/1.1" 404 330 "-" "libwww-perl/6.72"
95.111.236.86 - - [01/Aug/2023:07:51:21 +0200] "GET /yealink/y000000000000.cfg HTTP/1.1" 404 330 "-" "libwww-perl/6.72"
95.111.236.86 - - [01/Aug/2023:07:51:21 +0200] "GET /yealink/y000000000000.cfg HTTP/1.1" 404 330 "-" "libwww-perl/6.72"
95.111.236.86 - - [01/Aug/2023:07:51:22 +0200] "GET /yealink/y000000000000.cfg HTTP/1.1" 404 330 "-" "libwww-perl/6.72"
95.111.236.86 - - [01/Aug/2023:07:51:22 +0200] "GET /yealink/y000000000000.cfg HTTP/1.1" 404 330 "-" "libwww-perl/6.72"
95.111.236.86 - - [01/Aug/2023:07:51:22 +0200] "GET /yealink/y000000000000.cfg HTTP/1.1" 404 330 "-" "libwww-perl/6.72"
95.111.236.86 - - [01/Aug/2023:07:51:22 +0200] "GET /yealink/y000000000000.cfg HTTP/1.1" 404 330 "-" "libwww-perl/6.72"
95.111.236.86 - - [01/Aug/2023:07:51:22 +0200] "GET /yealink/y000000000028.cfg HTTP/1.1" 404 330 "-" "libwww-perl/6.72"
95.111.236.86 - - [01/Aug/2023:07:51:22 +0200] "GET /yealink/y000000000044.cfg HTTP/1.1" 404 330 "-" "libwww-perl/6.72"
95.111.236.86 - - [01/Aug/2023:07:51:22 +0200] "GET /yealink/y000000000068.cfg HTTP/1.1" 404 330 "-" "libwww-perl/6.72"
95.111.236.86 - - [01/Aug/2023:07:51:22 +0200] "GET /yealink/y000000000000.cfg HTTP/1.1" 404 330 "-" "libwww-perl/6.72"
13.40.18.98 - - [01/Aug/2023:07:51:22 +0200] "GET / HTTP/1.1" 200 1229 "-" "'Cloud mapping experiment. Contact research@pdrlabs.net'"
95.111.236.86 - - [01/Aug/2023:07:51:22 +0200] "GET /yealink/y000000000028.cfg HTTP/1.1" 404 330 "-" "libwww-perl/6.72"
95.111.236.86 - - [01/Aug/2023:07:51:23 +0200] "GET /yealink/y000000000028.cfg HTTP/1.1" 404 330 "-" "libwww-perl/6.72"
95.111.236.86 - - [01/Aug/2023:07:51:23 +0200] "GET /yealink/y000000000028.cfg HTTP/1.1" 404 330 "-" "libwww-perl/6.72"
95.111.236.86 - - [01/Aug/2023:07:51:23 +0200] "GET /yealink/y000000000044.cfg HTTP/1.1" 404 330 "-" "libwww-perl/6.72"
95.111.236.86 - - [01/Aug/2023:07:51:23 +0200] "GET /yealink/y000000000028.cfg HTTP/1.1" 404 330 "-" "libwww-perl/6.72"
95.111.236.86 - - [01/Aug/2023:07:51:23 +0200] "GET /yealink/y000000000028.cfg HTTP/1.1" 404 330 "-" "libwww-perl/6.72"
95.111.236.86 - - [01/Aug/2023:07:51:23 +0200] "GET /yealink/y000000000068.cfg HTTP/1.1" 404 330 "-" "libwww-perl/6.72"
95.111.236.86 - - [01/Aug/2023:07:51:23 +0200] "GET /yealink/y000000000044.cfg HTTP/1.1" 404 330 "-" "libwww-perl/6.72"
95.111.236.86 - - [01/Aug/2023:07:51:23 +0200] "GET /yealink/y000000000068.cfg HTTP/1.1" 404 330 "-" "libwww-perl/6.72"
95.111.236.86 - - [01/Aug/2023:07:51:23 +0200] "GET /yealink/y000000000028.cfg HTTP/1.1" 404 330 "-" "libwww-perl/6.72"
95.111.236.86 - - [01/Aug/2023:07:51:23 +0200] "GET /yealink/y000000000068.cfg HTTP/1.1" 404 330 "-" "libwww-perl/6.72"
95.111.236.86 - - [01/Aug/2023:07:51:23 +0200] "GET /yealink/y000000000044.cfg HTTP/1.1" 404 330 "-" "libwww-perl/6.72"
95.111.236.86 - - [01/Aug/2023:07:51:23 +0200] "GET /yealink/y000000000068.cfg HTTP/1.1" 404 330 "-" "libwww-perl/6.72"
95.111.236.86 - - [01/Aug/2023:07:51:23 +0200] "GET /yealink/y000000000028.cfg HTTP/1.1" 404 330 "-" "libwww-perl/6.72"
95.111.236.86 - - [01/Aug/2023:07:51:23 +0200] "GET /yealink/y000000000044.cfg HTTP/1.1" 404 330 "-" "libwww-perl/6.72"
95.111.236.86 - - [01/Aug/2023:07:51:23 +0200] "GET /yealink/y000000000068.cfg HTTP/1.1" 404 330 "-" "libwww-perl/6.72"
95.111.236.86 - - [01/Aug/2023:07:51:23 +0200] "GET /yealink/y000000000044.cfg HTTP/1.1" 404 330 "-" "libwww-perl/6.72"
95.111.236.86 - - [01/Aug/2023:07:51:23 +0200] "GET /yealink/y000000000068.cfg HTTP/1.1" 404 330 "-" "libwww-perl/6.72"
95.111.236.86 - - [01/Aug/2023:07:51:23 +0200] "GET /yealink/y000000000028.cfg HTTP/1.1" 404 330 "-" "libwww-perl/6.72"
95.111.236.86 - - [01/Aug/2023:07:51:23 +0200] "GET /yealink/y000000000044.cfg HTTP/1.1" 404 330 "-" "libwww-perl/6.72"
95.111.236.86 - - [01/Aug/2023:07:51:23 +0200] "GET /yealink/y000000000044.cfg HTTP/1.1" 404 330 "-" "libwww-perl/6.72"
95.111.236.86 - - [01/Aug/2023:07:51:23 +0200] "GET /yealink/y000000000044.cfg HTTP/1.1" 404 330 "-" "libwww-perl/6.72"
95.111.236.86 - - [01/Aug/2023:07:51:23 +0200] "GET /yealink/y000000000068.cfg HTTP/1.1" 404 330 "-" "libwww-perl/6.72"
95.111.236.86 - - [01/Aug/2023:07:51:23 +0200] "GET /yealink/y000000000044.cfg HTTP/1.1" 404 330 "-" "libwww-perl/6.72"
95.111.236.86 - - [01/Aug/2023:07:51:23 +0200] "GET /yealink/y000000000028.cfg HTTP/1.1" 404 330 "-" "libwww-perl/6.72"
95.111.236.86 - - [01/Aug/2023:07:51:23 +0200] "GET /yealink/y000000000068.cfg HTTP/1.1" 404 330 "-" "libwww-perl/6.72"
95.111.236.86 - - [01/Aug/2023:07:51:23 +0200] "GET /yealink/y000000000068.cfg HTTP/1.1" 404 330 "-" "libwww-perl/6.72"
212.91.246.72 - - [01/Aug/2023:07:52:14 +0200] "GET / HTTP/1.1" 200 1229 "-" "Mozilla/5.0 (compatible; PRTG Network Monitor (www.paessler.com); Windows)"
212.91.246.72 - - [01/Aug/2023:07:53:14 +0200] "GET / HTTP/1.1" 200 1229 "-" "Mozilla/5.0 (compatible; PRTG Network Monitor (www.paessler.com); Windows)"
212.91.246.72 - - [01/Aug/2023:07:54:14 +0200] "GET / HTTP/1.1" 200 1229 "-" "Mozilla/5.0 (compatible; PRTG Network Monitor (www.paessler.com); Windows)"
212.91.246.72 - - [01/Aug/2023:07:55:14 +0200] "GET / HTTP/1.1" 200 1229 "-" "Mozilla/5.0 (compatible; PRTG Network Monitor (www.paessler.com); Windows)"
134.209.187.121 - - [01/Aug/2023:07:55:43 +0200] "\x16\x03\x01\x01\xfc\x01" 501 321 "-" "-"
134.209.187.121 - - [01/Aug/2023:07:55:49 +0200] "\x16\x03\x01\x01\xfc\x01" 501 321 "-" "-"
212.91.246.72 - - [01/Aug/2023:07:56:14 +0200] "GET / HTTP/1.1" 200 1229 "-" "Mozilla/5.0 (compatible; PRTG Network Monitor (www.paessler.com); Windows)"
212.91.246.72 - - [01/Aug/2023:07:57:14 +0200] "GET / HTTP/1.1" 200 1229 "-" "Mozilla/5.0 (compatible; PRTG Network Monitor (www.paessler.com); Windows)"
167.94.138.49 - - [01/Aug/2023:07:57:42 +0200] "GET / HTTP/1.1" 200 1229 "-" "-"
167.94.138.49 - - [01/Aug/2023:07:57:42 +0200] "GET / HTTP/1.1" 200 1229 "-" "Mozilla/5.0 (compatible; CensysInspect/1.1; +https://about.censys.io/)"
167.94.138.49 - - [01/Aug/2023:07:57:42 +0200] "PRI * HTTP/2.0" 400 329 "-" "-"
167.94.138.49 - - [01/Aug/2023:07:57:43 +0200] "GET /favicon.ico HTTP/1.1" 404 316 "-" "Mozilla/5.0 (compatible; CensysInspect/1.1; +https://about.censys.io/)"
212.91.246.72 - - [01/Aug/2023:07:58:14 +0200] "GET / HTTP/1.1" 200 1229 "-" "Mozilla/5.0 (compatible; PRTG Network Monitor (www.paessler.com); Windows)"
212.91.246.72 - - [01/Aug/2023:07:59:14 +0200] "GET / HTTP/1.1" 200 1229 "-" "Mozilla/5.0 (compatible; PRTG Network Monitor (www.paessler.com); Windows)"
212.91.246.72 - - [01/Aug/2023:08:00:14 +0200] "GET / HTTP/1.1" 200 1229 "-" "Mozilla/5.0 (compatible; PRTG Network Monitor (www.paessler.com); Windows)"
212.91.246.72 - - [01/Aug/2023:08:01:14 +0200] "GET / HTTP/1.1" 200 1229 "-" "Mozilla/5.0 (compatible; PRTG Network Monitor (www.paessler.com); Windows)"
212.91.246.72 - - [01/Aug/2023:08:02:14 +0200] "GET / HTTP/1.1" 200 1229 "-" "Mozilla/5.0 (compatible; PRTG Network Monitor (www.paessler.com); Windows)"
212.91.246.72 - - [01/Aug/2023:08:03:14 +0200] "GET / HTTP/1.1" 200 1229 "-" "Mozilla/5.0 (compatible; PRTG Network Monitor (www.paessler.com); Windows)"
212.91.246.72 - - [01/Aug/2023:08:04:14 +0200] "GET / HTTP/1.1" 200 1229 "-" "Mozilla/5.0 (compatible; PRTG Network Monitor (www.paessler.com); Windows)"
212.91.246.72 - - [01/Aug/2023:08:05:14 +0200] "GET / HTTP/1.1" 200 1229 "-" "Mozilla/5.0 (compatible; PRTG Network Monitor (www.paessler.com); Windows)"
212.91.246.72 - - [01/Aug/2023:08:06:14 +0200] "GET / HTTP/1.1" 200 1229 "-" "Mozilla/5.0 (compatible; PRTG Network Monitor (www.paessler.com); Windows)"
212.91.246.72 - - [01/Aug/2023:08:07:14 +0200] "GET / HTTP/1.1" 200 1229 "-" "Mozilla/5.0 (compatible; PRTG Network Monitor (www.paessler.com); Windows)"
212.91.246.72 - - [01/Aug/2023:08:08:14 +0200] "GET / HTTP/1.1" 200 1229 "-" "Mozilla/5.0 (compatible; PRTG Network Monitor (www.paessler.com); Windows)"
134.209.187.121 - - [01/Aug/2023:08:08:27 +0200] "\x16\x03\x01\x01\xfc\x01" 501 321 "-" "-"
134.209.187.121 - - [01/Aug/2023:08:08:29 +0200] "\x16\x03\x01\x01\xfc\x01" 501 321 "-" "-"
134.209.187.121 - - [01/Aug/2023:08:08:50 +0200] "\x16\x03\x01\x01\xfc\x01" 501 321 "-" "-"
134.209.187.121 - - [01/Aug/2023:08:08:51 +0200] "\x16\x03\x01\x01\xfc\x01" 501 321 "-" "-"
134.209.187.121 - - [01/Aug/2023:08:08:52 +0200] "\x16\x03\x01\x01\xfc\x01" 501 321 "-" "-"
134.209.187.121 - - [01/Aug/2023:08:08:54 +0200] "\x16\x03\x01\x01\xfc\x01" 501 321 "-" "-"
212.91.246.72 - - [01/Aug/2023:08:09:14 +0200] "GET / HTTP/1.1" 200 1229 "-" "Mozilla/5.0 (compatible; PRTG Network Monitor (www.paessler.com); Windows)"
134.209.187.121 - - [01/Aug/2023:08:09:21 +0200] "\x16\x03\x01\x01\xfc\x01" 501 321 "-" "-"
134.209.187.121 - - [01/Aug/2023:08:09:40 +0200] "\x16\x03\x01\x01\xfc\x01" 501 321 "-" "-"
36.225.124.27 - - [01/Aug/2023:08:09:52 +0200] "POST / HTTP/1.1" 400 329 "-" "Mozilla/5.0 (Windows NT 10.0; Win64; x64) AppleWebKit/537.36 (KHTML, like Gecko) Chrome/83.0.4103.106 Safari/537.36"
212.91.246.72 - - [01/Aug/2023:08:10:14 +0200] "GET / HTTP/1.1" 200 1229 "-" "Mozilla/5.0 (compatible; PRTG Network Monitor (www.paessler.com); Windows)"
212.91.246.72 - - [01/Aug/2023:08:11:14 +0200] "GET / HTTP/1.1" 200 1229 "-" "Mozilla/5.0 (compatible; PRTG Network Monitor (www.paessler.com); Windows)"
212.91.246.72 - - [01/Aug/2023:08:12:14 +0200] "GET / HTTP/1.1" 200 1229 "-" "Mozilla/5.0 (compatible; PRTG Network Monitor (www.paessler.com); Windows)"
212.91.246.72 - - [01/Aug/2023:08:13:14 +0200] "GET / HTTP/1.1" 200 1229 "-" "Mozilla/5.0 (compatible; PRTG Network Monitor (www.paessler.com); Windows)"
36.225.124.27 - - [01/Aug/2023:08:13:35 +0200] "GET / HTTP/1.1" 400 329 "-" "-"
212.91.246.72 - - [01/Aug/2023:08:14:14 +0200] "GET / HTTP/1.1" 200 1229 "-" "Mozilla/5.0 (compatible; PRTG Network Monitor (www.paessler.com); Windows)"
212.91.246.72 - - [01/Aug/2023:08:15:14 +0200] "GET / HTTP/1.1" 200 1229 "-" "Mozilla/5.0 (compatible; PRTG Network Monitor (www.paessler.com); Windows)"
212.91.246.72 - - [01/Aug/2023:08:16:14 +0200] "GET / HTTP/1.1" 200 1229 "-" "Mozilla/5.0 (compatible; PRTG Network Monitor (www.paessler.com); Windows)"
212.91.246.72 - - [01/Aug/2023:08:17:14 +0200] "GET / HTTP/1.1" 200 1229 "-" "Mozilla/5.0 (compatible; PRTG Network Monitor (www.paessler.com); Windows)"
212.91.246.72 - - [01/Aug/2023:08:18:14 +0200] "GET / HTTP/1.1" 200 1229 "-" "Mozilla/5.0 (compatible; PRTG Network Monitor (www.paessler.com); Windows)"
185.180.143.49 - - [01/Aug/2023:08:18:57 +0200] "GET / HTTP/1.1" 200 1229 "-" "Mozilla/5.0 (Windows NT 10.0; Win64; x64) AppleWebKit/537.36 (KHTML, like Gecko) Chrome/60.0.3112.113 Safari/537.36"
212.91.246.72 - - [01/Aug/2023:08:19:14 +0200] "GET / HTTP/1.1" 200 1229 "-" "Mozilla/5.0 (compatible; PRTG Network Monitor (www.paessler.com); Windows)"
212.91.246.72 - - [01/Aug/2023:08:20:14 +0200] "GET / HTTP/1.1" 200 1229 "-" "Mozilla/5.0 (compatible; PRTG Network Monitor (www.paessler.com); Windows)"
212.91.246.72 - - [01/Aug/2023:08:21:14 +0200] "GET / HTTP/1.1" 200 1229 "-" "Mozilla/5.0 (compatible; PRTG Network Monitor (www.paessler.com); Windows)"
212.91.246.72 - - [01/Aug/2023:08:22:14 +0200] "GET / HTTP/1.1" 200 1229 "-" "Mozilla/5.0 (compatible; PRTG Network Monitor (www.paessler.com); Windows)"
162.142.125.11 - - [01/Aug/2023:08:22:15 +0200] "GET / HTTP/1.1" 200 1229 "-" "-"
162.142.125.11 - - [01/Aug/2023:08:22:15 +0200] "GET / HTTP/1.1" 200 1229 "-" "Mozilla/5.0 (compatible; CensysInspect/1.1; +https://about.censys.io/)"
162.142.125.11 - - [01/Aug/2023:08:22:15 +0200] "PRI * HTTP/2.0" 400 329 "-" "-"
162.142.125.11 - - [01/Aug/2023:08:22:16 +0200] "GET /favicon.ico HTTP/1.1" 404 316 "-" "Mozilla/5.0 (compatible; CensysInspect/1.1; +https://about.censys.io/)"
36.225.124.27 - - [01/Aug/2023:08:22:18 +0200] "POST / HTTP/1.1" 400 329 "-" "Mozilla/5.0 (Windows NT 10.0; Win64; x64) AppleWebKit/537.36 (KHTML, like Gecko) Chrome/83.0.4103.106 Safari/537.36"
35.216.158.194 - - [01/Aug/2023:08:23:05 +0200] "GET / HTTP/1.1" 200 1229 "-" "Mozilla/5.0"
212.91.246.72 - - [01/Aug/2023:08:23:14 +0200] "GET / HTTP/1.1" 200 1229 "-" "Mozilla/5.0 (compatible; PRTG Network Monitor (www.paessler.com); Windows)"
84.54.51.12 - - [01/Aug/2023:08:23:50 +0200] "CONNECT google.com:443 HTTP/1.1" 405 340 "-" "Go-http-client/1.1"
212.91.246.72 - - [01/Aug/2023:08:24:14 +0200] "GET / HTTP/1.1" 200 1229 "-" "Mozilla/5.0 (compatible; PRTG Network Monitor (www.paessler.com); Windows)"
212.91.246.72 - - [01/Aug/2023:08:25:14 +0200] "GET / HTTP/1.1" 200 1229 "-" "Mozilla/5.0 (compatible; PRTG Network Monitor (www.paessler.com); Windows)"
36.225.124.27 - - [01/Aug/2023:08:26:12 +0200] "GET / HTTP/1.1" 400 329 "-" "-"
212.91.246.72 - - [01/Aug/2023:08:26:14 +0200] "GET / HTTP/1.1" 200 1229 "-" "Mozilla/5.0 (compatible; PRTG Network Monitor (www.paessler.com); Windows)"
212.91.246.72 - - [01/Aug/2023:08:27:14 +0200] "GET / HTTP/1.1" 200 1229 "-" "Mozilla/5.0 (compatible; PRTG Network Monitor (www.paessler.com); Windows)"
212.91.246.72 - - [01/Aug/2023:08:28:14 +0200] "GET / HTTP/1.1" 200 1229 "-" "Mozilla/5.0 (compatible; PRTG Network Monitor (www.paessler.com); Windows)"
212.91.246.72 - - [01/Aug/2023:08:29:14 +0200] "GET / HTTP/1.1" 200 1229 "-" "Mozilla/5.0 (compatible; PRTG Network Monitor (www.paessler.com); Windows)"
