212.91.246.72 - - [01/Aug/2023:08:30:14 +0200] "GET / HTTP/1.1" 200 1229 "-" "Mozilla/5.0 (compatible; PRTG Network Monitor (www.paessler.com); Windows)"
212.91.246.72 - - [01/Aug/2023:08:31:14 +0200] "GET / HTTP/1.1" 200 1229 "-" "Mozilla/5.0 (compatible; PRTG Network Monitor (www.paessler.com); Windows)"
212.91.246.72 - - [01/Aug/2023:08:32:14 +0200] "GET / HTTP/1.1" 200 1229 "-" "Mozilla/5.0 (compatible; PRTG Network Monitor (www.paessler.com); Windows)"
18.130.31.225 - - [01/Aug/2023:08:32:54 +0200] "" 501 315 "-" "-"
212.91.246.72 - - [01/Aug/2023:08:33:14 +0200] "GET / HTTP/1.1" 200 1229 "-" "Mozilla/5.0 (compatible; PRTG Network Monitor (www.paessler.com); Windows)"
18.130.31.225 - - [01/Aug/2023:08:33:40 +0200] "\x16\x03\x01" 501 318 "-" "-"
212.91.246.72 - - [01/Aug/2023:08:34:14 +0200] "GET / HTTP/1.1" 200 1229 "-" "Mozilla/5.0 (compatible; PRTG Network Monitor (www.paessler.com); Windows)"
172.104.11.46 - - [01/Aug/2023:08:35:01 +0200] "GET / HTTP/1.1" 200 1229 "-" "Mozilla/5.0 (Macintosh; Intel Mac OS X 13_1) AppleWebKit/537.36 (KHTML, like Gecko) Chrome/108.0.0.0 Safari/537.36"
212.91.246.72 - - [01/Aug/2023:08:35:14 +0200] "GET / HTTP/1.1" 200 1229 "-" "Mozilla/5.0 (compatible; PRTG Network Monitor (www.paessler.com); Windows)"
212.91.246.72 - - [01/Aug/2023:08:36:14 +0200] "GET / HTTP/1.1" 200 1229 "-" "Mozilla/5.0 (compatible; PRTG Network Monitor (www.paessler.com); Windows)"
167.94.138.125 - - [01/Aug/2023:08:36:24 +0200] "GET / HTTP/1.1" 200 1229 "-" "-"
167.94.138.125 - - [01/Aug/2023:08:36:24 +0200] "GET / HTTP/1.1" 200 1229 "-" "Mozilla/5.0 (compatible; CensysInspect/1.1; +https://about.censys.io/)"
167.94.138.125 - - [01/Aug/2023:08:36:25 +0200] "PRI * HTTP/2.0" 400 329 "-" "-"
167.94.138.125 - - [01/Aug/2023:08:36:25 +0200] "GET /favicon.ico HTTP/1.1" 404 316 "-" "Mozilla/5.0 (compatible; CensysInspect/1.1; +https://about.censys.io/)"
212.91.246.72 - - [01/Aug/2023:08:37:14 +0200] "GET / HTTP/1.1" 200 1229 "-" "Mozilla/5.0 (compatible; PRTG Network Monitor (www.paessler.com); Windows)"
212.91.246.72 - - [01/Aug/2023:08:38:14 +0200] "GET / HTTP/1.1" 200 1229 "-" "Mozilla/5.0 (compatible; PRTG Network Monitor (www.paessler.com); Windows)"
18.130.31.225 - - [01/Aug/2023:08:38:20 +0200] "\x16\x03\x01" 501 318 "-" "-"
172.104.11.34 - - [01/Aug/2023:08:38:44 +0200] "GET / HTTP/1.1" 200 1229 "-" "Mozilla/5.0 (Macintosh; Intel Mac OS X 13_1) AppleWebKit/537.36 (KHTML, like Gecko) Chrome/108.0.0.0 Safari/537.36"
212.91.246.72 - - [01/Aug/2023:08:39:14 +0200] "GET / HTTP/1.1" 200 1229 "-" "Mozilla/5.0 (compatible; PRTG Network Monitor (www.paessler.com); Windows)"
198.235.24.102 - - [01/Aug/2023:08:39:24 +0200] "GET / HTTP/1.0" 200 1229 "-" "Expanse, a Palo Alto Networks company, searches across the global IPv4 space multiple times per day to identify customers' presences on the Internet. If you would like to be excluded from our scans, please send IP addresses/domains to: scaninfo@paloaltonetworks.com"
18.130.31.225 - - [01/Aug/2023:08:40:13 +0200] "GET /favicon.ico HTTP/1.1" 404 316 "-" "'Cloud mapping experiment. Contact research@pdrlabs.net'"
212.91.246.72 - - [01/Aug/2023:08:40:14 +0200] "GET / HTTP/1.1" 200 1229 "-" "Mozilla/5.0 (compatible; PRTG Network Monitor (www.paessler.com); Windows)"
18.130.31.225 - - [01/Aug/2023:08:41:13 +0200] "\x16\x03\x01" 501 318 "-" "-"
212.91.246.72 - - [01/Aug/2023:08:41:14 +0200] "GET / HTTP/1.1" 200 1229 "-" "Mozilla/5.0 (compatible; PRTG Network Monitor (www.paessler.com); Windows)"
18.130.31.225 - - [01/Aug/2023:08:42:13 +0200] "GET /manage/account/login HTTP/1.1" 404 325 "-" "'Cloud mapping experiment. Contact research@pdrlabs.net'"
36.225.124.27 - - [01/Aug/2023:08:42:14 +0200] "POST / HTTP/1.1" 400 329 "-" "Mozilla/5.0 (Windows NT 10.0; Win64; x64) AppleWebKit/537.36 (KHTML, like Gecko) Chrome/83.0.4103.106 Safari/537.36"
212.91.246.72 - - [01/Aug/2023:08:42:14 +0200] "GET / HTTP/1.1" 200 1229 "-" "Mozilla/5.0 (compatible; PRTG Network Monitor (www.paessler.com); Windows)"
95.111.236.86 - - [01/Aug/2023:08:42:19 +0200] "GET /yealink/y/y000000000000.cfg HTTP/1.1" 404 332 "-" "libwww-perl/6.72"
95.111.236.86 - - [01/Aug/2023:08:42:19 +0200] "GET /yealink/y/y000000000000.cfg HTTP/1.1" 404 332 "-" "libwww-perl/6.72"
95.111.236.86 - - [01/Aug/2023:08:42:20 +0200] "GET /yealink/y/y000000000000.cfg HTTP/1.1" 404 332 "-" "libwww-perl/6.72"
95.111.236.86 - - [01/Aug/2023:08:42:20 +0200] "GET /yealink/y/y000000000000.cfg HTTP/1.1" 404 332 "-" "libwww-perl/6.72"
95.111.236.86 - - [01/Aug/2023:08:42:20 +0200] "GET /yealink/y/y000000000000.cfg HTTP/1.1" 404 332 "-" "libwww-perl/6.72"
95.111.236.86 - - [01/Aug/2023:08:42:20 +0200] "GET /yealink/y/y000000000068.cfg HTTP/1.1" 404 332 "-" "libwww-perl/6.72"
95.111.236.86 - - [01/Aug/2023:08:42:20 +0200] "GET /yealink/y/y000000000000.cfg HTTP/1.1" 404 332 "-" "libwww-perl/6.72"
95.111.236.86 - - [01/Aug/2023:08:42:20 +0200] "GET /yealink/y/y000000000000.cfg HTTP/1.1" 404 332 "-" "libwww-perl/6.72"
95.111.236.86 - - [01/Aug/2023:08:42:20 +0200] "GET /yealink/y/y000000000000.cfg HTTP/1.1" 404 332 "-" "libwww-perl/6.72"
95.111.236.86 - - [01/Aug/2023:08:42:20 +0200] "GET /yealink/y/y000000000000.cfg HTTP/1.1" 404 332 "-" "libwww-perl/6.72"
95.111.236.86 - - [01/Aug/2023:08:42:20 +0200] "GET /yealink/y/y000000000068.cfg HTTP/1.1" 404 332 "-" "libwww-perl/6.72"
95.111.236.86 - - [01/Aug/2023:08:42:20 +0200] "GET /yealink/y/y000000000068.cfg HTTP/1.1" 404 332 "-" "libwww-perl/6.72"
95.111.236.86 - - [01/Aug/2023:08:42:21 +0200] "GET /yealink/y/y000000000068.cfg HTTP/1.1" 404 332 "-" "libwww-perl/6.72"
95.111.236.86 - - [01/Aug/2023:08:42:21 +0200] "GET /yealink/y/y000000000068.cfg HTTP/1.1" 404 332 "-" "libwww-perl/6.72"
95.111.236.86 - - [01/Aug/2023:08:42:21 +0200] "GET /yealink/y/y000000000000.cfg HTTP/1.1" 404 332 "-" "libwww-perl/6.72"
95.111.236.86 - - [01/Aug/2023:08:42:21 +0200] "GET /yealink/y/y000000000068.cfg HTTP/1.1" 404 332 "-" "libwww-perl/6.72"
95.111.236.86 - - [01/Aug/2023:08:42:21 +0200] "GET /yealink/y/y000000000044.cfg HTTP/1.1" 404 332 "-" "libwww-perl/6.72"
95.111.236.86 - - [01/Aug/2023:08:42:21 +0200] "GET /yealink/y/y000000000044.cfg HTTP/1.1" 404 332 "-" "libwww-perl/6.72"
95.111.236.86 - - [01/Aug/2023:08:42:21 +0200] "GET /yealink/y/y000000000044.cfg HTTP/1.1" 404 332 "-" "libwww-perl/6.72"
95.111.236.86 - - [01/Aug/2023:08:42:21 +0200] "GET /yealink/y/y000000000044.cfg HTTP/1.1" 404 332 "-" "libwww-perl/6.72"
95.111.236.86 - - [01/Aug/2023:08:42:21 +0200] "GET /yealink/y/y000000000044.cfg HTTP/1.1" 404 332 "-" "libwww-perl/6.72"
95.111.236.86 - - [01/Aug/2023:08:42:21 +0200] "GET /yealink/y/y000000000044.cfg HTTP/1.1" 404 332 "-" "libwww-perl/6.72"
95.111.236.86 - - [01/Aug/2023:08:42:21 +0200] "GET /yealink/y/y000000000068.cfg HTTP/1.1" 404 332 "-" "libwww-perl/6.72"
95.111.236.86 - - [01/Aug/2023:08:42:21 +0200] "GET /yealink/y/y000000000044.cfg HTTP/1.1" 404 332 "-" "libwww-perl/6.72"
95.111.236.86 - - [01/Aug/2023:08:42:21 +0200] "GET /yealink/y/y000000000044.cfg HTTP/1.1" 404 332 "-" "libwww-perl/6.72"
95.111.236.86 - - [01/Aug/2023:08:42:21 +0200] "GET /yealink/y/y000000000068.cfg HTTP/1.1" 404 332 "-" "libwww-perl/6.72"
95.111.236.86 - - [01/Aug/2023:08:42:21 +0200] "GET /yealink/y/y000000000068.cfg HTTP/1.1" 404 332 "-" "libwww-perl/6.72"
95.111.236.86 - - [01/Aug/2023:08:42:22 +0200] "GET /yealink/y/y000000000068.cfg HTTP/1.1" 404 332 "-" "libwww-perl/6.72"
95.111.236.86 - - [01/Aug/2023:08:42:22 +0200] "GET /yealink/y/y000000000044.cfg HTTP/1.1" 404 332 "-" "libwww-perl/6.72"
95.111.236.86 - - [01/Aug/2023:08:42:22 +0200] "GET /yealink/y/y000000000044.cfg HTTP/1.1" 404 332 "-" "libwww-perl/6.72"
95.111.236.86 - - [01/Aug/2023:08:42:26 +0200] "GET /yealink/y/y000000000028.cfg HTTP/1.1" 404 332 "-" "libwww-perl/6.72"
95.111.236.86 - - [01/Aug/2023:08:42:26 +0200] "GET /yealink/y/y000000000028.cfg HTTP/1.1" 404 332 "-" "libwww-perl/6.72"
95.111.236.86 - - [01/Aug/2023:08:42:26 +0200] "GET /yealink/y/y000000000028.cfg HTTP/1.1" 404 332 "-" "libwww-perl/6.72"
95.111.236.86 - - [01/Aug/2023:08:42:27 +0200] "GET /yealink/y/y000000000028.cfg HTTP/1.1" 404 332 "-" "libwww-perl/6.72"
95.111.236.86 - - [01/Aug/2023:08:42:27 +0200] "GET /yealink/y/y000000000028.cfg HTTP/1.1" 404 332 "-" "libwww-perl/6.72"
95.111.236.86 - - [01/Aug/2023:08:42:27 +0200] "GET /yealink/y/y000000000028.cfg HTTP/1.1" 404 332 "-" "libwww-perl/6.72"
95.111.236.86 - - [01/Aug/2023:08:42:27 +0200] "GET /yealink/y/y000000000028.cfg HTTP/1.1" 404 332 "-" "libwww-perl/6.72"
95.111.236.86 - - [01/Aug/2023:08:42:27 +0200] "GET /yealink/y/y000000000028.cfg HTTP/1.1" 404 332 "-" "libwww-perl/6.72"
95.111.236.86 - - [01/Aug/2023:08:42:27 +0200] "GET /yealink/y/y000000000028.cfg HTTP/1.1" 404 332 "-" "libwww-perl/6.72"
95.111.236.86 - - [01/Aug/2023:08:42:28 +0200] "GET /yealink/y/y000000000028.cfg HTTP/1.1" 404 332 "-" "libwww-perl/6.72"
205.210.31.60 - - [01/Aug/2023:08:42:35 +0200] "GET / HTTP/1.0" 200 1229 "-" "Expanse, a Palo Alto Networks company, searches across the global IPv4 space multiple times per day to identify customers' presences on the Internet. If you would like to be excluded from our scans, please send IP addresses/domains to: scaninfo@paloaltonetworks.com"
154.209.125.124 - - [01/Aug/2023:08:42:48 +0200] "GET / HTTP/1.1" 200 1229 "-" "Mozilla/5.0 (Macintosh; Intel Mac OS X 10.11; rv:47.0) Gecko/20100101 Firefox/47.0"
212.91.246.72 - - [01/Aug/2023:08:43:14 +0200] "GET / HTTP/1.1" 200 1229 "-" "Mozilla/5.0 (compatible; PRTG Network Monitor (www.paessler.com); Windows)"
212.91.246.72 - - [01/Aug/2023:08:44:14 +0200] "GET / HTTP/1.1" 200 1229 "-" "Mozilla/5.0 (compatible; PRTG Network Monitor (www.paessler.com); Windows)"
18.130.31.225 - - [01/Aug/2023:08:45:08 +0200] "\x16\x03\x01" 501 318 "-" "-"
212.91.246.72 - - [01/Aug/2023:08:45:14 +0200] "GET / HTTP/1.1" 200 1229 "-" "Mozilla/5.0 (compatible; PRTG Network Monitor (www.paessler.com); Windows)"
18.130.31.225 - - [01/Aug/2023:08:45:33 +0200] "GET /admin/index.html HTTP/1.1" 404 321 "-" "'Cloud mapping experiment. Contact research@pdrlabs.net'"
45.128.232.83 - - [01/Aug/2023:08:46:01 +0200] "GET / HTTP/1.1" 200 1229 "-" "-"
45.128.232.83 - - [01/Aug/2023:08:46:01 +0200] "POST /HNAP1/ HTTP/1.1" 404 311 "-" "Mozila/5.0"
212.91.246.72 - - [01/Aug/2023:08:46:14 +0200] "GET / HTTP/1.1" 200 1229 "-" "Mozilla/5.0 (compatible; PRTG Network Monitor (www.paessler.com); Windows)"
36.225.124.27 - - [01/Aug/2023:08:46:20 +0200] "GET / HTTP/1.1" 400 329 "-" "-"
212.91.246.72 - - [01/Aug/2023:08:47:14 +0200] "GET / HTTP/1.1" 200 1229 "-" "Mozilla/5.0 (compatible; PRTG Network Monitor (www.paessler.com); Windows)"
212.91.246.72 - - [01/Aug/2023:08:48:14 +0200] "GET / HTTP/1.1" 200 1229 "-" "Mozilla/5.0 (compatible; PRTG Network Monitor (www.paessler.com); Windows)"
74.82.47.3 - - [01/Aug/2023:08:48:20 +0200] "\x16\x03\x01" 501 318 "-" "-"
18.130.31.225 - - [01/Aug/2023:08:48:37 +0200] "\x16\x03\x01" 501 318 "-" "-"
216.218.206.67 - - [01/Aug/2023:08:49:06 +0200] "\x16\x03\x01" 501 318 "-" "-"
212.91.246.72 - - [01/Aug/2023:08:49:14 +0200] "GET / HTTP/1.1" 200 1229 "-" "Mozilla/5.0 (compatible; PRTG Network Monitor (www.paessler.com); Windows)"
74.82.47.2 - - [01/Aug/2023:08:49:22 +0200] "\x16\x03\x01" 501 318 "-" "-"
18.130.31.225 - - [01/Aug/2023:08:49:28 +0200] "GET /index.html HTTP/1.1" 200 1229 "-" "'Cloud mapping experiment. Contact research@pdrlabs.net'"
212.91.246.72 - - [01/Aug/2023:08:50:14 +0200] "GET / HTTP/1.1" 200 1229 "-" "Mozilla/5.0 (compatible; PRTG Network Monitor (www.paessler.com); Windows)"
212.91.246.72 - - [01/Aug/2023:08:51:14 +0200] "GET / HTTP/1.1" 200 1229 "-" "Mozilla/5.0 (compatible; PRTG Network Monitor (www.paessler.com); Windows)"
35.203.210.22 - - [01/Aug/2023:08:52:04 +0200] "GET / HTTP/1.1" 200 1229 "-" "Expanse, a Palo Alto Networks company, searches across the global IPv4 space multiple times per day to identify customers' presences on the Internet. If you would like to be excluded from our scans, please send IP addresses/domains to: scaninfo@paloaltonetworks.com"
212.91.246.72 - - [01/Aug/2023:08:52:14 +0200] "GET / HTTP/1.1" 200 1229 "-" "Mozilla/5.0 (compatible; PRTG Network Monitor (www.paessler.com); Windows)"
18.130.31.225 - - [01/Aug/2023:08:52:58 +0200] "\x16\x03\x01" 501 318 "-" "-"
212.91.246.72 - - [01/Aug/2023:08:53:14 +0200] "GET / HTTP/1.1" 200 1229 "-" "Mozilla/5.0 (compatible; PRTG Network Monitor (www.paessler.com); Windows)"
212.91.246.72 - - [01/Aug/2023:08:54:14 +0200] "GET / HTTP/1.1" 200 1229 "-" "Mozilla/5.0 (compatible; PRTG Network Monitor (www.paessler.com); Windows)"
18.130.31.225 - - [01/Aug/2023:08:55:09 +0200] "GET /+CSCOE+/logon.html HTTP/1.1" 404 323 "-" "'Cloud mapping experiment. Contact research@pdrlabs.net'"
212.91.246.72 - - [01/Aug/2023:08:55:14 +0200] "GET / HTTP/1.1" 200 1229 "-" "Mozilla/5.0 (compatible; PRTG Network Monitor (www.paessler.com); Windows)"
212.91.246.72 - - [01/Aug/2023:08:56:14 +0200] "GET / HTTP/1.1" 200 1229 "-" "Mozilla/5.0 (compatible; PRTG Network Monitor (www.paessler.com); Windows)"
18.130.31.225 - - [01/Aug/2023:08:57:06 +0200] "\x16\x03\x01" 501 318 "-" "-"
212.91.246.72 - - [01/Aug/2023:08:57:14 +0200] "GET / HTTP/1.1" 200 1229 "-" "Mozilla/5.0 (compatible; PRTG Network Monitor (www.paessler.com); Windows)"
212.91.246.72 - - [01/Aug/2023:08:58:14 +0200] "GET / HTTP/1.1" 200 1229 "-" "Mozilla/5.0 (compatible; PRTG Network Monitor (www.paessler.com); Windows)"
212.91.246.72 - - [01/Aug/2023:08:59:14 +0200] "GET / HTTP/1.1" 200 1229 "-" "Mozilla/5.0 (compatible; PRTG Network Monitor (www.paessler.com); Windows)"
18.130.31.225 - - [01/Aug/2023:08:59:16 +0200] "GET /cgi-bin/login.cgi HTTP/1.1" 404 322 "-" "'Cloud mapping experiment. Contact research@pdrlabs.net'"
212.91.246.72 - - [01/Aug/2023:09:00:14 +0200] "GET / HTTP/1.1" 200 1229 "-" "Mozilla/5.0 (compatible; PRTG Network Monitor (www.paessler.com); Windows)"
18.130.31.225 - - [01/Aug/2023:09:01:05 +0200] "\x16\x03\x01" 501 318 "-" "-"
212.91.246.72 - - [01/Aug/2023:09:01:14 +0200] "GET / HTTP/1.1" 200 1229 "-" "Mozilla/5.0 (compatible; PRTG Network Monitor (www.paessler.com); Windows)"
212.91.246.72 - - [01/Aug/2023:09:02:14 +0200] "GET / HTTP/1.1" 200 1229 "-" "Mozilla/5.0 (compatible; PRTG Network Monitor (www.paessler.com); Windows)"
212.91.246.72 - - [01/Aug/2023:09:03:14 +0200] "GET / HTTP/1.1" 200 1229 "-" "Mozilla/5.0 (compatible; PRTG Network Monitor (www.paessler.com); Windows)"
18.130.31.225 - - [01/Aug/2023:09:03:16 +0200] "GET / HTTP/1.1" 200 1229 "-" "'Cloud mapping experiment. Contact research@pdrlabs.net'"
212.91.246.72 - - [01/Aug/2023:09:04:14 +0200] "GET / HTTP/1.1" 200 1229 "-" "Mozilla/5.0 (compatible; PRTG Network Monitor (www.paessler.com); Windows)"
212.91.246.72 - - [01/Aug/2023:09:05:14 +0200] "GET / HTTP/1.1" 200 1229 "-" "Mozilla/5.0 (compatible; PRTG Network Monitor (www.paessler.com); Windows)"
212.91.246.72 - - [01/Aug/2023:09:06:14 +0200] "GET / HTTP/1.1" 200 1229 "-" "Mozilla/5.0 (compatible; PRTG Network Monitor (www.paessler.com); Windows)"
64.62.197.237 - - [01/Aug/2023:09:06:39 +0200] "GET / HTTP/1.1" 200 1229 "-" "Mozilla/5.0 (Macintosh; Intel Mac OS X 10_15_7) AppleWebKit/537.36 (KHTML, like Gecko) Chrome/109.0.0.0 Safari/537.36"
212.91.246.72 - - [01/Aug/2023:09:07:14 +0200] "GET / HTTP/1.1" 200 1229 "-" "Mozilla/5.0 (compatible; PRTG Network Monitor (www.paessler.com); Windows)"
184.105.139.67 - - [01/Aug/2023:09:07:51 +0200] "GET / HTTP/1.1" 200 1229 "-" "Mozilla/5.0 (Macintosh; Intel Mac OS X 10.15; rv:102.0) Gecko/20100101 Firefox/102.0"
212.91.246.72 - - [01/Aug/2023:09:08:14 +0200] "GET / HTTP/1.1" 200 1229 "-" "Mozilla/5.0 (compatible; PRTG Network Monitor (www.paessler.com); Windows)"
64.62.197.230 - - [01/Aug/2023:09:08:18 +0200] "GET /favicon.ico HTTP/1.1" 404 316 "-" "Mozilla/5.0 (Macintosh; Intel Mac OS X 10_15_7) AppleWebKit/605.1.15 (KHTML, like Gecko) Version/16.2 Safari/605.1.15"
184.105.139.67 - - [01/Aug/2023:09:08:47 +0200] "GET /favicon.ico HTTP/1.1" 404 316 "-" "Mozilla/5.0 (Windows NT 10.0; Win64; x64) AppleWebKit/537.36 (KHTML, like Gecko) Chrome/108.0.0.0 Safari/537.36 OPR/94.0.0.0"
64.62.197.238 - - [01/Aug/2023:09:08:59 +0200] "GET /geoserver/web/ HTTP/1.1" 404 319 "-" "Mozilla/5.0 (Macintosh; Intel Mac OS X 10_15_7) AppleWebKit/537.36 (KHTML, like Gecko) Chrome/109.0.0.0 Safari/537.36"
212.91.246.72 - - [01/Aug/2023:09:09:14 +0200] "GET / HTTP/1.1" 200 1229 "-" "Mozilla/5.0 (compatible; PRTG Network Monitor (www.paessler.com); Windows)"
184.105.139.67 - - [01/Aug/2023:09:09:46 +0200] "GET /geoserver/web/ HTTP/1.1" 404 319 "-" "Mozilla/5.0 (Macintosh; Intel Mac OS X 10.15; rv:102.0) Gecko/20100101 Firefox/102.0"
211.75.169.242 - - [01/Aug/2023:09:09:47 +0200] "GET /login?from=%2F HTTP/1.1" 404 310 "-" "Mozilla/5.0 (Windows NT 10.0; Win64; x64) AppleWebKit/537.36 (KHTML, like Gecko) Chrome/115.0.0.0 Safari/537.36"
212.91.246.72 - - [01/Aug/2023:09:10:14 +0200] "GET / HTTP/1.1" 200 1229 "-" "Mozilla/5.0 (compatible; PRTG Network Monitor (www.paessler.com); Windows)"
212.91.246.72 - - [01/Aug/2023:09:11:14 +0200] "GET / HTTP/1.1" 200 1229 "-" "Mozilla/5.0 (compatible; PRTG Network Monitor (www.paessler.com); Windows)"
212.91.246.72 - - [01/Aug/2023:09:12:14 +0200] "GET / HTTP/1.1" 200 1229 "-" "Mozilla/5.0 (compatible; PRTG Network Monitor (www.paessler.com); Windows)"
212.91.246.72 - - [01/Aug/2023:09:13:14 +0200] "GET / HTTP/1.1" 200 1229 "-" "Mozilla/5.0 (compatible; PRTG Network Monitor (www.paessler.com); Windows)"
212.91.246.72 - - [01/Aug/2023:09:14:14 +0200] "GET / HTTP/1.1" 200 1229 "-" "Mozilla/5.0 (compatible; PRTG Network Monitor (www.paessler.com); Windows)"
212.91.246.72 - - [01/Aug/2023:09:15:14 +0200] "GET / HTTP/1.1" 200 1229 "-" "Mozilla/5.0 (compatible; PRTG Network Monitor (www.paessler.com); Windows)"
212.91.246.72 - - [01/Aug/2023:09:16:14 +0200] "GET / HTTP/1.1" 200 1229 "-" "Mozilla/5.0 (compatible; PRTG Network Monitor (www.paessler.com); Windows)"
212.91.246.72 - - [01/Aug/2023:09:17:14 +0200] "GET / HTTP/1.1" 200 1229 "-" "Mozilla/5.0 (compatible; PRTG Network Monitor (www.paessler.com); Windows)"
212.91.246.72 - - [01/Aug/2023:09:18:14 +0200] "GET / HTTP/1.1" 200 1229 "-" "Mozilla/5.0 (compatible; PRTG Network Monitor (www.paessler.com); Windows)"
212.91.246.72 - - [01/Aug/2023:09:19:14 +0200] "GET / HTTP/1.1" 200 1229 "-" "Mozilla/5.0 (compatible; PRTG Network Monitor (www.paessler.com); Windows)"
212.91.246.72 - - [01/Aug/2023:09:20:14 +0200] "GET / HTTP/1.1" 200 1229 "-" "Mozilla/5.0 (compatible; PRTG Network Monitor (www.paessler.com); Windows)"
212.91.246.72 - - [01/Aug/2023:09:21:14 +0200] "GET / HTTP/1.1" 200 1229 "-" "Mozilla/5.0 (compatible; PRTG Network Monitor (www.paessler.com); Windows)"
212.91.246.72 - - [01/Aug/2023:09:22:14 +0200] "GET / HTTP/1.1" 200 1229 "-" "Mozilla/5.0 (compatible; PRTG Network Monitor (www.paessler.com); Windows)"
212.91.246.72 - - [01/Aug/2023:09:23:14 +0200] "GET / HTTP/1.1" 200 1229 "-" "Mozilla/5.0 (compatible; PRTG Network Monitor (www.paessler.com); Windows)"
172.111.10.167 - - [01/Aug/2023:09:24:03 +0200] "POST /boaform/admin/formLogin HTTP/1.1" 404 328 "http://212.91.246.87:80/admin/login.asp" "Mozilla/5.0 (X11; Ubuntu; Linux x86_64; rv:71.0) Gecko/20100101 Firefox/71.0"
212.91.246.72 - - [01/Aug/2023:09:24:14 +0200] "GET / HTTP/1.1" 200 1229 "-" "Mozilla/5.0 (compatible; PRTG Network Monitor (www.paessler.com); Windows)"
212.91.246.72 - - [01/Aug/2023:09:25:14 +0200] "GET / HTTP/1.1" 200 1229 "-" "Mozilla/5.0 (compatible; PRTG Network Monitor (www.paessler.com); Windows)"
212.91.246.72 - - [01/Aug/2023:09:26:14 +0200] "GET / HTTP/1.1" 200 1229 "-" "Mozilla/5.0 (compatible; PRTG Network Monitor (www.paessler.com); Windows)"
212.91.246.72 - - [01/Aug/2023:09:27:14 +0200] "GET / HTTP/1.1" 200 1229 "-" "Mozilla/5.0 (compatible; PRTG Network Monitor (www.paessler.com); Windows)"
212.91.246.72 - - [01/Aug/2023:09:28:14 +0200] "GET / HTTP/1.1" 200 1229 "-" "Mozilla/5.0 (compatible; PRTG Network Monitor (www.paessler.com); Windows)"
212.91.246.72 - - [01/Aug/2023:09:29:14 +0200] "GET / HTTP/1.1" 200 1229 "-" "Mozilla/5.0 (compatible; PRTG Network Monitor (www.paessler.com); Windows)"
212.91.246.72 - - [01/Aug/2023:09:30:14 +0200] "GET / HTTP/1.1" 200 1229 "-" "Mozilla/5.0 (compatible; PRTG Network Monitor (www.paessler.com); Windows)"
212.91.246.72 - - [01/Aug/2023:09:31:14 +0200] "GET / HTTP/1.1" 200 1229 "-" "Mozilla/5.0 (compatible; PRTG Network Monitor (www.paessler.com); Windows)"
212.91.246.72 - - [01/Aug/2023:09:32:14 +0200] "GET / HTTP/1.1" 200 1229 "-" "Mozilla/5.0 (compatible; PRTG Network Monitor (www.paessler.com); Windows)"
95.111.236.86 - - [01/Aug/2023:09:32:59 +0200] "GET /yealink/1/y000000000068.cfg HTTP/1.1" 404 332 "-" "libwww-perl/6.72"
95.111.236.86 - - [01/Aug/2023:09:32:59 +0200] "GET /yealink/1/y000000000044.cfg HTTP/1.1" 404 332 "-" "libwww-perl/6.72"
95.111.236.86 - - [01/Aug/2023:09:32:59 +0200] "GET /yealink/1/y000000000044.cfg HTTP/1.1" 404 332 "-" "libwww-perl/6.72"
95.111.236.86 - - [01/Aug/2023:09:32:59 +0200] "GET /yealink/1/y000000000044.cfg HTTP/1.1" 404 332 "-" "libwww-perl/6.72"
95.111.236.86 - - [01/Aug/2023:09:32:59 +0200] "GET /yealink/1/y000000000044.cfg HTTP/1.1" 404 332 "-" "libwww-perl/6.72"
95.111.236.86 - - [01/Aug/2023:09:32:59 +0200] "GET /yealink/1/y000000000044.cfg HTTP/1.1" 404 332 "-" "libwww-perl/6.72"
95.111.236.86 - - [01/Aug/2023:09:32:59 +0200] "GET /yealink/1/y000000000044.cfg HTTP/1.1" 404 332 "-" "libwww-perl/6.72"
95.111.236.86 - - [01/Aug/2023:09:32:59 +0200] "GET /yealink/1/y000000000044.cfg HTTP/1.1" 404 332 "-" "libwww-perl/6.72"
95.111.236.86 - - [01/Aug/2023:09:33:00 +0200] "GET /yealink/1/y000000000028.cfg HTTP/1.1" 404 332 "-" "libwww-perl/6.72"
95.111.236.86 - - [01/Aug/2023:09:33:00 +0200] "GET /yealink/1/y000000000068.cfg HTTP/1.1" 404 332 "-" "libwww-perl/6.72"
95.111.236.86 - - [01/Aug/2023:09:33:00 +0200] "GET /yealink/1/y000000000028.cfg HTTP/1.1" 404 332 "-" "libwww-perl/6.72"
95.111.236.86 - - [01/Aug/2023:09:33:00 +0200] "GET /yealink/1/y000000000044.cfg HTTP/1.1" 404 332 "-" "libwww-perl/6.72"
95.111.236.86 - - [01/Aug/2023:09:33:00 +0200] "GET /yealink/1/y000000000044.cfg HTTP/1.1" 404 332 "-" "libwww-perl/6.72"
95.111.236.86 - - [01/Aug/2023:09:33:00 +0200] "GET /yealink/1/y000000000028.cfg HTTP/1.1" 404 332 "-" "libwww-perl/6.72"
95.111.236.86 - - [01/Aug/2023:09:33:00 +0200] "GET /yealink/1/y000000000028.cfg HTTP/1.1" 404 332 "-" "libwww-perl/6.72"
95.111.236.86 - - [01/Aug/2023:09:33:00 +0200] "GET /yealink/1/y000000000068.cfg HTTP/1.1" 404 332 "-" "libwww-perl/6.72"
95.111.236.86 - - [01/Aug/2023:09:33:00 +0200] "GET /yealink/1/y000000000028.cfg HTTP/1.1" 404 332 "-" "libwww-perl/6.72"
95.111.236.86 - - [01/Aug/2023:09:33:00 +0200] "GET /yealink/1/y000000000068.cfg HTTP/1.1" 404 332 "-" "libwww-perl/6.72"
95.111.236.86 - - [01/Aug/2023:09:33:00 +0200] "GET /yealink/1/y000000000028.cfg HTTP/1.1" 404 332 "-" "libwww-perl/6.72"
95.111.236.86 - - [01/Aug/2023:09:33:00 +0200] "GET /yealink/1/y000000000028.cfg HTTP/1.1" 404 332 "-" "libwww-perl/6.72"
95.111.236.86 - - [01/Aug/2023:09:33:00 +0200] "GET /yealink/1/y000000000028.cfg HTTP/1.1" 404 332 "-" "libwww-perl/6.72"
95.111.236.86 - - [01/Aug/2023:09:33:00 +0200] "GET /yealink/1/y000000000068.cfg HTTP/1.1" 404 332 "-" "libwww-perl/6.72"
95.111.236.86 - - [01/Aug/2023:09:33:00 +0200] "GET /yealink/1/y000000000068.cfg HTTP/1.1" 404 332 "-" "libwww-perl/6.72"
95.111.236.86 - - [01/Aug/2023:09:33:00 +0200] "GET /yealink/1/y000000000028.cfg HTTP/1.1" 404 332 "-" "libwww-perl/6.72"
95.111.236.86 - - [01/Aug/2023:09:33:00 +0200] "GET /yealink/1/y000000000068.cfg HTTP/1.1" 404 332 "-" "libwww-perl/6.72"
95.111.236.86 - - [01/Aug/2023:09:33:00 +0200] "GET /yealink/1/y000000000044.cfg HTTP/1.1" 404 332 "-" "libwww-perl/6.72"
95.111.236.86 - - [01/Aug/2023:09:33:00 +0200] "GET /yealink/1/y000000000068.cfg HTTP/1.1" 404 332 "-" "libwww-perl/6.72"
95.111.236.86 - - [01/Aug/2023:09:33:00 +0200] "GET /yealink/1/y000000000068.cfg HTTP/1.1" 404 332 "-" "libwww-perl/6.72"
95.111.236.86 - - [01/Aug/2023:09:33:00 +0200] "GET /yealink/1/y000000000068.cfg HTTP/1.1" 404 332 "-" "libwww-perl/6.72"
95.111.236.86 - - [01/Aug/2023:09:33:01 +0200] "GET /yealink/1/y000000000028.cfg HTTP/1.1" 404 332 "-" "libwww-perl/6.72"
95.111.236.86 - - [01/Aug/2023:09:33:05 +0200] "GET /yealink/1/y000000000000.cfg HTTP/1.1" 404 332 "-" "libwww-perl/6.72"
95.111.236.86 - - [01/Aug/2023:09:33:05 +0200] "GET /yealink/1/y000000000000.cfg HTTP/1.1" 404 332 "-" "libwww-perl/6.72"
95.111.236.86 - - [01/Aug/2023:09:33:05 +0200] "GET /yealink/1/y000000000000.cfg HTTP/1.1" 404 332 "-" "libwww-perl/6.72"
95.111.236.86 - - [01/Aug/2023:09:33:05 +0200] "GET /yealink/1/y000000000000.cfg HTTP/1.1" 404 332 "-" "libwww-perl/6.72"
95.111.236.86 - - [01/Aug/2023:09:33:05 +0200] "GET /yealink/1/y000000000000.cfg HTTP/1.1" 404 332 "-" "libwww-perl/6.72"
95.111.236.86 - - [01/Aug/2023:09:33:05 +0200] "GET /yealink/1/y000000000000.cfg HTTP/1.1" 404 332 "-" "libwww-perl/6.72"
95.111.236.86 - - [01/Aug/2023:09:33:05 +0200] "GET /yealink/1/y000000000000.cfg HTTP/1.1" 404 332 "-" "libwww-perl/6.72"
95.111.236.86 - - [01/Aug/2023:09:33:06 +0200] "GET /yealink/1/y000000000000.cfg HTTP/1.1" 404 332 "-" "libwww-perl/6.72"
95.111.236.86 - - [01/Aug/2023:09:33:06 +0200] "GET /yealink/1/y000000000000.cfg HTTP/1.1" 404 332 "-" "libwww-perl/6.72"
95.111.236.86 - - [01/Aug/2023:09:33:06 +0200] "GET /yealink/1/y000000000000.cfg HTTP/1.1" 404 332 "-" "libwww-perl/6.72"
212.91.246.72 - - [01/Aug/2023:09:33:14 +0200] "GET / HTTP/1.1" 200 1229 "-" "Mozilla/5.0 (compatible; PRTG Network Monitor (www.paessler.com); Windows)"
205.210.31.215 - - [01/Aug/2023:09:33:15 +0200] "\x16\x03\x01" 501 318 "-" "-"
212.91.246.72 - - [01/Aug/2023:09:34:14 +0200] "GET / HTTP/1.1" 200 1229 "-" "Mozilla/5.0 (compatible; PRTG Network Monitor (www.paessler.com); Windows)"
212.91.246.72 - - [01/Aug/2023:09:35:14 +0200] "GET / HTTP/1.1" 200 1229 "-" "Mozilla/5.0 (compatible; PRTG Network Monitor (www.paessler.com); Windows)"
212.91.246.72 - - [01/Aug/2023:09:36:14 +0200] "GET / HTTP/1.1" 200 1229 "-" "Mozilla/5.0 (compatible; PRTG Network Monitor (www.paessler.com); Windows)"
212.91.246.72 - - [01/Aug/2023:09:37:14 +0200] "GET / HTTP/1.1" 200 1229 "-" "Mozilla/5.0 (compatible; PRTG Network Monitor (www.paessler.com); Windows)"
212.91.246.72 - - [01/Aug/2023:09:38:14 +0200] "GET / HTTP/1.1" 200 1229 "-" "Mozilla/5.0 (compatible; PRTG Network Monitor (www.paessler.com); Windows)"
212.91.246.72 - - [01/Aug/2023:09:39:14 +0200] "GET / HTTP/1.1" 200 1229 "-" "Mozilla/5.0 (compatible; PRTG Network Monitor (www.paessler.com); Windows)"
212.91.246.72 - - [01/Aug/2023:09:40:14 +0200] "GET / HTTP/1.1" 200 1229 "-" "Mozilla/5.0 (compatible; PRTG Network Monitor (www.paessler.com); Windows)"
138.118.103.71 - - [01/Aug/2023:09:40:40 +0200] "GET / HTTP/1.1" 200 1229 "-" "Mozilla/5.0 (Macintosh; Intel Mac OS X 10_11_6) AppleWebKit/601.7.7 (KHTML, like Gecko) Version/9.1.2 Safari/601.7.7"
212.91.246.72 - - [01/Aug/2023:09:41:14 +0200] "GET / HTTP/1.1" 200 1229 "-" "Mozilla/5.0 (compatible; PRTG Network Monitor (www.paessler.com); Windows)"
212.91.246.72 - - [01/Aug/2023:09:42:14 +0200] "GET / HTTP/1.1" 200 1229 "-" "Mozilla/5.0 (compatible; PRTG Network Monitor (www.paessler.com); Windows)"
47.254.76.138 - - [01/Aug/2023:09:42:24 +0200] "GET / HTTP/1.1" 200 1229 "-" "Mozilla/5.0 (Linux; Android 10; LIO-AN00 Build/HUAWEILIO-AN00; wv) AppleWebKit/537.36 (KHTML, like Gecko) Chrome/103.0.5060.114 Mobile Safari/537.36"
47.88.86.63 - - [01/Aug/2023:09:42:25 +0200] "GET /static/admin/javascript/hetong.js HTTP/1.1" 404 338 "-" "Mozilla/5.0 (Linux; Android 10; LIO-AN00 Build/HUAWEILIO-AN00; wv) AppleWebKit/537.36 (KHTML, like Gecko) Chrome/103.0.5060.114 Mobile Safari/537.36"
212.91.246.72 - - [01/Aug/2023:09:43:14 +0200] "GET / HTTP/1.1" 200 1229 "-" "Mozilla/5.0 (compatible; PRTG Network Monitor (www.paessler.com); Windows)"
212.91.246.72 - - [01/Aug/2023:09:44:14 +0200] "GET / HTTP/1.1" 200 1229 "-" "Mozilla/5.0 (compatible; PRTG Network Monitor (www.paessler.com); Windows)"
185.225.75.86 - - [01/Aug/2023:09:44:42 +0200] "POST /boaform/admin/formLogin HTTP/1.1" 404 328 "http://212.91.246.81:80/admin/login.asp" "Mozilla/5.0 (X11; Ubuntu; Linux x86_64; rv:71.0) Gecko/20100101 Firefox/71.0"
212.91.246.72 - - [01/Aug/2023:09:45:14 +0200] "GET / HTTP/1.1" 200 1229 "-" "Mozilla/5.0 (compatible; PRTG Network Monitor (www.paessler.com); Windows)"
212.91.246.72 - - [01/Aug/2023:09:46:14 +0200] "GET / HTTP/1.1" 200 1229 "-" "Mozilla/5.0 (compatible; PRTG Network Monitor (www.paessler.com); Windows)"
212.91.246.72 - - [01/Aug/2023:09:47:14 +0200] "GET / HTTP/1.1" 200 1229 "-" "Mozilla/5.0 (compatible; PRTG Network Monitor (www.paessler.com); Windows)"
212.91.246.72 - - [01/Aug/2023:09:48:14 +0200] "GET / HTTP/1.1" 200 1229 "-" "Mozilla/5.0 (compatible; PRTG Network Monitor (www.paessler.com); Windows)"
212.91.246.72 - - [01/Aug/2023:09:49:14 +0200] "GET / HTTP/1.1" 200 1229 "-" "Mozilla/5.0 (compatible; PRTG Network Monitor (www.paessler.com); Windows)"
18.135.96.175 - - [01/Aug/2023:09:50:07 +0200] "" 501 315 "-" "-"
212.91.246.72 - - [01/Aug/2023:09:50:14 +0200] "GET / HTTP/1.1" 200 1229 "-" "Mozilla/5.0 (compatible; PRTG Network Monitor (www.paessler.com); Windows)"
192.241.225.75 - - [01/Aug/2023:09:51:12 +0200] "GET / HTTP/1.1" 200 1229 "-" "Mozilla/5.0 zgrab/0.x"
18.135.96.175 - - [01/Aug/2023:09:51:13 +0200] "\x16\x03\x01" 501 318 "-" "-"
212.91.246.72 - - [01/Aug/2023:09:51:14 +0200] "GET / HTTP/1.1" 200 1229 "-" "Mozilla/5.0 (compatible; PRTG Network Monitor (www.paessler.com); Windows)"
192.241.225.75 - - [01/Aug/2023:09:51:15 +0200] "GET / HTTP/1.1" 200 1229 "-" "Mozilla/5.0 zgrab/0.x"
192.241.225.75 - - [01/Aug/2023:09:51:17 +0200] "GET / HTTP/1.1" 200 1229 "-" "Mozilla/5.0 zgrab/0.x"
192.241.225.75 - - [01/Aug/2023:09:51:20 +0200] "GET / HTTP/1.1" 200 1229 "-" "Mozilla/5.0 zgrab/0.x"
192.241.225.75 - - [01/Aug/2023:09:51:47 +0200] "GET / HTTP/1.1" 200 1229 "-" "Mozilla/5.0 zgrab/0.x"
192.241.225.75 - - [01/Aug/2023:09:51:50 +0200] "GET / HTTP/1.1" 200 1229 "-" "Mozilla/5.0 zgrab/0.x"
192.241.225.75 - - [01/Aug/2023:09:51:52 +0200] "GET / HTTP/1.1" 200 1229 "-" "Mozilla/5.0 zgrab/0.x"
192.241.225.75 - - [01/Aug/2023:09:51:55 +0200] "GET / HTTP/1.1" 200 1229 "-" "Mozilla/5.0 zgrab/0.x"
192.241.225.75 - - [01/Aug/2023:09:51:57 +0200] "GET / HTTP/1.1" 200 1229 "-" "Mozilla/5.0 zgrab/0.x"
192.241.225.75 - - [01/Aug/2023:09:52:12 +0200] "GET / HTTP/1.1" 200 1229 "-" "Mozilla/5.0 zgrab/0.x"
212.91.246.72 - - [01/Aug/2023:09:52:14 +0200] "GET / HTTP/1.1" 200 1229 "-" "Mozilla/5.0 (compatible; PRTG Network Monitor (www.paessler.com); Windows)"
212.91.246.72 - - [01/Aug/2023:09:53:14 +0200] "GET / HTTP/1.1" 200 1229 "-" "Mozilla/5.0 (compatible; PRTG Network Monitor (www.paessler.com); Windows)"
212.91.246.72 - - [01/Aug/2023:09:54:14 +0200] "GET / HTTP/1.1" 200 1229 "-" "Mozilla/5.0 (compatible; PRTG Network Monitor (www.paessler.com); Windows)"
45.156.128.7 - - [01/Aug/2023:09:54:29 +0200] "GET / HTTP/1.1" 200 1229 "-" "Mozilla/5.0 (Windows NT 10.0; Win64; x64) AppleWebKit/537.36 (KHTML, like Gecko) Chrome/60.0.3112.113 Safari/537.36"
212.91.246.72 - - [01/Aug/2023:09:55:14 +0200] "GET / HTTP/1.1" 200 1229 "-" "Mozilla/5.0 (compatible; PRTG Network Monitor (www.paessler.com); Windows)"
18.135.96.175 - - [01/Aug/2023:09:55:56 +0200] "\x16\x03\x01" 501 318 "-" "-"
212.91.246.72 - - [01/Aug/2023:09:56:14 +0200] "GET / HTTP/1.1" 200 1229 "-" "Mozilla/5.0 (compatible; PRTG Network Monitor (www.paessler.com); Windows)"
198.235.24.96 - - [01/Aug/2023:09:57:12 +0200] "\x16\x03\x01" 501 318 "-" "-"
212.91.246.72 - - [01/Aug/2023:09:57:14 +0200] "GET / HTTP/1.1" 200 1229 "-" "Mozilla/5.0 (compatible; PRTG Network Monitor (www.paessler.com); Windows)"
185.225.73.4 - - [01/Aug/2023:09:57:50 +0200] "POST /boaform/admin/formLogin HTTP/1.1" 404 328 "http://212.91.246.80:80/admin/login.asp" "Mozilla/5.0 (X11; Ubuntu; Linux x86_64; rv:71.0) Gecko/20100101 Firefox/71.0"
18.135.96.175 - - [01/Aug/2023:09:58:14 +0200] "GET /favicon.ico HTTP/1.1" 404 316 "-" "'Cloud mapping experiment. Contact research@pdrlabs.net'"
212.91.246.72 - - [01/Aug/2023:09:58:14 +0200] "GET / HTTP/1.1" 200 1229 "-" "Mozilla/5.0 (compatible; PRTG Network Monitor (www.paessler.com); Windows)"
212.91.246.72 - - [01/Aug/2023:09:59:14 +0200] "GET / HTTP/1.1" 200 1229 "-" "Mozilla/5.0 (compatible; PRTG Network Monitor (www.paessler.com); Windows)"
18.135.96.175 - - [01/Aug/2023:09:59:44 +0200] "\x16\x03\x01" 501 318 "-" "-"
212.91.246.72 - - [01/Aug/2023:10:00:14 +0200] "GET / HTTP/1.1" 200 1229 "-" "Mozilla/5.0 (compatible; PRTG Network Monitor (www.paessler.com); Windows)"
212.91.246.72 - - [01/Aug/2023:10:01:14 +0200] "GET / HTTP/1.1" 200 1229 "-" "Mozilla/5.0 (compatible; PRTG Network Monitor (www.paessler.com); Windows)"
18.135.96.175 - - [01/Aug/2023:10:02:00 +0200] "GET /manage/account/login HTTP/1.1" 404 325 "-" "'Cloud mapping experiment. Contact research@pdrlabs.net'"
212.91.246.72 - - [01/Aug/2023:10:02:14 +0200] "GET / HTTP/1.1" 200 1229 "-" "Mozilla/5.0 (compatible; PRTG Network Monitor (www.paessler.com); Windows)"
212.91.246.72 - - [01/Aug/2023:10:03:14 +0200] "GET / HTTP/1.1" 200 1229 "-" "Mozilla/5.0 (compatible; PRTG Network Monitor (www.paessler.com); Windows)"
212.91.246.72 - - [01/Aug/2023:10:04:14 +0200] "GET / HTTP/1.1" 200 1229 "-" "Mozilla/5.0 (compatible; PRTG Network Monitor (www.paessler.com); Windows)"
18.135.96.175 - - [01/Aug/2023:10:04:31 +0200] "\x16\x03\x01" 501 318 "-" "-"
212.91.246.72 - - [01/Aug/2023:10:05:14 +0200] "GET / HTTP/1.1" 200 1229 "-" "Mozilla/5.0 (compatible; PRTG Network Monitor (www.paessler.com); Windows)"
212.91.246.72 - - [01/Aug/2023:10:06:14 +0200] "GET / HTTP/1.1" 200 1229 "-" "Mozilla/5.0 (compatible; PRTG Network Monitor (www.paessler.com); Windows)"
18.135.96.175 - - [01/Aug/2023:10:06:48 +0200] "GET /admin/index.html HTTP/1.1" 404 321 "-" "'Cloud mapping experiment. Contact research@pdrlabs.net'"
212.91.246.72 - - [01/Aug/2023:10:07:14 +0200] "GET / HTTP/1.1" 200 1229 "-" "Mozilla/5.0 (compatible; PRTG Network Monitor (www.paessler.com); Windows)"
168.228.6.22 - - [01/Aug/2023:10:07:16 +0200] "GET / HTTP/1.1" 200 1229 "-" "Mozilla/5.0 (Windows NT 6.1; WOW64) AppleWebKit/537.36 (KHTML, like Gecko) Chrome/51.0.2704.103 Safari/537.36"
212.91.246.72 - - [01/Aug/2023:10:08:14 +0200] "GET / HTTP/1.1" 200 1229 "-" "Mozilla/5.0 (compatible; PRTG Network Monitor (www.paessler.com); Windows)"
212.91.246.72 - - [01/Aug/2023:10:09:14 +0200] "GET / HTTP/1.1" 200 1229 "-" "Mozilla/5.0 (compatible; PRTG Network Monitor (www.paessler.com); Windows)"
18.135.96.175 - - [01/Aug/2023:10:09:16 +0200] "\x16\x03\x01" 501 318 "-" "-"
18.130.147.152 - - [01/Aug/2023:10:09:41 +0200] "" 501 315 "-" "-"
212.91.246.72 - - [01/Aug/2023:10:10:14 +0200] "GET / HTTP/1.1" 200 1229 "-" "Mozilla/5.0 (compatible; PRTG Network Monitor (www.paessler.com); Windows)"
212.91.246.72 - - [01/Aug/2023:10:11:14 +0200] "GET / HTTP/1.1" 200 1229 "-" "Mozilla/5.0 (compatible; PRTG Network Monitor (www.paessler.com); Windows)"
18.135.96.175 - - [01/Aug/2023:10:11:35 +0200] "GET /index.html HTTP/1.1" 200 1229 "-" "'Cloud mapping experiment. Contact research@pdrlabs.net'"
18.130.147.152 - - [01/Aug/2023:10:11:52 +0200] "\x16\x03\x01" 501 318 "-" "-"
211.75.169.242 - - [01/Aug/2023:10:12:04 +0200] "GET /login?from=%2F HTTP/1.1" 404 310 "-" "Mozilla/5.0 (Windows NT 10.0; Win64; x64) AppleWebKit/537.36 (KHTML, like Gecko) Chrome/115.0.0.0 Safari/537.36"
212.91.246.72 - - [01/Aug/2023:10:12:14 +0200] "GET / HTTP/1.1" 200 1229 "-" "Mozilla/5.0 (compatible; PRTG Network Monitor (www.paessler.com); Windows)"
212.91.246.72 - - [01/Aug/2023:10:13:14 +0200] "GET / HTTP/1.1" 200 1229 "-" "Mozilla/5.0 (compatible; PRTG Network Monitor (www.paessler.com); Windows)"
18.130.147.152 - - [01/Aug/2023:10:13:22 +0200] "\x16\x03\x01" 501 318 "-" "-"
212.91.246.72 - - [01/Aug/2023:10:14:14 +0200] "GET / HTTP/1.1" 200 1229 "-" "Mozilla/5.0 (compatible; PRTG Network Monitor (www.paessler.com); Windows)"
18.135.96.175 - - [01/Aug/2023:10:14:17 +0200] "\x16\x03\x01" 501 318 "-" "-"
212.91.246.72 - - [01/Aug/2023:10:15:14 +0200] "GET / HTTP/1.1" 200 1229 "-" "Mozilla/5.0 (compatible; PRTG Network Monitor (www.paessler.com); Windows)"
18.130.147.152 - - [01/Aug/2023:10:15:19 +0200] "\x16\x03\x01" 501 318 "-" "-"
18.130.147.152 - - [01/Aug/2023:10:15:59 +0200] "GET /manage/account/login HTTP/1.1" 404 325 "-" "'Cloud mapping experiment. Contact research@pdrlabs.net'"
212.91.246.72 - - [01/Aug/2023:10:16:14 +0200] "GET / HTTP/1.1" 200 1229 "-" "Mozilla/5.0 (compatible; PRTG Network Monitor (www.paessler.com); Windows)"
18.135.96.175 - - [01/Aug/2023:10:16:17 +0200] "GET /+CSCOE+/logon.html HTTP/1.1" 404 323 "-" "'Cloud mapping experiment. Contact research@pdrlabs.net'"
212.91.246.72 - - [01/Aug/2023:10:17:14 +0200] "GET / HTTP/1.1" 200 1229 "-" "Mozilla/5.0 (compatible; PRTG Network Monitor (www.paessler.com); Windows)"
18.130.147.152 - - [01/Aug/2023:10:17:47 +0200] "\x16\x03\x01" 501 318 "-" "-"
212.91.246.72 - - [01/Aug/2023:10:18:14 +0200] "GET / HTTP/1.1" 200 1229 "-" "Mozilla/5.0 (compatible; PRTG Network Monitor (www.paessler.com); Windows)"
185.225.75.86 - - [01/Aug/2023:10:18:27 +0200] "POST /boaform/admin/formLogin HTTP/1.1" 404 328 "http://212.91.246.83:80/admin/login.asp" "Mozilla/5.0 (X11; Ubuntu; Linux x86_64; rv:71.0) Gecko/20100101 Firefox/71.0"
18.135.96.175 - - [01/Aug/2023:10:18:38 +0200] "\x16\x03\x01" 501 318 "-" "-"
212.91.246.72 - - [01/Aug/2023:10:19:14 +0200] "GET / HTTP/1.1" 200 1229 "-" "Mozilla/5.0 (compatible; PRTG Network Monitor (www.paessler.com); Windows)"
18.130.147.152 - - [01/Aug/2023:10:20:10 +0200] "\x16\x03\x01" 501 318 "-" "-"
212.91.246.72 - - [01/Aug/2023:10:20:14 +0200] "GET / HTTP/1.1" 200 1229 "-" "Mozilla/5.0 (compatible; PRTG Network Monitor (www.paessler.com); Windows)"
18.130.147.152 - - [01/Aug/2023:10:20:31 +0200] "GET /index.html HTTP/1.1" 200 1229 "-" "'Cloud mapping experiment. Contact research@pdrlabs.net'"
18.135.96.175 - - [01/Aug/2023:10:20:37 +0200] "GET /cgi-bin/login.cgi HTTP/1.1" 404 322 "-" "'Cloud mapping experiment. Contact research@pdrlabs.net'"
212.91.246.72 - - [01/Aug/2023:10:21:14 +0200] "GET / HTTP/1.1" 200 1229 "-" "Mozilla/5.0 (compatible; PRTG Network Monitor (www.paessler.com); Windows)"
212.91.246.72 - - [01/Aug/2023:10:22:14 +0200] "GET / HTTP/1.1" 200 1229 "-" "Mozilla/5.0 (compatible; PRTG Network Monitor (www.paessler.com); Windows)"
18.130.147.152 - - [01/Aug/2023:10:22:34 +0200] "\x16\x03\x01" 501 318 "-" "-"
18.135.96.175 - - [01/Aug/2023:10:22:51 +0200] "\x16\x03\x01" 501 318 "-" "-"
18.130.147.152 - - [01/Aug/2023:10:23:07 +0200] "GET /+CSCOE+/logon.html HTTP/1.1" 404 323 "-" "'Cloud mapping experiment. Contact research@pdrlabs.net'"
212.91.246.72 - - [01/Aug/2023:10:23:14 +0200] "GET / HTTP/1.1" 200 1229 "-" "Mozilla/5.0 (compatible; PRTG Network Monitor (www.paessler.com); Windows)"
212.91.246.72 - - [01/Aug/2023:10:24:14 +0200] "GET / HTTP/1.1" 200 1229 "-" "Mozilla/5.0 (compatible; PRTG Network Monitor (www.paessler.com); Windows)"
18.135.96.175 - - [01/Aug/2023:10:24:52 +0200] "GET / HTTP/1.1" 200 1229 "-" "'Cloud mapping experiment. Contact research@pdrlabs.net'"
95.111.236.86 - - [01/Aug/2023:10:24:54 +0200] "GET /yealink/2/y000000000028.cfg HTTP/1.1" 404 332 "-" "libwww-perl/6.72"
95.111.236.86 - - [01/Aug/2023:10:24:54 +0200] "GET /yealink/2/y000000000028.cfg HTTP/1.1" 404 332 "-" "libwww-perl/6.72"
95.111.236.86 - - [01/Aug/2023:10:24:54 +0200] "GET /yealink/2/y000000000028.cfg HTTP/1.1" 404 332 "-" "libwww-perl/6.72"
95.111.236.86 - - [01/Aug/2023:10:24:54 +0200] "GET /yealink/2/y000000000028.cfg HTTP/1.1" 404 332 "-" "libwww-perl/6.72"
95.111.236.86 - - [01/Aug/2023:10:24:54 +0200] "GET /yealink/2/y000000000044.cfg HTTP/1.1" 404 332 "-" "libwww-perl/6.72"
95.111.236.86 - - [01/Aug/2023:10:24:54 +0200] "GET /yealink/2/y000000000044.cfg HTTP/1.1" 404 332 "-" "libwww-perl/6.72"
95.111.236.86 - - [01/Aug/2023:10:24:54 +0200] "GET /yealink/2/y000000000044.cfg HTTP/1.1" 404 332 "-" "libwww-perl/6.72"
95.111.236.86 - - [01/Aug/2023:10:24:54 +0200] "GET /yealink/2/y000000000044.cfg HTTP/1.1" 404 332 "-" "libwww-perl/6.72"
95.111.236.86 - - [01/Aug/2023:10:24:54 +0200] "GET /yealink/2/y000000000028.cfg HTTP/1.1" 404 332 "-" "libwww-perl/6.72"
95.111.236.86 - - [01/Aug/2023:10:24:54 +0200] "GET /yealink/2/y000000000028.cfg HTTP/1.1" 404 332 "-" "libwww-perl/6.72"
95.111.236.86 - - [01/Aug/2023:10:24:54 +0200] "GET /yealink/2/y000000000028.cfg HTTP/1.1" 404 332 "-" "libwww-perl/6.72"
95.111.236.86 - - [01/Aug/2023:10:24:54 +0200] "GET /yealink/2/y000000000028.cfg HTTP/1.1" 404 332 "-" "libwww-perl/6.72"
95.111.236.86 - - [01/Aug/2023:10:24:55 +0200] "GET /yealink/2/y000000000044.cfg HTTP/1.1" 404 332 "-" "libwww-perl/6.72"
95.111.236.86 - - [01/Aug/2023:10:24:55 +0200] "GET /yealink/2/y000000000044.cfg HTTP/1.1" 404 332 "-" "libwww-perl/6.72"
95.111.236.86 - - [01/Aug/2023:10:24:55 +0200] "GET /yealink/2/y000000000044.cfg HTTP/1.1" 404 332 "-" "libwww-perl/6.72"
95.111.236.86 - - [01/Aug/2023:10:24:55 +0200] "GET /yealink/2/y000000000044.cfg HTTP/1.1" 404 332 "-" "libwww-perl/6.72"
95.111.236.86 - - [01/Aug/2023:10:24:55 +0200] "GET /yealink/2/y000000000044.cfg HTTP/1.1" 404 332 "-" "libwww-perl/6.72"
95.111.236.86 - - [01/Aug/2023:10:24:55 +0200] "GET /yealink/2/y000000000028.cfg HTTP/1.1" 404 332 "-" "libwww-perl/6.72"
95.111.236.86 - - [01/Aug/2023:10:24:55 +0200] "GET /yealink/2/y000000000028.cfg HTTP/1.1" 404 332 "-" "libwww-perl/6.72"
95.111.236.86 - - [01/Aug/2023:10:24:55 +0200] "GET /yealink/2/y000000000044.cfg HTTP/1.1" 404 332 "-" "libwww-perl/6.72"
95.111.236.86 - - [01/Aug/2023:10:24:55 +0200] "GET /yealink/2/y000000000068.cfg HTTP/1.1" 404 332 "-" "libwww-perl/6.72"
95.111.236.86 - - [01/Aug/2023:10:24:55 +0200] "GET /yealink/2/y000000000068.cfg HTTP/1.1" 404 332 "-" "libwww-perl/6.72"
95.111.236.86 - - [01/Aug/2023:10:24:55 +0200] "GET /yealink/2/y000000000068.cfg HTTP/1.1" 404 332 "-" "libwww-perl/6.72"
95.111.236.86 - - [01/Aug/2023:10:24:55 +0200] "GET /yealink/2/y000000000068.cfg HTTP/1.1" 404 332 "-" "libwww-perl/6.72"
95.111.236.86 - - [01/Aug/2023:10:24:55 +0200] "GET /yealink/2/y000000000068.cfg HTTP/1.1" 404 332 "-" "libwww-perl/6.72"
95.111.236.86 - - [01/Aug/2023:10:24:56 +0200] "GET /yealink/2/y000000000068.cfg HTTP/1.1" 404 332 "-" "libwww-perl/6.72"
95.111.236.86 - - [01/Aug/2023:10:24:56 +0200] "GET /yealink/2/y000000000068.cfg HTTP/1.1" 404 332 "-" "libwww-perl/6.72"
95.111.236.86 - - [01/Aug/2023:10:24:56 +0200] "GET /yealink/2/y000000000068.cfg HTTP/1.1" 404 332 "-" "libwww-perl/6.72"
95.111.236.86 - - [01/Aug/2023:10:24:56 +0200] "GET /yealink/2/y000000000068.cfg HTTP/1.1" 404 332 "-" "libwww-perl/6.72"
95.111.236.86 - - [01/Aug/2023:10:24:56 +0200] "GET /yealink/2/y000000000068.cfg HTTP/1.1" 404 332 "-" "libwww-perl/6.72"
95.111.236.86 - - [01/Aug/2023:10:24:59 +0200] "GET /yealink/2/y000000000000.cfg HTTP/1.1" 404 332 "-" "libwww-perl/6.72"
95.111.236.86 - - [01/Aug/2023:10:24:59 +0200] "GET /yealink/2/y000000000000.cfg HTTP/1.1" 404 332 "-" "libwww-perl/6.72"
95.111.236.86 - - [01/Aug/2023:10:24:59 +0200] "GET /yealink/2/y000000000000.cfg HTTP/1.1" 404 332 "-" "libwww-perl/6.72"
95.111.236.86 - - [01/Aug/2023:10:24:59 +0200] "GET /yealink/2/y000000000000.cfg HTTP/1.1" 404 332 "-" "libwww-perl/6.72"
95.111.236.86 - - [01/Aug/2023:10:24:59 +0200] "GET /yealink/2/y000000000000.cfg HTTP/1.1" 404 332 "-" "libwww-perl/6.72"
95.111.236.86 - - [01/Aug/2023:10:24:59 +0200] "GET /yealink/2/y000000000000.cfg HTTP/1.1" 404 332 "-" "libwww-perl/6.72"
95.111.236.86 - - [01/Aug/2023:10:24:59 +0200] "GET /yealink/2/y000000000000.cfg HTTP/1.1" 404 332 "-" "libwww-perl/6.72"
95.111.236.86 - - [01/Aug/2023:10:24:59 +0200] "GET /yealink/2/y000000000000.cfg HTTP/1.1" 404 332 "-" "libwww-perl/6.72"
95.111.236.86 - - [01/Aug/2023:10:24:59 +0200] "GET /yealink/2/y000000000000.cfg HTTP/1.1" 404 332 "-" "libwww-perl/6.72"
95.111.236.86 - - [01/Aug/2023:10:24:59 +0200] "GET /yealink/2/y000000000000.cfg HTTP/1.1" 404 332 "-" "libwww-perl/6.72"
186.96.173.12 - - [01/Aug/2023:10:25:05 +0200] "GET / HTTP/1.1" 200 1229 "-" "Mozilla/5.0 (Windows NT 10.0; WOW64) AppleWebKit/537.36 (KHTML, like Gecko) Chrome/51.0.2704.103 Safari/537.36"
18.130.147.152 - - [01/Aug/2023:10:25:10 +0200] "\x16\x03\x01" 501 318 "-" "-"
212.91.246.72 - - [01/Aug/2023:10:25:14 +0200] "GET / HTTP/1.1" 200 1229 "-" "Mozilla/5.0 (compatible; PRTG Network Monitor (www.paessler.com); Windows)"
18.130.147.152 - - [01/Aug/2023:10:25:46 +0200] "GET /cgi-bin/login.cgi HTTP/1.1" 404 322 "-" "'Cloud mapping experiment. Contact research@pdrlabs.net'"
212.91.246.72 - - [01/Aug/2023:10:26:14 +0200] "GET / HTTP/1.1" 200 1229 "-" "Mozilla/5.0 (compatible; PRTG Network Monitor (www.paessler.com); Windows)"
212.91.246.72 - - [01/Aug/2023:10:27:14 +0200] "GET / HTTP/1.1" 200 1229 "-" "Mozilla/5.0 (compatible; PRTG Network Monitor (www.paessler.com); Windows)"
18.130.147.152 - - [01/Aug/2023:10:27:33 +0200] "\x16\x03\x01" 501 318 "-" "-"
18.130.147.152 - - [01/Aug/2023:10:28:09 +0200] "GET / HTTP/1.1" 200 1229 "-" "'Cloud mapping experiment. Contact research@pdrlabs.net'"
212.91.246.72 - - [01/Aug/2023:10:28:14 +0200] "GET / HTTP/1.1" 200 1229 "-" "Mozilla/5.0 (compatible; PRTG Network Monitor (www.paessler.com); Windows)"
212.91.246.72 - - [01/Aug/2023:10:29:14 +0200] "GET / HTTP/1.1" 200 1229 "-" "Mozilla/5.0 (compatible; PRTG Network Monitor (www.paessler.com); Windows)"
212.91.246.72 - - [01/Aug/2023:10:30:14 +0200] "GET / HTTP/1.1" 200 1229 "-" "Mozilla/5.0 (compatible; PRTG Network Monitor (www.paessler.com); Windows)"
212.91.246.72 - - [01/Aug/2023:10:31:14 +0200] "GET / HTTP/1.1" 200 1229 "-" "Mozilla/5.0 (compatible; PRTG Network Monitor (www.paessler.com); Windows)"
212.91.246.72 - - [01/Aug/2023:10:32:14 +0200] "GET / HTTP/1.1" 200 1229 "-" "Mozilla/5.0 (compatible; PRTG Network Monitor (www.paessler.com); Windows)"
212.91.246.72 - - [01/Aug/2023:10:33:14 +0200] "GET / HTTP/1.1" 200 1229 "-" "Mozilla/5.0 (compatible; PRTG Network Monitor (www.paessler.com); Windows)"
212.91.246.72 - - [01/Aug/2023:10:34:14 +0200] "GET / HTTP/1.1" 200 1229 "-" "Mozilla/5.0 (compatible; PRTG Network Monitor (www.paessler.com); Windows)"
212.91.246.72 - - [01/Aug/2023:10:35:14 +0200] "GET / HTTP/1.1" 200 1229 "-" "Mozilla/5.0 (compatible; PRTG Network Monitor (www.paessler.com); Windows)"
212.91.246.72 - - [01/Aug/2023:10:36:14 +0200] "GET / HTTP/1.1" 200 1229 "-" "Mozilla/5.0 (compatible; PRTG Network Monitor (www.paessler.com); Windows)"
212.91.246.72 - - [01/Aug/2023:10:37:15 +0200] "GET / HTTP/1.1" 200 1229 "-" "Mozilla/5.0 (compatible; PRTG Network Monitor (www.paessler.com); Windows)"
212.91.246.72 - - [01/Aug/2023:10:38:14 +0200] "GET / HTTP/1.1" 200 1229 "-" "Mozilla/5.0 (compatible; PRTG Network Monitor (www.paessler.com); Windows)"
212.91.246.72 - - [01/Aug/2023:10:39:15 +0200] "GET / HTTP/1.1" 200 1229 "-" "Mozilla/5.0 (compatible; PRTG Network Monitor (www.paessler.com); Windows)"
212.91.246.72 - - [01/Aug/2023:10:40:14 +0200] "GET / HTTP/1.1" 200 1229 "-" "Mozilla/5.0 (compatible; PRTG Network Monitor (www.paessler.com); Windows)"
212.91.246.72 - - [01/Aug/2023:10:41:14 +0200] "GET / HTTP/1.1" 200 1229 "-" "Mozilla/5.0 (compatible; PRTG Network Monitor (www.paessler.com); Windows)"
212.91.246.72 - - [01/Aug/2023:10:42:14 +0200] "GET / HTTP/1.1" 200 1229 "-" "Mozilla/5.0 (compatible; PRTG Network Monitor (www.paessler.com); Windows)"
212.91.246.72 - - [01/Aug/2023:10:43:14 +0200] "GET / HTTP/1.1" 200 1229 "-" "Mozilla/5.0 (compatible; PRTG Network Monitor (www.paessler.com); Windows)"
212.91.246.72 - - [01/Aug/2023:10:44:14 +0200] "GET / HTTP/1.1" 200 1229 "-" "Mozilla/5.0 (compatible; PRTG Network Monitor (www.paessler.com); Windows)"
212.91.246.72 - - [01/Aug/2023:10:45:14 +0200] "GET / HTTP/1.1" 200 1229 "-" "Mozilla/5.0 (compatible; PRTG Network Monitor (www.paessler.com); Windows)"
212.91.246.72 - - [01/Aug/2023:10:46:14 +0200] "GET / HTTP/1.1" 200 1229 "-" "Mozilla/5.0 (compatible; PRTG Network Monitor (www.paessler.com); Windows)"
212.91.246.72 - - [01/Aug/2023:10:47:15 +0200] "GET / HTTP/1.1" 200 1229 "-" "Mozilla/5.0 (compatible; PRTG Network Monitor (www.paessler.com); Windows)"
212.91.246.72 - - [01/Aug/2023:10:48:15 +0200] "GET / HTTP/1.1" 200 1229 "-" "Mozilla/5.0 (compatible; PRTG Network Monitor (www.paessler.com); Windows)"
198.235.24.229 - - [01/Aug/2023:10:48:32 +0200] "GET / HTTP/1.0" 200 1229 "-" "Expanse, a Palo Alto Networks company, searches across the global IPv4 space multiple times per day to identify customers' presences on the Internet. If you would like to be excluded from our scans, please send IP addresses/domains to: scaninfo@paloaltonetworks.com"
212.91.246.72 - - [01/Aug/2023:10:49:15 +0200] "GET / HTTP/1.1" 200 1229 "-" "Mozilla/5.0 (compatible; PRTG Network Monitor (www.paessler.com); Windows)"
45.40.56.4 - - [01/Aug/2023:10:49:37 +0200] "\x16\x03\x01\x01\t\x01" 400 329 "-" "-"
45.40.56.4 - - [01/Aug/2023:10:49:48 +0200] "GET / HTTP/1.1" 200 1229 "-" "-"
45.40.56.4 - - [01/Aug/2023:10:50:04 +0200] "GET /favicon.ico HTTP/1.1" 404 316 "-" "Mozilla/5.0 (Macintosh; Intel Mac OS X 10_7_0) AppleWebKit/535.11 (KHTML, like Gecko) Chrome/17.0.963.56 Safari/535.11"
45.40.56.4 - - [01/Aug/2023:10:50:05 +0200] "GET /robots.txt HTTP/1.1" 404 315 "-" "Mozilla/5.0 (Macintosh; Intel Mac OS X 10_7_0) AppleWebKit/535.11 (KHTML, like Gecko) Chrome/17.0.963.56 Safari/535.11"
45.40.56.4 - - [01/Aug/2023:10:50:06 +0200] "GET /sitemap.xml HTTP/1.1" 404 316 "-" "Mozilla/5.0 (Macintosh; Intel Mac OS X 10_7_0) AppleWebKit/535.11 (KHTML, like Gecko) Chrome/17.0.963.56 Safari/535.11"
