45.146.165.37 - - [02/Mar/2022:01:03:05 +0100] "GET /index.php?s=/Index/\\think\\app/invokefunction&function=call_user_func_array&vars[0]=md5&vars[1][]=HelloThinkPHP21 HTTP/1.1" 404 314 "-" "Mozilla/5.0 (Windows NT 10.0; Win64; x64) AppleWebKit/537.36 (KHTML, like Gecko) Chrome/78.0.3904.108 Safari/537.36"
45.146.165.37 - - [02/Mar/2022:01:04:29 +0100] "GET /index.php?s=/Index/\\think\\app/invokefunction&function=call_user_func_array&vars[0]=md5&vars[1][]=HelloThinkPHP21 HTTP/1.1" 404 314 "-" "Mozilla/5.0 (Windows NT 10.0; Win64; x64) AppleWebKit/537.36 (KHTML, like Gecko) Chrome/78.0.3904.108 Safari/537.36"
66.240.205.34 - - [02/Mar/2022:01:04:58 +0100] "Gh0st\xad" 501 321 "-" "-"
200.58.90.25 - - [02/Mar/2022:01:05:45 +0100] "POST /GponForm/diag_Form?images/ HTTP/1.1" 404 319 "-" "Hello, World"
45.146.165.37 - - [02/Mar/2022:01:06:29 +0100] "GET /index.php?s=/Index/\\think\\app/invokefunction&function=call_user_func_array&vars[0]=md5&vars[1][]=HelloThinkPHP21 HTTP/1.1" 404 314 "-" "Mozilla/5.0 (Windows NT 10.0; Win64; x64) AppleWebKit/537.36 (KHTML, like Gecko) Chrome/78.0.3904.108 Safari/537.36"
45.146.165.37 - - [02/Mar/2022:01:09:27 +0100] "GET /index.php?s=/Index/\\think\\app/invokefunction&function=call_user_func_array&vars[0]=md5&vars[1][]=HelloThinkPHP21 HTTP/1.1" 404 314 "-" "Mozilla/5.0 (Windows NT 10.0; Win64; x64) AppleWebKit/537.36 (KHTML, like Gecko) Chrome/78.0.3904.108 Safari/537.36"
51.254.59.113 - - [02/Mar/2022:01:12:25 +0100] "GET / HTTP/1.1" 200 1229 "-" "Mozilla/5.0 (Windows NT 6.1) AppleWebKit/537.36 (KHTML, like Gecko) Chrome/41.0.2228.0 Safari/537.36"
45.146.165.37 - - [02/Mar/2022:01:12:27 +0100] "GET /?a=fetch&content=die(@md5(HelloThinkCMF)) HTTP/1.1" 200 1229 "-" "Mozilla/5.0 (Windows NT 10.0; Win64; x64) AppleWebKit/537.36 (KHTML, like Gecko) Chrome/78.0.3904.108 Safari/537.36"
45.137.23.152 - - [02/Mar/2022:01:13:08 +0100] "GET / HTTP/1.1" 200 1229 "-" "-"
117.196.20.195 - - [02/Mar/2022:01:15:08 +0100] "POST /HNAP1/ HTTP/1.0" 404 311 "-" "-"
185.180.143.8 - - [02/Mar/2022:01:16:55 +0100] "GET / HTTP/1.1" 200 1229 "-" "Mozilla/5.0 (Windows NT 10.0; Win64; x64) AppleWebKit/537.36 (KHTML, like Gecko) Chrome/60.0.3112.113 Safari/537.36"
193.243.154.104 - - [02/Mar/2022:01:18:39 +0100] "GET / HTTP/1.1" 200 1229 "-" "Mozilla/5.0 (Windows NT 10.0; WOW64) AppleWebKit/537.36 (KHTML, like Gecko) Chrome/52.0.2743.116 Safari/537.36"
45.146.165.37 - - [02/Mar/2022:01:22:55 +0100] "GET /?a=fetch&content=die(@md5(HelloThinkCMF)) HTTP/1.1" 200 1229 "-" "Mozilla/5.0 (Windows NT 10.0; Win64; x64) AppleWebKit/537.36 (KHTML, like Gecko) Chrome/78.0.3904.108 Safari/537.36"
213.91.236.237 - - [02/Mar/2022:01:22:58 +0100] "GET / HTTP/1.1" 200 1229 "-" "Mozilla/5.0 (Windows NT 10.0; WOW64) AppleWebKit/537.36 (KHTML, like Gecko) Chrome/52.0.2743.116 Safari/537.36"
45.146.165.37 - - [02/Mar/2022:01:23:08 +0100] "GET /?a=fetch&content=die(@md5(HelloThinkCMF)) HTTP/1.1" 200 1229 "-" "Mozilla/5.0 (Windows NT 10.0; Win64; x64) AppleWebKit/537.36 (KHTML, like Gecko) Chrome/78.0.3904.108 Safari/537.36"
109.237.103.9 - - [02/Mar/2022:01:25:52 +0100] "GET /.env HTTP/1.1" 404 309 "-" "Mozilla/5.0 (X11; Linux x86_64) AppleWebKit/537.36 (KHTML, like Gecko) Chrome/81.0.4044.129 Safari/537.36"
45.146.165.37 - - [02/Mar/2022:01:28:32 +0100] "GET /?a=fetch&content=die(@md5(HelloThinkCMF)) HTTP/1.1" 200 1229 "-" "Mozilla/5.0 (Windows NT 10.0; Win64; x64) AppleWebKit/537.36 (KHTML, like Gecko) Chrome/78.0.3904.108 Safari/537.36"
134.176.169.130 - - [02/Mar/2022:01:28:42 +0100] "GET / HTTP/1.1" 200 1229 "-" "Mozilla/5.0 (Windows NT 10.0; Win64; x64) AppleWebKit/537.36 (KHTML, like Gecko) Chrome/61.0.3163.100 Safari/537.36"
109.237.103.118 - - [02/Mar/2022:01:30:32 +0100] "GET /.env HTTP/1.1" 404 309 "-" "Mozilla/5.0 (X11; Linux x86_64) AppleWebKit/537.36 (KHTML, like Gecko) Chrome/81.0.4044.129 Safari/537.36"
109.237.103.118 - - [02/Mar/2022:01:30:32 +0100] "\x16\x03\x01\x01D\x01" 501 321 "-" "-"
45.146.165.37 - - [02/Mar/2022:01:31:55 +0100] "GET /?a=fetch&content=die(@md5(HelloThinkCMF)) HTTP/1.1" 200 1229 "-" "Mozilla/5.0 (Windows NT 10.0; Win64; x64) AppleWebKit/537.36 (KHTML, like Gecko) Chrome/78.0.3904.108 Safari/537.36"
45.137.23.152 - - [02/Mar/2022:01:33:11 +0100] "GET / HTTP/1.1" 200 1229 "-" "-"
45.137.21.141 - - [02/Mar/2022:01:35:03 +0100] "GET / HTTP/1.1" 200 1229 "-" "-"
45.137.21.141 - - [02/Mar/2022:01:35:18 +0100] "GET / HTTP/1.1" 200 1229 "-" "-"
45.137.21.141 - - [02/Mar/2022:01:36:11 +0100] "GET / HTTP/1.1" 200 1229 "-" "-"
45.137.23.152 - - [02/Mar/2022:01:36:19 +0100] "GET / HTTP/1.1" 200 1229 "-" "-"
208.100.26.233 - - [02/Mar/2022:01:37:37 +0100] "GET / HTTP/1.1" 200 1229 "-" "Mozilla/5.0 (Macintosh; Intel Mac OS X 10.12; rv:69.0) Gecko/20100101 Firefox/69.0"
45.146.165.37 - - [02/Mar/2022:01:38:22 +0100] "GET /?a=fetch&content=die(@md5(HelloThinkCMF)) HTTP/1.1" 200 1229 "-" "Mozilla/5.0 (Windows NT 10.0; Win64; x64) AppleWebKit/537.36 (KHTML, like Gecko) Chrome/78.0.3904.108 Safari/537.36"
45.137.21.141 - - [02/Mar/2022:01:42:05 +0100] "GET / HTTP/1.1" 200 1229 "-" "-"
209.141.62.127 - - [02/Mar/2022:01:42:58 +0100] "GET http://212.91.246.87:80/phpMyAdmin/scripts/setup.php HTTP/1.0" 404 333 "-" "-"
209.141.62.127 - - [02/Mar/2022:01:42:59 +0100] "GET http://212.91.246.87:80/phpmyadmin/scripts/setup.php HTTP/1.0" 404 333 "-" "-"
209.141.62.127 - - [02/Mar/2022:01:43:00 +0100] "GET http://212.91.246.87:80/pma/scripts/setup.php HTTP/1.0" 404 326 "-" "-"
209.141.62.127 - - [02/Mar/2022:01:43:00 +0100] "GET http://212.91.246.87:80/myadmin/scripts/setup.php HTTP/1.0" 404 330 "-" "-"
209.141.62.127 - - [02/Mar/2022:01:43:01 +0100] "GET http://212.91.246.87:80/MyAdmin/scripts/setup.php HTTP/1.0" 404 330 "-" "-"
209.141.62.127 - - [02/Mar/2022:01:43:01 +0100] "GET http://212.91.246.87:80/PHPMYADMIN/scripts/setup.php HTTP/1.0" 404 333 "-" "-"
209.141.62.127 - - [02/Mar/2022:01:43:02 +0100] "GET http://212.91.246.87:80/mysqladmin/scripts/setup.php HTTP/1.0" 404 333 "-" "-"
209.141.62.127 - - [02/Mar/2022:01:43:02 +0100] "GET http://212.91.246.87:80/SQL/scripts/setup.php HTTP/1.0" 404 326 "-" "-"
209.141.62.127 - - [02/Mar/2022:01:43:03 +0100] "GET http://212.91.246.87:80/phpadmin/scripts/setup.php HTTP/1.0" 404 331 "-" "-"
209.141.62.127 - - [02/Mar/2022:01:43:04 +0100] "GET http://212.91.246.87:80/phpm/scripts/setup.php HTTP/1.0" 404 327 "-" "-"
209.141.62.127 - - [02/Mar/2022:01:43:04 +0100] "GET http://212.91.246.87:80/phpmyadmin1/scripts/setup.php HTTP/1.0" 404 334 "-" "-"
209.141.62.127 - - [02/Mar/2022:01:43:05 +0100] "GET http://212.91.246.87:80/phpMyAdmin1/scripts/setup.php HTTP/1.0" 404 334 "-" "-"
209.141.62.127 - - [02/Mar/2022:01:43:05 +0100] "GET http://212.91.246.87:80/phpMyAdmin-2.5.5-pl1/scripts/setup.php HTTP/1.0" 404 343 "-" "-"
209.141.62.127 - - [02/Mar/2022:01:43:06 +0100] "GET http://212.91.246.87:80/phpMyAdmin-2.5.5/scripts/setup.php HTTP/1.0" 404 339 "-" "-"
209.141.62.127 - - [02/Mar/2022:01:43:06 +0100] "GET http://212.91.246.87:80/phpMyAdmin-2.5.4/scripts/setup.php HTTP/1.0" 404 339 "-" "-"
209.141.62.127 - - [02/Mar/2022:01:43:07 +0100] "GET http://212.91.246.87:80/phpMyAdmin-2.5.7-pl1/scripts/setup.php HTTP/1.0" 404 343 "-" "-"
209.141.62.127 - - [02/Mar/2022:01:43:07 +0100] "GET http://212.91.246.87:80/php-my-admin/scripts/setup.php HTTP/1.0" 404 335 "-" "-"
209.141.62.127 - - [02/Mar/2022:01:43:08 +0100] "GET http://212.91.246.87:80/admin/pma/scripts/setup.php HTTP/1.0" 404 332 "-" "-"
209.141.62.127 - - [02/Mar/2022:01:43:09 +0100] "GET http://212.91.246.87:80/phpMyAdmin-2/scripts/setup.php HTTP/1.0" 404 335 "-" "-"
209.141.62.127 - - [02/Mar/2022:01:43:09 +0100] "GET http://212.91.246.87:80/typo3/phpmyadmin/scripts/setup.php HTTP/1.0" 404 339 "-" "-"
209.141.62.127 - - [02/Mar/2022:01:43:10 +0100] "GET http://212.91.246.87:80/web/phpMyAdmin/scripts/setup.php HTTP/1.0" 404 337 "-" "-"
209.141.62.127 - - [02/Mar/2022:01:43:10 +0100] "GET http://212.91.246.87:80/phpMyAdmin-2.10.0.0/scripts/setup.php HTTP/1.0" 404 342 "-" "-"
209.141.62.127 - - [02/Mar/2022:01:43:11 +0100] "GET http://212.91.246.87:80/phpMyAdmin-2.10.0.1/scripts/setup.php HTTP/1.0" 404 342 "-" "-"
209.141.62.127 - - [02/Mar/2022:01:43:11 +0100] "GET http://212.91.246.87:80/phpMyAdmin-2.10.0.2/scripts/setup.php HTTP/1.0" 404 342 "-" "-"
45.137.21.141 - - [02/Mar/2022:01:43:11 +0100] "GET / HTTP/1.1" 200 1229 "-" "-"
209.141.62.127 - - [02/Mar/2022:01:43:12 +0100] "GET http://212.91.246.87:80/phpMyAdmin-2.10.0/scripts/setup.php HTTP/1.0" 404 340 "-" "-"
209.141.62.127 - - [02/Mar/2022:01:43:12 +0100] "GET http://212.91.246.87:80/phpMyAdmin-2.10.1.0/scripts/setup.php HTTP/1.0" 404 342 "-" "-"
209.141.62.127 - - [02/Mar/2022:01:43:13 +0100] "GET http://212.91.246.87:80/phpMyAdmin-2.10.2.0/scripts/setup.php HTTP/1.0" 404 342 "-" "-"
209.141.62.127 - - [02/Mar/2022:01:43:13 +0100] "GET http://212.91.246.87:80/phpMyAdmin-2.11.0.0/scripts/setup.php HTTP/1.0" 404 342 "-" "-"
209.141.62.127 - - [02/Mar/2022:01:43:14 +0100] "GET http://212.91.246.87:80/phpMyAdmin-2.11.1.0/scripts/setup.php HTTP/1.0" 404 342 "-" "-"
209.141.62.127 - - [02/Mar/2022:01:43:14 +0100] "GET http://212.91.246.87:80/phpMyAdmin-2.11.1.1/scripts/setup.php HTTP/1.0" 404 342 "-" "-"
209.141.62.127 - - [02/Mar/2022:01:43:15 +0100] "GET http://212.91.246.87:80/phpMyAdmin-2.11.1.2/scripts/setup.php HTTP/1.0" 404 342 "-" "-"
209.141.62.127 - - [02/Mar/2022:01:43:15 +0100] "GET http://212.91.246.87:80/phpMyAdmin-2.11.1-all-languages/scripts/setup.php HTTP/1.0" 404 354 "-" "-"
209.141.62.127 - - [02/Mar/2022:01:43:16 +0100] "GET http://212.91.246.87:80/phpMyAdmin-2.2.3/scripts/setup.php HTTP/1.0" 404 339 "-" "-"
209.141.62.127 - - [02/Mar/2022:01:43:17 +0100] "GET http://212.91.246.87:80/phpMyAdmin-2.2.6/scripts/setup.php HTTP/1.0" 404 339 "-" "-"
209.141.62.127 - - [02/Mar/2022:01:43:17 +0100] "GET http://212.91.246.87:80/phpMyAdmin-2.5.1/scripts/setup.php HTTP/1.0" 404 339 "-" "-"
209.141.62.127 - - [02/Mar/2022:01:43:18 +0100] "GET http://212.91.246.87:80/phpMyAdmin-2.5.5-rc1config/scripts/setup.php HTTP/1.0" 404 349 "-" "-"
209.141.62.127 - - [02/Mar/2022:01:43:18 +0100] "GET http://212.91.246.87:80/phpMyAdmin-2.5.5-rc1/scripts/setup.php HTTP/1.0" 404 343 "-" "-"
209.141.62.127 - - [02/Mar/2022:01:43:19 +0100] "GET http://212.91.246.87:80/phpMyAdmin-2.5.5-rc2/scripts/setup.php HTTP/1.0" 404 343 "-" "-"
209.141.62.127 - - [02/Mar/2022:01:43:19 +0100] "GET http://212.91.246.87:80/phpMyAdmin-2.6.1-pl2/scripts/setup.php HTTP/1.0" 404 343 "-" "-"
209.141.62.127 - - [02/Mar/2022:01:43:20 +0100] "GET http://212.91.246.87:80/phpMyAdmin-2.6.1-pl3/scripts/setup.php HTTP/1.0" 404 343 "-" "-"
209.141.62.127 - - [02/Mar/2022:01:43:20 +0100] "GET http://212.91.246.87:80/phpMyAdmin-2.6.4-pl3/scripts/setup.php HTTP/1.0" 404 343 "-" "-"
209.141.62.127 - - [02/Mar/2022:01:43:21 +0100] "GET http://212.91.246.87:80/phpMyAdmin-2.6.4-pl4/scripts/setup.php HTTP/1.0" 404 343 "-" "-"
209.141.62.127 - - [02/Mar/2022:01:43:21 +0100] "GET http://212.91.246.87:80/phpMyAdmin-2.6.4-rc1/scripts/setup.php HTTP/1.0" 404 343 "-" "-"
209.141.62.127 - - [02/Mar/2022:01:43:22 +0100] "GET http://212.91.246.87:80/phpMyAdmin-2.6.5/scripts/setup.php HTTP/1.0" 404 339 "-" "-"
209.141.62.127 - - [02/Mar/2022:01:43:22 +0100] "GET http://212.91.246.87:80/phpMyAdmin-2.6.6/scripts/setup.php HTTP/1.0" 404 339 "-" "-"
209.141.62.127 - - [02/Mar/2022:01:43:23 +0100] "GET http://212.91.246.87:80/phpMyAdmin-2.6.9/scripts/setup.php HTTP/1.0" 404 339 "-" "-"
209.141.62.127 - - [02/Mar/2022:01:43:23 +0100] "GET http://212.91.246.87:80/phpMyAdmin-2.7.0-beta1/scripts/setup.php HTTP/1.0" 404 345 "-" "-"
209.141.62.127 - - [02/Mar/2022:01:43:24 +0100] "GET http://212.91.246.87:80/phpMyAdmin-2.7.0-pl1/scripts/setup.php HTTP/1.0" 404 343 "-" "-"
209.141.62.127 - - [02/Mar/2022:01:43:24 +0100] "GET http://212.91.246.87:80/phpMyAdmin-2.7.0-pl2/scripts/setup.php HTTP/1.0" 404 343 "-" "-"
209.141.62.127 - - [02/Mar/2022:01:43:25 +0100] "GET http://212.91.246.87:80/phpMyAdmin-2.7.0-rc1/scripts/setup.php HTTP/1.0" 404 343 "-" "-"
209.141.62.127 - - [02/Mar/2022:01:43:25 +0100] "GET http://212.91.246.87:80/phpMyAdmin-2.7.5/scripts/setup.php HTTP/1.0" 404 339 "-" "-"
209.141.62.127 - - [02/Mar/2022:01:43:26 +0100] "GET http://212.91.246.87:80/phpMyAdmin-2.7.6/scripts/setup.php HTTP/1.0" 404 339 "-" "-"
209.141.62.127 - - [02/Mar/2022:01:43:26 +0100] "GET http://212.91.246.87:80/phpMyAdmin-2.7.7/scripts/setup.php HTTP/1.0" 404 339 "-" "-"
209.141.62.127 - - [02/Mar/2022:01:43:27 +0100] "GET http://212.91.246.87:80/phpMyAdmin-2.8.0.2/scripts/setup.php HTTP/1.0" 404 341 "-" "-"
209.141.62.127 - - [02/Mar/2022:01:43:28 +0100] "GET http://212.91.246.87:80/phpMyAdmin-2.8.2.3/scripts/setup.php HTTP/1.0" 404 341 "-" "-"
209.141.62.127 - - [02/Mar/2022:01:43:28 +0100] "GET http://212.91.246.87:80/phpMyAdmin-2.8.2/scripts/setup.php HTTP/1.0" 404 339 "-" "-"
209.141.62.127 - - [02/Mar/2022:01:43:29 +0100] "GET http://212.91.246.87:80/phpMyAdmin-2.8.3/scripts/setup.php HTTP/1.0" 404 339 "-" "-"
209.141.62.127 - - [02/Mar/2022:01:43:29 +0100] "GET http://212.91.246.87:80/phpMyAdmin-2.8.4/scripts/setup.php HTTP/1.0" 404 339 "-" "-"
209.141.62.127 - - [02/Mar/2022:01:43:30 +0100] "GET http://212.91.246.87:80/phpMyAdmin-2.8.5/scripts/setup.php HTTP/1.0" 404 339 "-" "-"
209.141.62.127 - - [02/Mar/2022:01:43:30 +0100] "GET http://212.91.246.87:80/phpMyAdmin-2.8.6/scripts/setup.php HTTP/1.0" 404 339 "-" "-"
209.141.62.127 - - [02/Mar/2022:01:43:31 +0100] "GET http://212.91.246.87:80/phpMyAdmin-2.8.7/scripts/setup.php HTTP/1.0" 404 339 "-" "-"
209.141.62.127 - - [02/Mar/2022:01:43:31 +0100] "GET http://212.91.246.87:80/phpMyAdmin-2.8.8/scripts/setup.php HTTP/1.0" 404 339 "-" "-"
209.141.62.127 - - [02/Mar/2022:01:43:32 +0100] "GET http://212.91.246.87:80/phpMyAdmin-2.8.9/scripts/setup.php HTTP/1.0" 404 339 "-" "-"
209.141.62.127 - - [02/Mar/2022:01:43:32 +0100] "GET http://212.91.246.87:80/phpMyAdmin-2.9.0.1/scripts/setup.php HTTP/1.0" 404 341 "-" "-"
209.141.62.127 - - [02/Mar/2022:01:43:33 +0100] "GET http://212.91.246.87:80/phpMyAdmin-2.9.0.2/scripts/setup.php HTTP/1.0" 404 341 "-" "-"
209.141.62.127 - - [02/Mar/2022:01:43:33 +0100] "GET http://212.91.246.87:80/phpMyAdmin-2.9.0-rc1/scripts/setup.php HTTP/1.0" 404 343 "-" "-"
209.141.62.127 - - [02/Mar/2022:01:43:34 +0100] "GET http://212.91.246.87:80/phpMyAdmin-2.9.0/scripts/setup.php HTTP/1.0" 404 339 "-" "-"
209.141.62.127 - - [02/Mar/2022:01:43:34 +0100] "GET http://212.91.246.87:80/phpMyAdmin-2.9.1/scripts/setup.php HTTP/1.0" 404 339 "-" "-"
209.141.62.127 - - [02/Mar/2022:01:43:35 +0100] "GET http://212.91.246.87:80/phpMyAdmin-2.9.2/scripts/setup.php HTTP/1.0" 404 339 "-" "-"
209.141.62.127 - - [02/Mar/2022:01:43:35 +0100] "GET http://212.91.246.87:80/phpmyadmin2/scripts/setup.php HTTP/1.0" 404 334 "-" "-"
209.141.62.127 - - [02/Mar/2022:01:43:36 +0100] "GET http://212.91.246.87:80/phpMyAdmin2/scripts/setup.php HTTP/1.0" 404 334 "-" "-"
209.141.62.127 - - [02/Mar/2022:01:43:37 +0100] "GET http://212.91.246.87:80/phpmyadmin2/scripts/setup.php HTTP/1.0" 404 334 "-" "-"
209.141.62.127 - - [02/Mar/2022:01:43:37 +0100] "GET http://212.91.246.87:80/phpMyAdmin-3.0.0.0-all-languages/scripts/setup.php HTTP/1.0" 404 355 "-" "-"
209.141.62.127 - - [02/Mar/2022:01:43:38 +0100] "GET http://212.91.246.87:80/phpMyAdmin-3.0.0-rc1-english/scripts/setup.php HTTP/1.0" 404 351 "-" "-"
209.141.62.127 - - [02/Mar/2022:01:43:38 +0100] "GET http://212.91.246.87:80/phpMyAdmin-3.0.1.0-english/scripts/setup.php HTTP/1.0" 404 349 "-" "-"
209.141.62.127 - - [02/Mar/2022:01:43:39 +0100] "GET http://212.91.246.87:80/phpMyAdmin-3.0.1.0/scripts/setup.php HTTP/1.0" 404 341 "-" "-"
209.141.62.127 - - [02/Mar/2022:01:43:39 +0100] "GET http://212.91.246.87:80/phpMyAdmin-3.0.1.1/scripts/setup.php HTTP/1.0" 404 341 "-" "-"
209.141.62.127 - - [02/Mar/2022:01:43:40 +0100] "GET http://212.91.246.87:80/phpMyAdmin-3.1.0.0-english/scripts/setup.php HTTP/1.0" 404 349 "-" "-"
209.141.62.127 - - [02/Mar/2022:01:43:40 +0100] "GET http://212.91.246.87:80/phpMyAdmin-3.1.0.0/scripts/setup.php HTTP/1.0" 404 341 "-" "-"
209.141.62.127 - - [02/Mar/2022:01:43:41 +0100] "GET http://212.91.246.87:80/phpMyAdmin-3.1.1.0-all-languages/scripts/setup.php HTTP/1.0" 404 355 "-" "-"
209.141.62.127 - - [02/Mar/2022:01:43:41 +0100] "GET http://212.91.246.87:80/phpMyAdmin-3.1.2.0-all-languages/scripts/setup.php HTTP/1.0" 404 355 "-" "-"
209.141.62.127 - - [02/Mar/2022:01:43:42 +0100] "GET http://212.91.246.87:80/phpMyAdmin-3.1.2.0-english/scripts/setup.php HTTP/1.0" 404 349 "-" "-"
209.141.62.127 - - [02/Mar/2022:01:43:42 +0100] "GET http://212.91.246.87:80/phpMyAdmin-3.1.2.0/scripts/setup.php HTTP/1.0" 404 341 "-" "-"
209.141.62.127 - - [02/Mar/2022:01:43:43 +0100] "GET http://212.91.246.87:80/phpMyAdmin-3.4.3.1/scripts/setup.php HTTP/1.0" 404 341 "-" "-"
209.141.62.127 - - [02/Mar/2022:01:43:44 +0100] "GET http://212.91.246.87:80/phpMyAdmin3/scripts/setup.php HTTP/1.0" 404 334 "-" "-"
209.141.62.127 - - [02/Mar/2022:01:43:44 +0100] "GET http://212.91.246.87:80/phpMyadmin/scripts/setup.php HTTP/1.0" 404 333 "-" "-"
209.141.62.127 - - [02/Mar/2022:01:43:45 +0100] "GET http://212.91.246.87:80/phpmy/scripts/setup.php HTTP/1.0" 404 328 "-" "-"
209.141.62.127 - - [02/Mar/2022:01:43:45 +0100] "GET http://212.91.246.87:80/php/phpmyadmin/scripts/setup.php HTTP/1.0" 404 337 "-" "-"
209.141.62.127 - - [02/Mar/2022:01:43:46 +0100] "GET http://212.91.246.87:80/php/phpMyAdmin/scripts/setup.php HTTP/1.0" 404 337 "-" "-"
209.141.62.127 - - [02/Mar/2022:01:43:46 +0100] "GET http://212.91.246.87:80/_pma/scripts/setup.php HTTP/1.0" 404 327 "-" "-"
209.141.62.127 - - [02/Mar/2022:01:43:47 +0100] "GET http://212.91.246.87:80/sqladmin/scripts/setup.php HTTP/1.0" 404 331 "-" "-"
209.141.62.127 - - [02/Mar/2022:01:43:48 +0100] "GET http://212.91.246.87:80/sql/scripts/setup.php HTTP/1.0" 404 326 "-" "-"
209.141.62.127 - - [02/Mar/2022:01:43:48 +0100] "GET http://212.91.246.87:80/tools/phpMyAdmin/scripts/setup.php HTTP/1.0" 404 339 "-" "-"
209.141.62.127 - - [02/Mar/2022:01:43:49 +0100] "GET http://212.91.246.87:80/webapps/phpmyadmin/scripts/setup.php HTTP/1.0" 404 341 "-" "-"
209.141.62.127 - - [02/Mar/2022:01:43:49 +0100] "GET http://212.91.246.87:80/webdb/scripts/setup.php HTTP/1.0" 404 328 "-" "-"
209.141.62.127 - - [02/Mar/2022:01:43:50 +0100] "GET http://212.91.246.87:80/websql/scripts/setup.php HTTP/1.0" 404 329 "-" "-"
45.146.165.37 - - [02/Mar/2022:01:45:07 +0100] "GET /?a=fetch&content=die(@md5(HelloThinkCMF)) HTTP/1.1" 200 1229 "-" "Mozilla/5.0 (Windows NT 10.0; Win64; x64) AppleWebKit/537.36 (KHTML, like Gecko) Chrome/78.0.3904.108 Safari/537.36"
185.145.184.166 - - [02/Mar/2022:01:45:27 +0100] "GET / HTTP/1.1" 200 1229 "-" "Mozilla/5.0 (Windows NT 6.1; WOW64) AppleWebKit/537.36 (KHTML, like Gecko) Chrome/52.0.2743.116 Safari/537.36"
45.146.165.37 - - [02/Mar/2022:01:46:00 +0100] "GET /?a=fetch&content=die(@md5(HelloThinkCMF)) HTTP/1.1" 200 1229 "-" "Mozilla/5.0 (Windows NT 10.0; Win64; x64) AppleWebKit/537.36 (KHTML, like Gecko) Chrome/78.0.3904.108 Safari/537.36"
167.94.145.58 - - [02/Mar/2022:01:46:08 +0100] "GET / HTTP/1.1" 200 1229 "-" "-"
167.94.145.58 - - [02/Mar/2022:01:46:08 +0100] "GET / HTTP/1.1" 200 1229 "-" "Mozilla/5.0 (compatible; CensysInspect/1.1; +https://about.censys.io/)"
167.94.145.58 - - [02/Mar/2022:01:46:08 +0100] "PRI * HTTP/2.0" 400 329 "-" "-"
103.203.56.1 - - [02/Mar/2022:01:46:14 +0100] "GET / HTTP/1.1" 200 1229 "-" "Mozilla/5.0"
185.180.143.137 - - [02/Mar/2022:01:47:42 +0100] "GET / HTTP/1.1" 200 1229 "-" "Mozilla/5.0 (Windows NT 10.0; Win64; x64) AppleWebKit/537.36 (KHTML, like Gecko) Chrome/60.0.3112.113 Safari/537.36"
45.137.23.152 - - [02/Mar/2022:01:50:10 +0100] "GET / HTTP/1.1" 200 1229 "-" "-"
45.146.165.37 - - [02/Mar/2022:01:50:44 +0100] "GET /?XDEBUG_SESSION_START=phpstorm HTTP/1.1" 200 1229 "-" "Mozilla/5.0 (Windows NT 10.0; Win64; x64) AppleWebKit/537.36 (KHTML, like Gecko) Chrome/78.0.3904.108 Safari/537.36"
45.146.165.37 - - [02/Mar/2022:01:52:20 +0100] "GET /?XDEBUG_SESSION_START=phpstorm HTTP/1.1" 200 1229 "-" "Mozilla/5.0 (Windows NT 10.0; Win64; x64) AppleWebKit/537.36 (KHTML, like Gecko) Chrome/78.0.3904.108 Safari/537.36"
185.99.57.68 - - [02/Mar/2022:01:52:45 +0100] "HEAD / HTTP/1.1" 200 - "-" "Mozilla/5.0"
45.146.165.37 - - [02/Mar/2022:01:53:49 +0100] "GET /?XDEBUG_SESSION_START=phpstorm HTTP/1.1" 200 1229 "-" "Mozilla/5.0 (Windows NT 10.0; Win64; x64) AppleWebKit/537.36 (KHTML, like Gecko) Chrome/78.0.3904.108 Safari/537.36"
45.137.23.152 - - [02/Mar/2022:01:53:54 +0100] "GET / HTTP/1.1" 200 1229 "-" "-"
45.146.165.37 - - [02/Mar/2022:01:53:56 +0100] "GET /?XDEBUG_SESSION_START=phpstorm HTTP/1.1" 200 1229 "-" "Mozilla/5.0 (Windows NT 10.0; Win64; x64) AppleWebKit/537.36 (KHTML, like Gecko) Chrome/78.0.3904.108 Safari/537.36"
45.146.165.37 - - [02/Mar/2022:01:55:38 +0100] "GET /?XDEBUG_SESSION_START=phpstorm HTTP/1.1" 200 1229 "-" "Mozilla/5.0 (Windows NT 10.0; Win64; x64) AppleWebKit/537.36 (KHTML, like Gecko) Chrome/78.0.3904.108 Safari/537.36"
45.137.23.152 - - [02/Mar/2022:01:56:17 +0100] "GET / HTTP/1.1" 200 1229 "-" "-"
45.137.23.152 - - [02/Mar/2022:01:57:29 +0100] "GET / HTTP/1.1" 200 1229 "-" "-"
45.137.23.152 - - [02/Mar/2022:01:58:01 +0100] "GET / HTTP/1.1" 200 1229 "-" "-"
71.6.232.4 - - [02/Mar/2022:01:58:37 +0100] "GET / HTTP/1.1" 200 1229 "-" "Mozilla/5.0 (Windows NT 10.0; Win64; x64) AppleWebKit/537.36 (KHTML, like Gecko) Chrome/74.0.3729.131 Safari/537.36"
45.146.165.37 - - [02/Mar/2022:02:03:27 +0100] "GET /?XDEBUG_SESSION_START=phpstorm HTTP/1.1" 200 1229 "-" "Mozilla/5.0 (Windows NT 10.0; Win64; x64) AppleWebKit/537.36 (KHTML, like Gecko) Chrome/78.0.3904.108 Safari/537.36"
45.137.23.152 - - [02/Mar/2022:02:04:56 +0100] "GET / HTTP/1.1" 200 1229 "-" "-"
109.237.103.9 - - [02/Mar/2022:02:05:01 +0100] "GET /.env HTTP/1.1" 404 309 "-" "Mozilla/5.0 (X11; Linux x86_64) AppleWebKit/537.36 (KHTML, like Gecko) Chrome/81.0.4044.129 Safari/537.36"
45.146.165.37 - - [02/Mar/2022:02:09:29 +0100] "GET /?XDEBUG_SESSION_START=phpstorm HTTP/1.1" 200 1229 "-" "Mozilla/5.0 (Windows NT 10.0; Win64; x64) AppleWebKit/537.36 (KHTML, like Gecko) Chrome/78.0.3904.108 Safari/537.36"
45.137.21.141 - - [02/Mar/2022:02:09:56 +0100] "GET / HTTP/1.1" 200 1229 "-" "-"
45.146.165.37 - - [02/Mar/2022:02:11:04 +0100] "GET /?XDEBUG_SESSION_START=phpstorm HTTP/1.1" 200 1229 "-" "Mozilla/5.0 (Windows NT 10.0; Win64; x64) AppleWebKit/537.36 (KHTML, like Gecko) Chrome/78.0.3904.108 Safari/537.36"
128.1.248.42 - - [02/Mar/2022:02:12:06 +0100] "GET / HTTP/1.1" 200 1229 "-" "Mozilla/5.0 (Windows NT 10.0; Win64; x64) AppleWebKit/537.36 (KHTML, like Gecko) Chrome/60.0.3112.113 Safari/537.36"
109.237.103.9 - - [02/Mar/2022:02:12:21 +0100] "GET /.env HTTP/1.1" 404 309 "-" "Mozilla/5.0 (X11; Linux x86_64) AppleWebKit/537.36 (KHTML, like Gecko) Chrome/81.0.4044.129 Safari/537.36"
209.141.35.105 - - [02/Mar/2022:02:14:00 +0100] "GET http://212.91.246.80:80/phpMyAdmin/scripts/setup.php HTTP/1.0" 404 333 "-" "-"
209.141.35.105 - - [02/Mar/2022:02:14:01 +0100] "GET http://212.91.246.80:80/phpmyadmin/scripts/setup.php HTTP/1.0" 404 333 "-" "-"
209.141.35.105 - - [02/Mar/2022:02:14:01 +0100] "GET http://212.91.246.80:80/pma/scripts/setup.php HTTP/1.0" 404 326 "-" "-"
209.141.35.105 - - [02/Mar/2022:02:14:02 +0100] "GET http://212.91.246.80:80/myadmin/scripts/setup.php HTTP/1.0" 404 330 "-" "-"
209.141.35.105 - - [02/Mar/2022:02:14:02 +0100] "GET http://212.91.246.80:80/MyAdmin/scripts/setup.php HTTP/1.0" 404 330 "-" "-"
209.141.35.105 - - [02/Mar/2022:02:14:03 +0100] "GET http://212.91.246.80:80/PHPMYADMIN/scripts/setup.php HTTP/1.0" 404 333 "-" "-"
209.141.35.105 - - [02/Mar/2022:02:14:03 +0100] "GET http://212.91.246.80:80/mysqladmin/scripts/setup.php HTTP/1.0" 404 333 "-" "-"
209.141.35.105 - - [02/Mar/2022:02:14:04 +0100] "GET http://212.91.246.80:80/SQL/scripts/setup.php HTTP/1.0" 404 326 "-" "-"
209.141.35.105 - - [02/Mar/2022:02:14:04 +0100] "GET http://212.91.246.80:80/phpadmin/scripts/setup.php HTTP/1.0" 404 331 "-" "-"
209.141.35.105 - - [02/Mar/2022:02:14:05 +0100] "GET http://212.91.246.80:80/phpm/scripts/setup.php HTTP/1.0" 404 327 "-" "-"
209.141.35.105 - - [02/Mar/2022:02:14:05 +0100] "GET http://212.91.246.80:80/phpmyadmin1/scripts/setup.php HTTP/1.0" 404 334 "-" "-"
209.141.35.105 - - [02/Mar/2022:02:14:05 +0100] "GET http://212.91.246.80:80/phpMyAdmin1/scripts/setup.php HTTP/1.0" 404 334 "-" "-"
209.141.35.105 - - [02/Mar/2022:02:14:06 +0100] "GET http://212.91.246.80:80/phpMyAdmin-2.5.5-pl1/scripts/setup.php HTTP/1.0" 404 343 "-" "-"
209.141.52.239 - - [02/Mar/2022:02:14:06 +0100] "GET http://212.91.246.83:80/phpMyAdmin/scripts/setup.php HTTP/1.0" 404 333 "-" "-"
209.141.35.105 - - [02/Mar/2022:02:14:06 +0100] "GET http://212.91.246.80:80/phpMyAdmin-2.5.5/scripts/setup.php HTTP/1.0" 404 339 "-" "-"
209.141.35.105 - - [02/Mar/2022:02:14:07 +0100] "GET http://212.91.246.80:80/phpMyAdmin-2.5.4/scripts/setup.php HTTP/1.0" 404 339 "-" "-"
209.141.52.239 - - [02/Mar/2022:02:14:07 +0100] "GET http://212.91.246.83:80/phpmyadmin/scripts/setup.php HTTP/1.0" 404 333 "-" "-"
209.141.35.105 - - [02/Mar/2022:02:14:07 +0100] "GET http://212.91.246.80:80/phpMyAdmin-2.5.7-pl1/scripts/setup.php HTTP/1.0" 404 343 "-" "-"
209.141.52.239 - - [02/Mar/2022:02:14:07 +0100] "GET http://212.91.246.83:80/pma/scripts/setup.php HTTP/1.0" 404 326 "-" "-"
209.141.35.105 - - [02/Mar/2022:02:14:08 +0100] "GET http://212.91.246.80:80/php-my-admin/scripts/setup.php HTTP/1.0" 404 335 "-" "-"
209.141.52.239 - - [02/Mar/2022:02:14:08 +0100] "GET http://212.91.246.83:80/myadmin/scripts/setup.php HTTP/1.0" 404 330 "-" "-"
209.141.35.105 - - [02/Mar/2022:02:14:08 +0100] "GET http://212.91.246.80:80/admin/pma/scripts/setup.php HTTP/1.0" 404 332 "-" "-"
209.141.35.105 - - [02/Mar/2022:02:14:09 +0100] "GET http://212.91.246.80:80/phpMyAdmin-2/scripts/setup.php HTTP/1.0" 404 335 "-" "-"
209.141.52.239 - - [02/Mar/2022:02:14:09 +0100] "GET http://212.91.246.83:80/MyAdmin/scripts/setup.php HTTP/1.0" 404 330 "-" "-"
209.141.35.105 - - [02/Mar/2022:02:14:09 +0100] "GET http://212.91.246.80:80/typo3/phpmyadmin/scripts/setup.php HTTP/1.0" 404 339 "-" "-"
209.141.52.239 - - [02/Mar/2022:02:14:09 +0100] "GET http://212.91.246.83:80/PHPMYADMIN/scripts/setup.php HTTP/1.0" 404 333 "-" "-"
209.141.35.105 - - [02/Mar/2022:02:14:09 +0100] "GET http://212.91.246.80:80/web/phpMyAdmin/scripts/setup.php HTTP/1.0" 404 337 "-" "-"
209.141.35.105 - - [02/Mar/2022:02:14:10 +0100] "GET http://212.91.246.80:80/phpMyAdmin-2.10.0.0/scripts/setup.php HTTP/1.0" 404 342 "-" "-"
209.141.52.239 - - [02/Mar/2022:02:14:10 +0100] "GET http://212.91.246.83:80/mysqladmin/scripts/setup.php HTTP/1.0" 404 333 "-" "-"
209.141.35.105 - - [02/Mar/2022:02:14:10 +0100] "GET http://212.91.246.80:80/phpMyAdmin-2.10.0.1/scripts/setup.php HTTP/1.0" 404 342 "-" "-"
209.141.52.239 - - [02/Mar/2022:02:14:11 +0100] "GET http://212.91.246.83:80/SQL/scripts/setup.php HTTP/1.0" 404 326 "-" "-"
209.141.35.105 - - [02/Mar/2022:02:14:11 +0100] "GET http://212.91.246.80:80/phpMyAdmin-2.10.0.2/scripts/setup.php HTTP/1.0" 404 342 "-" "-"
209.141.35.105 - - [02/Mar/2022:02:14:11 +0100] "GET http://212.91.246.80:80/phpMyAdmin-2.10.0/scripts/setup.php HTTP/1.0" 404 340 "-" "-"
209.141.52.239 - - [02/Mar/2022:02:14:11 +0100] "GET http://212.91.246.83:80/phpadmin/scripts/setup.php HTTP/1.0" 404 331 "-" "-"
209.141.35.105 - - [02/Mar/2022:02:14:12 +0100] "GET http://212.91.246.80:80/phpMyAdmin-2.10.1.0/scripts/setup.php HTTP/1.0" 404 342 "-" "-"
209.141.52.239 - - [02/Mar/2022:02:14:12 +0100] "GET http://212.91.246.83:80/phpm/scripts/setup.php HTTP/1.0" 404 327 "-" "-"
209.141.35.105 - - [02/Mar/2022:02:14:12 +0100] "GET http://212.91.246.80:80/phpMyAdmin-2.10.2.0/scripts/setup.php HTTP/1.0" 404 342 "-" "-"
209.141.35.105 - - [02/Mar/2022:02:14:12 +0100] "GET http://212.91.246.80:80/phpMyAdmin-2.11.0.0/scripts/setup.php HTTP/1.0" 404 342 "-" "-"
209.141.52.239 - - [02/Mar/2022:02:14:13 +0100] "GET http://212.91.246.83:80/phpmyadmin1/scripts/setup.php HTTP/1.0" 404 334 "-" "-"
209.141.35.105 - - [02/Mar/2022:02:14:13 +0100] "GET http://212.91.246.80:80/phpMyAdmin-2.11.1.0/scripts/setup.php HTTP/1.0" 404 342 "-" "-"
209.141.52.239 - - [02/Mar/2022:02:14:13 +0100] "GET http://212.91.246.83:80/phpMyAdmin1/scripts/setup.php HTTP/1.0" 404 334 "-" "-"
209.141.35.105 - - [02/Mar/2022:02:14:13 +0100] "GET http://212.91.246.80:80/phpMyAdmin-2.11.1.1/scripts/setup.php HTTP/1.0" 404 342 "-" "-"
209.141.35.105 - - [02/Mar/2022:02:14:14 +0100] "GET http://212.91.246.80:80/phpMyAdmin-2.11.1.2/scripts/setup.php HTTP/1.0" 404 342 "-" "-"
209.141.52.239 - - [02/Mar/2022:02:14:14 +0100] "GET http://212.91.246.83:80/phpMyAdmin-2.5.5-pl1/scripts/setup.php HTTP/1.0" 404 343 "-" "-"
209.141.35.105 - - [02/Mar/2022:02:14:14 +0100] "GET http://212.91.246.80:80/phpMyAdmin-2.11.1-all-languages/scripts/setup.php HTTP/1.0" 404 354 "-" "-"
209.141.52.239 - - [02/Mar/2022:02:14:14 +0100] "GET http://212.91.246.83:80/phpMyAdmin-2.5.5/scripts/setup.php HTTP/1.0" 404 339 "-" "-"
209.141.35.105 - - [02/Mar/2022:02:14:15 +0100] "GET http://212.91.246.80:80/phpMyAdmin-2.2.3/scripts/setup.php HTTP/1.0" 404 339 "-" "-"
209.141.35.105 - - [02/Mar/2022:02:14:15 +0100] "GET http://212.91.246.80:80/phpMyAdmin-2.2.6/scripts/setup.php HTTP/1.0" 404 339 "-" "-"
209.141.52.239 - - [02/Mar/2022:02:14:15 +0100] "GET http://212.91.246.83:80/phpMyAdmin-2.5.4/scripts/setup.php HTTP/1.0" 404 339 "-" "-"
209.141.35.105 - - [02/Mar/2022:02:14:15 +0100] "GET http://212.91.246.80:80/phpMyAdmin-2.5.1/scripts/setup.php HTTP/1.0" 404 339 "-" "-"
209.141.52.239 - - [02/Mar/2022:02:14:16 +0100] "GET http://212.91.246.83:80/phpMyAdmin-2.5.7-pl1/scripts/setup.php HTTP/1.0" 404 343 "-" "-"
209.141.35.105 - - [02/Mar/2022:02:14:16 +0100] "GET http://212.91.246.80:80/phpMyAdmin-2.5.5-rc1config/scripts/setup.php HTTP/1.0" 404 349 "-" "-"
209.141.35.105 - - [02/Mar/2022:02:14:16 +0100] "GET http://212.91.246.80:80/phpMyAdmin-2.5.5-rc1/scripts/setup.php HTTP/1.0" 404 343 "-" "-"
209.141.52.239 - - [02/Mar/2022:02:14:16 +0100] "GET http://212.91.246.83:80/php-my-admin/scripts/setup.php HTTP/1.0" 404 335 "-" "-"
209.141.35.105 - - [02/Mar/2022:02:14:16 +0100] "GET http://212.91.246.80:80/phpMyAdmin-2.5.5-rc2/scripts/setup.php HTTP/1.0" 404 343 "-" "-"
209.141.35.105 - - [02/Mar/2022:02:14:17 +0100] "GET http://212.91.246.80:80/phpMyAdmin-2.6.1-pl2/scripts/setup.php HTTP/1.0" 404 343 "-" "-"
209.141.52.239 - - [02/Mar/2022:02:14:17 +0100] "GET http://212.91.246.83:80/admin/pma/scripts/setup.php HTTP/1.0" 404 332 "-" "-"
209.141.35.105 - - [02/Mar/2022:02:14:17 +0100] "GET http://212.91.246.80:80/phpMyAdmin-2.6.1-pl3/scripts/setup.php HTTP/1.0" 404 343 "-" "-"
209.141.52.239 - - [02/Mar/2022:02:14:18 +0100] "GET http://212.91.246.83:80/phpMyAdmin-2/scripts/setup.php HTTP/1.0" 404 335 "-" "-"
209.141.35.105 - - [02/Mar/2022:02:14:18 +0100] "GET http://212.91.246.80:80/phpMyAdmin-2.6.4-pl3/scripts/setup.php HTTP/1.0" 404 343 "-" "-"
209.141.35.105 - - [02/Mar/2022:02:14:18 +0100] "GET http://212.91.246.80:80/phpMyAdmin-2.6.4-pl4/scripts/setup.php HTTP/1.0" 404 343 "-" "-"
209.141.52.239 - - [02/Mar/2022:02:14:18 +0100] "GET http://212.91.246.83:80/typo3/phpmyadmin/scripts/setup.php HTTP/1.0" 404 339 "-" "-"
209.141.35.105 - - [02/Mar/2022:02:14:18 +0100] "GET http://212.91.246.80:80/phpMyAdmin-2.6.4-rc1/scripts/setup.php HTTP/1.0" 404 343 "-" "-"
209.141.52.239 - - [02/Mar/2022:02:14:19 +0100] "GET http://212.91.246.83:80/web/phpMyAdmin/scripts/setup.php HTTP/1.0" 404 337 "-" "-"
209.141.35.105 - - [02/Mar/2022:02:14:19 +0100] "GET http://212.91.246.80:80/phpMyAdmin-2.6.5/scripts/setup.php HTTP/1.0" 404 339 "-" "-"
209.141.35.105 - - [02/Mar/2022:02:14:19 +0100] "GET http://212.91.246.80:80/phpMyAdmin-2.6.6/scripts/setup.php HTTP/1.0" 404 339 "-" "-"
209.141.52.239 - - [02/Mar/2022:02:14:19 +0100] "GET http://212.91.246.83:80/phpMyAdmin-2.10.0.0/scripts/setup.php HTTP/1.0" 404 342 "-" "-"
209.141.35.105 - - [02/Mar/2022:02:14:20 +0100] "GET http://212.91.246.80:80/phpMyAdmin-2.6.9/scripts/setup.php HTTP/1.0" 404 339 "-" "-"
209.141.35.105 - - [02/Mar/2022:02:14:20 +0100] "GET http://212.91.246.80:80/phpMyAdmin-2.7.0-beta1/scripts/setup.php HTTP/1.0" 404 345 "-" "-"
209.141.52.239 - - [02/Mar/2022:02:14:20 +0100] "GET http://212.91.246.83:80/phpMyAdmin-2.10.0.1/scripts/setup.php HTTP/1.0" 404 342 "-" "-"
209.141.35.105 - - [02/Mar/2022:02:14:20 +0100] "GET http://212.91.246.80:80/phpMyAdmin-2.7.0-pl1/scripts/setup.php HTTP/1.0" 404 343 "-" "-"
209.141.52.239 - - [02/Mar/2022:02:14:21 +0100] "GET http://212.91.246.83:80/phpMyAdmin-2.10.0.2/scripts/setup.php HTTP/1.0" 404 342 "-" "-"
209.141.35.105 - - [02/Mar/2022:02:14:21 +0100] "GET http://212.91.246.80:80/phpMyAdmin-2.7.0-pl2/scripts/setup.php HTTP/1.0" 404 343 "-" "-"
209.141.35.105 - - [02/Mar/2022:02:14:21 +0100] "GET http://212.91.246.80:80/phpMyAdmin-2.7.0-rc1/scripts/setup.php HTTP/1.0" 404 343 "-" "-"
209.141.52.239 - - [02/Mar/2022:02:14:22 +0100] "GET http://212.91.246.83:80/phpMyAdmin-2.10.0/scripts/setup.php HTTP/1.0" 404 340 "-" "-"
209.141.35.105 - - [02/Mar/2022:02:14:22 +0100] "GET http://212.91.246.80:80/phpMyAdmin-2.7.5/scripts/setup.php HTTP/1.0" 404 339 "-" "-"
209.141.52.239 - - [02/Mar/2022:02:14:22 +0100] "GET http://212.91.246.83:80/phpMyAdmin-2.10.1.0/scripts/setup.php HTTP/1.0" 404 342 "-" "-"
209.141.35.105 - - [02/Mar/2022:02:14:22 +0100] "GET http://212.91.246.80:80/phpMyAdmin-2.7.6/scripts/setup.php HTTP/1.0" 404 339 "-" "-"
209.141.35.105 - - [02/Mar/2022:02:14:23 +0100] "GET http://212.91.246.80:80/phpMyAdmin-2.7.7/scripts/setup.php HTTP/1.0" 404 339 "-" "-"
209.141.52.239 - - [02/Mar/2022:02:14:23 +0100] "GET http://212.91.246.83:80/phpMyAdmin-2.10.2.0/scripts/setup.php HTTP/1.0" 404 342 "-" "-"
209.141.35.105 - - [02/Mar/2022:02:14:23 +0100] "GET http://212.91.246.80:80/phpMyAdmin-2.8.0.2/scripts/setup.php HTTP/1.0" 404 341 "-" "-"
209.141.35.105 - - [02/Mar/2022:02:14:23 +0100] "GET http://212.91.246.80:80/phpMyAdmin-2.8.2.3/scripts/setup.php HTTP/1.0" 404 341 "-" "-"
209.141.52.239 - - [02/Mar/2022:02:14:23 +0100] "GET http://212.91.246.83:80/phpMyAdmin-2.11.0.0/scripts/setup.php HTTP/1.0" 404 342 "-" "-"
209.141.35.105 - - [02/Mar/2022:02:14:24 +0100] "GET http://212.91.246.80:80/phpMyAdmin-2.8.2/scripts/setup.php HTTP/1.0" 404 339 "-" "-"
209.141.52.239 - - [02/Mar/2022:02:14:24 +0100] "GET http://212.91.246.83:80/phpMyAdmin-2.11.1.0/scripts/setup.php HTTP/1.0" 404 342 "-" "-"
209.141.35.105 - - [02/Mar/2022:02:14:24 +0100] "GET http://212.91.246.80:80/phpMyAdmin-2.8.3/scripts/setup.php HTTP/1.0" 404 339 "-" "-"
209.141.52.239 - - [02/Mar/2022:02:14:25 +0100] "GET http://212.91.246.83:80/phpMyAdmin-2.11.1.1/scripts/setup.php HTTP/1.0" 404 342 "-" "-"
209.141.35.105 - - [02/Mar/2022:02:14:25 +0100] "GET http://212.91.246.80:80/phpMyAdmin-2.8.4/scripts/setup.php HTTP/1.0" 404 339 "-" "-"
209.141.35.105 - - [02/Mar/2022:02:14:25 +0100] "GET http://212.91.246.80:80/phpMyAdmin-2.8.5/scripts/setup.php HTTP/1.0" 404 339 "-" "-"
209.141.52.239 - - [02/Mar/2022:02:14:25 +0100] "GET http://212.91.246.83:80/phpMyAdmin-2.11.1.2/scripts/setup.php HTTP/1.0" 404 342 "-" "-"
209.141.35.105 - - [02/Mar/2022:02:14:26 +0100] "GET http://212.91.246.80:80/phpMyAdmin-2.8.6/scripts/setup.php HTTP/1.0" 404 339 "-" "-"
209.141.35.105 - - [02/Mar/2022:02:14:26 +0100] "GET http://212.91.246.80:80/phpMyAdmin-2.8.7/scripts/setup.php HTTP/1.0" 404 339 "-" "-"
209.141.52.239 - - [02/Mar/2022:02:14:26 +0100] "GET http://212.91.246.83:80/phpMyAdmin-2.11.1-all-languages/scripts/setup.php HTTP/1.0" 404 354 "-" "-"
209.141.35.105 - - [02/Mar/2022:02:14:26 +0100] "GET http://212.91.246.80:80/phpMyAdmin-2.8.8/scripts/setup.php HTTP/1.0" 404 339 "-" "-"
209.141.52.239 - - [02/Mar/2022:02:14:27 +0100] "GET http://212.91.246.83:80/phpMyAdmin-2.2.3/scripts/setup.php HTTP/1.0" 404 339 "-" "-"
209.141.35.105 - - [02/Mar/2022:02:14:27 +0100] "GET http://212.91.246.80:80/phpMyAdmin-2.8.9/scripts/setup.php HTTP/1.0" 404 339 "-" "-"
209.141.35.105 - - [02/Mar/2022:02:14:27 +0100] "GET http://212.91.246.80:80/phpMyAdmin-2.9.0.1/scripts/setup.php HTTP/1.0" 404 341 "-" "-"
209.141.52.239 - - [02/Mar/2022:02:14:28 +0100] "GET http://212.91.246.83:80/phpMyAdmin-2.2.6/scripts/setup.php HTTP/1.0" 404 339 "-" "-"
209.141.35.105 - - [02/Mar/2022:02:14:28 +0100] "GET http://212.91.246.80:80/phpMyAdmin-2.9.0.2/scripts/setup.php HTTP/1.0" 404 341 "-" "-"
209.141.35.105 - - [02/Mar/2022:02:14:28 +0100] "GET http://212.91.246.80:80/phpMyAdmin-2.9.0-rc1/scripts/setup.php HTTP/1.0" 404 343 "-" "-"
209.141.52.239 - - [02/Mar/2022:02:14:28 +0100] "GET http://212.91.246.83:80/phpMyAdmin-2.5.1/scripts/setup.php HTTP/1.0" 404 339 "-" "-"
209.141.35.105 - - [02/Mar/2022:02:14:29 +0100] "GET http://212.91.246.80:80/phpMyAdmin-2.9.0/scripts/setup.php HTTP/1.0" 404 339 "-" "-"
209.141.35.105 - - [02/Mar/2022:02:14:29 +0100] "GET http://212.91.246.80:80/phpMyAdmin-2.9.1/scripts/setup.php HTTP/1.0" 404 339 "-" "-"
209.141.52.239 - - [02/Mar/2022:02:14:29 +0100] "GET http://212.91.246.83:80/phpMyAdmin-2.5.5-rc1config/scripts/setup.php HTTP/1.0" 404 349 "-" "-"
209.141.35.105 - - [02/Mar/2022:02:14:29 +0100] "GET http://212.91.246.80:80/phpMyAdmin-2.9.2/scripts/setup.php HTTP/1.0" 404 339 "-" "-"
209.141.52.239 - - [02/Mar/2022:02:14:30 +0100] "GET http://212.91.246.83:80/phpMyAdmin-2.5.5-rc1/scripts/setup.php HTTP/1.0" 404 343 "-" "-"
209.141.35.105 - - [02/Mar/2022:02:14:30 +0100] "GET http://212.91.246.80:80/phpmyadmin2/scripts/setup.php HTTP/1.0" 404 334 "-" "-"
209.141.35.105 - - [02/Mar/2022:02:14:30 +0100] "GET http://212.91.246.80:80/phpMyAdmin2/scripts/setup.php HTTP/1.0" 404 334 "-" "-"
209.141.52.239 - - [02/Mar/2022:02:14:30 +0100] "GET http://212.91.246.83:80/phpMyAdmin-2.5.5-rc2/scripts/setup.php HTTP/1.0" 404 343 "-" "-"
209.141.35.105 - - [02/Mar/2022:02:14:31 +0100] "GET http://212.91.246.80:80/phpmyadmin2/scripts/setup.php HTTP/1.0" 404 334 "-" "-"
209.141.35.105 - - [02/Mar/2022:02:14:31 +0100] "GET http://212.91.246.80:80/phpMyAdmin-3.0.0.0-all-languages/scripts/setup.php HTTP/1.0" 404 355 "-" "-"
209.141.52.239 - - [02/Mar/2022:02:14:31 +0100] "GET http://212.91.246.83:80/phpMyAdmin-2.6.1-pl2/scripts/setup.php HTTP/1.0" 404 343 "-" "-"
209.141.35.105 - - [02/Mar/2022:02:14:31 +0100] "GET http://212.91.246.80:80/phpMyAdmin-3.0.0-rc1-english/scripts/setup.php HTTP/1.0" 404 351 "-" "-"
209.141.52.239 - - [02/Mar/2022:02:14:32 +0100] "GET http://212.91.246.83:80/phpMyAdmin-2.6.1-pl3/scripts/setup.php HTTP/1.0" 404 343 "-" "-"
209.141.35.105 - - [02/Mar/2022:02:14:32 +0100] "GET http://212.91.246.80:80/phpMyAdmin-3.0.1.0-english/scripts/setup.php HTTP/1.0" 404 349 "-" "-"
209.141.35.105 - - [02/Mar/2022:02:14:32 +0100] "GET http://212.91.246.80:80/phpMyAdmin-3.0.1.0/scripts/setup.php HTTP/1.0" 404 341 "-" "-"
209.141.52.239 - - [02/Mar/2022:02:14:32 +0100] "GET http://212.91.246.83:80/phpMyAdmin-2.6.4-pl3/scripts/setup.php HTTP/1.0" 404 343 "-" "-"
209.141.35.105 - - [02/Mar/2022:02:14:33 +0100] "GET http://212.91.246.80:80/phpMyAdmin-3.0.1.1/scripts/setup.php HTTP/1.0" 404 341 "-" "-"
209.141.35.105 - - [02/Mar/2022:02:14:33 +0100] "GET http://212.91.246.80:80/phpMyAdmin-3.1.0.0-english/scripts/setup.php HTTP/1.0" 404 349 "-" "-"
209.141.52.239 - - [02/Mar/2022:02:14:33 +0100] "GET http://212.91.246.83:80/phpMyAdmin-2.6.4-pl4/scripts/setup.php HTTP/1.0" 404 343 "-" "-"
209.141.35.105 - - [02/Mar/2022:02:14:34 +0100] "GET http://212.91.246.80:80/phpMyAdmin-3.1.0.0/scripts/setup.php HTTP/1.0" 404 341 "-" "-"
209.141.52.239 - - [02/Mar/2022:02:14:34 +0100] "GET http://212.91.246.83:80/phpMyAdmin-2.6.4-rc1/scripts/setup.php HTTP/1.0" 404 343 "-" "-"
209.141.35.105 - - [02/Mar/2022:02:14:34 +0100] "GET http://212.91.246.80:80/phpMyAdmin-3.1.1.0-all-languages/scripts/setup.php HTTP/1.0" 404 355 "-" "-"
209.141.52.239 - - [02/Mar/2022:02:14:34 +0100] "GET http://212.91.246.83:80/phpMyAdmin-2.6.5/scripts/setup.php HTTP/1.0" 404 339 "-" "-"
209.141.35.105 - - [02/Mar/2022:02:14:34 +0100] "GET http://212.91.246.80:80/phpMyAdmin-3.1.2.0-all-languages/scripts/setup.php HTTP/1.0" 404 355 "-" "-"
209.141.35.105 - - [02/Mar/2022:02:14:35 +0100] "GET http://212.91.246.80:80/phpMyAdmin-3.1.2.0-english/scripts/setup.php HTTP/1.0" 404 349 "-" "-"
209.141.52.239 - - [02/Mar/2022:02:14:35 +0100] "GET http://212.91.246.83:80/phpMyAdmin-2.6.6/scripts/setup.php HTTP/1.0" 404 339 "-" "-"
209.141.35.105 - - [02/Mar/2022:02:14:35 +0100] "GET http://212.91.246.80:80/phpMyAdmin-3.1.2.0/scripts/setup.php HTTP/1.0" 404 341 "-" "-"
209.141.52.239 - - [02/Mar/2022:02:14:36 +0100] "GET http://212.91.246.83:80/phpMyAdmin-2.6.9/scripts/setup.php HTTP/1.0" 404 339 "-" "-"
209.141.35.105 - - [02/Mar/2022:02:14:36 +0100] "GET http://212.91.246.80:80/phpMyAdmin-3.4.3.1/scripts/setup.php HTTP/1.0" 404 341 "-" "-"
209.141.35.105 - - [02/Mar/2022:02:14:36 +0100] "GET http://212.91.246.80:80/phpMyAdmin3/scripts/setup.php HTTP/1.0" 404 334 "-" "-"
209.141.52.239 - - [02/Mar/2022:02:14:36 +0100] "GET http://212.91.246.83:80/phpMyAdmin-2.7.0-beta1/scripts/setup.php HTTP/1.0" 404 345 "-" "-"
209.141.35.105 - - [02/Mar/2022:02:14:37 +0100] "GET http://212.91.246.80:80/phpMyadmin/scripts/setup.php HTTP/1.0" 404 333 "-" "-"
209.141.52.239 - - [02/Mar/2022:02:14:37 +0100] "GET http://212.91.246.83:80/phpMyAdmin-2.7.0-pl1/scripts/setup.php HTTP/1.0" 404 343 "-" "-"
209.141.35.105 - - [02/Mar/2022:02:14:37 +0100] "GET http://212.91.246.80:80/phpmy/scripts/setup.php HTTP/1.0" 404 328 "-" "-"
209.141.52.239 - - [02/Mar/2022:02:14:37 +0100] "GET http://212.91.246.83:80/phpMyAdmin-2.7.0-pl2/scripts/setup.php HTTP/1.0" 404 343 "-" "-"
209.141.35.105 - - [02/Mar/2022:02:14:38 +0100] "GET http://212.91.246.80:80/php/phpmyadmin/scripts/setup.php HTTP/1.0" 404 337 "-" "-"
209.141.52.239 - - [02/Mar/2022:02:14:38 +0100] "GET http://212.91.246.83:80/phpMyAdmin-2.7.0-rc1/scripts/setup.php HTTP/1.0" 404 343 "-" "-"
209.141.35.105 - - [02/Mar/2022:02:14:38 +0100] "GET http://212.91.246.80:80/php/phpMyAdmin/scripts/setup.php HTTP/1.0" 404 337 "-" "-"
209.141.35.105 - - [02/Mar/2022:02:14:39 +0100] "GET http://212.91.246.80:80/_pma/scripts/setup.php HTTP/1.0" 404 327 "-" "-"
209.141.52.239 - - [02/Mar/2022:02:14:39 +0100] "GET http://212.91.246.83:80/phpMyAdmin-2.7.5/scripts/setup.php HTTP/1.0" 404 339 "-" "-"
209.141.35.105 - - [02/Mar/2022:02:14:39 +0100] "GET http://212.91.246.80:80/sqladmin/scripts/setup.php HTTP/1.0" 404 331 "-" "-"
209.141.52.239 - - [02/Mar/2022:02:14:39 +0100] "GET http://212.91.246.83:80/phpMyAdmin-2.7.6/scripts/setup.php HTTP/1.0" 404 339 "-" "-"
209.141.35.105 - - [02/Mar/2022:02:14:40 +0100] "GET http://212.91.246.80:80/sql/scripts/setup.php HTTP/1.0" 404 326 "-" "-"
209.141.35.105 - - [02/Mar/2022:02:14:40 +0100] "GET http://212.91.246.80:80/tools/phpMyAdmin/scripts/setup.php HTTP/1.0" 404 339 "-" "-"
209.141.52.239 - - [02/Mar/2022:02:14:40 +0100] "GET http://212.91.246.83:80/phpMyAdmin-2.7.7/scripts/setup.php HTTP/1.0" 404 339 "-" "-"
209.141.35.105 - - [02/Mar/2022:02:14:40 +0100] "GET http://212.91.246.80:80/webapps/phpmyadmin/scripts/setup.php HTTP/1.0" 404 341 "-" "-"
209.141.52.239 - - [02/Mar/2022:02:14:41 +0100] "GET http://212.91.246.83:80/phpMyAdmin-2.8.0.2/scripts/setup.php HTTP/1.0" 404 341 "-" "-"
209.141.35.105 - - [02/Mar/2022:02:14:41 +0100] "GET http://212.91.246.80:80/webdb/scripts/setup.php HTTP/1.0" 404 328 "-" "-"
209.141.52.239 - - [02/Mar/2022:02:14:41 +0100] "GET http://212.91.246.83:80/phpMyAdmin-2.8.2.3/scripts/setup.php HTTP/1.0" 404 341 "-" "-"
209.141.35.105 - - [02/Mar/2022:02:14:41 +0100] "GET http://212.91.246.80:80/websql/scripts/setup.php HTTP/1.0" 404 329 "-" "-"
209.141.52.239 - - [02/Mar/2022:02:14:42 +0100] "GET http://212.91.246.83:80/phpMyAdmin-2.8.2/scripts/setup.php HTTP/1.0" 404 339 "-" "-"
209.141.52.239 - - [02/Mar/2022:02:14:42 +0100] "GET http://212.91.246.83:80/phpMyAdmin-2.8.3/scripts/setup.php HTTP/1.0" 404 339 "-" "-"
209.141.52.239 - - [02/Mar/2022:02:14:43 +0100] "GET http://212.91.246.83:80/phpMyAdmin-2.8.4/scripts/setup.php HTTP/1.0" 404 339 "-" "-"
209.141.52.239 - - [02/Mar/2022:02:14:44 +0100] "GET http://212.91.246.83:80/phpMyAdmin-2.8.5/scripts/setup.php HTTP/1.0" 404 339 "-" "-"
209.141.52.239 - - [02/Mar/2022:02:14:44 +0100] "GET http://212.91.246.83:80/phpMyAdmin-2.8.6/scripts/setup.php HTTP/1.0" 404 339 "-" "-"
209.141.52.239 - - [02/Mar/2022:02:14:45 +0100] "GET http://212.91.246.83:80/phpMyAdmin-2.8.7/scripts/setup.php HTTP/1.0" 404 339 "-" "-"
209.141.52.239 - - [02/Mar/2022:02:14:45 +0100] "GET http://212.91.246.83:80/phpMyAdmin-2.8.8/scripts/setup.php HTTP/1.0" 404 339 "-" "-"
209.141.52.239 - - [02/Mar/2022:02:14:46 +0100] "GET http://212.91.246.83:80/phpMyAdmin-2.8.9/scripts/setup.php HTTP/1.0" 404 339 "-" "-"
209.141.52.239 - - [02/Mar/2022:02:14:46 +0100] "GET http://212.91.246.83:80/phpMyAdmin-2.9.0.1/scripts/setup.php HTTP/1.0" 404 341 "-" "-"
209.141.52.239 - - [02/Mar/2022:02:14:47 +0100] "GET http://212.91.246.83:80/phpMyAdmin-2.9.0.2/scripts/setup.php HTTP/1.0" 404 341 "-" "-"
209.141.52.239 - - [02/Mar/2022:02:14:48 +0100] "GET http://212.91.246.83:80/phpMyAdmin-2.9.0-rc1/scripts/setup.php HTTP/1.0" 404 343 "-" "-"
209.141.52.239 - - [02/Mar/2022:02:14:48 +0100] "GET http://212.91.246.83:80/phpMyAdmin-2.9.0/scripts/setup.php HTTP/1.0" 404 339 "-" "-"
209.141.52.239 - - [02/Mar/2022:02:14:49 +0100] "GET http://212.91.246.83:80/phpMyAdmin-2.9.1/scripts/setup.php HTTP/1.0" 404 339 "-" "-"
209.141.52.239 - - [02/Mar/2022:02:14:50 +0100] "GET http://212.91.246.83:80/phpMyAdmin-2.9.2/scripts/setup.php HTTP/1.0" 404 339 "-" "-"
209.141.52.239 - - [02/Mar/2022:02:14:50 +0100] "GET http://212.91.246.83:80/phpmyadmin2/scripts/setup.php HTTP/1.0" 404 334 "-" "-"
209.141.52.239 - - [02/Mar/2022:02:14:51 +0100] "GET http://212.91.246.83:80/phpMyAdmin2/scripts/setup.php HTTP/1.0" 404 334 "-" "-"
209.141.52.239 - - [02/Mar/2022:02:14:51 +0100] "GET http://212.91.246.83:80/phpmyadmin2/scripts/setup.php HTTP/1.0" 404 334 "-" "-"
209.141.52.239 - - [02/Mar/2022:02:14:52 +0100] "GET http://212.91.246.83:80/phpMyAdmin-3.0.0.0-all-languages/scripts/setup.php HTTP/1.0" 404 355 "-" "-"
209.141.52.239 - - [02/Mar/2022:02:14:53 +0100] "GET http://212.91.246.83:80/phpMyAdmin-3.0.0-rc1-english/scripts/setup.php HTTP/1.0" 404 351 "-" "-"
209.141.52.239 - - [02/Mar/2022:02:14:53 +0100] "GET http://212.91.246.83:80/phpMyAdmin-3.0.1.0-english/scripts/setup.php HTTP/1.0" 404 349 "-" "-"
209.141.52.239 - - [02/Mar/2022:02:14:54 +0100] "GET http://212.91.246.83:80/phpMyAdmin-3.0.1.0/scripts/setup.php HTTP/1.0" 404 341 "-" "-"
209.141.52.239 - - [02/Mar/2022:02:14:55 +0100] "GET http://212.91.246.83:80/phpMyAdmin-3.0.1.1/scripts/setup.php HTTP/1.0" 404 341 "-" "-"
209.141.52.239 - - [02/Mar/2022:02:14:55 +0100] "GET http://212.91.246.83:80/phpMyAdmin-3.1.0.0-english/scripts/setup.php HTTP/1.0" 404 349 "-" "-"
209.141.52.239 - - [02/Mar/2022:02:14:56 +0100] "GET http://212.91.246.83:80/phpMyAdmin-3.1.0.0/scripts/setup.php HTTP/1.0" 404 341 "-" "-"
209.141.52.239 - - [02/Mar/2022:02:14:56 +0100] "GET http://212.91.246.83:80/phpMyAdmin-3.1.1.0-all-languages/scripts/setup.php HTTP/1.0" 404 355 "-" "-"
209.141.52.239 - - [02/Mar/2022:02:14:57 +0100] "GET http://212.91.246.83:80/phpMyAdmin-3.1.2.0-all-languages/scripts/setup.php HTTP/1.0" 404 355 "-" "-"
209.141.52.239 - - [02/Mar/2022:02:14:58 +0100] "GET http://212.91.246.83:80/phpMyAdmin-3.1.2.0-english/scripts/setup.php HTTP/1.0" 404 349 "-" "-"
209.141.52.239 - - [02/Mar/2022:02:14:58 +0100] "GET http://212.91.246.83:80/phpMyAdmin-3.1.2.0/scripts/setup.php HTTP/1.0" 404 341 "-" "-"
209.141.52.239 - - [02/Mar/2022:02:14:59 +0100] "GET http://212.91.246.83:80/phpMyAdmin-3.4.3.1/scripts/setup.php HTTP/1.0" 404 341 "-" "-"
209.141.52.239 - - [02/Mar/2022:02:15:00 +0100] "GET http://212.91.246.83:80/phpMyAdmin3/scripts/setup.php HTTP/1.0" 404 334 "-" "-"
209.141.52.239 - - [02/Mar/2022:02:15:00 +0100] "GET http://212.91.246.83:80/phpMyadmin/scripts/setup.php HTTP/1.0" 404 333 "-" "-"
209.141.52.239 - - [02/Mar/2022:02:15:01 +0100] "GET http://212.91.246.83:80/phpmy/scripts/setup.php HTTP/1.0" 404 328 "-" "-"
209.141.52.239 - - [02/Mar/2022:02:15:02 +0100] "GET http://212.91.246.83:80/php/phpmyadmin/scripts/setup.php HTTP/1.0" 404 337 "-" "-"
209.141.52.239 - - [02/Mar/2022:02:15:02 +0100] "GET http://212.91.246.83:80/php/phpMyAdmin/scripts/setup.php HTTP/1.0" 404 337 "-" "-"
209.141.52.239 - - [02/Mar/2022:02:15:03 +0100] "GET http://212.91.246.83:80/_pma/scripts/setup.php HTTP/1.0" 404 327 "-" "-"
209.141.52.239 - - [02/Mar/2022:02:15:04 +0100] "GET http://212.91.246.83:80/sqladmin/scripts/setup.php HTTP/1.0" 404 331 "-" "-"
209.141.52.239 - - [02/Mar/2022:02:15:05 +0100] "GET http://212.91.246.83:80/sql/scripts/setup.php HTTP/1.0" 404 326 "-" "-"
209.141.52.239 - - [02/Mar/2022:02:15:05 +0100] "GET http://212.91.246.83:80/tools/phpMyAdmin/scripts/setup.php HTTP/1.0" 404 339 "-" "-"
209.141.52.239 - - [02/Mar/2022:02:15:07 +0100] "GET http://212.91.246.83:80/webapps/phpmyadmin/scripts/setup.php HTTP/1.0" 404 341 "-" "-"
209.141.52.239 - - [02/Mar/2022:02:15:08 +0100] "GET http://212.91.246.83:80/webdb/scripts/setup.php HTTP/1.0" 404 328 "-" "-"
209.141.52.239 - - [02/Mar/2022:02:15:08 +0100] "GET http://212.91.246.83:80/websql/scripts/setup.php HTTP/1.0" 404 329 "-" "-"
69.162.231.10 - - [02/Mar/2022:02:16:50 +0100] "GET /.env HTTP/1.1" 404 309 "-" "Mozilla/5.0 (X11; Linux x86_64) AppleWebKit/537.36 (KHTML, like Gecko) Chrome/81.0.4044.129 Safari/537.36"
69.162.231.10 - - [02/Mar/2022:02:16:51 +0100] "POST / HTTP/1.1" 200 1229 "-" "Mozilla/5.0 (X11; Linux x86_64) AppleWebKit/537.36 (KHTML, like Gecko) Chrome/81.0.4044.129 Safari/537.36"
45.137.21.208 - - [02/Mar/2022:02:17:25 +0100] "GET http://example.com/ HTTP/1.1" 200 1229 "-" "Go-http-client/1.1"
