205.185.127.43 - - [01/Mar/2022:17:44:29 +0100] "GET http://212.91.246.84:80/phpMyAdmin-2.7.7/scripts/setup.php HTTP/1.0" 404 339 "-" "-"
205.185.127.43 - - [01/Mar/2022:17:44:30 +0100] "GET http://212.91.246.84:80/phpMyAdmin-2.8.0.2/scripts/setup.php HTTP/1.0" 404 341 "-" "-"
205.185.127.43 - - [01/Mar/2022:17:44:30 +0100] "GET http://212.91.246.84:80/phpMyAdmin-2.8.2.3/scripts/setup.php HTTP/1.0" 404 341 "-" "-"
205.185.127.43 - - [01/Mar/2022:17:44:31 +0100] "GET http://212.91.246.84:80/phpMyAdmin-2.8.2/scripts/setup.php HTTP/1.0" 404 339 "-" "-"
205.185.127.43 - - [01/Mar/2022:17:44:32 +0100] "GET http://212.91.246.84:80/phpMyAdmin-2.8.3/scripts/setup.php HTTP/1.0" 404 339 "-" "-"
205.185.127.43 - - [01/Mar/2022:17:44:32 +0100] "GET http://212.91.246.84:80/phpMyAdmin-2.8.4/scripts/setup.php HTTP/1.0" 404 339 "-" "-"
205.185.127.43 - - [01/Mar/2022:17:44:33 +0100] "GET http://212.91.246.84:80/phpMyAdmin-2.8.5/scripts/setup.php HTTP/1.0" 404 339 "-" "-"
205.185.127.43 - - [01/Mar/2022:17:44:33 +0100] "GET http://212.91.246.84:80/phpMyAdmin-2.8.6/scripts/setup.php HTTP/1.0" 404 339 "-" "-"
205.185.127.43 - - [01/Mar/2022:17:44:34 +0100] "GET http://212.91.246.84:80/phpMyAdmin-2.8.7/scripts/setup.php HTTP/1.0" 404 339 "-" "-"
205.185.127.43 - - [01/Mar/2022:17:44:35 +0100] "GET http://212.91.246.84:80/phpMyAdmin-2.8.8/scripts/setup.php HTTP/1.0" 404 339 "-" "-"
205.185.127.43 - - [01/Mar/2022:17:44:35 +0100] "GET http://212.91.246.84:80/phpMyAdmin-2.8.9/scripts/setup.php HTTP/1.0" 404 339 "-" "-"
205.185.127.43 - - [01/Mar/2022:17:44:36 +0100] "GET http://212.91.246.84:80/phpMyAdmin-2.9.0.1/scripts/setup.php HTTP/1.0" 404 341 "-" "-"
205.185.127.43 - - [01/Mar/2022:17:44:37 +0100] "GET http://212.91.246.84:80/phpMyAdmin-2.9.0.2/scripts/setup.php HTTP/1.0" 404 341 "-" "-"
205.185.127.43 - - [01/Mar/2022:17:44:37 +0100] "GET http://212.91.246.84:80/phpMyAdmin-2.9.0-rc1/scripts/setup.php HTTP/1.0" 404 343 "-" "-"
205.185.127.43 - - [01/Mar/2022:17:44:38 +0100] "GET http://212.91.246.84:80/phpMyAdmin-2.9.0/scripts/setup.php HTTP/1.0" 404 339 "-" "-"
205.185.127.43 - - [01/Mar/2022:17:44:38 +0100] "GET http://212.91.246.84:80/phpMyAdmin-2.9.1/scripts/setup.php HTTP/1.0" 404 339 "-" "-"
205.185.127.43 - - [01/Mar/2022:17:44:39 +0100] "GET http://212.91.246.84:80/phpMyAdmin-2.9.2/scripts/setup.php HTTP/1.0" 404 339 "-" "-"
205.185.127.43 - - [01/Mar/2022:17:44:40 +0100] "GET http://212.91.246.84:80/phpmyadmin2/scripts/setup.php HTTP/1.0" 404 334 "-" "-"
205.185.127.43 - - [01/Mar/2022:17:44:41 +0100] "GET http://212.91.246.84:80/phpMyAdmin2/scripts/setup.php HTTP/1.0" 404 334 "-" "-"
205.185.127.43 - - [01/Mar/2022:17:44:41 +0100] "GET http://212.91.246.84:80/phpmyadmin2/scripts/setup.php HTTP/1.0" 404 334 "-" "-"
205.185.127.43 - - [01/Mar/2022:17:44:42 +0100] "GET http://212.91.246.84:80/phpMyAdmin-3.0.0.0-all-languages/scripts/setup.php HTTP/1.0" 404 355 "-" "-"
205.185.127.43 - - [01/Mar/2022:17:44:42 +0100] "GET http://212.91.246.84:80/phpMyAdmin-3.0.0-rc1-english/scripts/setup.php HTTP/1.0" 404 351 "-" "-"
205.185.127.43 - - [01/Mar/2022:17:44:43 +0100] "GET http://212.91.246.84:80/phpMyAdmin-3.0.1.0-english/scripts/setup.php HTTP/1.0" 404 349 "-" "-"
205.185.127.43 - - [01/Mar/2022:17:44:44 +0100] "GET http://212.91.246.84:80/phpMyAdmin-3.0.1.0/scripts/setup.php HTTP/1.0" 404 341 "-" "-"
205.185.127.43 - - [01/Mar/2022:17:44:45 +0100] "GET http://212.91.246.84:80/phpMyAdmin-3.0.1.1/scripts/setup.php HTTP/1.0" 404 341 "-" "-"
205.185.127.43 - - [01/Mar/2022:17:44:46 +0100] "GET http://212.91.246.84:80/phpMyAdmin-3.1.0.0-english/scripts/setup.php HTTP/1.0" 404 349 "-" "-"
205.185.127.43 - - [01/Mar/2022:17:44:46 +0100] "GET http://212.91.246.84:80/phpMyAdmin-3.1.0.0/scripts/setup.php HTTP/1.0" 404 341 "-" "-"
205.185.127.43 - - [01/Mar/2022:17:44:47 +0100] "GET http://212.91.246.84:80/phpMyAdmin-3.1.1.0-all-languages/scripts/setup.php HTTP/1.0" 404 355 "-" "-"
205.185.127.43 - - [01/Mar/2022:17:44:48 +0100] "GET http://212.91.246.84:80/phpMyAdmin-3.1.2.0-all-languages/scripts/setup.php HTTP/1.0" 404 355 "-" "-"
205.185.127.43 - - [01/Mar/2022:17:44:48 +0100] "GET http://212.91.246.84:80/phpMyAdmin-3.1.2.0-english/scripts/setup.php HTTP/1.0" 404 349 "-" "-"
205.185.127.43 - - [01/Mar/2022:17:44:49 +0100] "GET http://212.91.246.84:80/phpMyAdmin-3.1.2.0/scripts/setup.php HTTP/1.0" 404 341 "-" "-"
205.185.127.43 - - [01/Mar/2022:17:44:50 +0100] "GET http://212.91.246.84:80/phpMyAdmin-3.4.3.1/scripts/setup.php HTTP/1.0" 404 341 "-" "-"
205.185.127.43 - - [01/Mar/2022:17:44:50 +0100] "GET http://212.91.246.84:80/phpMyAdmin3/scripts/setup.php HTTP/1.0" 404 334 "-" "-"
205.185.127.43 - - [01/Mar/2022:17:44:51 +0100] "GET http://212.91.246.84:80/phpMyadmin/scripts/setup.php HTTP/1.0" 404 333 "-" "-"
205.185.127.43 - - [01/Mar/2022:17:44:52 +0100] "GET http://212.91.246.84:80/phpmy/scripts/setup.php HTTP/1.0" 404 328 "-" "-"
205.185.127.43 - - [01/Mar/2022:17:44:53 +0100] "GET http://212.91.246.84:80/php/phpmyadmin/scripts/setup.php HTTP/1.0" 404 337 "-" "-"
205.185.127.43 - - [01/Mar/2022:17:44:53 +0100] "GET http://212.91.246.84:80/php/phpMyAdmin/scripts/setup.php HTTP/1.0" 404 337 "-" "-"
205.185.127.43 - - [01/Mar/2022:17:44:54 +0100] "GET http://212.91.246.84:80/_pma/scripts/setup.php HTTP/1.0" 404 327 "-" "-"
205.185.127.43 - - [01/Mar/2022:17:44:55 +0100] "GET http://212.91.246.84:80/sqladmin/scripts/setup.php HTTP/1.0" 404 331 "-" "-"
205.185.127.43 - - [01/Mar/2022:17:44:55 +0100] "GET http://212.91.246.84:80/sql/scripts/setup.php HTTP/1.0" 404 326 "-" "-"
205.185.127.43 - - [01/Mar/2022:17:44:56 +0100] "GET http://212.91.246.84:80/tools/phpMyAdmin/scripts/setup.php HTTP/1.0" 404 339 "-" "-"
205.185.127.43 - - [01/Mar/2022:17:44:58 +0100] "GET http://212.91.246.84:80/webapps/phpmyadmin/scripts/setup.php HTTP/1.0" 404 341 "-" "-"
212.91.246.72 - - [01/Mar/2022:17:44:59 +0100] "GET / HTTP/1.1" 200 1229 "-" "Mozilla/5.0 (compatible; PRTG Network Monitor (www.paessler.com); Windows)"
205.185.127.43 - - [01/Mar/2022:17:44:59 +0100] "GET http://212.91.246.84:80/webdb/scripts/setup.php HTTP/1.0" 404 328 "-" "-"
205.185.127.43 - - [01/Mar/2022:17:44:59 +0100] "GET http://212.91.246.84:80/websql/scripts/setup.php HTTP/1.0" 404 329 "-" "-"
212.91.246.72 - - [01/Mar/2022:17:45:59 +0100] "GET / HTTP/1.1" 200 1229 "-" "Mozilla/5.0 (compatible; PRTG Network Monitor (www.paessler.com); Windows)"
212.91.246.72 - - [01/Mar/2022:17:46:59 +0100] "GET / HTTP/1.1" 200 1229 "-" "Mozilla/5.0 (compatible; PRTG Network Monitor (www.paessler.com); Windows)"
212.91.246.72 - - [01/Mar/2022:17:47:59 +0100] "GET / HTTP/1.1" 200 1229 "-" "Mozilla/5.0 (compatible; PRTG Network Monitor (www.paessler.com); Windows)"
212.91.246.72 - - [01/Mar/2022:17:48:59 +0100] "GET / HTTP/1.1" 200 1229 "-" "Mozilla/5.0 (compatible; PRTG Network Monitor (www.paessler.com); Windows)"
212.91.246.72 - - [01/Mar/2022:17:49:59 +0100] "GET / HTTP/1.1" 200 1229 "-" "Mozilla/5.0 (compatible; PRTG Network Monitor (www.paessler.com); Windows)"
212.91.246.72 - - [01/Mar/2022:17:50:59 +0100] "GET / HTTP/1.1" 200 1229 "-" "Mozilla/5.0 (compatible; PRTG Network Monitor (www.paessler.com); Windows)"
212.91.246.72 - - [01/Mar/2022:17:51:59 +0100] "GET / HTTP/1.1" 200 1229 "-" "Mozilla/5.0 (compatible; PRTG Network Monitor (www.paessler.com); Windows)"
115.59.68.73 - - [01/Mar/2022:17:52:48 +0100] "GET /boaform/admin/formLogin?username=user&psd=user HTTP/1.0" 404 324 "-" "-"
212.91.246.72 - - [01/Mar/2022:17:52:59 +0100] "GET / HTTP/1.1" 200 1229 "-" "Mozilla/5.0 (compatible; PRTG Network Monitor (www.paessler.com); Windows)"
212.91.246.72 - - [01/Mar/2022:17:53:59 +0100] "GET / HTTP/1.1" 200 1229 "-" "Mozilla/5.0 (compatible; PRTG Network Monitor (www.paessler.com); Windows)"
212.91.246.72 - - [01/Mar/2022:17:54:59 +0100] "GET / HTTP/1.1" 200 1229 "-" "Mozilla/5.0 (compatible; PRTG Network Monitor (www.paessler.com); Windows)"
45.137.23.152 - - [01/Mar/2022:17:55:25 +0100] "GET /doc/script/lib/seajs/config/sea-config.js HTTP/1.1" 404 346 "-" "Mozilla/5.0 (iPad; CPU OS 7_1_2 like Mac OS X; en-US) AppleWebKit/531.5.2 (KHTML, like Gecko) Version/4.0.5 Mobile/8B116 Safari/6531.5.2"
212.91.246.72 - - [01/Mar/2022:17:55:59 +0100] "GET / HTTP/1.1" 200 1229 "-" "Mozilla/5.0 (compatible; PRTG Network Monitor (www.paessler.com); Windows)"
212.91.246.72 - - [01/Mar/2022:17:56:59 +0100] "GET / HTTP/1.1" 200 1229 "-" "Mozilla/5.0 (compatible; PRTG Network Monitor (www.paessler.com); Windows)"
45.137.23.152 - - [01/Mar/2022:17:57:16 +0100] "GET /doc/script/lib/seajs/config/sea-config.js HTTP/1.1" 404 346 "-" "Mozilla/5.0 (iPad; CPU OS 7_1_2 like Mac OS X; en-US) AppleWebKit/531.5.2 (KHTML, like Gecko) Version/4.0.5 Mobile/8B116 Safari/6531.5.2"
212.91.246.72 - - [01/Mar/2022:17:57:59 +0100] "GET / HTTP/1.1" 200 1229 "-" "Mozilla/5.0 (compatible; PRTG Network Monitor (www.paessler.com); Windows)"
212.91.246.72 - - [01/Mar/2022:17:58:59 +0100] "GET / HTTP/1.1" 200 1229 "-" "Mozilla/5.0 (compatible; PRTG Network Monitor (www.paessler.com); Windows)"
212.91.246.72 - - [01/Mar/2022:17:59:59 +0100] "GET / HTTP/1.1" 200 1229 "-" "Mozilla/5.0 (compatible; PRTG Network Monitor (www.paessler.com); Windows)"
45.137.23.152 - - [01/Mar/2022:18:00:05 +0100] "GET /doc/script/lib/seajs/config/sea-config.js HTTP/1.1" 404 346 "-" "Mozilla/5.0 (iPad; CPU OS 7_1_2 like Mac OS X; en-US) AppleWebKit/531.5.2 (KHTML, like Gecko) Version/4.0.5 Mobile/8B116 Safari/6531.5.2"
212.91.246.72 - - [01/Mar/2022:18:00:59 +0100] "GET / HTTP/1.1" 200 1229 "-" "Mozilla/5.0 (compatible; PRTG Network Monitor (www.paessler.com); Windows)"
45.137.23.152 - - [01/Mar/2022:18:01:24 +0100] "GET /doc/script/lib/seajs/config/sea-config.js HTTP/1.1" 404 346 "-" "Mozilla/5.0 (iPad; CPU OS 7_1_2 like Mac OS X; en-US) AppleWebKit/531.5.2 (KHTML, like Gecko) Version/4.0.5 Mobile/8B116 Safari/6531.5.2"
212.91.246.72 - - [01/Mar/2022:18:01:59 +0100] "GET / HTTP/1.1" 200 1229 "-" "Mozilla/5.0 (compatible; PRTG Network Monitor (www.paessler.com); Windows)"
212.91.246.72 - - [01/Mar/2022:18:02:59 +0100] "GET / HTTP/1.1" 200 1229 "-" "Mozilla/5.0 (compatible; PRTG Network Monitor (www.paessler.com); Windows)"
212.91.246.72 - - [01/Mar/2022:18:03:59 +0100] "GET / HTTP/1.1" 200 1229 "-" "Mozilla/5.0 (compatible; PRTG Network Monitor (www.paessler.com); Windows)"
212.91.246.72 - - [01/Mar/2022:18:04:59 +0100] "GET / HTTP/1.1" 200 1229 "-" "Mozilla/5.0 (compatible; PRTG Network Monitor (www.paessler.com); Windows)"
176.105.215.232 - - [01/Mar/2022:18:05:04 +0100] "GET / HTTP/1.0" 200 1229 "-" "-"
45.137.23.152 - - [01/Mar/2022:18:05:44 +0100] "GET /doc/script/lib/seajs/config/sea-config.js HTTP/1.1" 404 346 "-" "Mozilla/5.0 (iPad; CPU OS 7_1_2 like Mac OS X; en-US) AppleWebKit/531.5.2 (KHTML, like Gecko) Version/4.0.5 Mobile/8B116 Safari/6531.5.2"
212.91.246.72 - - [01/Mar/2022:18:05:59 +0100] "GET / HTTP/1.1" 200 1229 "-" "Mozilla/5.0 (compatible; PRTG Network Monitor (www.paessler.com); Windows)"
176.105.215.232 - - [01/Mar/2022:18:06:16 +0100] "GET / HTTP/1.0" 200 1229 "-" "-"
45.137.23.152 - - [01/Mar/2022:18:06:45 +0100] "GET /doc/script/lib/seajs/config/sea-config.js HTTP/1.1" 404 346 "-" "Mozilla/5.0 (iPad; CPU OS 7_1_2 like Mac OS X; en-US) AppleWebKit/531.5.2 (KHTML, like Gecko) Version/4.0.5 Mobile/8B116 Safari/6531.5.2"
31.220.3.140 - - [01/Mar/2022:18:06:47 +0100] "GET / HTTP/1.1" 200 1229 "-" "Mozilla/5.0 (compatible; CensysInspect/1.1; +https://about.censys.io/)"
31.220.3.140 - - [01/Mar/2022:18:06:58 +0100] "GET / HTTP/1.1" 200 1229 "-" "Mozilla/5.0 (compatible; CensysInspect/1.1; +https://about.censys.io/)"
212.91.246.72 - - [01/Mar/2022:18:06:59 +0100] "GET / HTTP/1.1" 200 1229 "-" "Mozilla/5.0 (compatible; PRTG Network Monitor (www.paessler.com); Windows)"
31.220.3.140 - - [01/Mar/2022:18:07:51 +0100] "GET / HTTP/1.1" 200 1229 "-" "Mozilla/5.0 (compatible; CensysInspect/1.1; +https://about.censys.io/)"
212.91.246.72 - - [01/Mar/2022:18:07:59 +0100] "GET / HTTP/1.1" 200 1229 "-" "Mozilla/5.0 (compatible; PRTG Network Monitor (www.paessler.com); Windows)"
31.220.3.140 - - [01/Mar/2022:18:08:21 +0100] "GET / HTTP/1.1" 200 1229 "-" "Mozilla/5.0 (compatible; CensysInspect/1.1; +https://about.censys.io/)"
31.220.3.140 - - [01/Mar/2022:18:08:37 +0100] "GET / HTTP/1.1" 200 1229 "-" "Mozilla/5.0 (compatible; CensysInspect/1.1; +https://about.censys.io/)"
31.220.3.140 - - [01/Mar/2022:18:08:43 +0100] "GET / HTTP/1.1" 200 1229 "-" "Mozilla/5.0 (compatible; CensysInspect/1.1; +https://about.censys.io/)"
212.91.246.72 - - [01/Mar/2022:18:08:59 +0100] "GET / HTTP/1.1" 200 1229 "-" "Mozilla/5.0 (compatible; PRTG Network Monitor (www.paessler.com); Windows)"
176.105.215.232 - - [01/Mar/2022:18:09:21 +0100] "GET / HTTP/1.0" 200 1229 "-" "-"
31.220.3.140 - - [01/Mar/2022:18:09:23 +0100] "GET / HTTP/1.1" 200 1229 "-" "Mozilla/5.0 (compatible; CensysInspect/1.1; +https://about.censys.io/)"
176.105.215.232 - - [01/Mar/2022:18:09:48 +0100] "GET / HTTP/1.0" 200 1229 "-" "-"
31.220.3.140 - - [01/Mar/2022:18:09:55 +0100] "GET / HTTP/1.1" 200 1229 "-" "Mozilla/5.0 (compatible; CensysInspect/1.1; +https://about.censys.io/)"
212.91.246.72 - - [01/Mar/2022:18:09:59 +0100] "GET / HTTP/1.1" 200 1229 "-" "Mozilla/5.0 (compatible; PRTG Network Monitor (www.paessler.com); Windows)"
31.220.3.140 - - [01/Mar/2022:18:10:03 +0100] "GET / HTTP/1.1" 200 1229 "-" "Mozilla/5.0 (compatible; CensysInspect/1.1; +https://about.censys.io/)"
176.105.215.232 - - [01/Mar/2022:18:10:30 +0100] "GET / HTTP/1.0" 200 1229 "-" "-"
31.220.3.140 - - [01/Mar/2022:18:10:39 +0100] "GET / HTTP/1.1" 200 1229 "-" "Mozilla/5.0 (compatible; CensysInspect/1.1; +https://about.censys.io/)"
176.105.215.232 - - [01/Mar/2022:18:10:42 +0100] "GET / HTTP/1.0" 200 1229 "-" "-"
176.105.215.232 - - [01/Mar/2022:18:10:54 +0100] "GET / HTTP/1.0" 200 1229 "-" "-"
186.195.172.82 - - [01/Mar/2022:18:10:54 +0100] "GET / HTTP/1.1" 200 1229 "-" "Mozilla/5.0 (Windows NT 6.1; WOW64) AppleWebKit/537.36 (KHTML, like Gecko) Chrome/52.0.2743.116 Safari/537.36"
176.105.215.232 - - [01/Mar/2022:18:10:58 +0100] "GET / HTTP/1.0" 200 1229 "-" "-"
212.91.246.72 - - [01/Mar/2022:18:10:59 +0100] "GET / HTTP/1.1" 200 1229 "-" "Mozilla/5.0 (compatible; PRTG Network Monitor (www.paessler.com); Windows)"
212.91.246.72 - - [01/Mar/2022:18:11:59 +0100] "GET / HTTP/1.1" 200 1229 "-" "Mozilla/5.0 (compatible; PRTG Network Monitor (www.paessler.com); Windows)"
176.105.215.232 - - [01/Mar/2022:18:12:33 +0100] "GET / HTTP/1.0" 200 1229 "-" "-"
212.91.246.72 - - [01/Mar/2022:18:12:59 +0100] "GET / HTTP/1.1" 200 1229 "-" "Mozilla/5.0 (compatible; PRTG Network Monitor (www.paessler.com); Windows)"
212.91.246.72 - - [01/Mar/2022:18:13:59 +0100] "GET / HTTP/1.1" 200 1229 "-" "Mozilla/5.0 (compatible; PRTG Network Monitor (www.paessler.com); Windows)"
176.105.215.232 - - [01/Mar/2022:18:14:39 +0100] "GET / HTTP/1.0" 200 1229 "-" "-"
109.237.103.118 - - [01/Mar/2022:18:14:43 +0100] "GET /.env HTTP/1.1" 404 309 "-" "Mozilla/5.0 (X11; Linux x86_64) AppleWebKit/537.36 (KHTML, like Gecko) Chrome/81.0.4044.129 Safari/537.36"
109.237.103.118 - - [01/Mar/2022:18:14:43 +0100] "\x16\x03\x01\x01D\x01" 501 321 "-" "-"
212.91.246.72 - - [01/Mar/2022:18:14:59 +0100] "GET / HTTP/1.1" 200 1229 "-" "Mozilla/5.0 (compatible; PRTG Network Monitor (www.paessler.com); Windows)"
109.237.103.118 - - [01/Mar/2022:18:15:18 +0100] "GET /.env HTTP/1.1" 404 309 "-" "Mozilla/5.0 (X11; Linux x86_64) AppleWebKit/537.36 (KHTML, like Gecko) Chrome/81.0.4044.129 Safari/537.36"
109.237.103.118 - - [01/Mar/2022:18:15:18 +0100] "\x16\x03\x01\x01D\x01" 501 321 "-" "-"
212.91.246.72 - - [01/Mar/2022:18:15:59 +0100] "GET / HTTP/1.1" 200 1229 "-" "Mozilla/5.0 (compatible; PRTG Network Monitor (www.paessler.com); Windows)"
185.180.143.137 - - [01/Mar/2022:18:16:26 +0100] "GET / HTTP/1.1" 200 1229 "-" "Mozilla/5.0 (Windows NT 10.0; Win64; x64) AppleWebKit/537.36 (KHTML, like Gecko) Chrome/60.0.3112.113 Safari/537.36"
212.91.246.72 - - [01/Mar/2022:18:16:59 +0100] "GET / HTTP/1.1" 200 1229 "-" "Mozilla/5.0 (compatible; PRTG Network Monitor (www.paessler.com); Windows)"
212.91.246.72 - - [01/Mar/2022:18:17:59 +0100] "GET / HTTP/1.1" 200 1229 "-" "Mozilla/5.0 (compatible; PRTG Network Monitor (www.paessler.com); Windows)"
212.91.246.72 - - [01/Mar/2022:18:18:59 +0100] "GET / HTTP/1.1" 200 1229 "-" "Mozilla/5.0 (compatible; PRTG Network Monitor (www.paessler.com); Windows)"
212.91.246.72 - - [01/Mar/2022:18:19:59 +0100] "GET / HTTP/1.1" 200 1229 "-" "Mozilla/5.0 (compatible; PRTG Network Monitor (www.paessler.com); Windows)"
212.91.246.72 - - [01/Mar/2022:18:20:59 +0100] "GET / HTTP/1.1" 200 1229 "-" "Mozilla/5.0 (compatible; PRTG Network Monitor (www.paessler.com); Windows)"
212.91.246.72 - - [01/Mar/2022:18:21:59 +0100] "GET / HTTP/1.1" 200 1229 "-" "Mozilla/5.0 (compatible; PRTG Network Monitor (www.paessler.com); Windows)"
212.91.246.72 - - [01/Mar/2022:18:22:59 +0100] "GET / HTTP/1.1" 200 1229 "-" "Mozilla/5.0 (compatible; PRTG Network Monitor (www.paessler.com); Windows)"
212.91.246.72 - - [01/Mar/2022:18:23:59 +0100] "GET / HTTP/1.1" 200 1229 "-" "Mozilla/5.0 (compatible; PRTG Network Monitor (www.paessler.com); Windows)"
212.91.246.72 - - [01/Mar/2022:18:24:59 +0100] "GET / HTTP/1.1" 200 1229 "-" "Mozilla/5.0 (compatible; PRTG Network Monitor (www.paessler.com); Windows)"
212.91.246.72 - - [01/Mar/2022:18:25:59 +0100] "GET / HTTP/1.1" 200 1229 "-" "Mozilla/5.0 (compatible; PRTG Network Monitor (www.paessler.com); Windows)"
212.91.246.72 - - [01/Mar/2022:18:26:59 +0100] "GET / HTTP/1.1" 200 1229 "-" "Mozilla/5.0 (compatible; PRTG Network Monitor (www.paessler.com); Windows)"
212.91.246.72 - - [01/Mar/2022:18:27:59 +0100] "GET / HTTP/1.1" 200 1229 "-" "Mozilla/5.0 (compatible; PRTG Network Monitor (www.paessler.com); Windows)"
212.91.246.72 - - [01/Mar/2022:18:28:59 +0100] "GET / HTTP/1.1" 200 1229 "-" "Mozilla/5.0 (compatible; PRTG Network Monitor (www.paessler.com); Windows)"
212.91.246.72 - - [01/Mar/2022:18:29:59 +0100] "GET / HTTP/1.1" 200 1229 "-" "Mozilla/5.0 (compatible; PRTG Network Monitor (www.paessler.com); Windows)"
212.91.246.72 - - [01/Mar/2022:18:30:59 +0100] "GET / HTTP/1.1" 200 1229 "-" "Mozilla/5.0 (compatible; PRTG Network Monitor (www.paessler.com); Windows)"
43.131.22.118 - - [01/Mar/2022:18:31:28 +0100] "GET / HTTP/1.1" 200 1229 "-" "-"
212.91.246.72 - - [01/Mar/2022:18:31:59 +0100] "GET / HTTP/1.1" 200 1229 "-" "Mozilla/5.0 (compatible; PRTG Network Monitor (www.paessler.com); Windows)"
212.91.246.72 - - [01/Mar/2022:18:32:59 +0100] "GET / HTTP/1.1" 200 1229 "-" "Mozilla/5.0 (compatible; PRTG Network Monitor (www.paessler.com); Windows)"
212.91.246.72 - - [01/Mar/2022:18:33:59 +0100] "GET / HTTP/1.1" 200 1229 "-" "Mozilla/5.0 (compatible; PRTG Network Monitor (www.paessler.com); Windows)"
212.91.246.72 - - [01/Mar/2022:18:34:59 +0100] "GET / HTTP/1.1" 200 1229 "-" "Mozilla/5.0 (compatible; PRTG Network Monitor (www.paessler.com); Windows)"
115.48.10.69 - - [01/Mar/2022:18:35:37 +0100] "GET /boaform/admin/formLogin?username=admin&psd=admin HTTP/1.0" 404 324 "-" "-"
212.91.246.72 - - [01/Mar/2022:18:35:59 +0100] "GET / HTTP/1.1" 200 1229 "-" "Mozilla/5.0 (compatible; PRTG Network Monitor (www.paessler.com); Windows)"
80.191.184.76 - - [01/Mar/2022:18:36:32 +0100] "GET / HTTP/1.1" 200 1229 "-" "Mozilla/5.0 (Macintosh; Intel Mac OS X 10_11_6) AppleWebKit/601.7.7 (KHTML, like Gecko) Version/9.1.2 Safari/601.7.7"
212.91.246.72 - - [01/Mar/2022:18:36:59 +0100] "GET / HTTP/1.1" 200 1229 "-" "Mozilla/5.0 (compatible; PRTG Network Monitor (www.paessler.com); Windows)"
45.137.21.208 - - [01/Mar/2022:18:37:06 +0100] "GET http://example.com/ HTTP/1.1" 200 1229 "-" "Go-http-client/1.1"
181.143.128.11 - - [01/Mar/2022:18:37:46 +0100] "GET / HTTP/1.1" 200 1229 "-" "Mozilla/5.0 (Windows NT 6.1; WOW64) AppleWebKit/537.36 (KHTML, like Gecko) Chrome/52.0.2743.116 Safari/537.36"
212.91.246.72 - - [01/Mar/2022:18:37:59 +0100] "GET / HTTP/1.1" 200 1229 "-" "Mozilla/5.0 (compatible; PRTG Network Monitor (www.paessler.com); Windows)"
212.91.246.72 - - [01/Mar/2022:18:38:59 +0100] "GET / HTTP/1.1" 200 1229 "-" "Mozilla/5.0 (compatible; PRTG Network Monitor (www.paessler.com); Windows)"
212.91.246.72 - - [01/Mar/2022:18:39:59 +0100] "GET / HTTP/1.1" 200 1229 "-" "Mozilla/5.0 (compatible; PRTG Network Monitor (www.paessler.com); Windows)"
167.94.145.57 - - [01/Mar/2022:18:40:14 +0100] "GET / HTTP/1.1" 200 1229 "-" "-"
167.94.145.57 - - [01/Mar/2022:18:40:14 +0100] "GET / HTTP/1.1" 200 1229 "-" "Mozilla/5.0 (compatible; CensysInspect/1.1; +https://about.censys.io/)"
167.94.145.57 - - [01/Mar/2022:18:40:14 +0100] "PRI * HTTP/2.0" 400 329 "-" "-"
180.105.224.146 - - [01/Mar/2022:18:40:46 +0100] "POST /HNAP1/ HTTP/1.0" 404 311 "-" "-"
212.91.246.72 - - [01/Mar/2022:18:40:59 +0100] "GET / HTTP/1.1" 200 1229 "-" "Mozilla/5.0 (compatible; PRTG Network Monitor (www.paessler.com); Windows)"
212.91.246.72 - - [01/Mar/2022:18:41:59 +0100] "GET / HTTP/1.1" 200 1229 "-" "Mozilla/5.0 (compatible; PRTG Network Monitor (www.paessler.com); Windows)"
45.137.23.152 - - [01/Mar/2022:18:42:16 +0100] "GET /doc/script/lib/seajs/config/sea-config.js HTTP/1.1" 404 346 "-" "Mozilla/5.0 (iPad; CPU OS 7_1_2 like Mac OS X; en-US) AppleWebKit/531.5.2 (KHTML, like Gecko) Version/4.0.5 Mobile/8B116 Safari/6531.5.2"
212.91.246.72 - - [01/Mar/2022:18:42:59 +0100] "GET / HTTP/1.1" 200 1229 "-" "Mozilla/5.0 (compatible; PRTG Network Monitor (www.paessler.com); Windows)"
212.91.246.72 - - [01/Mar/2022:18:43:59 +0100] "GET / HTTP/1.1" 200 1229 "-" "Mozilla/5.0 (compatible; PRTG Network Monitor (www.paessler.com); Windows)"
212.91.246.72 - - [01/Mar/2022:18:44:59 +0100] "GET / HTTP/1.1" 200 1229 "-" "Mozilla/5.0 (compatible; PRTG Network Monitor (www.paessler.com); Windows)"
212.91.246.72 - - [01/Mar/2022:18:45:59 +0100] "GET / HTTP/1.1" 200 1229 "-" "Mozilla/5.0 (compatible; PRTG Network Monitor (www.paessler.com); Windows)"
212.91.246.72 - - [01/Mar/2022:18:46:59 +0100] "GET / HTTP/1.1" 200 1229 "-" "Mozilla/5.0 (compatible; PRTG Network Monitor (www.paessler.com); Windows)"
212.91.246.72 - - [01/Mar/2022:18:47:59 +0100] "GET / HTTP/1.1" 200 1229 "-" "Mozilla/5.0 (compatible; PRTG Network Monitor (www.paessler.com); Windows)"
212.91.246.72 - - [01/Mar/2022:18:48:59 +0100] "GET / HTTP/1.1" 200 1229 "-" "Mozilla/5.0 (compatible; PRTG Network Monitor (www.paessler.com); Windows)"
212.91.246.72 - - [01/Mar/2022:18:49:59 +0100] "GET / HTTP/1.1" 200 1229 "-" "Mozilla/5.0 (compatible; PRTG Network Monitor (www.paessler.com); Windows)"
212.91.246.72 - - [01/Mar/2022:18:50:59 +0100] "GET / HTTP/1.1" 200 1229 "-" "Mozilla/5.0 (compatible; PRTG Network Monitor (www.paessler.com); Windows)"
212.91.246.72 - - [01/Mar/2022:18:51:59 +0100] "GET / HTTP/1.1" 200 1229 "-" "Mozilla/5.0 (compatible; PRTG Network Monitor (www.paessler.com); Windows)"
212.91.246.72 - - [01/Mar/2022:18:52:59 +0100] "GET / HTTP/1.1" 200 1229 "-" "Mozilla/5.0 (compatible; PRTG Network Monitor (www.paessler.com); Windows)"
212.91.246.72 - - [01/Mar/2022:18:53:59 +0100] "GET / HTTP/1.1" 200 1229 "-" "Mozilla/5.0 (compatible; PRTG Network Monitor (www.paessler.com); Windows)"
212.91.246.72 - - [01/Mar/2022:18:54:59 +0100] "GET / HTTP/1.1" 200 1229 "-" "Mozilla/5.0 (compatible; PRTG Network Monitor (www.paessler.com); Windows)"
212.91.246.72 - - [01/Mar/2022:18:55:59 +0100] "GET / HTTP/1.1" 200 1229 "-" "Mozilla/5.0 (compatible; PRTG Network Monitor (www.paessler.com); Windows)"
212.91.246.72 - - [01/Mar/2022:18:56:59 +0100] "GET / HTTP/1.1" 200 1229 "-" "Mozilla/5.0 (compatible; PRTG Network Monitor (www.paessler.com); Windows)"
212.91.246.72 - - [01/Mar/2022:18:57:59 +0100] "GET / HTTP/1.1" 200 1229 "-" "Mozilla/5.0 (compatible; PRTG Network Monitor (www.paessler.com); Windows)"
212.91.246.72 - - [01/Mar/2022:18:58:59 +0100] "GET / HTTP/1.1" 200 1229 "-" "Mozilla/5.0 (compatible; PRTG Network Monitor (www.paessler.com); Windows)"
212.91.246.72 - - [01/Mar/2022:18:59:59 +0100] "GET / HTTP/1.1" 200 1229 "-" "Mozilla/5.0 (compatible; PRTG Network Monitor (www.paessler.com); Windows)"
212.91.246.72 - - [01/Mar/2022:19:00:59 +0100] "GET / HTTP/1.1" 200 1229 "-" "Mozilla/5.0 (compatible; PRTG Network Monitor (www.paessler.com); Windows)"
212.91.246.72 - - [01/Mar/2022:19:01:59 +0100] "GET / HTTP/1.1" 200 1229 "-" "Mozilla/5.0 (compatible; PRTG Network Monitor (www.paessler.com); Windows)"
93.70.67.55 - - [01/Mar/2022:19:02:05 +0100] "GET / HTTP/1.1" 200 1229 "-" "Mozilla/5.0 (Macintosh; Intel Mac OS X 10_11_6) AppleWebKit/601.7.7 (KHTML, like Gecko) Version/9.1.2 Safari/601.7.7"
5.113.173.196 - - [01/Mar/2022:19:02:26 +0100] "GET / HTTP/1.1" 200 1229 "-" "Mozilla/5.0 (Windows NT 10.0; WOW64) AppleWebKit/537.36 (KHTML, like Gecko) Chrome/52.0.2743.116 Safari/537.36"
212.91.246.72 - - [01/Mar/2022:19:02:59 +0100] "GET / HTTP/1.1" 200 1229 "-" "Mozilla/5.0 (compatible; PRTG Network Monitor (www.paessler.com); Windows)"
212.192.241.99 - - [01/Mar/2022:19:03:40 +0100] "GET /config/getuser?index=0 HTTP/1.1" 404 319 "-" "Mozilla/5.0 (X11; Ubuntu; Linux x86_64; rv:76.0) Gecko/20100101 Firefox/76.0"
212.91.246.72 - - [01/Mar/2022:19:03:59 +0100] "GET / HTTP/1.1" 200 1229 "-" "Mozilla/5.0 (compatible; PRTG Network Monitor (www.paessler.com); Windows)"
170.238.113.214 - - [01/Mar/2022:19:04:48 +0100] "GET / HTTP/1.1" 200 1229 "-" "Mozilla/5.0 (Windows NT 6.1; WOW64) AppleWebKit/537.36 (KHTML, like Gecko) Chrome/52.0.2743.116 Safari/537.36"
212.91.246.72 - - [01/Mar/2022:19:04:59 +0100] "GET / HTTP/1.1" 200 1229 "-" "Mozilla/5.0 (compatible; PRTG Network Monitor (www.paessler.com); Windows)"
13.72.78.196 - - [01/Mar/2022:19:05:33 +0100] "GET /.env HTTP/1.1" 404 309 "-" "Mozilla/5.0 (Linux; Android 9; U693CL) AppleWebKit/537.36 (KHTML, like Gecko) Chrome/77.0.3865.92 Mobile Safari/537.36"
13.72.78.196 - - [01/Mar/2022:19:05:33 +0100] "POST / HTTP/1.1" 200 1229 "-" "Mozilla/5.0 (Linux; Android 9; U693CL) AppleWebKit/537.36 (KHTML, like Gecko) Chrome/77.0.3865.92 Mobile Safari/537.36"
13.72.78.196 - - [01/Mar/2022:19:05:34 +0100] "GET /_profiler/phpinfo HTTP/1.1" 404 322 "-" "Mozilla/5.0 (Linux; Android 9; U693CL) AppleWebKit/537.36 (KHTML, like Gecko) Chrome/77.0.3865.92 Mobile Safari/537.36"
13.72.78.196 - - [01/Mar/2022:19:05:34 +0100] "GET /phpinfo.php HTTP/1.1" 404 316 "-" "Mozilla/5.0 (Linux; Android 9; U693CL) AppleWebKit/537.36 (KHTML, like Gecko) Chrome/77.0.3865.92 Mobile Safari/537.36"
13.72.78.196 - - [01/Mar/2022:19:05:34 +0100] "GET /phpinfo HTTP/1.1" 404 312 "-" "Mozilla/5.0 (Linux; Android 9; U693CL) AppleWebKit/537.36 (KHTML, like Gecko) Chrome/77.0.3865.92 Mobile Safari/537.36"
13.72.78.196 - - [01/Mar/2022:19:05:34 +0100] "GET /aws.yml HTTP/1.1" 404 312 "-" "Mozilla/5.0 (Linux; Android 9; U693CL) AppleWebKit/537.36 (KHTML, like Gecko) Chrome/77.0.3865.92 Mobile Safari/537.36"
13.72.78.196 - - [01/Mar/2022:19:05:35 +0100] "GET /.env.bak HTTP/1.1" 404 313 "-" "Mozilla/5.0 (Linux; Android 9; U693CL) AppleWebKit/537.36 (KHTML, like Gecko) Chrome/77.0.3865.92 Mobile Safari/537.36"
13.72.78.196 - - [01/Mar/2022:19:05:35 +0100] "GET /info.php HTTP/1.1" 404 313 "-" "Mozilla/5.0 (Linux; Android 9; U693CL) AppleWebKit/537.36 (KHTML, like Gecko) Chrome/77.0.3865.92 Mobile Safari/537.36"
13.72.78.196 - - [01/Mar/2022:19:05:35 +0100] "GET /.aws/credentials HTTP/1.1" 404 321 "-" "Mozilla/5.0 (Linux; Android 9; U693CL) AppleWebKit/537.36 (KHTML, like Gecko) Chrome/77.0.3865.92 Mobile Safari/537.36"
13.72.78.196 - - [01/Mar/2022:19:05:35 +0100] "GET / HTTP/1.1" 200 1229 "-" "Mozilla/5.0 (Linux; Android 9; U693CL) AppleWebKit/537.36 (KHTML, like Gecko) Chrome/77.0.3865.92 Mobile Safari/537.36"
13.72.78.196 - - [01/Mar/2022:19:05:35 +0100] "GET /config/aws.yml HTTP/1.1" 404 319 "-" "Mozilla/5.0 (Linux; Android 9; U693CL) AppleWebKit/537.36 (KHTML, like Gecko) Chrome/77.0.3865.92 Mobile Safari/537.36"
13.72.78.196 - - [01/Mar/2022:19:05:36 +0100] "GET /config.js HTTP/1.1" 404 314 "-" "Mozilla/5.0 (Linux; Android 9; U693CL) AppleWebKit/537.36 (KHTML, like Gecko) Chrome/77.0.3865.92 Mobile Safari/537.36"
212.91.246.72 - - [01/Mar/2022:19:05:59 +0100] "GET / HTTP/1.1" 200 1229 "-" "Mozilla/5.0 (compatible; PRTG Network Monitor (www.paessler.com); Windows)"
212.91.246.72 - - [01/Mar/2022:19:06:59 +0100] "GET / HTTP/1.1" 200 1229 "-" "Mozilla/5.0 (compatible; PRTG Network Monitor (www.paessler.com); Windows)"
13.72.78.196 - - [01/Mar/2022:19:07:44 +0100] "GET /.env HTTP/1.1" 404 309 "-" "Mozilla/5.0 (Linux; Android 9; U693CL) AppleWebKit/537.36 (KHTML, like Gecko) Chrome/77.0.3865.92 Mobile Safari/537.36"
13.72.78.196 - - [01/Mar/2022:19:07:44 +0100] "POST / HTTP/1.1" 200 1229 "-" "Mozilla/5.0 (Linux; Android 9; U693CL) AppleWebKit/537.36 (KHTML, like Gecko) Chrome/77.0.3865.92 Mobile Safari/537.36"
13.72.78.196 - - [01/Mar/2022:19:07:44 +0100] "GET /_profiler/phpinfo HTTP/1.1" 404 322 "-" "Mozilla/5.0 (Linux; Android 9; U693CL) AppleWebKit/537.36 (KHTML, like Gecko) Chrome/77.0.3865.92 Mobile Safari/537.36"
13.72.78.196 - - [01/Mar/2022:19:07:44 +0100] "GET /phpinfo.php HTTP/1.1" 404 316 "-" "Mozilla/5.0 (Linux; Android 9; U693CL) AppleWebKit/537.36 (KHTML, like Gecko) Chrome/77.0.3865.92 Mobile Safari/537.36"
13.72.78.196 - - [01/Mar/2022:19:07:45 +0100] "GET /phpinfo HTTP/1.1" 404 312 "-" "Mozilla/5.0 (Linux; Android 9; U693CL) AppleWebKit/537.36 (KHTML, like Gecko) Chrome/77.0.3865.92 Mobile Safari/537.36"
13.72.78.196 - - [01/Mar/2022:19:07:45 +0100] "GET /aws.yml HTTP/1.1" 404 312 "-" "Mozilla/5.0 (Linux; Android 9; U693CL) AppleWebKit/537.36 (KHTML, like Gecko) Chrome/77.0.3865.92 Mobile Safari/537.36"
13.72.78.196 - - [01/Mar/2022:19:07:45 +0100] "GET /.env.bak HTTP/1.1" 404 313 "-" "Mozilla/5.0 (Linux; Android 9; U693CL) AppleWebKit/537.36 (KHTML, like Gecko) Chrome/77.0.3865.92 Mobile Safari/537.36"
13.72.78.196 - - [01/Mar/2022:19:07:45 +0100] "GET /info.php HTTP/1.1" 404 313 "-" "Mozilla/5.0 (Linux; Android 9; U693CL) AppleWebKit/537.36 (KHTML, like Gecko) Chrome/77.0.3865.92 Mobile Safari/537.36"
13.72.78.196 - - [01/Mar/2022:19:07:45 +0100] "GET /.aws/credentials HTTP/1.1" 404 321 "-" "Mozilla/5.0 (Linux; Android 9; U693CL) AppleWebKit/537.36 (KHTML, like Gecko) Chrome/77.0.3865.92 Mobile Safari/537.36"
13.72.78.196 - - [01/Mar/2022:19:07:46 +0100] "GET / HTTP/1.1" 200 1229 "-" "Mozilla/5.0 (Linux; Android 9; U693CL) AppleWebKit/537.36 (KHTML, like Gecko) Chrome/77.0.3865.92 Mobile Safari/537.36"
13.72.78.196 - - [01/Mar/2022:19:07:46 +0100] "GET /config/aws.yml HTTP/1.1" 404 319 "-" "Mozilla/5.0 (Linux; Android 9; U693CL) AppleWebKit/537.36 (KHTML, like Gecko) Chrome/77.0.3865.92 Mobile Safari/537.36"
13.72.78.196 - - [01/Mar/2022:19:07:46 +0100] "GET /config.js HTTP/1.1" 404 314 "-" "Mozilla/5.0 (Linux; Android 9; U693CL) AppleWebKit/537.36 (KHTML, like Gecko) Chrome/77.0.3865.92 Mobile Safari/537.36"
212.91.246.72 - - [01/Mar/2022:19:07:59 +0100] "GET / HTTP/1.1" 200 1229 "-" "Mozilla/5.0 (compatible; PRTG Network Monitor (www.paessler.com); Windows)"
212.91.246.72 - - [01/Mar/2022:19:08:59 +0100] "GET / HTTP/1.1" 200 1229 "-" "Mozilla/5.0 (compatible; PRTG Network Monitor (www.paessler.com); Windows)"
13.72.78.196 - - [01/Mar/2022:19:09:04 +0100] "GET /.env HTTP/1.1" 404 309 "-" "Mozilla/5.0 (Linux; Android 9; U693CL) AppleWebKit/537.36 (KHTML, like Gecko) Chrome/77.0.3865.92 Mobile Safari/537.36"
13.72.78.196 - - [01/Mar/2022:19:09:04 +0100] "POST / HTTP/1.1" 200 1229 "-" "Mozilla/5.0 (Linux; Android 9; U693CL) AppleWebKit/537.36 (KHTML, like Gecko) Chrome/77.0.3865.92 Mobile Safari/537.36"
13.72.78.196 - - [01/Mar/2022:19:09:05 +0100] "GET /_profiler/phpinfo HTTP/1.1" 404 322 "-" "Mozilla/5.0 (Linux; Android 9; U693CL) AppleWebKit/537.36 (KHTML, like Gecko) Chrome/77.0.3865.92 Mobile Safari/537.36"
13.72.78.196 - - [01/Mar/2022:19:09:05 +0100] "GET /phpinfo.php HTTP/1.1" 404 316 "-" "Mozilla/5.0 (Linux; Android 9; U693CL) AppleWebKit/537.36 (KHTML, like Gecko) Chrome/77.0.3865.92 Mobile Safari/537.36"
13.72.78.196 - - [01/Mar/2022:19:09:05 +0100] "GET /phpinfo HTTP/1.1" 404 312 "-" "Mozilla/5.0 (Linux; Android 9; U693CL) AppleWebKit/537.36 (KHTML, like Gecko) Chrome/77.0.3865.92 Mobile Safari/537.36"
13.72.78.196 - - [01/Mar/2022:19:09:05 +0100] "GET /aws.yml HTTP/1.1" 404 312 "-" "Mozilla/5.0 (Linux; Android 9; U693CL) AppleWebKit/537.36 (KHTML, like Gecko) Chrome/77.0.3865.92 Mobile Safari/537.36"
13.72.78.196 - - [01/Mar/2022:19:09:05 +0100] "GET /.env.bak HTTP/1.1" 404 313 "-" "Mozilla/5.0 (Linux; Android 9; U693CL) AppleWebKit/537.36 (KHTML, like Gecko) Chrome/77.0.3865.92 Mobile Safari/537.36"
13.72.78.196 - - [01/Mar/2022:19:09:06 +0100] "GET /info.php HTTP/1.1" 404 313 "-" "Mozilla/5.0 (Linux; Android 9; U693CL) AppleWebKit/537.36 (KHTML, like Gecko) Chrome/77.0.3865.92 Mobile Safari/537.36"
13.72.78.196 - - [01/Mar/2022:19:09:06 +0100] "GET /.aws/credentials HTTP/1.1" 404 321 "-" "Mozilla/5.0 (Linux; Android 9; U693CL) AppleWebKit/537.36 (KHTML, like Gecko) Chrome/77.0.3865.92 Mobile Safari/537.36"
13.72.78.196 - - [01/Mar/2022:19:09:06 +0100] "GET / HTTP/1.1" 200 1229 "-" "Mozilla/5.0 (Linux; Android 9; U693CL) AppleWebKit/537.36 (KHTML, like Gecko) Chrome/77.0.3865.92 Mobile Safari/537.36"
13.72.78.196 - - [01/Mar/2022:19:09:06 +0100] "GET /config/aws.yml HTTP/1.1" 404 319 "-" "Mozilla/5.0 (Linux; Android 9; U693CL) AppleWebKit/537.36 (KHTML, like Gecko) Chrome/77.0.3865.92 Mobile Safari/537.36"
13.72.78.196 - - [01/Mar/2022:19:09:06 +0100] "GET /config.js HTTP/1.1" 404 314 "-" "Mozilla/5.0 (Linux; Android 9; U693CL) AppleWebKit/537.36 (KHTML, like Gecko) Chrome/77.0.3865.92 Mobile Safari/537.36"
212.91.246.72 - - [01/Mar/2022:19:09:59 +0100] "GET / HTTP/1.1" 200 1229 "-" "Mozilla/5.0 (compatible; PRTG Network Monitor (www.paessler.com); Windows)"
13.72.78.196 - - [01/Mar/2022:19:10:59 +0100] "GET /.env HTTP/1.1" 404 309 "-" "Mozilla/5.0 (Linux; Android 9; U693CL) AppleWebKit/537.36 (KHTML, like Gecko) Chrome/77.0.3865.92 Mobile Safari/537.36"
212.91.246.72 - - [01/Mar/2022:19:10:59 +0100] "GET / HTTP/1.1" 200 1229 "-" "Mozilla/5.0 (compatible; PRTG Network Monitor (www.paessler.com); Windows)"
13.72.78.196 - - [01/Mar/2022:19:10:59 +0100] "POST / HTTP/1.1" 200 1229 "-" "Mozilla/5.0 (Linux; Android 9; U693CL) AppleWebKit/537.36 (KHTML, like Gecko) Chrome/77.0.3865.92 Mobile Safari/537.36"
13.72.78.196 - - [01/Mar/2022:19:10:59 +0100] "GET /_profiler/phpinfo HTTP/1.1" 404 322 "-" "Mozilla/5.0 (Linux; Android 9; U693CL) AppleWebKit/537.36 (KHTML, like Gecko) Chrome/77.0.3865.92 Mobile Safari/537.36"
13.72.78.196 - - [01/Mar/2022:19:11:00 +0100] "GET /phpinfo.php HTTP/1.1" 404 316 "-" "Mozilla/5.0 (Linux; Android 9; U693CL) AppleWebKit/537.36 (KHTML, like Gecko) Chrome/77.0.3865.92 Mobile Safari/537.36"
13.72.78.196 - - [01/Mar/2022:19:11:00 +0100] "GET /phpinfo HTTP/1.1" 404 312 "-" "Mozilla/5.0 (Linux; Android 9; U693CL) AppleWebKit/537.36 (KHTML, like Gecko) Chrome/77.0.3865.92 Mobile Safari/537.36"
13.72.78.196 - - [01/Mar/2022:19:11:00 +0100] "GET /aws.yml HTTP/1.1" 404 312 "-" "Mozilla/5.0 (Linux; Android 9; U693CL) AppleWebKit/537.36 (KHTML, like Gecko) Chrome/77.0.3865.92 Mobile Safari/537.36"
13.72.78.196 - - [01/Mar/2022:19:11:00 +0100] "GET /.env.bak HTTP/1.1" 404 313 "-" "Mozilla/5.0 (Linux; Android 9; U693CL) AppleWebKit/537.36 (KHTML, like Gecko) Chrome/77.0.3865.92 Mobile Safari/537.36"
13.72.78.196 - - [01/Mar/2022:19:11:00 +0100] "GET /info.php HTTP/1.1" 404 313 "-" "Mozilla/5.0 (Linux; Android 9; U693CL) AppleWebKit/537.36 (KHTML, like Gecko) Chrome/77.0.3865.92 Mobile Safari/537.36"
13.72.78.196 - - [01/Mar/2022:19:11:01 +0100] "GET /.aws/credentials HTTP/1.1" 404 321 "-" "Mozilla/5.0 (Linux; Android 9; U693CL) AppleWebKit/537.36 (KHTML, like Gecko) Chrome/77.0.3865.92 Mobile Safari/537.36"
13.72.78.196 - - [01/Mar/2022:19:11:01 +0100] "GET / HTTP/1.1" 200 1229 "-" "Mozilla/5.0 (Linux; Android 9; U693CL) AppleWebKit/537.36 (KHTML, like Gecko) Chrome/77.0.3865.92 Mobile Safari/537.36"
13.72.78.196 - - [01/Mar/2022:19:11:01 +0100] "GET /config/aws.yml HTTP/1.1" 404 319 "-" "Mozilla/5.0 (Linux; Android 9; U693CL) AppleWebKit/537.36 (KHTML, like Gecko) Chrome/77.0.3865.92 Mobile Safari/537.36"
13.72.78.196 - - [01/Mar/2022:19:11:01 +0100] "GET /config.js HTTP/1.1" 404 314 "-" "Mozilla/5.0 (Linux; Android 9; U693CL) AppleWebKit/537.36 (KHTML, like Gecko) Chrome/77.0.3865.92 Mobile Safari/537.36"
13.72.78.196 - - [01/Mar/2022:19:11:10 +0100] "GET /.env HTTP/1.1" 404 309 "-" "Mozilla/5.0 (Linux; Android 9; U693CL) AppleWebKit/537.36 (KHTML, like Gecko) Chrome/77.0.3865.92 Mobile Safari/537.36"
13.72.78.196 - - [01/Mar/2022:19:11:10 +0100] "POST / HTTP/1.1" 200 1229 "-" "Mozilla/5.0 (Linux; Android 9; U693CL) AppleWebKit/537.36 (KHTML, like Gecko) Chrome/77.0.3865.92 Mobile Safari/537.36"
13.72.78.196 - - [01/Mar/2022:19:11:11 +0100] "GET /_profiler/phpinfo HTTP/1.1" 404 322 "-" "Mozilla/5.0 (Linux; Android 9; U693CL) AppleWebKit/537.36 (KHTML, like Gecko) Chrome/77.0.3865.92 Mobile Safari/537.36"
13.72.78.196 - - [01/Mar/2022:19:11:11 +0100] "GET /phpinfo.php HTTP/1.1" 404 316 "-" "Mozilla/5.0 (Linux; Android 9; U693CL) AppleWebKit/537.36 (KHTML, like Gecko) Chrome/77.0.3865.92 Mobile Safari/537.36"
13.72.78.196 - - [01/Mar/2022:19:11:11 +0100] "GET /phpinfo HTTP/1.1" 404 312 "-" "Mozilla/5.0 (Linux; Android 9; U693CL) AppleWebKit/537.36 (KHTML, like Gecko) Chrome/77.0.3865.92 Mobile Safari/537.36"
13.72.78.196 - - [01/Mar/2022:19:11:11 +0100] "GET /aws.yml HTTP/1.1" 404 312 "-" "Mozilla/5.0 (Linux; Android 9; U693CL) AppleWebKit/537.36 (KHTML, like Gecko) Chrome/77.0.3865.92 Mobile Safari/537.36"
13.72.78.196 - - [01/Mar/2022:19:11:11 +0100] "GET /.env.bak HTTP/1.1" 404 313 "-" "Mozilla/5.0 (Linux; Android 9; U693CL) AppleWebKit/537.36 (KHTML, like Gecko) Chrome/77.0.3865.92 Mobile Safari/537.36"
13.72.78.196 - - [01/Mar/2022:19:11:12 +0100] "GET /info.php HTTP/1.1" 404 313 "-" "Mozilla/5.0 (Linux; Android 9; U693CL) AppleWebKit/537.36 (KHTML, like Gecko) Chrome/77.0.3865.92 Mobile Safari/537.36"
13.72.78.196 - - [01/Mar/2022:19:11:12 +0100] "GET /.aws/credentials HTTP/1.1" 404 321 "-" "Mozilla/5.0 (Linux; Android 9; U693CL) AppleWebKit/537.36 (KHTML, like Gecko) Chrome/77.0.3865.92 Mobile Safari/537.36"
13.72.78.196 - - [01/Mar/2022:19:11:12 +0100] "GET / HTTP/1.1" 200 1229 "-" "Mozilla/5.0 (Linux; Android 9; U693CL) AppleWebKit/537.36 (KHTML, like Gecko) Chrome/77.0.3865.92 Mobile Safari/537.36"
13.72.78.196 - - [01/Mar/2022:19:11:12 +0100] "GET /config/aws.yml HTTP/1.1" 404 319 "-" "Mozilla/5.0 (Linux; Android 9; U693CL) AppleWebKit/537.36 (KHTML, like Gecko) Chrome/77.0.3865.92 Mobile Safari/537.36"
13.72.78.196 - - [01/Mar/2022:19:11:12 +0100] "GET /config.js HTTP/1.1" 404 314 "-" "Mozilla/5.0 (Linux; Android 9; U693CL) AppleWebKit/537.36 (KHTML, like Gecko) Chrome/77.0.3865.92 Mobile Safari/537.36"
13.72.78.196 - - [01/Mar/2022:19:11:49 +0100] "GET /.env HTTP/1.1" 404 309 "-" "Mozilla/5.0 (Linux; Android 9; U693CL) AppleWebKit/537.36 (KHTML, like Gecko) Chrome/77.0.3865.92 Mobile Safari/537.36"
13.72.78.196 - - [01/Mar/2022:19:11:50 +0100] "POST / HTTP/1.1" 200 1229 "-" "Mozilla/5.0 (Linux; Android 9; U693CL) AppleWebKit/537.36 (KHTML, like Gecko) Chrome/77.0.3865.92 Mobile Safari/537.36"
13.72.78.196 - - [01/Mar/2022:19:11:50 +0100] "GET /_profiler/phpinfo HTTP/1.1" 404 322 "-" "Mozilla/5.0 (Linux; Android 9; U693CL) AppleWebKit/537.36 (KHTML, like Gecko) Chrome/77.0.3865.92 Mobile Safari/537.36"
13.72.78.196 - - [01/Mar/2022:19:11:50 +0100] "GET /phpinfo.php HTTP/1.1" 404 316 "-" "Mozilla/5.0 (Linux; Android 9; U693CL) AppleWebKit/537.36 (KHTML, like Gecko) Chrome/77.0.3865.92 Mobile Safari/537.36"
13.72.78.196 - - [01/Mar/2022:19:11:50 +0100] "GET /phpinfo HTTP/1.1" 404 312 "-" "Mozilla/5.0 (Linux; Android 9; U693CL) AppleWebKit/537.36 (KHTML, like Gecko) Chrome/77.0.3865.92 Mobile Safari/537.36"
13.72.78.196 - - [01/Mar/2022:19:11:51 +0100] "GET /aws.yml HTTP/1.1" 404 312 "-" "Mozilla/5.0 (Linux; Android 9; U693CL) AppleWebKit/537.36 (KHTML, like Gecko) Chrome/77.0.3865.92 Mobile Safari/537.36"
13.72.78.196 - - [01/Mar/2022:19:11:51 +0100] "GET /.env.bak HTTP/1.1" 404 313 "-" "Mozilla/5.0 (Linux; Android 9; U693CL) AppleWebKit/537.36 (KHTML, like Gecko) Chrome/77.0.3865.92 Mobile Safari/537.36"
13.72.78.196 - - [01/Mar/2022:19:11:51 +0100] "GET /info.php HTTP/1.1" 404 313 "-" "Mozilla/5.0 (Linux; Android 9; U693CL) AppleWebKit/537.36 (KHTML, like Gecko) Chrome/77.0.3865.92 Mobile Safari/537.36"
13.72.78.196 - - [01/Mar/2022:19:11:51 +0100] "GET /.aws/credentials HTTP/1.1" 404 321 "-" "Mozilla/5.0 (Linux; Android 9; U693CL) AppleWebKit/537.36 (KHTML, like Gecko) Chrome/77.0.3865.92 Mobile Safari/537.36"
13.72.78.196 - - [01/Mar/2022:19:11:51 +0100] "GET / HTTP/1.1" 200 1229 "-" "Mozilla/5.0 (Linux; Android 9; U693CL) AppleWebKit/537.36 (KHTML, like Gecko) Chrome/77.0.3865.92 Mobile Safari/537.36"
13.72.78.196 - - [01/Mar/2022:19:11:52 +0100] "GET /config/aws.yml HTTP/1.1" 404 319 "-" "Mozilla/5.0 (Linux; Android 9; U693CL) AppleWebKit/537.36 (KHTML, like Gecko) Chrome/77.0.3865.92 Mobile Safari/537.36"
13.72.78.196 - - [01/Mar/2022:19:11:52 +0100] "GET /config.js HTTP/1.1" 404 314 "-" "Mozilla/5.0 (Linux; Android 9; U693CL) AppleWebKit/537.36 (KHTML, like Gecko) Chrome/77.0.3865.92 Mobile Safari/537.36"
212.91.246.72 - - [01/Mar/2022:19:11:59 +0100] "GET / HTTP/1.1" 200 1229 "-" "Mozilla/5.0 (compatible; PRTG Network Monitor (www.paessler.com); Windows)"
212.91.246.72 - - [01/Mar/2022:19:12:59 +0100] "GET / HTTP/1.1" 200 1229 "-" "Mozilla/5.0 (compatible; PRTG Network Monitor (www.paessler.com); Windows)"
13.72.78.196 - - [01/Mar/2022:19:13:16 +0100] "GET /.env HTTP/1.1" 404 309 "-" "Mozilla/5.0 (Linux; Android 9; U693CL) AppleWebKit/537.36 (KHTML, like Gecko) Chrome/77.0.3865.92 Mobile Safari/537.36"
13.72.78.196 - - [01/Mar/2022:19:13:16 +0100] "POST / HTTP/1.1" 200 1229 "-" "Mozilla/5.0 (Linux; Android 9; U693CL) AppleWebKit/537.36 (KHTML, like Gecko) Chrome/77.0.3865.92 Mobile Safari/537.36"
13.72.78.196 - - [01/Mar/2022:19:13:16 +0100] "GET /_profiler/phpinfo HTTP/1.1" 404 322 "-" "Mozilla/5.0 (Linux; Android 9; U693CL) AppleWebKit/537.36 (KHTML, like Gecko) Chrome/77.0.3865.92 Mobile Safari/537.36"
13.72.78.196 - - [01/Mar/2022:19:13:16 +0100] "GET /phpinfo.php HTTP/1.1" 404 316 "-" "Mozilla/5.0 (Linux; Android 9; U693CL) AppleWebKit/537.36 (KHTML, like Gecko) Chrome/77.0.3865.92 Mobile Safari/537.36"
13.72.78.196 - - [01/Mar/2022:19:13:17 +0100] "GET /phpinfo HTTP/1.1" 404 312 "-" "Mozilla/5.0 (Linux; Android 9; U693CL) AppleWebKit/537.36 (KHTML, like Gecko) Chrome/77.0.3865.92 Mobile Safari/537.36"
13.72.78.196 - - [01/Mar/2022:19:13:17 +0100] "GET /aws.yml HTTP/1.1" 404 312 "-" "Mozilla/5.0 (Linux; Android 9; U693CL) AppleWebKit/537.36 (KHTML, like Gecko) Chrome/77.0.3865.92 Mobile Safari/537.36"
13.72.78.196 - - [01/Mar/2022:19:13:17 +0100] "GET /.env.bak HTTP/1.1" 404 313 "-" "Mozilla/5.0 (Linux; Android 9; U693CL) AppleWebKit/537.36 (KHTML, like Gecko) Chrome/77.0.3865.92 Mobile Safari/537.36"
13.72.78.196 - - [01/Mar/2022:19:13:17 +0100] "GET /info.php HTTP/1.1" 404 313 "-" "Mozilla/5.0 (Linux; Android 9; U693CL) AppleWebKit/537.36 (KHTML, like Gecko) Chrome/77.0.3865.92 Mobile Safari/537.36"
13.72.78.196 - - [01/Mar/2022:19:13:18 +0100] "GET /.aws/credentials HTTP/1.1" 404 321 "-" "Mozilla/5.0 (Linux; Android 9; U693CL) AppleWebKit/537.36 (KHTML, like Gecko) Chrome/77.0.3865.92 Mobile Safari/537.36"
13.72.78.196 - - [01/Mar/2022:19:13:18 +0100] "GET / HTTP/1.1" 200 1229 "-" "Mozilla/5.0 (Linux; Android 9; U693CL) AppleWebKit/537.36 (KHTML, like Gecko) Chrome/77.0.3865.92 Mobile Safari/537.36"
13.72.78.196 - - [01/Mar/2022:19:13:18 +0100] "GET /config/aws.yml HTTP/1.1" 404 319 "-" "Mozilla/5.0 (Linux; Android 9; U693CL) AppleWebKit/537.36 (KHTML, like Gecko) Chrome/77.0.3865.92 Mobile Safari/537.36"
13.72.78.196 - - [01/Mar/2022:19:13:18 +0100] "GET /config.js HTTP/1.1" 404 314 "-" "Mozilla/5.0 (Linux; Android 9; U693CL) AppleWebKit/537.36 (KHTML, like Gecko) Chrome/77.0.3865.92 Mobile Safari/537.36"
212.91.246.72 - - [01/Mar/2022:19:13:59 +0100] "GET / HTTP/1.1" 200 1229 "-" "Mozilla/5.0 (compatible; PRTG Network Monitor (www.paessler.com); Windows)"
212.91.246.72 - - [01/Mar/2022:19:14:59 +0100] "GET / HTTP/1.1" 200 1229 "-" "Mozilla/5.0 (compatible; PRTG Network Monitor (www.paessler.com); Windows)"
212.91.246.72 - - [01/Mar/2022:19:15:59 +0100] "GET / HTTP/1.1" 200 1229 "-" "Mozilla/5.0 (compatible; PRTG Network Monitor (www.paessler.com); Windows)"
212.91.246.72 - - [01/Mar/2022:19:16:59 +0100] "GET / HTTP/1.1" 200 1229 "-" "Mozilla/5.0 (compatible; PRTG Network Monitor (www.paessler.com); Windows)"
13.72.78.196 - - [01/Mar/2022:19:17:37 +0100] "GET /.env HTTP/1.1" 404 309 "-" "Mozilla/5.0 (Linux; Android 9; U693CL) AppleWebKit/537.36 (KHTML, like Gecko) Chrome/77.0.3865.92 Mobile Safari/537.36"
13.72.78.196 - - [01/Mar/2022:19:17:37 +0100] "POST / HTTP/1.1" 200 1229 "-" "Mozilla/5.0 (Linux; Android 9; U693CL) AppleWebKit/537.36 (KHTML, like Gecko) Chrome/77.0.3865.92 Mobile Safari/537.36"
13.72.78.196 - - [01/Mar/2022:19:17:37 +0100] "GET /_profiler/phpinfo HTTP/1.1" 404 322 "-" "Mozilla/5.0 (Linux; Android 9; U693CL) AppleWebKit/537.36 (KHTML, like Gecko) Chrome/77.0.3865.92 Mobile Safari/537.36"
13.72.78.196 - - [01/Mar/2022:19:17:37 +0100] "GET /phpinfo.php HTTP/1.1" 404 316 "-" "Mozilla/5.0 (Linux; Android 9; U693CL) AppleWebKit/537.36 (KHTML, like Gecko) Chrome/77.0.3865.92 Mobile Safari/537.36"
13.72.78.196 - - [01/Mar/2022:19:17:38 +0100] "GET /phpinfo HTTP/1.1" 404 312 "-" "Mozilla/5.0 (Linux; Android 9; U693CL) AppleWebKit/537.36 (KHTML, like Gecko) Chrome/77.0.3865.92 Mobile Safari/537.36"
13.72.78.196 - - [01/Mar/2022:19:17:38 +0100] "GET /aws.yml HTTP/1.1" 404 312 "-" "Mozilla/5.0 (Linux; Android 9; U693CL) AppleWebKit/537.36 (KHTML, like Gecko) Chrome/77.0.3865.92 Mobile Safari/537.36"
13.72.78.196 - - [01/Mar/2022:19:17:38 +0100] "GET /.env.bak HTTP/1.1" 404 313 "-" "Mozilla/5.0 (Linux; Android 9; U693CL) AppleWebKit/537.36 (KHTML, like Gecko) Chrome/77.0.3865.92 Mobile Safari/537.36"
13.72.78.196 - - [01/Mar/2022:19:17:38 +0100] "GET /info.php HTTP/1.1" 404 313 "-" "Mozilla/5.0 (Linux; Android 9; U693CL) AppleWebKit/537.36 (KHTML, like Gecko) Chrome/77.0.3865.92 Mobile Safari/537.36"
13.72.78.196 - - [01/Mar/2022:19:17:39 +0100] "GET /.aws/credentials HTTP/1.1" 404 321 "-" "Mozilla/5.0 (Linux; Android 9; U693CL) AppleWebKit/537.36 (KHTML, like Gecko) Chrome/77.0.3865.92 Mobile Safari/537.36"
13.72.78.196 - - [01/Mar/2022:19:17:39 +0100] "GET / HTTP/1.1" 200 1229 "-" "Mozilla/5.0 (Linux; Android 9; U693CL) AppleWebKit/537.36 (KHTML, like Gecko) Chrome/77.0.3865.92 Mobile Safari/537.36"
13.72.78.196 - - [01/Mar/2022:19:17:39 +0100] "GET /config/aws.yml HTTP/1.1" 404 319 "-" "Mozilla/5.0 (Linux; Android 9; U693CL) AppleWebKit/537.36 (KHTML, like Gecko) Chrome/77.0.3865.92 Mobile Safari/537.36"
13.72.78.196 - - [01/Mar/2022:19:17:39 +0100] "GET /config.js HTTP/1.1" 404 314 "-" "Mozilla/5.0 (Linux; Android 9; U693CL) AppleWebKit/537.36 (KHTML, like Gecko) Chrome/77.0.3865.92 Mobile Safari/537.36"
212.91.246.72 - - [01/Mar/2022:19:17:59 +0100] "GET / HTTP/1.1" 200 1229 "-" "Mozilla/5.0 (compatible; PRTG Network Monitor (www.paessler.com); Windows)"
27.45.94.40 - - [01/Mar/2022:19:18:01 +0100] "POST /GponForm/diag_Form?images/ HTTP/1.1" 404 319 "-" "Hello, World"
13.72.78.196 - - [01/Mar/2022:19:18:35 +0100] "GET /.env HTTP/1.1" 404 309 "-" "Mozilla/5.0 (Linux; Android 9; U693CL) AppleWebKit/537.36 (KHTML, like Gecko) Chrome/77.0.3865.92 Mobile Safari/537.36"
13.72.78.196 - - [01/Mar/2022:19:18:35 +0100] "POST / HTTP/1.1" 200 1229 "-" "Mozilla/5.0 (Linux; Android 9; U693CL) AppleWebKit/537.36 (KHTML, like Gecko) Chrome/77.0.3865.92 Mobile Safari/537.36"
13.72.78.196 - - [01/Mar/2022:19:18:35 +0100] "GET /_profiler/phpinfo HTTP/1.1" 404 322 "-" "Mozilla/5.0 (Linux; Android 9; U693CL) AppleWebKit/537.36 (KHTML, like Gecko) Chrome/77.0.3865.92 Mobile Safari/537.36"
13.72.78.196 - - [01/Mar/2022:19:18:35 +0100] "GET /phpinfo.php HTTP/1.1" 404 316 "-" "Mozilla/5.0 (Linux; Android 9; U693CL) AppleWebKit/537.36 (KHTML, like Gecko) Chrome/77.0.3865.92 Mobile Safari/537.36"
13.72.78.196 - - [01/Mar/2022:19:18:36 +0100] "GET /phpinfo HTTP/1.1" 404 312 "-" "Mozilla/5.0 (Linux; Android 9; U693CL) AppleWebKit/537.36 (KHTML, like Gecko) Chrome/77.0.3865.92 Mobile Safari/537.36"
13.72.78.196 - - [01/Mar/2022:19:18:36 +0100] "GET /aws.yml HTTP/1.1" 404 312 "-" "Mozilla/5.0 (Linux; Android 9; U693CL) AppleWebKit/537.36 (KHTML, like Gecko) Chrome/77.0.3865.92 Mobile Safari/537.36"
13.72.78.196 - - [01/Mar/2022:19:18:36 +0100] "GET /.env.bak HTTP/1.1" 404 313 "-" "Mozilla/5.0 (Linux; Android 9; U693CL) AppleWebKit/537.36 (KHTML, like Gecko) Chrome/77.0.3865.92 Mobile Safari/537.36"
13.72.78.196 - - [01/Mar/2022:19:18:36 +0100] "GET /info.php HTTP/1.1" 404 313 "-" "Mozilla/5.0 (Linux; Android 9; U693CL) AppleWebKit/537.36 (KHTML, like Gecko) Chrome/77.0.3865.92 Mobile Safari/537.36"
13.72.78.196 - - [01/Mar/2022:19:18:37 +0100] "GET /.aws/credentials HTTP/1.1" 404 321 "-" "Mozilla/5.0 (Linux; Android 9; U693CL) AppleWebKit/537.36 (KHTML, like Gecko) Chrome/77.0.3865.92 Mobile Safari/537.36"
13.72.78.196 - - [01/Mar/2022:19:18:37 +0100] "GET / HTTP/1.1" 200 1229 "-" "Mozilla/5.0 (Linux; Android 9; U693CL) AppleWebKit/537.36 (KHTML, like Gecko) Chrome/77.0.3865.92 Mobile Safari/537.36"
13.72.78.196 - - [01/Mar/2022:19:18:37 +0100] "GET /config/aws.yml HTTP/1.1" 404 319 "-" "Mozilla/5.0 (Linux; Android 9; U693CL) AppleWebKit/537.36 (KHTML, like Gecko) Chrome/77.0.3865.92 Mobile Safari/537.36"
13.72.78.196 - - [01/Mar/2022:19:18:37 +0100] "GET /config.js HTTP/1.1" 404 314 "-" "Mozilla/5.0 (Linux; Android 9; U693CL) AppleWebKit/537.36 (KHTML, like Gecko) Chrome/77.0.3865.92 Mobile Safari/537.36"
212.91.246.72 - - [01/Mar/2022:19:18:59 +0100] "GET / HTTP/1.1" 200 1229 "-" "Mozilla/5.0 (compatible; PRTG Network Monitor (www.paessler.com); Windows)"
