186.221.102.73 - - [27/Jul/2017:22:43:22 +0200] "GET /moo HTTP/1.0" 404 308 "-" "Wget(linux)"
201.80.68.173 - - [27/Jul/2017:22:43:22 +0200] "GET /moo HTTP/1.0" 404 308 "-" "Wget(linux)"
201.80.68.173 - - [27/Jul/2017:22:43:22 +0200] "GET /moo HTTP/1.0" 404 308 "-" "Wget(linux)"
186.223.109.209 - - [27/Jul/2017:22:43:22 +0200] "GET /moo HTTP/1.0" 404 308 "-" "Wget(linux)"
201.21.105.165 - - [27/Jul/2017:22:43:22 +0200] "GET /moo HTTP/1.0" 404 308 "-" "Wget(linux)"
177.80.162.173 - - [27/Jul/2017:22:43:22 +0200] "GET /moo HTTP/1.0" 404 308 "-" "Wget(linux)"
186.223.109.209 - - [27/Jul/2017:22:43:22 +0200] "GET /moo HTTP/1.0" 404 308 "-" "Wget(linux)"
177.80.180.245 - - [27/Jul/2017:22:43:22 +0200] "GET /moo HTTP/1.0" 404 308 "-" "Wget(linux)"
71.6.202.204 - - [27/Jul/2017:22:45:48 +0200] "GET / HTTP/1.1" 200 1229 "-" "Mozilla/5.0 (Windows NT 10.0; Win64; x64) AppleWebKit/537.36 (KHTML, like Gecko) Chrome/56.0.2924.87 Safari/537.36"
71.6.202.204 - - [27/Jul/2017:22:53:17 +0200] "GET / HTTP/1.1" 200 1229 "-" "Mozilla/5.0 (Windows NT 10.0; Win64; x64) AppleWebKit/537.36 (KHTML, like Gecko) Chrome/56.0.2924.87 Safari/537.36"
180.76.15.16 - - [27/Jul/2017:23:13:08 +0200] "GET / HTTP/1.1" 304 - "-" "Mozilla/5.0 (compatible; Baiduspider/2.0; +http://www.baidu.com/search/spider.html)"
69.30.242.34 - - [27/Jul/2017:23:22:23 +0200] "PROPFIND / HTTP/1.1" 405 343 "-" "Mozilla/5.0 (compatible; Googlebot/2.1; +http://www.google.com/bot.html)"
115.78.11.90 - - [28/Jul/2017:00:29:59 +0200] "GET / HTTP/1.0" 200 1229 "-" "-"
139.162.119.197 - - [28/Jul/2017:00:43:30 +0200] "GET / HTTP/1.1" 200 1229 "-" "Mozilla/5.0 (Windows NT 10.0; WOW64) AppleWebKit/537.36 (KHTML, like Gecko) Chrome/50.0.2661.102 Safari/537.36"
71.6.202.204 - - [28/Jul/2017:01:14:08 +0200] "GET / HTTP/1.1" 200 1229 "-" "Mozilla/5.0 (Windows NT 10.0; Win64; x64) AppleWebKit/537.36 (KHTML, like Gecko) Chrome/56.0.2924.87 Safari/537.36"
45.55.21.223 - - [28/Jul/2017:01:39:30 +0200] "GET / HTTP/1.1" 200 1229 "-" "Mozilla/5.0 zgrab/0.x"
45.55.21.223 - - [28/Jul/2017:01:42:21 +0200] "GET / HTTP/1.1" 200 1229 "-" "Mozilla/5.0 zgrab/0.x"
45.55.21.223 - - [28/Jul/2017:01:42:48 +0200] "GET / HTTP/1.1" 200 1229 "-" "Mozilla/5.0 zgrab/0.x"
45.55.21.223 - - [28/Jul/2017:01:51:32 +0200] "GET / HTTP/1.1" 200 1229 "-" "Mozilla/5.0 zgrab/0.x"
139.162.108.53 - - [28/Jul/2017:02:11:49 +0200] "GET / HTTP/1.1" 200 1229 "-" "Mozilla/5.0 (Windows NT 10.0; WOW64) AppleWebKit/537.36 (KHTML, like Gecko) Chrome/50.0.2661.102 Safari/537.36"
193.175.194.33 - - [28/Jul/2017:02:31:01 +0200] "GET / HTTP/1.1" 200 1229 "-" "Mozilla/5.0 (Windows NT 6.1; rv:41.0) Gecko/20100101 Firefox/41.0"
185.205.16.245 - - [28/Jul/2017:03:20:18 +0200] "GET /phpMyAdmin/scripts/setup.php HTTP/1.1" 404 333 "-" "-"
185.205.16.245 - - [28/Jul/2017:03:20:23 +0200] "GET /pma/scripts/setup.php HTTP/1.1" 404 326 "-" "-"
185.205.16.245 - - [28/Jul/2017:03:20:28 +0200] "GET /myadmin/scripts/setup.php HTTP/1.1" 404 330 "-" "-"
104.128.144.131 - - [28/Jul/2017:03:37:30 +0200] "GET / HTTP/1.0" 200 1229 "-" "www.probethenet.com scanner"
104.128.144.131 - - [28/Jul/2017:03:37:31 +0200] "HEAD /redirect.php HTTP/1.0" 404 - "-" "www.probethenet.com scanner"
71.6.146.185 - - [28/Jul/2017:04:10:01 +0200] "GET / HTTP/1.1" 200 1229 "-" "Mozilla/5.0 (Windows NT 6.1) AppleWebKit/537.36 (KHTML, like Gecko) Chrome/41.0.2228.0 Safari/537.36"
71.6.146.185 - - [28/Jul/2017:04:10:02 +0200] "GET /robots.txt HTTP/1.1" 404 315 "-" "-"
71.6.146.185 - - [28/Jul/2017:04:10:02 +0200] "GET /sitemap.xml HTTP/1.1" 404 316 "-" "-"
46.229.164.99 - - [28/Jul/2017:05:18:36 +0200] "GET /robots.txt HTTP/1.1" 404 330 "-" "Mozilla/5.0 (compatible; SemrushBot/1.2~bl; +http://www.semrush.com/bot.html)"
71.6.202.204 - - [28/Jul/2017:05:41:27 +0200] "GET / HTTP/1.1" 200 1229 "-" "Mozilla/5.0 (Windows NT 10.0; Win64; x64) AppleWebKit/537.36 (KHTML, like Gecko) Chrome/56.0.2924.87 Safari/537.36"
71.6.202.204 - - [28/Jul/2017:05:50:05 +0200] "GET / HTTP/1.1" 200 1229 "-" "Mozilla/5.0 (Windows NT 10.0; Win64; x64) AppleWebKit/537.36 (KHTML, like Gecko) Chrome/56.0.2924.87 Safari/537.36"
104.128.144.131 - - [28/Jul/2017:07:27:34 +0200] "GET / HTTP/1.0" 200 1229 "-" "www.probethenet.com scanner"
104.128.144.131 - - [28/Jul/2017:07:27:34 +0200] "HEAD /redirect.php HTTP/1.0" 404 - "-" "www.probethenet.com scanner"
166.62.38.161 - - [28/Jul/2017:07:53:58 +0200] "GET /muieblackcat HTTP/1.1" 404 317 "-" "-"
166.62.38.161 - - [28/Jul/2017:07:53:58 +0200] "GET /muieblackcat HTTP/1.1" 404 317 "-" "-"
166.62.38.161 - - [28/Jul/2017:07:53:58 +0200] "GET /muieblackcat HTTP/1.1" 404 317 "-" "-"
166.62.38.161 - - [28/Jul/2017:07:53:58 +0200] "GET /muieblackcat HTTP/1.1" 404 317 "-" "-"
166.62.38.161 - - [28/Jul/2017:07:53:58 +0200] "GET /muieblackcat HTTP/1.1" 404 317 "-" "-"
166.62.38.161 - - [28/Jul/2017:07:53:58 +0200] "GET /muieblackcat HTTP/1.1" 404 317 "-" "-"
166.62.38.161 - - [28/Jul/2017:07:53:58 +0200] "GET /muieblackcat HTTP/1.1" 404 317 "-" "-"
166.62.38.161 - - [28/Jul/2017:07:53:58 +0200] "GET /muieblackcat HTTP/1.1" 404 317 "-" "-"
166.62.38.161 - - [28/Jul/2017:07:53:58 +0200] "GET /muieblackcat HTTP/1.1" 404 317 "-" "-"
166.62.38.161 - - [28/Jul/2017:07:53:58 +0200] "GET /muieblackcat HTTP/1.1" 404 317 "-" "-"
166.62.38.161 - - [28/Jul/2017:07:54:03 +0200] "GET //phpMyAdmin/scripts/setup.php HTTP/1.1" 404 333 "-" "-"
166.62.38.161 - - [28/Jul/2017:07:54:03 +0200] "GET //phpMyAdmin/scripts/setup.php HTTP/1.1" 404 333 "-" "-"
166.62.38.161 - - [28/Jul/2017:07:54:03 +0200] "GET //phpMyAdmin/scripts/setup.php HTTP/1.1" 404 333 "-" "-"
166.62.38.161 - - [28/Jul/2017:07:54:03 +0200] "GET //phpMyAdmin/scripts/setup.php HTTP/1.1" 404 333 "-" "-"
166.62.38.161 - - [28/Jul/2017:07:54:03 +0200] "GET //phpMyAdmin/scripts/setup.php HTTP/1.1" 404 333 "-" "-"
166.62.38.161 - - [28/Jul/2017:07:54:03 +0200] "GET //phpMyAdmin/scripts/setup.php HTTP/1.1" 404 333 "-" "-"
166.62.38.161 - - [28/Jul/2017:07:54:03 +0200] "GET //phpMyAdmin/scripts/setup.php HTTP/1.1" 404 333 "-" "-"
166.62.38.161 - - [28/Jul/2017:07:54:03 +0200] "GET //phpmyadmin/scripts/setup.php HTTP/1.1" 404 333 "-" "-"
166.62.38.161 - - [28/Jul/2017:07:54:03 +0200] "GET //phpmyadmin/scripts/setup.php HTTP/1.1" 404 333 "-" "-"
166.62.38.161 - - [28/Jul/2017:07:54:03 +0200] "GET //phpmyadmin/scripts/setup.php HTTP/1.1" 404 333 "-" "-"
166.62.38.161 - - [28/Jul/2017:07:54:04 +0200] "GET //phpmyadmin/scripts/setup.php HTTP/1.1" 404 333 "-" "-"
166.62.38.161 - - [28/Jul/2017:07:54:05 +0200] "GET //phpmyadmin/scripts/setup.php HTTP/1.1" 404 333 "-" "-"
166.62.38.161 - - [28/Jul/2017:07:54:05 +0200] "GET //phpmyadmin/scripts/setup.php HTTP/1.1" 404 333 "-" "-"
166.62.38.161 - - [28/Jul/2017:07:54:05 +0200] "GET //phpmyadmin/scripts/setup.php HTTP/1.1" 404 333 "-" "-"
166.62.38.161 - - [28/Jul/2017:07:54:05 +0200] "GET //pma/scripts/setup.php HTTP/1.1" 404 326 "-" "-"
166.62.38.161 - - [28/Jul/2017:07:54:05 +0200] "GET //pma/scripts/setup.php HTTP/1.1" 404 326 "-" "-"
166.62.38.161 - - [28/Jul/2017:07:54:05 +0200] "GET //pma/scripts/setup.php HTTP/1.1" 404 326 "-" "-"
166.62.38.161 - - [28/Jul/2017:07:54:05 +0200] "GET //phpMyAdmin/scripts/setup.php HTTP/1.1" 404 333 "-" "-"
166.62.38.161 - - [28/Jul/2017:07:54:05 +0200] "GET //phpMyAdmin/scripts/setup.php HTTP/1.1" 404 333 "-" "-"
166.62.38.161 - - [28/Jul/2017:07:54:05 +0200] "GET //phpMyAdmin/scripts/setup.php HTTP/1.1" 404 333 "-" "-"
166.62.38.161 - - [28/Jul/2017:07:54:05 +0200] "GET //pma/scripts/setup.php HTTP/1.1" 404 326 "-" "-"
166.62.38.161 - - [28/Jul/2017:07:54:05 +0200] "GET //pma/scripts/setup.php HTTP/1.1" 404 326 "-" "-"
166.62.38.161 - - [28/Jul/2017:07:54:05 +0200] "GET //pma/scripts/setup.php HTTP/1.1" 404 326 "-" "-"
166.62.38.161 - - [28/Jul/2017:07:54:06 +0200] "GET //myadmin/scripts/setup.php HTTP/1.1" 404 330 "-" "-"
166.62.38.161 - - [28/Jul/2017:07:54:06 +0200] "GET //myadmin/scripts/setup.php HTTP/1.1" 404 330 "-" "-"
166.62.38.161 - - [28/Jul/2017:07:54:06 +0200] "GET //pma/scripts/setup.php HTTP/1.1" 404 326 "-" "-"
166.62.38.161 - - [28/Jul/2017:07:54:06 +0200] "GET //myadmin/scripts/setup.php HTTP/1.1" 404 330 "-" "-"
166.62.38.161 - - [28/Jul/2017:07:54:06 +0200] "GET //phpmyadmin/scripts/setup.php HTTP/1.1" 404 333 "-" "-"
166.62.38.161 - - [28/Jul/2017:07:54:07 +0200] "GET //phpmyadmin/scripts/setup.php HTTP/1.1" 404 333 "-" "-"
166.62.38.161 - - [28/Jul/2017:07:54:07 +0200] "GET //phpmyadmin/scripts/setup.php HTTP/1.1" 404 333 "-" "-"
166.62.38.161 - - [28/Jul/2017:07:54:07 +0200] "GET //myadmin/scripts/setup.php HTTP/1.1" 404 330 "-" "-"
166.62.38.161 - - [28/Jul/2017:07:54:07 +0200] "GET //myadmin/scripts/setup.php HTTP/1.1" 404 330 "-" "-"
166.62.38.161 - - [28/Jul/2017:07:54:07 +0200] "GET //myadmin/scripts/setup.php HTTP/1.1" 404 330 "-" "-"
166.62.38.161 - - [28/Jul/2017:07:54:07 +0200] "GET //MyAdmin/scripts/setup.php HTTP/1.1" 404 330 "-" "-"
166.62.38.161 - - [28/Jul/2017:07:54:07 +0200] "GET //MyAdmin/scripts/setup.php HTTP/1.1" 404 330 "-" "-"
166.62.38.161 - - [28/Jul/2017:07:54:07 +0200] "GET //myadmin/scripts/setup.php HTTP/1.1" 404 330 "-" "-"
166.62.38.161 - - [28/Jul/2017:07:54:07 +0200] "GET //MyAdmin/scripts/setup.php HTTP/1.1" 404 330 "-" "-"
166.62.38.161 - - [28/Jul/2017:07:54:07 +0200] "GET //pma/scripts/setup.php HTTP/1.1" 404 326 "-" "-"
166.62.38.161 - - [28/Jul/2017:07:54:07 +0200] "GET //pma/scripts/setup.php HTTP/1.1" 404 326 "-" "-"
166.62.38.161 - - [28/Jul/2017:07:54:07 +0200] "GET //MyAdmin/scripts/setup.php HTTP/1.1" 404 330 "-" "-"
166.62.38.161 - - [28/Jul/2017:07:54:07 +0200] "GET //MyAdmin/scripts/setup.php HTTP/1.1" 404 330 "-" "-"
166.62.38.161 - - [28/Jul/2017:07:54:07 +0200] "GET //myadmin/scripts/setup.php HTTP/1.1" 404 330 "-" "-"
166.62.38.161 - - [28/Jul/2017:07:54:07 +0200] "GET //MyAdmin/scripts/setup.php HTTP/1.1" 404 330 "-" "-"
166.62.38.161 - - [28/Jul/2017:07:54:07 +0200] "GET //MyAdmin/scripts/setup.php HTTP/1.1" 404 330 "-" "-"
166.62.38.161 - - [28/Jul/2017:07:54:07 +0200] "GET //pma/scripts/setup.php HTTP/1.1" 404 326 "-" "-"
166.62.38.161 - - [28/Jul/2017:07:54:07 +0200] "GET //myadmin/scripts/setup.php HTTP/1.1" 404 330 "-" "-"
166.62.38.161 - - [28/Jul/2017:07:54:07 +0200] "GET //myadmin/scripts/setup.php HTTP/1.1" 404 330 "-" "-"
166.62.38.161 - - [28/Jul/2017:07:54:08 +0200] "GET //MyAdmin/scripts/setup.php HTTP/1.1" 404 330 "-" "-"
166.62.38.161 - - [28/Jul/2017:07:54:08 +0200] "GET //MyAdmin/scripts/setup.php HTTP/1.1" 404 330 "-" "-"
166.62.38.161 - - [28/Jul/2017:07:54:08 +0200] "GET //MyAdmin/scripts/setup.php HTTP/1.1" 404 330 "-" "-"
220.181.159.73 - - [28/Jul/2017:08:11:48 +0200] "\x16\x03\x01" 501 318 "-" "-"
220.181.159.73 - - [28/Jul/2017:08:11:50 +0200] "GET / HTTP/1.1" 200 1229 "-" "-"
220.181.159.73 - - [28/Jul/2017:08:13:02 +0200] "GET / HTTP/1.1" 200 1229 "-" "-"
220.181.159.73 - - [28/Jul/2017:08:23:36 +0200] "\x16\x03\x01" 501 318 "-" "-"
220.181.159.73 - - [28/Jul/2017:08:23:37 +0200] "GET / HTTP/1.1" 200 1229 "-" "-"
64.213.247.80 - - [28/Jul/2017:08:26:21 +0200] "HEAD / HTTP/1.0" 200 - "-" "-"
64.213.247.80 - - [28/Jul/2017:08:26:21 +0200] "HEAD / HTTP/1.0" 200 - "-" "-"
64.213.247.80 - - [28/Jul/2017:08:26:21 +0200] "HEAD / HTTP/1.0" 200 - "-" "-"
64.213.247.80 - - [28/Jul/2017:08:26:21 +0200] "HEAD / HTTP/1.0" 200 - "-" "-"
104.128.144.131 - - [28/Jul/2017:08:36:03 +0200] "GET / HTTP/1.0" 200 1229 "-" "www.probethenet.com scanner"
104.128.144.131 - - [28/Jul/2017:08:36:04 +0200] "HEAD /redirect.php HTTP/1.0" 404 - "-" "www.probethenet.com scanner"
185.25.249.77 - - [28/Jul/2017:08:42:52 +0200] "GET / HTTP/1.0" 200 1229 "-" "Mozilla/5.0 (compatible; Googlebot/2.1; +http://www.google.com/bot.html)"
66.249.79.25 - - [28/Jul/2017:08:56:36 +0200] "GET /robots.txt HTTP/1.1" 404 330 "-" "Mozilla/5.0 (compatible; Googlebot/2.1; +http://www.google.com/bot.html)"
66.249.79.23 - - [28/Jul/2017:08:56:36 +0200] "GET / HTTP/1.1" 200 1229 "-" "Mozilla/5.0 (compatible; Googlebot/2.1; +http://www.google.com/bot.html)"
69.30.242.34 - - [28/Jul/2017:08:59:51 +0200] "PROPFIND / HTTP/1.1" 405 343 "-" "Mozilla/5.0 (compatible; Googlebot/2.1; +http://www.google.com/bot.html)"
69.30.219.186 - - [28/Jul/2017:09:20:02 +0200] "PROPFIND / HTTP/1.1" 405 343 "-" "Mozilla/5.0 (compatible; Googlebot/2.1; +http://www.google.com/bot.html)"
200.78.88.154 - - [28/Jul/2017:09:30:58 +0200] "GET / HTTP/1.0" 200 1229 "-" "-"
139.162.114.70 - - [28/Jul/2017:09:31:13 +0200] "GET / HTTP/1.1" 200 1229 "-" "Mozilla/5.0 (Windows NT 10.0; WOW64) AppleWebKit/537.36 (KHTML, like Gecko) Chrome/50.0.2661.102 Safari/537.36"
46.165.197.142 - - [28/Jul/2017:09:31:32 +0200] "GET /buildingtechnologies/robots.txt HTTP/1.0" 404 346 "-" "Mozilla/5.0 (compatible; MJ12bot/v1.4.8; http://mj12bot.com/)"
207.232.55.120 - - [28/Jul/2017:09:32:55 +0200] "GET / HTTP/1.0" 200 1229 "-" "-"
139.162.124.167 - - [28/Jul/2017:09:51:26 +0200] "GET / HTTP/1.1" 200 1229 "-" "Mozilla/5.0"
103.78.132.3 - - [28/Jul/2017:10:33:24 +0200] "GET / HTTP/1.1" 200 1229 "-" "Mozilla/5.0 zgrab/0.x"
69.30.219.186 - - [28/Jul/2017:10:35:16 +0200] "PROPFIND / HTTP/1.1" 405 343 "-" "Mozilla/5.0 (compatible; Googlebot/2.1; +http://www.google.com/bot.html)"
103.78.132.3 - - [28/Jul/2017:10:35:54 +0200] "GET / HTTP/1.1" 200 1229 "-" "Mozilla/5.0 zgrab/0.x"
139.162.108.53 - - [28/Jul/2017:10:37:19 +0200] "GET / HTTP/1.1" 200 1229 "-" "Mozilla/5.0 (Windows NT 10.0; WOW64) AppleWebKit/537.36 (KHTML, like Gecko) Chrome/50.0.2661.102 Safari/537.36"
103.78.132.3 - - [28/Jul/2017:10:41:36 +0200] "GET / HTTP/1.1" 200 1229 "-" "Mozilla/5.0 zgrab/0.x"
80.82.77.139 - - [28/Jul/2017:10:44:10 +0200] "GET / HTTP/1.1" 200 1229 "-" "Mozilla/5.0 (Windows NT 6.1) AppleWebKit/537.36 (KHTML, like Gecko) Chrome/41.0.2228.0 Safari/537.36"
80.82.77.139 - - [28/Jul/2017:10:44:10 +0200] "GET /robots.txt HTTP/1.1" 404 315 "-" "-"
80.82.77.139 - - [28/Jul/2017:10:44:10 +0200] "GET /sitemap.xml HTTP/1.1" 404 316 "-" "-"
103.78.132.3 - - [28/Jul/2017:10:49:54 +0200] "GET / HTTP/1.1" 200 1229 "-" "Mozilla/5.0 zgrab/0.x"
103.78.132.3 - - [28/Jul/2017:10:57:30 +0200] "GET / HTTP/1.1" 200 1229 "-" "Mozilla/5.0 zgrab/0.x"
103.78.132.3 - - [28/Jul/2017:11:02:40 +0200] "GET / HTTP/1.1" 200 1229 "-" "Mozilla/5.0 zgrab/0.x"
188.138.75.107 - - [28/Jul/2017:11:05:09 +0200] "GET / HTTP/1.1" 200 1229 "-" "Mozilla/5.0 (X11; U; Linux Core i7-4980HQ; de; rv:32.0; compatible; JobboerseBot; http://www.jobboerse.com/bot.htm) Gecko/20100101 Firefox/38.0"
188.138.75.107 - - [28/Jul/2017:11:05:10 +0200] "GET /robots.txt HTTP/1.1" 404 330 "-" "Mozilla/5.0 (X11; U; Linux Core i7-4980HQ; de; rv:32.0; compatible; JobboerseBot; http://www.jobboerse.com/bot.htm) Gecko/20100101 Firefox/38.0"
188.138.75.107 - - [28/Jul/2017:11:05:10 +0200] "GET / HTTP/1.1" 200 1229 "-" "Mozilla/5.0 (X11; U; Linux Core i7-4980HQ; de; rv:32.0; compatible; JobboerseBot; http://www.jobboerse.com/bot.htm) Gecko/20100101 Firefox/38.0"
188.138.75.107 - - [28/Jul/2017:11:05:11 +0200] "GET / HTTP/1.1" 200 1229 "-" "Mozilla/5.0 (X11; U; Linux Core i7-4980HQ; de; rv:32.0; compatible; JobboerseBot; http://www.jobboerse.com/bot.htm) Gecko/20100101 Firefox/38.0"
103.78.132.3 - - [28/Jul/2017:11:11:39 +0200] "GET / HTTP/1.1" 200 1229 "-" "Mozilla/5.0 zgrab/0.x"
103.78.132.3 - - [28/Jul/2017:11:14:41 +0200] "GET / HTTP/1.1" 200 1229 "-" "Mozilla/5.0 zgrab/0.x"
103.78.132.3 - - [28/Jul/2017:11:14:41 +0200] "GET / HTTP/1.1" 200 1229 "-" "Mozilla/5.0 zgrab/0.x"
103.78.132.3 - - [28/Jul/2017:11:17:50 +0200] "GET / HTTP/1.1" 200 1229 "-" "Mozilla/5.0 zgrab/0.x"
79.215.87.206 - - [28/Jul/2017:11:18:26 +0200] "GET / HTTP/1.1" 200 1229 "-" "Mozilla/5.0 (iPad; CPU OS 10_2_1 like Mac OS X) AppleWebKit/602.4.6 (KHTML, like Gecko) Version/10.0 Mobile/14D27 Safari/602.1"
185.25.249.77 - - [28/Jul/2017:11:19:56 +0200] "GET / HTTP/1.0" 200 1229 "-" "Mozilla/5.0 (compatible; Googlebot/2.1; +http://www.google.com/bot.html)"
91.88.238.201 - - [28/Jul/2017:11:27:37 +0200] "GET / HTTP/1.0" 200 1229 "-" "-"
91.88.238.201 - - [28/Jul/2017:11:27:48 +0200] "GET / HTTP/1.0" 200 1229 "-" "-"
46.175.150.212 - - [28/Jul/2017:11:27:56 +0200] "GET / HTTP/1.0" 200 1229 "-" "-"
46.175.150.212 - - [28/Jul/2017:11:28:09 +0200] "GET / HTTP/1.0" 200 1229 "-" "-"
91.88.238.201 - - [28/Jul/2017:11:30:25 +0200] "GET / HTTP/1.0" 200 1229 "-" "-"
46.175.150.212 - - [28/Jul/2017:11:31:15 +0200] "GET / HTTP/1.0" 200 1229 "-" "-"
46.175.150.212 - - [28/Jul/2017:11:32:02 +0200] "GET / HTTP/1.0" 200 1229 "-" "-"
91.88.238.201 - - [28/Jul/2017:11:35:04 +0200] "GET / HTTP/1.0" 200 1229 "-" "-"
91.88.238.201 - - [28/Jul/2017:11:37:08 +0200] "GET / HTTP/1.0" 200 1229 "-" "-"
91.88.238.201 - - [28/Jul/2017:11:37:14 +0200] "GET / HTTP/1.0" 200 1229 "-" "-"
91.88.238.201 - - [28/Jul/2017:11:37:22 +0200] "GET / HTTP/1.0" 200 1229 "-" "-"
66.249.79.25 - - [28/Jul/2017:11:59:36 +0200] "GET / HTTP/1.1" 200 1229 "-" "Mozilla/5.0 (compatible; Googlebot/2.1; +http://www.google.com/bot.html)"
164.132.91.1 - - [28/Jul/2017:12:10:19 +0200] "GET / HTTP/1.1" 200 1229 "-" "Iceweasel/15.0"
66.249.79.23 - - [28/Jul/2017:12:25:08 +0200] "GET / HTTP/1.1" 200 1229 "-" "Mozilla/5.0 (Linux; Android 6.0.1; Nexus 5X Build/MMB29P) AppleWebKit/537.36 (KHTML, like Gecko) Chrome/41.0.2272.96 Mobile Safari/537.36 (compatible; Googlebot/2.1; +http://www.google.com/bot.html)"
173.212.213.48 - - [28/Jul/2017:12:54:57 +0200] "GET /cgi-bin/test-cgi HTTP/1.1" 404 321 "-" "Mozilla/5.0 (Windows; U; Windows NT 5.1; it; rv:1.8.1.11) Gecko/20071127 Firefox/2.0.0.11"
162.210.196.98 - - [28/Jul/2017:12:58:14 +0200] "GET /robots.txt HTTP/1.1" 404 330 "-" "Mozilla/5.0 (compatible; MJ12bot/v1.4.8; http://mj12bot.com/)"
162.210.196.98 - - [28/Jul/2017:12:58:16 +0200] "GET / HTTP/1.1" 200 1229 "-" "Mozilla/5.0 (compatible; MJ12bot/v1.4.8; http://mj12bot.com/)"
173.212.213.48 - - [28/Jul/2017:13:11:28 +0200] "GET /cgi-bin/test-cgi HTTP/1.1" 404 321 "-" "Mozilla/5.0 (Windows; U; Windows NT 5.1; it; rv:1.8.1.11) Gecko/20071127 Firefox/2.0.0.11"
173.212.213.48 - - [28/Jul/2017:13:11:39 +0200] "GET /cgi-bin/test-cgi HTTP/1.1" 404 321 "-" "Mozilla/5.0 (Windows; U; Windows NT 5.1; it; rv:1.8.1.11) Gecko/20071127 Firefox/2.0.0.11"
173.212.213.48 - - [28/Jul/2017:13:16:49 +0200] "GET /cgi-bin/test-cgi HTTP/1.1" 404 321 "-" "Mozilla/5.0 (Windows; U; Windows NT 5.1; it; rv:1.8.1.11) Gecko/20071127 Firefox/2.0.0.11"
173.212.213.48 - - [28/Jul/2017:13:19:46 +0200] "GET /cgi-bin/test-cgi HTTP/1.1" 404 321 "-" "Mozilla/5.0 (Windows; U; Windows NT 5.1; it; rv:1.8.1.11) Gecko/20071127 Firefox/2.0.0.11"
189.181.217.129 - - [28/Jul/2017:13:21:34 +0200] "GET / HTTP/1.0" 200 1229 "-" "-"
173.212.213.48 - - [28/Jul/2017:13:22:39 +0200] "GET /cgi-bin/test-cgi HTTP/1.1" 404 321 "-" "Mozilla/5.0 (Windows; U; Windows NT 5.1; it; rv:1.8.1.11) Gecko/20071127 Firefox/2.0.0.11"
185.110.132.239 - - [28/Jul/2017:13:56:55 +0200] "GET / HTTP/1.1" 200 1229 "-" "Scanbot"
185.110.132.239 - - [28/Jul/2017:14:05:29 +0200] "GET / HTTP/1.1" 200 1229 "-" "Scanbot"
185.110.132.239 - - [28/Jul/2017:14:06:16 +0200] "GET / HTTP/1.1" 200 1229 "-" "Scanbot"
185.110.132.239 - - [28/Jul/2017:14:19:37 +0200] "GET / HTTP/1.1" 200 1229 "-" "Scanbot"
185.110.132.239 - - [28/Jul/2017:14:27:18 +0200] "GET / HTTP/1.1" 200 1229 "-" "Scanbot"
185.110.132.239 - - [28/Jul/2017:14:38:03 +0200] "GET / HTTP/1.1" 200 1229 "-" "Scanbot"
69.30.242.34 - - [28/Jul/2017:14:43:21 +0200] "PROPFIND / HTTP/1.1" 405 343 "-" "Mozilla/5.0 (compatible; Googlebot/2.1; +http://www.google.com/bot.html)"
185.110.132.239 - - [28/Jul/2017:14:48:52 +0200] "GET / HTTP/1.1" 200 1229 "-" "Scanbot"
185.110.132.239 - - [28/Jul/2017:15:01:17 +0200] "GET / HTTP/1.1" 200 1229 "-" "Scanbot"
185.110.132.239 - - [28/Jul/2017:15:35:37 +0200] "GET / HTTP/1.1" 200 1229 "-" "Scanbot"
82.208.160.180 - - [28/Jul/2017:16:35:37 +0200] "GET / HTTP/1.1" 400 5952 "-" "-"
204.152.218.49 - - [28/Jul/2017:18:11:16 +0200] "GET http://www.proxylists.net/proxyjudge.php HTTP/1.1" 404 324 "-" "PycURL/7.19.5 libcurl/7.38.0 GnuTLS/3.3.8 zlib/1.2.8 libidn/1.29 libssh2/1.4.3 librtmp/2.3"
46.173.192.96 - - [28/Jul/2017:18:18:41 +0200] "GET / HTTP/1.0" 200 1229 "-" "-"
139.162.124.167 - - [28/Jul/2017:18:33:15 +0200] "GET / HTTP/1.1" 200 1229 "-" "Mozilla/5.0"
139.162.108.53 - - [28/Jul/2017:18:47:24 +0200] "GET / HTTP/1.1" 200 1229 "-" "Mozilla/5.0 (Windows NT 10.0; WOW64) AppleWebKit/537.36 (KHTML, like Gecko) Chrome/50.0.2661.102 Safari/537.36"
219.85.230.169 - - [28/Jul/2017:19:52:42 +0200] "GET /phpMyAdmin/scripts/setup.php HTTP/1.1" 404 333 "-" "-"
219.85.230.169 - - [28/Jul/2017:19:52:48 +0200] "GET /pma/scripts/setup.php HTTP/1.1" 404 326 "-" "-"
219.85.230.169 - - [28/Jul/2017:19:52:53 +0200] "GET /myadmin/scripts/setup.php HTTP/1.1" 404 330 "-" "-"
167.114.209.38 - - [28/Jul/2017:20:11:30 +0200] "GET / HTTP/1.1" 200 1229 "-" "Mozilla/5.0 (compatible; Dataprovider.com;)"
167.114.209.38 - - [28/Jul/2017:20:11:31 +0200] "GET /robots.txt HTTP/1.1" 404 330 "-" "Mozilla/5.0 (compatible; Dataprovider.com;)"
167.114.209.38 - - [28/Jul/2017:20:11:31 +0200] "GET /sitemap.xml HTTP/1.1" 404 331 "-" "Mozilla/5.0 (compatible; Dataprovider.com;)"
167.114.209.38 - - [28/Jul/2017:20:11:32 +0200] "GET / HTTP/1.1" 200 1229 "-" "Mozilla/5.0 (compatible; Dataprovider.com;)"
167.114.209.38 - - [28/Jul/2017:20:11:33 +0200] "GET / HTTP/1.1" 200 1229 "-" "Mozilla/5.0 (Linux; Android 5.1.1; SM-G925F Build/LMY47X) AppleWebKit/537.36 (KHTML, like Gecko) Chrome/45.0.2454.94 Mobile Safari/537.36"
79.135.230.116 - - [28/Jul/2017:20:12:17 +0200] "GET /old/wp-admin/setup-config.php?language=en_US HTTP/1.1" 404 334 "-" "libwww-perl/6.05"
66.249.79.21 - - [28/Jul/2017:20:18:55 +0200] "GET / HTTP/1.1" 200 1229 "-" "Mozilla/5.0 (compatible; Googlebot/2.1; +http://www.google.com/bot.html)"
185.25.249.77 - - [28/Jul/2017:20:24:24 +0200] "GET / HTTP/1.0" 200 1229 "-" "Mozilla/5.0 (compatible; Googlebot/2.1; +http://www.google.com/bot.html)"
104.128.144.131 - - [28/Jul/2017:20:42:31 +0200] "GET / HTTP/1.0" 200 1229 "-" "www.probethenet.com scanner"
139.162.124.167 - - [28/Jul/2017:20:48:33 +0200] "GET / HTTP/1.1" 200 1229 "-" "Mozilla/5.0"
204.79.180.20 - - [28/Jul/2017:21:02:02 +0200] "GET / HTTP/1.1" 200 1229 "-" "Mozilla/5.0 (compatible; MSIE 9.0; Windows NT 6.0; Trident/5.0; Trident/5.0)"
66.249.79.12 - - [28/Jul/2017:21:20:05 +0200] "GET /robots.txt HTTP/1.1" 404 323 "-" "Mozilla/5.0 (compatible; Googlebot/2.1; +http://www.google.com/bot.html)"
66.249.79.8 - - [28/Jul/2017:21:20:05 +0200] "GET /anmeldung.html HTTP/1.1" 404 327 "-" "Mozilla/5.0 (compatible; Googlebot/2.1; +http://www.google.com/bot.html)"
164.132.91.1 - - [28/Jul/2017:22:31:19 +0200] "GET / HTTP/1.1" 200 1229 "-" "Chrome/41.0.2228.0 Safari/537.36"
66.249.79.25 - - [28/Jul/2017:22:46:34 +0200] "GET /robots.txt HTTP/1.1" 404 330 "-" "Mozilla/5.0 (compatible; Googlebot/2.1; +http://www.google.com/bot.html)"
79.45.119.207 - - [28/Jul/2017:22:46:34 +0200] "GET login.cgi HTTP/1.0" 400 329 "-" "-"
66.249.79.23 - - [28/Jul/2017:22:46:35 +0200] "GET / HTTP/1.1" 200 1229 "-" "Mozilla/5.0 (compatible; Googlebot/2.1; +http://www.google.com/bot.html)"
139.162.124.167 - - [28/Jul/2017:23:26:44 +0200] "GET / HTTP/1.1" 200 1229 "-" "Mozilla/5.0"
64.246.165.140 - - [28/Jul/2017:23:43:46 +0200] "GET /robots.txt HTTP/1.0" 404 328 "-" "Mozilla/5.0 (Windows; U; Windows NT 5.1; en; rv:1.9.0.13) Gecko/2009073022 Firefox/3.5.2 (.NET CLR 3.5.30729) SurveyBot/2.3 (DomainTools)"
64.246.165.140 - - [28/Jul/2017:23:43:47 +0200] "GET / HTTP/1.1" 200 1229 "http://whois.domaintools.com/aufzugs-hebetechnik.de" "Mozilla/5.0 (Windows; U; Windows NT 5.1; en; rv:1.9.0.13) Gecko/2009073022 Firefox/3.5.2 (.NET CLR 3.5.30729) SurveyBot/2.3 (DomainTools)"
180.76.15.148 - - [29/Jul/2017:00:06:02 +0200] "GET / HTTP/1.1" 304 - "-" "Mozilla/5.0 (compatible; Baiduspider/2.0; +http://www.baidu.com/search/spider.html)"
104.128.144.131 - - [29/Jul/2017:00:11:38 +0200] "GET / HTTP/1.0" 200 1229 "-" "www.probethenet.com scanner"
104.128.144.131 - - [29/Jul/2017:00:11:40 +0200] "HEAD /redirect.php HTTP/1.0" 404 - "-" "www.probethenet.com scanner"
171.224.31.237 - - [29/Jul/2017:00:28:04 +0200] "GET / HTTP/1.0" 200 1229 "-" "-"
196.52.43.54 - - [29/Jul/2017:00:50:13 +0200] "GET / HTTP/1.0" 200 1229 "-" "Mozilla/5.0 (Windows NT 6.1; rv:31.0) Gecko/20100101 Firefox/31.0"
157.55.39.33 - - [29/Jul/2017:00:52:22 +0200] "GET /robots.txt HTTP/1.1" 404 323 "-" "Mozilla/5.0 (compatible; bingbot/2.0; +http://www.bing.com/bingbot.htm)"
207.46.13.10 - - [29/Jul/2017:00:52:25 +0200] "GET / HTTP/1.1" 200 1229 "-" "Mozilla/5.0 (iPhone; CPU iPhone OS 7_0 like Mac OS X) AppleWebKit/537.51.1 (KHTML, like Gecko) Version/7.0 Mobile/11A465 Safari/9537.53 (compatible; bingbot/2.0; +http://www.bing.com/bingbot.htm)"
144.76.71.83 - - [29/Jul/2017:00:56:26 +0200] "GET / HTTP/1.1" 200 1229 "-" "Mozilla/5.0 (Windows NT 6.1; rv:21.0) Gecko/20130401 Firefox/21.0"
207.46.13.53 - - [29/Jul/2017:00:58:54 +0200] "GET /robots.txt HTTP/1.1" 404 323 "-" "Mozilla/5.0 (compatible; bingbot/2.0; +http://www.bing.com/bingbot.htm)"
139.162.119.197 - - [29/Jul/2017:01:52:31 +0200] "GET / HTTP/1.1" 200 1229 "-" "Mozilla/5.0 (Windows NT 10.0; WOW64) AppleWebKit/537.36 (KHTML, like Gecko) Chrome/50.0.2661.102 Safari/537.36"
66.249.79.23 - - [29/Jul/2017:02:04:45 +0200] "GET / HTTP/1.1" 200 1229 "-" "Mozilla/5.0 (compatible; Googlebot/2.1; +http://www.google.com/bot.html)"
164.132.91.1 - - [29/Jul/2017:02:46:45 +0200] "GET / HTTP/1.1" 200 1229 "-" "Chrome/41.0.2228.0 Safari/537.36"
24.141.54.112 - - [29/Jul/2017:04:14:44 +0200] "GET login.cgi HTTP/1.0" 400 329 "-" "-"
64.246.161.30 - - [29/Jul/2017:04:39:21 +0200] "GET /robots.txt HTTP/1.0" 404 332 "-" "Mozilla/5.0 (Windows; U; Windows NT 5.1; en; rv:1.9.0.13) Gecko/2009073022 Firefox/3.5.2 (.NET CLR 3.5.30729) SurveyBot/2.3 (DomainTools)"
64.246.161.30 - - [29/Jul/2017:04:39:21 +0200] "GET / HTTP/1.1" 200 1229 "http://whois.domaintools.com/bauaufzuege-hebetechnik.de" "Mozilla/5.0 (Windows; U; Windows NT 5.1; en; rv:1.9.0.13) Gecko/2009073022 Firefox/3.5.2 (.NET CLR 3.5.30729) SurveyBot/2.3 (DomainTools)"
103.78.132.3 - - [29/Jul/2017:05:50:41 +0200] "GET / HTTP/1.1" 200 1229 "-" "Mozilla/5.0 zgrab/0.x"
103.78.132.3 - - [29/Jul/2017:06:01:17 +0200] "GET / HTTP/1.1" 200 1229 "-" "Mozilla/5.0 zgrab/0.x"
103.78.132.3 - - [29/Jul/2017:06:02:08 +0200] "GET / HTTP/1.1" 200 1229 "-" "Mozilla/5.0 zgrab/0.x"
103.78.132.3 - - [29/Jul/2017:06:04:40 +0200] "GET / HTTP/1.1" 200 1229 "-" "Mozilla/5.0 zgrab/0.x"
103.78.132.3 - - [29/Jul/2017:06:07:39 +0200] "GET / HTTP/1.1" 200 1229 "-" "Mozilla/5.0 zgrab/0.x"
139.162.108.53 - - [29/Jul/2017:06:17:57 +0200] "GET / HTTP/1.1" 200 1229 "-" "Mozilla/5.0 (Windows NT 10.0; WOW64) AppleWebKit/537.36 (KHTML, like Gecko) Chrome/50.0.2661.102 Safari/537.36"
103.78.132.3 - - [29/Jul/2017:06:19:14 +0200] "GET / HTTP/1.1" 200 1229 "-" "Mozilla/5.0 zgrab/0.x"
103.78.132.3 - - [29/Jul/2017:06:37:16 +0200] "GET / HTTP/1.1" 200 1229 "-" "Mozilla/5.0 zgrab/0.x"
103.78.132.3 - - [29/Jul/2017:06:37:16 +0200] "GET / HTTP/1.1" 200 1229 "-" "Mozilla/5.0 zgrab/0.x"
103.78.132.3 - - [29/Jul/2017:06:40:03 +0200] "GET / HTTP/1.1" 200 1229 "-" "Mozilla/5.0 zgrab/0.x"
103.78.132.3 - - [29/Jul/2017:06:42:58 +0200] "GET / HTTP/1.1" 200 1229 "-" "Mozilla/5.0 zgrab/0.x"
27.145.54.156 - - [29/Jul/2017:07:37:53 +0200] "GET / HTTP/1.0" 200 1229 "-" "-"
168.1.128.51 - - [29/Jul/2017:07:38:47 +0200] "GET / HTTP/1.0" 200 1229 "-" "Mozilla/5.0 (Windows NT 6.1; rv:31.0) Gecko/20100101 Firefox/31.0"
122.117.201.80 - - [29/Jul/2017:07:49:47 +0200] "GET / HTTP/1.0" 200 1229 "-" "Mozilla/5.0 (compatible; Googlebot/2.1; +http://www.google.com/bot.html)"
196.52.43.57 - - [29/Jul/2017:08:14:07 +0200] "GET / HTTP/1.0" 200 1229 "-" "Mozilla/5.0 (Windows NT 6.1; rv:31.0) Gecko/20100101 Firefox/31.0"
141.0.244.201 - - [29/Jul/2017:08:24:58 +0200] "GET / HTTP/1.0" 200 1229 "-" "-"
66.249.66.158 - - [29/Jul/2017:09:20:04 +0200] "GET /service-pankow.html HTTP/1.1" 404 332 "-" "Mozilla/5.0 (compatible; Googlebot/2.1; +http://www.google.com/bot.html)"
71.6.146.185 - - [29/Jul/2017:09:23:59 +0200] "GET / HTTP/1.1" 200 1229 "-" "Mozilla/5.0 (Windows NT 6.1) AppleWebKit/537.36 (KHTML, like Gecko) Chrome/41.0.2228.0 Safari/537.36"
71.6.146.185 - - [29/Jul/2017:09:23:59 +0200] "GET /robots.txt HTTP/1.1" 404 315 "-" "-"
71.6.146.185 - - [29/Jul/2017:09:23:59 +0200] "GET /sitemap.xml HTTP/1.1" 404 316 "-" "-"
69.30.219.186 - - [29/Jul/2017:09:36:26 +0200] "PROPFIND / HTTP/1.1" 405 343 "-" "Mozilla/5.0 (X11; Ubuntu; Linux i686; rv:13.0) Gecko/20100101 Firefox/13.0.1"
139.162.108.53 - - [29/Jul/2017:10:00:05 +0200] "GET / HTTP/1.1" 200 1229 "-" "Mozilla/5.0 (Windows NT 10.0; WOW64) AppleWebKit/537.36 (KHTML, like Gecko) Chrome/50.0.2661.102 Safari/537.36"
101.108.135.220 - - [29/Jul/2017:10:00:38 +0200] "GET / HTTP/1.0" 200 1229 "-" "-"
164.132.91.1 - - [29/Jul/2017:10:01:02 +0200] "GET / HTTP/1.1" 200 1229 "-" "Galaxy/1.0 [en] (Mac OS X 10.5.6)"
220.181.159.73 - - [29/Jul/2017:10:16:35 +0200] "\x16\x03\x01" 501 318 "-" "-"
220.181.159.73 - - [29/Jul/2017:10:16:37 +0200] "GET / HTTP/1.1" 200 1229 "-" "-"
220.181.159.73 - - [29/Jul/2017:10:23:32 +0200] "\x16\x03\x01" 501 318 "-" "-"
220.181.159.73 - - [29/Jul/2017:10:23:33 +0200] "GET / HTTP/1.1" 200 1229 "-" "-"
220.181.159.73 - - [29/Jul/2017:10:24:32 +0200] "GET / HTTP/1.1" 200 1229 "-" "-"
164.132.91.1 - - [29/Jul/2017:10:27:15 +0200] "GET / HTTP/1.1" 200 1229 "-" "Mozilla/5.0 (X11; U; Linux x86_64; en-US; rv:1.9.1.13)"
220.181.159.73 - - [29/Jul/2017:10:27:47 +0200] "\x16\x03\x01" 501 318 "-" "-"
220.181.159.73 - - [29/Jul/2017:10:27:47 +0200] "GET / HTTP/1.1" 200 1229 "-" "-"
220.181.159.73 - - [29/Jul/2017:10:35:46 +0200] "GET / HTTP/1.1" 200 1229 "-" "-"
63.77.27.156 - - [29/Jul/2017:10:41:25 +0200] "GET login.cgi HTTP/1.0" 400 329 "-" "-"
69.30.219.186 - - [29/Jul/2017:10:42:05 +0200] "PROPFIND / HTTP/1.1" 405 343 "-" "Mozilla/4.0 (compatible; MSIE 6.0; Windows NT 5.1; SV1; MRA 5.8 (build 4157); .NET CLR 2.0.50727; AskTbPTV/5.11.3.15590)"
120.26.86.15 - - [29/Jul/2017:11:28:52 +0200] "GET /phpMyAdmin/scripts/setup.php HTTP/1.1" 404 333 "-" "-"
120.26.86.15 - - [29/Jul/2017:11:30:11 +0200] "GET /pma/scripts/setup.php HTTP/1.1" 404 326 "-" "-"
120.26.86.15 - - [29/Jul/2017:11:31:29 +0200] "GET /myadmin/scripts/setup.php HTTP/1.1" 404 330 "-" "-"
162.210.196.98 - - [29/Jul/2017:11:59:35 +0200] "GET /robots.txt HTTP/1.1" 404 330 "-" "Mozilla/5.0 (compatible; MJ12bot/v1.4.8; http://mj12bot.com/)"
162.210.196.98 - - [29/Jul/2017:11:59:38 +0200] "GET / HTTP/1.1" 200 1229 "-" "Mozilla/5.0 (compatible; MJ12bot/v1.4.8; http://mj12bot.com/)"
188.138.75.88 - - [29/Jul/2017:12:09:33 +0200] "GET / HTTP/1.1" 200 1229 "-" "Mozilla/5.0 (X11; U; Linux Core i7-4980HQ; de; rv:32.0; compatible; JobboerseBot; http://www.jobboerse.com/bot.htm) Gecko/20100101 Firefox/38.0"
188.138.75.88 - - [29/Jul/2017:12:09:34 +0200] "GET /robots.txt HTTP/1.1" 404 330 "-" "Mozilla/5.0 (X11; U; Linux Core i7-4980HQ; de; rv:32.0; compatible; JobboerseBot; http://www.jobboerse.com/bot.htm) Gecko/20100101 Firefox/38.0"
188.138.75.88 - - [29/Jul/2017:12:09:34 +0200] "GET / HTTP/1.1" 200 1229 "-" "Mozilla/5.0 (X11; U; Linux Core i7-4980HQ; de; rv:32.0; compatible; JobboerseBot; http://www.jobboerse.com/bot.htm) Gecko/20100101 Firefox/38.0"
188.138.75.88 - - [29/Jul/2017:12:09:35 +0200] "GET / HTTP/1.1" 200 1229 "-" "Mozilla/5.0 (X11; U; Linux Core i7-4980HQ; de; rv:32.0; compatible; JobboerseBot; http://www.jobboerse.com/bot.htm) Gecko/20100101 Firefox/38.0"
5.45.203.7 - - [29/Jul/2017:12:19:31 +0200] "GET /robots.txt HTTP/1.1" 404 330 "-" "Mozilla/5.0 (compatible; YandexBot/3.0; +http://yandex.com/bots)"
139.162.119.197 - - [29/Jul/2017:12:39:50 +0200] "GET / HTTP/1.1" 200 1229 "-" "Mozilla/5.0 (Windows NT 10.0; WOW64) AppleWebKit/537.36 (KHTML, like Gecko) Chrome/50.0.2661.102 Safari/537.36"
139.162.124.167 - - [29/Jul/2017:12:48:05 +0200] "GET / HTTP/1.1" 200 1229 "-" "Mozilla/5.0"
123.179.12.227 - - [29/Jul/2017:13:19:42 +0200] "GET / HTTP/1.0" 200 1229 "-" "-"
64.246.165.200 - - [29/Jul/2017:13:35:13 +0200] "GET /robots.txt HTTP/1.0" 404 315 "-" "Mozilla/5.0 (Windows; U; Windows NT 5.1; en; rv:1.9.0.13) Gecko/2009073022 Firefox/3.5.2 (.NET CLR 3.5.30729) SurveyBot/2.3 (DomainTools)"
64.246.165.200 - - [29/Jul/2017:13:35:13 +0200] "GET / HTTP/1.1" 200 1229 "http://whois.domaintools.com/bmt-it.de" "Mozilla/5.0 (Windows; U; Windows NT 5.1; en; rv:1.9.0.13) Gecko/2009073022 Firefox/3.5.2 (.NET CLR 3.5.30729) SurveyBot/2.3 (DomainTools)"
1.202.87.6 - - [29/Jul/2017:14:16:18 +0200] "GET / HTTP/1.0" 200 1229 "-" "-"
220.135.159.86 - - [29/Jul/2017:14:17:14 +0200] "GET / HTTP/1.0" 200 1229 "-" "Mozilla/5.0 (compatible; Googlebot/2.1; +http://www.google.com/bot.html)"
221.14.171.113 - - [29/Jul/2017:14:17:24 +0200] "GET / HTTP/1.0" 200 1229 "-" "-"
139.162.119.197 - - [29/Jul/2017:14:33:13 +0200] "GET / HTTP/1.1" 200 1229 "-" "Mozilla/5.0 (Windows NT 10.0; WOW64) AppleWebKit/537.36 (KHTML, like Gecko) Chrome/50.0.2661.102 Safari/537.36"
66.249.66.129 - - [29/Jul/2017:14:45:16 +0200] "GET /robots.txt HTTP/1.1" 404 330 "-" "Mozilla/5.0 (compatible; Googlebot/2.1; +http://www.google.com/bot.html)"
66.249.66.129 - - [29/Jul/2017:14:45:16 +0200] "GET / HTTP/1.1" 200 1229 "-" "Mozilla/5.0 (Linux; Android 6.0.1; Nexus 5X Build/MMB29P) AppleWebKit/537.36 (KHTML, like Gecko) Chrome/41.0.2272.96 Mobile Safari/537.36 (compatible; Googlebot/2.1; +http://www.google.com/bot.html)"
149.202.175.200 - - [29/Jul/2017:14:56:15 +0200] "GET /mjpg/video.mjpg?COUNTER HTTP/1.1" 404 320 "-" "Mozilla/5.0 (Windows NT 6.1) AppleWebKit/537.36 (KHTML, like Gecko) Chrome/41.0.2228.0 Safari/537.36"
139.162.124.167 - - [29/Jul/2017:14:58:31 +0200] "GET / HTTP/1.1" 200 1229 "-" "Mozilla/5.0"
104.128.144.131 - - [29/Jul/2017:15:05:30 +0200] "GET / HTTP/1.0" 200 1229 "-" "www.probethenet.com scanner"
104.128.144.131 - - [29/Jul/2017:15:05:30 +0200] "HEAD /redirect.php HTTP/1.0" 404 - "-" "www.probethenet.com scanner"
46.165.197.142 - - [29/Jul/2017:15:28:18 +0200] "GET /buildingtechnologies/robots.txt HTTP/1.0" 404 346 "-" "Mozilla/5.0 (compatible; MJ12bot/v1.4.8; http://mj12bot.com/)"
69.30.242.34 - - [29/Jul/2017:15:48:25 +0200] "PROPFIND / HTTP/1.1" 405 343 "-" "Mozilla/5.0 (Windows NT 5.1) AppleWebKit/536.11 (KHTML, like Gecko) Chrome/20.0.1132.47 Safari/536.11"
46.229.164.102 - - [29/Jul/2017:16:17:52 +0200] "GET /robots.txt HTTP/1.1" 404 330 "-" "Mozilla/5.0 (compatible; SemrushBot/1.2~bl; +http://www.semrush.com/bot.html)"
81.17.30.19 - - [29/Jul/2017:16:23:59 +0200] "GET / HTTP/1.1" 200 1229 "-" "Java/1.6.0_04"
68.180.228.107 - - [29/Jul/2017:16:41:07 +0200] "GET /robots.txt HTTP/1.1" 404 330 "-" "Mozilla/5.0 (compatible; Yahoo! Slurp; http://help.yahoo.com/help/us/ysearch/slurp)"
68.180.228.107 - - [29/Jul/2017:16:41:08 +0200] "GET / HTTP/1.1" 200 1229 "-" "Mozilla/5.0 (compatible; Yahoo! Slurp; http://help.yahoo.com/help/us/ysearch/slurp)"
82.16.40.245 - - [29/Jul/2017:17:06:01 +0200] "GET / HTTP/1.0" 200 1229 "-" "-"
185.22.155.16 - - [29/Jul/2017:17:15:43 +0200] "GET / HTTP/1.1" 200 1229 "-" "libwww-perl/6.26"
122.14.198.75 - - [29/Jul/2017:17:18:43 +0200] "GET /phpmyadmin HTTP/1.1" 404 315 "http://212.91.246.86/phpmyadmin" "Mozilla/4.0 (compatible; MSIE 9.0; Windows NT 6.1)"
122.14.198.75 - - [29/Jul/2017:17:18:43 +0200] "GET /phpmyadmin HTTP/1.1" 404 315 "http://212.91.246.84/phpmyadmin" "Mozilla/4.0 (compatible; MSIE 9.0; Windows NT 6.1)"
122.14.198.75 - - [29/Jul/2017:17:18:43 +0200] "GET /phpmyadmin HTTP/1.1" 404 315 "http://212.91.246.81/phpmyadmin" "Mozilla/4.0 (compatible; MSIE 9.0; Windows NT 6.1)"
122.14.198.75 - - [29/Jul/2017:17:18:43 +0200] "GET /phpmyadmin HTTP/1.1" 404 315 "http://212.91.246.89/phpmyadmin" "Mozilla/4.0 (compatible; MSIE 9.0; Windows NT 6.1)"
122.14.198.75 - - [29/Jul/2017:17:18:43 +0200] "GET /phpmyadmin HTTP/1.1" 404 315 "http://212.91.246.83/phpmyadmin" "Mozilla/4.0 (compatible; MSIE 9.0; Windows NT 6.1)"
122.14.198.75 - - [29/Jul/2017:17:18:44 +0200] "GET /phpmyadmin HTTP/1.1" 404 315 "http://212.91.246.82/phpmyadmin" "Mozilla/4.0 (compatible; MSIE 9.0; Windows NT 6.1)"
122.14.198.75 - - [29/Jul/2017:17:18:47 +0200] "GET /phpmyadmin HTTP/1.1" 404 315 "http://212.91.246.88/phpmyadmin" "Mozilla/4.0 (compatible; MSIE 9.0; Windows NT 6.1)"
122.14.198.75 - - [29/Jul/2017:17:18:47 +0200] "GET /phpmyadmin HTTP/1.1" 404 315 "http://212.91.246.80/phpmyadmin" "Mozilla/4.0 (compatible; MSIE 9.0; Windows NT 6.1)"
185.22.155.16 - - [29/Jul/2017:17:26:31 +0200] "GET / HTTP/1.1" 200 1229 "-" "libwww-perl/6.26"
187.233.93.110 - - [29/Jul/2017:17:28:19 +0200] "GET / HTTP/1.0" 200 1229 "-" "-"
185.22.155.16 - - [29/Jul/2017:17:36:01 +0200] "GET / HTTP/1.1" 200 1229 "-" "libwww-perl/6.26"
185.22.155.16 - - [29/Jul/2017:17:39:20 +0200] "GET / HTTP/1.1" 200 1229 "-" "libwww-perl/6.26"
185.22.155.16 - - [29/Jul/2017:17:46:33 +0200] "GET / HTTP/1.1" 200 1229 "-" "libwww-perl/6.26"
185.22.155.16 - - [29/Jul/2017:18:01:30 +0200] "GET / HTTP/1.1" 200 1229 "-" "libwww-perl/6.26"
69.30.242.34 - - [29/Jul/2017:18:12:37 +0200] "PROPFIND / HTTP/1.1" 405 343 "-" "Mozilla/5.0 (Windows NT 6.1; rv:12.0) Gecko/20100101 Firefox/12.0"
66.249.66.131 - - [29/Jul/2017:19:17:25 +0200] "GET / HTTP/1.1" 200 1229 "-" "Mozilla/5.0 (compatible; Googlebot/2.1; +http://www.google.com/bot.html)"
139.162.119.197 - - [29/Jul/2017:19:52:57 +0200] "GET / HTTP/1.1" 200 1229 "-" "Mozilla/5.0 (Windows NT 10.0; WOW64) AppleWebKit/537.36 (KHTML, like Gecko) Chrome/50.0.2661.102 Safari/537.36"
180.76.15.27 - - [29/Jul/2017:21:24:19 +0200] "GET / HTTP/1.1" 304 - "-" "Mozilla/5.0 (compatible; Baiduspider/2.0; +http://www.baidu.com/search/spider.html)"
66.249.66.129 - - [29/Jul/2017:21:36:55 +0200] "GET / HTTP/1.1" 200 1229 "-" "Mozilla/5.0 (Linux; Android 6.0.1; Nexus 5X Build/MMB29P) AppleWebKit/537.36 (KHTML, like Gecko) Chrome/41.0.2272.96 Mobile Safari/537.36 (compatible; Googlebot/2.1; +http://www.google.com/bot.html)"
209.90.232.120 - - [29/Jul/2017:22:06:04 +0200] "GET / HTTP/1.1" 200 1229 "-" "Java/1.6.0_04"
66.249.66.131 - - [29/Jul/2017:22:10:59 +0200] "GET / HTTP/1.1" 200 1229 "-" "Mozilla/5.0 (Linux; Android 6.0.1; Nexus 5X Build/MMB29P) AppleWebKit/537.36 (KHTML, like Gecko) Chrome/41.0.2272.96 Mobile Safari/537.36 (compatible; Googlebot/2.1; +http://www.google.com/bot.html)"
45.55.21.196 - - [29/Jul/2017:22:16:25 +0200] "GET / HTTP/1.1" 200 1229 "-" "Mozilla/5.0 zgrab/0.x"
45.55.21.196 - - [29/Jul/2017:22:20:35 +0200] "GET / HTTP/1.1" 200 1229 "-" "Mozilla/5.0 zgrab/0.x"
68.40.224.38 - - [29/Jul/2017:22:21:36 +0200] "GET / HTTP/1.0" 200 1229 "-" "-"
45.55.21.196 - - [29/Jul/2017:22:26:57 +0200] "GET / HTTP/1.1" 200 1229 "-" "Mozilla/5.0 zgrab/0.x"
45.55.21.196 - - [29/Jul/2017:22:27:51 +0200] "GET / HTTP/1.1" 200 1229 "-" "Mozilla/5.0 zgrab/0.x"
79.135.230.116 - - [29/Jul/2017:22:31:19 +0200] "GET /old/wp-admin/setup-config.php?language=en_US HTTP/1.1" 404 349 "-" "libwww-perl/6.05"
149.202.175.200 - - [29/Jul/2017:23:34:47 +0200] "GET /mjpg/video.mjpg?COUNTER HTTP/1.1" 404 320 "-" "Mozilla/5.0 (Windows NT 6.1) AppleWebKit/537.36 (KHTML, like Gecko) Chrome/41.0.2228.0 Safari/537.36"
69.30.242.34 - - [29/Jul/2017:23:38:23 +0200] "PROPFIND / HTTP/1.1" 405 343 "-" "Mozilla/5.0 (Windows NT 5.1; rv:12.0) Gecko/20100101 Firefox/12.0"
66.249.66.133 - - [29/Jul/2017:23:47:51 +0200] "GET / HTTP/1.1" 200 1229 "-" "Mozilla/5.0 (Linux; Android 6.0.1; Nexus 5X Build/MMB29P) AppleWebKit/537.36 (KHTML, like Gecko) Chrome/41.0.2272.96 Mobile Safari/537.36 (compatible; Googlebot/2.1; +http://www.google.com/bot.html)"
46.229.170.197 - - [30/Jul/2017:00:47:24 +0200] "GET / HTTP/1.1" 200 1229 "-" "Mozilla/5.0 (Macintosh; Intel Mac OS X 10_11_5) AppleWebKit/537.36 (KHTML, like Gecko) Chrome/56.0.2924.87 Safari/537.36"
66.249.66.131 - - [30/Jul/2017:00:48:51 +0200] "GET / HTTP/1.1" 200 1229 "-" "Mozilla/5.0 (Linux; Android 6.0.1; Nexus 5X Build/MMB29P) AppleWebKit/537.36 (KHTML, like Gecko) Chrome/41.0.2272.96 Mobile Safari/537.36 (compatible; Googlebot/2.1; +http://www.google.com/bot.html)"
23.16.193.164 - - [30/Jul/2017:01:13:37 +0200] "GET / HTTP/1.0" 200 1229 "-" "-"
169.53.184.23 - - [30/Jul/2017:01:17:29 +0200] "GET / HTTP/1.0" 200 1229 "-" "Mozilla/5.0 (Windows NT 6.1; rv:31.0) Gecko/20100101 Firefox/31.0"
103.78.132.3 - - [30/Jul/2017:01:26:14 +0200] "GET / HTTP/1.1" 200 1229 "-" "Mozilla/5.0 zgrab/0.x"
139.162.114.70 - - [30/Jul/2017:01:33:14 +0200] "GET / HTTP/1.1" 200 1229 "-" "Mozilla/5.0 (Windows NT 10.0; WOW64) AppleWebKit/537.36 (KHTML, like Gecko) Chrome/50.0.2661.102 Safari/537.36"
103.78.132.3 - - [30/Jul/2017:01:55:00 +0200] "GET / HTTP/1.1" 200 1229 "-" "Mozilla/5.0 zgrab/0.x"
103.78.132.3 - - [30/Jul/2017:01:55:00 +0200] "GET / HTTP/1.1" 200 1229 "-" "Mozilla/5.0 zgrab/0.x"
103.78.132.3 - - [30/Jul/2017:02:03:36 +0200] "GET / HTTP/1.1" 200 1229 "-" "Mozilla/5.0 zgrab/0.x"
103.78.132.3 - - [30/Jul/2017:02:09:47 +0200] "GET / HTTP/1.1" 200 1229 "-" "Mozilla/5.0 zgrab/0.x"
103.78.132.3 - - [30/Jul/2017:02:12:37 +0200] "GET / HTTP/1.1" 200 1229 "-" "Mozilla/5.0 zgrab/0.x"
176.31.199.0 - - [30/Jul/2017:02:13:30 +0200] "GET /phpMyAdmin/scripts/setup.php HTTP/1.1" 404 333 "-" "-"
176.31.199.0 - - [30/Jul/2017:02:13:40 +0200] "GET /pma/scripts/setup.php HTTP/1.1" 404 326 "-" "-"
176.31.199.0 - - [30/Jul/2017:02:13:50 +0200] "GET /myadmin/scripts/setup.php HTTP/1.1" 404 330 "-" "-"
103.78.132.3 - - [30/Jul/2017:02:18:41 +0200] "GET / HTTP/1.1" 200 1229 "-" "Mozilla/5.0 zgrab/0.x"
103.78.132.3 - - [30/Jul/2017:02:21:25 +0200] "GET / HTTP/1.1" 200 1229 "-" "Mozilla/5.0 zgrab/0.x"
103.78.132.3 - - [30/Jul/2017:02:21:25 +0200] "GET / HTTP/1.1" 200 1229 "-" "Mozilla/5.0 zgrab/0.x"
103.78.132.3 - - [30/Jul/2017:02:23:13 +0200] "GET / HTTP/1.1" 200 1229 "-" "Mozilla/5.0 zgrab/0.x"
125.26.225.15 - - [30/Jul/2017:02:33:24 +0200] "GET / HTTP/1.0" 200 1229 "-" "-"
139.162.108.53 - - [30/Jul/2017:02:49:10 +0200] "GET / HTTP/1.1" 200 1229 "-" "Mozilla/5.0 (Windows NT 10.0; WOW64) AppleWebKit/537.36 (KHTML, like Gecko) Chrome/50.0.2661.102 Safari/537.36"
66.249.66.158 - - [30/Jul/2017:03:06:11 +0200] "GET /robots.txt HTTP/1.1" 404 323 "-" "Mozilla/5.0 (compatible; Googlebot/2.1; +http://www.google.com/bot.html)"
66.249.66.157 - - [30/Jul/2017:03:06:11 +0200] "GET /service-frankfurt.html HTTP/1.1" 404 335 "-" "Mozilla/5.0 (compatible; Googlebot/2.1; +http://www.google.com/bot.html)"
5.45.203.6 - - [30/Jul/2017:03:22:58 +0200] "GET /robots.txt HTTP/1.1" 404 323 "-" "Mozilla/5.0 (compatible; YandexBot/3.0; +http://yandex.com/bots)"
5.45.203.7 - - [30/Jul/2017:03:23:02 +0200] "GET /favicon.ico HTTP/1.1" 404 324 "-" "Mozilla/5.0 (compatible; YandexBot/3.0; +http://yandex.com/bots)"
5.9.48.13 - - [30/Jul/2017:03:26:59 +0200] "GET /robots.txt HTTP/1.1" 404 330 "-" "robots.txt Analyser"
139.162.114.70 - - [30/Jul/2017:03:51:48 +0200] "GET / HTTP/1.1" 200 1229 "-" "Mozilla/5.0 (Windows NT 10.0; WOW64) AppleWebKit/537.36 (KHTML, like Gecko) Chrome/50.0.2661.102 Safari/537.36"
80.82.77.139 - - [30/Jul/2017:04:53:28 +0200] "GET / HTTP/1.1" 200 1229 "-" "Mozilla/5.0 (Windows NT 6.1) AppleWebKit/537.36 (KHTML, like Gecko) Chrome/41.0.2228.0 Safari/537.36"
80.82.77.139 - - [30/Jul/2017:04:53:28 +0200] "GET /robots.txt HTTP/1.1" 404 315 "-" "-"
80.82.77.139 - - [30/Jul/2017:04:53:28 +0200] "GET /sitemap.xml HTTP/1.1" 404 316 "-" "-"
153.223.96.32 - - [30/Jul/2017:05:07:35 +0200] "GET login.cgi HTTP/1.0" 400 329 "-" "-"
158.69.127.133 - - [30/Jul/2017:05:35:14 +0200] "GET / HTTP/1.1" 200 1229 "-" "Mozilla/5.0 (compatible; Dataprovider.com;)"
158.69.127.133 - - [30/Jul/2017:05:35:16 +0200] "GET /robots.txt HTTP/1.1" 404 328 "-" "Mozilla/5.0 (compatible; Dataprovider.com;)"
158.69.127.133 - - [30/Jul/2017:05:35:16 +0200] "GET /sitemap.xml HTTP/1.1" 404 329 "-" "Mozilla/5.0 (compatible; Dataprovider.com;)"
158.69.127.133 - - [30/Jul/2017:05:35:16 +0200] "GET / HTTP/1.1" 200 1229 "-" "Mozilla/5.0 (compatible; Dataprovider.com;)"
158.69.127.133 - - [30/Jul/2017:05:35:17 +0200] "GET / HTTP/1.1" 200 1229 "-" "Mozilla/5.0 (Linux; Android 5.1.1; SM-G925F Build/LMY47X) AppleWebKit/537.36 (KHTML, like Gecko) Chrome/45.0.2454.94 Mobile Safari/537.36"
104.236.4.161 - - [30/Jul/2017:05:55:35 +0200] "GET /robots.txt HTTP/1.1" 404 323 "-" "Mozilla/5.0 (compatible; spbot/5.0.3; +http://OpenLinkProfiler.org/bot )"
104.236.4.161 - - [30/Jul/2017:05:55:41 +0200] "GET / HTTP/1.1" 200 1229 "-" "Mozilla/5.0 (compatible; spbot/5.0.3; +http://OpenLinkProfiler.org/bot )"
168.1.128.35 - - [30/Jul/2017:06:01:47 +0200] "GET / HTTP/1.0" 200 1229 "-" "Mozilla/5.0 (Windows NT 6.1; rv:31.0) Gecko/20100101 Firefox/31.0"
69.30.242.34 - - [30/Jul/2017:06:58:15 +0200] "PROPFIND / HTTP/1.1" 405 343 "-" "Mozilla/5.0 (Macintosh; Intel Mac OS X 10_7_4) AppleWebKit/534.57.5 (KHTML, like Gecko) Version/5.1.7 Safari/534.57.4"
66.249.66.129 - - [30/Jul/2017:07:25:37 +0200] "GET /robots.txt HTTP/1.1" 404 330 "-" "Mozilla/5.0 (compatible; Googlebot/2.1; +http://www.google.com/bot.html)"
66.249.66.131 - - [30/Jul/2017:07:25:37 +0200] "GET / HTTP/1.1" 200 1229 "-" "Mozilla/5.0 (compatible; Googlebot/2.1; +http://www.google.com/bot.html)"
139.162.119.197 - - [30/Jul/2017:07:55:00 +0200] "GET / HTTP/1.1" 200 1229 "-" "Mozilla/5.0 (Windows NT 10.0; WOW64) AppleWebKit/537.36 (KHTML, like Gecko) Chrome/50.0.2661.102 Safari/537.36"
162.210.196.130 - - [30/Jul/2017:08:21:47 +0200] "GET /buildingtechnologies/robots.txt HTTP/1.0" 404 346 "-" "Mozilla/5.0 (compatible; MJ12bot/v1.4.8; http://mj12bot.com/)"
120.146.153.58 - - [30/Jul/2017:09:00:52 +0200] "GET / HTTP/1.0" 200 1229 "-" "-"
139.162.114.70 - - [30/Jul/2017:09:07:05 +0200] "GET / HTTP/1.1" 200 1229 "-" "Mozilla/5.0 (Windows NT 10.0; WOW64) AppleWebKit/537.36 (KHTML, like Gecko) Chrome/50.0.2661.102 Safari/537.36"
199.58.86.209 - - [30/Jul/2017:09:10:55 +0200] "GET /robots.txt HTTP/1.1" 404 330 "-" "Mozilla/5.0 (compatible; MJ12bot/v1.4.8; http://mj12bot.com/)"
199.58.86.209 - - [30/Jul/2017:09:10:56 +0200] "GET / HTTP/1.1" 200 1229 "-" "Mozilla/5.0 (compatible; MJ12bot/v1.4.8; http://mj12bot.com/)"
196.52.43.53 - - [30/Jul/2017:09:29:49 +0200] "GET / HTTP/1.0" 200 1229 "-" "Mozilla/5.0 (Windows NT 6.1; rv:31.0) Gecko/20100101 Firefox/31.0"
141.212.122.128 - - [30/Jul/2017:09:45:51 +0200] "GET /x HTTP/1.1" 400 329 "-" "Telesphoreo"
84.94.114.93 - - [30/Jul/2017:09:57:02 +0200] "GET / HTTP/1.0" 200 1229 "-" "-"
220.181.159.73 - - [30/Jul/2017:10:50:28 +0200] "\x16\x03\x01" 501 318 "-" "-"
220.181.159.73 - - [30/Jul/2017:10:50:30 +0200] "GET / HTTP/1.1" 200 1229 "-" "-"
5.45.203.7 - - [30/Jul/2017:11:00:36 +0200] "GET /robots.txt HTTP/1.1" 404 323 "-" "Mozilla/5.0 (compatible; YandexBot/3.0; +http://yandex.com/bots)"
5.45.203.7 - - [30/Jul/2017:11:00:40 +0200] "GET /favicon.ico HTTP/1.1" 404 324 "-" "Mozilla/5.0 (compatible; YandexBot/3.0; +http://yandex.com/bots)"
141.212.122.128 - - [30/Jul/2017:11:01:40 +0200] "GET /x HTTP/1.1" 400 329 "-" "Telesphoreo"
220.181.159.73 - - [30/Jul/2017:11:21:49 +0200] "\x16\x03\x01" 501 318 "-" "-"
220.181.159.73 - - [30/Jul/2017:11:21:50 +0200] "GET / HTTP/1.1" 200 1229 "-" "-"
192.187.119.220 - - [30/Jul/2017:11:43:17 +0200] "GET / HTTP/1.1" 200 1229 "-" "Java/1.6.0_04"
69.30.219.186 - - [30/Jul/2017:11:51:31 +0200] "PROPFIND / HTTP/1.1" 405 343 "-" "Opera/9.80 (Windows NT 5.1; U; en) Presto/2.10.229 Version/11.60"
69.30.219.186 - - [30/Jul/2017:13:15:37 +0200] "PROPFIND / HTTP/1.1" 405 343 "-" "Mozilla/5.0 (Macintosh; Intel Mac OS X 10_7_4) AppleWebKit/536.11 (KHTML, like Gecko) Chrome/20.0.1132.47 Safari/536.11"
188.138.33.91 - - [30/Jul/2017:13:32:07 +0200] "GET / HTTP/1.1" 200 1229 "-" "Mozilla/5.0 (X11; U; Linux Core i7-4980HQ; de; rv:32.0; compatible; JobboerseBot; http://www.jobboerse.com/bot.htm) Gecko/20100101 Firefox/38.0"
188.138.33.91 - - [30/Jul/2017:13:32:12 +0200] "GET /robots.txt HTTP/1.1" 404 330 "-" "Mozilla/5.0 (X11; U; Linux Core i7-4980HQ; de; rv:32.0; compatible; JobboerseBot; http://www.jobboerse.com/bot.htm) Gecko/20100101 Firefox/38.0"
188.138.33.91 - - [30/Jul/2017:13:32:12 +0200] "GET / HTTP/1.1" 200 1229 "-" "Mozilla/5.0 (X11; U; Linux Core i7-4980HQ; de; rv:32.0; compatible; JobboerseBot; http://www.jobboerse.com/bot.htm) Gecko/20100101 Firefox/38.0"
188.138.33.91 - - [30/Jul/2017:13:32:13 +0200] "GET / HTTP/1.1" 200 1229 "-" "Mozilla/5.0 (X11; U; Linux Core i7-4980HQ; de; rv:32.0; compatible; JobboerseBot; http://www.jobboerse.com/bot.htm) Gecko/20100101 Firefox/38.0"
212.83.183.228 - - [30/Jul/2017:13:55:36 +0200] "HEAD /robots.txt HTTP/1.0" 404 - "-" "-"
212.83.183.228 - - [30/Jul/2017:13:55:36 +0200] "HEAD /robots.txt HTTP/1.0" 404 - "-" "-"
212.83.183.228 - - [30/Jul/2017:13:55:36 +0200] "HEAD /robots.txt HTTP/1.0" 404 - "-" "-"
212.83.183.228 - - [30/Jul/2017:13:55:36 +0200] "HEAD /robots.txt HTTP/1.0" 404 - "-" "-"
212.83.183.228 - - [30/Jul/2017:13:55:36 +0200] "HEAD /robots.txt HTTP/1.0" 404 - "-" "-"
212.83.183.228 - - [30/Jul/2017:13:55:36 +0200] "HEAD /robots.txt HTTP/1.0" 404 - "-" "-"
212.83.183.228 - - [30/Jul/2017:13:55:36 +0200] "HEAD /robots.txt HTTP/1.0" 404 - "-" "-"
212.83.183.228 - - [30/Jul/2017:13:55:36 +0200] "HEAD /robots.txt HTTP/1.0" 404 - "-" "-"
212.83.183.228 - - [30/Jul/2017:13:55:36 +0200] "HEAD /robots.txt HTTP/1.0" 404 - "-" "-"
212.83.183.228 - - [30/Jul/2017:13:55:36 +0200] "HEAD /robots.txt HTTP/1.0" 404 - "-" "-"
167.114.172.225 - - [30/Jul/2017:14:02:16 +0200] "GET / HTTP/1.1" 200 1229 "-" "Mozilla/5.0 (compatible; Dataprovider.com;)"
167.114.172.225 - - [30/Jul/2017:14:02:18 +0200] "GET /robots.txt HTTP/1.1" 404 315 "-" "Mozilla/5.0 (compatible; Dataprovider.com;)"
167.114.172.225 - - [30/Jul/2017:14:02:18 +0200] "GET /sitemap.xml HTTP/1.1" 404 316 "-" "Mozilla/5.0 (compatible; Dataprovider.com;)"
167.114.172.225 - - [30/Jul/2017:14:02:18 +0200] "GET / HTTP/1.1" 200 1229 "-" "Mozilla/5.0 (compatible; Dataprovider.com;)"
