194.187.170.110 - - [15/Jul/2017:23:34:33 +0200] "GET / HTTP/1.0" 304 - "-" "Mozilla/5.0 (compatible; Qwantify/2.4w; +https://www.qwant.com/)/2.4w"
79.181.140.30 - - [15/Jul/2017:23:42:29 +0200] "GET login.cgi HTTP/1.0" 400 329 "-" "-"
107.150.63.174 - - [16/Jul/2017:00:06:25 +0200] "GET /wp-login.php HTTP/1.1" 404 317 "-" "Mozilla/5.0 (Windows NT 10.0; WOW64) AppleWebKit/537.36 (KHTML, like Gecko) Chrome/46.0.2490.80 Safari/537.36"
179.104.135.213 - - [16/Jul/2017:00:10:10 +0200] "GET / HTTP/1.0" 200 1229 "-" "-"
179.104.135.213 - - [16/Jul/2017:00:10:13 +0200] "GET / HTTP/1.0" 200 1229 "-" "-"
179.104.135.213 - - [16/Jul/2017:00:10:19 +0200] "GET / HTTP/1.0" 200 1229 "-" "-"
179.104.135.213 - - [16/Jul/2017:00:10:31 +0200] "GET / HTTP/1.0" 200 1229 "-" "-"
179.104.135.213 - - [16/Jul/2017:00:10:55 +0200] "GET / HTTP/1.0" 200 1229 "-" "-"
107.150.63.174 - - [16/Jul/2017:00:27:35 +0200] "GET /wp-login.php HTTP/1.1" 404 317 "-" "Mozilla/5.0 (Windows NT 10.0; WOW64) AppleWebKit/537.36 (KHTML, like Gecko) Chrome/46.0.2490.80 Safari/537.36"
107.150.63.174 - - [16/Jul/2017:00:27:45 +0200] "GET /robots.txt HTTP/1.1" 404 315 "-" "Mozilla/5.0 (Windows NT 10.0; WOW64) AppleWebKit/537.36 (KHTML, like Gecko) Chrome/46.0.2490.80 Safari/537.36"
139.162.114.70 - - [16/Jul/2017:01:09:29 +0200] "GET / HTTP/1.1" 200 1229 "-" "Mozilla/5.0 (Windows NT 10.0; WOW64) AppleWebKit/537.36 (KHTML, like Gecko) Chrome/50.0.2661.102 Safari/537.36"
93.174.95.106 - - [16/Jul/2017:01:58:29 +0200] "GET / HTTP/1.1" 200 1229 "-" "Mozilla/5.0 (Windows NT 6.1) AppleWebKit/537.36 (KHTML, like Gecko) Chrome/41.0.2228.0 Safari/537.36"
93.174.95.106 - - [16/Jul/2017:01:58:30 +0200] "GET /robots.txt HTTP/1.1" 404 315 "-" "-"
93.174.95.106 - - [16/Jul/2017:01:58:30 +0200] "GET /sitemap.xml HTTP/1.1" 404 316 "-" "-"
62.219.119.32 - - [16/Jul/2017:02:07:17 +0200] "GET login.cgi HTTP/1.0" 400 329 "-" "-"
113.190.206.173 - - [16/Jul/2017:02:09:02 +0200] "GET / HTTP/1.0" 200 1229 "-" "-"
62.210.245.197 - - [16/Jul/2017:02:09:30 +0200] "GET /up.php HTTP/1.0" 404 319 "-" "Mozilla/5.0 (Windows NT 6.1) AppleWebKit/537.36 (KHTML, like Gecko) Chrome/41.0.2228.0 Safari/537.36"
62.210.245.197 - - [16/Jul/2017:02:09:30 +0200] "GET /up.php HTTP/1.0" 404 319 "-" "Mozilla/5.0 (Windows NT 6.1) AppleWebKit/537.36 (KHTML, like Gecko) Chrome/41.0.2228.0 Safari/537.36"
95.91.210.202 - - [16/Jul/2017:02:10:22 +0200] "GET / HTTP/1.1" 200 1229 "http://m.oberstufenzentrum.de/schulen/friedrich-list-schule-ehemals-osz-buerowirtschaft-ii" "Mozilla/5.0 (Linux; Android 6.0.1; SM-A520F Build/MMB29K) AppleWebKit/537.36 (KHTML, like Gecko) Chrome/59.0.3071.125 Mobile Safari/537.36"
95.91.210.202 - - [16/Jul/2017:02:10:22 +0200] "GET /favicon.ico HTTP/1.1" 404 331 "http://www.friedrich-list-berlin.de/" "Mozilla/5.0 (Linux; Android 6.0.1; SM-A520F Build/MMB29K) AppleWebKit/537.36 (KHTML, like Gecko) Chrome/59.0.3071.125 Mobile Safari/537.36"
198.20.99.130 - - [16/Jul/2017:02:17:08 +0200] "GET / HTTP/1.1" 200 1229 "-" "Mozilla/5.0 (Windows NT 6.1) AppleWebKit/537.36 (KHTML, like Gecko) Chrome/41.0.2228.0 Safari/537.36"
198.20.99.130 - - [16/Jul/2017:02:17:09 +0200] "GET /robots.txt HTTP/1.1" 404 315 "-" "-"
198.20.99.130 - - [16/Jul/2017:02:17:09 +0200] "GET /sitemap.xml HTTP/1.1" 404 316 "-" "-"
185.188.204.13 - - [16/Jul/2017:02:40:29 +0200] "GET /xmlrpc.php HTTP/1.1" 404 315 "-" "Mozilla/5.0 zgrab/0.x"
45.58.136.98 - - [16/Jul/2017:02:40:32 +0200] "GET / HTTP/1.1" 200 1229 "-" "Mozilla/5.0 zgrab/0.x"
84.181.196.227 - - [16/Jul/2017:03:22:32 +0200] "GET / HTTP/1.0" 200 1229 "-" "-"
79.135.230.116 - - [16/Jul/2017:03:30:10 +0200] "GET /wordpress/wp-admin/setup-config.php HTTP/1.1" 404 340 "-" "libwww-perl/6.05"
45.58.136.98 - - [16/Jul/2017:04:09:33 +0200] "GET / HTTP/1.1" 200 1229 "-" "Mozilla/5.0 zgrab/0.x"
139.162.119.197 - - [16/Jul/2017:04:25:35 +0200] "GET / HTTP/1.1" 200 1229 "-" "Mozilla/5.0 (Windows NT 10.0; WOW64) AppleWebKit/537.36 (KHTML, like Gecko) Chrome/50.0.2661.102 Safari/537.36"
189.209.97.4 - - [16/Jul/2017:04:32:58 +0200] "GET / HTTP/1.0" 200 1229 "-" "-"
98.143.148.135 - - [16/Jul/2017:04:50:28 +0200] "GET / HTTP/1.1" 200 1229 "-" "Mozilla/5.0 Project 25499 (project25499.com)"
45.58.136.98 - - [16/Jul/2017:04:51:42 +0200] "GET / HTTP/1.1" 200 1229 "-" "Mozilla/5.0 zgrab/0.x"
45.58.136.98 - - [16/Jul/2017:05:02:49 +0200] "GET / HTTP/1.1" 200 1229 "-" "Mozilla/5.0 zgrab/0.x"
190.96.245.82 - - [16/Jul/2017:05:08:19 +0200] "GET login.cgi HTTP/1.0" 400 329 "-" "-"
45.58.136.98 - - [16/Jul/2017:05:10:36 +0200] "GET / HTTP/1.1" 200 1229 "-" "Mozilla/5.0 zgrab/0.x"
5.255.251.7 - - [16/Jul/2017:05:23:30 +0200] "GET /robots.txt HTTP/1.1" 404 330 "-" "Mozilla/5.0 (compatible; YandexBot/3.0; +http://yandex.com/bots)"
5.255.251.7 - - [16/Jul/2017:05:23:34 +0200] "GET /favicon.ico HTTP/1.1" 404 331 "-" "Mozilla/5.0 (compatible; YandexBot/3.0; +http://yandex.com/bots)"
46.229.164.100 - - [16/Jul/2017:05:46:05 +0200] "GET /robots.txt HTTP/1.1" 404 330 "-" "Mozilla/5.0 (compatible; SemrushBot/1.2~bl; +http://www.semrush.com/bot.html)"
139.162.108.53 - - [16/Jul/2017:06:32:22 +0200] "GET / HTTP/1.1" 200 1229 "-" "Mozilla/5.0 (Windows NT 10.0; WOW64) AppleWebKit/537.36 (KHTML, like Gecko) Chrome/50.0.2661.102 Safari/537.36"
95.224.194.19 - - [16/Jul/2017:06:34:05 +0200] "GET / HTTP/1.0" 200 1229 "-" "-"
60.191.38.77 - - [16/Jul/2017:07:18:24 +0200] "GET / HTTP/1.1" 200 1229 "-" "Mozilla/5.0 (Macintosh; Intel Mac OS X 10.11; rv:47.0) Gecko/20100101 Firefox/47.0"
89.99.210.129 - - [16/Jul/2017:07:19:39 +0200] "GET / HTTP/1.0" 200 1229 "-" "-"
89.99.210.129 - - [16/Jul/2017:07:19:44 +0200] "GET / HTTP/1.0" 200 1229 "-" "-"
89.99.210.129 - - [16/Jul/2017:07:20:01 +0200] "GET / HTTP/1.0" 200 1229 "-" "-"
60.191.38.77 - - [16/Jul/2017:07:20:03 +0200] "GET / HTTP/1.1" 200 1229 "-" "Mozilla/5.0 (Macintosh; Intel Mac OS X 10.11; rv:47.0) Gecko/20100101 Firefox/47.0"
60.191.38.77 - - [16/Jul/2017:07:20:13 +0200] "GET / HTTP/1.1" 200 1229 "-" "Mozilla/5.0 (Macintosh; Intel Mac OS X 10.11; rv:47.0) Gecko/20100101 Firefox/47.0"
89.99.210.129 - - [16/Jul/2017:07:20:44 +0200] "GET / HTTP/1.0" 200 1229 "-" "-"
89.99.210.129 - - [16/Jul/2017:07:21:17 +0200] "GET / HTTP/1.0" 200 1229 "-" "-"
60.191.38.77 - - [16/Jul/2017:07:21:18 +0200] "GET / HTTP/1.1" 200 1229 "-" "Mozilla/5.0 (Macintosh; Intel Mac OS X 10.11; rv:47.0) Gecko/20100101 Firefox/47.0"
60.191.38.77 - - [16/Jul/2017:07:21:21 +0200] "GET / HTTP/1.1" 200 1229 "-" "Mozilla/5.0 (Macintosh; Intel Mac OS X 10.11; rv:47.0) Gecko/20100101 Firefox/47.0"
60.191.38.77 - - [16/Jul/2017:07:22:20 +0200] "GET / HTTP/1.1" 200 1229 "-" "Mozilla/5.0 (Macintosh; Intel Mac OS X 10.11; rv:47.0) Gecko/20100101 Firefox/47.0"
95.224.194.19 - - [16/Jul/2017:07:23:02 +0200] "GET / HTTP/1.0" 200 1229 "-" "-"
60.191.38.77 - - [16/Jul/2017:07:33:28 +0200] "GET / HTTP/1.1" 200 1229 "-" "Mozilla/5.0 (Macintosh; Intel Mac OS X 10.11; rv:47.0) Gecko/20100101 Firefox/47.0"
180.76.15.145 - - [16/Jul/2017:08:11:46 +0200] "GET /robots.txt HTTP/1.1" 404 330 "-" "Mozilla/5.0 (Windows NT 5.1; rv:6.0.2) Gecko/20100101 Firefox/6.0.2"
180.76.15.25 - - [16/Jul/2017:08:11:46 +0200] "GET /robots.txt HTTP/1.1" 404 330 "-" "Mozilla/5.0 (Windows NT 5.1; rv:6.0.2) Gecko/20100101 Firefox/6.0.2"
180.76.15.152 - - [16/Jul/2017:08:14:10 +0200] "GET / HTTP/1.1" 304 - "-" "Mozilla/5.0 (compatible; Baiduspider/2.0; +http://www.baidu.com/search/spider.html)"
95.91.215.234 - - [16/Jul/2017:08:27:05 +0200] "GET / HTTP/1.1" 200 1229 "-" "Mozilla/5.0 (iPhone; CPU iPhone OS 10_3_2 like Mac OS X) AppleWebKit/603.2.4 (KHTML, like Gecko) Version/10.0 Mobile/14F89 Safari/602.1"
66.249.64.4 - - [16/Jul/2017:08:50:41 +0200] "GET /robots.txt HTTP/1.1" 404 330 "-" "Mozilla/5.0 (compatible; Googlebot/2.1; +http://www.google.com/bot.html)"
66.249.64.4 - - [16/Jul/2017:08:50:41 +0200] "GET / HTTP/1.1" 200 1229 "-" "Mozilla/5.0 (Linux; Android 6.0.1; Nexus 5X Build/MMB29P) AppleWebKit/537.36 (KHTML, like Gecko) Chrome/41.0.2272.96 Mobile Safari/537.36 (compatible; Googlebot/2.1; +http://www.google.com/bot.html)"
62.153.17.27 - - [16/Jul/2017:10:10:02 +0200] "GET / HTTP/1.0" 200 1229 "-" "-"
62.153.17.27 - - [16/Jul/2017:10:11:36 +0200] "GET / HTTP/1.0" 200 1229 "-" "-"
62.153.17.27 - - [16/Jul/2017:10:12:42 +0200] "GET / HTTP/1.0" 200 1229 "-" "-"
62.153.17.27 - - [16/Jul/2017:10:13:54 +0200] "GET / HTTP/1.0" 200 1229 "-" "-"
98.143.148.135 - - [16/Jul/2017:10:14:30 +0200] "GET / HTTP/1.1" 200 1229 "-" "Mozilla/5.0 Project 25499 (project25499.com)"
62.153.17.27 - - [16/Jul/2017:10:16:14 +0200] "GET / HTTP/1.0" 200 1229 "-" "-"
62.153.17.27 - - [16/Jul/2017:10:21:50 +0200] "GET / HTTP/1.0" 200 1229 "-" "-"
62.153.17.27 - - [16/Jul/2017:10:23:51 +0200] "GET / HTTP/1.0" 200 1229 "-" "-"
62.153.17.27 - - [16/Jul/2017:10:24:30 +0200] "GET / HTTP/1.0" 200 1229 "-" "-"
141.212.122.96 - - [16/Jul/2017:10:50:33 +0200] "GET /x HTTP/1.1" 400 329 "-" "Telesphoreo"
89.122.29.82 - - [16/Jul/2017:11:51:16 +0200] "GET / HTTP/1.1" 200 1229 "-" "Java/1.6.0_22"
141.212.122.96 - - [16/Jul/2017:11:59:31 +0200] "GET /x HTTP/1.1" 400 329 "-" "Telesphoreo"
1.2.181.228 - - [16/Jul/2017:12:08:07 +0200] "GET login.cgi HTTP/1.0" 400 329 "-" "-"
141.212.122.96 - - [16/Jul/2017:12:12:47 +0200] "GET /x HTTP/1.1" 400 329 "-" "Telesphoreo"
139.162.108.53 - - [16/Jul/2017:12:20:49 +0200] "GET / HTTP/1.1" 200 1229 "-" "Mozilla/5.0 (Windows NT 10.0; WOW64) AppleWebKit/537.36 (KHTML, like Gecko) Chrome/50.0.2661.102 Safari/537.36"
141.212.122.96 - - [16/Jul/2017:12:30:06 +0200] "GET /x HTTP/1.1" 400 329 "-" "Telesphoreo"
93.42.69.97 - - [16/Jul/2017:13:32:48 +0200] "\xa3" 501 316 "-" "-"
93.42.69.97 - - [16/Jul/2017:13:32:49 +0200] "POST / HTTP/1.1" 200 1229 "-" "Mozilla/4.0 (compatible; MSIE 7.0; Windows NT 10.0; WOW64; Trident/7.0; .NET4.0C; .NET4.0E; .NET CLR 2.0.50727; .NET CLR 3.0.30729; .NET CLR 3.5.30729)"
93.42.69.97 - - [16/Jul/2017:13:34:49 +0200] "POST / HTTP/1.1" 200 1229 "-" "Mozilla/4.0 (compatible; MSIE 7.0; Windows NT 10.0; WOW64; Trident/7.0; .NET4.0C; .NET4.0E; .NET CLR 2.0.50727; .NET CLR 3.0.30729; .NET CLR 3.5.30729)"
93.42.69.97 - - [16/Jul/2017:13:36:49 +0200] "POST / HTTP/1.1" 200 1229 "-" "Mozilla/5.0 (Windows NT 10.0; WOW64; Trident/7.0; rv:11.0) like Gecko"
189.202.1.64 - - [16/Jul/2017:13:38:41 +0200] "GET login.cgi HTTP/1.0" 400 329 "-" "-"
93.42.69.97 - - [16/Jul/2017:13:38:49 +0200] "POST / HTTP/1.1" 200 1229 "-" "Mozilla/5.0 (Windows NT 10.0; WOW64; Trident/7.0; rv:11.0) like Gecko"
93.42.69.97 - - [16/Jul/2017:13:40:49 +0200] "POST / HTTP/1.1" 200 1229 "-" "Mozilla/5.0 (Windows NT 10.0; WOW64; Trident/7.0; rv:11.0) like Gecko"
93.42.69.97 - - [16/Jul/2017:13:47:31 +0200] "POST / HTTP/1.1" 200 1229 "-" "Mozilla/5.0 (Windows NT 10.0; WOW64; Trident/7.0; rv:11.0) like Gecko"
93.42.69.97 - - [16/Jul/2017:13:49:32 +0200] "POST / HTTP/1.1" 200 1229 "-" "Mozilla/5.0 (Windows NT 10.0; WOW64; Trident/7.0; rv:11.0) like Gecko"
93.42.69.97 - - [16/Jul/2017:13:51:32 +0200] "POST / HTTP/1.1" 200 1229 "-" "Mozilla/5.0 (Windows NT 10.0; WOW64; Trident/7.0; rv:11.0) like Gecko"
93.42.69.97 - - [16/Jul/2017:13:53:32 +0200] "POST / HTTP/1.1" 200 1229 "-" "Mozilla/5.0 (Windows NT 10.0; WOW64; Trident/7.0; rv:11.0) like Gecko"
93.42.69.97 - - [16/Jul/2017:13:55:32 +0200] "POST / HTTP/1.1" 200 1229 "-" "Mozilla/5.0 (Windows NT 10.0; WOW64; Trident/7.0; rv:11.0) like Gecko"
93.42.69.97 - - [16/Jul/2017:13:57:32 +0200] "POST / HTTP/1.1" 200 1229 "-" "Mozilla/5.0 (Windows NT 10.0; WOW64; Trident/7.0; rv:11.0) like Gecko"
93.42.69.97 - - [16/Jul/2017:13:59:32 +0200] "POST / HTTP/1.1" 200 1229 "-" "Mozilla/5.0 (Windows NT 10.0; WOW64; Trident/7.0; rv:11.0) like Gecko"
93.42.69.97 - - [16/Jul/2017:14:01:32 +0200] "POST / HTTP/1.1" 200 1229 "-" "Mozilla/5.0 (Windows NT 10.0; WOW64; Trident/7.0; rv:11.0) like Gecko"
93.42.69.97 - - [16/Jul/2017:14:03:32 +0200] "POST / HTTP/1.1" 200 1229 "-" "Mozilla/5.0 (Windows NT 10.0; WOW64; Trident/7.0; rv:11.0) like Gecko"
139.162.114.70 - - [16/Jul/2017:14:05:32 +0200] "GET / HTTP/1.1" 200 1229 "-" "Mozilla/5.0 (Windows NT 10.0; WOW64) AppleWebKit/537.36 (KHTML, like Gecko) Chrome/50.0.2661.102 Safari/537.36"
93.42.69.97 - - [16/Jul/2017:14:05:33 +0200] "POST / HTTP/1.1" 200 1229 "-" "Mozilla/5.0 (Windows NT 10.0; WOW64; Trident/7.0; rv:11.0) like Gecko"
93.42.69.97 - - [16/Jul/2017:14:07:33 +0200] "POST / HTTP/1.1" 200 1229 "-" "Mozilla/5.0 (Windows NT 10.0; WOW64; Trident/7.0; rv:11.0) like Gecko"
93.42.69.97 - - [16/Jul/2017:14:09:34 +0200] "POST / HTTP/1.1" 200 1229 "-" "Mozilla/5.0 (Windows NT 10.0; WOW64; Trident/7.0; rv:11.0) like Gecko"
93.42.69.97 - - [16/Jul/2017:14:11:34 +0200] "POST / HTTP/1.1" 200 1229 "-" "Mozilla/5.0 (Windows NT 10.0; WOW64; Trident/7.0; rv:11.0) like Gecko"
93.42.69.97 - - [16/Jul/2017:14:13:34 +0200] "POST / HTTP/1.1" 200 1229 "-" "Mozilla/5.0 (Windows NT 10.0; WOW64; Trident/7.0; rv:11.0) like Gecko"
93.42.69.97 - - [16/Jul/2017:14:15:34 +0200] "POST / HTTP/1.1" 200 1229 "-" "Mozilla/5.0 (Windows NT 10.0; WOW64; Trident/7.0; rv:11.0) like Gecko"
93.42.69.97 - - [16/Jul/2017:14:17:35 +0200] "POST / HTTP/1.1" 200 1229 "-" "Mozilla/5.0 (Windows NT 10.0; WOW64; Trident/7.0; rv:11.0) like Gecko"
93.42.69.97 - - [16/Jul/2017:14:19:35 +0200] "POST / HTTP/1.1" 200 1229 "-" "Mozilla/5.0 (Windows NT 10.0; WOW64; Trident/7.0; rv:11.0) like Gecko"
45.79.223.204 - - [16/Jul/2017:14:20:03 +0200] "GET / HTTP/1.0" 200 1229 "-" "-"
93.42.69.97 - - [16/Jul/2017:14:21:36 +0200] "POST / HTTP/1.1" 200 1229 "-" "Mozilla/5.0 (Windows NT 10.0; WOW64; Trident/7.0; rv:11.0) like Gecko"
93.42.69.97 - - [16/Jul/2017:14:23:36 +0200] "POST / HTTP/1.1" 200 1229 "-" "Mozilla/5.0 (Windows NT 10.0; WOW64; Trident/7.0; rv:11.0) like Gecko"
93.42.69.97 - - [16/Jul/2017:14:25:36 +0200] "POST / HTTP/1.1" 200 1229 "-" "Mozilla/5.0 (Windows NT 10.0; WOW64; Trident/7.0; rv:11.0) like Gecko"
93.42.69.97 - - [16/Jul/2017:14:27:37 +0200] "POST / HTTP/1.1" 200 1229 "-" "Mozilla/5.0 (Windows NT 10.0; WOW64; Trident/7.0; rv:11.0) like Gecko"
93.42.69.97 - - [16/Jul/2017:14:29:37 +0200] "POST / HTTP/1.1" 200 1229 "-" "Mozilla/5.0 (Windows NT 10.0; WOW64; Trident/7.0; rv:11.0) like Gecko"
93.42.69.97 - - [16/Jul/2017:14:31:37 +0200] "POST / HTTP/1.1" 200 1229 "-" "Mozilla/5.0 (Windows NT 10.0; WOW64; Trident/7.0; rv:11.0) like Gecko"
71.6.202.204 - - [16/Jul/2017:14:33:23 +0200] "GET / HTTP/1.1" 200 1229 "-" "Mozilla/5.0 (Windows NT 10.0; Win64; x64) AppleWebKit/537.36 (KHTML, like Gecko) Chrome/56.0.2924.87 Safari/537.36"
93.42.69.97 - - [16/Jul/2017:14:33:37 +0200] "POST / HTTP/1.1" 200 1229 "-" "Mozilla/5.0 (Windows NT 10.0; WOW64; Trident/7.0; rv:11.0) like Gecko"
93.42.69.97 - - [16/Jul/2017:14:35:37 +0200] "POST / HTTP/1.1" 200 1229 "-" "Mozilla/5.0 (Windows NT 10.0; WOW64; Trident/7.0; rv:11.0) like Gecko"
139.162.108.53 - - [16/Jul/2017:14:37:14 +0200] "GET / HTTP/1.1" 200 1229 "-" "Mozilla/5.0 (Windows NT 10.0; WOW64) AppleWebKit/537.36 (KHTML, like Gecko) Chrome/50.0.2661.102 Safari/537.36"
93.42.69.97 - - [16/Jul/2017:14:37:37 +0200] "POST / HTTP/1.1" 200 1229 "-" "Mozilla/5.0 (Windows NT 10.0; WOW64; Trident/7.0; rv:11.0) like Gecko"
93.42.69.97 - - [16/Jul/2017:14:39:37 +0200] "POST / HTTP/1.1" 200 1229 "-" "Mozilla/5.0 (Windows NT 10.0; WOW64; Trident/7.0; rv:11.0) like Gecko"
93.42.69.97 - - [16/Jul/2017:14:41:39 +0200] "POST / HTTP/1.1" 200 1229 "-" "Mozilla/5.0 (Windows NT 10.0; WOW64; Trident/7.0; rv:11.0) like Gecko"
93.42.69.97 - - [16/Jul/2017:14:43:40 +0200] "POST / HTTP/1.1" 200 1229 "-" "Mozilla/5.0 (Windows NT 10.0; WOW64; Trident/7.0; rv:11.0) like Gecko"
185.188.204.13 - - [16/Jul/2017:14:44:18 +0200] "GET /xmlrpc.php HTTP/1.1" 404 315 "-" "Mozilla/5.0 zgrab/0.x"
93.42.69.97 - - [16/Jul/2017:14:45:40 +0200] "POST / HTTP/1.1" 200 1229 "-" "Mozilla/5.0 (Windows NT 10.0; WOW64; Trident/7.0; rv:11.0) like Gecko"
93.42.69.97 - - [16/Jul/2017:14:47:40 +0200] "POST / HTTP/1.1" 200 1229 "-" "Mozilla/5.0 (Windows NT 10.0; WOW64; Trident/7.0; rv:11.0) like Gecko"
93.42.69.97 - - [16/Jul/2017:14:49:40 +0200] "POST / HTTP/1.1" 200 1229 "-" "Mozilla/5.0 (Windows NT 10.0; WOW64; Trident/7.0; rv:11.0) like Gecko"
93.42.69.97 - - [16/Jul/2017:14:51:40 +0200] "POST / HTTP/1.1" 200 1229 "-" "Mozilla/5.0 (Windows NT 10.0; WOW64; Trident/7.0; rv:11.0) like Gecko"
93.42.69.97 - - [16/Jul/2017:14:53:41 +0200] "POST / HTTP/1.1" 200 1229 "-" "Mozilla/5.0 (Windows NT 10.0; WOW64; Trident/7.0; rv:11.0) like Gecko"
93.42.69.97 - - [16/Jul/2017:14:55:41 +0200] "POST / HTTP/1.1" 200 1229 "-" "Mozilla/5.0 (Windows NT 10.0; WOW64; Trident/7.0; rv:11.0) like Gecko"
93.42.69.97 - - [16/Jul/2017:14:57:41 +0200] "POST / HTTP/1.1" 200 1229 "-" "Mozilla/5.0 (Windows NT 10.0; WOW64; Trident/7.0; rv:11.0) like Gecko"
93.42.69.97 - - [16/Jul/2017:14:59:41 +0200] "POST / HTTP/1.1" 200 1229 "-" "Mozilla/5.0 (Windows NT 10.0; WOW64; Trident/7.0; rv:11.0) like Gecko"
93.42.69.97 - - [16/Jul/2017:15:01:41 +0200] "POST / HTTP/1.1" 200 1229 "-" "Mozilla/5.0 (Windows NT 10.0; WOW64; Trident/7.0; rv:11.0) like Gecko"
93.42.69.97 - - [16/Jul/2017:15:03:41 +0200] "POST / HTTP/1.1" 200 1229 "-" "Mozilla/5.0 (Windows NT 10.0; WOW64; Trident/7.0; rv:11.0) like Gecko"
93.42.69.97 - - [16/Jul/2017:15:05:41 +0200] "POST / HTTP/1.1" 200 1229 "-" "Mozilla/5.0 (Windows NT 10.0; WOW64; Trident/7.0; rv:11.0) like Gecko"
93.42.69.97 - - [16/Jul/2017:15:07:41 +0200] "POST / HTTP/1.1" 200 1229 "-" "Mozilla/5.0 (Windows NT 10.0; WOW64; Trident/7.0; rv:11.0) like Gecko"
93.42.69.97 - - [16/Jul/2017:15:09:42 +0200] "POST / HTTP/1.1" 200 1229 "-" "Mozilla/5.0 (Windows NT 10.0; WOW64; Trident/7.0; rv:11.0) like Gecko"
93.42.69.97 - - [16/Jul/2017:15:11:42 +0200] "POST / HTTP/1.1" 200 1229 "-" "Mozilla/5.0 (Windows NT 10.0; WOW64; Trident/7.0; rv:11.0) like Gecko"
93.42.69.97 - - [16/Jul/2017:15:13:42 +0200] "POST / HTTP/1.1" 200 1229 "-" "Mozilla/5.0 (Windows NT 10.0; WOW64; Trident/7.0; rv:11.0) like Gecko"
93.42.69.97 - - [16/Jul/2017:15:15:42 +0200] "POST / HTTP/1.1" 200 1229 "-" "Mozilla/5.0 (Windows NT 10.0; WOW64; Trident/7.0; rv:11.0) like Gecko"
92.75.89.253 - - [16/Jul/2017:15:16:52 +0200] "GET / HTTP/1.1" 200 1229 "http://www.oberstufenzentrum.de/schulen/friedrich-list-schule" "Mozilla/5.0 (Windows NT 6.1; Win64; x64) AppleWebKit/537.36 (KHTML, like Gecko) Chrome/59.0.3071.115 Safari/537.36"
92.75.89.253 - - [16/Jul/2017:15:16:52 +0200] "GET /favicon.ico HTTP/1.1" 404 331 "http://www.friedrich-list-berlin.de/" "Mozilla/5.0 (Windows NT 6.1; Win64; x64) AppleWebKit/537.36 (KHTML, like Gecko) Chrome/59.0.3071.115 Safari/537.36"
93.42.69.97 - - [16/Jul/2017:15:17:42 +0200] "POST / HTTP/1.1" 200 1229 "-" "Mozilla/5.0 (Windows NT 10.0; WOW64; Trident/7.0; rv:11.0) like Gecko"
93.42.69.97 - - [16/Jul/2017:15:19:45 +0200] "POST / HTTP/1.1" 200 1229 "-" "Mozilla/5.0 (Windows NT 10.0; WOW64; Trident/7.0; rv:11.0) like Gecko"
93.42.69.97 - - [16/Jul/2017:15:21:45 +0200] "POST / HTTP/1.1" 200 1229 "-" "Mozilla/5.0 (Windows NT 10.0; WOW64; Trident/7.0; rv:11.0) like Gecko"
93.42.69.97 - - [16/Jul/2017:15:23:45 +0200] "POST / HTTP/1.1" 200 1229 "-" "Mozilla/5.0 (Windows NT 10.0; WOW64; Trident/7.0; rv:11.0) like Gecko"
93.42.69.97 - - [16/Jul/2017:15:25:45 +0200] "POST / HTTP/1.1" 200 1229 "-" "Mozilla/5.0 (Windows NT 10.0; WOW64; Trident/7.0; rv:11.0) like Gecko"
93.42.69.97 - - [16/Jul/2017:15:27:45 +0200] "POST / HTTP/1.1" 200 1229 "-" "Mozilla/5.0 (Windows NT 10.0; WOW64; Trident/7.0; rv:11.0) like Gecko"
93.42.69.97 - - [16/Jul/2017:15:29:45 +0200] "POST / HTTP/1.1" 200 1229 "-" "Mozilla/5.0 (Windows NT 10.0; WOW64; Trident/7.0; rv:11.0) like Gecko"
93.42.69.97 - - [16/Jul/2017:15:31:45 +0200] "POST / HTTP/1.1" 200 1229 "-" "Mozilla/5.0 (Windows NT 10.0; WOW64; Trident/7.0; rv:11.0) like Gecko"
93.42.69.97 - - [16/Jul/2017:15:33:46 +0200] "POST / HTTP/1.1" 200 1229 "-" "Mozilla/5.0 (Windows NT 10.0; WOW64; Trident/7.0; rv:11.0) like Gecko"
93.42.69.97 - - [16/Jul/2017:15:35:46 +0200] "POST / HTTP/1.1" 200 1229 "-" "Mozilla/5.0 (Windows NT 10.0; WOW64; Trident/7.0; rv:11.0) like Gecko"
93.42.69.97 - - [16/Jul/2017:15:37:46 +0200] "POST / HTTP/1.1" 200 1229 "-" "Mozilla/5.0 (Windows NT 10.0; WOW64; Trident/7.0; rv:11.0) like Gecko"
93.42.69.97 - - [16/Jul/2017:15:39:46 +0200] "POST / HTTP/1.1" 200 1229 "-" "Mozilla/5.0 (Windows NT 10.0; WOW64; Trident/7.0; rv:11.0) like Gecko"
93.42.69.97 - - [16/Jul/2017:15:41:46 +0200] "POST / HTTP/1.1" 200 1229 "-" "Mozilla/5.0 (Windows NT 10.0; WOW64; Trident/7.0; rv:11.0) like Gecko"
93.42.69.97 - - [16/Jul/2017:15:43:46 +0200] "POST / HTTP/1.1" 200 1229 "-" "Mozilla/5.0 (Windows NT 10.0; WOW64; Trident/7.0; rv:11.0) like Gecko"
141.212.122.96 - - [16/Jul/2017:15:45:35 +0200] "GET /x HTTP/1.1" 400 329 "-" "Telesphoreo"
93.42.69.97 - - [16/Jul/2017:15:45:46 +0200] "POST / HTTP/1.1" 200 1229 "-" "Mozilla/5.0 (Windows NT 10.0; WOW64; Trident/7.0; rv:11.0) like Gecko"
93.42.69.97 - - [16/Jul/2017:15:47:47 +0200] "POST / HTTP/1.1" 200 1229 "-" "Mozilla/5.0 (Windows NT 10.0; WOW64; Trident/7.0; rv:11.0) like Gecko"
71.6.202.204 - - [16/Jul/2017:15:49:23 +0200] "GET / HTTP/1.1" 200 1229 "-" "Mozilla/5.0 (Windows NT 10.0; Win64; x64) AppleWebKit/537.36 (KHTML, like Gecko) Chrome/56.0.2924.87 Safari/537.36"
93.42.69.97 - - [16/Jul/2017:15:49:47 +0200] "POST / HTTP/1.1" 200 1229 "-" "Mozilla/5.0 (Windows NT 10.0; WOW64; Trident/7.0; rv:11.0) like Gecko"
93.42.69.97 - - [16/Jul/2017:15:51:47 +0200] "POST / HTTP/1.1" 200 1229 "-" "Mozilla/5.0 (Windows NT 10.0; WOW64; Trident/7.0; rv:11.0) like Gecko"
93.42.69.97 - - [16/Jul/2017:15:53:47 +0200] "POST / HTTP/1.1" 200 1229 "-" "Mozilla/5.0 (Windows NT 10.0; WOW64; Trident/7.0; rv:11.0) like Gecko"
93.42.69.97 - - [16/Jul/2017:15:55:47 +0200] "POST / HTTP/1.1" 200 1229 "-" "Mozilla/5.0 (Windows NT 10.0; WOW64; Trident/7.0; rv:11.0) like Gecko"
93.42.69.97 - - [16/Jul/2017:15:57:47 +0200] "POST / HTTP/1.1" 200 1229 "-" "Mozilla/5.0 (Windows NT 10.0; WOW64; Trident/7.0; rv:11.0) like Gecko"
93.42.69.97 - - [16/Jul/2017:15:59:47 +0200] "POST / HTTP/1.1" 200 1229 "-" "Mozilla/5.0 (Windows NT 10.0; WOW64; Trident/7.0; rv:11.0) like Gecko"
93.42.69.97 - - [16/Jul/2017:16:01:48 +0200] "POST / HTTP/1.1" 200 1229 "-" "Mozilla/5.0 (Windows NT 10.0; WOW64; Trident/7.0; rv:11.0) like Gecko"
93.42.69.97 - - [16/Jul/2017:16:03:48 +0200] "POST / HTTP/1.1" 200 1229 "-" "Mozilla/5.0 (Windows NT 10.0; WOW64; Trident/7.0; rv:11.0) like Gecko"
93.42.69.97 - - [16/Jul/2017:16:05:48 +0200] "POST / HTTP/1.1" 200 1229 "-" "Mozilla/5.0 (Windows NT 10.0; WOW64; Trident/7.0; rv:11.0) like Gecko"
124.112.228.45 - - [16/Jul/2017:16:11:37 +0200] "GET /manager/html HTTP/1.1" 404 317 "-" "Mozilla/5.0 (compatible; MSIE 10.0; Windows NT 6.2; WOW64; Trident/6.0)"
124.112.228.45 - - [16/Jul/2017:16:11:37 +0200] "GET /manager/html HTTP/1.1" 404 317 "-" "Mozilla/5.0 (compatible; MSIE 10.0; Windows NT 6.2; WOW64; Trident/6.0)"
124.112.228.45 - - [16/Jul/2017:16:11:37 +0200] "GET /manager/html HTTP/1.1" 404 317 "-" "Mozilla/5.0 (compatible; MSIE 10.0; Windows NT 6.2; WOW64; Trident/6.0)"
124.112.228.45 - - [16/Jul/2017:16:11:38 +0200] "GET /manager/html HTTP/1.1" 404 317 "-" "Mozilla/5.0 (compatible; MSIE 10.0; Windows NT 6.2; WOW64; Trident/6.0)"
38.107.180.164 - - [16/Jul/2017:16:14:48 +0200] "GET / HTTP/1.1" 200 1229 "-" "Mozilla/5.0 zgrab/0.x"
185.188.204.13 - - [16/Jul/2017:16:22:28 +0200] "GET /xmlrpc.php HTTP/1.1" 404 315 "-" "Mozilla/5.0 zgrab/0.x"
38.107.180.164 - - [16/Jul/2017:16:36:12 +0200] "GET / HTTP/1.1" 200 1229 "-" "Mozilla/5.0 zgrab/0.x"
199.47.87.142 - - [16/Jul/2017:17:18:19 +0200] "GET /robots.txt HTTP/1.1" 404 330 "-" "TurnitinBot (https://turnitin.com/robot/crawlerinfo.html)"
199.47.87.142 - - [16/Jul/2017:17:18:20 +0200] "GET / HTTP/1.1" 200 1229 "-" "TurnitinBot (https://turnitin.com/robot/crawlerinfo.html)"
93.37.87.12 - - [16/Jul/2017:17:25:00 +0200] "O" 501 316 "-" "-"
119.28.41.128 - - [16/Jul/2017:17:32:32 +0200] "GET / HTTP/1.1" 200 1229 "-" "Mozilla/5.0 (Windows NT 5.1) AppleWebKit/535.11 (KHTML, like Gecko) Chrome/17.0.963.84 Safari/535.11 SE 2.X MetaSr 1.0"
139.162.108.53 - - [16/Jul/2017:17:57:38 +0200] "GET / HTTP/1.1" 200 1229 "-" "Mozilla/5.0 (Windows NT 10.0; WOW64) AppleWebKit/537.36 (KHTML, like Gecko) Chrome/50.0.2661.102 Safari/537.36"
141.212.122.96 - - [16/Jul/2017:18:20:32 +0200] "GET /x HTTP/1.1" 400 329 "-" "Telesphoreo"
194.187.170.107 - - [16/Jul/2017:19:15:35 +0200] "GET /robots.txt HTTP/1.0" 404 330 "-" "Mozilla/5.0 (compatible; Qwantify/2.4w; +https://www.qwant.com/)/2.4w"
194.187.170.107 - - [16/Jul/2017:19:15:35 +0200] "GET / HTTP/1.0" 304 - "-" "Mozilla/5.0 (compatible; Qwantify/2.4w; +https://www.qwant.com/)/2.4w"
31.210.102.114 - - [16/Jul/2017:19:27:27 +0200] "GET / HTTP/1.0" 200 1229 "-" "masscan/1.0 (https://github.com/robertdavidgraham/masscan)"
31.210.102.114 - - [16/Jul/2017:19:28:16 +0200] "GET / HTTP/1.0" 200 1229 "-" "masscan/1.0 (https://github.com/robertdavidgraham/masscan)"
31.210.102.114 - - [16/Jul/2017:19:28:32 +0200] "GET / HTTP/1.0" 200 1229 "-" "masscan/1.0 (https://github.com/robertdavidgraham/masscan)"
71.6.202.204 - - [16/Jul/2017:19:43:17 +0200] "GET / HTTP/1.1" 200 1229 "-" "Mozilla/5.0 (Windows NT 10.0; Win64; x64) AppleWebKit/537.36 (KHTML, like Gecko) Chrome/56.0.2924.87 Safari/537.36"
185.188.204.27 - - [16/Jul/2017:20:33:57 +0200] "GET /xmlrpc.php HTTP/1.1" 404 315 "-" "-"
71.6.202.204 - - [16/Jul/2017:20:34:09 +0200] "GET / HTTP/1.1" 200 1229 "-" "Mozilla/5.0 (Windows NT 10.0; Win64; x64) AppleWebKit/537.36 (KHTML, like Gecko) Chrome/56.0.2924.87 Safari/537.36"
185.188.204.27 - - [16/Jul/2017:20:34:35 +0200] "GET /xmlrpc.php HTTP/1.1" 404 315 "-" "-"
187.174.83.209 - - [16/Jul/2017:20:43:50 +0200] "GET / HTTP/1.0" 200 1229 "-" "-"
141.212.122.96 - - [16/Jul/2017:20:46:16 +0200] "GET /x HTTP/1.1" 400 329 "-" "Telesphoreo"
1.20.145.46 - - [16/Jul/2017:20:54:29 +0200] "GET login.cgi HTTP/1.0" 400 329 "-" "-"
204.79.180.8 - - [16/Jul/2017:20:55:01 +0200] "GET / HTTP/1.1" 200 1229 "-" "Mozilla/5.0 (compatible; MSIE 9.0; Windows NT 6.0; Trident/5.0; Trident/5.0)"
45.79.223.204 - - [16/Jul/2017:21:04:07 +0200] "GET / HTTP/1.0" 200 1229 "-" "-"
141.212.122.96 - - [16/Jul/2017:21:05:33 +0200] "GET /x HTTP/1.1" 400 329 "-" "Telesphoreo"
79.7.107.9 - - [16/Jul/2017:21:07:07 +0200] "GET /manager/html HTTP/1.1" 404 317 "-" "Mozilla/5.0 Gecko/20100101"
79.7.107.9 - - [16/Jul/2017:21:07:07 +0200] "GET /manager/html HTTP/1.1" 404 317 "-" "Mozilla/5.0 Gecko/20100101"
79.7.107.9 - - [16/Jul/2017:21:07:07 +0200] "GET /manager/html HTTP/1.1" 404 317 "-" "Mozilla/5.0 Gecko/20100101"
79.7.107.9 - - [16/Jul/2017:21:07:07 +0200] "GET /manager/html HTTP/1.1" 404 317 "-" "Mozilla/5.0 Gecko/20100101"
79.7.107.9 - - [16/Jul/2017:21:07:07 +0200] "GET /manager/html HTTP/1.1" 404 317 "-" "Mozilla/5.0 Gecko/20100101"
79.7.107.9 - - [16/Jul/2017:21:07:08 +0200] "GET /manager/html HTTP/1.1" 404 317 "-" "Mozilla/5.0 Gecko/20100101"
79.7.107.9 - - [16/Jul/2017:21:07:08 +0200] "GET /manager/html HTTP/1.1" 404 317 "-" "Mozilla/5.0 Gecko/20100101"
79.7.107.9 - - [16/Jul/2017:21:07:08 +0200] "GET /manager/html HTTP/1.1" 404 317 "-" "Mozilla/5.0 Gecko/20100101"
79.7.107.9 - - [16/Jul/2017:21:07:08 +0200] "GET /manager/html HTTP/1.1" 404 317 "-" "Mozilla/5.0 Gecko/20100101"
79.7.107.9 - - [16/Jul/2017:21:07:08 +0200] "GET /manager/html HTTP/1.1" 404 317 "-" "Mozilla/5.0 Gecko/20100101"
31.210.102.114 - - [16/Jul/2017:21:07:29 +0200] "GET / HTTP/1.0" 200 1229 "-" "masscan/1.0 (https://github.com/robertdavidgraham/masscan)"
31.210.102.114 - - [16/Jul/2017:21:08:04 +0200] "GET / HTTP/1.0" 200 1229 "-" "masscan/1.0 (https://github.com/robertdavidgraham/masscan)"
31.210.102.114 - - [16/Jul/2017:21:08:21 +0200] "GET / HTTP/1.0" 200 1229 "-" "masscan/1.0 (https://github.com/robertdavidgraham/masscan)"
66.240.219.146 - - [16/Jul/2017:21:12:49 +0200] "GET / HTTP/1.1" 200 1229 "-" "Mozilla/5.0 (Windows NT 6.1) AppleWebKit/537.36 (KHTML, like Gecko) Chrome/41.0.2228.0 Safari/537.36"
66.240.219.146 - - [16/Jul/2017:21:12:50 +0200] "GET /robots.txt HTTP/1.1" 404 315 "-" "-"
66.240.219.146 - - [16/Jul/2017:21:12:50 +0200] "GET /sitemap.xml HTTP/1.1" 404 316 "-" "-"
185.188.204.27 - - [16/Jul/2017:21:30:13 +0200] "GET /xmlrpc.php HTTP/1.1" 404 315 "-" "-"
185.188.204.27 - - [16/Jul/2017:21:31:45 +0200] "GET /xmlrpc.php HTTP/1.1" 404 315 "-" "-"
185.188.204.27 - - [16/Jul/2017:21:52:21 +0200] "GET /xmlrpc.php HTTP/1.1" 404 315 "-" "-"
71.6.202.204 - - [16/Jul/2017:21:54:52 +0200] "GET / HTTP/1.1" 200 1229 "-" "Mozilla/5.0 (Windows NT 10.0; Win64; x64) AppleWebKit/537.36 (KHTML, like Gecko) Chrome/56.0.2924.87 Safari/537.36"
188.138.75.107 - - [16/Jul/2017:21:56:35 +0200] "GET / HTTP/1.1" 200 1229 "-" "Mozilla/5.0 (X11; U; Linux Core i7-4980HQ; de; rv:32.0; compatible; JobboerseBot; http://www.jobboerse.com/bot.htm) Gecko/20100101 Firefox/38.0"
188.138.75.107 - - [16/Jul/2017:21:56:36 +0200] "GET /robots.txt HTTP/1.1" 404 330 "-" "Mozilla/5.0 (X11; U; Linux Core i7-4980HQ; de; rv:32.0; compatible; JobboerseBot; http://www.jobboerse.com/bot.htm) Gecko/20100101 Firefox/38.0"
188.138.75.107 - - [16/Jul/2017:21:56:36 +0200] "GET / HTTP/1.1" 200 1229 "-" "Mozilla/5.0 (X11; U; Linux Core i7-4980HQ; de; rv:32.0; compatible; JobboerseBot; http://www.jobboerse.com/bot.htm) Gecko/20100101 Firefox/38.0"
188.138.75.107 - - [16/Jul/2017:21:56:36 +0200] "GET / HTTP/1.1" 200 1229 "-" "Mozilla/5.0 (X11; U; Linux Core i7-4980HQ; de; rv:32.0; compatible; JobboerseBot; http://www.jobboerse.com/bot.htm) Gecko/20100101 Firefox/38.0"
190.161.50.60 - - [16/Jul/2017:21:56:47 +0200] "GET login.cgi HTTP/1.0" 400 329 "-" "-"
71.6.202.204 - - [16/Jul/2017:22:01:41 +0200] "GET / HTTP/1.1" 200 1229 "-" "Mozilla/5.0 (Windows NT 10.0; Win64; x64) AppleWebKit/537.36 (KHTML, like Gecko) Chrome/56.0.2924.87 Safari/537.36"
31.210.102.114 - - [16/Jul/2017:22:05:01 +0200] "GET / HTTP/1.0" 200 1229 "-" "masscan/1.0 (https://github.com/robertdavidgraham/masscan)"
31.210.102.114 - - [16/Jul/2017:22:05:07 +0200] "GET / HTTP/1.0" 200 1229 "-" "masscan/1.0 (https://github.com/robertdavidgraham/masscan)"
31.210.102.114 - - [16/Jul/2017:22:05:34 +0200] "GET / HTTP/1.0" 200 1229 "-" "masscan/1.0 (https://github.com/robertdavidgraham/masscan)"
31.210.102.114 - - [16/Jul/2017:22:06:02 +0200] "GET / HTTP/1.0" 200 1229 "-" "masscan/1.0 (https://github.com/robertdavidgraham/masscan)"
185.188.204.27 - - [16/Jul/2017:23:02:50 +0200] "GET /xmlrpc.php HTTP/1.1" 404 315 "-" "-"
185.188.204.27 - - [16/Jul/2017:23:07:05 +0200] "GET /xmlrpc.php HTTP/1.1" 404 315 "-" "-"
185.188.204.27 - - [16/Jul/2017:23:07:21 +0200] "GET /xmlrpc.php HTTP/1.1" 404 315 "-" "-"
45.121.216.106 - - [16/Jul/2017:23:21:01 +0200] "GET / HTTP/1.0" 200 1229 "-" "-"
71.6.202.204 - - [16/Jul/2017:23:37:22 +0200] "GET / HTTP/1.1" 200 1229 "-" "Mozilla/5.0 (Windows NT 10.0; Win64; x64) AppleWebKit/537.36 (KHTML, like Gecko) Chrome/56.0.2924.87 Safari/537.36"
122.226.223.86 - - [17/Jul/2017:00:12:27 +0200] "GET / HTTP/1.1" 200 1229 "-" "Mozilla/4.0 (compatible; MSIE 6.0; Windows NT 5.1"
122.226.223.86 - - [17/Jul/2017:00:12:27 +0200] "GET / HTTP/1.1" 200 1229 "-" "Mozilla/4.0 (compatible; MSIE 6.0; Windows NT 5.1"
122.226.223.86 - - [17/Jul/2017:00:12:29 +0200] "GET / HTTP/1.1" 200 1229 "-" "Mozilla/4.0 (compatible; MSIE 6.0; Windows NT 5.1"
122.226.223.86 - - [17/Jul/2017:00:12:30 +0200] "GET / HTTP/1.1" 200 1229 "-" "Mozilla/4.0 (compatible; MSIE 6.0; Windows NT 5.1"
141.212.122.96 - - [17/Jul/2017:00:55:03 +0200] "GET /x HTTP/1.1" 400 329 "-" "Telesphoreo"
71.6.202.204 - - [17/Jul/2017:01:11:35 +0200] "GET / HTTP/1.1" 200 1229 "-" "Mozilla/5.0 (Windows NT 10.0; Win64; x64) AppleWebKit/537.36 (KHTML, like Gecko) Chrome/56.0.2924.87 Safari/537.36"
80.229.34.19 - - [17/Jul/2017:01:13:20 +0200] "GET / HTTP/1.0" 200 1229 "-" "-"
139.162.108.53 - - [17/Jul/2017:01:49:15 +0200] "GET / HTTP/1.1" 200 1229 "-" "Mozilla/5.0 (Windows NT 10.0; WOW64) AppleWebKit/537.36 (KHTML, like Gecko) Chrome/50.0.2661.102 Safari/537.36"
66.240.219.146 - - [17/Jul/2017:01:57:30 +0200] "GET / HTTP/1.1" 200 1229 "-" "Mozilla/5.0 (Windows NT 6.1) AppleWebKit/537.36 (KHTML, like Gecko) Chrome/41.0.2228.0 Safari/537.36"
66.240.219.146 - - [17/Jul/2017:01:57:31 +0200] "GET /robots.txt HTTP/1.1" 404 315 "-" "-"
66.240.219.146 - - [17/Jul/2017:01:57:31 +0200] "GET /sitemap.xml HTTP/1.1" 404 316 "-" "-"
5.255.251.7 - - [17/Jul/2017:02:07:55 +0200] "GET /robots.txt HTTP/1.1" 404 323 "-" "Mozilla/5.0 (compatible; YandexBot/3.0; +http://yandex.com/bots)"
5.255.251.7 - - [17/Jul/2017:02:07:59 +0200] "GET /favicon.ico HTTP/1.1" 404 324 "-" "Mozilla/5.0 (compatible; YandexBot/3.0; +http://yandex.com/bots)"
207.46.13.199 - - [17/Jul/2017:02:18:19 +0200] "GET /robots.txt HTTP/1.1" 404 323 "-" "Mozilla/5.0 (compatible; bingbot/2.0; +http://www.bing.com/bingbot.htm)"
207.46.13.128 - - [17/Jul/2017:02:18:28 +0200] "GET / HTTP/1.1" 200 1229 "-" "Mozilla/5.0 (iPhone; CPU iPhone OS 7_0 like Mac OS X) AppleWebKit/537.51.1 (KHTML, like Gecko) Version/7.0 Mobile/11A465 Safari/9537.53 (compatible; bingbot/2.0; +http://www.bing.com/bingbot.htm)"
157.55.39.76 - - [17/Jul/2017:02:18:47 +0200] "GET /robots.txt HTTP/1.1" 404 323 "-" "Mozilla/5.0 (compatible; bingbot/2.0; +http://www.bing.com/bingbot.htm)"
54.202.18.153 - - [17/Jul/2017:03:24:49 +0200] "GET / HTTP/1.1" 200 1229 "-" "Mozilla/5.0 (Macintosh; Intel Mac OS X 10_11_5) AppleWebKit/537.36 (KHTML, like Gecko) Chrome/50.0.2661.102 Safari/537.36"
66.249.70.12 - - [17/Jul/2017:03:54:31 +0200] "GET /robots.txt HTTP/1.1" 404 323 "-" "Mozilla/5.0 (compatible; Googlebot/2.1; +http://www.google.com/bot.html)"
66.249.64.140 - - [17/Jul/2017:03:54:31 +0200] "GET /karriere.html HTTP/1.1" 404 326 "-" "Mozilla/5.0 (compatible; Googlebot/2.1; +http://www.google.com/bot.html)"
142.54.161.10 - - [17/Jul/2017:04:08:58 +0200] "GET /new/wp-admin/setup-config.php HTTP/1.1" 404 342 "-" "Mozilla/5.0 (Windows NT 6.1; Trident/7.0; rv:11.0) like Gecko"
142.54.161.10 - - [17/Jul/2017:04:08:58 +0200] "GET /blogs/wp-admin/setup-config.php HTTP/1.1" 404 344 "-" "Mozilla/5.0 (Windows NT 6.1; Trident/7.0; rv:11.0) like Gecko"
142.54.161.10 - - [17/Jul/2017:04:08:58 +0200] "GET /beta/wp-admin/setup-config.php HTTP/1.1" 404 343 "-" "Mozilla/5.0 (Windows NT 6.1; Trident/7.0; rv:11.0) like Gecko"
142.54.161.10 - - [17/Jul/2017:04:08:58 +0200] "GET /news/wp-admin/setup-config.php HTTP/1.1" 404 343 "-" "Mozilla/5.0 (Windows NT 6.1; Trident/7.0; rv:11.0) like Gecko"
142.54.161.10 - - [17/Jul/2017:04:08:58 +0200] "GET /wp-admin/setup-config.php HTTP/1.1" 404 338 "-" "Mozilla/5.0 (Windows NT 6.1; Trident/7.0; rv:11.0) like Gecko"
54.183.180.146 - - [17/Jul/2017:04:21:59 +0200] "GET / HTTP/1.1" 200 1229 "-" "Mozilla/5.0 (Macintosh; Intel Mac OS X 10_11_5) AppleWebKit/537.36 (KHTML, like Gecko) Chrome/50.0.2661.102 Safari/537.36"
141.212.122.96 - - [17/Jul/2017:04:32:41 +0200] "GET /x HTTP/1.1" 400 329 "-" "Telesphoreo"
71.6.146.130 - - [17/Jul/2017:04:46:23 +0200] "GET / HTTP/1.1" 200 1229 "-" "Mozilla/5.0 (Windows NT 6.1) AppleWebKit/537.36 (KHTML, like Gecko) Chrome/41.0.2228.0 Safari/537.36"
71.6.146.130 - - [17/Jul/2017:04:46:25 +0200] "GET /robots.txt HTTP/1.1" 404 315 "-" "-"
71.6.146.130 - - [17/Jul/2017:04:46:28 +0200] "GET /sitemap.xml HTTP/1.1" 404 316 "-" "-"
71.6.202.204 - - [17/Jul/2017:04:59:31 +0200] "GET / HTTP/1.1" 200 1229 "-" "Mozilla/5.0 (Windows NT 10.0; Win64; x64) AppleWebKit/537.36 (KHTML, like Gecko) Chrome/56.0.2924.87 Safari/537.36"
54.90.134.153 - - [17/Jul/2017:05:09:09 +0200] "GET / HTTP/1.1" 200 1229 "-" "Mozilla/5.0 (Macintosh; Intel Mac OS X 10_11_5) AppleWebKit/537.36 (KHTML, like Gecko) Chrome/50.0.2661.102 Safari/537.36"
54.183.119.221 - - [17/Jul/2017:05:11:46 +0200] "GET / HTTP/1.1" 200 1229 "-" "Mozilla/5.0 (Macintosh; Intel Mac OS X 10_11_5) AppleWebKit/537.36 (KHTML, like Gecko) Chrome/50.0.2661.102 Safari/537.36"
180.51.78.95 - - [17/Jul/2017:05:12:16 +0200] "GET / HTTP/1.0" 200 1229 "-" "-"
54.183.119.221 - - [17/Jul/2017:05:30:26 +0200] "GET / HTTP/1.1" 200 1229 "-" "Mozilla/5.0 (Macintosh; Intel Mac OS X 10_11_5) AppleWebKit/537.36 (KHTML, like Gecko) Chrome/50.0.2661.102 Safari/537.36"
71.6.202.204 - - [17/Jul/2017:05:53:03 +0200] "GET / HTTP/1.1" 200 1229 "-" "Mozilla/5.0 (Windows NT 10.0; Win64; x64) AppleWebKit/537.36 (KHTML, like Gecko) Chrome/56.0.2924.87 Safari/537.36"
54.90.134.153 - - [17/Jul/2017:06:47:16 +0200] "GET / HTTP/1.1" 200 1229 "-" "Mozilla/5.0 (Macintosh; Intel Mac OS X 10_11_5) AppleWebKit/537.36 (KHTML, like Gecko) Chrome/50.0.2661.102 Safari/537.36"
178.162.210.6 - - [17/Jul/2017:07:16:53 +0200] "GET http://178.162.210.6/proxychecker/check.cgi?action=getinfo HTTP/1.0" 404 327 "http://www.google.com/search?hl=ru&q=free+proxy+checker&sourceid=navclient-ff&ie=UTF-8" "Mozilla/4.0 (Windows NT 6.2) AppleWebKit/537.17 (KHTML, like Gecko) Chrome/24.0.1312.70 Safari/537.17"
187.147.168.5 - - [17/Jul/2017:07:40:59 +0200] "GET / HTTP/1.0" 200 1229 "-" "-"
109.91.245.180 - - [17/Jul/2017:07:49:42 +0200] "GET / HTTP/1.0" 200 1229 "-" "-"
13.56.16.32 - - [17/Jul/2017:07:51:21 +0200] "GET / HTTP/1.1" 200 1229 "-" "Mozilla/5.0 (Macintosh; Intel Mac OS X 10_11_5) AppleWebKit/537.36 (KHTML, like Gecko) Chrome/50.0.2661.102 Safari/537.36"
109.45.0.223 - - [17/Jul/2017:08:00:18 +0200] "GET / HTTP/1.1" 200 1229 "-" "Mozilla/5.0 (iPhone; CPU iPhone OS 10_3_2 like Mac OS X) AppleWebKit/603.2.4 (KHTML, like Gecko) Version/10.0 Mobile/14F89 Safari/602.1"
54.202.18.153 - - [17/Jul/2017:08:10:34 +0200] "GET / HTTP/1.1" 200 1229 "-" "Mozilla/5.0 (Macintosh; Intel Mac OS X 10_11_5) AppleWebKit/537.36 (KHTML, like Gecko) Chrome/50.0.2661.102 Safari/537.36"
54.183.119.221 - - [17/Jul/2017:08:25:33 +0200] "GET / HTTP/1.1" 200 1229 "-" "Mozilla/5.0 (Macintosh; Intel Mac OS X 10_11_5) AppleWebKit/537.36 (KHTML, like Gecko) Chrome/50.0.2661.102 Safari/537.36"
46.45.181.120 - - [17/Jul/2017:08:30:10 +0200] "GET /wordpress/wp-admin/install.php?language=en_US HTTP/1.1" 404 354 "-" "Mozilla/5.0 (Macintosh; Intel Mac OS X 10_11_6) AppleWebKit/601.7.7 (KHTML, like Gecko) Version/9.1.2 Safari/601.7.7"
122.117.201.80 - - [17/Jul/2017:08:30:36 +0200] "GET / HTTP/1.0" 200 1229 "-" "Mozilla/5.0 (compatible; Googlebot/2.1; +http://www.google.com/bot.html)"
210.243.234.170 - - [17/Jul/2017:08:38:38 +0200] "GET / HTTP/1.0" 200 1229 "-" "-"
54.90.70.186 - - [17/Jul/2017:08:46:16 +0200] "GET / HTTP/1.1" 200 1229 "-" "Mozilla/5.0 (Macintosh; Intel Mac OS X 10_11_5) AppleWebKit/537.36 (KHTML, like Gecko) Chrome/50.0.2661.102 Safari/537.36"
38.107.180.164 - - [17/Jul/2017:08:59:55 +0200] "GET / HTTP/1.1" 200 1229 "-" "Mozilla/5.0 zgrab/0.x"
38.107.180.164 - - [17/Jul/2017:08:59:55 +0200] "GET / HTTP/1.1" 200 1229 "-" "Mozilla/5.0 zgrab/0.x"
38.107.180.164 - - [17/Jul/2017:08:59:55 +0200] "GET / HTTP/1.1" 200 1229 "-" "Mozilla/5.0 zgrab/0.x"
38.107.180.164 - - [17/Jul/2017:09:04:23 +0200] "GET / HTTP/1.1" 200 1229 "-" "Mozilla/5.0 zgrab/0.x"
38.107.180.164 - - [17/Jul/2017:09:12:28 +0200] "GET / HTTP/1.1" 200 1229 "-" "Mozilla/5.0 zgrab/0.x"
38.107.180.164 - - [17/Jul/2017:09:12:28 +0200] "GET / HTTP/1.1" 200 1229 "-" "Mozilla/5.0 zgrab/0.x"
180.76.15.146 - - [17/Jul/2017:09:14:02 +0200] "GET / HTTP/1.1" 304 - "-" "Mozilla/5.0 (compatible; Baiduspider/2.0; +http://www.baidu.com/search/spider.html)"
183.129.160.229 - - [17/Jul/2017:09:15:30 +0200] "GET / HTTP/1.1" 200 1229 "-" "Mozilla/5.0 (Macintosh; Intel Mac OS X 10.11; rv:47.0) Gecko/20100101 Firefox/47.0"
183.129.160.229 - - [17/Jul/2017:09:15:38 +0200] "GET / HTTP/1.1" 200 1229 "-" "Mozilla/5.0 (Macintosh; Intel Mac OS X 10.11; rv:47.0) Gecko/20100101 Firefox/47.0"
183.129.160.229 - - [17/Jul/2017:09:15:50 +0200] "GET / HTTP/1.1" 200 1229 "-" "Mozilla/5.0 (Macintosh; Intel Mac OS X 10.11; rv:47.0) Gecko/20100101 Firefox/47.0"
183.129.160.229 - - [17/Jul/2017:09:15:58 +0200] "GET / HTTP/1.1" 200 1229 "-" "Mozilla/5.0 (Macintosh; Intel Mac OS X 10.11; rv:47.0) Gecko/20100101 Firefox/47.0"
183.129.160.229 - - [17/Jul/2017:09:16:18 +0200] "GET / HTTP/1.1" 200 1229 "-" "Mozilla/5.0 (Macintosh; Intel Mac OS X 10.11; rv:47.0) Gecko/20100101 Firefox/47.0"
183.129.160.229 - - [17/Jul/2017:09:17:04 +0200] "GET / HTTP/1.1" 200 1229 "-" "Mozilla/5.0 (Macintosh; Intel Mac OS X 10.11; rv:47.0) Gecko/20100101 Firefox/47.0"
183.129.160.229 - - [17/Jul/2017:09:17:18 +0200] "GET / HTTP/1.1" 200 1229 "-" "Mozilla/5.0 (Macintosh; Intel Mac OS X 10.11; rv:47.0) Gecko/20100101 Firefox/47.0"
183.129.160.229 - - [17/Jul/2017:09:17:39 +0200] "GET / HTTP/1.1" 200 1229 "-" "Mozilla/5.0 (Macintosh; Intel Mac OS X 10.11; rv:47.0) Gecko/20100101 Firefox/47.0"
183.129.160.229 - - [17/Jul/2017:09:18:11 +0200] "GET / HTTP/1.1" 200 1229 "-" "Mozilla/5.0 (Macintosh; Intel Mac OS X 10.11; rv:47.0) Gecko/20100101 Firefox/47.0"
38.107.180.164 - - [17/Jul/2017:09:30:32 +0200] "GET / HTTP/1.1" 200 1229 "-" "Mozilla/5.0 zgrab/0.x"
38.107.180.164 - - [17/Jul/2017:09:30:32 +0200] "GET / HTTP/1.1" 200 1229 "-" "Mozilla/5.0 zgrab/0.x"
217.247.111.88 - - [17/Jul/2017:09:43:40 +0200] "GET / HTTP/1.1" 200 1229 "https://www.bing.com/" "Mozilla/5.0 (Windows NT 10.0; Win64; x64) AppleWebKit/537.36 (KHTML, like Gecko) Chrome/59.0.3071.115 Safari/537.36"
217.247.111.88 - - [17/Jul/2017:09:43:40 +0200] "GET /favicon.ico HTTP/1.1" 404 331 "http://www.friedrich-list-berlin.de/" "Mozilla/5.0 (Windows NT 10.0; Win64; x64) AppleWebKit/537.36 (KHTML, like Gecko) Chrome/59.0.3071.115 Safari/537.36"
221.200.109.153 - - [17/Jul/2017:09:50:49 +0200] "GET login.cgi HTTP/1.0" 400 329 "-" "-"
62.214.191.65 - - [17/Jul/2017:09:52:52 +0200] "GET / HTTP/1.1" 200 1229 "-" "Mozilla/5.0 (iPhone; CPU iPhone OS 10_3_2 like Mac OS X) AppleWebKit/603.2.4 (KHTML, like Gecko) Version/10.0 Mobile/14F89 Safari/602.1"
80.142.166.229 - - [17/Jul/2017:09:55:32 +0200] "GET / HTTP/1.1" 200 1229 "-" "Mozilla/5.0 (iPad; CPU OS 10_3_2 like Mac OS X) AppleWebKit/603.2.4 (KHTML, like Gecko) Version/10.0 Mobile/14F89 Safari/602.1"
180.76.15.140 - - [17/Jul/2017:10:01:32 +0200] "GET /robots.txt HTTP/1.1" 404 326 "-" "Mozilla/5.0 (Windows NT 5.1; rv:6.0.2) Gecko/20100101 Firefox/6.0.2"
180.76.15.144 - - [17/Jul/2017:10:02:09 +0200] "GET / HTTP/1.1" 304 - "-" "Mozilla/5.0 (compatible; Baiduspider/2.0; +http://www.baidu.com/search/spider.html)"
180.76.15.18 - - [17/Jul/2017:10:35:29 +0200] "GET /?path=content&contentid=77 HTTP/1.1" 200 1229 "-" "Mozilla/5.0 (compatible; Baiduspider/2.0; +http://www.baidu.com/search/spider.html)"
66.240.205.34 - - [17/Jul/2017:10:49:13 +0200] "Gh0st\xad" 501 321 "-" "-"
85.105.194.8 - - [17/Jul/2017:11:09:47 +0200] "GET / HTTP/1.0" 200 1229 "-" "-"
89.204.139.164 - - [17/Jul/2017:11:24:36 +0200] "GET / HTTP/1.1" 200 1229 "-" "Mozilla/5.0 (iPhone; CPU iPhone OS 9_3_5 like Mac OS X) AppleWebKit/601.1.46 (KHTML, like Gecko) Version/9.0 Mobile/13G36 Safari/601.1"
89.204.139.164 - - [17/Jul/2017:11:24:48 +0200] "GET / HTTP/1.1" 200 1229 "-" "Mozilla/5.0 (iPhone; CPU iPhone OS 9_3_5 like Mac OS X) AppleWebKit/601.1.46 (KHTML, like Gecko) Version/9.0 Mobile/13G36 Safari/601.1"
164.132.91.1 - - [17/Jul/2017:11:25:59 +0200] "GET / HTTP/1.1" 200 1229 "-" "Mozilla/5.0 (X11; Linux i686; rv:14.0) Gecko/20100101 Firefox/14.0"
203.80.226.18 - - [17/Jul/2017:11:42:58 +0200] "GET / HTTP/1.0" 200 1229 "-" "-"
123.207.168.15 - - [17/Jul/2017:11:45:48 +0200] "GET /phpMyAdmin/scripts/setup.php HTTP/1.1" 404 333 "-" "-"
123.207.168.15 - - [17/Jul/2017:11:48:22 +0200] "GET /pma/scripts/setup.php HTTP/1.1" 404 326 "-" "-"
123.207.168.15 - - [17/Jul/2017:11:51:02 +0200] "GET /myadmin/scripts/setup.php HTTP/1.1" 404 330 "-" "-"
164.132.91.1 - - [17/Jul/2017:12:05:53 +0200] "GET / HTTP/1.1" 200 1229 "-" "(KHTML, like Gecko) Chrome/41.0.2227.1 Safari/537.36"
42.51.16.26 - - [17/Jul/2017:12:35:52 +0200] "GET /phpmyadmin HTTP/1.1" 404 315 "http://212.91.246.86/phpmyadmin" "Mozilla/4.0 (compatible; MSIE 9.0; Windows NT 6.1)"
42.51.16.26 - - [17/Jul/2017:12:35:52 +0200] "GET /phpmyadmin HTTP/1.1" 404 315 "http://212.91.246.84/phpmyadmin" "Mozilla/4.0 (compatible; MSIE 9.0; Windows NT 6.1)"
42.51.16.26 - - [17/Jul/2017:12:35:52 +0200] "GET /phpmyadmin HTTP/1.1" 404 315 "http://212.91.246.88/phpmyadmin" "Mozilla/4.0 (compatible; MSIE 9.0; Windows NT 6.1)"
42.51.16.26 - - [17/Jul/2017:12:35:52 +0200] "GET /phpmyadmin HTTP/1.1" 404 315 "http://212.91.246.82/phpmyadmin" "Mozilla/4.0 (compatible; MSIE 9.0; Windows NT 6.1)"
42.51.16.26 - - [17/Jul/2017:12:35:52 +0200] "GET /phpmyadmin HTTP/1.1" 404 315 "http://212.91.246.80/phpmyadmin" "Mozilla/4.0 (compatible; MSIE 9.0; Windows NT 6.1)"
42.51.16.26 - - [17/Jul/2017:12:35:52 +0200] "GET /phpmyadmin HTTP/1.1" 404 315 "http://212.91.246.89/phpmyadmin" "Mozilla/4.0 (compatible; MSIE 9.0; Windows NT 6.1)"
42.51.16.26 - - [17/Jul/2017:12:35:52 +0200] "GET /phpmyadmin HTTP/1.1" 404 315 "http://212.91.246.81/phpmyadmin" "Mozilla/4.0 (compatible; MSIE 9.0; Windows NT 6.1)"
42.51.16.26 - - [17/Jul/2017:12:35:52 +0200] "GET /phpmyadmin HTTP/1.1" 404 315 "http://212.91.246.87/phpmyadmin" "Mozilla/4.0 (compatible; MSIE 9.0; Windows NT 6.1)"
42.51.16.26 - - [17/Jul/2017:12:35:52 +0200] "GET /phpmyadmin HTTP/1.1" 404 315 "http://212.91.246.83/phpmyadmin" "Mozilla/4.0 (compatible; MSIE 9.0; Windows NT 6.1)"
42.51.16.26 - - [17/Jul/2017:12:35:52 +0200] "GET /phpmyadmin HTTP/1.1" 404 315 "http://212.91.246.85/phpmyadmin" "Mozilla/4.0 (compatible; MSIE 9.0; Windows NT 6.1)"
139.162.119.197 - - [17/Jul/2017:12:47:59 +0200] "GET / HTTP/1.1" 200 1229 "-" "Mozilla/5.0 (Windows NT 10.0; WOW64) AppleWebKit/537.36 (KHTML, like Gecko) Chrome/50.0.2661.102 Safari/537.36"
46.229.164.100 - - [17/Jul/2017:12:54:22 +0200] "GET /robots.txt HTTP/1.1" 404 330 "-" "Mozilla/5.0 (compatible; SemrushBot/1.2~bl; +http://www.semrush.com/bot.html)"
88.72.178.19 - - [17/Jul/2017:12:57:06 +0200] "GET / HTTP/1.1" 200 1229 "http://www.oberstufenzentrum.de/schulen/friedrich-list-schule" "Mozilla/5.0 (iPad; CPU OS 10_1_1 like Mac OS X) AppleWebKit/602.2.14 (KHTML, like Gecko) Version/10.0 Mobile/14B100 Safari/602.1"
139.162.108.53 - - [17/Jul/2017:13:14:05 +0200] "GET / HTTP/1.1" 200 1229 "-" "Mozilla/5.0 (Windows NT 10.0; WOW64) AppleWebKit/537.36 (KHTML, like Gecko) Chrome/50.0.2661.102 Safari/537.36"
195.88.117.170 - - [17/Jul/2017:13:29:34 +0200] "GET / HTTP/1.1" 304 - "http://www.oberstufenzentrum.de/schulen/friedrich-list-schule-ehemals-osz-buerowirtschaft-ii" "Mozilla/5.0 (Windows NT 6.1; WOW64; Trident/7.0; rv:11.0) like Gecko"
195.88.117.170 - - [17/Jul/2017:13:29:34 +0200] "GET /favicon.ico HTTP/1.1" 404 331 "-" "Mozilla/5.0 (Windows NT 6.1; Win64; x64; Trident/7.0; rv:11.0) like Gecko"
91.200.12.57 - - [17/Jul/2017:13:30:14 +0200] "\x03" 501 316 "-" "-"
91.200.12.57 - - [17/Jul/2017:13:30:26 +0200] "\x03" 501 316 "-" "-"
193.175.73.217 - - [17/Jul/2017:13:40:35 +0200] "GET / HTTP/1.1" 200 1229 "http://www.oberstufenzentrum.de/schulen/friedrich-list-schule" "Mozilla/5.0 (Windows NT 6.1; WOW64; Trident/7.0; rv:11.0) like Gecko"
193.175.73.217 - - [17/Jul/2017:13:40:35 +0200] "GET /favicon.ico HTTP/1.1" 404 331 "-" "Mozilla/5.0 (Windows NT 6.1; WOW64; Trident/7.0; rv:11.0) like Gecko"
193.175.73.217 - - [17/Jul/2017:13:40:49 +0200] "GET /favicon.ico HTTP/1.1" 404 331 "-" "Mozilla/5.0 (Windows NT 6.1; WOW64; Trident/7.0; rv:11.0) like Gecko"
109.65.28.39 - - [17/Jul/2017:14:18:36 +0200] "GET login.cgi HTTP/1.0" 400 329 "-" "-"
163.172.105.72 - - [17/Jul/2017:14:49:15 +0200] "GET / HTTP/1.0" 200 1229 "-" "Mozilla/5.0 (Windows NT 6.3; WOW64) AppleWebKit/537.36 (KHTML, like Gecko) Chrome/36.0.1985.143 Safari/537.36"
180.76.15.138 - - [17/Jul/2017:15:14:06 +0200] "GET /?path=content&contentid=77 HTTP/1.1" 200 1229 "-" "Mozilla/5.0 (compatible; Baiduspider/2.0; +http://www.baidu.com/search/spider.html)"
158.69.225.33 - - [17/Jul/2017:15:27:06 +0200] "GET / HTTP/1.1" 200 1229 "-" "Mozilla/5.0 (compatible; Dataprovider.com;)"
158.69.225.33 - - [17/Jul/2017:15:27:08 +0200] "GET /robots.txt HTTP/1.1" 404 323 "-" "Mozilla/5.0 (compatible; Dataprovider.com;)"
158.69.225.33 - - [17/Jul/2017:15:27:08 +0200] "GET /sitemap.xml HTTP/1.1" 404 324 "-" "Mozilla/5.0 (compatible; Dataprovider.com;)"
158.69.225.33 - - [17/Jul/2017:15:27:09 +0200] "GET / HTTP/1.1" 200 1229 "-" "Mozilla/5.0 (compatible; Dataprovider.com;)"
158.69.225.33 - - [17/Jul/2017:15:27:10 +0200] "GET / HTTP/1.1" 200 1229 "-" "Mozilla/5.0 (Linux; Android 5.1.1; SM-G925F Build/LMY47X) AppleWebKit/537.36 (KHTML, like Gecko) Chrome/45.0.2454.94 Mobile Safari/537.36"
62.238.49.228 - - [17/Jul/2017:15:45:19 +0200] "GET / HTTP/1.0" 200 1229 "-" "-"
139.162.119.197 - - [17/Jul/2017:16:28:45 +0200] "GET / HTTP/1.1" 200 1229 "-" "Mozilla/5.0 (Windows NT 10.0; WOW64) AppleWebKit/537.36 (KHTML, like Gecko) Chrome/50.0.2661.102 Safari/537.36"
79.212.57.29 - - [17/Jul/2017:16:45:38 +0200] "GET / HTTP/1.1" 200 1229 "-" "Mozilla/5.0 (Macintosh; Intel Mac OS X 10_12_5) AppleWebKit/603.2.4 (KHTML, like Gecko) Version/10.1.1 Safari/603.2.4"
79.212.57.29 - - [17/Jul/2017:16:45:39 +0200] "GET /favicon.ico HTTP/1.1" 404 331 "http://www.friedrich-list-berlin.de/" "Mozilla/5.0 (Macintosh; Intel Mac OS X 10_12_5) AppleWebKit/603.2.4 (KHTML, like Gecko) Version/10.1.1 Safari/603.2.4"
217.61.3.143 - - [17/Jul/2017:17:08:41 +0200] "GET / HTTP/1.1" 200 1229 "http://www.friedrich-list-berlin.de" "Mozilla/5.0 (Windows NT 6.3; WOW64; rv:50.0) Gecko/20100101 Firefox/50.0"
183.129.160.229 - - [17/Jul/2017:17:33:10 +0200] "GET / HTTP/1.1" 200 1229 "-" "Mozilla/5.0 (Macintosh; Intel Mac OS X 10.11; rv:47.0) Gecko/20100101 Firefox/47.0"
183.129.160.229 - - [17/Jul/2017:17:33:59 +0200] "GET / HTTP/1.1" 200 1229 "-" "Mozilla/5.0 (Macintosh; Intel Mac OS X 10.11; rv:47.0) Gecko/20100101 Firefox/47.0"
183.129.160.229 - - [17/Jul/2017:17:34:04 +0200] "GET / HTTP/1.1" 200 1229 "-" "Mozilla/5.0 (Macintosh; Intel Mac OS X 10.11; rv:47.0) Gecko/20100101 Firefox/47.0"
186.4.162.210 - - [17/Jul/2017:18:13:49 +0200] "GET / HTTP/1.0" 200 1229 "-" "-"
