80.82.77.33 - - [30/May/2017:21:07:08 +0200] "GET / HTTP/1.1" 200 1229 "-" "Mozilla/5.0 (Windows NT 6.1) AppleWebKit/537.36 (KHTML, like Gecko) Chrome/41.0.2228.0 Safari/537.36"
80.82.77.33 - - [30/May/2017:21:07:08 +0200] "GET /robots.txt HTTP/1.1" 404 315 "-" "-"
80.82.77.33 - - [30/May/2017:21:07:08 +0200] "GET /sitemap.xml HTTP/1.1" 404 316 "-" "-"
60.191.38.77 - - [30/May/2017:21:17:42 +0200] "GET /current_config/Account1 HTTP/1.1" 404 328 "-" "Mozilla/5.0"
172.104.136.5 - - [30/May/2017:21:18:15 +0200] "GET / HTTP/1.0" 200 1229 "-" "-"
60.191.38.77 - - [30/May/2017:21:18:34 +0200] "GET /current_config/Account1 HTTP/1.1" 404 328 "-" "Mozilla/5.0"
60.191.38.77 - - [30/May/2017:21:19:22 +0200] "GET /current_config/Account1 HTTP/1.1" 404 328 "-" "Mozilla/5.0"
60.191.38.77 - - [30/May/2017:21:19:24 +0200] "GET /current_config/Account1 HTTP/1.1" 404 328 "-" "Mozilla/5.0"
60.191.38.77 - - [30/May/2017:21:19:30 +0200] "GET /current_config/Account1 HTTP/1.1" 404 328 "-" "Mozilla/5.0"
54.82.68.210 - - [30/May/2017:21:25:09 +0200] "GET / HTTP/1.1" 200 1229 "-" "Mozilla/5.0 (X11; Ubuntu; Linux x86_64; rv:30.0) Gecko/20100101 Firefox/30.0"
139.162.108.53 - - [30/May/2017:22:17:22 +0200] "GET / HTTP/1.1" 200 1229 "-" "Mozilla/5.0 (Windows NT 10.0; WOW64) AppleWebKit/537.36 (KHTML, like Gecko) Chrome/50.0.2661.102 Safari/537.36"
139.162.114.70 - - [30/May/2017:22:21:05 +0200] "GET / HTTP/1.1" 200 1229 "-" "Mozilla/5.0 (Windows NT 10.0; WOW64) AppleWebKit/537.36 (KHTML, like Gecko) Chrome/50.0.2661.102 Safari/537.36"
71.6.202.204 - - [30/May/2017:22:36:42 +0200] "GET / HTTP/1.1" 200 1229 "-" "Mozilla/5.0 (Windows NT 10.0; Win64; x64) AppleWebKit/537.36 (KHTML, like Gecko) Chrome/56.0.2924.87 Safari/537.36"
164.52.7.132 - - [30/May/2017:23:03:28 +0200] "\x16\x03\x01\x01\"\x01" 501 326 "-" "-"
172.104.137.76 - - [30/May/2017:23:38:47 +0200] "GET / HTTP/1.0" 200 1229 "-" "-"
139.162.119.197 - - [30/May/2017:23:44:39 +0200] "GET / HTTP/1.1" 200 1229 "-" "Mozilla/5.0 (Windows NT 10.0; WOW64) AppleWebKit/537.36 (KHTML, like Gecko) Chrome/50.0.2661.102 Safari/537.36"
87.191.239.233 - - [31/May/2017:00:46:12 +0200] "GET / HTTP/1.0" 200 1229 "-" "-"
87.191.239.233 - - [31/May/2017:00:48:43 +0200] "GET / HTTP/1.0" 200 1229 "-" "-"
87.191.239.233 - - [31/May/2017:00:50:59 +0200] "GET / HTTP/1.0" 200 1229 "-" "-"
66.249.64.15 - - [31/May/2017:01:51:20 +0200] "GET /robots.txt HTTP/1.1" 404 323 "-" "Mozilla/5.0 (compatible; Googlebot/2.1; +http://www.google.com/bot.html)"
66.249.64.16 - - [31/May/2017:01:51:20 +0200] "GET /firmenkleidung/ HTTP/1.1" 404 328 "-" "Mozilla/5.0 (compatible; Googlebot/2.1; +http://www.google.com/bot.html)"
119.29.249.181 - - [31/May/2017:01:51:48 +0200] "GET /phpMyAdmin/scripts/setup.php HTTP/1.1" 404 333 "-" "-"
119.29.249.181 - - [31/May/2017:01:54:40 +0200] "GET /pma/scripts/setup.php HTTP/1.1" 404 326 "-" "-"
173.255.237.178 - - [31/May/2017:01:56:03 +0200] "GET / HTTP/1.0" 200 1229 "-" "-"
119.29.249.181 - - [31/May/2017:01:57:36 +0200] "GET /myadmin/scripts/setup.php HTTP/1.1" 404 330 "-" "-"
220.133.251.25 - - [31/May/2017:01:59:55 +0200] "GET / HTTP/1.0" 200 1229 "-" "Mozilla/5.0 (compatible; Googlebot/2.1; +http://www.google.com/bot.html)"
71.6.202.204 - - [31/May/2017:02:15:30 +0200] "GET / HTTP/1.1" 200 1229 "-" "Mozilla/5.0 (Windows NT 10.0; Win64; x64) AppleWebKit/537.36 (KHTML, like Gecko) Chrome/56.0.2924.87 Safari/537.36"
141.136.118.10 - - [31/May/2017:02:15:53 +0200] "GET / HTTP/1.0" 200 1229 "-" "Mozilla/5.0 (compatible; Googlebot/2.1; +http://www.google.com/bot.html)"
209.126.136.5 - - [31/May/2017:02:27:27 +0200] "GET / HTTP/1.1" 200 1229 "-" "Mozilla/5.0 (Windows NT 10.0; Win64; x64) AppleWebKit/537.36 (KHTML, like Gecko) Chrome/56.0.2924.87 Safari/537.36"
71.6.202.204 - - [31/May/2017:02:30:26 +0200] "GET / HTTP/1.1" 200 1229 "-" "Mozilla/5.0 (Windows NT 10.0; Win64; x64) AppleWebKit/537.36 (KHTML, like Gecko) Chrome/56.0.2924.87 Safari/537.36"
71.6.202.204 - - [31/May/2017:02:32:50 +0200] "GET / HTTP/1.1" 200 1229 "-" "Mozilla/5.0 (Windows NT 10.0; Win64; x64) AppleWebKit/537.36 (KHTML, like Gecko) Chrome/56.0.2924.87 Safari/537.36"
87.250.244.8 - - [31/May/2017:03:20:05 +0200] "GET /robots.txt HTTP/1.1" 404 323 "-" "Mozilla/5.0 (compatible; YandexBot/3.0; +http://yandex.com/bots)"
5.255.251.13 - - [31/May/2017:03:20:09 +0200] "GET /favicon.ico HTTP/1.1" 404 324 "-" "Mozilla/5.0 (compatible; YandexBot/3.0; +http://yandex.com/bots)"
141.136.118.10 - - [31/May/2017:03:54:58 +0200] "GET / HTTP/1.0" 200 1229 "-" "Mozilla/5.0 (compatible; Googlebot/2.1; +http://www.google.com/bot.html)"
209.126.136.5 - - [31/May/2017:04:44:55 +0200] "GET / HTTP/1.1" 200 1229 "-" "Mozilla/5.0 (Windows NT 10.0; Win64; x64) AppleWebKit/537.36 (KHTML, like Gecko) Chrome/56.0.2924.87 Safari/537.36"
71.6.202.204 - - [31/May/2017:04:50:23 +0200] "GET / HTTP/1.1" 200 1229 "-" "Mozilla/5.0 (Windows NT 10.0; Win64; x64) AppleWebKit/537.36 (KHTML, like Gecko) Chrome/56.0.2924.87 Safari/537.36"
71.6.202.204 - - [31/May/2017:04:57:27 +0200] "GET / HTTP/1.1" 200 1229 "-" "Mozilla/5.0 (Windows NT 10.0; Win64; x64) AppleWebKit/537.36 (KHTML, like Gecko) Chrome/56.0.2924.87 Safari/537.36"
124.121.16.40 - - [31/May/2017:05:11:03 +0200] "GET / HTTP/1.0" 200 1229 "-" "-"
209.126.136.5 - - [31/May/2017:06:16:17 +0200] "GET / HTTP/1.1" 200 1229 "-" "Mozilla/5.0 (Windows NT 10.0; Win64; x64) AppleWebKit/537.36 (KHTML, like Gecko) Chrome/56.0.2924.87 Safari/537.36"
66.249.64.16 - - [31/May/2017:06:24:39 +0200] "GET /service-frankfurt.html HTTP/1.1" 404 335 "-" "Mozilla/5.0 (compatible; Googlebot/2.1; +http://www.google.com/bot.html)"
208.100.26.230 - - [31/May/2017:06:27:13 +0200] "GET / HTTP/1.0" 200 1229 "-" "-"
208.100.26.230 - - [31/May/2017:06:27:39 +0200] "HEAD / HTTP/1.1" 200 - "-" "Mozilla/5.0 (compatible; Nmap Scripting Engine; https://nmap.org/book/nse.html)"
208.100.26.230 - - [31/May/2017:06:27:39 +0200] "GET / HTTP/1.0" 200 1229 "-" "-"
208.100.26.230 - - [31/May/2017:06:27:40 +0200] "GET / HTTP/1.1" 200 1229 "-" "-"
209.126.136.5 - - [31/May/2017:06:28:29 +0200] "GET / HTTP/1.1" 200 1229 "-" "Mozilla/5.0 (Windows NT 10.0; Win64; x64) AppleWebKit/537.36 (KHTML, like Gecko) Chrome/56.0.2924.87 Safari/537.36"
208.100.26.230 - - [31/May/2017:07:04:13 +0200] "GET / HTTP/1.0" 200 1229 "-" "-"
185.100.87.191 - - [31/May/2017:07:04:25 +0200] "GET / HTTP/1.0" 200 1229 "-" "-"
185.100.87.191 - - [31/May/2017:07:04:27 +0200] "GET / HTTP/1.0" 200 1229 "-" "-"
185.100.87.191 - - [31/May/2017:07:04:27 +0200] "HEAD / HTTP/1.1" 200 - "-" "Mozilla/5.0 (compatible; Nmap Scripting Engine; https://nmap.org/book/nse.html)"
185.100.87.191 - - [31/May/2017:07:04:27 +0200] "GET / HTTP/1.1" 200 1229 "-" "-"
71.6.202.204 - - [31/May/2017:07:04:33 +0200] "GET / HTTP/1.1" 200 1229 "-" "Mozilla/5.0 (Windows NT 10.0; Win64; x64) AppleWebKit/537.36 (KHTML, like Gecko) Chrome/56.0.2924.87 Safari/537.36"
208.100.26.230 - - [31/May/2017:07:06:29 +0200] "GET / HTTP/1.0" 200 1229 "-" "-"
208.100.26.230 - - [31/May/2017:07:06:29 +0200] "GET / HTTP/1.1" 200 1229 "-" "-"
208.100.26.230 - - [31/May/2017:07:06:30 +0200] "HEAD / HTTP/1.1" 200 - "-" "Mozilla/5.0 (compatible; Nmap Scripting Engine; https://nmap.org/book/nse.html)"
208.100.26.232 - - [31/May/2017:07:09:43 +0200] "GET / HTTP/1.0" 200 1229 "-" "-"
185.100.87.191 - - [31/May/2017:07:10:27 +0200] "GET / HTTP/1.0" 200 1229 "-" "-"
185.100.87.191 - - [31/May/2017:07:10:43 +0200] "GET / HTTP/1.0" 200 1229 "-" "-"
185.100.87.191 - - [31/May/2017:07:10:43 +0200] "HEAD / HTTP/1.1" 200 - "-" "Mozilla/5.0 (compatible; Nmap Scripting Engine; https://nmap.org/book/nse.html)"
185.100.87.191 - - [31/May/2017:07:10:44 +0200] "GET / HTTP/1.1" 200 1229 "-" "-"
208.100.26.232 - - [31/May/2017:07:12:03 +0200] "HEAD / HTTP/1.1" 200 - "-" "Mozilla/5.0 (compatible; Nmap Scripting Engine; https://nmap.org/book/nse.html)"
208.100.26.232 - - [31/May/2017:07:12:03 +0200] "GET / HTTP/1.0" 200 1229 "-" "-"
208.100.26.232 - - [31/May/2017:07:12:04 +0200] "GET / HTTP/1.1" 200 1229 "-" "-"
62.113.5.146 - - [31/May/2017:07:14:23 +0200] "GET / HTTP/1.0" 200 1229 "-" "-"
62.113.5.146 - - [31/May/2017:07:14:37 +0200] "GET / HTTP/1.0" 200 1229 "-" "-"
62.113.5.146 - - [31/May/2017:07:16:48 +0200] "GET / HTTP/1.0" 200 1229 "-" "-"
62.113.5.146 - - [31/May/2017:07:16:58 +0200] "GET / HTTP/1.0" 200 1229 "-" "-"
62.113.5.146 - - [31/May/2017:07:18:36 +0200] "GET / HTTP/1.0" 200 1229 "-" "-"
62.113.5.146 - - [31/May/2017:07:19:54 +0200] "GET / HTTP/1.0" 200 1229 "-" "-"
62.113.5.146 - - [31/May/2017:07:20:01 +0200] "GET / HTTP/1.0" 200 1229 "-" "-"
62.113.5.146 - - [31/May/2017:07:20:04 +0200] "GET / HTTP/1.0" 200 1229 "-" "-"
62.113.5.146 - - [31/May/2017:07:20:49 +0200] "GET / HTTP/1.0" 200 1229 "-" "-"
62.113.5.146 - - [31/May/2017:07:26:50 +0200] "GET / HTTP/1.0" 200 1229 "-" "-"
201.83.253.235 - - [31/May/2017:07:32:54 +0200] "GET /hndUnblock.cgi HTTP/1.0" 404 319 "-" "Wget(linux)"
201.83.253.235 - - [31/May/2017:07:32:54 +0200] "GET /hndUnblock.cgi HTTP/1.0" 404 319 "-" "Wget(linux)"
177.192.214.249 - - [31/May/2017:07:32:54 +0200] "GET /hndUnblock.cgi HTTP/1.0" 404 319 "-" "Wget(linux)"
189.122.154.247 - - [31/May/2017:07:32:54 +0200] "GET /hndUnblock.cgi HTTP/1.0" 404 319 "-" "Wget(linux)"
189.122.154.247 - - [31/May/2017:07:32:54 +0200] "GET /hndUnblock.cgi HTTP/1.0" 404 319 "-" "Wget(linux)"
177.35.144.191 - - [31/May/2017:07:32:54 +0200] "GET /hndUnblock.cgi HTTP/1.0" 404 319 "-" "Wget(linux)"
177.35.144.191 - - [31/May/2017:07:32:54 +0200] "GET /hndUnblock.cgi HTTP/1.0" 404 319 "-" "Wget(linux)"
179.232.35.251 - - [31/May/2017:07:32:55 +0200] "GET /hndUnblock.cgi HTTP/1.0" 404 319 "-" "Wget(linux)"
201.83.253.235 - - [31/May/2017:07:32:55 +0200] "GET /tmUnblock.cgi HTTP/1.0" 404 318 "-" "Wget(linux)"
179.232.35.251 - - [31/May/2017:07:32:55 +0200] "GET /hndUnblock.cgi HTTP/1.0" 404 319 "-" "Wget(linux)"
179.232.35.251 - - [31/May/2017:07:32:55 +0200] "GET /hndUnblock.cgi HTTP/1.0" 404 319 "-" "Wget(linux)"
201.83.253.235 - - [31/May/2017:07:32:55 +0200] "GET /tmUnblock.cgi HTTP/1.0" 404 318 "-" "Wget(linux)"
177.192.214.249 - - [31/May/2017:07:32:55 +0200] "GET /tmUnblock.cgi HTTP/1.0" 404 318 "-" "Wget(linux)"
189.122.154.247 - - [31/May/2017:07:32:55 +0200] "GET /tmUnblock.cgi HTTP/1.0" 404 318 "-" "Wget(linux)"
189.122.154.247 - - [31/May/2017:07:32:55 +0200] "GET /tmUnblock.cgi HTTP/1.0" 404 318 "-" "Wget(linux)"
177.35.144.191 - - [31/May/2017:07:32:55 +0200] "GET /tmUnblock.cgi HTTP/1.0" 404 318 "-" "Wget(linux)"
177.35.144.191 - - [31/May/2017:07:32:55 +0200] "GET /tmUnblock.cgi HTTP/1.0" 404 318 "-" "Wget(linux)"
179.232.35.251 - - [31/May/2017:07:32:55 +0200] "GET /tmUnblock.cgi HTTP/1.0" 404 318 "-" "Wget(linux)"
179.232.35.251 - - [31/May/2017:07:32:55 +0200] "GET /tmUnblock.cgi HTTP/1.0" 404 318 "-" "Wget(linux)"
179.232.35.251 - - [31/May/2017:07:32:55 +0200] "GET /tmUnblock.cgi HTTP/1.0" 404 318 "-" "Wget(linux)"
82.80.249.214 - - [31/May/2017:07:39:38 +0200] "GET / HTTP/1.1" 200 1229 "-" "Mozilla/5.0 (Macintosh; Intel Mac OS X 10.6; rv:26.0) Gecko/20100101 Firefox/26.0"
82.80.249.219 - - [31/May/2017:07:40:42 +0200] "GET / HTTP/1.1" 200 1229 "-" "Mozilla/5.0 (Windows NT 6.1; WOW64; rv:33.0) Gecko/20100101 Firefox/33.0"
80.21.199.20 - - [31/May/2017:07:41:09 +0200] "GET / HTTP/1.0" 200 1229 "-" "Mozilla/5.0 (compatible; MSIE 9.0; Windows NT 6.1; WOW64; Trident/5.0)"
80.21.199.20 - - [31/May/2017:07:41:09 +0200] "GET / HTTP/1.0" 200 1229 "-" "Mozilla/5.0 (compatible; MSIE 9.0; Windows NT 6.1; WOW64; Trident/5.0)"
80.21.199.20 - - [31/May/2017:07:41:09 +0200] "GET / HTTP/1.0" 200 1229 "-" "Mozilla/5.0 (compatible; MSIE 9.0; Windows NT 6.1; WOW64; Trident/5.0)"
80.21.199.20 - - [31/May/2017:07:41:09 +0200] "GET / HTTP/1.0" 200 1229 "-" "Mozilla/5.0 (compatible; MSIE 9.0; Windows NT 6.1; WOW64; Trident/5.0)"
80.21.199.20 - - [31/May/2017:07:41:09 +0200] "GET / HTTP/1.0" 200 1229 "-" "Mozilla/5.0 (compatible; MSIE 9.0; Windows NT 6.1; WOW64; Trident/5.0)"
80.21.199.20 - - [31/May/2017:07:41:09 +0200] "GET / HTTP/1.0" 200 1229 "-" "Mozilla/5.0 (compatible; MSIE 9.0; Windows NT 6.1; WOW64; Trident/5.0)"
80.21.199.20 - - [31/May/2017:07:41:09 +0200] "GET / HTTP/1.0" 200 1229 "-" "Mozilla/5.0 (compatible; MSIE 9.0; Windows NT 6.1; WOW64; Trident/5.0)"
80.21.199.20 - - [31/May/2017:07:41:09 +0200] "GET / HTTP/1.0" 200 1229 "-" "Mozilla/5.0 (compatible; MSIE 9.0; Windows NT 6.1; WOW64; Trident/5.0)"
80.21.199.20 - - [31/May/2017:07:41:09 +0200] "GET / HTTP/1.0" 200 1229 "-" "Mozilla/5.0 (compatible; MSIE 9.0; Windows NT 6.1; WOW64; Trident/5.0)"
80.21.199.20 - - [31/May/2017:07:41:09 +0200] "GET / HTTP/1.0" 200 1229 "-" "Mozilla/5.0 (compatible; MSIE 9.0; Windows NT 6.1; WOW64; Trident/5.0)"
141.212.122.96 - - [31/May/2017:07:59:32 +0200] "GET / HTTP/1.1" 200 1229 "-" "Mozilla/5.0 zgrab/0.x"
209.126.136.5 - - [31/May/2017:08:33:24 +0200] "GET / HTTP/1.1" 200 1229 "-" "Mozilla/5.0 (Windows NT 10.0; Win64; x64) AppleWebKit/537.36 (KHTML, like Gecko) Chrome/56.0.2924.87 Safari/537.36"
141.212.122.96 - - [31/May/2017:08:45:22 +0200] "GET / HTTP/1.1" 200 1229 "-" "Mozilla/5.0 zgrab/0.x"
139.162.114.70 - - [31/May/2017:09:08:16 +0200] "GET / HTTP/1.1" 200 1229 "-" "Mozilla/5.0 (Windows NT 10.0; WOW64) AppleWebKit/537.36 (KHTML, like Gecko) Chrome/50.0.2661.102 Safari/537.36"
209.126.136.5 - - [31/May/2017:09:35:54 +0200] "GET / HTTP/1.1" 200 1229 "-" "Mozilla/5.0 (Windows NT 10.0; Win64; x64) AppleWebKit/537.36 (KHTML, like Gecko) Chrome/56.0.2924.87 Safari/537.36"
209.126.136.5 - - [31/May/2017:09:53:00 +0200] "GET / HTTP/1.1" 200 1229 "-" "Mozilla/5.0 (Windows NT 10.0; Win64; x64) AppleWebKit/537.36 (KHTML, like Gecko) Chrome/56.0.2924.87 Safari/537.36"
209.126.136.5 - - [31/May/2017:10:40:42 +0200] "GET / HTTP/1.1" 200 1229 "-" "Mozilla/5.0 (Windows NT 10.0; Win64; x64) AppleWebKit/537.36 (KHTML, like Gecko) Chrome/56.0.2924.87 Safari/537.36"
183.129.160.229 - - [31/May/2017:10:52:18 +0200] "GET / HTTP/1.1" 200 1229 "-" "Mozilla/5.0 (Macintosh; Intel Mac OS X 10.11; rv:47.0) Gecko/20100101 Firefox/47.0"
183.129.160.229 - - [31/May/2017:10:52:26 +0200] "GET / HTTP/1.1" 200 1229 "-" "Mozilla/5.0 (Macintosh; Intel Mac OS X 10.11; rv:47.0) Gecko/20100101 Firefox/47.0"
183.129.160.229 - - [31/May/2017:10:52:35 +0200] "GET / HTTP/1.1" 200 1229 "-" "Mozilla/5.0 (Macintosh; Intel Mac OS X 10.11; rv:47.0) Gecko/20100101 Firefox/47.0"
163.172.105.72 - - [31/May/2017:10:52:47 +0200] "GET / HTTP/1.0" 200 1229 "-" "Mozilla/5.0 (Windows NT 6.3; WOW64) AppleWebKit/537.36 (KHTML, like Gecko) Chrome/36.0.1985.143 Safari/537.36"
183.129.160.229 - - [31/May/2017:10:52:58 +0200] "GET / HTTP/1.1" 200 1229 "-" "Mozilla/5.0 (Macintosh; Intel Mac OS X 10.11; rv:47.0) Gecko/20100101 Firefox/47.0"
183.129.160.229 - - [31/May/2017:10:53:07 +0200] "GET / HTTP/1.1" 200 1229 "-" "Mozilla/5.0 (Macintosh; Intel Mac OS X 10.11; rv:47.0) Gecko/20100101 Firefox/47.0"
183.129.160.229 - - [31/May/2017:10:53:14 +0200] "GET / HTTP/1.1" 200 1229 "-" "Mozilla/5.0 (Macintosh; Intel Mac OS X 10.11; rv:47.0) Gecko/20100101 Firefox/47.0"
71.6.202.204 - - [31/May/2017:11:44:38 +0200] "GET / HTTP/1.1" 200 1229 "-" "Mozilla/5.0 (Windows NT 10.0; Win64; x64) AppleWebKit/537.36 (KHTML, like Gecko) Chrome/56.0.2924.87 Safari/537.36"
142.54.183.226 - - [31/May/2017:12:10:09 +0200] "POST / HTTP/1.1" 200 1229 "http://www.hotelkleidung.com//wp-admin/" "Mozilla/5.0 (Windows; Windows NT 5.1; en-US) Firefox/3.5.0"
142.54.183.226 - - [31/May/2017:12:10:10 +0200] "GET //wp-content/uploads/51217766.php HTTP/1.1" 404 344 "-" "Mozilla/5.0 (compatible; MSIE 9.0; Windows NT 6.1; Trident/5.0)"
142.54.183.226 - - [31/May/2017:12:10:10 +0200] "POST / HTTP/1.1" 200 1229 "http://www.hotelkleidung.com//wp-admin/" "Mozilla/5.0 (Windows; Windows NT 5.1; en-US) Firefox/3.5.0"
142.54.183.226 - - [31/May/2017:12:10:11 +0200] "GET //wp-content/uploads/51217766.php HTTP/1.1" 404 344 "-" "Mozilla/5.0 (compatible; MSIE 9.0; Windows NT 6.1; Trident/5.0)"
142.54.183.226 - - [31/May/2017:12:10:12 +0200] "POST //uploadify/uploadify.php?folder=/ HTTP/1.1" 404 336 "http://www.hotelkleidung.com//wp-admin/" "Mozilla/5.0 (Windows; Windows NT 5.1; en-US) Firefox/3.5.0"
142.54.183.226 - - [31/May/2017:12:10:12 +0200] "POST //uploadify/uploadify.php?folder=/ HTTP/1.1" 404 336 "http://www.hotelkleidung.com//wp-admin/" "Mozilla/5.0 (Windows; Windows NT 5.1; en-US) Firefox/3.5.0"
142.54.183.226 - - [31/May/2017:12:10:13 +0200] "POST //wp-admin/admin-ajax.php HTTP/1.1" 404 336 "http://www.hotelkleidung.com//wp-admin/" "Mozilla/5.0 (Windows; Windows NT 5.1; en-US) Firefox/3.5.0"
142.54.183.226 - - [31/May/2017:12:10:13 +0200] "POST //wp-admin/admin-ajax.php HTTP/1.1" 404 336 "http://www.hotelkleidung.com//wp-admin/" "Mozilla/5.0 (Windows; Windows NT 5.1; en-US) Firefox/3.5.0"
142.54.183.226 - - [31/May/2017:12:10:14 +0200] "POST //license.php HTTP/1.1" 404 324 "http://www.hotelkleidung.com//wp-admin/" "Mozilla/5.0 (Windows; Windows NT 5.1; en-US) Firefox/3.5.0"
142.54.183.226 - - [31/May/2017:12:10:14 +0200] "POST //license.php HTTP/1.1" 404 324 "http://www.hotelkleidung.com//wp-admin/" "Mozilla/5.0 (Windows; Windows NT 5.1; en-US) Firefox/3.5.0"
139.162.124.167 - - [31/May/2017:12:14:23 +0200] "GET / HTTP/1.1" 200 1229 "-" "Mozilla/5.0"
189.154.107.249 - - [31/May/2017:12:56:01 +0200] "GET / HTTP/1.0" 200 1229 "-" "-"
209.126.136.5 - - [31/May/2017:13:11:48 +0200] "GET / HTTP/1.1" 200 1229 "-" "Mozilla/5.0 (Windows NT 10.0; Win64; x64) AppleWebKit/537.36 (KHTML, like Gecko) Chrome/56.0.2924.87 Safari/537.36"
60.191.38.77 - - [31/May/2017:13:13:21 +0200] "GET /current_config/Account1 HTTP/1.1" 404 328 "-" "Mozilla/5.0"
31.210.102.114 - - [31/May/2017:13:19:20 +0200] "GET / HTTP/1.0" 200 1229 "-" "masscan/1.0 (https://github.com/robertdavidgraham/masscan)"
31.210.102.114 - - [31/May/2017:13:19:36 +0200] "GET / HTTP/1.0" 200 1229 "-" "masscan/1.0 (https://github.com/robertdavidgraham/masscan)"
209.126.136.5 - - [31/May/2017:13:25:13 +0200] "GET / HTTP/1.1" 200 1229 "-" "Mozilla/5.0 (Windows NT 10.0; Win64; x64) AppleWebKit/537.36 (KHTML, like Gecko) Chrome/56.0.2924.87 Safari/537.36"
107.23.211.82 - - [31/May/2017:13:58:05 +0200] "GET / HTTP/1.1" 200 1229 "-" "Mozilla/5.0 (X11; Ubuntu; Linux x86_64; rv:30.0) Gecko/20100101 Firefox/30.0"
141.212.122.96 - - [31/May/2017:14:07:34 +0200] "GET / HTTP/1.1" 200 1229 "-" "Mozilla/5.0 zgrab/0.x"
71.6.202.204 - - [31/May/2017:14:25:24 +0200] "GET / HTTP/1.1" 200 1229 "-" "Mozilla/5.0 (Windows NT 10.0; Win64; x64) AppleWebKit/537.36 (KHTML, like Gecko) Chrome/56.0.2924.87 Safari/537.36"
31.210.102.114 - - [31/May/2017:14:39:45 +0200] "GET / HTTP/1.0" 200 1229 "-" "masscan/1.0 (https://github.com/robertdavidgraham/masscan)"
31.210.102.114 - - [31/May/2017:14:39:58 +0200] "GET / HTTP/1.0" 200 1229 "-" "masscan/1.0 (https://github.com/robertdavidgraham/masscan)"
31.210.102.114 - - [31/May/2017:14:40:00 +0200] "GET / HTTP/1.0" 200 1229 "-" "masscan/1.0 (https://github.com/robertdavidgraham/masscan)"
31.210.102.114 - - [31/May/2017:14:40:01 +0200] "GET / HTTP/1.0" 200 1229 "-" "masscan/1.0 (https://github.com/robertdavidgraham/masscan)"
31.210.102.114 - - [31/May/2017:14:40:01 +0200] "GET / HTTP/1.0" 200 1229 "-" "masscan/1.0 (https://github.com/robertdavidgraham/masscan)"
31.210.102.114 - - [31/May/2017:14:40:10 +0200] "GET / HTTP/1.0" 200 1229 "-" "masscan/1.0 (https://github.com/robertdavidgraham/masscan)"
31.210.102.114 - - [31/May/2017:14:40:15 +0200] "GET / HTTP/1.0" 200 1229 "-" "masscan/1.0 (https://github.com/robertdavidgraham/masscan)"
31.210.102.114 - - [31/May/2017:14:40:24 +0200] "GET / HTTP/1.0" 200 1229 "-" "masscan/1.0 (https://github.com/robertdavidgraham/masscan)"
139.162.108.53 - - [31/May/2017:16:08:22 +0200] "GET / HTTP/1.1" 200 1229 "-" "Mozilla/5.0 (Windows NT 10.0; WOW64) AppleWebKit/537.36 (KHTML, like Gecko) Chrome/50.0.2661.102 Safari/537.36"
183.129.160.229 - - [31/May/2017:17:05:52 +0200] "GET / HTTP/1.1" 200 1229 "-" "Mozilla/5.0 (Macintosh; Intel Mac OS X 10.11; rv:47.0) Gecko/20100101 Firefox/47.0"
183.129.160.229 - - [31/May/2017:17:05:56 +0200] "GET / HTTP/1.1" 200 1229 "-" "Mozilla/5.0 (Macintosh; Intel Mac OS X 10.11; rv:47.0) Gecko/20100101 Firefox/47.0"
183.129.160.229 - - [31/May/2017:17:07:09 +0200] "GET / HTTP/1.1" 200 1229 "-" "Mozilla/5.0 (Macintosh; Intel Mac OS X 10.11; rv:47.0) Gecko/20100101 Firefox/47.0"
183.129.160.229 - - [31/May/2017:17:07:12 +0200] "GET / HTTP/1.1" 200 1229 "-" "Mozilla/5.0 (Macintosh; Intel Mac OS X 10.11; rv:47.0) Gecko/20100101 Firefox/47.0"
183.129.160.229 - - [31/May/2017:17:07:22 +0200] "GET / HTTP/1.1" 200 1229 "-" "Mozilla/5.0 (Macintosh; Intel Mac OS X 10.11; rv:47.0) Gecko/20100101 Firefox/47.0"
189.163.176.59 - - [31/May/2017:17:52:54 +0200] "GET login.cgi HTTP/1.0" 400 329 "-" "-"
31.53.235.241 - - [31/May/2017:17:54:55 +0200] "GET login.cgi HTTP/1.0" 400 329 "-" "-"
163.172.68.183 - - [31/May/2017:18:07:33 +0200] "\x16\x03\x01" 501 318 "-" "-"
164.52.7.132 - - [31/May/2017:18:15:01 +0200] "\x16\x03\x01\x01\"\x01" 501 326 "-" "-"
12.231.81.98 - - [31/May/2017:18:19:12 +0200] "6" 501 316 "-" "-"
5.255.251.7 - - [31/May/2017:18:34:10 +0200] "GET /robots.txt HTTP/1.1" 404 318 "-" "Mozilla/5.0 (compatible; YandexBot/3.0; +http://yandex.com/bots)"
144.139.5.105 - - [31/May/2017:18:44:06 +0200] "GET / HTTP/1.0" 200 1229 "-" "-"
139.162.114.70 - - [31/May/2017:18:52:13 +0200] "GET / HTTP/1.1" 200 1229 "-" "Mozilla/5.0 (Windows NT 10.0; WOW64) AppleWebKit/537.36 (KHTML, like Gecko) Chrome/50.0.2661.102 Safari/537.36"
163.172.68.183 - - [31/May/2017:18:53:41 +0200] "\x16\x03\x01" 501 318 "-" "-"
163.172.68.183 - - [31/May/2017:18:57:23 +0200] "\x16\x03\x01" 501 318 "-" "-"
163.172.68.183 - - [31/May/2017:18:59:16 +0200] "\x16\x03\x01" 501 318 "-" "-"
163.172.68.183 - - [31/May/2017:19:01:29 +0200] "\x16\x03\x01" 501 318 "-" "-"
163.172.68.183 - - [31/May/2017:19:05:59 +0200] "\x16\x03\x01" 501 318 "-" "-"
163.172.68.183 - - [31/May/2017:19:10:18 +0200] "\x16\x03\x01" 501 318 "-" "-"
139.162.108.53 - - [31/May/2017:19:52:45 +0200] "GET / HTTP/1.1" 200 1229 "-" "Mozilla/5.0 (Windows NT 10.0; WOW64) AppleWebKit/537.36 (KHTML, like Gecko) Chrome/50.0.2661.102 Safari/537.36"
180.97.106.162 - - [31/May/2017:20:02:02 +0200] "HEAD http://180.163.113.82/check_proxy HTTP/1.1" 404 - "-" "-"
180.97.106.37 - - [31/May/2017:20:11:07 +0200] "HEAD http://180.163.113.82/check_proxy HTTP/1.1" 404 - "-" "-"
180.97.106.37 - - [31/May/2017:20:27:06 +0200] "HEAD http://180.163.113.82/check_proxy HTTP/1.1" 404 - "-" "-"
180.97.106.162 - - [31/May/2017:20:31:47 +0200] "HEAD http://180.163.113.82/check_proxy HTTP/1.1" 404 - "-" "-"
180.97.106.161 - - [31/May/2017:20:50:07 +0200] "HEAD http://180.163.113.82/check_proxy HTTP/1.1" 404 - "-" "-"
180.97.106.161 - - [31/May/2017:20:53:46 +0200] "HEAD http://180.163.113.82/check_proxy HTTP/1.1" 404 - "-" "-"
180.97.106.161 - - [31/May/2017:20:55:50 +0200] "HEAD http://180.163.113.82/check_proxy HTTP/1.1" 404 - "-" "-"
180.97.106.37 - - [31/May/2017:21:01:34 +0200] "HEAD http://180.163.113.82/check_proxy HTTP/1.1" 404 - "-" "-"
196.52.43.64 - - [31/May/2017:21:57:30 +0200] "GET / HTTP/1.0" 200 1229 "-" "Mozilla/5.0 (Windows NT 6.1; rv:31.0) Gecko/20100101 Firefox/31.0"
66.249.64.15 - - [31/May/2017:21:58:47 +0200] "GET /robots.txt HTTP/1.1" 404 323 "-" "Mozilla/5.0 (compatible; Googlebot/2.1; +http://www.google.com/bot.html)"
66.249.64.15 - - [31/May/2017:21:58:47 +0200] "GET /aktuelles.html HTTP/1.1" 404 327 "-" "Mozilla/5.0 (compatible; Googlebot/2.1; +http://www.google.com/bot.html)"
139.162.108.53 - - [31/May/2017:22:07:13 +0200] "GET / HTTP/1.1" 200 1229 "-" "Mozilla/5.0 (Windows NT 10.0; WOW64) AppleWebKit/537.36 (KHTML, like Gecko) Chrome/50.0.2661.102 Safari/537.36"
183.129.160.229 - - [31/May/2017:22:08:29 +0200] "GET / HTTP/1.1" 200 1229 "-" "Mozilla/5.0 (Macintosh; Intel Mac OS X 10.11; rv:47.0) Gecko/20100101 Firefox/47.0"
183.129.160.229 - - [31/May/2017:22:08:43 +0200] "GET / HTTP/1.1" 200 1229 "-" "Mozilla/5.0 (Macintosh; Intel Mac OS X 10.11; rv:47.0) Gecko/20100101 Firefox/47.0"
183.129.160.229 - - [31/May/2017:22:08:43 +0200] "GET / HTTP/1.1" 200 1229 "-" "Mozilla/5.0 (Macintosh; Intel Mac OS X 10.11; rv:47.0) Gecko/20100101 Firefox/47.0"
183.129.160.229 - - [31/May/2017:22:09:09 +0200] "GET / HTTP/1.1" 200 1229 "-" "Mozilla/5.0 (Macintosh; Intel Mac OS X 10.11; rv:47.0) Gecko/20100101 Firefox/47.0"
183.129.160.229 - - [31/May/2017:22:09:49 +0200] "GET / HTTP/1.1" 200 1229 "-" "Mozilla/5.0 (Macintosh; Intel Mac OS X 10.11; rv:47.0) Gecko/20100101 Firefox/47.0"
183.129.160.229 - - [31/May/2017:22:09:56 +0200] "GET / HTTP/1.1" 200 1229 "-" "Mozilla/5.0 (Macintosh; Intel Mac OS X 10.11; rv:47.0) Gecko/20100101 Firefox/47.0"
183.129.160.229 - - [31/May/2017:22:10:31 +0200] "GET / HTTP/1.1" 200 1229 "-" "Mozilla/5.0 (Macintosh; Intel Mac OS X 10.11; rv:47.0) Gecko/20100101 Firefox/47.0"
183.129.160.229 - - [31/May/2017:22:10:38 +0200] "GET / HTTP/1.1" 200 1229 "-" "Mozilla/5.0 (Macintosh; Intel Mac OS X 10.11; rv:47.0) Gecko/20100101 Firefox/47.0"
183.129.160.229 - - [31/May/2017:22:10:40 +0200] "GET / HTTP/1.1" 200 1229 "-" "Mozilla/5.0 (Macintosh; Intel Mac OS X 10.11; rv:47.0) Gecko/20100101 Firefox/47.0"
141.212.122.96 - - [31/May/2017:22:10:57 +0200] "GET / HTTP/1.1" 200 1229 "-" "Mozilla/5.0 zgrab/0.x"
185.100.87.190 - - [31/May/2017:22:36:29 +0200] "GET / HTTP/1.0" 200 1229 "-" "-"
185.100.87.190 - - [31/May/2017:22:38:53 +0200] "HEAD / HTTP/1.1" 200 - "-" "Mozilla/5.0 (compatible; Nmap Scripting Engine; https://nmap.org/book/nse.html)"
185.100.87.190 - - [31/May/2017:22:38:53 +0200] "GET / HTTP/1.0" 200 1229 "-" "-"
185.100.87.190 - - [31/May/2017:22:38:53 +0200] "GET / HTTP/1.1" 200 1229 "-" "-"
47.203.93.185 - - [31/May/2017:22:45:54 +0200] "GET http://httpheader.net/ HTTP/1.1" 200 1229 "-" "Mozilla/5.0 (Windows; U; Windows NT 6.1; en-US; rv:1.9.2.28) Gecko/20120306 Firefox/3.6.28 (.NET CLR 3.5.30729)"
47.203.93.185 - - [31/May/2017:22:45:59 +0200] "GET http://httpheader.net/ HTTP/1.1" 200 1229 "-" "Mozilla/5.0 (Windows; U; Windows NT 6.1; en-US; rv:1.9.2.28) Gecko/20120306 Firefox/3.6.28 (.NET CLR 3.5.30729)"
47.203.93.185 - - [31/May/2017:22:47:07 +0200] "GET http://httpheader.net/ HTTP/1.1" 200 1229 "-" "Mozilla/5.0 (Windows; U; Windows NT 6.1; en-US; rv:1.9.2.28) Gecko/20120306 Firefox/3.6.28 (.NET CLR 3.5.30729)"
47.203.93.185 - - [31/May/2017:22:47:10 +0200] "GET http://httpheader.net/ HTTP/1.1" 200 1229 "-" "Mozilla/5.0 (Windows; U; Windows NT 6.1; en-US; rv:1.9.2.28) Gecko/20120306 Firefox/3.6.28 (.NET CLR 3.5.30729)"
47.203.93.185 - - [31/May/2017:22:48:36 +0200] "GET http://httpheader.net/ HTTP/1.1" 200 1229 "-" "Mozilla/5.0 (Windows; U; Windows NT 6.1; en-US; rv:1.9.2.28) Gecko/20120306 Firefox/3.6.28 (.NET CLR 3.5.30729)"
47.203.93.185 - - [31/May/2017:22:48:57 +0200] "GET http://httpheader.net/ HTTP/1.1" 200 1229 "-" "Mozilla/5.0 (Windows; U; Windows NT 6.1; en-US; rv:1.9.2.28) Gecko/20120306 Firefox/3.6.28 (.NET CLR 3.5.30729)"
47.203.93.185 - - [31/May/2017:22:50:18 +0200] "GET http://httpheader.net/ HTTP/1.1" 200 1229 "-" "Mozilla/5.0 (Windows; U; Windows NT 6.1; en-US; rv:1.9.2.28) Gecko/20120306 Firefox/3.6.28 (.NET CLR 3.5.30729)"
47.203.93.185 - - [31/May/2017:22:51:11 +0200] "GET http://httpheader.net/ HTTP/1.1" 200 1229 "-" "Mozilla/5.0 (Windows; U; Windows NT 6.1; en-US; rv:1.9.2.28) Gecko/20120306 Firefox/3.6.28 (.NET CLR 3.5.30729)"
208.100.26.230 - - [31/May/2017:23:02:35 +0200] "GET / HTTP/1.0" 200 1229 "-" "-"
208.100.26.230 - - [31/May/2017:23:03:58 +0200] "HEAD / HTTP/1.1" 200 - "-" "Mozilla/5.0 (compatible; Nmap Scripting Engine; https://nmap.org/book/nse.html)"
208.100.26.230 - - [31/May/2017:23:03:58 +0200] "GET / HTTP/1.0" 200 1229 "-" "-"
208.100.26.230 - - [31/May/2017:23:03:59 +0200] "GET / HTTP/1.1" 200 1229 "-" "-"
208.100.26.230 - - [31/May/2017:23:11:44 +0200] "GET / HTTP/1.0" 200 1229 "-" "-"
208.100.26.230 - - [31/May/2017:23:14:03 +0200] "HEAD / HTTP/1.1" 200 - "-" "Mozilla/5.0 (compatible; Nmap Scripting Engine; https://nmap.org/book/nse.html)"
208.100.26.230 - - [31/May/2017:23:14:03 +0200] "GET / HTTP/1.0" 200 1229 "-" "-"
208.100.26.230 - - [31/May/2017:23:14:03 +0200] "GET / HTTP/1.1" 200 1229 "-" "-"
164.52.7.132 - - [31/May/2017:23:14:48 +0200] "\x16\x03\x01\x01\"\x01" 501 326 "-" "-"
104.131.73.251 - - [31/May/2017:23:31:44 +0200] "GET /robots.txt HTTP/1.1" 404 323 "-" "Mozilla/5.0 (compatible; spbot/5.0.3; +http://OpenLinkProfiler.org/bot )"
104.131.73.251 - - [31/May/2017:23:31:49 +0200] "GET / HTTP/1.1" 200 1229 "-" "Mozilla/5.0 (compatible; spbot/5.0.3; +http://OpenLinkProfiler.org/bot )"
173.208.160.34 - - [31/May/2017:23:37:27 +0200] "PROPFIND / HTTP/1.1" 405 343 "-" "-"