104.247.7.125 - - [16/May/2017:11:42:27 +0200] "GET / HTTP/1.1" 200 1229 "-" "Mozilla/5.0 (X11; Linux x86_64) AppleWebKit/537.36 (KHTML, like Gecko) Chrome/28.0.1500.71 Safari/537.36"
64.246.165.150 - - [16/May/2017:12:11:15 +0200] "GET /leer.htm HTTP/1.1" 404 313 "http://whois.domaintools.com/dialyse-schoenebeck.de" "Mozilla/5.0 (Windows; U; Windows NT 5.1; en; rv:1.9.0.13) Gecko/2009073022 Firefox/3.5.2 (.NET CLR 3.5.30729) SurveyBot/2.3 (DomainTools)"
64.246.165.150 - - [16/May/2017:12:11:15 +0200] "GET /leer.htm HTTP/1.1" 404 313 "http://whois.domaintools.com/dialyse-schoenebeck.de" "Mozilla/5.0 (Windows; U; Windows NT 5.1; en; rv:1.9.0.13) Gecko/2009073022 Firefox/3.5.2 (.NET CLR 3.5.30729) SurveyBot/2.3 (DomainTools)"
64.246.165.150 - - [16/May/2017:12:11:16 +0200] "GET /leer.htm HTTP/1.1" 404 313 "http://whois.domaintools.com/dialyse-schoenebeck.de" "Mozilla/5.0 (Windows; U; Windows NT 5.1; en; rv:1.9.0.13) Gecko/2009073022 Firefox/3.5.2 (.NET CLR 3.5.30729) SurveyBot/2.3 (DomainTools)"
5.188.10.102 - - [16/May/2017:12:19:10 +0200] "HEAD / HTTP/1.1" 200 - "-" "Mozilla/5.0"
216.145.14.142 - - [16/May/2017:12:50:13 +0200] "GET /frameset/left.htm HTTP/1.1" 404 322 "http://whois.domaintools.com/die-sehnsucht.com" "Mozilla/5.0 (Windows; U; Windows NT 5.1; en; rv:1.9.0.13) Gecko/2009073022 Firefox/3.5.2 (.NET CLR 3.5.30729) SurveyBot/2.3 (DomainTools)"
216.145.14.142 - - [16/May/2017:12:50:13 +0200] "GET /frameset/top.htm HTTP/1.1" 404 321 "http://whois.domaintools.com/die-sehnsucht.com" "Mozilla/5.0 (Windows; U; Windows NT 5.1; en; rv:1.9.0.13) Gecko/2009073022 Firefox/3.5.2 (.NET CLR 3.5.30729) SurveyBot/2.3 (DomainTools)"
216.145.14.142 - - [16/May/2017:12:50:14 +0200] "GET /neue_seite_1.htm HTTP/1.1" 404 321 "http://whois.domaintools.com/die-sehnsucht.com" "Mozilla/5.0 (Windows; U; Windows NT 5.1; en; rv:1.9.0.13) Gecko/2009073022 Firefox/3.5.2 (.NET CLR 3.5.30729) SurveyBot/2.3 (DomainTools)"
137.226.113.7 - - [16/May/2017:12:50:39 +0200] "GET / HTTP/1.1" 200 1229 "-" "Mozilla/5.0 (Macintosh; Intel Mac OS X 10_11_1) AppleWebKit/537.36 (KHTML, like Gecko) Chrome/46.0.2490.86 Safari/537.36 Scanning for research (researchscan.comsys.rwth-aachen.de)"
137.226.113.7 - - [16/May/2017:12:50:39 +0200] "GET / HTTP/1.1" 200 1229 "-" "Mozilla/5.0 (Macintosh; Intel Mac OS X 10_11_1) AppleWebKit/537.36 (KHTML, like Gecko) Chrome/46.0.2490.86 Safari/537.36 Scanning for research (researchscan.comsys.rwth-aachen.de)"
137.226.113.7 - - [16/May/2017:12:50:39 +0200] "GET / HTTP/1.1" 200 1229 "-" "Mozilla/5.0 (Macintosh; Intel Mac OS X 10_11_1) AppleWebKit/537.36 (KHTML, like Gecko) Chrome/46.0.2490.86 Safari/537.36 Scanning for research (researchscan.comsys.rwth-aachen.de)"
176.195.97.6 - - [16/May/2017:12:57:17 +0200] "GET / HTTP/1.1" 200 1229 "http://yandex.ru/clck/jsredir?from=yandex.ru%3Bsearch%3Bweb%3B%3B&text=&etext=1423.w5AboZGIU-WbRq6nD2FBqFtNvwEVZVMj1-I8vdVzC5f51lfNV2p961yChjBZei5_.e25f9545a83ac7eab3ff0412a98f8edf964ca8ec&uuid=&state=_BLhILn4SxNIvvL0W45KSic66uCIg23qh8iRG98qeIXmeppkgUc0YL_nDC5hqtEQ6WayFoZKRZE&data=SUdGbnVmWmQyZHBLLV9kdnFhdmhBRV81bDYwbFRtMy03ekF1REQ3UE5YVHA1QmRfMjBoNUZuNmdydGQ2djk3WmtITVpCSllZRzFHa05jbmpGMHVjUGc&b64e=2&sign=0b5f6753d5eb1b69774b9c1d2fa2548b&keyno=0&cst=AiuY0DBWFJ7IXge4WdYJQSaYtyyri96F71wNkiVAbh7EvVPRrHP-3K2zr4VT4bqDeVPhUL_OEOKXCA2nEDxX-hBrSk7cNuMe7NOFR8Zzg9VbwPaTXh8ptrGCc5E1G2uz-SL5HUXWyq5ECeRtkg63NQ&ref=orjY4mGPRjk5boDnW0uvlrrd71vZw9kp5uQozpMtKCWuAUzT58TqAZzf28pWmMDq-aPttImFnpSK_JxJW8e9keFP4_RsNSRPeIMB2Wtcd3LtYdUh0TD4r-rLWNAXaW6Z&l10n=ru&cts=1494931152626&mc=1.72792225179" "Opera/9.80 (Windows NT 5.1) Presto/2.12.388 Version/12.11"
5.188.10.102 - - [16/May/2017:13:17:30 +0200] "HEAD / HTTP/1.1" 200 - "-" "Mozilla/5.0"
139.162.114.70 - - [16/May/2017:13:23:26 +0200] "GET / HTTP/1.1" 200 1229 "-" "Mozilla/5.0 (Windows NT 10.0; WOW64) AppleWebKit/537.36 (KHTML, like Gecko) Chrome/50.0.2661.102 Safari/537.36"
46.118.156.191 - - [16/May/2017:13:31:29 +0200] "GET / HTTP/1.1" 200 1229 "-" "Mozilla/5.0 (Windows NT 10.0; Win64; x64; rv:50.0) Gecko/20100101 Firefox/50.0"
46.118.156.191 - - [16/May/2017:13:31:29 +0200] "GET /wp-includes/wlwmanifest.xml HTTP/1.1" 404 349 "-" "Mozilla/5.0 (Windows NT 10.0; Win64; x64; rv:50.0) Gecko/20100101 Firefox/50.0"
46.118.156.191 - - [16/May/2017:13:31:29 +0200] "GET /xmlrpc.php?rsd HTTP/1.1" 404 332 "-" "Mozilla/5.0 (Windows NT 10.0; Win64; x64; rv:50.0) Gecko/20100101 Firefox/50.0"
46.118.156.191 - - [16/May/2017:13:31:29 +0200] "GET / HTTP/1.1" 200 1229 "-" "Mozilla/5.0 (Windows NT 10.0; Win64; x64; rv:50.0) Gecko/20100101 Firefox/50.0"
46.118.156.191 - - [16/May/2017:13:31:29 +0200] "GET /blog/wp-includes/wlwmanifest.xml HTTP/1.1" 404 354 "-" "Mozilla/5.0 (Windows NT 10.0; Win64; x64; rv:50.0) Gecko/20100101 Firefox/50.0"
46.118.156.191 - - [16/May/2017:13:31:29 +0200] "GET /wordpress/wp-includes/wlwmanifest.xml HTTP/1.1" 404 359 "-" "Mozilla/5.0 (Windows NT 10.0; Win64; x64; rv:50.0) Gecko/20100101 Firefox/50.0"
46.118.156.191 - - [16/May/2017:13:31:29 +0200] "GET /wp/wp-includes/wlwmanifest.xml HTTP/1.1" 404 352 "-" "Mozilla/5.0 (Windows NT 10.0; Win64; x64; rv:50.0) Gecko/20100101 Firefox/50.0"
46.118.156.191 - - [16/May/2017:13:31:29 +0200] "GET /site/wp-includes/wlwmanifest.xml HTTP/1.1" 404 354 "-" "Mozilla/5.0 (Windows NT 10.0; Win64; x64; rv:50.0) Gecko/20100101 Firefox/50.0"
210.169.152.138 - - [16/May/2017:13:54:54 +0200] "GET / HTTP/1.0" 200 1229 "-" "-"
60.53.125.41 - - [16/May/2017:14:41:24 +0200] "GET / HTTP/1.0" 200 1229 "-" "-"
104.128.144.131 - - [16/May/2017:15:01:17 +0200] "GET / HTTP/1.0" 200 1229 "-" "www.probethenet.com scanner"
104.128.144.131 - - [16/May/2017:15:01:18 +0200] "HEAD /redirect.php HTTP/1.0" 404 - "-" "www.probethenet.com scanner"
91.197.234.3 - - [16/May/2017:15:10:39 +0200] "GET / HTTP/1.1" 200 1229 "-" "Mozilla/5.0 (X11; Ubuntu; Linux x86_64; rv:52.0) Gecko/20100101 Firefox/52.0"
66.249.65.187 - - [16/May/2017:15:31:12 +0200] "GET /service-frankfurt.html HTTP/1.1" 404 335 "-" "Mozilla/5.0 (compatible; Googlebot/2.1; +http://www.google.com/bot.html)"
191.96.249.136 - - [16/May/2017:16:29:49 +0200] "GET /phpmyadmin/scripts/setup.php HTTP/1.0" 404 329 "-" "-"
191.96.249.136 - - [16/May/2017:16:30:00 +0200] "GET /phpmyadmin/scripts/setup.php HTTP/1.0" 404 329 "-" "-"
191.96.249.136 - - [16/May/2017:16:30:15 +0200] "GET /phpmyadmin/scripts/setup.php HTTP/1.0" 404 329 "-" "-"
191.96.249.136 - - [16/May/2017:16:30:15 +0200] "GET /phpmyadmin/scripts/setup.php HTTP/1.0" 404 329 "-" "-"
191.96.249.136 - - [16/May/2017:16:30:52 +0200] "GET /phpmyadmin/scripts/setup.php HTTP/1.0" 404 329 "-" "-"
191.96.249.136 - - [16/May/2017:16:30:58 +0200] "GET /phpmyadmin/scripts/setup.php HTTP/1.0" 404 329 "-" "-"
191.96.249.136 - - [16/May/2017:16:31:07 +0200] "GET /phpmyadmin/scripts/setup.php HTTP/1.0" 404 329 "-" "-"
191.96.249.136 - - [16/May/2017:16:31:10 +0200] "GET /phpmyadmin/scripts/setup.php HTTP/1.0" 404 329 "-" "-"
191.96.249.136 - - [16/May/2017:16:31:28 +0200] "GET /phpmyadmin/scripts/setup.php HTTP/1.0" 404 329 "-" "-"
141.212.122.128 - - [16/May/2017:17:05:53 +0200] "GET / HTTP/1.1" 200 1229 "-" "Mozilla/5.0 zgrab/0.x"
5.188.10.102 - - [16/May/2017:18:40:12 +0200] "HEAD / HTTP/1.1" 200 - "-" "Mozilla/5.0"
104.128.144.131 - - [16/May/2017:19:20:51 +0200] "GET / HTTP/1.0" 200 1229 "-" "www.probethenet.com scanner"
104.128.144.131 - - [16/May/2017:19:20:51 +0200] "HEAD /redirect.php HTTP/1.0" 404 - "-" "www.probethenet.com scanner"
139.162.119.197 - - [16/May/2017:20:09:51 +0200] "GET / HTTP/1.1" 200 1229 "-" "Mozilla/5.0 (Windows NT 10.0; WOW64) AppleWebKit/537.36 (KHTML, like Gecko) Chrome/50.0.2661.102 Safari/537.36"
137.226.113.7 - - [16/May/2017:21:08:17 +0200] "GET / HTTP/1.1" 200 1229 "-" "Mozilla/5.0 (Macintosh; Intel Mac OS X 10_11_1) AppleWebKit/537.36 (KHTML, like Gecko) Chrome/46.0.2490.86 Safari/537.36 Scanning for research (researchscan.comsys.rwth-aachen.de)"
137.226.113.7 - - [16/May/2017:21:08:17 +0200] "GET / HTTP/1.1" 200 1229 "-" "Mozilla/5.0 (Macintosh; Intel Mac OS X 10_11_1) AppleWebKit/537.36 (KHTML, like Gecko) Chrome/46.0.2490.86 Safari/537.36 Scanning for research (researchscan.comsys.rwth-aachen.de)"
137.226.113.7 - - [16/May/2017:21:08:17 +0200] "GET / HTTP/1.1" 200 1229 "-" "Mozilla/5.0 (Macintosh; Intel Mac OS X 10_11_1) AppleWebKit/537.36 (KHTML, like Gecko) Chrome/46.0.2490.86 Safari/537.36 Scanning for research (researchscan.comsys.rwth-aachen.de)"
5.188.10.102 - - [16/May/2017:21:12:08 +0200] "HEAD / HTTP/1.1" 200 - "-" "Mozilla/5.0"
104.128.144.131 - - [16/May/2017:22:40:20 +0200] "GET / HTTP/1.0" 200 1229 "-" "www.probethenet.com scanner"
104.128.144.131 - - [16/May/2017:22:40:21 +0200] "HEAD /redirect.php HTTP/1.0" 404 - "-" "www.probethenet.com scanner"
148.101.218.207 - - [16/May/2017:22:47:26 +0200] "GET / HTTP/1.0" 200 1229 "-" "Mozilla/5.0 (compatible; Googlebot/2.1; +http://www.google.com/bot.html)"
137.226.113.7 - - [16/May/2017:23:06:50 +0200] "GET / HTTP/1.1" 200 1229 "-" "Mozilla/5.0 (Macintosh; Intel Mac OS X 10_11_1) AppleWebKit/537.36 (KHTML, like Gecko) Chrome/46.0.2490.86 Safari/537.36 Scanning for research (researchscan.comsys.rwth-aachen.de)"
137.226.113.7 - - [16/May/2017:23:06:50 +0200] "GET / HTTP/1.1" 200 1229 "-" "Mozilla/5.0 (Macintosh; Intel Mac OS X 10_11_1) AppleWebKit/537.36 (KHTML, like Gecko) Chrome/46.0.2490.86 Safari/537.36 Scanning for research (researchscan.comsys.rwth-aachen.de)"
137.226.113.7 - - [16/May/2017:23:06:50 +0200] "GET / HTTP/1.1" 200 1229 "-" "Mozilla/5.0 (Macintosh; Intel Mac OS X 10_11_1) AppleWebKit/537.36 (KHTML, like Gecko) Chrome/46.0.2490.86 Safari/537.36 Scanning for research (researchscan.comsys.rwth-aachen.de)"
104.128.144.131 - - [17/May/2017:00:55:44 +0200] "GET / HTTP/1.0" 200 1229 "-" "www.probethenet.com scanner"
104.128.144.131 - - [17/May/2017:00:55:46 +0200] "HEAD /redirect.php HTTP/1.0" 404 - "-" "www.probethenet.com scanner"
141.212.122.128 - - [17/May/2017:01:10:11 +0200] "GET / HTTP/1.1" 200 1229 "-" "Mozilla/5.0 zgrab/0.x"
139.162.114.70 - - [17/May/2017:01:14:04 +0200] "GET / HTTP/1.1" 200 1229 "-" "Mozilla/5.0 (Windows NT 10.0; WOW64) AppleWebKit/537.36 (KHTML, like Gecko) Chrome/50.0.2661.102 Safari/537.36"
104.128.144.131 - - [17/May/2017:01:28:50 +0200] "GET / HTTP/1.0" 200 1229 "-" "www.probethenet.com scanner"
104.128.144.131 - - [17/May/2017:01:28:51 +0200] "HEAD /redirect.php HTTP/1.0" 404 - "-" "www.probethenet.com scanner"
200.113.0.130 - - [17/May/2017:01:57:55 +0200] "GET / HTTP/1.0" 200 1229 "-" "-"
66.249.75.157 - - [17/May/2017:02:35:03 +0200] "GET /robots.txt HTTP/1.1" 404 332 "-" "Mozilla/5.0 (compatible; Googlebot/2.1; +http://www.google.com/bot.html)"
66.249.75.157 - - [17/May/2017:02:35:03 +0200] "GET / HTTP/1.1" 200 1229 "-" "Mozilla/5.0 (Linux; Android 6.0.1; Nexus 5X Build/MMB29P) AppleWebKit/537.36 (KHTML, like Gecko) Chrome/41.0.2272.96 Mobile Safari/537.36 (compatible; Googlebot/2.1; +http://www.google.com/bot.html)"
104.128.144.131 - - [17/May/2017:02:53:28 +0200] "GET / HTTP/1.0" 200 1229 "-" "www.probethenet.com scanner"
104.128.144.131 - - [17/May/2017:02:53:33 +0200] "HEAD /redirect.php HTTP/1.0" 404 - "-" "www.probethenet.com scanner"
104.128.144.131 - - [17/May/2017:02:55:10 +0200] "GET / HTTP/1.0" 200 1229 "-" "www.probethenet.com scanner"
104.128.144.131 - - [17/May/2017:02:55:14 +0200] "HEAD /redirect.php HTTP/1.0" 404 - "-" "www.probethenet.com scanner"
66.240.205.34 - - [17/May/2017:03:04:13 +0200] "Gh0st\xad" 501 321 "-" "-"
141.212.122.128 - - [17/May/2017:04:43:00 +0200] "GET / HTTP/1.1" 200 1229 "-" "Mozilla/5.0 zgrab/0.x"
209.126.136.5 - - [17/May/2017:05:21:06 +0200] "GET / HTTP/1.1" 200 1229 "-" "Mozilla/5.0 (Windows NT 10.0; Win64; x64) AppleWebKit/537.36 (KHTML, like Gecko) Chrome/56.0.2924.87 Safari/537.36"
197.45.175.194 - - [17/May/2017:05:26:17 +0200] "GET / HTTP/1.0" 200 1229 "-" "-"
139.162.119.197 - - [17/May/2017:06:11:27 +0200] "GET / HTTP/1.1" 200 1229 "-" "Mozilla/5.0 (Windows NT 10.0; WOW64) AppleWebKit/537.36 (KHTML, like Gecko) Chrome/50.0.2661.102 Safari/537.36"
209.126.136.5 - - [17/May/2017:07:13:19 +0200] "GET / HTTP/1.1" 200 1229 "-" "Mozilla/5.0 (Windows NT 10.0; Win64; x64) AppleWebKit/537.36 (KHTML, like Gecko) Chrome/56.0.2924.87 Safari/537.36"
104.128.144.131 - - [17/May/2017:07:23:36 +0200] "GET / HTTP/1.0" 200 1229 "-" "www.probethenet.com scanner"
104.128.144.131 - - [17/May/2017:07:23:37 +0200] "HEAD /redirect.php HTTP/1.0" 404 - "-" "www.probethenet.com scanner"
210.83.204.186 - - [17/May/2017:08:45:41 +0200] "HEAD / HTTP/1.0" 200 - "-" "-"
210.83.204.186 - - [17/May/2017:08:45:41 +0200] "HEAD / HTTP/1.0" 200 - "-" "-"
210.83.204.186 - - [17/May/2017:08:45:41 +0200] "HEAD / HTTP/1.0" 200 - "-" "-"
210.83.204.186 - - [17/May/2017:08:45:41 +0200] "HEAD / HTTP/1.0" 200 - "-" "-"
210.83.204.186 - - [17/May/2017:08:45:41 +0200] "HEAD / HTTP/1.0" 200 - "-" "-"
210.83.204.186 - - [17/May/2017:08:45:41 +0200] "HEAD / HTTP/1.0" 200 - "-" "-"
210.83.204.186 - - [17/May/2017:08:45:41 +0200] "HEAD / HTTP/1.0" 200 - "-" "-"
210.83.204.186 - - [17/May/2017:08:45:41 +0200] "HEAD / HTTP/1.0" 200 - "-" "-"
210.83.204.186 - - [17/May/2017:08:45:41 +0200] "HEAD / HTTP/1.0" 200 - "-" "-"
210.83.204.186 - - [17/May/2017:08:45:41 +0200] "HEAD / HTTP/1.0" 200 - "-" "-"
54.169.213.177 - - [17/May/2017:09:50:32 +0200] "GET / HTTP/1.1" 200 1229 "-" "Mozilla/5.0 zgrab/0.x"
213.55.111.87 - - [17/May/2017:10:51:09 +0200] "GET /phpMyAdmin/scripts/setup.php HTTP/1.1" 404 333 "-" "-"
213.55.111.87 - - [17/May/2017:10:51:20 +0200] "GET /pma/scripts/setup.php HTTP/1.1" 404 326 "-" "-"
213.55.111.87 - - [17/May/2017:10:51:30 +0200] "GET /myadmin/scripts/setup.php HTTP/1.1" 404 330 "-" "-"
114.32.42.226 - - [17/May/2017:11:06:54 +0200] "GET / HTTP/1.0" 200 1229 "-" "Mozilla/5.0 (compatible; Googlebot/2.1; +http://www.google.com/bot.html)"
94.102.49.193 - - [17/May/2017:11:19:30 +0200] "GET / HTTP/1.1" 200 1229 "-" "Mozilla/5.0 (Windows NT 6.1) AppleWebKit/537.36 (KHTML, like Gecko) Chrome/41.0.2228.0 Safari/537.36"
94.102.49.193 - - [17/May/2017:11:19:32 +0200] "GET /robots.txt HTTP/1.1" 404 315 "-" "-"
94.102.49.193 - - [17/May/2017:11:19:36 +0200] "GET /sitemap.xml HTTP/1.1" 404 316 "-" "-"
209.126.136.5 - - [17/May/2017:11:26:19 +0200] "GET / HTTP/1.1" 200 1229 "-" "Mozilla/5.0 (Windows NT 10.0; Win64; x64) AppleWebKit/537.36 (KHTML, like Gecko) Chrome/56.0.2924.87 Safari/537.36"
209.126.136.5 - - [17/May/2017:12:18:53 +0200] "GET / HTTP/1.1" 200 1229 "-" "Mozilla/5.0 (Windows NT 10.0; Win64; x64) AppleWebKit/537.36 (KHTML, like Gecko) Chrome/56.0.2924.87 Safari/537.36"
139.162.108.53 - - [17/May/2017:12:27:45 +0200] "GET / HTTP/1.1" 200 1229 "-" "Mozilla/5.0 (Windows NT 10.0; WOW64) AppleWebKit/537.36 (KHTML, like Gecko) Chrome/50.0.2661.102 Safari/537.36"
66.249.69.190 - - [17/May/2017:12:57:50 +0200] "GET /robots.txt HTTP/1.1" 404 323 "-" "Mozilla/5.0 (compatible; Googlebot/2.1; +http://www.google.com/bot.html)"
66.249.69.186 - - [17/May/2017:12:57:50 +0200] "GET /berufsbekleidung/ HTTP/1.1" 404 330 "-" "Mozilla/5.0 (compatible; Googlebot/2.1; +http://www.google.com/bot.html)"
54.169.213.177 - - [17/May/2017:13:12:16 +0200] "GET / HTTP/1.1" 200 1229 "-" "Mozilla/5.0 zgrab/0.x"
139.162.114.70 - - [17/May/2017:13:14:04 +0200] "GET / HTTP/1.1" 200 1229 "-" "Mozilla/5.0 (Windows NT 10.0; WOW64) AppleWebKit/537.36 (KHTML, like Gecko) Chrome/50.0.2661.102 Safari/537.36"
54.169.213.177 - - [17/May/2017:13:17:40 +0200] "GET / HTTP/1.1" 200 1229 "-" "Mozilla/5.0 zgrab/0.x"
118.140.126.110 - - [17/May/2017:13:19:41 +0200] "GET / HTTP/1.0" 200 1229 "-" "-"
217.236.76.200 - - [17/May/2017:14:36:54 +0200] "GET / HTTP/1.0" 200 1229 "-" "-"
217.236.76.200 - - [17/May/2017:14:37:16 +0200] "GET / HTTP/1.0" 200 1229 "-" "-"
217.236.76.200 - - [17/May/2017:14:38:00 +0200] "GET / HTTP/1.0" 200 1229 "-" "-"
217.236.76.200 - - [17/May/2017:14:40:53 +0200] "GET / HTTP/1.0" 200 1229 "-" "-"
1.32.66.90 - - [17/May/2017:15:28:48 +0200] "GET / HTTP/1.0" 200 1229 "-" "-"
54.169.213.177 - - [17/May/2017:15:54:00 +0200] "GET / HTTP/1.1" 200 1229 "-" "Mozilla/5.0 zgrab/0.x"
190.5.109.190 - - [17/May/2017:16:04:19 +0200] "GET / HTTP/1.0" 200 1229 "-" "-"
154.47.32.66 - - [17/May/2017:16:18:01 +0200] "%" 501 316 "-" "-"
154.47.32.66 - - [17/May/2017:16:21:32 +0200] "%" 501 316 "-" "-"
154.47.32.66 - - [17/May/2017:16:25:00 +0200] "%" 501 316 "-" "-"
154.47.32.66 - - [17/May/2017:16:28:28 +0200] "%" 501 316 "-" "-"
154.47.32.66 - - [17/May/2017:16:31:57 +0200] "%" 501 316 "-" "-"
139.162.124.167 - - [17/May/2017:16:33:03 +0200] "GET / HTTP/1.1" 200 1229 "-" "Mozilla/5.0"
154.47.32.66 - - [17/May/2017:16:35:26 +0200] "%" 501 316 "-" "-"
154.47.32.66 - - [17/May/2017:16:38:56 +0200] "%" 501 316 "-" "-"
154.47.32.66 - - [17/May/2017:16:42:24 +0200] "%" 501 316 "-" "-"
154.47.32.66 - - [17/May/2017:16:45:56 +0200] "%" 501 316 "-" "-"
154.47.32.66 - - [17/May/2017:16:49:28 +0200] "%" 501 316 "-" "-"
137.226.113.7 - - [17/May/2017:17:09:14 +0200] "GET / HTTP/1.1" 200 1229 "-" "Mozilla/5.0 (Macintosh; Intel Mac OS X 10_11_1) AppleWebKit/537.36 (KHTML, like Gecko) Chrome/46.0.2490.86 Safari/537.36 Scanning for research (researchscan.comsys.rwth-aachen.de)"
137.226.113.7 - - [17/May/2017:17:09:14 +0200] "GET / HTTP/1.1" 200 1229 "-" "Mozilla/5.0 (Macintosh; Intel Mac OS X 10_11_1) AppleWebKit/537.36 (KHTML, like Gecko) Chrome/46.0.2490.86 Safari/537.36 Scanning for research (researchscan.comsys.rwth-aachen.de)"
137.226.113.7 - - [17/May/2017:17:09:14 +0200] "GET / HTTP/1.1" 200 1229 "-" "Mozilla/5.0 (Macintosh; Intel Mac OS X 10_11_1) AppleWebKit/537.36 (KHTML, like Gecko) Chrome/46.0.2490.86 Safari/537.36 Scanning for research (researchscan.comsys.rwth-aachen.de)"
139.162.124.167 - - [17/May/2017:17:21:09 +0200] "GET / HTTP/1.1" 200 1229 "-" "Mozilla/5.0"
209.126.136.5 - - [17/May/2017:18:10:24 +0200] "GET / HTTP/1.1" 200 1229 "-" "Mozilla/5.0 (Windows NT 10.0; Win64; x64) AppleWebKit/537.36 (KHTML, like Gecko) Chrome/56.0.2924.87 Safari/537.36"
176.94.134.30 - - [17/May/2017:18:36:38 +0200] "GET / HTTP/1.0" 200 1229 "-" "-"
66.249.75.58 - - [17/May/2017:18:39:55 +0200] "GET /impressum.html HTTP/1.1" 404 327 "-" "Mozilla/5.0 (compatible; Googlebot/2.1; +http://www.google.com/bot.html)"
139.162.124.167 - - [17/May/2017:18:53:36 +0200] "GET / HTTP/1.1" 200 1229 "-" "Mozilla/5.0"
139.162.119.197 - - [17/May/2017:19:30:47 +0200] "GET / HTTP/1.1" 200 1229 "-" "Mozilla/5.0 (Windows NT 10.0; WOW64) AppleWebKit/537.36 (KHTML, like Gecko) Chrome/50.0.2661.102 Safari/537.36"
180.97.106.37 - - [17/May/2017:19:51:53 +0200] "HEAD http://180.163.113.82/check_proxy HTTP/1.1" 404 - "-" "-"
180.97.106.37 - - [17/May/2017:19:57:38 +0200] "HEAD http://180.163.113.82/check_proxy HTTP/1.1" 404 - "-" "-"
180.97.106.37 - - [17/May/2017:20:01:41 +0200] "HEAD http://180.163.113.82/check_proxy HTTP/1.1" 404 - "-" "-"
180.97.106.37 - - [17/May/2017:20:03:48 +0200] "HEAD http://180.163.113.82/check_proxy HTTP/1.1" 404 - "-" "-"
180.97.106.162 - - [17/May/2017:20:08:11 +0200] "HEAD http://180.163.113.82/check_proxy HTTP/1.1" 404 - "-" "-"
139.162.124.167 - - [17/May/2017:20:09:17 +0200] "GET / HTTP/1.1" 200 1229 "-" "Mozilla/5.0"
180.97.106.162 - - [17/May/2017:20:33:54 +0200] "HEAD http://180.163.113.82/check_proxy HTTP/1.1" 404 - "-" "-"
180.97.106.162 - - [17/May/2017:20:41:05 +0200] "HEAD http://180.163.113.82/check_proxy HTTP/1.1" 404 - "-" "-"
66.240.205.34 - - [17/May/2017:20:42:52 +0200] "Gh0st\xad" 501 321 "-" "-"
180.97.106.37 - - [17/May/2017:20:52:32 +0200] "HEAD http://180.163.113.82/check_proxy HTTP/1.1" 404 - "-" "-"
139.162.124.167 - - [17/May/2017:20:59:05 +0200] "GET / HTTP/1.1" 200 1229 "-" "Mozilla/5.0"
66.249.75.60 - - [17/May/2017:21:14:06 +0200] "GET /awards.html HTTP/1.1" 404 324 "-" "Mozilla/5.0 (compatible; Googlebot/2.1; +http://www.google.com/bot.html)"
137.226.113.7 - - [17/May/2017:21:33:46 +0200] "GET / HTTP/1.1" 200 1229 "-" "Mozilla/5.0 (Macintosh; Intel Mac OS X 10_11_1) AppleWebKit/537.36 (KHTML, like Gecko) Chrome/46.0.2490.86 Safari/537.36 Scanning for research (researchscan.comsys.rwth-aachen.de)"
137.226.113.7 - - [17/May/2017:21:33:46 +0200] "GET / HTTP/1.1" 200 1229 "-" "Mozilla/5.0 (Macintosh; Intel Mac OS X 10_11_1) AppleWebKit/537.36 (KHTML, like Gecko) Chrome/46.0.2490.86 Safari/537.36 Scanning for research (researchscan.comsys.rwth-aachen.de)"
137.226.113.7 - - [17/May/2017:21:33:46 +0200] "GET / HTTP/1.1" 200 1229 "-" "Mozilla/5.0 (Macintosh; Intel Mac OS X 10_11_1) AppleWebKit/537.36 (KHTML, like Gecko) Chrome/46.0.2490.86 Safari/537.36 Scanning for research (researchscan.comsys.rwth-aachen.de)"
189.146.210.36 - - [17/May/2017:21:38:31 +0200] "GET / HTTP/1.0" 200 1229 "-" "-"
139.162.124.167 - - [17/May/2017:21:41:30 +0200] "GET / HTTP/1.1" 200 1229 "-" "Mozilla/5.0"
54.169.213.177 - - [17/May/2017:21:48:47 +0200] "GET / HTTP/1.1" 200 1229 "-" "Mozilla/5.0 zgrab/0.x"
139.162.108.53 - - [17/May/2017:21:54:12 +0200] "GET / HTTP/1.1" 200 1229 "-" "Mozilla/5.0 (Windows NT 10.0; WOW64) AppleWebKit/537.36 (KHTML, like Gecko) Chrome/50.0.2661.102 Safari/537.36"
139.162.124.167 - - [17/May/2017:21:56:34 +0200] "GET / HTTP/1.1" 200 1229 "-" "Mozilla/5.0"
54.169.213.177 - - [17/May/2017:22:17:52 +0200] "GET / HTTP/1.1" 200 1229 "-" "Mozilla/5.0 zgrab/0.x"
139.162.124.167 - - [17/May/2017:22:30:26 +0200] "GET / HTTP/1.1" 200 1229 "-" "Mozilla/5.0"
95.244.211.214 - - [17/May/2017:22:46:14 +0200] "GET / HTTP/1.0" 200 1229 "-" "-"
94.102.49.175 - - [17/May/2017:23:15:21 +0200] "GET /w00tw00t.at.blackhats.romanian.anti-sec:) HTTP/1.1" 404 346 "-" "ZmEu"
94.102.49.175 - - [17/May/2017:23:15:21 +0200] "GET /phpMyAdmin/scripts/setup.php HTTP/1.1" 404 333 "-" "ZmEu"
94.102.49.175 - - [17/May/2017:23:15:21 +0200] "GET /phpmyadmin/scripts/setup.php HTTP/1.1" 404 333 "-" "ZmEu"
94.102.49.175 - - [17/May/2017:23:15:22 +0200] "GET /pma/scripts/setup.php HTTP/1.1" 404 326 "-" "ZmEu"
94.102.49.175 - - [17/May/2017:23:15:22 +0200] "GET /myadmin/scripts/setup.php HTTP/1.1" 404 330 "-" "ZmEu"
94.102.49.175 - - [17/May/2017:23:15:22 +0200] "GET /MyAdmin/scripts/setup.php HTTP/1.1" 404 330 "-" "ZmEu"
94.102.49.175 - - [17/May/2017:23:15:22 +0200] "GET /PMA2012/ HTTP/1.1" 404 313 "-" "ZmEu"
94.102.49.175 - - [17/May/2017:23:15:22 +0200] "GET /pma2012/ HTTP/1.1" 404 313 "-" "ZmEu"
94.102.49.175 - - [17/May/2017:23:15:22 +0200] "GET /PMA2011/ HTTP/1.1" 404 313 "-" "ZmEu"
94.102.49.175 - - [17/May/2017:23:15:22 +0200] "GET /pma2011/ HTTP/1.1" 404 313 "-" "ZmEu"
94.102.49.175 - - [17/May/2017:23:15:22 +0200] "GET /phpmyadmin2/ HTTP/1.1" 404 317 "-" "ZmEu"
94.102.49.175 - - [17/May/2017:23:15:23 +0200] "GET /phpmyadmin3/ HTTP/1.1" 404 317 "-" "ZmEu"
94.102.49.175 - - [17/May/2017:23:15:23 +0200] "GET /phpmyadmin4/ HTTP/1.1" 404 317 "-" "ZmEu"
211.220.67.182 - - [18/May/2017:00:05:15 +0200] "GET / HTTP/1.0" 200 1229 "-" "Mozilla/5.0 (compatible; MSIE 9.0; Windows NT 6.1; WOW64; Trident/5.0)"
211.220.67.182 - - [18/May/2017:00:05:15 +0200] "GET / HTTP/1.0" 200 1229 "-" "Mozilla/5.0 (compatible; MSIE 9.0; Windows NT 6.1; WOW64; Trident/5.0)"
211.220.67.182 - - [18/May/2017:00:05:15 +0200] "GET / HTTP/1.0" 200 1229 "-" "Mozilla/5.0 (compatible; MSIE 9.0; Windows NT 6.1; WOW64; Trident/5.0)"
211.220.67.182 - - [18/May/2017:00:05:15 +0200] "GET / HTTP/1.0" 200 1229 "-" "Mozilla/5.0 (compatible; MSIE 9.0; Windows NT 6.1; WOW64; Trident/5.0)"
211.220.67.182 - - [18/May/2017:00:05:15 +0200] "GET / HTTP/1.0" 200 1229 "-" "Mozilla/5.0 (compatible; MSIE 9.0; Windows NT 6.1; WOW64; Trident/5.0)"
211.220.67.182 - - [18/May/2017:00:05:15 +0200] "GET / HTTP/1.0" 200 1229 "-" "Mozilla/5.0 (compatible; MSIE 9.0; Windows NT 6.1; WOW64; Trident/5.0)"
211.220.67.182 - - [18/May/2017:00:05:15 +0200] "GET / HTTP/1.0" 200 1229 "-" "Mozilla/5.0 (compatible; MSIE 9.0; Windows NT 6.1; WOW64; Trident/5.0)"
211.220.67.182 - - [18/May/2017:00:05:15 +0200] "GET / HTTP/1.0" 200 1229 "-" "Mozilla/5.0 (compatible; MSIE 9.0; Windows NT 6.1; WOW64; Trident/5.0)"
211.220.67.182 - - [18/May/2017:00:05:15 +0200] "GET / HTTP/1.0" 200 1229 "-" "Mozilla/5.0 (compatible; MSIE 9.0; Windows NT 6.1; WOW64; Trident/5.0)"
211.220.67.182 - - [18/May/2017:00:05:15 +0200] "GET / HTTP/1.0" 200 1229 "-" "Mozilla/5.0 (compatible; MSIE 9.0; Windows NT 6.1; WOW64; Trident/5.0)"
79.207.179.85 - - [18/May/2017:00:10:19 +0200] "GET / HTTP/1.0" 200 1229 "-" "-"
69.58.178.58 - - [18/May/2017:01:02:37 +0200] "GET /robots.txt HTTP/1.1" 404 323 "-" "Mozilla/5.0 (compatible; ips-agent)"
69.58.178.58 - - [18/May/2017:01:02:39 +0200] "GET / HTTP/1.1" 200 1229 "-" "Mozilla/5.0 (compatible; ips-agent)"
54.169.213.177 - - [18/May/2017:02:02:38 +0200] "GET / HTTP/1.1" 200 1229 "-" "Mozilla/5.0 zgrab/0.x"
169.54.244.93 - - [18/May/2017:02:41:44 +0200] "GET / HTTP/1.0" 200 1229 "-" "Mozilla/5.0 (Windows NT 6.1; rv:31.0) Gecko/20100101 Firefox/31.0"
169.54.233.126 - - [18/May/2017:02:41:56 +0200] "GET / HTTP/1.0" 200 1229 "-" "Mozilla/5.0 (Windows NT 6.1; rv:31.0) Gecko/20100101 Firefox/31.0"
169.54.233.117 - - [18/May/2017:02:42:07 +0200] "GET / HTTP/1.0" 200 1229 "-" "Mozilla/5.0 (Windows NT 6.1; rv:31.0) Gecko/20100101 Firefox/31.0"
169.54.233.125 - - [18/May/2017:02:42:10 +0200] "GET / HTTP/1.0" 200 1229 "-" "Mozilla/5.0 (Windows NT 6.1; rv:31.0) Gecko/20100101 Firefox/31.0"
169.54.244.82 - - [18/May/2017:02:42:21 +0200] "GET / HTTP/1.0" 200 1229 "-" "Mozilla/5.0 (Windows NT 6.1; rv:31.0) Gecko/20100101 Firefox/31.0"
169.54.244.89 - - [18/May/2017:02:42:27 +0200] "GET / HTTP/1.0" 200 1229 "-" "Mozilla/5.0 (Windows NT 6.1; rv:31.0) Gecko/20100101 Firefox/31.0"
169.54.244.75 - - [18/May/2017:02:42:31 +0200] "GET / HTTP/1.0" 200 1229 "-" "Mozilla/5.0 (Windows NT 6.1; rv:31.0) Gecko/20100101 Firefox/31.0"
169.54.233.120 - - [18/May/2017:02:42:34 +0200] "GET / HTTP/1.0" 200 1229 "-" "Mozilla/5.0 (Windows NT 6.1; rv:31.0) Gecko/20100101 Firefox/31.0"
169.54.233.121 - - [18/May/2017:02:42:37 +0200] "GET / HTTP/1.0" 200 1229 "-" "Mozilla/5.0 (Windows NT 6.1; rv:31.0) Gecko/20100101 Firefox/31.0"
169.54.244.78 - - [18/May/2017:02:42:52 +0200] "GET / HTTP/1.0" 200 1229 "-" "Mozilla/5.0 (Windows NT 6.1; rv:31.0) Gecko/20100101 Firefox/31.0"
117.4.242.39 - - [18/May/2017:04:36:34 +0200] "GET / HTTP/1.0" 200 1229 "-" "-"
139.162.108.53 - - [18/May/2017:04:44:14 +0200] "GET / HTTP/1.1" 200 1229 "-" "Mozilla/5.0 (Windows NT 10.0; WOW64) AppleWebKit/537.36 (KHTML, like Gecko) Chrome/50.0.2661.102 Safari/537.36"
70.51.81.202 - - [18/May/2017:05:27:11 +0200] "GET / HTTP/1.0" 200 1229 "-" "-"
198.20.99.130 - - [18/May/2017:05:40:03 +0200] "GET / HTTP/1.1" 200 1229 "-" "Mozilla/5.0 (Windows NT 6.1) AppleWebKit/537.36 (KHTML, like Gecko) Chrome/41.0.2228.0 Safari/537.36"
198.20.99.130 - - [18/May/2017:05:40:04 +0200] "GET /robots.txt HTTP/1.1" 404 315 "-" "-"
198.20.99.130 - - [18/May/2017:05:40:04 +0200] "GET /sitemap.xml HTTP/1.1" 404 316 "-" "-"
90.63.243.90 - - [18/May/2017:05:48:13 +0200] "GET / HTTP/1.0" 200 1229 "-" "-"
90.63.243.90 - - [18/May/2017:05:49:21 +0200] "GET / HTTP/1.0" 200 1229 "-" "-"
90.63.243.90 - - [18/May/2017:05:49:40 +0200] "GET / HTTP/1.0" 200 1229 "-" "-"
90.63.243.90 - - [18/May/2017:05:50:41 +0200] "GET / HTTP/1.0" 200 1229 "-" "-"
90.63.243.90 - - [18/May/2017:05:50:43 +0200] "GET / HTTP/1.0" 200 1229 "-" "-"
90.63.243.90 - - [18/May/2017:05:51:22 +0200] "GET / HTTP/1.0" 200 1229 "-" "-"
90.63.243.90 - - [18/May/2017:05:51:55 +0200] "GET / HTTP/1.0" 200 1229 "-" "-"
90.63.243.90 - - [18/May/2017:05:55:41 +0200] "GET / HTTP/1.0" 200 1229 "-" "-"
90.63.243.90 - - [18/May/2017:05:56:00 +0200] "GET / HTTP/1.0" 200 1229 "-" "-"
66.249.76.140 - - [18/May/2017:06:20:46 +0200] "GET /robots.txt HTTP/1.1" 404 323 "-" "Mozilla/5.0 (compatible; Googlebot/2.1; +http://www.google.com/bot.html)"
66.249.66.184 - - [18/May/2017:06:20:47 +0200] "GET /firmenkleidung/ HTTP/1.1" 404 328 "-" "Mozilla/5.0 (compatible; Googlebot/2.1; +http://www.google.com/bot.html)"
137.226.113.7 - - [18/May/2017:09:24:22 +0200] "GET / HTTP/1.1" 200 1229 "-" "Mozilla/5.0 (Macintosh; Intel Mac OS X 10_11_1) AppleWebKit/537.36 (KHTML, like Gecko) Chrome/46.0.2490.86 Safari/537.36 Scanning for research (researchscan.comsys.rwth-aachen.de)"
137.226.113.7 - - [18/May/2017:09:24:22 +0200] "GET / HTTP/1.1" 200 1229 "-" "Mozilla/5.0 (Macintosh; Intel Mac OS X 10_11_1) AppleWebKit/537.36 (KHTML, like Gecko) Chrome/46.0.2490.86 Safari/537.36 Scanning for research (researchscan.comsys.rwth-aachen.de)"
137.226.113.7 - - [18/May/2017:09:24:22 +0200] "GET / HTTP/1.1" 200 1229 "-" "Mozilla/5.0 (Macintosh; Intel Mac OS X 10_11_1) AppleWebKit/537.36 (KHTML, like Gecko) Chrome/46.0.2490.86 Safari/537.36 Scanning for research (researchscan.comsys.rwth-aachen.de)"
139.162.108.53 - - [18/May/2017:11:00:34 +0200] "GET / HTTP/1.1" 200 1229 "-" "Mozilla/5.0 (Windows NT 10.0; WOW64) AppleWebKit/537.36 (KHTML, like Gecko) Chrome/50.0.2661.102 Safari/537.36"
137.226.113.7 - - [18/May/2017:11:25:43 +0200] "GET / HTTP/1.1" 200 1229 "-" "Mozilla/5.0 (Macintosh; Intel Mac OS X 10_11_1) AppleWebKit/537.36 (KHTML, like Gecko) Chrome/46.0.2490.86 Safari/537.36 Scanning for research (researchscan.comsys.rwth-aachen.de)"
137.226.113.7 - - [18/May/2017:11:25:43 +0200] "GET / HTTP/1.1" 200 1229 "-" "Mozilla/5.0 (Macintosh; Intel Mac OS X 10_11_1) AppleWebKit/537.36 (KHTML, like Gecko) Chrome/46.0.2490.86 Safari/537.36 Scanning for research (researchscan.comsys.rwth-aachen.de)"
137.226.113.7 - - [18/May/2017:11:25:43 +0200] "GET / HTTP/1.1" 200 1229 "-" "Mozilla/5.0 (Macintosh; Intel Mac OS X 10_11_1) AppleWebKit/537.36 (KHTML, like Gecko) Chrome/46.0.2490.86 Safari/537.36 Scanning for research (researchscan.comsys.rwth-aachen.de)"
139.162.108.53 - - [18/May/2017:11:28:40 +0200] "GET / HTTP/1.1" 200 1229 "-" "Mozilla/5.0 (Windows NT 10.0; WOW64) AppleWebKit/537.36 (KHTML, like Gecko) Chrome/50.0.2661.102 Safari/537.36"
189.150.65.239 - - [18/May/2017:11:29:57 +0200] "GET /phpMyAdmin/scripts/setup.php HTTP/1.1" 404 333 "-" "-"
189.150.65.239 - - [18/May/2017:11:30:02 +0200] "GET /pma/scripts/setup.php HTTP/1.1" 404 326 "-" "-"
189.150.65.239 - - [18/May/2017:11:30:07 +0200] "GET /myadmin/scripts/setup.php HTTP/1.1" 404 330 "-" "-"
139.162.124.167 - - [18/May/2017:13:24:27 +0200] "GET / HTTP/1.1" 200 1229 "-" "Mozilla/5.0"
80.82.77.139 - - [18/May/2017:13:28:29 +0200] "GET / HTTP/1.1" 200 1229 "-" "Mozilla/5.0 (Windows NT 6.1) AppleWebKit/537.36 (KHTML, like Gecko) Chrome/41.0.2228.0 Safari/537.36"
80.82.77.139 - - [18/May/2017:13:28:29 +0200] "GET /robots.txt HTTP/1.1" 404 315 "-" "-"
80.82.77.139 - - [18/May/2017:13:28:29 +0200] "GET /sitemap.xml HTTP/1.1" 404 316 "-" "-"
139.162.124.167 - - [18/May/2017:14:00:39 +0200] "GET / HTTP/1.1" 200 1229 "-" "Mozilla/5.0"
139.162.124.167 - - [18/May/2017:14:06:48 +0200] "GET / HTTP/1.1" 200 1229 "-" "Mozilla/5.0"
187.23.9.13 - - [18/May/2017:14:10:36 +0200] "GET /cgi/common.cgi HTTP/1.0" 404 319 "-" "Wget(linux)"
179.223.59.71 - - [18/May/2017:14:10:36 +0200] "GET /cgi/common.cgi HTTP/1.0" 404 319 "-" "Wget(linux)"
187.23.9.13 - - [18/May/2017:14:10:36 +0200] "GET /cgi/common.cgi HTTP/1.0" 404 319 "-" "Wget(linux)"
189.103.52.253 - - [18/May/2017:14:10:36 +0200] "GET /cgi/common.cgi HTTP/1.0" 404 319 "-" "Wget(linux)"
189.103.52.253 - - [18/May/2017:14:10:36 +0200] "GET /cgi/common.cgi HTTP/1.0" 404 319 "-" "Wget(linux)"
187.23.9.13 - - [18/May/2017:14:10:36 +0200] "GET /stssys.htm HTTP/1.0" 404 315 "-" "Wget(linux)"
179.223.59.71 - - [18/May/2017:14:10:36 +0200] "GET /stssys.htm HTTP/1.0" 404 315 "-" "Wget(linux)"
187.23.9.13 - - [18/May/2017:14:10:36 +0200] "GET /stssys.htm HTTP/1.0" 404 315 "-" "Wget(linux)"
189.103.52.253 - - [18/May/2017:14:10:37 +0200] "GET /stssys.htm HTTP/1.0" 404 315 "-" "Wget(linux)"
189.103.52.253 - - [18/May/2017:14:10:37 +0200] "GET /stssys.htm HTTP/1.0" 404 315 "-" "Wget(linux)"
179.223.59.71 - - [18/May/2017:14:10:37 +0200] "GET /cgi/common.cgi HTTP/1.0" 404 319 "-" "Wget(linux)"
179.223.59.71 - - [18/May/2017:14:10:37 +0200] "GET /cgi/common.cgi HTTP/1.0" 404 319 "-" "Wget(linux)"
187.23.9.13 - - [18/May/2017:14:10:37 +0200] "GET / HTTP/1.0" 200 1229 "-" "Wget(linux)"
179.223.59.71 - - [18/May/2017:14:10:37 +0200] "GET /cgi/common.cgi HTTP/1.0" 404 319 "-" "Wget(linux)"
179.223.59.71 - - [18/May/2017:14:10:37 +0200] "GET /cgi/common.cgi HTTP/1.0" 404 319 "-" "Wget(linux)"
179.223.59.71 - - [18/May/2017:14:10:37 +0200] "GET / HTTP/1.0" 200 1229 "-" "Wget(linux)"
187.23.9.13 - - [18/May/2017:14:10:37 +0200] "GET / HTTP/1.0" 200 1229 "-" "Wget(linux)"
179.223.59.71 - - [18/May/2017:14:10:37 +0200] "GET /cgi/common.cgi HTTP/1.0" 404 319 "-" "Wget(linux)"
189.103.52.253 - - [18/May/2017:14:10:37 +0200] "GET / HTTP/1.0" 200 1229 "-" "Wget(linux)"
189.103.52.253 - - [18/May/2017:14:10:37 +0200] "GET / HTTP/1.0" 200 1229 "-" "Wget(linux)"
179.223.59.71 - - [18/May/2017:14:10:37 +0200] "GET /stssys.htm HTTP/1.0" 404 315 "-" "Wget(linux)"
179.223.59.71 - - [18/May/2017:14:10:37 +0200] "GET /stssys.htm HTTP/1.0" 404 315 "-" "Wget(linux)"
187.23.9.13 - - [18/May/2017:14:10:37 +0200] "POST /command.php HTTP/1.0" 404 316 "-" "Wget(linux)"
179.223.59.71 - - [18/May/2017:14:10:37 +0200] "GET /stssys.htm HTTP/1.0" 404 315 "-" "Wget(linux)"
179.223.59.71 - - [18/May/2017:14:10:37 +0200] "GET /stssys.htm HTTP/1.0" 404 315 "-" "Wget(linux)"
187.23.9.13 - - [18/May/2017:14:10:37 +0200] "POST /command.php HTTP/1.0" 404 316 "-" "Wget(linux)"
179.223.59.71 - - [18/May/2017:14:10:37 +0200] "POST /command.php HTTP/1.0" 404 316 "-" "Wget(linux)"
179.223.59.71 - - [18/May/2017:14:10:38 +0200] "GET /stssys.htm HTTP/1.0" 404 315 "-" "Wget(linux)"
189.103.52.253 - - [18/May/2017:14:10:38 +0200] "POST /command.php HTTP/1.0" 404 316 "-" "Wget(linux)"
179.223.59.71 - - [18/May/2017:14:10:38 +0200] "GET / HTTP/1.0" 200 1229 "-" "Wget(linux)"
179.223.59.71 - - [18/May/2017:14:10:38 +0200] "GET / HTTP/1.0" 200 1229 "-" "Wget(linux)"
189.103.52.253 - - [18/May/2017:14:10:38 +0200] "POST /command.php HTTP/1.0" 404 316 "-" "Wget(linux)"
179.223.59.71 - - [18/May/2017:14:10:38 +0200] "GET / HTTP/1.0" 200 1229 "-" "Wget(linux)"
179.223.59.71 - - [18/May/2017:14:10:38 +0200] "GET / HTTP/1.0" 200 1229 "-" "Wget(linux)"
179.223.59.71 - - [18/May/2017:14:10:38 +0200] "GET / HTTP/1.0" 200 1229 "-" "Wget(linux)"
179.223.59.71 - - [18/May/2017:14:10:38 +0200] "POST /command.php HTTP/1.0" 404 316 "-" "Wget(linux)"
179.223.59.71 - - [18/May/2017:14:10:38 +0200] "POST /command.php HTTP/1.0" 404 316 "-" "Wget(linux)"
179.223.59.71 - - [18/May/2017:14:10:38 +0200] "POST /command.php HTTP/1.0" 404 316 "-" "Wget(linux)"
179.223.59.71 - - [18/May/2017:14:10:39 +0200] "POST /command.php HTTP/1.0" 404 316 "-" "Wget(linux)"
179.223.59.71 - - [18/May/2017:14:10:39 +0200] "POST /command.php HTTP/1.0" 404 316 "-" "Wget(linux)"
183.129.160.229 - - [18/May/2017:14:11:52 +0200] "GET / HTTP/1.1" 200 1229 "-" "Mozilla/5.0 (Macintosh; Intel Mac OS X 10.11; rv:47.0) Gecko/20100101 Firefox/47.0"
31.210.102.114 - - [18/May/2017:14:26:18 +0200] "GET / HTTP/1.0" 200 1229 "-" "masscan/1.0 (https://github.com/robertdavidgraham/masscan)"
64.246.161.30 - - [18/May/2017:15:09:00 +0200] "GET /robots.txt HTTP/1.0" 404 323 "-" "Mozilla/5.0 (Windows; U; Windows NT 5.1; en; rv:1.9.0.13) Gecko/2009073022 Firefox/3.5.2 (.NET CLR 3.5.30729) SurveyBot/2.3 (DomainTools)"
64.246.161.30 - - [18/May/2017:15:09:01 +0200] "GET / HTTP/1.1" 200 1229 "http://whois.domaintools.com/hotelkleidung.com" "Mozilla/5.0 (Windows; U; Windows NT 5.1; en; rv:1.9.0.13) Gecko/2009073022 Firefox/3.5.2 (.NET CLR 3.5.30729) SurveyBot/2.3 (DomainTools)"
139.162.124.167 - - [18/May/2017:15:53:16 +0200] "GET / HTTP/1.1" 200 1229 "-" "Mozilla/5.0"
141.212.122.96 - - [18/May/2017:17:58:57 +0200] "GET / HTTP/1.1" 200 1229 "-" "Mozilla/5.0 zgrab/0.x"
218.93.207.68 - - [18/May/2017:18:07:17 +0200] "GET / HTTP/1.1" 200 1229 "-" "Mozilla/4.0 (compatible; MSIE 6.0; Windows NT 5.0)"
139.162.124.167 - - [18/May/2017:18:33:03 +0200] "GET / HTTP/1.1" 200 1229 "-" "Mozilla/5.0"
183.129.160.229 - - [18/May/2017:18:36:05 +0200] "GET / HTTP/1.1" 200 1229 "-" "Mozilla/5.0 (Macintosh; Intel Mac OS X 10.11; rv:47.0) Gecko/20100101 Firefox/47.0"
139.162.124.167 - - [18/May/2017:19:55:11 +0200] "GET / HTTP/1.1" 200 1229 "-" "Mozilla/5.0"
73.67.99.174 - - [18/May/2017:20:59:05 +0200] "GET / HTTP/1.0" 200 1229 "-" "Mozilla/5.0 (compatible; Googlebot/2.1; +http://www.google.com/bot.html)"
139.162.108.53 - - [18/May/2017:20:59:41 +0200] "GET / HTTP/1.1" 200 1229 "-" "Mozilla/5.0 (Windows NT 10.0; WOW64) AppleWebKit/537.36 (KHTML, like Gecko) Chrome/50.0.2661.102 Safari/537.36"
139.162.108.53 - - [18/May/2017:21:17:30 +0200] "GET / HTTP/1.1" 200 1229 "-" "Mozilla/5.0 (Windows NT 10.0; WOW64) AppleWebKit/537.36 (KHTML, like Gecko) Chrome/50.0.2661.102 Safari/537.36"
139.162.124.167 - - [18/May/2017:21:22:00 +0200] "GET / HTTP/1.1" 200 1229 "-" "Mozilla/5.0"
183.129.160.229 - - [18/May/2017:21:38:53 +0200] "GET / HTTP/1.1" 200 1229 "-" "Mozilla/5.0 (Macintosh; Intel Mac OS X 10.11; rv:47.0) Gecko/20100101 Firefox/47.0"
183.129.160.229 - - [18/May/2017:21:39:50 +0200] "GET / HTTP/1.1" 200 1229 "-" "Mozilla/5.0 (Macintosh; Intel Mac OS X 10.11; rv:47.0) Gecko/20100101 Firefox/47.0"
183.129.160.229 - - [18/May/2017:21:40:59 +0200] "GET / HTTP/1.1" 200 1229 "-" "Mozilla/5.0 (Macintosh; Intel Mac OS X 10.11; rv:47.0) Gecko/20100101 Firefox/47.0"
183.129.160.229 - - [18/May/2017:21:41:38 +0200] "GET / HTTP/1.1" 200 1229 "-" "Mozilla/5.0 (Macintosh; Intel Mac OS X 10.11; rv:47.0) Gecko/20100101 Firefox/47.0"
139.162.124.167 - - [18/May/2017:21:54:09 +0200] "GET / HTTP/1.1" 200 1229 "-" "Mozilla/5.0"
192.210.189.107 - - [18/May/2017:23:09:05 +0200] "GET / HTTP/1.1" 200 1229 "-" "Mozilla/5.0 (X11; Linux x86_64) AppleWebKit/537.36 (KHTML, like Gecko) Chrome/28.0.1500.71 Safari/537.36"
139.162.119.197 - - [18/May/2017:23:46:23 +0200] "GET / HTTP/1.1" 200 1229 "-" "Mozilla/5.0 (Windows NT 10.0; WOW64) AppleWebKit/537.36 (KHTML, like Gecko) Chrome/50.0.2661.102 Safari/537.36"
183.129.160.229 - - [19/May/2017:00:11:23 +0200] "GET / HTTP/1.1" 200 1229 "-" "Mozilla/5.0 (Macintosh; Intel Mac OS X 10.11; rv:47.0) Gecko/20100101 Firefox/47.0"
183.129.160.229 - - [19/May/2017:00:11:39 +0200] "GET / HTTP/1.1" 200 1229 "-" "Mozilla/5.0 (Macintosh; Intel Mac OS X 10.11; rv:47.0) Gecko/20100101 Firefox/47.0"
183.129.160.229 - - [19/May/2017:00:11:54 +0200] "GET / HTTP/1.1" 200 1229 "-" "Mozilla/5.0 (Macintosh; Intel Mac OS X 10.11; rv:47.0) Gecko/20100101 Firefox/47.0"
183.129.160.229 - - [19/May/2017:00:12:47 +0200] "GET / HTTP/1.1" 200 1229 "-" "Mozilla/5.0 (Macintosh; Intel Mac OS X 10.11; rv:47.0) Gecko/20100101 Firefox/47.0"
198.20.69.74 - - [19/May/2017:00:13:01 +0200] "GET / HTTP/1.1" 200 1229 "-" "Mozilla/5.0 (Windows NT 6.1) AppleWebKit/537.36 (KHTML, like Gecko) Chrome/41.0.2228.0 Safari/537.36"
198.20.69.74 - - [19/May/2017:00:13:02 +0200] "GET /robots.txt HTTP/1.1" 404 315 "-" "-"
198.20.69.74 - - [19/May/2017:00:13:04 +0200] "GET /sitemap.xml HTTP/1.1" 404 316 "-" "-"
183.129.160.229 - - [19/May/2017:05:31:28 +0200] "GET /index.php?option=com_fields&view=fields&layout=modal&list[fullordering]=updatexml(0x3a,concat(1,(select%!m(MISSING)d5(65137123))),1) HTTP/1.1" 404 314 "-" "Mozilla/5.0 (Windows NT 6.1; WOW64; rv:47.0) Gecko/20100101 Firefox/47.0"
183.129.160.229 - - [19/May/2017:05:31:36 +0200] "GET /index.php?option=com_fields&view=fields&layout=modal&list[fullordering]=updatexml(0x3a,concat(1,(select%!m(MISSING)d5(65137123))),1) HTTP/1.1" 404 314 "-" "Mozilla/5.0 (Windows NT 6.1; WOW64; rv:47.0) Gecko/20100101 Firefox/47.0"
183.129.160.229 - - [19/May/2017:05:40:35 +0200] "GET / HTTP/1.1" 200 1229 "-" "Mozilla/5.0 (Macintosh; Intel Mac OS X 10.11; rv:47.0) Gecko/20100101 Firefox/47.0"
183.129.160.229 - - [19/May/2017:05:41:02 +0200] "GET / HTTP/1.1" 200 1229 "-" "Mozilla/5.0 (Macintosh; Intel Mac OS X 10.11; rv:47.0) Gecko/20100101 Firefox/47.0"
183.129.160.229 - - [19/May/2017:05:41:11 +0200] "GET / HTTP/1.1" 200 1229 "-" "Mozilla/5.0 (Macintosh; Intel Mac OS X 10.11; rv:47.0) Gecko/20100101 Firefox/47.0"
141.212.122.96 - - [19/May/2017:06:37:05 +0200] "GET / HTTP/1.1" 200 1229 "-" "Mozilla/5.0 zgrab/0.x"
183.129.160.229 - - [19/May/2017:06:37:21 +0200] "GET / HTTP/1.1" 200 1229 "-" "Mozilla/5.0 (Macintosh; Intel Mac OS X 10.11; rv:47.0) Gecko/20100101 Firefox/47.0"
183.129.160.229 - - [19/May/2017:06:37:56 +0200] "GET / HTTP/1.1" 200 1229 "-" "Mozilla/5.0 (Macintosh; Intel Mac OS X 10.11; rv:47.0) Gecko/20100101 Firefox/47.0"
183.129.160.229 - - [19/May/2017:06:38:12 +0200] "GET / HTTP/1.1" 200 1229 "-" "Mozilla/5.0 (Macintosh; Intel Mac OS X 10.11; rv:47.0) Gecko/20100101 Firefox/47.0"
183.129.160.229 - - [19/May/2017:06:38:15 +0200] "GET / HTTP/1.1" 200 1229 "-" "Mozilla/5.0 (Macintosh; Intel Mac OS X 10.11; rv:47.0) Gecko/20100101 Firefox/47.0"
183.129.160.229 - - [19/May/2017:06:39:02 +0200] "GET / HTTP/1.1" 200 1229 "-" "Mozilla/5.0 (Macintosh; Intel Mac OS X 10.11; rv:47.0) Gecko/20100101 Firefox/47.0"
183.129.160.229 - - [19/May/2017:06:39:12 +0200] "GET / HTTP/1.1" 200 1229 "-" "Mozilla/5.0 (Macintosh; Intel Mac OS X 10.11; rv:47.0) Gecko/20100101 Firefox/47.0"
220.135.159.86 - - [19/May/2017:07:29:28 +0200] "GET / HTTP/1.0" 200 1229 "-" "Mozilla/5.0 (compatible; Googlebot/2.1; +http://www.google.com/bot.html)"
193.92.3.66 - - [19/May/2017:07:59:19 +0200] "GET / HTTP/1.0" 200 1229 "-" "-"
193.92.3.66 - - [19/May/2017:08:01:57 +0200] "GET / HTTP/1.0" 200 1229 "-" "-"
193.92.3.66 - - [19/May/2017:08:02:52 +0200] "GET / HTTP/1.0" 200 1229 "-" "-"
193.92.3.66 - - [19/May/2017:08:04:07 +0200] "GET / HTTP/1.0" 200 1229 "-" "-"
193.92.3.66 - - [19/May/2017:08:04:21 +0200] "GET / HTTP/1.0" 200 1229 "-" "-"
193.92.3.66 - - [19/May/2017:08:05:03 +0200] "GET / HTTP/1.0" 200 1229 "-" "-"
139.162.114.70 - - [19/May/2017:08:05:45 +0200] "GET / HTTP/1.1" 200 1229 "-" "Mozilla/5.0 (Windows NT 10.0; WOW64) AppleWebKit/537.36 (KHTML, like Gecko) Chrome/50.0.2661.102 Safari/537.36"
193.92.3.66 - - [19/May/2017:08:11:59 +0200] "GET / HTTP/1.0" 200 1229 "-" "-"
193.92.3.66 - - [19/May/2017:08:15:07 +0200] "GET / HTTP/1.0" 200 1229 "-" "-"
139.162.108.53 - - [19/May/2017:08:15:17 +0200] "GET / HTTP/1.1" 200 1229 "-" "Mozilla/5.0 (Windows NT 10.0; WOW64) AppleWebKit/537.36 (KHTML, like Gecko) Chrome/50.0.2661.102 Safari/537.36"
193.92.3.66 - - [19/May/2017:08:16:26 +0200] "GET / HTTP/1.0" 200 1229 "-" "-"
193.92.3.66 - - [19/May/2017:08:17:46 +0200] "GET / HTTP/1.0" 200 1229 "-" "-"
141.212.122.96 - - [19/May/2017:08:25:24 +0200] "GET / HTTP/1.1" 200 1229 "-" "Mozilla/5.0 zgrab/0.x"
89.248.172.90 - - [19/May/2017:09:20:37 +0200] "GET http://httpheader.net/ HTTP/1.1" 200 1229 "-" "Mozilla/5.0 (Windows; U; Windows NT 6.1; en-US; rv:1.9.2.28) Gecko/20120306 Firefox/3.6.28 (.NET CLR 3.5.30729)"
139.162.124.167 - - [19/May/2017:09:53:15 +0200] "GET / HTTP/1.1" 200 1229 "-" "Mozilla/5.0"
113.196.228.165 - - [19/May/2017:09:59:33 +0200] "GET /CFIDE/administrator/ HTTP/1.1" 404 325 "-" "-"
113.196.228.165 - - [19/May/2017:09:59:33 +0200] "GET /CFIDE/administrator/ HTTP/1.1" 404 325 "-" "-"
113.196.228.165 - - [19/May/2017:09:59:33 +0200] "GET /CFIDE/administrator/ HTTP/1.1" 404 325 "-" "-"
113.196.228.165 - - [19/May/2017:09:59:33 +0200] "GET /CFIDE/administrator/ HTTP/1.1" 404 325 "-" "-"
113.196.228.165 - - [19/May/2017:09:59:33 +0200] "GET /CFIDE/administrator/ HTTP/1.1" 404 325 "-" "-"
113.196.228.165 - - [19/May/2017:09:59:33 +0200] "GET /CFIDE/administrator/ HTTP/1.1" 404 325 "-" "-"
113.196.228.165 - - [19/May/2017:09:59:33 +0200] "GET /CFIDE/administrator/ HTTP/1.1" 404 325 "-" "-"
113.196.228.165 - - [19/May/2017:09:59:33 +0200] "GET /CFIDE/administrator/ HTTP/1.1" 404 325 "-" "-"
113.196.228.165 - - [19/May/2017:09:59:33 +0200] "GET /CFIDE/administrator/ HTTP/1.1" 404 325 "-" "-"
113.196.228.165 - - [19/May/2017:09:59:33 +0200] "GET /CFIDE/administrator/ HTTP/1.1" 404 325 "-" "-"
141.212.122.96 - - [19/May/2017:10:36:28 +0200] "GET / HTTP/1.1" 200 1229 "-" "Mozilla/5.0 zgrab/0.x"
2.134.184.91 - - [19/May/2017:10:47:18 +0200] "GET /phpMyAdmin/scripts/setup.php HTTP/1.1" 404 333 "-" "-"
2.134.184.91 - - [19/May/2017:10:47:23 +0200] "GET /pma/scripts/setup.php HTTP/1.1" 404 326 "-" "-"
115.127.32.62 - - [19/May/2017:11:35:25 +0200] "GET / HTTP/1.0" 200 1229 "-" "-"
193.248.253.55 - - [19/May/2017:11:57:23 +0200] "GET / HTTP/1.0" 200 1229 "-" "-"
139.162.124.167 - - [19/May/2017:12:08:39 +0200] "GET / HTTP/1.1" 200 1229 "-" "Mozilla/5.0"
66.240.205.34 - - [19/May/2017:13:26:00 +0200] "Gh0st\xad" 501 321 "-" "-"
89.128.192.104 - - [19/May/2017:14:03:20 +0200] "O" 501 316 "-" "-"
89.128.192.104 - - [19/May/2017:14:03:20 +0200] "POST / HTTP/1.1" 200 1229 "-" "Mozilla/4.0 (compatible; MSIE 7.0; Windows NT 10.0; WOW64; Trident/7.0; .NET4.0C; .NET4.0E; .NET CLR 2.0.50727; .NET CLR 3.0.30729; .NET CLR 3.5.30729; InfoPath.3)"
89.128.192.104 - - [19/May/2017:14:05:20 +0200] "POST / HTTP/1.1" 200 1229 "-" "Mozilla/4.0 (compatible; MSIE 7.0; Windows NT 10.0; WOW64; Trident/7.0; .NET4.0C; .NET4.0E; .NET CLR 2.0.50727; .NET CLR 3.0.30729; .NET CLR 3.5.30729; InfoPath.3)"
89.128.192.104 - - [19/May/2017:14:07:20 +0200] "POST / HTTP/1.1" 200 1229 "-" "Mozilla/4.0 (compatible; MSIE 7.0; Windows NT 10.0; WOW64; Trident/7.0; .NET4.0C; .NET4.0E; .NET CLR 2.0.50727; .NET CLR 3.0.30729; .NET CLR 3.5.30729; InfoPath.3)"
89.128.192.104 - - [19/May/2017:14:09:20 +0200] "POST / HTTP/1.1" 200 1229 "-" "Mozilla/4.0 (compatible; MSIE 7.0; Windows NT 10.0; WOW64; Trident/7.0; .NET4.0C; .NET4.0E; .NET CLR 2.0.50727; .NET CLR 3.0.30729; .NET CLR 3.5.30729; InfoPath.3)"
89.128.192.104 - - [19/May/2017:14:11:20 +0200] "POST / HTTP/1.1" 200 1229 "-" "Mozilla/4.0 (compatible; MSIE 7.0; Windows NT 10.0; WOW64; Trident/7.0; .NET4.0C; .NET4.0E; .NET CLR 2.0.50727; .NET CLR 3.0.30729; .NET CLR 3.5.30729; InfoPath.3)"
139.162.114.70 - - [19/May/2017:14:11:40 +0200] "GET / HTTP/1.1" 200 1229 "-" "Mozilla/5.0 (Windows NT 10.0; WOW64) AppleWebKit/537.36 (KHTML, like Gecko) Chrome/50.0.2661.102 Safari/537.36"
89.128.192.104 - - [19/May/2017:14:13:21 +0200] "POST / HTTP/1.1" 200 1229 "-" "Mozilla/4.0 (compatible; MSIE 7.0; Windows NT 10.0; WOW64; Trident/7.0; .NET4.0C; .NET4.0E; .NET CLR 2.0.50727; .NET CLR 3.0.30729; .NET CLR 3.5.30729; InfoPath.3)"
89.128.192.104 - - [19/May/2017:14:15:21 +0200] "POST / HTTP/1.1" 200 1229 "-" "Mozilla/4.0 (compatible; MSIE 7.0; Windows NT 10.0; WOW64; Trident/7.0; .NET4.0C; .NET4.0E; .NET CLR 2.0.50727; .NET CLR 3.0.30729; .NET CLR 3.5.30729; InfoPath.3)"
5.255.251.7 - - [19/May/2017:14:27:16 +0200] "GET /robots.txt HTTP/1.1" 404 318 "-" "Mozilla/5.0 (compatible; YandexBot/3.0; +http://yandex.com/bots)"
104.222.67.56 - - [19/May/2017:14:56:26 +0200] "GET / HTTP/1.0" 200 1229 "-" "Mozilla/5.0 (compatible; Googlebot/2.1; +http://www.google.com/bot.html)"
89.128.192.104 - - [19/May/2017:15:16:51 +0200] "POST / HTTP/1.1" 200 1229 "-" "Mozilla/4.0 (compatible; MSIE 7.0; Windows NT 10.0; WOW64; Trident/7.0; .NET4.0C; .NET4.0E; .NET CLR 2.0.50727; .NET CLR 3.0.30729; .NET CLR 3.5.30729; InfoPath.3)"
89.128.192.104 - - [19/May/2017:15:18:51 +0200] "POST / HTTP/1.1" 200 1229 "-" "Mozilla/4.0 (compatible; MSIE 7.0; Windows NT 10.0; WOW64; Trident/7.0; .NET4.0C; .NET4.0E; .NET CLR 2.0.50727; .NET CLR 3.0.30729; .NET CLR 3.5.30729; InfoPath.3)"
89.128.192.104 - - [19/May/2017:15:20:51 +0200] "POST / HTTP/1.1" 200 1229 "-" "Mozilla/4.0 (compatible; MSIE 7.0; Windows NT 10.0; WOW64; Trident/7.0; .NET4.0C; .NET4.0E; .NET CLR 2.0.50727; .NET CLR 3.0.30729; .NET CLR 3.5.30729; InfoPath.3)"
71.6.146.185 - - [19/May/2017:15:22:44 +0200] "GET / HTTP/1.1" 200 1229 "-" "Mozilla/5.0 (Windows NT 6.1) AppleWebKit/537.36 (KHTML, like Gecko) Chrome/41.0.2228.0 Safari/537.36"
71.6.146.185 - - [19/May/2017:15:22:49 +0200] "GET /robots.txt HTTP/1.1" 404 315 "-" "-"
71.6.146.185 - - [19/May/2017:15:22:50 +0200] "GET /sitemap.xml HTTP/1.1" 404 316 "-" "-"
89.128.192.104 - - [19/May/2017:15:22:51 +0200] "POST / HTTP/1.1" 200 1229 "-" "Mozilla/4.0 (compatible; MSIE 7.0; Windows NT 10.0; WOW64; Trident/7.0; .NET4.0C; .NET4.0E; .NET CLR 2.0.50727; .NET CLR 3.0.30729; .NET CLR 3.5.30729; InfoPath.3)"
89.128.192.104 - - [19/May/2017:15:24:51 +0200] "POST / HTTP/1.1" 200 1229 "-" "Mozilla/4.0 (compatible; MSIE 7.0; Windows NT 10.0; WOW64; Trident/7.0; .NET4.0C; .NET4.0E; .NET CLR 2.0.50727; .NET CLR 3.0.30729; .NET CLR 3.5.30729; InfoPath.3)"
141.212.122.96 - - [19/May/2017:15:26:34 +0200] "GET / HTTP/1.1" 200 1229 "-" "Mozilla/5.0 zgrab/0.x"
89.128.192.104 - - [19/May/2017:15:26:52 +0200] "POST / HTTP/1.1" 200 1229 "-" "Mozilla/5.0 (Windows NT 10.0; WOW64; Trident/7.0; rv:11.0) like Gecko"
89.128.192.104 - - [19/May/2017:15:28:52 +0200] "POST / HTTP/1.1" 200 1229 "-" "Mozilla/5.0 (Windows NT 10.0; WOW64; Trident/7.0; rv:11.0) like Gecko"
89.128.192.104 - - [19/May/2017:15:30:52 +0200] "POST / HTTP/1.1" 200 1229 "-" "Mozilla/5.0 (Windows NT 10.0; WOW64; Trident/7.0; rv:11.0) like Gecko"
89.128.192.104 - - [19/May/2017:15:32:52 +0200] "POST / HTTP/1.1" 200 1229 "-" "Mozilla/5.0 (Windows NT 10.0; WOW64; Trident/7.0; rv:11.0) like Gecko"
89.128.192.104 - - [19/May/2017:15:34:52 +0200] "POST / HTTP/1.1" 200 1229 "-" "Mozilla/5.0 (Windows NT 10.0; WOW64; Trident/7.0; rv:11.0) like Gecko"
89.128.192.104 - - [19/May/2017:15:36:52 +0200] "POST / HTTP/1.1" 200 1229 "-" "Mozilla/5.0 (Windows NT 10.0; WOW64; Trident/7.0; rv:11.0) like Gecko"
89.128.192.104 - - [19/May/2017:15:38:52 +0200] "POST / HTTP/1.1" 200 1229 "-" "Mozilla/5.0 (Windows NT 10.0; WOW64; Trident/7.0; rv:11.0) like Gecko"
139.162.124.167 - - [19/May/2017:15:40:14 +0200] "GET / HTTP/1.1" 200 1229 "-" "Mozilla/5.0"
89.128.192.104 - - [19/May/2017:15:40:53 +0200] "POST / HTTP/1.1" 200 1229 "-" "Mozilla/5.0 (Windows NT 10.0; WOW64; Trident/7.0; rv:11.0) like Gecko"
89.128.192.104 - - [19/May/2017:15:42:53 +0200] "POST / HTTP/1.1" 200 1229 "-" "Mozilla/5.0 (Windows NT 10.0; WOW64; Trident/7.0; rv:11.0) like Gecko"
