163.172.68.70 - - [08/May/2017:05:28:34 +0200] "\x16\x03\x01" 501 318 "-" "-"
66.240.205.34 - - [08/May/2017:05:32:54 +0200] "GET / HTTP/1.1" 200 1229 "-" "Mozilla/5.0 (Windows NT 6.1) AppleWebKit/537.36 (KHTML, like Gecko) Chrome/41.0.2228.0 Safari/537.36"
66.240.205.34 - - [08/May/2017:05:32:57 +0200] "GET /robots.txt HTTP/1.1" 404 315 "-" "-"
66.240.205.34 - - [08/May/2017:05:32:59 +0200] "GET /sitemap.xml HTTP/1.1" 404 316 "-" "-"
54.215.133.235 - - [08/May/2017:05:38:11 +0200] "GET / HTTP/1.1" 200 1229 "-" "Mozilla/5.0 (Macintosh; Intel Mac OS X 10_11_5) AppleWebKit/537.36 (KHTML, like Gecko) Chrome/50.0.2661.102 Safari/537.36"
89.248.168.204 - - [08/May/2017:05:43:23 +0200] "GET /muieblackcat HTTP/1.1" 404 317 "-" "-"
89.248.168.204 - - [08/May/2017:05:43:28 +0200] "GET //phpMyAdmin/scripts/setup.php HTTP/1.1" 404 333 "-" "-"
89.248.168.204 - - [08/May/2017:05:43:29 +0200] "GET //phpmyadmin/scripts/setup.php HTTP/1.1" 404 333 "-" "-"
89.248.168.204 - - [08/May/2017:05:43:29 +0200] "GET //pma/scripts/setup.php HTTP/1.1" 404 326 "-" "-"
89.248.168.204 - - [08/May/2017:05:43:29 +0200] "GET //myadmin/scripts/setup.php HTTP/1.1" 404 330 "-" "-"
89.248.168.204 - - [08/May/2017:05:43:29 +0200] "GET //MyAdmin/scripts/setup.php HTTP/1.1" 404 330 "-" "-"
52.77.223.168 - - [08/May/2017:05:48:56 +0200] "GET / HTTP/1.1" 200 1229 "-" "Mozilla/5.0 zgrab/0.x"
54.163.19.250 - - [08/May/2017:06:08:04 +0200] "GET / HTTP/1.1" 200 1229 "-" "Mozilla/5.0 (Macintosh; Intel Mac OS X 10_11_5) AppleWebKit/537.36 (KHTML, like Gecko) Chrome/50.0.2661.102 Safari/537.36"
163.172.68.70 - - [08/May/2017:06:23:11 +0200] "\x16\x03\x01" 501 318 "-" "-"
163.172.68.70 - - [08/May/2017:06:23:22 +0200] "\x16\x03\x01" 501 318 "-" "-"
163.172.68.70 - - [08/May/2017:06:25:17 +0200] "\x16\x03\x01" 501 318 "-" "-"
163.172.68.70 - - [08/May/2017:06:35:42 +0200] "\x16\x03\x01" 501 318 "-" "-"
163.172.68.70 - - [08/May/2017:06:35:52 +0200] "\x16\x03\x01" 501 318 "-" "-"
163.172.68.70 - - [08/May/2017:06:37:48 +0200] "\x16\x03\x01" 501 318 "-" "-"
50.17.57.225 - - [08/May/2017:06:42:44 +0200] "GET / HTTP/1.1" 200 1229 "-" "Mozilla/5.0 (Macintosh; Intel Mac OS X 10_11_5) AppleWebKit/537.36 (KHTML, like Gecko) Chrome/50.0.2661.102 Safari/537.36"
163.172.68.70 - - [08/May/2017:06:47:48 +0200] "GET //admin/ajax.php HTTP/1.1" 404 319 "-" "curl/7.19.7 (x86_64-redhat-linux-gnu) libcurl/7.19.7 NSS/3.21 Basic ECC zlib/1.2.3 libidn/1.18 libssh2/1.4.2"
163.172.68.70 - - [08/May/2017:06:47:54 +0200] "GET //admin/ajax.php HTTP/1.1" 404 319 "-" "curl/7.19.7 (x86_64-redhat-linux-gnu) libcurl/7.19.7 NSS/3.21 Basic ECC zlib/1.2.3 libidn/1.18 libssh2/1.4.2"
163.172.68.70 - - [08/May/2017:06:49:06 +0200] "GET //admin/ajax.php HTTP/1.1" 404 319 "-" "curl/7.19.7 (x86_64-redhat-linux-gnu) libcurl/7.19.7 NSS/3.21 Basic ECC zlib/1.2.3 libidn/1.18 libssh2/1.4.2"
52.77.223.168 - - [08/May/2017:06:49:57 +0200] "GET / HTTP/1.1" 200 1229 "-" "Mozilla/5.0 zgrab/0.x"
163.172.68.70 - - [08/May/2017:06:55:39 +0200] "GET //recordings/theme/main.css HTTP/1.1" 404 330 "-" "curl/7.19.7 (x86_64-redhat-linux-gnu) libcurl/7.19.7 NSS/3.21 Basic ECC zlib/1.2.3 libidn/1.18 libssh2/1.4.2"
163.172.68.70 - - [08/May/2017:06:55:46 +0200] "GET //recordings/theme/main.css HTTP/1.1" 404 330 "-" "curl/7.19.7 (x86_64-redhat-linux-gnu) libcurl/7.19.7 NSS/3.21 Basic ECC zlib/1.2.3 libidn/1.18 libssh2/1.4.2"
163.172.68.70 - - [08/May/2017:06:56:58 +0200] "GET //recordings/theme/main.css HTTP/1.1" 404 330 "-" "curl/7.19.7 (x86_64-redhat-linux-gnu) libcurl/7.19.7 NSS/3.21 Basic ECC zlib/1.2.3 libidn/1.18 libssh2/1.4.2"
54.226.37.50 - - [08/May/2017:07:03:05 +0200] "GET / HTTP/1.1" 200 1229 "-" "Mozilla/5.0 (Macintosh; Intel Mac OS X 10_11_5) AppleWebKit/537.36 (KHTML, like Gecko) Chrome/50.0.2661.102 Safari/537.36"
163.172.68.70 - - [08/May/2017:07:03:56 +0200] "\x16\x03\x01" 501 318 "-" "-"
163.172.68.70 - - [08/May/2017:07:04:06 +0200] "\x16\x03\x01" 501 318 "-" "-"
163.172.68.70 - - [08/May/2017:07:06:02 +0200] "\x16\x03\x01" 501 318 "-" "-"
163.172.68.70 - - [08/May/2017:07:20:27 +0200] "\x16\x03\x01" 501 318 "-" "-"
163.172.68.70 - - [08/May/2017:07:21:31 +0200] "\x16\x03\x01" 501 318 "-" "-"
163.172.68.70 - - [08/May/2017:07:22:07 +0200] "\x16\x03\x01" 501 318 "-" "-"
163.172.68.70 - - [08/May/2017:07:22:14 +0200] "\x16\x03\x01" 501 318 "-" "-"
54.149.99.181 - - [08/May/2017:07:23:50 +0200] "GET / HTTP/1.1" 200 1229 "-" "Mozilla/5.0 (Macintosh; Intel Mac OS X 10_11_5) AppleWebKit/537.36 (KHTML, like Gecko) Chrome/50.0.2661.102 Safari/537.36"
54.149.99.181 - - [08/May/2017:07:26:27 +0200] "GET / HTTP/1.1" 200 1229 "-" "Mozilla/5.0 (Macintosh; Intel Mac OS X 10_11_5) AppleWebKit/537.36 (KHTML, like Gecko) Chrome/50.0.2661.102 Safari/537.36"
163.172.68.70 - - [08/May/2017:07:49:23 +0200] "\x16\x03\x01" 501 318 "-" "-"
163.172.68.70 - - [08/May/2017:08:01:53 +0200] "\x16\x03\x01" 501 318 "-" "-"
163.172.68.70 - - [08/May/2017:08:09:52 +0200] "GET //admin/ajax.php HTTP/1.1" 404 319 "-" "curl/7.19.7 (x86_64-redhat-linux-gnu) libcurl/7.19.7 NSS/3.21 Basic ECC zlib/1.2.3 libidn/1.18 libssh2/1.4.2"
163.172.68.70 - - [08/May/2017:08:17:48 +0200] "GET //recordings/theme/main.css HTTP/1.1" 404 330 "-" "curl/7.19.7 (x86_64-redhat-linux-gnu) libcurl/7.19.7 NSS/3.21 Basic ECC zlib/1.2.3 libidn/1.18 libssh2/1.4.2"
163.172.68.70 - - [08/May/2017:08:30:13 +0200] "\x16\x03\x01" 501 318 "-" "-"
139.162.119.197 - - [08/May/2017:08:53:03 +0200] "GET / HTTP/1.1" 200 1229 "-" "Mozilla/5.0 (Windows NT 10.0; WOW64) AppleWebKit/537.36 (KHTML, like Gecko) Chrome/50.0.2661.102 Safari/537.36"
163.172.68.70 - - [08/May/2017:09:24:54 +0200] "\x16\x03\x01" 501 318 "-" "-"
163.172.68.70 - - [08/May/2017:09:25:04 +0200] "\x16\x03\x01" 501 318 "-" "-"
163.172.68.70 - - [08/May/2017:09:27:01 +0200] "\x16\x03\x01" 501 318 "-" "-"
163.172.68.70 - - [08/May/2017:09:37:26 +0200] "\x16\x03\x01" 501 318 "-" "-"
163.172.68.70 - - [08/May/2017:09:37:36 +0200] "\x16\x03\x01" 501 318 "-" "-"
163.172.68.70 - - [08/May/2017:09:39:32 +0200] "\x16\x03\x01" 501 318 "-" "-"
163.172.68.70 - - [08/May/2017:09:49:32 +0200] "GET //admin/ajax.php HTTP/1.1" 404 319 "-" "curl/7.19.7 (x86_64-redhat-linux-gnu) libcurl/7.19.7 NSS/3.21 Basic ECC zlib/1.2.3 libidn/1.18 libssh2/1.4.2"
163.172.68.70 - - [08/May/2017:09:49:38 +0200] "GET //admin/ajax.php HTTP/1.1" 404 319 "-" "curl/7.19.7 (x86_64-redhat-linux-gnu) libcurl/7.19.7 NSS/3.21 Basic ECC zlib/1.2.3 libidn/1.18 libssh2/1.4.2"
54.169.236.254 - - [08/May/2017:09:50:51 +0200] "GET / HTTP/1.1" 200 1229 "-" "Mozilla/5.0 zgrab/0.x"
163.172.68.70 - - [08/May/2017:09:50:51 +0200] "GET //admin/ajax.php HTTP/1.1" 404 319 "-" "curl/7.19.7 (x86_64-redhat-linux-gnu) libcurl/7.19.7 NSS/3.21 Basic ECC zlib/1.2.3 libidn/1.18 libssh2/1.4.2"
163.172.68.70 - - [08/May/2017:09:57:28 +0200] "GET //recordings/theme/main.css HTTP/1.1" 404 330 "-" "curl/7.19.7 (x86_64-redhat-linux-gnu) libcurl/7.19.7 NSS/3.21 Basic ECC zlib/1.2.3 libidn/1.18 libssh2/1.4.2"
163.172.68.70 - - [08/May/2017:09:57:34 +0200] "GET //recordings/theme/main.css HTTP/1.1" 404 330 "-" "curl/7.19.7 (x86_64-redhat-linux-gnu) libcurl/7.19.7 NSS/3.21 Basic ECC zlib/1.2.3 libidn/1.18 libssh2/1.4.2"
163.172.68.70 - - [08/May/2017:09:58:47 +0200] "GET //recordings/theme/main.css HTTP/1.1" 404 330 "-" "curl/7.19.7 (x86_64-redhat-linux-gnu) libcurl/7.19.7 NSS/3.21 Basic ECC zlib/1.2.3 libidn/1.18 libssh2/1.4.2"
163.172.68.70 - - [08/May/2017:10:05:48 +0200] "\x16\x03\x01" 501 318 "-" "-"
163.172.68.70 - - [08/May/2017:10:05:58 +0200] "\x16\x03\x01" 501 318 "-" "-"
163.172.68.70 - - [08/May/2017:10:07:53 +0200] "\x16\x03\x01" 501 318 "-" "-"
163.172.68.70 - - [08/May/2017:10:22:19 +0200] "\x16\x03\x01" 501 318 "-" "-"
163.172.68.70 - - [08/May/2017:10:23:23 +0200] "\x16\x03\x01" 501 318 "-" "-"
163.172.68.70 - - [08/May/2017:10:23:59 +0200] "\x16\x03\x01" 501 318 "-" "-"
163.172.68.70 - - [08/May/2017:10:24:06 +0200] "\x16\x03\x01" 501 318 "-" "-"
80.82.64.21 - - [08/May/2017:10:30:24 +0200] "GET /w00tw00t.at.blackhats.romanian.anti-sec:) HTTP/1.1" 404 346 "-" "ZmEu"
80.82.64.21 - - [08/May/2017:10:30:24 +0200] "GET /phpMyAdmin/scripts/setup.php HTTP/1.1" 404 333 "-" "ZmEu"
80.82.64.21 - - [08/May/2017:10:30:24 +0200] "GET /phpmyadmin/scripts/setup.php HTTP/1.1" 404 333 "-" "ZmEu"
80.82.64.21 - - [08/May/2017:10:30:24 +0200] "GET /myadmin/scripts/setup.php HTTP/1.1" 404 330 "-" "ZmEu"
80.82.64.21 - - [08/May/2017:10:30:24 +0200] "GET /scripts/setup.php HTTP/1.1" 404 322 "-" "ZmEu"
163.172.68.70 - - [08/May/2017:10:34:47 +0200] "\x16\x03\x01" 501 318 "-" "-"
163.172.68.70 - - [08/May/2017:10:35:51 +0200] "\x16\x03\x01" 501 318 "-" "-"
163.172.68.70 - - [08/May/2017:10:36:28 +0200] "\x16\x03\x01" 501 318 "-" "-"
163.172.68.70 - - [08/May/2017:10:36:34 +0200] "\x16\x03\x01" 501 318 "-" "-"
163.172.68.70 - - [08/May/2017:10:45:25 +0200] "GET //admin/ajax.php HTTP/1.1" 404 319 "-" "curl/7.19.7 (x86_64-redhat-linux-gnu) libcurl/7.19.7 NSS/3.21 Basic ECC zlib/1.2.3 libidn/1.18 libssh2/1.4.2"
163.172.68.70 - - [08/May/2017:10:46:06 +0200] "GET //admin/ajax.php HTTP/1.1" 404 319 "-" "curl/7.19.7 (x86_64-redhat-linux-gnu) libcurl/7.19.7 NSS/3.21 Basic ECC zlib/1.2.3 libidn/1.18 libssh2/1.4.2"
163.172.68.70 - - [08/May/2017:10:46:29 +0200] "GET //admin/ajax.php HTTP/1.1" 404 319 "-" "curl/7.19.7 (x86_64-redhat-linux-gnu) libcurl/7.19.7 NSS/3.21 Basic ECC zlib/1.2.3 libidn/1.18 libssh2/1.4.2"
163.172.68.70 - - [08/May/2017:10:46:33 +0200] "GET //admin/ajax.php HTTP/1.1" 404 319 "-" "curl/7.19.7 (x86_64-redhat-linux-gnu) libcurl/7.19.7 NSS/3.21 Basic ECC zlib/1.2.3 libidn/1.18 libssh2/1.4.2"
163.172.68.70 - - [08/May/2017:10:53:22 +0200] "GET //recordings/theme/main.css HTTP/1.1" 404 330 "-" "curl/7.19.7 (x86_64-redhat-linux-gnu) libcurl/7.19.7 NSS/3.21 Basic ECC zlib/1.2.3 libidn/1.18 libssh2/1.4.2"
163.172.68.70 - - [08/May/2017:10:54:02 +0200] "GET //recordings/theme/main.css HTTP/1.1" 404 330 "-" "curl/7.19.7 (x86_64-redhat-linux-gnu) libcurl/7.19.7 NSS/3.21 Basic ECC zlib/1.2.3 libidn/1.18 libssh2/1.4.2"
163.172.68.70 - - [08/May/2017:10:54:26 +0200] "GET //recordings/theme/main.css HTTP/1.1" 404 330 "-" "curl/7.19.7 (x86_64-redhat-linux-gnu) libcurl/7.19.7 NSS/3.21 Basic ECC zlib/1.2.3 libidn/1.18 libssh2/1.4.2"
163.172.68.70 - - [08/May/2017:10:54:30 +0200] "GET //recordings/theme/main.css HTTP/1.1" 404 330 "-" "curl/7.19.7 (x86_64-redhat-linux-gnu) libcurl/7.19.7 NSS/3.21 Basic ECC zlib/1.2.3 libidn/1.18 libssh2/1.4.2"
163.172.68.70 - - [08/May/2017:11:03:10 +0200] "\x16\x03\x01" 501 318 "-" "-"
163.172.68.70 - - [08/May/2017:11:04:14 +0200] "\x16\x03\x01" 501 318 "-" "-"
163.172.68.70 - - [08/May/2017:11:04:50 +0200] "\x16\x03\x01" 501 318 "-" "-"
163.172.68.70 - - [08/May/2017:11:04:57 +0200] "\x16\x03\x01" 501 318 "-" "-"
169.54.233.124 - - [08/May/2017:11:05:17 +0200] "GET / HTTP/1.0" 200 1229 "-" "Mozilla/5.0 (Windows NT 6.1; rv:31.0) Gecko/20100101 Firefox/31.0"
104.148.75.83 - - [08/May/2017:11:14:48 +0200] "GET / HTTP/1.1" 200 1229 "-" "Mozilla/4.0 (compatible; MSIE 8.0; Windows NT 6.1; Trident/4.0; SLCC2; .NET CLR 2.0.50727; .NET CLR 3.5.30729; .NET CLR 3.0.30729; Media Center PC 6.0)"
104.148.75.83 - - [08/May/2017:11:16:11 +0200] "GET / HTTP/1.1" 200 1229 "-" "Mozilla/4.0 (compatible; MSIE 8.0; Windows NT 6.1; Trident/4.0; SLCC2; .NET CLR 2.0.50727; .NET CLR 3.5.30729; .NET CLR 3.0.30729; Media Center PC 6.0)"
80.82.64.21 - - [08/May/2017:11:18:20 +0200] "GET /w00tw00t.at.blackhats.romanian.anti-sec:) HTTP/1.1" 404 346 "-" "ZmEu"
80.82.64.21 - - [08/May/2017:11:18:20 +0200] "GET /phpMyAdmin/scripts/setup.php HTTP/1.1" 404 333 "-" "ZmEu"
80.82.64.21 - - [08/May/2017:11:18:20 +0200] "GET /phpmyadmin/scripts/setup.php HTTP/1.1" 404 333 "-" "ZmEu"
80.82.64.21 - - [08/May/2017:11:18:20 +0200] "GET /myadmin/scripts/setup.php HTTP/1.1" 404 330 "-" "ZmEu"
80.82.64.21 - - [08/May/2017:11:18:20 +0200] "GET /scripts/setup.php HTTP/1.1" 404 322 "-" "ZmEu"
104.148.75.58 - - [08/May/2017:11:19:05 +0200] "GET / HTTP/1.1" 200 1229 "-" "Mozilla/4.0 (compatible; MSIE 8.0; Windows NT 6.1; Trident/4.0; SLCC2; .NET CLR 2.0.50727; .NET CLR 3.5.30729; .NET CLR 3.0.30729; Media Center PC 6.0)"
104.148.75.12 - - [08/May/2017:11:21:13 +0200] "GET / HTTP/1.1" 200 1229 "-" "Mozilla/4.0 (compatible; MSIE 8.0; Windows NT 6.1; Trident/4.0; SLCC2; .NET CLR 2.0.50727; .NET CLR 3.5.30729; .NET CLR 3.0.30729; Media Center PC 6.0)"
23.247.72.51 - - [08/May/2017:11:23:01 +0200] "GET / HTTP/1.1" 200 1229 "-" "Mozilla/4.0 (compatible; MSIE 8.0; Windows NT 6.1; Trident/4.0; SLCC2; .NET CLR 2.0.50727; .NET CLR 3.5.30729; .NET CLR 3.0.30729; Media Center PC 6.0)"
23.247.72.11 - - [08/May/2017:11:29:11 +0200] "GET / HTTP/1.1" 200 1229 "-" "Mozilla/4.0 (compatible; MSIE 8.0; Windows NT 6.1; Trident/4.0; SLCC2; .NET CLR 2.0.50727; .NET CLR 3.5.30729; .NET CLR 3.0.30729; Media Center PC 6.0)"
77.0.81.233 - - [08/May/2017:11:32:00 +0200] "GET / HTTP/1.1" 200 1229 "-" "Mozilla/5.0 (Windows NT 10.0; WOW64) AppleWebKit/537.36 (KHTML, like Gecko) Chrome/56.0.2924.87 Safari/537.36"
206.253.224.14 - - [08/May/2017:11:33:10 +0200] "GET /robots.txt HTTP/1.1" 404 315 "-" "Mozilla/5.0 (compatible; oBot/2.3.1; http://filterdb.iss.net/crawler/)"
206.253.224.14 - - [08/May/2017:11:33:10 +0200] "HEAD / HTTP/1.1" 200 - "-" "Mozilla/5.0 (compatible; oBot/2.3.1; http://filterdb.iss.net/crawler/)"
104.223.203.195 - - [08/May/2017:11:33:44 +0200] "GET / HTTP/1.1" 200 1229 "-" "Mozilla/4.0 (compatible; MSIE 8.0; Windows NT 6.1; Trident/4.0; SLCC2; .NET CLR 2.0.50727; .NET CLR 3.5.30729; .NET CLR 3.0.30729; Media Center PC 6.0)"
107.179.117.187 - - [08/May/2017:11:42:45 +0200] "GET / HTTP/1.1" 200 1229 "-" "Mozilla/4.0 (compatible; MSIE 8.0; Windows NT 6.1; Trident/4.0; SLCC2; .NET CLR 2.0.50727; .NET CLR 3.5.30729; .NET CLR 3.0.30729; Media Center PC 6.0)"
88.0.139.157 - - [08/May/2017:11:43:42 +0200] "POST / HTTP/1.1" 200 1229 "-" "Mozilla/5.0 (Windows NT 10.0; Trident/7.0; Touch; rv:11.0) like Gecko"
104.223.203.211 - - [08/May/2017:11:45:28 +0200] "GET / HTTP/1.1" 200 1229 "-" "Mozilla/4.0 (compatible; MSIE 8.0; Windows NT 6.1; Trident/4.0; SLCC2; .NET CLR 2.0.50727; .NET CLR 3.5.30729; .NET CLR 3.0.30729; Media Center PC 6.0)"
88.0.139.157 - - [08/May/2017:11:45:43 +0200] "POST / HTTP/1.1" 200 1229 "-" "Mozilla/5.0 (Windows NT 10.0; Trident/7.0; Touch; rv:11.0) like Gecko"
88.0.139.157 - - [08/May/2017:11:47:44 +0200] "POST / HTTP/1.1" 200 1229 "-" "Mozilla/5.0 (Windows NT 10.0; Trident/7.0; Touch; rv:11.0) like Gecko"
23.247.72.91 - - [08/May/2017:11:48:30 +0200] "GET / HTTP/1.1" 200 1229 "-" "Mozilla/4.0 (compatible; MSIE 8.0; Windows NT 6.1; Trident/4.0; SLCC2; .NET CLR 2.0.50727; .NET CLR 3.5.30729; .NET CLR 3.0.30729; Media Center PC 6.0)"
88.0.139.157 - - [08/May/2017:11:49:44 +0200] "POST / HTTP/1.1" 200 1229 "-" "Mozilla/5.0 (Windows NT 10.0; Trident/7.0; Touch; rv:11.0) like Gecko"
88.0.139.157 - - [08/May/2017:11:51:44 +0200] "POST / HTTP/1.1" 200 1229 "-" "Mozilla/5.0 (Windows NT 10.0; Trident/7.0; Touch; rv:11.0) like Gecko"
88.0.139.157 - - [08/May/2017:11:53:45 +0200] "POST / HTTP/1.1" 200 1229 "-" "Mozilla/5.0 (Windows NT 10.0; Trident/7.0; Touch; rv:11.0) like Gecko"
88.0.139.157 - - [08/May/2017:11:55:45 +0200] "POST / HTTP/1.1" 200 1229 "-" "Mozilla/5.0 (Windows NT 10.0; Trident/7.0; Touch; rv:11.0) like Gecko"
88.0.139.157 - - [08/May/2017:11:57:45 +0200] "POST / HTTP/1.1" 200 1229 "-" "Mozilla/5.0 (Windows NT 10.0; Trident/7.0; Touch; rv:11.0) like Gecko"
88.0.139.157 - - [08/May/2017:11:59:46 +0200] "POST / HTTP/1.1" 200 1229 "-" "Mozilla/5.0 (Windows NT 10.0; Trident/7.0; Touch; rv:11.0) like Gecko"
88.0.139.157 - - [08/May/2017:12:01:46 +0200] "POST / HTTP/1.1" 200 1229 "-" "Mozilla/5.0 (Windows NT 10.0; Trident/7.0; Touch; rv:11.0) like Gecko"
88.0.139.157 - - [08/May/2017:12:03:46 +0200] "POST / HTTP/1.1" 200 1229 "-" "Mozilla/5.0 (Windows NT 10.0; Trident/7.0; Touch; rv:11.0) like Gecko"
88.0.139.157 - - [08/May/2017:12:05:46 +0200] "POST / HTTP/1.1" 200 1229 "-" "Mozilla/5.0 (Windows NT 10.0; Trident/7.0; Touch; rv:11.0) like Gecko"
88.0.139.157 - - [08/May/2017:12:07:47 +0200] "POST / HTTP/1.1" 200 1229 "-" "Mozilla/5.0 (Windows NT 10.0; Trident/7.0; Touch; rv:11.0) like Gecko"
88.0.139.157 - - [08/May/2017:12:09:47 +0200] "POST / HTTP/1.1" 200 1229 "-" "Mozilla/5.0 (Windows NT 10.0; Trident/7.0; Touch; rv:11.0) like Gecko"
88.0.139.157 - - [08/May/2017:12:11:47 +0200] "POST / HTTP/1.1" 200 1229 "-" "Mozilla/5.0 (Windows NT 10.0; Trident/7.0; Touch; rv:11.0) like Gecko"
88.0.139.157 - - [08/May/2017:12:13:48 +0200] "POST / HTTP/1.1" 200 1229 "-" "Mozilla/5.0 (Windows NT 10.0; Trident/7.0; Touch; rv:11.0) like Gecko"
163.172.68.70 - - [08/May/2017:12:14:56 +0200] "\x16\x03\x01" 501 318 "-" "-"
88.0.139.157 - - [08/May/2017:12:15:48 +0200] "POST / HTTP/1.1" 200 1229 "-" "Mozilla/5.0 (Windows NT 10.0; Trident/7.0; Touch; rv:11.0) like Gecko"
88.0.139.157 - - [08/May/2017:12:17:49 +0200] "POST / HTTP/1.1" 200 1229 "-" "Mozilla/5.0 (Windows NT 10.0; Trident/7.0; Touch; rv:11.0) like Gecko"
88.0.139.157 - - [08/May/2017:12:19:49 +0200] "POST / HTTP/1.1" 200 1229 "-" "Mozilla/5.0 (Windows NT 10.0; Trident/7.0; Touch; rv:11.0) like Gecko"
88.0.139.157 - - [08/May/2017:12:21:50 +0200] "POST / HTTP/1.1" 200 1229 "-" "Mozilla/5.0 (Windows NT 10.0; Trident/7.0; Touch; rv:11.0) like Gecko"
77.0.81.233 - - [08/May/2017:12:23:22 +0200] "GET / HTTP/1.1" 200 1229 "-" "Mozilla/5.0 (Windows NT 10.0; WOW64) AppleWebKit/537.36 (KHTML, like Gecko) Chrome/56.0.2924.87 Safari/537.36"
88.0.139.157 - - [08/May/2017:12:23:50 +0200] "POST / HTTP/1.1" 200 1229 "-" "Mozilla/5.0 (Windows NT 10.0; Trident/7.0; Touch; rv:11.0) like Gecko"
88.0.139.157 - - [08/May/2017:12:25:50 +0200] "POST / HTTP/1.1" 200 1229 "-" "Mozilla/5.0 (Windows NT 10.0; Trident/7.0; Touch; rv:11.0) like Gecko"
163.172.68.70 - - [08/May/2017:12:27:30 +0200] "\x16\x03\x01" 501 318 "-" "-"
88.0.139.157 - - [08/May/2017:12:27:51 +0200] "POST / HTTP/1.1" 200 1229 "-" "Mozilla/5.0 (Windows NT 10.0; Trident/7.0; Touch; rv:11.0) like Gecko"
88.0.139.157 - - [08/May/2017:12:29:51 +0200] "POST / HTTP/1.1" 200 1229 "-" "Mozilla/5.0 (Windows NT 10.0; Trident/7.0; Touch; rv:11.0) like Gecko"
88.0.139.157 - - [08/May/2017:12:31:52 +0200] "POST / HTTP/1.1" 200 1229 "-" "Mozilla/5.0 (Windows NT 10.0; Trident/7.0; Touch; rv:11.0) like Gecko"
88.0.139.157 - - [08/May/2017:12:33:52 +0200] "POST / HTTP/1.1" 200 1229 "-" "Mozilla/5.0 (Windows NT 10.0; Trident/7.0; Touch; rv:11.0) like Gecko"
88.0.139.157 - - [08/May/2017:12:35:52 +0200] "POST / HTTP/1.1" 200 1229 "-" "Mozilla/5.0 (Windows NT 10.0; Trident/7.0; Touch; rv:11.0) like Gecko"
163.172.68.70 - - [08/May/2017:12:36:05 +0200] "GET //admin/ajax.php HTTP/1.1" 404 319 "-" "curl/7.19.7 (x86_64-redhat-linux-gnu) libcurl/7.19.7 NSS/3.21 Basic ECC zlib/1.2.3 libidn/1.18 libssh2/1.4.2"
88.0.139.157 - - [08/May/2017:12:37:52 +0200] "POST / HTTP/1.1" 200 1229 "-" "Mozilla/5.0 (Windows NT 10.0; Trident/7.0; Touch; rv:11.0) like Gecko"
88.0.139.157 - - [08/May/2017:12:39:53 +0200] "POST / HTTP/1.1" 200 1229 "-" "Mozilla/5.0 (Windows NT 10.0; Trident/7.0; Touch; rv:11.0) like Gecko"
88.0.139.157 - - [08/May/2017:12:41:53 +0200] "POST / HTTP/1.1" 200 1229 "-" "Mozilla/5.0 (Windows NT 10.0; Trident/7.0; Touch; rv:11.0) like Gecko"
199.58.86.211 - - [08/May/2017:12:43:07 +0200] "GET /buildingtechnologies/robots.txt HTTP/1.0" 404 346 "-" "Mozilla/5.0 (compatible; MJ12bot/v1.4.8; http://mj12bot.com/)"
88.0.139.157 - - [08/May/2017:12:43:53 +0200] "POST / HTTP/1.1" 200 1229 "-" "Mozilla/5.0 (Windows NT 10.0; Trident/7.0; Touch; rv:11.0) like Gecko"
163.172.68.70 - - [08/May/2017:12:44:02 +0200] "GET //recordings/theme/main.css HTTP/1.1" 404 330 "-" "curl/7.19.7 (x86_64-redhat-linux-gnu) libcurl/7.19.7 NSS/3.21 Basic ECC zlib/1.2.3 libidn/1.18 libssh2/1.4.2"
88.0.139.157 - - [08/May/2017:12:45:54 +0200] "POST / HTTP/1.1" 200 1229 "-" "Mozilla/5.0 (Windows NT 10.0; Trident/7.0; Touch; rv:11.0) like Gecko"
88.0.139.157 - - [08/May/2017:12:47:54 +0200] "POST / HTTP/1.1" 200 1229 "-" "Mozilla/5.0 (Windows NT 10.0; Trident/7.0; Touch; rv:11.0) like Gecko"
88.0.139.157 - - [08/May/2017:12:49:54 +0200] "POST / HTTP/1.1" 200 1229 "-" "Mozilla/5.0 (Windows NT 10.0; Trident/7.0; Touch; rv:11.0) like Gecko"
88.0.139.157 - - [08/May/2017:12:51:54 +0200] "POST / HTTP/1.1" 200 1229 "-" "Mozilla/5.0 (Windows NT 10.0; Trident/7.0; Touch; rv:11.0) like Gecko"
88.0.139.157 - - [08/May/2017:12:53:55 +0200] "POST / HTTP/1.1" 200 1229 "-" "Mozilla/5.0 (Windows NT 10.0; Trident/7.0; Touch; rv:11.0) like Gecko"
88.0.139.157 - - [08/May/2017:12:55:55 +0200] "POST / HTTP/1.1" 200 1229 "-" "Mozilla/5.0 (Windows NT 10.0; Trident/7.0; Touch; rv:11.0) like Gecko"
163.172.68.70 - - [08/May/2017:12:55:57 +0200] "\x16\x03\x01" 501 318 "-" "-"
88.0.139.157 - - [08/May/2017:12:57:55 +0200] "POST / HTTP/1.1" 200 1229 "-" "Mozilla/5.0 (Windows NT 10.0; Trident/7.0; Touch; rv:11.0) like Gecko"
163.172.68.70 - - [08/May/2017:12:59:25 +0200] "\x16\x03\x01" 501 318 "-" "-"
88.0.139.157 - - [08/May/2017:12:59:56 +0200] "POST / HTTP/1.1" 200 1229 "-" "Mozilla/5.0 (Windows NT 10.0; Trident/7.0; Touch; rv:11.0) like Gecko"
88.0.139.157 - - [08/May/2017:13:01:56 +0200] "POST / HTTP/1.1" 200 1229 "-" "Mozilla/5.0 (Windows NT 10.0; Trident/7.0; Touch; rv:11.0) like Gecko"
88.0.139.157 - - [08/May/2017:13:03:56 +0200] "POST / HTTP/1.1" 200 1229 "-" "Mozilla/5.0 (Windows NT 10.0; Trident/7.0; Touch; rv:11.0) like Gecko"
88.0.139.157 - - [08/May/2017:13:05:57 +0200] "POST / HTTP/1.1" 200 1229 "-" "Mozilla/5.0 (Windows NT 10.0; Trident/7.0; Touch; rv:11.0) like Gecko"
88.0.139.157 - - [08/May/2017:13:07:57 +0200] "POST / HTTP/1.1" 200 1229 "-" "Mozilla/5.0 (Windows NT 10.0; Trident/7.0; Touch; rv:11.0) like Gecko"
88.0.139.157 - - [08/May/2017:13:09:57 +0200] "POST / HTTP/1.1" 200 1229 "-" "Mozilla/5.0 (Windows NT 10.0; Trident/7.0; Touch; rv:11.0) like Gecko"
163.172.68.70 - - [08/May/2017:13:11:57 +0200] "\x16\x03\x01" 501 318 "-" "-"
88.0.139.157 - - [08/May/2017:13:11:57 +0200] "POST / HTTP/1.1" 200 1229 "-" "Mozilla/5.0 (Windows NT 10.0; Trident/7.0; Touch; rv:11.0) like Gecko"
120.55.64.90 - - [08/May/2017:13:12:48 +0200] "GET /phpMyAdmin/scripts/setup.php HTTP/1.1" 404 333 "-" "-"
88.0.139.157 - - [08/May/2017:13:13:58 +0200] "POST / HTTP/1.1" 200 1229 "-" "Mozilla/5.0 (Windows NT 10.0; Trident/7.0; Touch; rv:11.0) like Gecko"
120.55.64.90 - - [08/May/2017:13:14:06 +0200] "GET /pma/scripts/setup.php HTTP/1.1" 404 326 "-" "-"
120.55.64.90 - - [08/May/2017:13:15:25 +0200] "GET /myadmin/scripts/setup.php HTTP/1.1" 404 330 "-" "-"
88.0.139.157 - - [08/May/2017:13:20:38 +0200] "POST / HTTP/1.1" 200 1229 "-" "Mozilla/5.0 (Windows NT 10.0; Trident/7.0; Touch; rv:11.0) like Gecko"
88.0.139.157 - - [08/May/2017:13:22:38 +0200] "POST / HTTP/1.1" 200 1229 "-" "Mozilla/5.0 (Windows NT 10.0; Trident/7.0; Touch; rv:11.0) like Gecko"
163.172.68.70 - - [08/May/2017:13:24:00 +0200] "GET //admin/ajax.php HTTP/1.1" 404 319 "-" "curl/7.19.7 (x86_64-redhat-linux-gnu) libcurl/7.19.7 NSS/3.21 Basic ECC zlib/1.2.3 libidn/1.18 libssh2/1.4.2"
88.0.139.157 - - [08/May/2017:13:24:39 +0200] "POST / HTTP/1.1" 200 1229 "-" "Mozilla/5.0 (Windows NT 10.0; Trident/7.0; Touch; rv:11.0) like Gecko"
88.0.139.157 - - [08/May/2017:13:26:39 +0200] "POST / HTTP/1.1" 200 1229 "-" "Mozilla/5.0 (Windows NT 10.0; Trident/7.0; Touch; rv:11.0) like Gecko"
88.0.139.157 - - [08/May/2017:13:28:39 +0200] "POST / HTTP/1.1" 200 1229 "-" "Mozilla/5.0 (Windows NT 10.0; Trident/7.0; Touch; rv:11.0) like Gecko"
88.0.139.157 - - [08/May/2017:13:30:40 +0200] "POST / HTTP/1.1" 200 1229 "-" "Mozilla/5.0 (Windows NT 10.0; Trident/7.0; Touch; rv:11.0) like Gecko"
163.172.68.70 - - [08/May/2017:13:31:57 +0200] "GET //recordings/theme/main.css HTTP/1.1" 404 330 "-" "curl/7.19.7 (x86_64-redhat-linux-gnu) libcurl/7.19.7 NSS/3.21 Basic ECC zlib/1.2.3 libidn/1.18 libssh2/1.4.2"
88.0.139.157 - - [08/May/2017:13:32:40 +0200] "POST / HTTP/1.1" 200 1229 "-" "Mozilla/5.0 (Windows NT 10.0; Trident/7.0; Touch; rv:11.0) like Gecko"
88.0.139.157 - - [08/May/2017:13:34:40 +0200] "POST / HTTP/1.1" 200 1229 "-" "Mozilla/5.0 (Windows NT 10.0; Trident/7.0; Touch; rv:11.0) like Gecko"
88.0.139.157 - - [08/May/2017:13:36:40 +0200] "POST / HTTP/1.1" 200 1229 "-" "Mozilla/5.0 (Windows NT 10.0; Trident/7.0; Touch; rv:11.0) like Gecko"
88.0.139.157 - - [08/May/2017:13:38:41 +0200] "POST / HTTP/1.1" 200 1229 "-" "Mozilla/5.0 (Windows NT 10.0; Trident/7.0; Touch; rv:11.0) like Gecko"
163.172.68.70 - - [08/May/2017:13:40:32 +0200] "\x16\x03\x01" 501 318 "-" "-"
88.0.139.157 - - [08/May/2017:13:40:41 +0200] "POST / HTTP/1.1" 200 1229 "-" "Mozilla/5.0 (Windows NT 10.0; Trident/7.0; Touch; rv:11.0) like Gecko"
88.0.139.157 - - [08/May/2017:13:42:41 +0200] "POST / HTTP/1.1" 200 1229 "-" "Mozilla/5.0 (Windows NT 10.0; Trident/7.0; Touch; rv:11.0) like Gecko"
88.0.139.157 - - [08/May/2017:13:44:42 +0200] "POST / HTTP/1.1" 200 1229 "-" "Mozilla/5.0 (Windows NT 10.0; Trident/7.0; Touch; rv:11.0) like Gecko"
88.0.139.157 - - [08/May/2017:13:46:42 +0200] "POST / HTTP/1.1" 200 1229 "-" "Mozilla/5.0 (Windows NT 10.0; Trident/7.0; Touch; rv:11.0) like Gecko"
66.240.205.34 - - [08/May/2017:13:47:35 +0200] "GET / HTTP/1.1" 200 1229 "-" "Mozilla/5.0 (Windows NT 6.1) AppleWebKit/537.36 (KHTML, like Gecko) Chrome/41.0.2228.0 Safari/537.36"
66.240.205.34 - - [08/May/2017:13:47:37 +0200] "GET /robots.txt HTTP/1.1" 404 315 "-" "-"
66.240.205.34 - - [08/May/2017:13:47:38 +0200] "GET /sitemap.xml HTTP/1.1" 404 316 "-" "-"
88.0.139.157 - - [08/May/2017:13:48:42 +0200] "POST / HTTP/1.1" 200 1229 "-" "Mozilla/5.0 (Windows NT 10.0; Trident/7.0; Touch; rv:11.0) like Gecko"
109.234.35.57 - - [08/May/2017:14:11:39 +0200] "GET / HTTP/1.1" 200 1229 "-" "Mozilla/5.0 (Linux; U; Android 4.2.2; en-us; A1-810 Build/JDQ39) AppleWebKit/534.30 (KHTML, like Gecko) Version/4.0 Safari/534.30"
61.240.145.3 - - [08/May/2017:14:20:14 +0200] "GET / HTTP/1.1" 200 1229 "-" "Mozilla/4.0 (compatible; MSIE 5.5; Windows NT)"
213.65.93.168 - - [08/May/2017:14:22:18 +0200] "GET / HTTP/1.0" 200 1229 "-" "-"
88.0.139.157 - - [08/May/2017:14:24:16 +0200] "POST / HTTP/1.1" 200 1229 "-" "Mozilla/5.0 (Windows NT 10.0; Trident/7.0; Touch; rv:11.0) like Gecko"
109.234.35.57 - - [08/May/2017:14:26:05 +0200] "GET / HTTP/1.1" 200 1229 "-" "Mozilla/5.0 (Linux; U; Android 4.2.2; en-us; A1-810 Build/JDQ39) AppleWebKit/534.30 (KHTML, like Gecko) Version/4.0 Safari/534.30"
88.0.139.157 - - [08/May/2017:14:26:16 +0200] "POST / HTTP/1.1" 200 1229 "-" "Mozilla/5.0 (Windows NT 10.0; Trident/7.0; Touch; rv:11.0) like Gecko"
88.0.139.157 - - [08/May/2017:14:28:17 +0200] "POST / HTTP/1.1" 200 1229 "-" "Mozilla/5.0 (Windows NT 10.0; Trident/7.0; Touch; rv:11.0) like Gecko"
88.0.139.157 - - [08/May/2017:14:30:17 +0200] "POST / HTTP/1.1" 200 1229 "-" "Mozilla/5.0 (Windows NT 10.0; Trident/7.0; Touch; rv:11.0) like Gecko"
61.240.145.5 - - [08/May/2017:14:30:31 +0200] "GET / HTTP/1.1" 200 1229 "-" "Mozilla/4.0 (compatible; MSIE 5.5; Windows NT)"
109.234.35.57 - - [08/May/2017:14:30:55 +0200] "GET / HTTP/1.1" 200 1229 "-" "Mozilla/5.0 (Linux; U; Android 4.2.2; en-us; A1-810 Build/JDQ39) AppleWebKit/534.30 (KHTML, like Gecko) Version/4.0 Safari/534.30"
88.0.139.157 - - [08/May/2017:14:32:17 +0200] "POST / HTTP/1.1" 200 1229 "-" "Mozilla/5.0 (Windows NT 10.0; Trident/7.0; Touch; rv:11.0) like Gecko"
88.0.139.157 - - [08/May/2017:14:34:18 +0200] "POST / HTTP/1.1" 200 1229 "-" "Mozilla/5.0 (Windows NT 10.0; Trident/7.0; Touch; rv:11.0) like Gecko"
61.240.145.3 - - [08/May/2017:14:35:49 +0200] "GET / HTTP/1.1" 200 1229 "-" "Mozilla/4.0 (compatible; MSIE 5.5; Windows NT)"
88.0.139.157 - - [08/May/2017:14:36:18 +0200] "POST / HTTP/1.1" 200 1229 "-" "Mozilla/5.0 (Windows NT 10.0; Trident/7.0; Touch; rv:11.0) like Gecko"
88.0.139.157 - - [08/May/2017:14:38:18 +0200] "POST / HTTP/1.1" 200 1229 "-" "Mozilla/5.0 (Windows NT 10.0; Trident/7.0; Touch; rv:11.0) like Gecko"
88.0.139.157 - - [08/May/2017:14:40:19 +0200] "POST / HTTP/1.1" 200 1229 "-" "Mozilla/5.0 (Windows NT 10.0; Trident/7.0; Touch; rv:11.0) like Gecko"
139.162.108.53 - - [08/May/2017:14:42:03 +0200] "GET / HTTP/1.1" 200 1229 "-" "Mozilla/5.0 (Windows NT 10.0; WOW64) AppleWebKit/537.36 (KHTML, like Gecko) Chrome/50.0.2661.102 Safari/537.36"
88.0.139.157 - - [08/May/2017:14:42:19 +0200] "POST / HTTP/1.1" 200 1229 "-" "Mozilla/5.0 (Windows NT 10.0; Trident/7.0; Touch; rv:11.0) like Gecko"
88.0.139.157 - - [08/May/2017:14:44:19 +0200] "POST / HTTP/1.1" 200 1229 "-" "Mozilla/5.0 (Windows NT 10.0; Trident/7.0; Touch; rv:11.0) like Gecko"
88.0.139.157 - - [08/May/2017:14:46:19 +0200] "POST / HTTP/1.1" 200 1229 "-" "Mozilla/5.0 (Windows NT 10.0; Trident/7.0; Touch; rv:11.0) like Gecko"
88.0.139.157 - - [08/May/2017:14:48:20 +0200] "POST / HTTP/1.1" 200 1229 "-" "Mozilla/5.0 (Windows NT 10.0; Trident/7.0; Touch; rv:11.0) like Gecko"
121.122.76.175 - - [08/May/2017:14:48:54 +0200] "GET / HTTP/1.0" 200 1229 "-" "Mozilla/5.0 (compatible; Googlebot/2.1; +http://www.google.com/bot.html)"
88.0.139.157 - - [08/May/2017:14:50:20 +0200] "POST / HTTP/1.1" 200 1229 "-" "Mozilla/5.0 (Windows NT 10.0; Trident/7.0; Touch; rv:11.0) like Gecko"
139.162.108.53 - - [08/May/2017:14:50:41 +0200] "GET / HTTP/1.1" 200 1229 "-" "Mozilla/5.0 (Windows NT 10.0; WOW64) AppleWebKit/537.36 (KHTML, like Gecko) Chrome/50.0.2661.102 Safari/537.36"
109.234.35.57 - - [08/May/2017:14:55:55 +0200] "GET / HTTP/1.1" 200 1229 "-" "Mozilla/5.0 (Linux; U; Android 4.2.2; en-us; A1-810 Build/JDQ39) AppleWebKit/534.30 (KHTML, like Gecko) Version/4.0 Safari/534.30"
197.211.61.57 - - [08/May/2017:15:31:26 +0200] "isdn: 2348118607409" 400 329 "-" "-"
101.201.197.247 - - [08/May/2017:15:35:25 +0200] "GET http://cn.bing.com/ HTTP/1.1" 200 1229 "-" "Mozilla/5.0 (X11; Ubuntu; Linux i686; rv:50.0) Gecko/20100101 Firefox/50.0"
109.234.35.57 - - [08/May/2017:16:25:05 +0200] "GET / HTTP/1.1" 200 1229 "-" "Mozilla/5.0 (Linux; U; Android 4.2.2; en-us; A1-810 Build/JDQ39) AppleWebKit/534.30 (KHTML, like Gecko) Version/4.0 Safari/534.30"
109.234.35.57 - - [08/May/2017:16:27:07 +0200] "GET / HTTP/1.1" 200 1229 "-" "Mozilla/5.0 (Linux; U; Android 4.2.2; en-us; A1-810 Build/JDQ39) AppleWebKit/534.30 (KHTML, like Gecko) Version/4.0 Safari/534.30"
107.179.117.139 - - [08/May/2017:16:30:43 +0200] "GET / HTTP/1.1" 200 1229 "-" "Mozilla/4.0 (compatible; MSIE 8.0; Windows NT 6.1; Trident/4.0; SLCC2; .NET CLR 2.0.50727; .NET CLR 3.5.30729; .NET CLR 3.0.30729; Media Center PC 6.0)"
104.148.75.115 - - [08/May/2017:16:31:10 +0200] "GET / HTTP/1.1" 200 1229 "-" "Mozilla/4.0 (compatible; MSIE 8.0; Windows NT 6.1; Trident/4.0; SLCC2; .NET CLR 2.0.50727; .NET CLR 3.5.30729; .NET CLR 3.0.30729; Media Center PC 6.0)"
104.148.75.27 - - [08/May/2017:16:34:49 +0200] "GET / HTTP/1.1" 200 1229 "-" "Mozilla/4.0 (compatible; MSIE 8.0; Windows NT 6.1; Trident/4.0; SLCC2; .NET CLR 2.0.50727; .NET CLR 3.5.30729; .NET CLR 3.0.30729; Media Center PC 6.0)"
23.247.72.27 - - [08/May/2017:16:39:26 +0200] "GET / HTTP/1.1" 200 1229 "-" "Mozilla/4.0 (compatible; MSIE 8.0; Windows NT 6.1; Trident/4.0; SLCC2; .NET CLR 2.0.50727; .NET CLR 3.5.30729; .NET CLR 3.0.30729; Media Center PC 6.0)"
23.247.72.35 - - [08/May/2017:16:47:00 +0200] "GET / HTTP/1.1" 200 1229 "-" "Mozilla/4.0 (compatible; MSIE 8.0; Windows NT 6.1; Trident/4.0; SLCC2; .NET CLR 2.0.50727; .NET CLR 3.5.30729; .NET CLR 3.0.30729; Media Center PC 6.0)"
120.26.74.97 - - [08/May/2017:16:47:34 +0200] "GET /phpMyAdmin/scripts/setup.php HTTP/1.1" 404 333 "-" "-"
120.26.74.97 - - [08/May/2017:16:47:45 +0200] "GET /pma/scripts/setup.php HTTP/1.1" 404 326 "-" "-"
120.26.74.97 - - [08/May/2017:16:47:54 +0200] "GET /myadmin/scripts/setup.php HTTP/1.1" 404 330 "-" "-"
104.148.75.92 - - [08/May/2017:17:00:17 +0200] "GET / HTTP/1.1" 200 1229 "-" "Mozilla/4.0 (compatible; MSIE 8.0; Windows NT 6.1; Trident/4.0; SLCC2; .NET CLR 2.0.50727; .NET CLR 3.5.30729; .NET CLR 3.0.30729; Media Center PC 6.0)"
104.223.203.250 - - [08/May/2017:17:05:10 +0200] "GET / HTTP/1.1" 200 1229 "-" "Mozilla/4.0 (compatible; MSIE 8.0; Windows NT 6.1; Trident/4.0; SLCC2; .NET CLR 2.0.50727; .NET CLR 3.5.30729; .NET CLR 3.0.30729; Media Center PC 6.0)"
139.162.124.167 - - [08/May/2017:17:10:47 +0200] "GET / HTTP/1.1" 200 1229 "-" "Mozilla/5.0"
88.0.139.157 - - [08/May/2017:17:19:22 +0200] "POST / HTTP/1.1" 200 1229 "-" "Mozilla/5.0 (Windows NT 10.0; Trident/7.0; Touch; rv:11.0) like Gecko"
88.0.139.157 - - [08/May/2017:17:21:23 +0200] "POST / HTTP/1.1" 200 1229 "-" "Mozilla/5.0 (Windows NT 10.0; Trident/7.0; Touch; rv:11.0) like Gecko"
88.0.139.157 - - [08/May/2017:17:23:23 +0200] "POST / HTTP/1.1" 200 1229 "-" "Mozilla/5.0 (Windows NT 10.0; Trident/7.0; Touch; rv:11.0) like Gecko"
88.0.139.157 - - [08/May/2017:17:25:24 +0200] "POST / HTTP/1.1" 200 1229 "-" "Mozilla/5.0 (Windows NT 10.0; Trident/7.0; Touch; rv:11.0) like Gecko"
88.0.139.157 - - [08/May/2017:17:27:25 +0200] "POST / HTTP/1.1" 200 1229 "-" "Mozilla/5.0 (Windows NT 10.0; Trident/7.0; Touch; rv:11.0) like Gecko"
104.148.75.51 - - [08/May/2017:17:28:55 +0200] "GET / HTTP/1.1" 200 1229 "-" "Mozilla/4.0 (compatible; MSIE 8.0; Windows NT 6.1; Trident/4.0; SLCC2; .NET CLR 2.0.50727; .NET CLR 3.5.30729; .NET CLR 3.0.30729; Media Center PC 6.0)"
88.0.139.157 - - [08/May/2017:17:29:25 +0200] "POST / HTTP/1.1" 200 1229 "-" "Mozilla/5.0 (Windows NT 10.0; Trident/7.0; Touch; rv:11.0) like Gecko"
88.0.139.157 - - [08/May/2017:17:31:25 +0200] "POST / HTTP/1.1" 200 1229 "-" "Mozilla/5.0 (Windows NT 10.0; Trident/7.0; Touch; rv:11.0) like Gecko"
88.0.139.157 - - [08/May/2017:17:33:26 +0200] "POST / HTTP/1.1" 200 1229 "-" "Mozilla/5.0 (Windows NT 10.0; Trident/7.0; Touch; rv:11.0) like Gecko"
104.148.75.116 - - [08/May/2017:17:33:45 +0200] "GET / HTTP/1.1" 200 1229 "-" "Mozilla/4.0 (compatible; MSIE 8.0; Windows NT 6.1; Trident/4.0; SLCC2; .NET CLR 2.0.50727; .NET CLR 3.5.30729; .NET CLR 3.0.30729; Media Center PC 6.0)"
88.0.139.157 - - [08/May/2017:17:35:28 +0200] "POST / HTTP/1.1" 200 1229 "-" "Mozilla/5.0 (Windows NT 10.0; Trident/7.0; Touch; rv:11.0) like Gecko"
88.0.139.157 - - [08/May/2017:17:37:29 +0200] "POST / HTTP/1.1" 200 1229 "-" "Mozilla/5.0 (Windows NT 10.0; Trident/7.0; Touch; rv:11.0) like Gecko"
88.0.139.157 - - [08/May/2017:17:39:29 +0200] "POST / HTTP/1.1" 200 1229 "-" "Mozilla/5.0 (Windows NT 10.0; Trident/7.0; Touch; rv:11.0) like Gecko"
88.0.139.157 - - [08/May/2017:17:41:30 +0200] "POST / HTTP/1.1" 200 1229 "-" "Mozilla/5.0 (Windows NT 10.0; Trident/7.0; Touch; rv:11.0) like Gecko"
101.201.232.238 - - [08/May/2017:17:42:06 +0200] "GET /phpMyAdmin/scripts/setup.php HTTP/1.1" 404 333 "-" "-"
101.201.232.238 - - [08/May/2017:17:43:27 +0200] "GET /pma/scripts/setup.php HTTP/1.1" 404 326 "-" "-"
88.0.139.157 - - [08/May/2017:17:43:30 +0200] "POST / HTTP/1.1" 200 1229 "-" "Mozilla/5.0 (Windows NT 10.0; Trident/7.0; Touch; rv:11.0) like Gecko"
104.148.75.99 - - [08/May/2017:17:43:41 +0200] "GET / HTTP/1.1" 200 1229 "-" "Mozilla/4.0 (compatible; MSIE 8.0; Windows NT 6.1; Trident/4.0; SLCC2; .NET CLR 2.0.50727; .NET CLR 3.5.30729; .NET CLR 3.0.30729; Media Center PC 6.0)"
101.201.232.238 - - [08/May/2017:17:44:48 +0200] "GET /myadmin/scripts/setup.php HTTP/1.1" 404 330 "-" "-"
88.0.139.157 - - [08/May/2017:17:45:30 +0200] "POST / HTTP/1.1" 200 1229 "-" "Mozilla/5.0 (Windows NT 10.0; Trident/7.0; Touch; rv:11.0) like Gecko"
88.0.139.157 - - [08/May/2017:17:47:31 +0200] "POST / HTTP/1.1" 200 1229 "-" "Mozilla/5.0 (Windows NT 10.0; Trident/7.0; Touch; rv:11.0) like Gecko"
88.0.139.157 - - [08/May/2017:17:49:34 +0200] "POST / HTTP/1.1" 200 1229 "-" "Mozilla/5.0 (Windows NT 10.0; Trident/7.0; Touch; rv:11.0) like Gecko"
139.162.114.70 - - [08/May/2017:17:50:05 +0200] "GET / HTTP/1.1" 200 1229 "-" "Mozilla/5.0 (Windows NT 10.0; WOW64) AppleWebKit/537.36 (KHTML, like Gecko) Chrome/50.0.2661.102 Safari/537.36"
88.0.139.157 - - [08/May/2017:17:51:36 +0200] "POST / HTTP/1.1" 200 1229 "-" "Mozilla/5.0 (Windows NT 10.0; Trident/7.0; Touch; rv:11.0) like Gecko"
88.0.139.157 - - [08/May/2017:17:53:36 +0200] "POST / HTTP/1.1" 200 1229 "-" "Mozilla/5.0 (Windows NT 10.0; Trident/7.0; Touch; rv:11.0) like Gecko"
88.0.139.157 - - [08/May/2017:17:55:36 +0200] "POST / HTTP/1.1" 200 1229 "-" "Mozilla/5.0 (Windows NT 10.0; Trident/7.0; Touch; rv:11.0) like Gecko"
88.0.139.157 - - [08/May/2017:17:57:37 +0200] "POST / HTTP/1.1" 200 1229 "-" "Mozilla/5.0 (Windows NT 10.0; Trident/7.0; Touch; rv:11.0) like Gecko"
54.169.236.254 - - [08/May/2017:17:58:29 +0200] "GET / HTTP/1.1" 200 1229 "-" "Mozilla/5.0 zgrab/0.x"
88.0.139.157 - - [08/May/2017:17:59:37 +0200] "POST / HTTP/1.1" 200 1229 "-" "Mozilla/5.0 (Windows NT 10.0; Trident/7.0; Touch; rv:11.0) like Gecko"
88.0.139.157 - - [08/May/2017:18:01:37 +0200] "POST / HTTP/1.1" 200 1229 "-" "Mozilla/5.0 (Windows NT 10.0; Trident/7.0; Touch; rv:11.0) like Gecko"
88.0.139.157 - - [08/May/2017:18:03:41 +0200] "POST / HTTP/1.1" 200 1229 "-" "Mozilla/5.0 (Windows NT 10.0; Trident/7.0; Touch; rv:11.0) like Gecko"
88.0.139.157 - - [08/May/2017:18:05:41 +0200] "POST / HTTP/1.1" 200 1229 "-" "Mozilla/5.0 (Windows NT 10.0; Trident/7.0; Touch; rv:11.0) like Gecko"
88.0.139.157 - - [08/May/2017:18:07:41 +0200] "POST / HTTP/1.1" 200 1229 "-" "Mozilla/5.0 (Windows NT 10.0; Trident/7.0; Touch; rv:11.0) like Gecko"
88.0.139.157 - - [08/May/2017:18:09:42 +0200] "POST / HTTP/1.1" 200 1229 "-" "Mozilla/5.0 (Windows NT 10.0; Trident/7.0; Touch; rv:11.0) like Gecko"
88.0.139.157 - - [08/May/2017:18:11:42 +0200] "POST / HTTP/1.1" 200 1229 "-" "Mozilla/5.0 (Windows NT 10.0; Trident/7.0; Touch; rv:11.0) like Gecko"
88.0.139.157 - - [08/May/2017:18:13:43 +0200] "POST / HTTP/1.1" 200 1229 "-" "Mozilla/5.0 (Windows NT 10.0; Trident/7.0; Touch; rv:11.0) like Gecko"
88.0.139.157 - - [08/May/2017:18:15:43 +0200] "POST / HTTP/1.1" 200 1229 "-" "Mozilla/5.0 (Windows NT 10.0; Trident/7.0; Touch; rv:11.0) like Gecko"
88.0.139.157 - - [08/May/2017:18:17:43 +0200] "POST / HTTP/1.1" 200 1229 "-" "Mozilla/5.0 (Windows NT 10.0; Trident/7.0; Touch; rv:11.0) like Gecko"
88.0.139.157 - - [08/May/2017:18:19:43 +0200] "POST / HTTP/1.1" 200 1229 "-" "Mozilla/5.0 (Windows NT 10.0; Trident/7.0; Touch; rv:11.0) like Gecko"
88.0.139.157 - - [08/May/2017:18:21:44 +0200] "POST / HTTP/1.1" 200 1229 "-" "Mozilla/5.0 (Windows NT 10.0; Trident/7.0; Touch; rv:11.0) like Gecko"
88.0.139.157 - - [08/May/2017:18:23:44 +0200] "POST / HTTP/1.1" 200 1229 "-" "Mozilla/5.0 (Windows NT 10.0; Trident/7.0; Touch; rv:11.0) like Gecko"
88.0.139.157 - - [08/May/2017:18:25:45 +0200] "POST / HTTP/1.1" 200 1229 "-" "Mozilla/5.0 (Windows NT 10.0; Trident/7.0; Touch; rv:11.0) like Gecko"
88.0.139.157 - - [08/May/2017:18:27:45 +0200] "POST / HTTP/1.1" 200 1229 "-" "Mozilla/5.0 (Windows NT 10.0; Trident/7.0; Touch; rv:11.0) like Gecko"
88.0.139.157 - - [08/May/2017:18:29:46 +0200] "POST / HTTP/1.1" 200 1229 "-" "Mozilla/5.0 (Windows NT 10.0; Trident/7.0; Touch; rv:11.0) like Gecko"
88.0.139.157 - - [08/May/2017:18:31:47 +0200] "POST / HTTP/1.1" 200 1229 "-" "Mozilla/5.0 (Windows NT 10.0; Trident/7.0; Touch; rv:11.0) like Gecko"
109.234.35.57 - - [08/May/2017:18:33:20 +0200] "GET / HTTP/1.1" 200 1229 "-" "Mozilla/5.0 (Linux; U; Android 4.2.2; en-us; A1-810 Build/JDQ39) AppleWebKit/534.30 (KHTML, like Gecko) Version/4.0 Safari/534.30"
88.0.139.157 - - [08/May/2017:18:33:48 +0200] "POST / HTTP/1.1" 200 1229 "-" "Mozilla/5.0 (Windows NT 10.0; Trident/7.0; Touch; rv:11.0) like Gecko"
88.0.139.157 - - [08/May/2017:18:35:48 +0200] "POST / HTTP/1.1" 200 1229 "-" "Mozilla/5.0 (Windows NT 10.0; Trident/7.0; Touch; rv:11.0) like Gecko"
109.234.35.57 - - [08/May/2017:18:37:35 +0200] "GET / HTTP/1.1" 200 1229 "-" "Mozilla/5.0 (Linux; U; Android 4.2.2; en-us; A1-810 Build/JDQ39) AppleWebKit/534.30 (KHTML, like Gecko) Version/4.0 Safari/534.30"
88.0.139.157 - - [08/May/2017:18:37:48 +0200] "POST / HTTP/1.1" 200 1229 "-" "Mozilla/5.0 (Windows NT 10.0; Trident/7.0; Touch; rv:11.0) like Gecko"
88.0.139.157 - - [08/May/2017:18:39:49 +0200] "POST / HTTP/1.1" 200 1229 "-" "Mozilla/5.0 (Windows NT 10.0; Trident/7.0; Touch; rv:11.0) like Gecko"
109.234.35.57 - - [08/May/2017:18:39:57 +0200] "GET / HTTP/1.1" 200 1229 "-" "Mozilla/5.0 (Linux; U; Android 4.2.2; en-us; A1-810 Build/JDQ39) AppleWebKit/534.30 (KHTML, like Gecko) Version/4.0 Safari/534.30"
88.0.139.157 - - [08/May/2017:18:41:49 +0200] "POST / HTTP/1.1" 200 1229 "-" "Mozilla/5.0 (Windows NT 10.0; Trident/7.0; Touch; rv:11.0) like Gecko"
88.0.139.157 - - [08/May/2017:18:43:49 +0200] "POST / HTTP/1.1" 200 1229 "-" "Mozilla/5.0 (Windows NT 10.0; Trident/7.0; Touch; rv:11.0) like Gecko"
88.0.139.157 - - [08/May/2017:18:45:50 +0200] "POST / HTTP/1.1" 200 1229 "-" "Mozilla/5.0 (Windows NT 10.0; Trident/7.0; Touch; rv:11.0) like Gecko"
88.0.139.157 - - [08/May/2017:18:47:50 +0200] "POST / HTTP/1.1" 200 1229 "-" "Mozilla/5.0 (Windows NT 10.0; Trident/7.0; Touch; rv:11.0) like Gecko"
88.0.139.157 - - [08/May/2017:18:49:50 +0200] "POST / HTTP/1.1" 200 1229 "-" "Mozilla/5.0 (Windows NT 10.0; Trident/7.0; Touch; rv:11.0) like Gecko"
88.0.139.157 - - [08/May/2017:18:51:51 +0200] "POST / HTTP/1.1" 200 1229 "-" "Mozilla/5.0 (Windows NT 10.0; Trident/7.0; Touch; rv:11.0) like Gecko"
139.162.124.167 - - [08/May/2017:18:52:58 +0200] "GET / HTTP/1.1" 200 1229 "-" "Mozilla/5.0"
88.0.139.157 - - [08/May/2017:18:53:51 +0200] "POST / HTTP/1.1" 200 1229 "-" "Mozilla/5.0 (Windows NT 10.0; Trident/7.0; Touch; rv:11.0) like Gecko"
88.0.139.157 - - [08/May/2017:18:55:51 +0200] "POST / HTTP/1.1" 200 1229 "-" "Mozilla/5.0 (Windows NT 10.0; Trident/7.0; Touch; rv:11.0) like Gecko"
88.0.139.157 - - [08/May/2017:18:57:52 +0200] "POST / HTTP/1.1" 200 1229 "-" "Mozilla/5.0 (Windows NT 10.0; Trident/7.0; Touch; rv:11.0) like Gecko"
88.0.139.157 - - [08/May/2017:18:59:52 +0200] "POST / HTTP/1.1" 200 1229 "-" "Mozilla/5.0 (Windows NT 10.0; Trident/7.0; Touch; rv:11.0) like Gecko"
88.0.139.157 - - [08/May/2017:19:01:52 +0200] "POST / HTTP/1.1" 200 1229 "-" "Mozilla/5.0 (Windows NT 10.0; Trident/7.0; Touch; rv:11.0) like Gecko"
88.0.139.157 - - [08/May/2017:19:03:53 +0200] "POST / HTTP/1.1" 200 1229 "-" "Mozilla/5.0 (Windows NT 10.0; Trident/7.0; Touch; rv:11.0) like Gecko"
88.0.139.157 - - [08/May/2017:19:05:53 +0200] "POST / HTTP/1.1" 200 1229 "-" "Mozilla/5.0 (Windows NT 10.0; Trident/7.0; Touch; rv:11.0) like Gecko"
88.0.139.157 - - [08/May/2017:19:07:53 +0200] "POST / HTTP/1.1" 200 1229 "-" "Mozilla/5.0 (Windows NT 10.0; Trident/7.0; Touch; rv:11.0) like Gecko"
88.0.139.157 - - [08/May/2017:19:09:54 +0200] "POST / HTTP/1.1" 200 1229 "-" "Mozilla/5.0 (Windows NT 10.0; Trident/7.0; Touch; rv:11.0) like Gecko"
88.0.139.157 - - [08/May/2017:19:11:54 +0200] "POST / HTTP/1.1" 200 1229 "-" "Mozilla/5.0 (Windows NT 10.0; Trident/7.0; Touch; rv:11.0) like Gecko"
88.0.139.157 - - [08/May/2017:19:13:55 +0200] "POST / HTTP/1.1" 200 1229 "-" "Mozilla/5.0 (Windows NT 10.0; Trident/7.0; Touch; rv:11.0) like Gecko"
88.0.139.157 - - [08/May/2017:19:15:57 +0200] "POST / HTTP/1.1" 200 1229 "-" "Mozilla/5.0 (Windows NT 10.0; Trident/7.0; Touch; rv:11.0) like Gecko"
88.0.139.157 - - [08/May/2017:19:17:57 +0200] "POST / HTTP/1.1" 200 1229 "-" "Mozilla/5.0 (Windows NT 10.0; Trident/7.0; Touch; rv:11.0) like Gecko"
139.162.124.167 - - [08/May/2017:19:29:09 +0200] "GET / HTTP/1.1" 200 1229 "-" "Mozilla/5.0"
24.51.100.45 - - [08/May/2017:19:59:42 +0200] "GET / HTTP/1.0" 200 1229 "-" "Mozilla/5.0 (compatible; Googlebot/2.1; +http://www.google.com/bot.html)"
66.240.205.34 - - [08/May/2017:20:02:06 +0200] "Gh0st\xad" 501 321 "-" "-"
109.234.35.57 - - [08/May/2017:20:30:07 +0200] "GET / HTTP/1.1" 200 1229 "-" "Mozilla/5.0 (Linux; U; Android 4.2.2; en-us; A1-810 Build/JDQ39) AppleWebKit/534.30 (KHTML, like Gecko) Version/4.0 Safari/534.30"
179.213.143.217 - - [08/May/2017:20:34:32 +0200] "GET /cgi/common.cgi HTTP/1.0" 404 319 "-" "Wget(linux)"
186.220.197.169 - - [08/May/2017:20:34:32 +0200] "GET /cgi/common.cgi HTTP/1.0" 404 319 "-" "Wget(linux)"
187.37.94.129 - - [08/May/2017:20:34:32 +0200] "GET /cgi/common.cgi HTTP/1.0" 404 319 "-" "Wget(linux)"
189.122.95.31 - - [08/May/2017:20:34:32 +0200] "GET /cgi/common.cgi HTTP/1.0" 404 319 "-" "Wget(linux)"
177.80.240.85 - - [08/May/2017:20:34:32 +0200] "GET /cgi/common.cgi HTTP/1.0" 404 319 "-" "Wget(linux)"
186.220.197.169 - - [08/May/2017:20:34:32 +0200] "GET /cgi/common.cgi HTTP/1.0" 404 319 "-" "Wget(linux)"
177.80.240.85 - - [08/May/2017:20:34:32 +0200] "GET /cgi/common.cgi HTTP/1.0" 404 319 "-" "Wget(linux)"
177.193.58.119 - - [08/May/2017:20:34:32 +0200] "GET /cgi/common.cgi HTTP/1.0" 404 319 "-" "Wget(linux)"
177.193.58.119 - - [08/May/2017:20:34:32 +0200] "GET /cgi/common.cgi HTTP/1.0" 404 319 "-" "Wget(linux)"
177.80.240.85 - - [08/May/2017:20:34:32 +0200] "GET /cgi/common.cgi HTTP/1.0" 404 319 "-" "Wget(linux)"
179.213.143.217 - - [08/May/2017:20:34:32 +0200] "GET /stssys.htm HTTP/1.0" 404 315 "-" "Wget(linux)"
187.37.94.129 - - [08/May/2017:20:34:32 +0200] "GET /stssys.htm HTTP/1.0" 404 315 "-" "Wget(linux)"
186.220.197.169 - - [08/May/2017:20:34:32 +0200] "GET /stssys.htm HTTP/1.0" 404 315 "-" "Wget(linux)"
189.122.95.31 - - [08/May/2017:20:34:32 +0200] "GET /stssys.htm HTTP/1.0" 404 315 "-" "Wget(linux)"
177.80.240.85 - - [08/May/2017:20:34:32 +0200] "GET /stssys.htm HTTP/1.0" 404 315 "-" "Wget(linux)"
186.220.197.169 - - [08/May/2017:20:34:33 +0200] "GET /stssys.htm HTTP/1.0" 404 315 "-" "Wget(linux)"
177.80.240.85 - - [08/May/2017:20:34:33 +0200] "GET /stssys.htm HTTP/1.0" 404 315 "-" "Wget(linux)"
177.193.58.119 - - [08/May/2017:20:34:33 +0200] "GET /stssys.htm HTTP/1.0" 404 315 "-" "Wget(linux)"
177.193.58.119 - - [08/May/2017:20:34:33 +0200] "GET /stssys.htm HTTP/1.0" 404 315 "-" "Wget(linux)"
179.213.143.217 - - [08/May/2017:20:34:33 +0200] "GET / HTTP/1.0" 200 1229 "-" "Wget(linux)"
177.80.240.85 - - [08/May/2017:20:34:33 +0200] "GET /stssys.htm HTTP/1.0" 404 315 "-" "Wget(linux)"
187.37.94.129 - - [08/May/2017:20:34:33 +0200] "GET / HTTP/1.0" 200 1229 "-" "Wget(linux)"
186.220.197.169 - - [08/May/2017:20:34:33 +0200] "GET / HTTP/1.0" 200 1229 "-" "Wget(linux)"
177.80.240.85 - - [08/May/2017:20:34:33 +0200] "GET / HTTP/1.0" 200 1229 "-" "Wget(linux)"
189.122.95.31 - - [08/May/2017:20:34:33 +0200] "GET / HTTP/1.0" 200 1229 "-" "Wget(linux)"
186.220.197.169 - - [08/May/2017:20:34:33 +0200] "GET / HTTP/1.0" 200 1229 "-" "Wget(linux)"
177.80.240.85 - - [08/May/2017:20:34:33 +0200] "GET / HTTP/1.0" 200 1229 "-" "Wget(linux)"
177.193.58.119 - - [08/May/2017:20:34:33 +0200] "GET / HTTP/1.0" 200 1229 "-" "Wget(linux)"
177.193.58.119 - - [08/May/2017:20:34:33 +0200] "GET / HTTP/1.0" 200 1229 "-" "Wget(linux)"
177.80.240.85 - - [08/May/2017:20:34:33 +0200] "GET / HTTP/1.0" 200 1229 "-" "Wget(linux)"
179.213.143.217 - - [08/May/2017:20:34:33 +0200] "POST /command.php HTTP/1.0" 404 316 "-" "Wget(linux)"
187.37.94.129 - - [08/May/2017:20:34:33 +0200] "POST /command.php HTTP/1.0" 404 316 "-" "Wget(linux)"
186.220.197.169 - - [08/May/2017:20:34:33 +0200] "POST /command.php HTTP/1.0" 404 316 "-" "Wget(linux)"
177.80.240.85 - - [08/May/2017:20:34:33 +0200] "POST /command.php HTTP/1.0" 404 316 "-" "Wget(linux)"
186.220.197.169 - - [08/May/2017:20:34:34 +0200] "POST /command.php HTTP/1.0" 404 316 "-" "Wget(linux)"
177.193.58.119 - - [08/May/2017:20:34:34 +0200] "POST /command.php HTTP/1.0" 404 316 "-" "Wget(linux)"
189.122.95.31 - - [08/May/2017:20:34:34 +0200] "POST /command.php HTTP/1.0" 404 316 "-" "Wget(linux)"
177.80.240.85 - - [08/May/2017:20:34:34 +0200] "POST /command.php HTTP/1.0" 404 316 "-" "Wget(linux)"
177.193.58.119 - - [08/May/2017:20:34:34 +0200] "POST /command.php HTTP/1.0" 404 316 "-" "Wget(linux)"
177.80.240.85 - - [08/May/2017:20:34:34 +0200] "POST /command.php HTTP/1.0" 404 316 "-" "Wget(linux)"
139.162.108.53 - - [08/May/2017:22:05:10 +0200] "GET / HTTP/1.1" 200 1229 "-" "Mozilla/5.0 (Windows NT 10.0; WOW64) AppleWebKit/537.36 (KHTML, like Gecko) Chrome/50.0.2661.102 Safari/537.36"
77.225.19.119 - - [08/May/2017:22:17:28 +0200] "O" 501 316 "-" "-"
139.162.124.167 - - [08/May/2017:22:32:08 +0200] "GET / HTTP/1.1" 200 1229 "-" "Mozilla/5.0"
169.54.244.93 - - [08/May/2017:23:59:12 +0200] "GET / HTTP/1.0" 200 1229 "-" "Mozilla/5.0 (Windows NT 6.1; rv:31.0) Gecko/20100101 Firefox/31.0"
66.240.205.34 - - [09/May/2017:01:19:56 +0200] "GET / HTTP/1.1" 200 1229 "-" "Mozilla/5.0 (Windows NT 6.1) AppleWebKit/537.36 (KHTML, like Gecko) Chrome/41.0.2228.0 Safari/537.36"
66.240.205.34 - - [09/May/2017:01:19:58 +0200] "GET /robots.txt HTTP/1.1" 404 315 "-" "-"
66.240.205.34 - - [09/May/2017:01:20:01 +0200] "GET /sitemap.xml HTTP/1.1" 404 316 "-" "-"
162.210.196.97 - - [09/May/2017:02:33:44 +0200] "GET /robots.txt HTTP/1.1" 404 318 "-" "Mozilla/5.0 (compatible; MJ12bot/v1.4.8; http://mj12bot.com/)"
162.210.196.97 - - [09/May/2017:02:33:53 +0200] "GET / HTTP/1.1" 200 1229 "-" "Mozilla/5.0 (compatible; MJ12bot/v1.4.8; http://mj12bot.com/)"
66.249.64.210 - - [09/May/2017:02:43:39 +0200] "GET /robots.txt HTTP/1.1" 404 334 "-" "Mozilla/5.0 (compatible; Googlebot/2.1; +http://www.google.com/bot.html)"
66.249.64.210 - - [09/May/2017:02:43:39 +0200] "GET / HTTP/1.1" 200 1229 "-" "Mozilla/5.0 (compatible; Googlebot/2.1; +http://www.google.com/bot.html)"
139.162.108.53 - - [09/May/2017:03:35:41 +0200] "GET / HTTP/1.1" 200 1229 "-" "Mozilla/5.0 (Windows NT 10.0; WOW64) AppleWebKit/537.36 (KHTML, like Gecko) Chrome/50.0.2661.102 Safari/537.36"
175.6.27.97 - - [09/May/2017:04:48:13 +0200] "GET / HTTP/1.0" 200 1229 "-" "masscan/1.0 (https://github.com/robertdavidgraham/masscan)"
139.162.114.70 - - [09/May/2017:05:00:17 +0200] "GET / HTTP/1.1" 200 1229 "-" "Mozilla/5.0 (Windows NT 10.0; WOW64) AppleWebKit/537.36 (KHTML, like Gecko) Chrome/50.0.2661.102 Safari/537.36"
139.162.108.53 - - [09/May/2017:05:20:17 +0200] "GET / HTTP/1.1" 200 1229 "-" "Mozilla/5.0 (Windows NT 10.0; WOW64) AppleWebKit/537.36 (KHTML, like Gecko) Chrome/50.0.2661.102 Safari/537.36"
