157.55.34.179 - - [23/Dec/2012:21:17:59 +0100] "GET /Heizoel-Berlin.htm HTTP/1.1" 404 328 "-" "Mozilla/5.0 (compatible; bingbot/2.0; +http://www.bing.com/bingbot.htm)"
209.190.1.133 - - [23/Dec/2012:21:22:39 +0100] "GET / HTTP/1.1" 200 1229 "-" "Mozilla/5.0 (compatible; MSIE 8.0; Windows NT 5.1) KomodiaBot/1.0"
178.77.126.55 - - [23/Dec/2012:22:48:15 +0100] "GET /robots.txt HTTP/1.1" 404 320 "-" "Mozilla/5.0 (compatible; CareerBot/1.1; +http://www.career-x.de/bot.html)"
178.77.126.55 - - [23/Dec/2012:22:48:15 +0100] "GET / HTTP/1.1" 200 1229 "-" "Mozilla/5.0 (compatible; CareerBot/1.1; +http://www.career-x.de/bot.html)"
64.246.187.42 - - [23/Dec/2012:22:48:32 +0100] "GET /robots.txt HTTP/1.0" 404 315 "-" "Mozilla/5.0 (Windows; U; Windows NT 5.1; en; rv:1.9.0.13) Gecko/2009073022 Firefox/3.5.2 (.NET CLR 3.5.30729) SurveyBot/2.3 (DomainTools)"
64.246.187.42 - - [23/Dec/2012:22:48:32 +0100] "GET / HTTP/1.1" 200 1229 "http://whois.domaintools.com/bmt-it.de" "Mozilla/5.0 (Windows; U; Windows NT 5.1; en; rv:1.9.0.13) Gecko/2009073022 Firefox/3.5.2 (.NET CLR 3.5.30729) SurveyBot/2.3 (DomainTools)"
64.246.178.34 - - [23/Dec/2012:23:03:42 +0100] "GET /robots.txt HTTP/1.0" 404 322 "-" "Mozilla/5.0 (Windows; U; Windows NT 5.1; en; rv:1.9.0.13) Gecko/2009073022 Firefox/3.5.2 (.NET CLR 3.5.30729) SurveyBot/2.3 (DomainTools)"
64.246.178.34 - - [23/Dec/2012:23:03:43 +0100] "GET / HTTP/1.1" 200 1229 "http://whois.domaintools.com/boedenundmehr.de" "Mozilla/5.0 (Windows; U; Windows NT 5.1; en; rv:1.9.0.13) Gecko/2009073022 Firefox/3.5.2 (.NET CLR 3.5.30729) SurveyBot/2.3 (DomainTools)"
193.29.202.184 - - [23/Dec/2012:23:35:25 +0100] "HEAD / HTTP/1.0" 200 - "-" "-"
193.29.202.184 - - [23/Dec/2012:23:35:25 +0100] "HEAD / HTTP/1.0" 200 - "-" "-"
193.29.202.184 - - [23/Dec/2012:23:35:25 +0100] "HEAD / HTTP/1.0" 200 - "-" "-"
193.29.202.184 - - [23/Dec/2012:23:35:25 +0100] "HEAD / HTTP/1.0" 200 - "-" "-"
193.29.202.184 - - [23/Dec/2012:23:35:25 +0100] "HEAD / HTTP/1.0" 200 - "-" "-"
193.29.202.184 - - [23/Dec/2012:23:35:25 +0100] "HEAD / HTTP/1.0" 200 - "-" "-"
193.29.202.184 - - [23/Dec/2012:23:35:25 +0100] "HEAD / HTTP/1.0" 200 - "-" "-"
193.29.202.184 - - [23/Dec/2012:23:35:25 +0100] "HEAD / HTTP/1.0" 200 - "-" "-"
193.29.202.184 - - [23/Dec/2012:23:35:25 +0100] "HEAD / HTTP/1.0" 200 - "-" "-"
193.29.202.184 - - [23/Dec/2012:23:35:25 +0100] "HEAD / HTTP/1.0" 200 - "-" "-"
194.153.113.35 - - [24/Dec/2012:02:31:41 +0100] "HEAD / HTTP/1.1" 200 - "-" "Mozilla/5.0 (compatible; oBot/2.3.1; +http://filterdb.iss.net/crawler/)"
79.98.24.8 - - [24/Dec/2012:03:50:49 +0100] "HEAD http://www.comsyscoinc.com/images/error10.php?ip=212.91.246.84:80 HTTP/1.1" 404 - "-" "Opera/9.10 (Windows NT 5.1; U; ru)"
218.108.85.121 - - [24/Dec/2012:04:00:07 +0100] "GET /muieblackcat HTTP/1.1" 404 317 "-" "-"
218.108.85.121 - - [24/Dec/2012:04:00:07 +0100] "GET /muieblackcat HTTP/1.1" 404 317 "-" "-"
218.108.85.121 - - [24/Dec/2012:04:00:07 +0100] "GET /muieblackcat HTTP/1.1" 404 317 "-" "-"
218.108.85.121 - - [24/Dec/2012:04:00:08 +0100] "GET /muieblackcat HTTP/1.1" 404 317 "-" "-"
218.108.85.121 - - [24/Dec/2012:04:00:08 +0100] "GET /muieblackcat HTTP/1.1" 404 317 "-" "-"
218.108.85.121 - - [24/Dec/2012:04:00:08 +0100] "GET /muieblackcat HTTP/1.1" 404 317 "-" "-"
218.108.85.121 - - [24/Dec/2012:04:00:08 +0100] "GET /muieblackcat HTTP/1.1" 404 317 "-" "-"
218.108.85.121 - - [24/Dec/2012:04:00:08 +0100] "GET /muieblackcat HTTP/1.1" 404 317 "-" "-"
218.108.85.121 - - [24/Dec/2012:04:00:08 +0100] "GET /muieblackcat HTTP/1.1" 404 317 "-" "-"
218.108.85.121 - - [24/Dec/2012:04:00:13 +0100] "GET //index.php HTTP/1.1" 404 314 "-" "-"
218.108.85.121 - - [24/Dec/2012:04:00:14 +0100] "GET //admin/index.php HTTP/1.1" 404 320 "-" "-"
218.108.85.121 - - [24/Dec/2012:04:00:14 +0100] "GET //index.php HTTP/1.1" 404 314 "-" "-"
218.108.85.121 - - [24/Dec/2012:04:00:15 +0100] "GET //admin/pma/index.php HTTP/1.1" 404 324 "-" "-"
218.108.85.121 - - [24/Dec/2012:04:00:15 +0100] "GET //admin/index.php HTTP/1.1" 404 320 "-" "-"
218.108.85.121 - - [24/Dec/2012:04:00:16 +0100] "GET //admin/phpmyadmin/index.php HTTP/1.1" 404 331 "-" "-"
218.108.85.121 - - [24/Dec/2012:04:00:17 +0100] "GET //db/index.php HTTP/1.1" 404 317 "-" "-"
218.108.85.121 - - [24/Dec/2012:04:00:18 +0100] "GET //dbadmin/index.php HTTP/1.1" 404 322 "-" "-"
218.108.85.121 - - [24/Dec/2012:04:00:19 +0100] "GET //myadmin/index.php HTTP/1.1" 404 322 "-" "-"
218.108.85.121 - - [24/Dec/2012:04:00:19 +0100] "GET //admin/phpmyadmin/index.php HTTP/1.1" 404 331 "-" "-"
218.108.85.121 - - [24/Dec/2012:04:00:20 +0100] "GET //mysql/index.php HTTP/1.1" 404 320 "-" "-"
218.108.85.121 - - [24/Dec/2012:04:00:20 +0100] "GET //db/index.php HTTP/1.1" 404 317 "-" "-"
218.108.85.121 - - [24/Dec/2012:04:00:20 +0100] "GET //mysqladmin/index.php HTTP/1.1" 404 325 "-" "-"
218.108.85.121 - - [24/Dec/2012:04:00:21 +0100] "GET //dbadmin/index.php HTTP/1.1" 404 322 "-" "-"
218.108.85.121 - - [24/Dec/2012:04:00:21 +0100] "GET //typo3/phpmyadmin/index.php HTTP/1.1" 404 331 "-" "-"
218.108.85.121 - - [24/Dec/2012:04:00:22 +0100] "GET //myadmin/index.php HTTP/1.1" 404 322 "-" "-"
218.108.85.121 - - [24/Dec/2012:04:00:22 +0100] "GET //phpadmin/index.php HTTP/1.1" 404 323 "-" "-"
218.108.85.121 - - [24/Dec/2012:04:00:23 +0100] "GET //mysql/index.php HTTP/1.1" 404 320 "-" "-"
218.108.85.121 - - [24/Dec/2012:04:00:23 +0100] "GET //phpMyAdmin/index.php HTTP/1.1" 404 325 "-" "-"
218.108.85.121 - - [24/Dec/2012:04:00:24 +0100] "GET //mysqladmin/index.php HTTP/1.1" 404 325 "-" "-"
218.108.85.121 - - [24/Dec/2012:04:00:24 +0100] "GET //phpmyadmin/index.php HTTP/1.1" 404 325 "-" "-"
218.108.85.121 - - [24/Dec/2012:04:00:24 +0100] "GET //typo3/phpmyadmin/index.php HTTP/1.1" 404 331 "-" "-"
218.108.85.121 - - [24/Dec/2012:04:00:25 +0100] "GET //phpmyadmin1/index.php HTTP/1.1" 404 326 "-" "-"
218.108.85.121 - - [24/Dec/2012:04:00:25 +0100] "GET //phpadmin/index.php HTTP/1.1" 404 323 "-" "-"
218.108.85.121 - - [24/Dec/2012:04:00:26 +0100] "GET //phpmyadmin2/index.php HTTP/1.1" 404 326 "-" "-"
218.108.85.121 - - [24/Dec/2012:04:00:26 +0100] "GET //phpMyAdmin/index.php HTTP/1.1" 404 325 "-" "-"
218.108.85.121 - - [24/Dec/2012:04:00:27 +0100] "GET //pma/index.php HTTP/1.1" 404 318 "-" "-"
218.108.85.121 - - [24/Dec/2012:04:00:27 +0100] "GET //phpmyadmin/index.php HTTP/1.1" 404 325 "-" "-"
218.108.85.121 - - [24/Dec/2012:04:00:28 +0100] "GET //web/phpMyAdmin/index.php HTTP/1.1" 404 329 "-" "-"
218.108.85.121 - - [24/Dec/2012:04:00:28 +0100] "GET //phpmyadmin1/index.php HTTP/1.1" 404 326 "-" "-"
218.108.85.121 - - [24/Dec/2012:04:00:28 +0100] "GET //xampp/phpmyadmin/index.php HTTP/1.1" 404 331 "-" "-"
218.108.85.121 - - [24/Dec/2012:04:00:29 +0100] "GET //phpmyadmin2/index.php HTTP/1.1" 404 326 "-" "-"
218.108.85.121 - - [24/Dec/2012:04:00:29 +0100] "GET //web/index.php HTTP/1.1" 404 318 "-" "-"
218.108.85.121 - - [24/Dec/2012:04:00:30 +0100] "GET //pma/index.php HTTP/1.1" 404 318 "-" "-"
218.108.85.121 - - [24/Dec/2012:04:00:30 +0100] "GET //php-my-admin/index.php HTTP/1.1" 404 327 "-" "-"
218.108.85.121 - - [24/Dec/2012:04:00:31 +0100] "GET //web/phpMyAdmin/index.php HTTP/1.1" 404 329 "-" "-"
218.108.85.121 - - [24/Dec/2012:04:00:31 +0100] "GET //websql/index.php HTTP/1.1" 404 321 "-" "-"
218.108.85.121 - - [24/Dec/2012:04:00:31 +0100] "GET //xampp/phpmyadmin/index.php HTTP/1.1" 404 331 "-" "-"
218.108.85.121 - - [24/Dec/2012:04:00:32 +0100] "GET //phpmyadmin/index.php HTTP/1.1" 404 325 "-" "-"
218.108.85.121 - - [24/Dec/2012:04:00:32 +0100] "GET //web/index.php HTTP/1.1" 404 318 "-" "-"
218.108.85.121 - - [24/Dec/2012:04:00:33 +0100] "GET //phpMyAdmin/index.php HTTP/1.1" 404 325 "-" "-"
218.108.85.121 - - [24/Dec/2012:04:00:33 +0100] "GET //php-my-admin/index.php HTTP/1.1" 404 327 "-" "-"
218.108.85.121 - - [24/Dec/2012:04:00:34 +0100] "GET //phpMyAdmin-2/index.php HTTP/1.1" 404 327 "-" "-"
218.108.85.121 - - [24/Dec/2012:04:00:34 +0100] "GET //websql/index.php HTTP/1.1" 404 321 "-" "-"
218.108.85.121 - - [24/Dec/2012:04:00:34 +0100] "GET //php-my-admin/index.php HTTP/1.1" 404 327 "-" "-"
218.108.85.121 - - [24/Dec/2012:04:00:35 +0100] "GET //phpmyadmin/index.php HTTP/1.1" 404 325 "-" "-"
218.108.85.121 - - [24/Dec/2012:04:00:35 +0100] "GET //phpMyAdmin-2.2.3/index.php HTTP/1.1" 404 331 "-" "-"
218.108.85.121 - - [24/Dec/2012:04:00:36 +0100] "GET //phpMyAdmin/index.php HTTP/1.1" 404 325 "-" "-"
218.108.85.121 - - [24/Dec/2012:04:00:36 +0100] "GET //phpMyAdmin-2.2.6/index.php HTTP/1.1" 404 331 "-" "-"
218.108.85.121 - - [24/Dec/2012:04:00:37 +0100] "GET //phpMyAdmin-2/index.php HTTP/1.1" 404 327 "-" "-"
218.108.85.121 - - [24/Dec/2012:04:00:37 +0100] "GET //phpMyAdmin-2.5.1/index.php HTTP/1.1" 404 331 "-" "-"
218.108.85.121 - - [24/Dec/2012:04:00:38 +0100] "GET //php-my-admin/index.php HTTP/1.1" 404 327 "-" "-"
218.108.85.121 - - [24/Dec/2012:04:00:38 +0100] "GET //phpMyAdmin-2.5.4/index.php HTTP/1.1" 404 331 "-" "-"
218.108.85.121 - - [24/Dec/2012:04:00:38 +0100] "GET //phpMyAdmin-2.2.3/index.php HTTP/1.1" 404 331 "-" "-"
218.108.85.121 - - [24/Dec/2012:04:00:39 +0100] "GET //phpMyAdmin-2.5.5-rc1/index.php HTTP/1.1" 404 335 "-" "-"
218.108.85.121 - - [24/Dec/2012:04:00:39 +0100] "GET //phpMyAdmin-2.2.6/index.php HTTP/1.1" 404 331 "-" "-"
218.108.85.121 - - [24/Dec/2012:04:00:40 +0100] "GET //phpMyAdmin-2.5.5-rc2/index.php HTTP/1.1" 404 335 "-" "-"
218.108.85.121 - - [24/Dec/2012:04:00:40 +0100] "GET //phpMyAdmin-2.5.1/index.php HTTP/1.1" 404 331 "-" "-"
218.108.85.121 - - [24/Dec/2012:04:00:41 +0100] "GET //phpMyAdmin-2.5.5/index.php HTTP/1.1" 404 331 "-" "-"
218.108.85.121 - - [24/Dec/2012:04:00:41 +0100] "GET //phpMyAdmin-2.5.4/index.php HTTP/1.1" 404 331 "-" "-"
218.108.85.121 - - [24/Dec/2012:04:00:41 +0100] "GET //phpMyAdmin-2.5.5-pl1/index.php HTTP/1.1" 404 335 "-" "-"
218.108.85.121 - - [24/Dec/2012:04:00:42 +0100] "GET //phpMyAdmin-2.5.5-rc1/index.php HTTP/1.1" 404 335 "-" "-"
218.108.85.121 - - [24/Dec/2012:04:00:42 +0100] "GET //phpMyAdmin-2.5.6-rc1/index.php HTTP/1.1" 404 335 "-" "-"
218.108.85.121 - - [24/Dec/2012:04:00:43 +0100] "GET //phpMyAdmin-2.5.5-rc2/index.php HTTP/1.1" 404 335 "-" "-"
218.108.85.121 - - [24/Dec/2012:04:00:43 +0100] "GET //phpMyAdmin-2.5.6-rc2/index.php HTTP/1.1" 404 335 "-" "-"
218.108.85.121 - - [24/Dec/2012:04:00:44 +0100] "GET //phpMyAdmin-2.5.5/index.php HTTP/1.1" 404 331 "-" "-"
218.108.85.121 - - [24/Dec/2012:04:00:44 +0100] "GET //phpMyAdmin-2.5.6/index.php HTTP/1.1" 404 331 "-" "-"
218.108.85.121 - - [24/Dec/2012:04:00:45 +0100] "GET //phpMyAdmin-2.5.5-pl1/index.php HTTP/1.1" 404 335 "-" "-"
218.108.85.121 - - [24/Dec/2012:04:00:45 +0100] "GET //phpMyAdmin-2.5.7/index.php HTTP/1.1" 404 331 "-" "-"
218.108.85.121 - - [24/Dec/2012:04:00:46 +0100] "GET //phpMyAdmin-2.5.6-rc1/index.php HTTP/1.1" 404 335 "-" "-"
218.108.85.121 - - [24/Dec/2012:04:00:46 +0100] "GET //phpMyAdmin-2.5.7-pl1/index.php HTTP/1.1" 404 335 "-" "-"
218.108.85.121 - - [24/Dec/2012:04:00:46 +0100] "GET //phpMyAdmin-2.5.6-rc2/index.php HTTP/1.1" 404 335 "-" "-"
218.108.85.121 - - [24/Dec/2012:04:00:47 +0100] "GET //phpMyAdmin-2.5.6/index.php HTTP/1.1" 404 331 "-" "-"
218.108.85.121 - - [24/Dec/2012:04:00:48 +0100] "GET //phpMyAdmin-2.5.7/index.php HTTP/1.1" 404 331 "-" "-"
218.108.85.121 - - [24/Dec/2012:04:00:49 +0100] "GET //phpMyAdmin-2.5.7-pl1/index.php HTTP/1.1" 404 335 "-" "-"
141.8.147.1 - - [24/Dec/2012:04:41:08 +0100] "GET /robots.txt HTTP/1.1" 404 333 "-" "Mozilla/5.0 (compatible; YandexBot/3.0; +http://yandex.com/bots)"
157.55.34.179 - - [24/Dec/2012:05:37:08 +0100] "GET /robots.txt HTTP/1.1" 404 320 "-" "Mozilla/5.0 (compatible; bingbot/2.0; +http://www.bing.com/bingbot.htm)"
141.8.147.1 - - [24/Dec/2012:05:38:07 +0100] "GET / HTTP/1.1" 200 1229 "-" "Mozilla/5.0 (compatible; YandexBot/3.0; +http://yandex.com/bots)"
157.55.34.179 - - [24/Dec/2012:05:39:34 +0100] "GET /Heizoel-Berlin.htm HTTP/1.1" 404 328 "-" "Mozilla/5.0 (compatible; bingbot/2.0; +http://www.bing.com/bingbot.htm)"
67.19.79.218 - - [24/Dec/2012:07:25:16 +0100] "GET /robots.txt HTTP/1.0" 404 311 "-" "Mozilla/4.0 (compatible; MSIE 5.01; Windows NT)"
66.249.78.97 - - [24/Dec/2012:08:13:55 +0100] "GET /robots.txt HTTP/1.1" 404 322 "-" "Mozilla/5.0 (compatible; Googlebot/2.1; +http://www.google.com/bot.html)"
66.249.78.97 - - [24/Dec/2012:08:13:55 +0100] "GET / HTTP/1.1" 200 1229 "-" "Mozilla/5.0 (compatible; Googlebot/2.1; +http://www.google.com/bot.html)"
91.205.189.15 - - [24/Dec/2012:08:32:24 +0100] "GET /user/soapCaller.bs HTTP/1.1" 404 323 "-" "Morfeus Fucking Scanner"
91.205.189.15 - - [24/Dec/2012:08:32:24 +0100] "GET /user/soapCaller.bs HTTP/1.1" 404 323 "-" "Morfeus Fucking Scanner"
91.205.189.15 - - [24/Dec/2012:08:32:24 +0100] "GET /user/soapCaller.bs HTTP/1.1" 404 323 "-" "Morfeus Fucking Scanner"
91.205.189.15 - - [24/Dec/2012:08:32:24 +0100] "GET /user/soapCaller.bs HTTP/1.1" 404 323 "-" "Morfeus Fucking Scanner"
91.205.189.15 - - [24/Dec/2012:08:32:24 +0100] "GET /user/soapCaller.bs HTTP/1.1" 404 323 "-" "Morfeus Fucking Scanner"
91.205.189.15 - - [24/Dec/2012:08:32:24 +0100] "GET /user/soapCaller.bs HTTP/1.1" 404 323 "-" "Morfeus Fucking Scanner"
91.205.189.15 - - [24/Dec/2012:08:32:24 +0100] "GET /user/soapCaller.bs HTTP/1.1" 404 323 "-" "Morfeus Fucking Scanner"
91.205.189.15 - - [24/Dec/2012:08:32:24 +0100] "GET /user/soapCaller.bs HTTP/1.1" 404 323 "-" "Morfeus Fucking Scanner"
91.205.189.15 - - [24/Dec/2012:08:32:24 +0100] "GET /user/soapCaller.bs HTTP/1.1" 404 323 "-" "Morfeus Fucking Scanner"
91.205.189.15 - - [24/Dec/2012:08:32:24 +0100] "GET /user/soapCaller.bs HTTP/1.1" 404 323 "-" "Morfeus Fucking Scanner"
217.69.133.69 - - [24/Dec/2012:11:57:58 +0100] "GET /robots.txt HTTP/1.0" 404 320 "-" "Mozilla/5.0 (compatible; Mail.RU_Bot/2.0; +http://go.mail.ru/help/robots)"
184.154.233.2 - - [24/Dec/2012:13:48:04 +0100] "HEAD http://www.comsyscoinc.com/images/error10.php?ip=212.91.246.84:80 HTTP/1.1" 404 - "-" "Mozilla/5.0 (X11; U; Linux i686; en-US; rv:1.2.1; aggregator:Tailrank; http://tailrank.com/robot) Gecko/20021130"
64.246.165.160 - - [24/Dec/2012:17:26:13 +0100] "GET /leer.htm HTTP/1.1" 404 313 "http://whois.domaintools.com/dialyse-schoenebeck.de" "Mozilla/5.0 (Windows; U; Windows NT 5.1; en; rv:1.9.0.13) Gecko/2009073022 Firefox/3.5.2 (.NET CLR 3.5.30729) SurveyBot/2.3 (DomainTools)"
64.246.165.160 - - [24/Dec/2012:17:26:14 +0100] "GET /leer.htm HTTP/1.1" 404 313 "http://whois.domaintools.com/dialyse-schoenebeck.de" "Mozilla/5.0 (Windows; U; Windows NT 5.1; en; rv:1.9.0.13) Gecko/2009073022 Firefox/3.5.2 (.NET CLR 3.5.30729) SurveyBot/2.3 (DomainTools)"
64.246.165.160 - - [24/Dec/2012:17:26:14 +0100] "GET /leer.htm HTTP/1.1" 404 313 "http://whois.domaintools.com/dialyse-schoenebeck.de" "Mozilla/5.0 (Windows; U; Windows NT 5.1; en; rv:1.9.0.13) Gecko/2009073022 Firefox/3.5.2 (.NET CLR 3.5.30729) SurveyBot/2.3 (DomainTools)"
54.243.1.44 - - [24/Dec/2012:17:45:01 +0100] "GET / HTTP/1.0" 200 1229 "http://www.eatree.com" "Mozilla/5.0 (compatible; MSIE 9.0; Windows NT 6.1; Trident/5.0)"
216.145.5.42 - - [24/Dec/2012:18:14:11 +0100] "GET /frameset/left.htm HTTP/1.1" 404 322 "http://whois.domaintools.com/die-sehnsucht.com" "Mozilla/5.0 (Windows; U; Windows NT 5.1; en; rv:1.9.0.13) Gecko/2009073022 Firefox/3.5.2 (.NET CLR 3.5.30729) SurveyBot/2.3 (DomainTools)"
216.145.5.42 - - [24/Dec/2012:18:14:11 +0100] "GET /frameset/top.htm HTTP/1.1" 404 321 "http://whois.domaintools.com/die-sehnsucht.com" "Mozilla/5.0 (Windows; U; Windows NT 5.1; en; rv:1.9.0.13) Gecko/2009073022 Firefox/3.5.2 (.NET CLR 3.5.30729) SurveyBot/2.3 (DomainTools)"
216.145.5.42 - - [24/Dec/2012:18:14:11 +0100] "GET /neue_seite_1.htm HTTP/1.1" 404 321 "http://whois.domaintools.com/die-sehnsucht.com" "Mozilla/5.0 (Windows; U; Windows NT 5.1; en; rv:1.9.0.13) Gecko/2009073022 Firefox/3.5.2 (.NET CLR 3.5.30729) SurveyBot/2.3 (DomainTools)"
94.102.51.246 - - [24/Dec/2012:19:29:41 +0100] "GET http://24x7-allrequestsallowed.com/?PHPSESSID=7jy745aa00143SSQJ_W_EFBF%5CB HTTP/1.1" 200 1229 "-" "Mozilla/5.0 (Windows NT 6.1; rv:16.0) Gecko/20100101 Firefox/16.0"
194.153.113.35 - - [24/Dec/2012:20:20:14 +0100] "HEAD / HTTP/1.1" 200 - "-" "Mozilla/5.0 (compatible; oBot/2.3.1; +http://filterdb.iss.net/crawler/)"
54.243.1.44 - - [24/Dec/2012:20:28:42 +0100] "GET / HTTP/1.0" 200 1229 "http://www.eatree.com" "Mozilla/5.0 (compatible; MSIE 9.0; Windows NT 6.1; Trident/5.0)"
69.89.31.173 - - [24/Dec/2012:20:33:33 +0100] "HEAD http://www.comsyscoinc.com/images/error10.php?ip=212.91.246.87:80 HTTP/1.1" 404 - "-" "Opera/9.22 (Windows NT 6.0; U; ru)"
85.17.29.107 - - [25/Dec/2012:01:45:06 +0100] "GET /robots.txt HTTP/1.1" 404 326 "-" "Mozilla/5.0 (compatible; WBSearchBot/1.1; +http://www.warebay.com/bot.html)"
85.17.29.107 - - [25/Dec/2012:01:45:26 +0100] "GET / HTTP/1.1" 200 1229 "-" "Mozilla/5.0 (compatible; WBSearchBot/1.1; +http://www.warebay.com/bot.html)"
157.55.32.58 - - [25/Dec/2012:03:55:11 +0100] "GET /robots.txt HTTP/1.1" 404 337 "-" "Mozilla/5.0 (compatible; bingbot/2.0; +http://www.bing.com/bingbot.htm)"
157.55.32.58 - - [25/Dec/2012:04:23:57 +0100] "GET / HTTP/1.0" 304 - "-" "Mozilla/5.0 (compatible; bingbot/2.0; +http://www.bing.com/bingbot.htm)"
65.55.24.219 - - [25/Dec/2012:16:43:50 +0100] "GET /robots.txt HTTP/1.1" 404 328 "-" "Mozilla/5.0 (compatible; bingbot/2.0; +http://www.bing.com/bingbot.htm)"
65.55.24.219 - - [25/Dec/2012:16:45:30 +0100] "GET / HTTP/1.1" 304 - "-" "Mozilla/5.0 (compatible; bingbot/2.0; +http://www.bing.com/bingbot.htm)"
46.4.100.231 - - [25/Dec/2012:17:54:34 +0100] "GET /robots.txt HTTP/1.1" 404 320 "-" "BacklinkCrawler (http://www.backlinktest.com/crawler.html)"
46.4.100.231 - - [25/Dec/2012:17:54:40 +0100] "GET /sitemap.xml HTTP/1.1" 404 321 "-" "BacklinkCrawler (http://www.backlinktest.com/crawler.html)"
46.4.100.231 - - [25/Dec/2012:17:54:42 +0100] "GET / HTTP/1.1" 200 1229 "-" "BacklinkCrawler (http://www.backlinktest.com/crawler.html)"
157.55.35.87 - - [25/Dec/2012:17:55:32 +0100] "GET /robots.txt HTTP/1.1" 404 320 "-" "Mozilla/5.0 (compatible; bingbot/2.0; +http://www.bing.com/bingbot.htm)"
157.55.35.87 - - [25/Dec/2012:17:57:35 +0100] "GET / HTTP/1.1" 200 1229 "-" "Mozilla/5.0 (compatible; bingbot/2.0; +http://www.bing.com/bingbot.htm)"
89.107.127.11 - - [25/Dec/2012:20:02:03 +0100] "GET /produkt/design/ HTTP/1.0" 404 320 "-" "-"
178.77.126.55 - - [26/Dec/2012:00:01:07 +0100] "GET /robots.txt HTTP/1.1" 404 320 "-" "Mozilla/5.0 (compatible; CareerBot/1.1; +http://www.career-x.de/bot.html)"
178.77.126.55 - - [26/Dec/2012:00:01:07 +0100] "GET / HTTP/1.1" 200 1229 "-" "Mozilla/5.0 (compatible; CareerBot/1.1; +http://www.career-x.de/bot.html)"
122.226.84.144 - - [26/Dec/2012:05:02:59 +0100] "HEAD /manager/html HTTP/1.0" 404 - "-" "-"
122.226.84.144 - - [26/Dec/2012:05:02:59 +0100] "HEAD /manager/html HTTP/1.0" 404 - "-" "-"
122.226.84.144 - - [26/Dec/2012:05:02:59 +0100] "HEAD /manager/html HTTP/1.0" 404 - "-" "-"
122.226.84.144 - - [26/Dec/2012:05:02:59 +0100] "HEAD /manager/html HTTP/1.0" 404 - "-" "-"
122.226.84.144 - - [26/Dec/2012:05:02:59 +0100] "HEAD /manager/html HTTP/1.0" 404 - "-" "-"
122.226.84.144 - - [26/Dec/2012:05:02:59 +0100] "HEAD /manager/html HTTP/1.0" 404 - "-" "-"
122.226.84.144 - - [26/Dec/2012:05:02:59 +0100] "HEAD /manager/html HTTP/1.0" 404 - "-" "-"
122.226.84.144 - - [26/Dec/2012:05:02:59 +0100] "HEAD /manager/html HTTP/1.0" 404 - "-" "-"
122.226.84.144 - - [26/Dec/2012:05:02:59 +0100] "HEAD /manager/html HTTP/1.0" 404 - "-" "-"
50.97.117.138 - - [26/Dec/2012:05:37:29 +0100] "GET /user/soapCaller.bs HTTP/1.1" 404 323 "-" "Morfeus Fucking Scanner"
50.97.117.138 - - [26/Dec/2012:05:37:29 +0100] "GET /user/soapCaller.bs HTTP/1.1" 404 323 "-" "Morfeus Fucking Scanner"
50.97.117.138 - - [26/Dec/2012:05:37:29 +0100] "GET /user/soapCaller.bs HTTP/1.1" 404 323 "-" "Morfeus Fucking Scanner"
50.97.117.138 - - [26/Dec/2012:05:37:29 +0100] "GET /user/soapCaller.bs HTTP/1.1" 404 323 "-" "Morfeus Fucking Scanner"
50.97.117.138 - - [26/Dec/2012:05:37:29 +0100] "GET /user/soapCaller.bs HTTP/1.1" 404 323 "-" "Morfeus Fucking Scanner"
50.97.117.138 - - [26/Dec/2012:05:37:29 +0100] "GET /user/soapCaller.bs HTTP/1.1" 404 323 "-" "Morfeus Fucking Scanner"
50.97.117.138 - - [26/Dec/2012:05:37:29 +0100] "GET /user/soapCaller.bs HTTP/1.1" 404 323 "-" "Morfeus Fucking Scanner"
50.97.117.138 - - [26/Dec/2012:05:37:29 +0100] "GET /user/soapCaller.bs HTTP/1.1" 404 323 "-" "Morfeus Fucking Scanner"
50.97.117.138 - - [26/Dec/2012:05:37:29 +0100] "GET /user/soapCaller.bs HTTP/1.1" 404 323 "-" "Morfeus Fucking Scanner"
92.240.68.153 - - [26/Dec/2012:08:30:02 +0100] "GET http://i735.photobucket.com/albums/ww358/banddiva/March3020092-1.jpg HTTP/1.1" 404 352 "-" "webcollage/1.135a"
157.55.34.166 - - [26/Dec/2012:08:58:31 +0100] "GET /robots.txt HTTP/1.1" 404 322 "-" "Mozilla/5.0 (compatible; bingbot/2.0; +http://www.bing.com/bingbot.htm)"
157.55.34.166 - - [26/Dec/2012:09:00:10 +0100] "GET / HTTP/1.1" 304 - "-" "Mozilla/5.0 (compatible; bingbot/2.0; +http://www.bing.com/bingbot.htm)"
198.20.69.98 - - [26/Dec/2012:09:39:45 +0100] "GET / HTTP/1.1" 200 1229 "-" "-"
198.20.69.98 - - [26/Dec/2012:09:39:45 +0100] "GET /robots.txt HTTP/1.1" 404 315 "-" "-"
157.55.35.87 - - [26/Dec/2012:10:04:04 +0100] "GET /robots.txt HTTP/1.1" 404 320 "-" "Mozilla/5.0 (compatible; bingbot/2.0; +http://www.bing.com/bingbot.htm)"
157.55.35.87 - - [26/Dec/2012:10:06:49 +0100] "GET / HTTP/1.1" 200 1229 "-" "Mozilla/5.0 (compatible; bingbot/2.0; +http://www.bing.com/bingbot.htm)"
75.67.61.3 - - [26/Dec/2012:14:35:10 +0100] "HEAD / HTTP/1.0" 200 - "-" "-"
75.67.61.3 - - [26/Dec/2012:14:35:10 +0100] "HEAD / HTTP/1.0" 200 - "-" "-"
75.67.61.3 - - [26/Dec/2012:14:35:10 +0100] "HEAD / HTTP/1.0" 200 - "-" "-"
75.67.61.3 - - [26/Dec/2012:14:35:10 +0100] "HEAD / HTTP/1.0" 200 - "-" "-"
75.67.61.3 - - [26/Dec/2012:14:35:10 +0100] "HEAD / HTTP/1.0" 200 - "-" "-"
75.67.61.3 - - [26/Dec/2012:14:35:10 +0100] "HEAD / HTTP/1.0" 200 - "-" "-"
75.67.61.3 - - [26/Dec/2012:14:35:11 +0100] "HEAD / HTTP/1.0" 200 - "-" "-"
75.67.61.3 - - [26/Dec/2012:14:35:11 +0100] "HEAD / HTTP/1.0" 200 - "-" "-"
75.67.61.3 - - [26/Dec/2012:14:35:11 +0100] "HEAD / HTTP/1.0" 200 - "-" "-"
75.67.61.3 - - [26/Dec/2012:14:35:11 +0100] "HEAD / HTTP/1.0" 200 - "-" "-"
82.151.132.51 - - [26/Dec/2012:19:35:03 +0100] "HEAD http://www.comsyscoinc.com/images/error10.php?ip=212.91.246.83:80 HTTP/1.1" 404 - "-" "Mozilla/4.0 (compatible; MSIE 6.0; Windows NT 5.0; MyIE2; Maxthon)"
116.254.203.24 - - [26/Dec/2012:20:40:04 +0100] "GET /w00tw00t.at.blackhats.romanian.anti-sec:) HTTP/1.1" 404 346 "-" "ZmEu"
116.254.203.24 - - [26/Dec/2012:20:40:04 +0100] "GET /w00tw00t.at.blackhats.romanian.anti-sec:) HTTP/1.1" 404 346 "-" "ZmEu"
116.254.203.24 - - [26/Dec/2012:20:40:04 +0100] "GET /w00tw00t.at.blackhats.romanian.anti-sec:) HTTP/1.1" 404 346 "-" "ZmEu"
116.254.203.24 - - [26/Dec/2012:20:40:10 +0100] "GET /phpMyAdmin/scripts/setup.php HTTP/1.1" 404 333 "-" "ZmEu"
157.55.35.87 - - [26/Dec/2012:22:50:17 +0100] "GET /robots.txt HTTP/1.1" 404 320 "-" "Mozilla/5.0 (compatible; bingbot/2.0; +http://www.bing.com/bingbot.htm)"
157.55.35.87 - - [26/Dec/2012:22:52:17 +0100] "GET / HTTP/1.1" 304 - "-" "Mozilla/5.0 (compatible; bingbot/2.0; +http://www.bing.com/bingbot.htm)"
62.90.28.41 - - [27/Dec/2012:00:27:22 +0100] "HEAD / HTTP/1.0" 200 - "-" "-"
62.90.28.41 - - [27/Dec/2012:00:27:22 +0100] "HEAD / HTTP/1.0" 200 - "-" "-"
62.90.28.41 - - [27/Dec/2012:00:27:22 +0100] "HEAD / HTTP/1.0" 200 - "-" "-"
62.90.28.41 - - [27/Dec/2012:00:27:22 +0100] "HEAD / HTTP/1.0" 200 - "-" "-"
62.90.28.41 - - [27/Dec/2012:00:27:22 +0100] "HEAD / HTTP/1.0" 200 - "-" "-"
62.90.28.41 - - [27/Dec/2012:00:27:22 +0100] "HEAD / HTTP/1.0" 200 - "-" "-"
62.90.28.41 - - [27/Dec/2012:00:27:22 +0100] "HEAD / HTTP/1.0" 200 - "-" "-"
62.90.28.41 - - [27/Dec/2012:00:27:22 +0100] "HEAD / HTTP/1.0" 200 - "-" "-"
62.90.28.41 - - [27/Dec/2012:00:27:22 +0100] "HEAD / HTTP/1.0" 200 - "-" "-"
62.90.28.41 - - [27/Dec/2012:00:27:22 +0100] "HEAD / HTTP/1.0" 200 - "-" "-"
194.153.113.35 - - [27/Dec/2012:03:40:11 +0100] "HEAD / HTTP/1.1" 200 - "-" "Mozilla/5.0 (compatible; oBot/2.3.1; +http://filterdb.iss.net/crawler/)"
64.246.178.34 - - [27/Dec/2012:04:20:11 +0100] "GET /robots.txt HTTP/1.0" 404 320 "-" "Mozilla/5.0 (Windows; U; Windows NT 5.1; en; rv:1.9.0.13) Gecko/2009073022 Firefox/3.5.2 (.NET CLR 3.5.30729) SurveyBot/2.3 (DomainTools)"
64.246.178.34 - - [27/Dec/2012:04:20:11 +0100] "GET / HTTP/1.1" 200 1229 "http://whois.domaintools.com/mink-berlin.de" "Mozilla/5.0 (Windows; U; Windows NT 5.1; en; rv:1.9.0.13) Gecko/2009073022 Firefox/3.5.2 (.NET CLR 3.5.30729) SurveyBot/2.3 (DomainTools)"
54.243.1.44 - - [27/Dec/2012:06:58:26 +0100] "GET / HTTP/1.0" 200 1229 "http://www.eatree.com" "-"
92.240.68.152 - - [27/Dec/2012:07:55:23 +0100] "GET http://www.repeatimpressions.com/images/hlwncbwb.gif HTTP/1.1" 404 336 "-" "webcollage/1.135a"
66.249.75.193 - - [27/Dec/2012:08:13:27 +0100] "GET /robots.txt HTTP/1.1" 404 327 "-" "Mozilla/5.0 (compatible; Googlebot/2.1; +http://www.google.com/bot.html)"
66.249.78.193 - - [27/Dec/2012:08:13:27 +0100] "GET /Schmierstoffe-1.html HTTP/1.1" 404 337 "-" "Mozilla/5.0 (compatible; Googlebot/2.1; +http://www.google.com/bot.html)"
209.56.97.18 - - [27/Dec/2012:10:12:53 +0100] "POST http://lti-mail01.ltinetworks.com:25/ HTTP/1.0" 200 1229 "-" "-"
74.43.118.49 - - [27/Dec/2012:10:12:55 +0100] "CONNECT http://lti-mail01.ltinetworks.com:25 HTTP/1.0" 400 328 "-" "-"
141.8.147.1 - - [27/Dec/2012:11:48:57 +0100] "GET /robots.txt HTTP/1.1" 404 322 "-" "Mozilla/5.0 (compatible; YandexBot/3.0; +http://yandex.com/bots)"
178.255.215.64 - - [27/Dec/2012:12:09:36 +0100] "GET /robots.txt HTTP/1.1" 404 322 "-" "Mozilla/5.0 (compatible; Exabot/3.0; +http://www.exabot.com/go/robot)"
178.255.215.64 - - [27/Dec/2012:12:09:36 +0100] "GET / HTTP/1.1" 304 - "-" "Mozilla/5.0 (compatible; Exabot/3.0; +http://www.exabot.com/go/robot)"
85.25.108.64 - - [27/Dec/2012:12:40:44 +0100] "GET / HTTP/1.1" 200 1229 "-" "Mozilla/4.0 (compatible; MSIE 6.0; Windows 98; Win 9x4.90)"
206.253.226.23 - - [27/Dec/2012:16:09:23 +0100] "HEAD / HTTP/1.1" 200 - "-" "Mozilla/5.0 (compatible; oBot/2.3.1; +http://filterdb.iss.net/crawler/)"
141.8.147.1 - - [27/Dec/2012:18:29:10 +0100] "GET /robots.txt HTTP/1.1" 404 320 "-" "Mozilla/5.0 (compatible; YandexBot/3.0; +http://yandex.com/bots)"
83.133.125.202 - - [27/Dec/2012:19:32:39 +0100] "GET / HTTP/1.1" 200 1229 "http://www.bigfinder.de/home-11.html" "Mozilla/5.0 (Windows; U; Windows NT 5.1; de; rv:1.9.0.12) Gecko/2009070611 Firefox/3.0.12 GTB7.1 (.NET CLR 3.5.30729)"
178.77.126.55 - - [27/Dec/2012:20:42:13 +0100] "GET /robots.txt HTTP/1.1" 404 320 "-" "Mozilla/5.0 (compatible; CareerBot/1.1; +http://www.career-x.de/bot.html)"
178.77.126.55 - - [27/Dec/2012:20:42:13 +0100] "GET / HTTP/1.1" 200 1229 "-" "Mozilla/5.0 (compatible; CareerBot/1.1; +http://www.career-x.de/bot.html)"
141.8.147.1 - - [27/Dec/2012:21:19:13 +0100] "GET / HTTP/1.1" 200 1229 "-" "Mozilla/5.0 (compatible; YandexBot/3.0; +http://yandex.com/bots)"
91.226.212.41 - - [28/Dec/2012:00:34:53 +0100] "GET http://www.proxy-alert.com/remote.php HTTP/1.1" 404 321 "-" "-"
91.226.212.41 - - [28/Dec/2012:01:57:02 +0100] "GET http://www.proxy-alert.com/remote.php HTTP/1.1" 404 321 "-" "-"
91.226.212.41 - - [28/Dec/2012:02:16:39 +0100] "GET http://www.proxy-alert.com/remote.php HTTP/1.1" 404 321 "-" "-"
208.115.111.75 - - [28/Dec/2012:02:28:46 +0100] "GET /robots.txt HTTP/1.1" 404 320 "-" "Mozilla/5.0 (compatible; Ezooms/1.0; ezooms.bot@gmail.com)"
91.226.212.41 - - [28/Dec/2012:02:35:25 +0100] "GET http://www.proxy-alert.com/remote.php HTTP/1.1" 404 321 "-" "-"
91.226.212.41 - - [28/Dec/2012:02:54:19 +0100] "GET http://www.proxy-alert.com/remote.php HTTP/1.1" 404 321 "-" "-"
91.226.212.41 - - [28/Dec/2012:04:19:02 +0100] "GET http://www.proxy-alert.com/remote.php HTTP/1.1" 404 321 "-" "-"
91.226.212.41 - - [28/Dec/2012:04:24:05 +0100] "GET http://www.proxy-alert.com/remote.php HTTP/1.1" 404 321 "-" "-"
208.115.111.75 - - [28/Dec/2012:05:16:01 +0100] "GET / HTTP/1.1" 200 1229 "-" "Mozilla/5.0 (compatible; Ezooms/1.0; ezooms.bot@gmail.com)"
91.226.212.41 - - [28/Dec/2012:05:41:12 +0100] "GET http://www.proxy-alert.com/remote.php HTTP/1.1" 404 321 "-" "-"
69.175.126.170 - - [28/Dec/2012:05:52:27 +0100] "GET / HTTP/1.0" 200 1229 "-" "-"
91.226.212.41 - - [28/Dec/2012:07:11:28 +0100] "GET http://www.proxy-alert.com/remote.php HTTP/1.1" 404 321 "-" "-"
91.226.212.41 - - [28/Dec/2012:07:35:52 +0100] "GET http://www.proxy-alert.com/remote.php HTTP/1.1" 404 321 "-" "-"
194.153.113.35 - - [28/Dec/2012:07:40:15 +0100] "HEAD / HTTP/1.1" 200 - "-" "Mozilla/5.0 (compatible; oBot/2.3.1; +http://filterdb.iss.net/crawler/)"
194.153.113.35 - - [28/Dec/2012:09:21:53 +0100] "HEAD / HTTP/1.1" 200 - "-" "Mozilla/5.0 (compatible; oBot/2.3.1; +http://filterdb.iss.net/crawler/)"
66.249.78.103 - - [28/Dec/2012:09:41:28 +0100] "GET /robots.txt HTTP/1.1" 404 329 "-" "Mozilla/5.0 (compatible; Googlebot/2.1; +http://www.google.com/bot.html)"
66.249.78.103 - - [28/Dec/2012:09:41:28 +0100] "GET / HTTP/1.1" 200 1229 "-" "Mozilla/5.0 (compatible; Googlebot/2.1; +http://www.google.com/bot.html)"
66.249.75.40 - - [28/Dec/2012:09:42:57 +0100] "GET /robots.txt HTTP/1.1" 404 320 "-" "Mozilla/5.0 (compatible; Googlebot/2.1; +http://www.google.com/bot.html)"
66.249.75.40 - - [28/Dec/2012:09:42:58 +0100] "GET / HTTP/1.1" 200 1229 "-" "Mozilla/5.0 (compatible; Googlebot/2.1; +http://www.google.com/bot.html)"
66.249.78.154 - - [28/Dec/2012:09:53:28 +0100] "GET /robots.txt HTTP/1.1" 404 337 "-" "Mozilla/5.0 (compatible; Googlebot/2.1; +http://www.google.com/bot.html)"
66.249.78.154 - - [28/Dec/2012:09:53:28 +0100] "GET / HTTP/1.1" 200 1229 "-" "Mozilla/5.0 (compatible; Googlebot/2.1; +http://www.google.com/bot.html)"
66.249.78.111 - - [28/Dec/2012:09:56:29 +0100] "GET /robots.txt HTTP/1.1" 404 328 "-" "Mozilla/5.0 (compatible; Googlebot/2.1; +http://www.google.com/bot.html)"
66.249.78.111 - - [28/Dec/2012:09:56:29 +0100] "GET / HTTP/1.1" 200 1229 "-" "Mozilla/5.0 (compatible; Googlebot/2.1; +http://www.google.com/bot.html)"
66.249.78.171 - - [28/Dec/2012:10:36:02 +0100] "GET /robots.txt HTTP/1.1" 404 332 "-" "Mozilla/5.0 (compatible; Googlebot/2.1; +http://www.google.com/bot.html)"
66.249.78.171 - - [28/Dec/2012:10:36:02 +0100] "GET / HTTP/1.1" 200 1229 "-" "Mozilla/5.0 (compatible; Googlebot/2.1; +http://www.google.com/bot.html)"
66.249.75.36 - - [28/Dec/2012:11:08:49 +0100] "GET /robots.txt HTTP/1.1" 404 333 "-" "Mozilla/5.0 (compatible; Googlebot/2.1; +http://www.google.com/bot.html)"
66.249.78.36 - - [28/Dec/2012:11:08:49 +0100] "GET / HTTP/1.1" 200 1229 "-" "Mozilla/5.0 (compatible; Googlebot/2.1; +http://www.google.com/bot.html)"
82.213.78.2 - - [28/Dec/2012:12:50:55 +0100] "GET /w00tw00t.at.blackhats.romanian.anti-sec:) HTTP/1.1" 404 346 "-" "ZmEu"
82.213.78.2 - - [28/Dec/2012:12:50:55 +0100] "GET /w00tw00t.at.blackhats.romanian.anti-sec:) HTTP/1.1" 404 346 "-" "ZmEu"
82.213.78.2 - - [28/Dec/2012:12:51:01 +0100] "GET /phpMyAdmin/scripts/setup.php HTTP/1.1" 404 333 "-" "ZmEu"
216.145.5.42 - - [28/Dec/2012:13:05:41 +0100] "GET /robots.txt HTTP/1.0" 404 334 "-" "Mozilla/5.0 (Windows; U; Windows NT 5.1; en; rv:1.9.0.13) Gecko/2009073022 Firefox/3.5.2 (.NET CLR 3.5.30729) SurveyBot/2.3 (DomainTools)"
216.145.5.42 - - [28/Dec/2012:13:05:42 +0100] "GET / HTTP/1.1" 200 1229 "http://whois.domaintools.com/schraeg-senkrechtaufzuege.de" "Mozilla/5.0 (Windows; U; Windows NT 5.1; en; rv:1.9.0.13) Gecko/2009073022 Firefox/3.5.2 (.NET CLR 3.5.30729) SurveyBot/2.3 (DomainTools)"
85.25.152.28 - - [28/Dec/2012:14:11:34 +0100] "GET / HTTP/1.1" 200 1229 "-" "Mozilla/4.0 (compatible; MSIE 6.0; Windows 98; Win 9x4.90)"
141.8.147.1 - - [28/Dec/2012:15:13:33 +0100] "GET /robots.txt HTTP/1.1" 404 322 "-" "Mozilla/5.0 (compatible; YandexBot/3.0; +http://yandex.com/bots)"
206.253.226.23 - - [28/Dec/2012:16:53:08 +0100] "HEAD / HTTP/1.1" 200 - "-" "Mozilla/5.0 (compatible; oBot/2.3.1; +http://filterdb.iss.net/crawler/)"
194.153.113.35 - - [28/Dec/2012:17:24:32 +0100] "HEAD / HTTP/1.1" 200 - "-" "Mozilla/5.0 (compatible; oBot/2.3.1; +http://filterdb.iss.net/crawler/)"
141.8.147.1 - - [28/Dec/2012:19:08:34 +0100] "GET / HTTP/1.1" 200 1229 "-" "Mozilla/5.0 (compatible; YandexBot/3.0; +http://yandex.com/bots)"
141.8.147.1 - - [28/Dec/2012:19:20:11 +0100] "GET /robots.txt HTTP/1.1" 404 328 "-" "Mozilla/5.0 (compatible; YandexBot/3.0; +http://yandex.com/bots)"
141.8.147.1 - - [28/Dec/2012:20:12:09 +0100] "GET / HTTP/1.1" 200 1229 "-" "Mozilla/5.0 (compatible; YandexBot/3.0; +http://yandex.com/bots)"
94.102.51.246 - - [29/Dec/2012:02:07:54 +0100] "GET http://24x7-allrequestsallowed.com/?PHPSESSID=7jy745aa00143SSQJ_W_EFBF%5CC HTTP/1.1" 200 1229 "-" "Mozilla/5.0 (Windows NT 6.1; rv:16.0) Gecko/20100101 Firefox/16.0"
194.153.113.7 - - [29/Dec/2012:02:17:15 +0100] "HEAD / HTTP/1.1" 200 - "-" "Mozilla/5.0 (compatible; oBot/2.3.1; +http://filterdb.iss.net/crawler/)"
198.20.69.98 - - [29/Dec/2012:02:32:53 +0100] "GET / HTTP/1.1" 200 1229 "-" "-"
198.20.69.98 - - [29/Dec/2012:02:32:53 +0100] "GET /robots.txt HTTP/1.1" 404 315 "-" "-"
141.8.147.1 - - [29/Dec/2012:03:16:13 +0100] "GET /robots.txt HTTP/1.1" 404 322 "-" "Mozilla/5.0 (compatible; YandexBot/3.0; +http://yandex.com/bots)"
141.8.147.1 - - [29/Dec/2012:03:41:46 +0100] "GET /robots.txt HTTP/1.1" 404 333 "-" "Mozilla/5.0 (compatible; YandexBot/3.0; +http://yandex.com/bots)"
46.165.197.151 - - [29/Dec/2012:05:56:44 +0100] "GET /robots.txt HTTP/1.0" 404 322 "-" "Mozilla/5.0 (compatible; MJ12bot/v1.4.3; http://www.majestic12.co.uk/bot.php?+)"
46.165.197.151 - - [29/Dec/2012:05:56:46 +0100] "GET / HTTP/1.0" 200 1229 "-" "Mozilla/5.0 (compatible; MJ12bot/v1.4.3; http://www.majestic12.co.uk/bot.php?+)"
217.69.133.69 - - [29/Dec/2012:06:25:50 +0100] "GET /robots.txt HTTP/1.0" 404 320 "-" "Mozilla/5.0 (compatible; Mail.RU_Bot/2.0; +http://go.mail.ru/help/robots)"
184.73.70.132 - - [29/Dec/2012:08:50:15 +0100] "GET / HTTP/1.1" 200 1229 "-" "Mozilla/5.0 (Windows NT 6.2; rv:9.0.1) Gecko/20100101 Firefox/9.0.1"
157.55.32.107 - - [29/Dec/2012:10:12:27 +0100] "GET /robots.txt HTTP/1.1" 404 320 "-" "Mozilla/5.0 (compatible; bingbot/2.0; +http://www.bing.com/bingbot.htm)"
157.55.32.107 - - [29/Dec/2012:10:14:08 +0100] "GET / HTTP/1.1" 200 1229 "-" "Mozilla/5.0 (compatible; bingbot/2.0; +http://www.bing.com/bingbot.htm)"
141.8.147.1 - - [29/Dec/2012:11:23:59 +0100] "GET / HTTP/1.1" 200 1229 "-" "Mozilla/5.0 (compatible; YandexBot/3.0; +http://yandex.com/bots)"
84.10.212.18 - - [29/Dec/2012:18:13:44 +0100] "GET /w00tw00t.at.ISC.SANS.DFind:) HTTP/1.1" 400 329 "-" "-"
84.10.212.18 - - [29/Dec/2012:18:13:44 +0100] "GET /w00tw00t.at.ISC.SANS.DFind:) HTTP/1.1" 400 329 "-" "-"
84.10.212.18 - - [29/Dec/2012:18:13:44 +0100] "GET /w00tw00t.at.ISC.SANS.DFind:) HTTP/1.1" 400 329 "-" "-"
84.10.212.18 - - [29/Dec/2012:18:13:44 +0100] "GET /w00tw00t.at.ISC.SANS.DFind:) HTTP/1.1" 400 329 "-" "-"
84.10.212.18 - - [29/Dec/2012:18:13:44 +0100] "GET /w00tw00t.at.ISC.SANS.DFind:) HTTP/1.1" 400 329 "-" "-"
84.10.212.18 - - [29/Dec/2012:18:13:44 +0100] "GET /w00tw00t.at.ISC.SANS.DFind:) HTTP/1.1" 400 329 "-" "-"
84.10.212.18 - - [29/Dec/2012:18:13:44 +0100] "GET /w00tw00t.at.ISC.SANS.DFind:) HTTP/1.1" 400 329 "-" "-"
84.10.212.18 - - [29/Dec/2012:18:13:44 +0100] "GET /w00tw00t.at.ISC.SANS.DFind:) HTTP/1.1" 400 329 "-" "-"
84.10.212.18 - - [29/Dec/2012:18:13:44 +0100] "GET /w00tw00t.at.ISC.SANS.DFind:) HTTP/1.1" 400 329 "-" "-"
84.10.212.18 - - [29/Dec/2012:18:13:44 +0100] "GET /w00tw00t.at.ISC.SANS.DFind:) HTTP/1.1" 400 329 "-" "-"
157.55.32.99 - - [29/Dec/2012:18:21:08 +0100] "GET /robots.txt HTTP/1.1" 404 320 "-" "Mozilla/5.0 (compatible; bingbot/2.0; +http://www.bing.com/bingbot.htm)"
157.55.32.99 - - [29/Dec/2012:18:22:41 +0100] "GET /Schmierstoffe.htm HTTP/1.1" 404 327 "-" "Mozilla/5.0 (compatible; bingbot/2.0; +http://www.bing.com/bingbot.htm)"
66.249.78.193 - - [29/Dec/2012:18:28:30 +0100] "GET /robots.txt HTTP/1.1" 404 327 "-" "Mozilla/5.0 (compatible; Googlebot/2.1; +http://www.google.com/bot.html)"
66.249.78.193 - - [29/Dec/2012:18:28:30 +0100] "GET / HTTP/1.1" 200 1229 "-" "Mozilla/5.0 (compatible; Googlebot/2.1; +http://www.google.com/bot.html)"
212.226.41.239 - - [29/Dec/2012:21:34:16 +0100] "GET /robots.txt HTTP/1.0" 404 320 "-" "Mozilla/5.0 (compatible; MJ12bot/v1.4.3; http://www.majestic12.co.uk/bot.php?+)"
212.226.41.239 - - [29/Dec/2012:21:34:19 +0100] "GET / HTTP/1.0" 200 1229 "-" "Mozilla/5.0 (compatible; MJ12bot/v1.4.3; http://www.majestic12.co.uk/bot.php?+)"
206.253.226.23 - - [29/Dec/2012:21:40:27 +0100] "HEAD / HTTP/1.1" 200 - "-" "Mozilla/5.0 (compatible; oBot/2.3.1; +http://filterdb.iss.net/crawler/)"
64.246.165.180 - - [29/Dec/2012:22:05:33 +0100] "GET /robots.txt HTTP/1.0" 404 328 "-" "Mozilla/5.0 (Windows; U; Windows NT 5.1; en; rv:1.9.0.13) Gecko/2009073022 Firefox/3.5.2 (.NET CLR 3.5.30729) SurveyBot/2.3 (DomainTools)"
64.246.165.180 - - [29/Dec/2012:22:05:33 +0100] "GET / HTTP/1.1" 200 1229 "http://whois.domaintools.com/xn--heizlberlin-ufb.de" "Mozilla/5.0 (Windows; U; Windows NT 5.1; en; rv:1.9.0.13) Gecko/2009073022 Firefox/3.5.2 (.NET CLR 3.5.30729) SurveyBot/2.3 (DomainTools)"
178.77.126.55 - - [29/Dec/2012:22:07:07 +0100] "GET /robots.txt HTTP/1.1" 404 320 "-" "Mozilla/5.0 (compatible; CareerBot/1.1; +http://www.career-x.de/bot.html)"
178.77.126.55 - - [29/Dec/2012:22:07:07 +0100] "GET / HTTP/1.1" 200 1229 "-" "Mozilla/5.0 (compatible; CareerBot/1.1; +http://www.career-x.de/bot.html)"
194.153.113.35 - - [29/Dec/2012:22:12:44 +0100] "HEAD / HTTP/1.1" 200 - "-" "Mozilla/5.0 (compatible; oBot/2.3.1; +http://filterdb.iss.net/crawler/)"
64.246.165.160 - - [29/Dec/2012:22:13:36 +0100] "GET /robots.txt HTTP/1.0" 404 334 "-" "Mozilla/5.0 (Windows; U; Windows NT 5.1; en; rv:1.9.0.13) Gecko/2009073022 Firefox/3.5.2 (.NET CLR 3.5.30729) SurveyBot/2.3 (DomainTools)"
64.246.165.160 - - [29/Dec/2012:22:13:36 +0100] "GET / HTTP/1.1" 200 1229 "http://whois.domaintools.com/xn--heizlpreiseberlin-2zb.de" "Mozilla/5.0 (Windows; U; Windows NT 5.1; en; rv:1.9.0.13) Gecko/2009073022 Firefox/3.5.2 (.NET CLR 3.5.30729) SurveyBot/2.3 (DomainTools)"
64.246.165.150 - - [29/Dec/2012:22:20:39 +0100] "GET /robots.txt HTTP/1.0" 404 333 "-" "Mozilla/5.0 (Windows; U; Windows NT 5.1; en; rv:1.9.0.13) Gecko/2009073022 Firefox/3.5.2 (.NET CLR 3.5.30729) SurveyBot/2.3 (DomainTools)"
64.246.165.150 - - [29/Dec/2012:22:20:40 +0100] "GET / HTTP/1.1" 200 1229 "http://whois.domaintools.com/xn--heizllieferungen-pwb.de" "Mozilla/5.0 (Windows; U; Windows NT 5.1; en; rv:1.9.0.13) Gecko/2009073022 Firefox/3.5.2 (.NET CLR 3.5.30729) SurveyBot/2.3 (DomainTools)"
64.246.165.150 - - [29/Dec/2012:22:23:36 +0100] "GET /robots.txt HTTP/1.0" 404 327 "-" "Mozilla/5.0 (Windows; U; Windows NT 5.1; en; rv:1.9.0.13) Gecko/2009073022 Firefox/3.5.2 (.NET CLR 3.5.30729) SurveyBot/2.3 (DomainTools)"
64.246.165.150 - - [29/Dec/2012:22:23:37 +0100] "GET / HTTP/1.1" 200 1229 "http://whois.domaintools.com/xn--essohndler-u5a.de" "Mozilla/5.0 (Windows; U; Windows NT 5.1; en; rv:1.9.0.13) Gecko/2009073022 Firefox/3.5.2 (.NET CLR 3.5.30729) SurveyBot/2.3 (DomainTools)"
173.242.124.160 - - [29/Dec/2012:22:37:48 +0100] "GET /robots.txt HTTP/1.0" 404 320 "-" "Mozilla/5.0 (compatible; MJ12bot/v1.4.3; http://www.majestic12.co.uk/bot.php?+)"
173.242.124.160 - - [29/Dec/2012:22:37:50 +0100] "GET / HTTP/1.0" 200 1229 "-" "Mozilla/5.0 (compatible; MJ12bot/v1.4.3; http://www.majestic12.co.uk/bot.php?+)"
64.246.178.34 - - [29/Dec/2012:22:38:59 +0100] "GET /robots.txt HTTP/1.0" 404 337 "-" "Mozilla/5.0 (Windows; U; Windows NT 5.1; en; rv:1.9.0.13) Gecko/2009073022 Firefox/3.5.2 (.NET CLR 3.5.30729) SurveyBot/2.3 (DomainTools)"
64.246.178.34 - - [29/Dec/2012:22:38:59 +0100] "GET / HTTP/1.1" 200 1229 "http://whois.domaintools.com/xn--heizllieferantberlin-69b.de" "Mozilla/5.0 (Windows; U; Windows NT 5.1; en; rv:1.9.0.13) Gecko/2009073022 Firefox/3.5.2 (.NET CLR 3.5.30729) SurveyBot/2.3 (DomainTools)"
46.165.197.151 - - [29/Dec/2012:22:51:22 +0100] "GET /robots.txt HTTP/1.0" 404 320 "-" "Mozilla/5.0 (compatible; MJ12bot/v1.4.3; http://www.majestic12.co.uk/bot.php?+)"
46.165.197.151 - - [29/Dec/2012:22:51:23 +0100] "GET / HTTP/1.0" 200 1229 "-" "Mozilla/5.0 (compatible; MJ12bot/v1.4.3; http://www.majestic12.co.uk/bot.php?+)"
184.154.48.82 - - [29/Dec/2012:22:55:17 +0100] "GET /robots.txt HTTP/1.0" 404 320 "-" "Mozilla/5.0 (compatible; MJ12bot/v1.4.3; http://www.majestic12.co.uk/bot.php?+)"
184.154.48.82 - - [29/Dec/2012:22:55:18 +0100] "GET / HTTP/1.0" 200 1229 "-" "Mozilla/5.0 (compatible; MJ12bot/v1.4.3; http://www.majestic12.co.uk/bot.php?+)"
78.30.200.81 - - [29/Dec/2012:23:06:25 +0100] "GET /robots.txt HTTP/1.0" 404 320 "-" "Mozilla/5.0 (compatible; MJ12bot/v1.4.3; http://www.majestic12.co.uk/bot.php?+)"
78.30.200.81 - - [29/Dec/2012:23:06:26 +0100] "GET / HTTP/1.0" 200 1229 "-" "Mozilla/5.0 (compatible; MJ12bot/v1.4.3; http://www.majestic12.co.uk/bot.php?+)"
66.112.55.170 - - [29/Dec/2012:23:22:51 +0100] "GET /robots.txt HTTP/1.0" 404 320 "-" "Mozilla/5.0 (compatible; MJ12bot/v1.4.3; http://www.majestic12.co.uk/bot.php?+)"
66.112.55.170 - - [29/Dec/2012:23:22:56 +0100] "GET / HTTP/1.0" 200 1229 "-" "Mozilla/5.0 (compatible; MJ12bot/v1.4.3; http://www.majestic12.co.uk/bot.php?+)"
24.230.53.3 - - [29/Dec/2012:23:25:33 +0100] "GET /robots.txt HTTP/1.0" 404 320 "-" "Mozilla/5.0 (compatible; MJ12bot/v1.4.3; http://www.majestic12.co.uk/bot.php?+)"
24.230.53.3 - - [29/Dec/2012:23:25:35 +0100] "GET / HTTP/1.1" 200 1229 "-" "Mozilla/5.0 (compatible; MJ12bot/v1.4.3; http://www.majestic12.co.uk/bot.php?+)"
173.242.124.160 - - [29/Dec/2012:23:38:48 +0100] "GET /robots.txt HTTP/1.0" 404 320 "-" "Mozilla/5.0 (compatible; MJ12bot/v1.4.3; http://www.majestic12.co.uk/bot.php?+)"
173.242.124.160 - - [29/Dec/2012:23:38:50 +0100] "GET / HTTP/1.0" 200 1229 "-" "Mozilla/5.0 (compatible; MJ12bot/v1.4.3; http://www.majestic12.co.uk/bot.php?+)"
64.246.165.150 - - [29/Dec/2012:23:47:47 +0100] "GET /robots.txt HTTP/1.0" 404 325 "-" "Mozilla/5.0 (Windows; U; Windows NT 5.1; en; rv:1.9.0.13) Gecko/2009073022 Firefox/3.5.2 (.NET CLR 3.5.30729) SurveyBot/2.3 (DomainTools)"
64.246.165.150 - - [29/Dec/2012:23:47:48 +0100] "GET / HTTP/1.1" 200 1229 "http://whois.domaintools.com/xn--premiuml-t4a.de" "Mozilla/5.0 (Windows; U; Windows NT 5.1; en; rv:1.9.0.13) Gecko/2009073022 Firefox/3.5.2 (.NET CLR 3.5.30729) SurveyBot/2.3 (DomainTools)"
95.96.224.110 - - [29/Dec/2012:23:53:49 +0100] "GET /robots.txt HTTP/1.0" 404 320 "-" "Mozilla/5.0 (compatible; MJ12bot/v1.4.3; http://www.majestic12.co.uk/bot.php?+)"
95.96.224.110 - - [29/Dec/2012:23:53:50 +0100] "GET / HTTP/1.1" 200 1229 "-" "Mozilla/5.0 (compatible; MJ12bot/v1.4.3; http://www.majestic12.co.uk/bot.php?+)"
178.25.93.230 - - [30/Dec/2012:00:07:58 +0100] "GET /robots.txt HTTP/1.0" 404 320 "-" "Mozilla/5.0 (compatible; MJ12bot/v1.4.3; http://www.majestic12.co.uk/bot.php?+)"
178.25.93.230 - - [30/Dec/2012:00:07:59 +0100] "GET / HTTP/1.1" 200 1229 "-" "Mozilla/5.0 (compatible; MJ12bot/v1.4.3; http://www.majestic12.co.uk/bot.php?+)"
173.236.21.106 - - [30/Dec/2012:00:09:21 +0100] "GET /robots.txt HTTP/1.0" 404 320 "-" "Mozilla/5.0 (compatible; MJ12bot/v1.4.3; http://www.majestic12.co.uk/bot.php?+)"
173.236.21.106 - - [30/Dec/2012:00:09:23 +0100] "GET / HTTP/1.0" 200 1229 "-" "Mozilla/5.0 (compatible; MJ12bot/v1.4.3; http://www.majestic12.co.uk/bot.php?+)"
78.30.200.81 - - [30/Dec/2012:00:12:36 +0100] "GET /robots.txt HTTP/1.0" 404 320 "-" "Mozilla/5.0 (compatible; MJ12bot/v1.4.3; http://www.majestic12.co.uk/bot.php?+)"
78.30.200.81 - - [30/Dec/2012:00:12:38 +0100] "GET / HTTP/1.0" 200 1229 "-" "Mozilla/5.0 (compatible; MJ12bot/v1.4.3; http://www.majestic12.co.uk/bot.php?+)"
46.119.124.93 - - [30/Dec/2012:00:21:21 +0100] "GET /robots.txt HTTP/1.0" 404 320 "-" "Mozilla/5.0 (compatible; MJ12bot/v1.4.3; http://www.majestic12.co.uk/bot.php?+)"
46.119.124.93 - - [30/Dec/2012:00:21:23 +0100] "GET / HTTP/1.1" 200 1229 "-" "Mozilla/5.0 (compatible; MJ12bot/v1.4.3; http://www.majestic12.co.uk/bot.php?+)"
46.165.197.151 - - [30/Dec/2012:00:27:47 +0100] "GET /robots.txt HTTP/1.0" 404 320 "-" "Mozilla/5.0 (compatible; MJ12bot/v1.4.3; http://www.majestic12.co.uk/bot.php?+)"
46.165.197.151 - - [30/Dec/2012:00:27:49 +0100] "GET / HTTP/1.0" 200 1229 "-" "Mozilla/5.0 (compatible; MJ12bot/v1.4.3; http://www.majestic12.co.uk/bot.php?+)"
78.30.200.81 - - [30/Dec/2012:00:41:58 +0100] "GET /robots.txt HTTP/1.0" 404 320 "-" "Mozilla/5.0 (compatible; MJ12bot/v1.4.3; http://www.majestic12.co.uk/bot.php?+)"
78.30.200.81 - - [30/Dec/2012:00:42:00 +0100] "GET / HTTP/1.0" 200 1229 "-" "Mozilla/5.0 (compatible; MJ12bot/v1.4.3; http://www.majestic12.co.uk/bot.php?+)"
31.31.73.162 - - [30/Dec/2012:00:46:18 +0100] "GET /robots.txt HTTP/1.0" 404 320 "-" "Mozilla/5.0 (compatible; MJ12bot/v1.4.3; http://www.majestic12.co.uk/bot.php?+)"
31.31.73.162 - - [30/Dec/2012:00:46:25 +0100] "GET / HTTP/1.0" 200 1229 "-" "Mozilla/5.0 (compatible; MJ12bot/v1.4.3; http://www.majestic12.co.uk/bot.php?+)"
94.102.51.246 - - [30/Dec/2012:01:07:41 +0100] "GET http://24x7-allrequestsallowed.com/?PHPSESSID=7jy745aa00143SSQJ_W_EFBF%5CN HTTP/1.1" 200 1229 "-" "Mozilla/5.0 (Windows NT 6.1; rv:16.0) Gecko/20100101 Firefox/16.0"
89.27.65.106 - - [30/Dec/2012:01:12:33 +0100] "GET /robots.txt HTTP/1.0" 404 320 "-" "Mozilla/5.0 (compatible; MJ12bot/v1.4.3; http://www.majestic12.co.uk/bot.php?+)"
89.27.65.106 - - [30/Dec/2012:01:12:35 +0100] "GET / HTTP/1.1" 200 1229 "-" "Mozilla/5.0 (compatible; MJ12bot/v1.4.3; http://www.majestic12.co.uk/bot.php?+)"
94.23.42.135 - - [30/Dec/2012:01:16:36 +0100] "GET /robots.txt HTTP/1.0" 404 320 "-" "Mozilla/5.0 (compatible; MJ12bot/v1.4.3; http://www.majestic12.co.uk/bot.php?+)"
94.23.42.135 - - [30/Dec/2012:01:16:48 +0100] "GET / HTTP/1.0" 200 1229 "-" "Mozilla/5.0 (compatible; MJ12bot/v1.4.3; http://www.majestic12.co.uk/bot.php?+)"
188.165.248.204 - - [30/Dec/2012:01:29:00 +0100] "GET /robots.txt HTTP/1.0" 404 320 "-" "Mozilla/5.0 (compatible; MJ12bot/v1.4.3; http://www.majestic12.co.uk/bot.php?+)"
188.165.248.204 - - [30/Dec/2012:01:29:02 +0100] "GET / HTTP/1.0" 200 1229 "-" "Mozilla/5.0 (compatible; MJ12bot/v1.4.3; http://www.majestic12.co.uk/bot.php?+)"
178.25.93.230 - - [30/Dec/2012:01:39:27 +0100] "GET /robots.txt HTTP/1.0" 404 320 "-" "Mozilla/5.0 (compatible; MJ12bot/v1.4.3; http://www.majestic12.co.uk/bot.php?+)"
178.25.93.230 - - [30/Dec/2012:01:39:28 +0100] "GET / HTTP/1.1" 200 1229 "-" "Mozilla/5.0 (compatible; MJ12bot/v1.4.3; http://www.majestic12.co.uk/bot.php?+)"
64.56.64.136 - - [30/Dec/2012:01:45:20 +0100] "GET /robots.txt HTTP/1.0" 404 320 "-" "Mozilla/5.0 (compatible; MJ12bot/v1.4.3; http://www.majestic12.co.uk/bot.php?+)"
64.56.64.136 - - [30/Dec/2012:01:45:23 +0100] "GET / HTTP/1.0" 200 1229 "-" "Mozilla/5.0 (compatible; MJ12bot/v1.4.3; http://www.majestic12.co.uk/bot.php?+)"
5.9.107.48 - - [30/Dec/2012:01:58:36 +0100] "GET /robots.txt HTTP/1.0" 404 320 "-" "Mozilla/5.0 (compatible; MJ12bot/v1.4.3; http://www.majestic12.co.uk/bot.php?+)"
5.9.107.48 - - [30/Dec/2012:01:58:38 +0100] "GET / HTTP/1.0" 200 1229 "-" "Mozilla/5.0 (compatible; MJ12bot/v1.4.3; http://www.majestic12.co.uk/bot.php?+)"
78.30.200.81 - - [30/Dec/2012:02:12:04 +0100] "GET /robots.txt HTTP/1.0" 404 320 "-" "Mozilla/5.0 (compatible; MJ12bot/v1.4.3; http://www.majestic12.co.uk/bot.php?+)"
78.30.200.81 - - [30/Dec/2012:02:12:05 +0100] "GET / HTTP/1.0" 200 1229 "-" "Mozilla/5.0 (compatible; MJ12bot/v1.4.3; http://www.majestic12.co.uk/bot.php?+)"
83.149.126.98 - - [30/Dec/2012:02:25:28 +0100] "GET /robots.txt HTTP/1.0" 404 320 "-" "Mozilla/5.0 (compatible; MJ12bot/v1.4.3; http://www.majestic12.co.uk/bot.php?+)"
83.149.126.98 - - [30/Dec/2012:02:25:29 +0100] "GET / HTTP/1.0" 200 1229 "-" "Mozilla/5.0 (compatible; MJ12bot/v1.4.3; http://www.majestic12.co.uk/bot.php?+)"
178.25.93.230 - - [30/Dec/2012:02:31:07 +0100] "GET /robots.txt HTTP/1.0" 404 320 "-" "Mozilla/5.0 (compatible; MJ12bot/v1.4.3; http://www.majestic12.co.uk/bot.php?+)"
178.25.93.230 - - [30/Dec/2012:02:31:09 +0100] "GET / HTTP/1.1" 200 1229 "-" "Mozilla/5.0 (compatible; MJ12bot/v1.4.3; http://www.majestic12.co.uk/bot.php?+)"
46.142.61.54 - - [30/Dec/2012:03:01:21 +0100] "GET /robots.txt HTTP/1.0" 404 320 "-" "Mozilla/5.0 (compatible; MJ12bot/v1.4.3; http://www.majestic12.co.uk/bot.php?+)"
46.142.61.54 - - [30/Dec/2012:03:01:23 +0100] "GET / HTTP/1.1" 200 1229 "-" "Mozilla/5.0 (compatible; MJ12bot/v1.4.3; http://www.majestic12.co.uk/bot.php?+)"
157.55.34.166 - - [30/Dec/2012:03:05:12 +0100] "GET /robots.txt HTTP/1.1" 404 322 "-" "Mozilla/5.0 (compatible; bingbot/2.0; +http://www.bing.com/bingbot.htm)"
157.55.34.166 - - [30/Dec/2012:03:06:49 +0100] "GET / HTTP/1.1" 304 - "-" "Mozilla/5.0 (compatible; bingbot/2.0; +http://www.bing.com/bingbot.htm)"
95.34.239.151 - - [30/Dec/2012:04:26:05 +0100] "GET /robots.txt HTTP/1.0" 404 320 "-" "Mozilla/5.0 (compatible; MJ12bot/v1.4.3; http://www.majestic12.co.uk/bot.php?+)"
95.34.239.151 - - [30/Dec/2012:04:26:07 +0100] "GET / HTTP/1.0" 200 1229 "-" "Mozilla/5.0 (compatible; MJ12bot/v1.4.3; http://www.majestic12.co.uk/bot.php?+)"
5.9.6.231 - - [30/Dec/2012:04:34:27 +0100] "GET / HTTP/1.1" 200 1229 "-" "Mozilla/5.0 (Windows NT 6.1; rv:8.0) Gecko/20100101 Firefox/8.0"
5.9.6.231 - - [30/Dec/2012:04:34:29 +0100] "GET / HTTP/1.1" 200 1229 "-" "Mozilla/5.0 (iPhone; U; CPU iPhone OS 3_0 like Mac OS X; en-us) AppleWebKit/528.18 (KHTML, like Gecko) Version/4.0 Mobile/7A341 Safari/528.16"
5.9.6.231 - - [30/Dec/2012:04:34:31 +0100] "GET / HTTP/1.1" 200 1229 "-" "Mozilla/5.0 (Windows NT 6.1; rv:8.0) Gecko/20100101 Firefox/8.0"
78.30.200.81 - - [30/Dec/2012:04:40:54 +0100] "GET /robots.txt HTTP/1.0" 404 320 "-" "Mozilla/5.0 (compatible; MJ12bot/v1.4.3; http://www.majestic12.co.uk/bot.php?+)"
