157.55.32.147 - - [01/Dec/2012:00:45:37 +0100] "GET /robots.txt HTTP/1.1" 404 320 "-" "Mozilla/5.0 (compatible; bingbot/2.0; +http://www.bing.com/bingbot.htm)"
157.55.32.147 - - [01/Dec/2012:00:50:59 +0100] "GET / HTTP/1.1" 304 - "-" "Mozilla/5.0 (compatible; bingbot/2.0; +http://www.bing.com/bingbot.htm)"
78.46.109.71 - - [01/Dec/2012:01:42:12 +0100] "GET / HTTP/1.1" 200 1229 "-" "-"
91.66.184.220 - - [01/Dec/2012:01:56:57 +0100] "GET / HTTP/1.1" 200 1229 "-" "-"
94.23.45.14 - - [01/Dec/2012:02:08:46 +0100] "HEAD / HTTP/1.0" 200 - "-" "-"
222.134.200.46 - - [01/Dec/2012:04:59:54 +0100] "GET /manager/html HTTP/1.1" 404 317 "-" "Mozilla/3.0 (compatible; Indy Library)"
184.154.42.194 - - [01/Dec/2012:06:10:37 +0100] "GET / HTTP/1.0" 200 1229 "-" "-"
62.31.187.155 - - [01/Dec/2012:06:29:31 +0100] "GET /robots.txt HTTP/1.0" 404 320 "-" "Mozilla/5.0 (compatible; MJ12bot/v1.4.3; http://www.majestic12.co.uk/bot.php?+)"
62.31.187.155 - - [01/Dec/2012:06:29:32 +0100] "GET /Heizoel-Berlin.htm HTTP/1.0" 404 328 "-" "Mozilla/5.0 (compatible; MJ12bot/v1.4.3; http://www.majestic12.co.uk/bot.php?+)"
62.31.187.155 - - [01/Dec/2012:06:29:34 +0100] "GET /seiten/datenschutz.php HTTP/1.0" 404 332 "-" "Mozilla/5.0 (compatible; MJ12bot/v1.4.3; http://www.majestic12.co.uk/bot.php?+)"
62.31.187.155 - - [01/Dec/2012:06:29:36 +0100] "GET /seiten/kontakt.php HTTP/1.0" 404 328 "-" "Mozilla/5.0 (compatible; MJ12bot/v1.4.3; http://www.majestic12.co.uk/bot.php?+)"
62.31.187.155 - - [01/Dec/2012:06:29:38 +0100] "GET /seiten/produkte_hzoel.php HTTP/1.0" 404 335 "-" "Mozilla/5.0 (compatible; MJ12bot/v1.4.3; http://www.majestic12.co.uk/bot.php?+)"
178.154.179.250 - - [01/Dec/2012:09:43:31 +0100] "GET /robots.txt HTTP/1.1" 404 322 "-" "Mozilla/5.0 (compatible; YandexBot/3.0; +http://yandex.com/bots)"
222.168.48.197 - - [01/Dec/2012:10:03:33 +0100] "GET /w00tw00t.at.blackhats.romanian.anti-sec:) HTTP/1.1" 404 346 "-" "ZmEu"
222.168.48.197 - - [01/Dec/2012:10:03:34 +0100] "GET /w00tw00t.at.blackhats.romanian.anti-sec:) HTTP/1.1" 404 346 "-" "ZmEu"
222.168.48.197 - - [01/Dec/2012:10:03:34 +0100] "GET /w00tw00t.at.blackhats.romanian.anti-sec:) HTTP/1.1" 404 346 "-" "ZmEu"
222.168.48.197 - - [01/Dec/2012:10:03:35 +0100] "GET /w00tw00t.at.blackhats.romanian.anti-sec:) HTTP/1.1" 404 346 "-" "ZmEu"
222.168.48.197 - - [01/Dec/2012:10:03:35 +0100] "GET /w00tw00t.at.blackhats.romanian.anti-sec:) HTTP/1.1" 404 346 "-" "ZmEu"
222.168.48.197 - - [01/Dec/2012:10:03:35 +0100] "GET /w00tw00t.at.blackhats.romanian.anti-sec:) HTTP/1.1" 404 346 "-" "ZmEu"
222.168.48.197 - - [01/Dec/2012:10:03:36 +0100] "GET /w00tw00t.at.blackhats.romanian.anti-sec:) HTTP/1.1" 404 346 "-" "ZmEu"
222.168.48.197 - - [01/Dec/2012:10:03:36 +0100] "GET /w00tw00t.at.blackhats.romanian.anti-sec:) HTTP/1.1" 404 346 "-" "ZmEu"
222.168.48.197 - - [01/Dec/2012:10:03:40 +0100] "GET /phpMyAdmin/scripts/setup.php HTTP/1.1" 404 333 "-" "ZmEu"
222.168.48.197 - - [01/Dec/2012:10:03:40 +0100] "GET /phpmyadmin/scripts/setup.php HTTP/1.1" 404 333 "-" "ZmEu"
222.168.48.197 - - [01/Dec/2012:10:03:40 +0100] "GET /phpMyAdmin/scripts/setup.php HTTP/1.1" 404 333 "-" "ZmEu"
222.168.48.197 - - [01/Dec/2012:10:03:41 +0100] "GET /phpMyAdmin/scripts/setup.php HTTP/1.1" 404 333 "-" "ZmEu"
222.168.48.197 - - [01/Dec/2012:10:03:44 +0100] "GET /phpmyadmin/scripts/setup.php HTTP/1.1" 404 333 "-" "ZmEu"
222.168.48.197 - - [01/Dec/2012:10:03:46 +0100] "GET /pma/scripts/setup.php HTTP/1.1" 404 326 "-" "ZmEu"
178.154.179.250 - - [01/Dec/2012:15:05:25 +0100] "GET / HTTP/1.1" 200 1229 "-" "Mozilla/5.0 (compatible; YandexBot/3.0; +http://yandex.com/bots)"
65.55.213.73 - - [01/Dec/2012:15:20:54 +0100] "GET /robots.txt HTTP/1.1" 404 320 "-" "msnbot/2.0b (+http://search.msn.com/msnbot.htm)"
65.55.213.73 - - [01/Dec/2012:15:20:54 +0100] "GET / HTTP/1.1" 200 1229 "-" "msnbot/2.0b (+http://search.msn.com/msnbot.htm)"
178.77.126.55 - - [01/Dec/2012:17:05:43 +0100] "GET /robots.txt HTTP/1.1" 404 320 "-" "Mozilla/5.0 (compatible; CareerBot/1.1; +http://www.career-x.de/bot.html)"
178.77.126.55 - - [01/Dec/2012:17:05:43 +0100] "GET / HTTP/1.1" 200 1229 "-" "Mozilla/5.0 (compatible; CareerBot/1.1; +http://www.career-x.de/bot.html)"
64.246.165.10 - - [01/Dec/2012:19:25:47 +0100] "GET /robots.txt HTTP/1.0" 404 333 "-" "Mozilla/5.0 (Windows; U; Windows NT 5.1; en; rv:1.9.0.13) Gecko/2009073022 Firefox/3.5.2 (.NET CLR 3.5.30729) SurveyBot/2.3 (DomainTools)"
64.246.165.10 - - [01/Dec/2012:19:25:48 +0100] "GET / HTTP/1.1" 200 1229 "http://whois.domaintools.com/xn--heizllieferungen-pwb.de" "Mozilla/5.0 (Windows; U; Windows NT 5.1; en; rv:1.9.0.13) Gecko/2009073022 Firefox/3.5.2 (.NET CLR 3.5.30729) SurveyBot/2.3 (DomainTools)"
64.246.165.200 - - [01/Dec/2012:19:26:03 +0100] "GET /robots.txt HTTP/1.0" 404 337 "-" "Mozilla/5.0 (Windows; U; Windows NT 5.1; en; rv:1.9.0.13) Gecko/2009073022 Firefox/3.5.2 (.NET CLR 3.5.30729) SurveyBot/2.3 (DomainTools)"
64.246.165.200 - - [01/Dec/2012:19:26:04 +0100] "GET / HTTP/1.1" 200 1229 "http://whois.domaintools.com/xn--heizllieferantberlin-69b.de" "Mozilla/5.0 (Windows; U; Windows NT 5.1; en; rv:1.9.0.13) Gecko/2009073022 Firefox/3.5.2 (.NET CLR 3.5.30729) SurveyBot/2.3 (DomainTools)"
216.145.14.142 - - [01/Dec/2012:20:49:08 +0100] "GET /robots.txt HTTP/1.0" 404 334 "-" "Mozilla/5.0 (Windows; U; Windows NT 5.1; en; rv:1.9.0.13) Gecko/2009073022 Firefox/3.5.2 (.NET CLR 3.5.30729) SurveyBot/2.3 (DomainTools)"
216.145.14.142 - - [01/Dec/2012:20:49:08 +0100] "GET / HTTP/1.1" 200 1229 "http://whois.domaintools.com/xn--heizlpreiseberlin-2zb.de" "Mozilla/5.0 (Windows; U; Windows NT 5.1; en; rv:1.9.0.13) Gecko/2009073022 Firefox/3.5.2 (.NET CLR 3.5.30729) SurveyBot/2.3 (DomainTools)"
216.145.17.190 - - [01/Dec/2012:21:42:39 +0100] "GET /robots.txt HTTP/1.0" 404 327 "-" "Mozilla/5.0 (Windows; U; Windows NT 5.1; en; rv:1.9.0.13) Gecko/2009073022 Firefox/3.5.2 (.NET CLR 3.5.30729) SurveyBot/2.3 (DomainTools)"
216.145.17.190 - - [01/Dec/2012:21:42:39 +0100] "GET / HTTP/1.1" 200 1229 "http://whois.domaintools.com/xn--essohndler-u5a.de" "Mozilla/5.0 (Windows; U; Windows NT 5.1; en; rv:1.9.0.13) Gecko/2009073022 Firefox/3.5.2 (.NET CLR 3.5.30729) SurveyBot/2.3 (DomainTools)"
216.145.5.42 - - [01/Dec/2012:22:06:07 +0100] "GET /robots.txt HTTP/1.0" 404 325 "-" "Mozilla/5.0 (Windows; U; Windows NT 5.1; en; rv:1.9.0.13) Gecko/2009073022 Firefox/3.5.2 (.NET CLR 3.5.30729) SurveyBot/2.3 (DomainTools)"
216.145.5.42 - - [01/Dec/2012:22:06:07 +0100] "GET / HTTP/1.1" 200 1229 "http://whois.domaintools.com/xn--premiuml-t4a.de" "Mozilla/5.0 (Windows; U; Windows NT 5.1; en; rv:1.9.0.13) Gecko/2009073022 Firefox/3.5.2 (.NET CLR 3.5.30729) SurveyBot/2.3 (DomainTools)"
64.246.187.42 - - [01/Dec/2012:22:45:01 +0100] "GET /robots.txt HTTP/1.0" 404 328 "-" "Mozilla/5.0 (Windows; U; Windows NT 5.1; en; rv:1.9.0.13) Gecko/2009073022 Firefox/3.5.2 (.NET CLR 3.5.30729) SurveyBot/2.3 (DomainTools)"
64.246.187.42 - - [01/Dec/2012:22:45:02 +0100] "GET / HTTP/1.1" 200 1229 "http://whois.domaintools.com/xn--heizlberlin-ufb.de" "Mozilla/5.0 (Windows; U; Windows NT 5.1; en; rv:1.9.0.13) Gecko/2009073022 Firefox/3.5.2 (.NET CLR 3.5.30729) SurveyBot/2.3 (DomainTools)"
173.242.124.160 - - [02/Dec/2012:01:44:19 +0100] "GET /robots.txt HTTP/1.0" 404 320 "-" "Mozilla/5.0 (compatible; MJ12bot/v1.4.3; http://www.majestic12.co.uk/bot.php?+)"
173.242.124.160 - - [02/Dec/2012:01:44:21 +0100] "GET / HTTP/1.0" 200 1229 "-" "Mozilla/5.0 (compatible; MJ12bot/v1.4.3; http://www.majestic12.co.uk/bot.php?+)"
194.153.113.35 - - [02/Dec/2012:02:33:03 +0100] "HEAD / HTTP/1.1" 200 - "-" "Mozilla/5.0 (compatible; oBot/2.3.1; +http://filterdb.iss.net/crawler/)"
194.153.113.35 - - [02/Dec/2012:02:33:03 +0100] "GET / HTTP/1.1" 200 1229 "-" "Mozilla/5.0 (compatible; oBot/2.3.1; +http://filterdb.iss.net/crawler/)"
94.102.51.246 - - [02/Dec/2012:04:08:02 +0100] "GET http://24x7-allrequestsallowed.com/?PHPSESSID=7ab745aa00143SSQJ_W_EFBF%5CD HTTP/1.1" 200 1229 "-" "Mozilla/5.0 (Windows; U; Windows NT 5.0; en-US; rv:1.8.1.12) Gecko/20080201 Firefox/2.0.0.12"
157.55.32.147 - - [02/Dec/2012:05:40:03 +0100] "GET /robots.txt HTTP/1.1" 404 320 "-" "Mozilla/5.0 (compatible; bingbot/2.0; +http://www.bing.com/bingbot.htm)"
157.55.32.147 - - [02/Dec/2012:05:41:44 +0100] "GET /Heizoel-Berlin.html HTTP/1.1" 404 329 "-" "Mozilla/5.0 (compatible; bingbot/2.0; +http://www.bing.com/bingbot.htm)"
178.154.179.250 - - [02/Dec/2012:13:31:42 +0100] "GET /robots.txt HTTP/1.1" 404 327 "-" "Mozilla/5.0 (compatible; YandexBot/3.0; +http://yandex.com/bots)"
84.190.223.73 - - [02/Dec/2012:14:07:10 +0100] "GET / HTTP/1.1" 200 1229 "-" "Mozilla/4.0 (compatible; MSIE 8.0; Windows NT 6.1; Trident/4.0; SLCC2; .NET CLR 2.0.50727; .NET CLR 3.5.30729; .NET CLR 3.0.30729; Media Center PC 6.0; Tablet PC 2.0; MAMD; .NET4.0C; BRI/2)"
65.55.213.73 - - [02/Dec/2012:15:08:59 +0100] "GET /robots.txt HTTP/1.1" 404 320 "-" "msnbot/2.0b (+http://search.msn.com/msnbot.htm)"
65.55.213.73 - - [02/Dec/2012:15:09:00 +0100] "GET / HTTP/1.1" 200 1229 "-" "msnbot/2.0b (+http://search.msn.com/msnbot.htm)"
157.55.33.18 - - [02/Dec/2012:15:20:03 +0100] "GET /robots.txt HTTP/1.1" 404 322 "-" "Mozilla/5.0 (compatible; bingbot/2.0; +http://www.bing.com/bingbot.htm)"
157.55.33.18 - - [02/Dec/2012:15:22:55 +0100] "GET / HTTP/1.1" 200 1229 "-" "Mozilla/5.0 (compatible; bingbot/2.0; +http://www.bing.com/bingbot.htm)"
50.57.46.237 - - [02/Dec/2012:19:23:34 +0100] "HEAD / HTTP/1.0" 200 - "-" "-"
50.57.46.237 - - [02/Dec/2012:19:23:34 +0100] "HEAD / HTTP/1.0" 200 - "-" "-"
50.57.46.237 - - [02/Dec/2012:19:23:34 +0100] "HEAD / HTTP/1.0" 200 - "-" "-"
50.57.46.237 - - [02/Dec/2012:19:23:34 +0100] "HEAD / HTTP/1.0" 200 - "-" "-"
50.57.46.237 - - [02/Dec/2012:19:23:34 +0100] "HEAD / HTTP/1.0" 200 - "-" "-"
50.57.46.237 - - [02/Dec/2012:19:23:34 +0100] "HEAD / HTTP/1.0" 200 - "-" "-"
50.57.46.237 - - [02/Dec/2012:19:23:34 +0100] "HEAD / HTTP/1.0" 200 - "-" "-"
50.57.46.237 - - [02/Dec/2012:19:23:34 +0100] "HEAD / HTTP/1.0" 200 - "-" "-"
50.57.46.237 - - [02/Dec/2012:19:23:34 +0100] "HEAD / HTTP/1.0" 200 - "-" "-"
50.57.46.237 - - [02/Dec/2012:19:23:34 +0100] "HEAD / HTTP/1.0" 200 - "-" "-"
178.154.179.250 - - [02/Dec/2012:21:51:26 +0100] "GET / HTTP/1.1" 200 1229 "-" "Mozilla/5.0 (compatible; YandexBot/3.0; +http://yandex.com/bots)"
178.154.179.250 - - [02/Dec/2012:22:34:53 +0100] "GET /robots.txt HTTP/1.1" 404 328 "-" "Mozilla/5.0 (compatible; YandexBot/3.0; +http://yandex.com/bots)"
94.102.51.246 - - [03/Dec/2012:03:08:49 +0100] "GET http://24x7-allrequestsallowed.com/?PHPSESSID=7ab745aa00143SSQJ_W_EFBF%5CO HTTP/1.1" 200 1229 "-" "Mozilla/5.0 (Windows; U; Windows NT 5.0; en-US; rv:1.8.1.12) Gecko/20080201 Firefox/2.0.0.12"
178.154.179.250 - - [03/Dec/2012:04:37:49 +0100] "GET / HTTP/1.1" 200 1229 "-" "Mozilla/5.0 (compatible; YandexBot/3.0; +http://yandex.com/bots)"
66.249.73.150 - - [03/Dec/2012:05:34:36 +0100] "GET /robots.txt HTTP/1.1" 404 322 "-" "Mozilla/5.0 (compatible; Googlebot/2.1; +http://www.google.com/bot.html)"
66.249.73.150 - - [03/Dec/2012:05:34:36 +0100] "GET / HTTP/1.1" 200 1229 "-" "Mozilla/5.0 (iPhone; U; CPU iPhone OS 4_1 like Mac OS X; en-us) AppleWebKit/532.9 (KHTML, like Gecko) Version/4.0.5 Mobile/8B117 Safari/6531.22.7 (compatible; Googlebot-Mobile/2.1; +http://www.google.com/bot.html)"
178.154.179.250 - - [03/Dec/2012:08:48:05 +0100] "GET /robots.txt HTTP/1.1" 404 320 "-" "Mozilla/5.0 (compatible; YandexBot/3.0; +http://yandex.com/bots)"
66.249.73.140 - - [03/Dec/2012:09:44:37 +0100] "GET /robots.txt HTTP/1.1" 404 320 "-" "Mozilla/5.0 (compatible; Googlebot/2.1; +http://www.google.com/bot.html)"
66.249.73.140 - - [03/Dec/2012:09:44:37 +0100] "GET / HTTP/1.1" 200 1229 "-" "Mozilla/5.0 (iPhone; U; CPU iPhone OS 4_1 like Mac OS X; en-us) AppleWebKit/532.9 (KHTML, like Gecko) Version/4.0.5 Mobile/8B117 Safari/6531.22.7 (compatible; Googlebot-Mobile/2.1; +http://www.google.com/bot.html)"
83.133.125.202 - - [03/Dec/2012:09:53:44 +0100] "GET / HTTP/1.1" 200 1229 "http://www.bigfinder.de/home-11.html" "T-Online Browser"
83.133.125.202 - - [03/Dec/2012:09:54:07 +0100] "GET / HTTP/1.1" 200 1229 "http://www.bigfinder.de/home-11.html" "Mozilla/4.0 (compatible; MSIE 8.0; Windows NT 6.1; Trident/4.0; SLCC2; .NET CLR 2.0.50727; .NET CLR 3.5.30729; .NET CLR 3.0.30729; Media Center PC 6.0)"
178.154.179.250 - - [03/Dec/2012:10:35:02 +0100] "GET /robots.txt HTTP/1.1" 404 337 "-" "Mozilla/5.0 (compatible; YandexBot/3.0; +http://yandex.com/bots)"
206.253.226.23 - - [03/Dec/2012:11:50:51 +0100] "GET /robots.txt HTTP/1.1" 404 320 "-" "Mozilla/5.0 (compatible; oBot/2.3.1; +http://filterdb.iss.net/crawler/)"
206.253.226.23 - - [03/Dec/2012:11:50:51 +0100] "GET / HTTP/1.1" 200 1229 "-" "Mozilla/5.0 (compatible; oBot/2.3.1; +http://filterdb.iss.net/crawler/)"
206.253.226.23 - - [03/Dec/2012:11:50:51 +0100] "GET /img/lay04neu.gif HTTP/1.1" 404 326 "-" "Mozilla/5.0 (compatible; oBot/2.3.1; +http://filterdb.iss.net/crawler/)"
206.253.226.23 - - [03/Dec/2012:11:50:51 +0100] "GET /img/f_1-p.gif HTTP/1.1" 404 323 "-" "Mozilla/5.0 (compatible; oBot/2.3.1; +http://filterdb.iss.net/crawler/)"
206.253.226.23 - - [03/Dec/2012:11:50:51 +0100] "GET /img/opt_geruch.jpg HTTP/1.1" 404 328 "-" "Mozilla/5.0 (compatible; oBot/2.3.1; +http://filterdb.iss.net/crawler/)"
206.253.226.23 - - [03/Dec/2012:11:50:51 +0100] "GET /img/lay03neu.gif HTTP/1.1" 404 326 "-" "Mozilla/5.0 (compatible; oBot/2.3.1; +http://filterdb.iss.net/crawler/)"
206.253.226.23 - - [03/Dec/2012:11:50:51 +0100] "GET /img/left_bg.gif HTTP/1.1" 404 325 "-" "Mozilla/5.0 (compatible; oBot/2.3.1; +http://filterdb.iss.net/crawler/)"
206.253.226.23 - - [03/Dec/2012:11:50:51 +0100] "GET /img/optiplus_logo.gif HTTP/1.1" 404 331 "-" "Mozilla/5.0 (compatible; oBot/2.3.1; +http://filterdb.iss.net/crawler/)"
206.253.226.23 - - [03/Dec/2012:11:50:51 +0100] "GET /img/ral_logo2.gif HTTP/1.1" 404 327 "-" "Mozilla/5.0 (compatible; oBot/2.3.1; +http://filterdb.iss.net/crawler/)"
206.253.226.23 - - [03/Dec/2012:11:50:51 +0100] "GET /img/head_lkwa.jpg HTTP/1.1" 404 327 "-" "Mozilla/5.0 (compatible; oBot/2.3.1; +http://filterdb.iss.net/crawler/)"
206.253.226.23 - - [03/Dec/2012:11:50:51 +0100] "GET /img/ral_logo.gif HTTP/1.1" 404 326 "-" "Mozilla/5.0 (compatible; oBot/2.3.1; +http://filterdb.iss.net/crawler/)"
178.154.179.250 - - [03/Dec/2012:12:57:56 +0100] "GET / HTTP/1.1" 200 1229 "-" "Mozilla/5.0 (compatible; YandexBot/3.0; +http://yandex.com/bots)"
66.152.177.26 - - [03/Dec/2012:13:33:44 +0100] "GET /phpMyAdmin/translators.html HTTP/1.1" 404 332 "-" "Mozilla/4.0 (compatible; MSIE 6.0; MSIE 5.5; Windows NT 5.1) Opera 7.01 [en]"
66.152.177.26 - - [03/Dec/2012:13:33:44 +0100] "GET /phpMyAdmin/translators.html HTTP/1.1" 404 332 "-" "Mozilla/4.0 (compatible; MSIE 6.0; MSIE 5.5; Windows NT 5.1) Opera 7.01 [en]"
66.152.177.26 - - [03/Dec/2012:13:33:44 +0100] "GET /phpMyAdmin/translators.html HTTP/1.1" 404 332 "-" "Mozilla/4.0 (compatible; MSIE 6.0; MSIE 5.5; Windows NT 5.1) Opera 7.01 [en]"
66.152.177.26 - - [03/Dec/2012:13:33:44 +0100] "GET /phpMyAdmin/translators.html HTTP/1.1" 404 332 "-" "Mozilla/4.0 (compatible; MSIE 6.0; MSIE 5.5; Windows NT 5.1) Opera 7.01 [en]"
66.152.177.26 - - [03/Dec/2012:13:33:46 +0100] "GET /phpMyAdmin/translators.html HTTP/1.1" 404 332 "-" "Mozilla/4.0 (compatible; MSIE 6.0; MSIE 5.5; Windows NT 5.1) Opera 7.01 [en]"
66.152.177.26 - - [03/Dec/2012:13:33:46 +0100] "GET /phpMyAdmin/translators.html HTTP/1.1" 404 332 "-" "Mozilla/4.0 (compatible; MSIE 6.0; MSIE 5.5; Windows NT 5.1) Opera 7.01 [en]"
66.152.177.26 - - [03/Dec/2012:13:33:46 +0100] "GET /phpMyAdmin/translators.html HTTP/1.1" 404 332 "-" "Mozilla/4.0 (compatible; MSIE 6.0; MSIE 5.5; Windows NT 5.1) Opera 7.01 [en]"
66.152.177.26 - - [03/Dec/2012:13:33:46 +0100] "GET /phpMyAdmin/translators.html HTTP/1.1" 404 332 "-" "Mozilla/4.0 (compatible; MSIE 6.0; MSIE 5.5; Windows NT 5.1) Opera 7.01 [en]"
66.152.177.26 - - [03/Dec/2012:13:33:46 +0100] "GET /phpMyAdmin/translators.html HTTP/1.1" 404 332 "-" "Mozilla/4.0 (compatible; MSIE 6.0; MSIE 5.5; Windows NT 5.1) Opera 7.01 [en]"
66.152.177.26 - - [03/Dec/2012:13:33:46 +0100] "GET /phpMyAdmin/translators.html HTTP/1.1" 404 332 "-" "Mozilla/4.0 (compatible; MSIE 6.0; MSIE 5.5; Windows NT 5.1) Opera 7.01 [en]"
178.154.179.250 - - [03/Dec/2012:13:49:56 +0100] "GET / HTTP/1.1" 200 1229 "-" "Mozilla/5.0 (compatible; YandexBot/3.0; +http://yandex.com/bots)"
85.153.53.166 - - [03/Dec/2012:14:18:56 +0100] "GET /phpMyAdmin/translators.html HTTP/1.1" 404 332 "-" "Mozilla/4.0 (compatible; MSIE 6.0; MSIE 5.5; Windows NT 5.1) Opera 7.01 [en]"
85.153.53.166 - - [03/Dec/2012:14:18:57 +0100] "GET /phpMyAdmin/translators.html HTTP/1.1" 404 332 "-" "Mozilla/4.0 (compatible; MSIE 6.0; MSIE 5.5; Windows NT 5.1) Opera 7.01 [en]"
85.153.53.166 - - [03/Dec/2012:14:19:03 +0100] "GET /phpMyAdmin/translators.html HTTP/1.1" 404 332 "-" "Mozilla/4.0 (compatible; MSIE 6.0; MSIE 5.5; Windows NT 5.1) Opera 7.01 [en]"
85.153.53.166 - - [03/Dec/2012:14:19:03 +0100] "GET /phpMyAdmin/translators.html HTTP/1.1" 404 332 "-" "Mozilla/4.0 (compatible; MSIE 6.0; MSIE 5.5; Windows NT 5.1) Opera 7.01 [en]"
85.153.53.166 - - [03/Dec/2012:14:19:03 +0100] "GET /phpMyAdmin/translators.html HTTP/1.1" 404 332 "-" "Mozilla/4.0 (compatible; MSIE 6.0; MSIE 5.5; Windows NT 5.1) Opera 7.01 [en]"
85.153.53.166 - - [03/Dec/2012:14:19:05 +0100] "GET /phpMyAdmin/translators.html HTTP/1.1" 404 332 "-" "Mozilla/4.0 (compatible; MSIE 6.0; MSIE 5.5; Windows NT 5.1) Opera 7.01 [en]"
85.153.53.166 - - [03/Dec/2012:14:19:05 +0100] "GET /phpMyAdmin/translators.html HTTP/1.1" 404 332 "-" "Mozilla/4.0 (compatible; MSIE 6.0; MSIE 5.5; Windows NT 5.1) Opera 7.01 [en]"
85.153.53.166 - - [03/Dec/2012:14:19:05 +0100] "GET /phpMyAdmin/translators.html HTTP/1.1" 404 332 "-" "Mozilla/4.0 (compatible; MSIE 6.0; MSIE 5.5; Windows NT 5.1) Opera 7.01 [en]"
85.153.53.166 - - [03/Dec/2012:14:19:05 +0100] "GET /phpMyAdmin/translators.html HTTP/1.1" 404 332 "-" "Mozilla/4.0 (compatible; MSIE 6.0; MSIE 5.5; Windows NT 5.1) Opera 7.01 [en]"
85.153.53.166 - - [03/Dec/2012:14:19:05 +0100] "GET /phpMyAdmin/translators.html HTTP/1.1" 404 332 "-" "Mozilla/4.0 (compatible; MSIE 6.0; MSIE 5.5; Windows NT 5.1) Opera 7.01 [en]"
178.154.179.250 - - [03/Dec/2012:18:37:04 +0100] "GET / HTTP/1.1" 200 1229 "-" "Mozilla/5.0 (compatible; YandexBot/3.0; +http://yandex.com/bots)"
178.77.126.55 - - [03/Dec/2012:18:59:36 +0100] "GET /robots.txt HTTP/1.1" 404 320 "-" "Mozilla/5.0 (compatible; CareerBot/1.1; +http://www.career-x.de/bot.html)"
178.77.126.55 - - [03/Dec/2012:18:59:36 +0100] "GET / HTTP/1.1" 200 1229 "-" "Mozilla/5.0 (compatible; CareerBot/1.1; +http://www.career-x.de/bot.html)"
219.91.201.150 - - [03/Dec/2012:19:21:22 +0100] "GET /w00tw00t.at.blackhats.romanian.anti-sec:) HTTP/1.1" 404 346 "-" "ZmEu"
219.91.201.150 - - [03/Dec/2012:19:21:22 +0100] "GET /w00tw00t.at.blackhats.romanian.anti-sec:) HTTP/1.1" 404 346 "-" "ZmEu"
219.91.201.150 - - [03/Dec/2012:19:21:27 +0100] "GET /phpMyAdmin/scripts/setup.php HTTP/1.1" 404 333 "-" "ZmEu"
83.133.125.202 - - [03/Dec/2012:20:26:30 +0100] "GET / HTTP/1.1" 200 1229 "http://www.bigfinder.de/home-11.html" "T-Online Browser (Windows NT 6.1; de)"
178.154.179.250 - - [03/Dec/2012:22:38:39 +0100] "GET /robots.txt HTTP/1.1" 404 333 "-" "Mozilla/5.0 (compatible; YandexBot/3.0; +http://yandex.com/bots)"
217.69.133.69 - - [04/Dec/2012:00:06:29 +0100] "GET /robots.txt HTTP/1.0" 404 320 "-" "Mozilla/5.0 (compatible; Mail.RU_Bot/2.0)"
157.55.33.113 - - [04/Dec/2012:01:12:36 +0100] "GET /robots.txt HTTP/1.1" 404 337 "-" "Mozilla/5.0 (compatible; bingbot/2.0; +http://www.bing.com/bingbot.htm)"
157.55.33.113 - - [04/Dec/2012:01:14:15 +0100] "GET / HTTP/1.1" 200 1229 "-" "Mozilla/5.0 (compatible; bingbot/2.0; +http://www.bing.com/bingbot.htm)"
77.77.152.163 - - [04/Dec/2012:02:59:23 +0100] "HEAD / HTTP/1.0" 200 - "-" "-"
77.77.152.163 - - [04/Dec/2012:02:59:23 +0100] "HEAD / HTTP/1.0" 200 - "-" "-"
77.77.152.163 - - [04/Dec/2012:02:59:23 +0100] "HEAD / HTTP/1.0" 200 - "-" "-"
77.77.152.163 - - [04/Dec/2012:02:59:23 +0100] "HEAD / HTTP/1.0" 200 - "-" "-"
77.77.152.163 - - [04/Dec/2012:02:59:23 +0100] "HEAD / HTTP/1.0" 200 - "-" "-"
77.77.152.163 - - [04/Dec/2012:02:59:23 +0100] "HEAD / HTTP/1.0" 200 - "-" "-"
77.77.152.163 - - [04/Dec/2012:02:59:23 +0100] "HEAD / HTTP/1.0" 200 - "-" "-"
77.77.152.163 - - [04/Dec/2012:02:59:23 +0100] "HEAD / HTTP/1.0" 200 - "-" "-"
77.77.152.163 - - [04/Dec/2012:02:59:23 +0100] "HEAD / HTTP/1.0" 200 - "-" "-"
77.77.152.163 - - [04/Dec/2012:02:59:23 +0100] "HEAD / HTTP/1.0" 200 - "-" "-"
66.249.73.124 - - [04/Dec/2012:03:23:00 +0100] "GET /robots.txt HTTP/1.1" 404 329 "-" "Mozilla/5.0 (compatible; Googlebot/2.1; +http://www.google.com/bot.html)"
66.249.73.124 - - [04/Dec/2012:03:23:00 +0100] "GET / HTTP/1.1" 200 1229 "-" "Mozilla/5.0 (compatible; Googlebot/2.1; +http://www.google.com/bot.html)"
66.249.73.140 - - [04/Dec/2012:03:48:25 +0100] "GET /robots.txt HTTP/1.1" 404 320 "-" "Mozilla/5.0 (compatible; Googlebot/2.1; +http://www.google.com/bot.html)"
66.249.73.140 - - [04/Dec/2012:03:48:25 +0100] "GET / HTTP/1.1" 200 1229 "-" "Mozilla/5.0 (compatible; Googlebot/2.1; +http://www.google.com/bot.html)"
85.153.53.166 - - [04/Dec/2012:03:50:07 +0100] "GET /phpmyadmin/translators.html HTTP/1.1" 404 332 "-" "Mozilla/4.0 (compatible; MSIE 6.0; MSIE 5.5; Windows NT 5.1) Opera 7.01 [en]"
85.153.53.166 - - [04/Dec/2012:03:50:07 +0100] "GET /phpmyadmin/translators.html HTTP/1.1" 404 332 "-" "Mozilla/4.0 (compatible; MSIE 6.0; MSIE 5.5; Windows NT 5.1) Opera 7.01 [en]"
85.153.53.166 - - [04/Dec/2012:03:50:07 +0100] "GET /phpmyadmin/translators.html HTTP/1.1" 404 332 "-" "Mozilla/4.0 (compatible; MSIE 6.0; MSIE 5.5; Windows NT 5.1) Opera 7.01 [en]"
85.153.53.166 - - [04/Dec/2012:03:50:07 +0100] "GET /phpmyadmin/translators.html HTTP/1.1" 404 332 "-" "Mozilla/4.0 (compatible; MSIE 6.0; MSIE 5.5; Windows NT 5.1) Opera 7.01 [en]"
85.153.53.166 - - [04/Dec/2012:03:50:08 +0100] "GET /phpmyadmin/translators.html HTTP/1.1" 404 332 "-" "Mozilla/4.0 (compatible; MSIE 6.0; MSIE 5.5; Windows NT 5.1) Opera 7.01 [en]"
85.153.53.166 - - [04/Dec/2012:03:50:08 +0100] "GET /phpmyadmin/translators.html HTTP/1.1" 404 332 "-" "Mozilla/4.0 (compatible; MSIE 6.0; MSIE 5.5; Windows NT 5.1) Opera 7.01 [en]"
85.153.53.166 - - [04/Dec/2012:03:50:09 +0100] "GET /phpmyadmin/translators.html HTTP/1.1" 404 332 "-" "Mozilla/4.0 (compatible; MSIE 6.0; MSIE 5.5; Windows NT 5.1) Opera 7.01 [en]"
85.153.53.166 - - [04/Dec/2012:03:50:09 +0100] "GET /phpmyadmin/translators.html HTTP/1.1" 404 332 "-" "Mozilla/4.0 (compatible; MSIE 6.0; MSIE 5.5; Windows NT 5.1) Opera 7.01 [en]"
85.153.53.166 - - [04/Dec/2012:03:50:09 +0100] "GET /phpmyadmin/translators.html HTTP/1.1" 404 332 "-" "Mozilla/4.0 (compatible; MSIE 6.0; MSIE 5.5; Windows NT 5.1) Opera 7.01 [en]"
85.153.53.166 - - [04/Dec/2012:03:50:09 +0100] "GET /phpmyadmin/translators.html HTTP/1.1" 404 332 "-" "Mozilla/4.0 (compatible; MSIE 6.0; MSIE 5.5; Windows NT 5.1) Opera 7.01 [en]"
66.249.73.49 - - [04/Dec/2012:03:54:49 +0100] "GET /robots.txt HTTP/1.1" 404 337 "-" "Mozilla/5.0 (compatible; Googlebot/2.1; +http://www.google.com/bot.html)"
66.249.73.49 - - [04/Dec/2012:03:54:49 +0100] "GET / HTTP/1.1" 200 1229 "-" "Mozilla/5.0 (compatible; Googlebot/2.1; +http://www.google.com/bot.html)"
178.154.179.250 - - [04/Dec/2012:04:00:00 +0100] "GET / HTTP/1.1" 200 1229 "-" "Mozilla/5.0 (compatible; YandexBot/3.0; +http://yandex.com/bots)"
66.249.73.131 - - [04/Dec/2012:04:01:12 +0100] "GET /robots.txt HTTP/1.1" 404 328 "-" "Mozilla/5.0 (compatible; Googlebot/2.1; +http://www.google.com/bot.html)"
66.249.73.131 - - [04/Dec/2012:04:01:13 +0100] "GET / HTTP/1.1" 200 1229 "-" "Mozilla/5.0 (compatible; Googlebot/2.1; +http://www.google.com/bot.html)"
66.249.73.16 - - [04/Dec/2012:04:50:34 +0100] "GET /robots.txt HTTP/1.1" 404 332 "-" "Mozilla/5.0 (compatible; Googlebot/2.1; +http://www.google.com/bot.html)"
66.249.73.16 - - [04/Dec/2012:04:50:35 +0100] "GET / HTTP/1.1" 200 1229 "-" "Mozilla/5.0 (compatible; Googlebot/2.1; +http://www.google.com/bot.html)"
94.23.45.14 - - [04/Dec/2012:05:29:50 +0100] "HEAD / HTTP/1.0" 200 - "-" "-"
173.242.125.191 - - [04/Dec/2012:07:23:26 +0100] "GET /robots.txt HTTP/1.0" 404 327 "-" "Mozilla/5.0 (compatible; MJ12bot/v1.4.3; http://www.majestic12.co.uk/bot.php?+)"
173.242.125.191 - - [04/Dec/2012:07:23:28 +0100] "GET /Diesel.htm HTTP/1.0" 404 327 "-" "Mozilla/5.0 (compatible; MJ12bot/v1.4.3; http://www.majestic12.co.uk/bot.php?+)"
173.242.125.191 - - [04/Dec/2012:07:23:29 +0100] "GET /Heizoel-Berlin-2.html HTTP/1.0" 404 338 "-" "Mozilla/5.0 (compatible; MJ12bot/v1.4.3; http://www.majestic12.co.uk/bot.php?+)"
173.242.125.191 - - [04/Dec/2012:07:23:31 +0100] "GET /Heizoel-Berlin.htm HTTP/1.0" 404 335 "-" "Mozilla/5.0 (compatible; MJ12bot/v1.4.3; http://www.majestic12.co.uk/bot.php?+)"
173.242.125.191 - - [04/Dec/2012:07:23:32 +0100] "GET /Heizoel.htm HTTP/1.0" 404 328 "-" "Mozilla/5.0 (compatible; MJ12bot/v1.4.3; http://www.majestic12.co.uk/bot.php?+)"
173.242.125.191 - - [04/Dec/2012:07:23:34 +0100] "GET /li_esso.htm HTTP/1.0" 404 328 "-" "Mozilla/5.0 (compatible; MJ12bot/v1.4.3; http://www.majestic12.co.uk/bot.php?+)"
173.242.125.191 - - [04/Dec/2012:07:23:35 +0100] "GET /seiten/impressum.htm HTTP/1.0" 404 337 "-" "Mozilla/5.0 (compatible; MJ12bot/v1.4.3; http://www.majestic12.co.uk/bot.php?+)"
173.242.125.191 - - [04/Dec/2012:07:23:37 +0100] "GET /seiten/main.htm HTTP/1.0" 404 332 "-" "Mozilla/5.0 (compatible; MJ12bot/v1.4.3; http://www.majestic12.co.uk/bot.php?+)"
173.242.125.191 - - [04/Dec/2012:07:23:38 +0100] "GET /seiten/schmier.htm HTTP/1.0" 404 335 "-" "Mozilla/5.0 (compatible; MJ12bot/v1.4.3; http://www.majestic12.co.uk/bot.php?+)"
173.242.125.191 - - [04/Dec/2012:07:23:40 +0100] "GET /seiten/service.htm HTTP/1.0" 404 335 "-" "Mozilla/5.0 (compatible; MJ12bot/v1.4.3; http://www.majestic12.co.uk/bot.php?+)"
173.242.125.191 - - [04/Dec/2012:07:23:41 +0100] "GET /seiten/start.htm HTTP/1.0" 404 333 "-" "Mozilla/5.0 (compatible; MJ12bot/v1.4.3; http://www.majestic12.co.uk/bot.php?+)"
157.55.33.113 - - [04/Dec/2012:07:33:30 +0100] "GET /robots.txt HTTP/1.1" 404 337 "-" "Mozilla/5.0 (compatible; bingbot/2.0; +http://www.bing.com/bingbot.htm)"
157.55.33.113 - - [04/Dec/2012:07:36:53 +0100] "GET / HTTP/1.1" 304 - "-" "Mozilla/5.0 (compatible; bingbot/2.0; +http://www.bing.com/bingbot.htm)"
66.152.177.26 - - [04/Dec/2012:07:41:59 +0100] "GET /phpmyadmin/translators.html HTTP/1.1" 404 332 "-" "Mozilla/4.0 (compatible; MSIE 6.0; MSIE 5.5; Windows NT 5.1) Opera 7.01 [en]"
66.152.177.26 - - [04/Dec/2012:07:41:59 +0100] "GET /phpmyadmin/translators.html HTTP/1.1" 404 332 "-" "Mozilla/4.0 (compatible; MSIE 6.0; MSIE 5.5; Windows NT 5.1) Opera 7.01 [en]"
66.152.177.26 - - [04/Dec/2012:07:41:59 +0100] "GET /phpmyadmin/translators.html HTTP/1.1" 404 332 "-" "Mozilla/4.0 (compatible; MSIE 6.0; MSIE 5.5; Windows NT 5.1) Opera 7.01 [en]"
66.152.177.26 - - [04/Dec/2012:07:42:00 +0100] "GET /phpmyadmin/translators.html HTTP/1.1" 404 332 "-" "Mozilla/4.0 (compatible; MSIE 6.0; MSIE 5.5; Windows NT 5.1) Opera 7.01 [en]"
66.152.177.26 - - [04/Dec/2012:07:42:01 +0100] "GET /phpmyadmin/translators.html HTTP/1.1" 404 332 "-" "Mozilla/4.0 (compatible; MSIE 6.0; MSIE 5.5; Windows NT 5.1) Opera 7.01 [en]"
66.152.177.26 - - [04/Dec/2012:07:42:02 +0100] "GET /phpmyadmin/translators.html HTTP/1.1" 404 332 "-" "Mozilla/4.0 (compatible; MSIE 6.0; MSIE 5.5; Windows NT 5.1) Opera 7.01 [en]"
66.152.177.26 - - [04/Dec/2012:07:42:02 +0100] "GET /phpmyadmin/translators.html HTTP/1.1" 404 332 "-" "Mozilla/4.0 (compatible; MSIE 6.0; MSIE 5.5; Windows NT 5.1) Opera 7.01 [en]"
66.152.177.26 - - [04/Dec/2012:07:42:02 +0100] "GET /phpmyadmin/translators.html HTTP/1.1" 404 332 "-" "Mozilla/4.0 (compatible; MSIE 6.0; MSIE 5.5; Windows NT 5.1) Opera 7.01 [en]"
66.152.177.26 - - [04/Dec/2012:07:42:02 +0100] "GET /phpmyadmin/translators.html HTTP/1.1" 404 332 "-" "Mozilla/4.0 (compatible; MSIE 6.0; MSIE 5.5; Windows NT 5.1) Opera 7.01 [en]"
66.152.177.26 - - [04/Dec/2012:07:42:02 +0100] "GET /phpmyadmin/translators.html HTTP/1.1" 404 332 "-" "Mozilla/4.0 (compatible; MSIE 6.0; MSIE 5.5; Windows NT 5.1) Opera 7.01 [en]"
157.56.93.150 - - [04/Dec/2012:08:44:33 +0100] "GET /robots.txt HTTP/1.1" 404 320 "-" "Mozilla/5.0 (compatible; bingbot/2.0; +http://www.bing.com/bingbot.htm)"
157.56.93.150 - - [04/Dec/2012:08:46:18 +0100] "GET /Heizoel.htm HTTP/1.1" 404 321 "-" "Mozilla/5.0 (compatible; bingbot/2.0; +http://www.bing.com/bingbot.htm)"
157.55.32.147 - - [04/Dec/2012:09:01:18 +0100] "GET / HTTP/1.1" 304 - "-" "Mozilla/5.0 (compatible; bingbot/2.0; +http://www.bing.com/bingbot.htm)"
66.249.73.33 - - [04/Dec/2012:09:46:05 +0100] "GET /robots.txt HTTP/1.1" 404 333 "-" "Mozilla/5.0 (compatible; Googlebot/2.1; +http://www.google.com/bot.html)"
66.249.73.33 - - [04/Dec/2012:09:46:05 +0100] "GET / HTTP/1.1" 200 1229 "-" "Mozilla/5.0 (compatible; Googlebot/2.1; +http://www.google.com/bot.html)"
178.154.179.250 - - [04/Dec/2012:10:01:21 +0100] "GET /robots.txt HTTP/1.1" 404 320 "-" "Mozilla/5.0 (compatible; YandexBot/3.0; +http://yandex.com/bots)"
178.154.179.250 - - [04/Dec/2012:13:40:53 +0100] "GET / HTTP/1.1" 200 1229 "-" "Mozilla/5.0 (compatible; YandexBot/3.0; +http://yandex.com/bots)"
65.55.213.73 - - [04/Dec/2012:15:01:03 +0100] "GET /robots.txt HTTP/1.1" 404 320 "-" "msnbot/2.0b (+http://search.msn.com/msnbot.htm)"
65.55.213.73 - - [04/Dec/2012:15:01:03 +0100] "GET / HTTP/1.1" 200 1229 "-" "msnbot/2.0b (+http://search.msn.com/msnbot.htm)"
178.154.179.250 - - [04/Dec/2012:16:57:12 +0100] "GET / HTTP/1.1" 200 1229 "-" "Mozilla/5.0 (compatible; YandexBot/3.0; +http://yandex.com/bots)"
50.16.30.227 - - [04/Dec/2012:17:48:15 +0100] "HEAD / HTTP/1.0" 200 - "-" "-"
50.16.30.227 - - [04/Dec/2012:17:48:15 +0100] "HEAD / HTTP/1.0" 200 - "-" "-"
50.16.30.227 - - [04/Dec/2012:17:48:15 +0100] "HEAD / HTTP/1.0" 200 - "-" "-"
50.16.30.227 - - [04/Dec/2012:17:48:15 +0100] "HEAD / HTTP/1.0" 200 - "-" "-"
50.16.30.227 - - [04/Dec/2012:17:48:15 +0100] "HEAD / HTTP/1.0" 200 - "-" "-"
50.16.30.227 - - [04/Dec/2012:17:48:15 +0100] "HEAD / HTTP/1.0" 200 - "-" "-"
50.16.30.227 - - [04/Dec/2012:17:48:15 +0100] "HEAD / HTTP/1.0" 200 - "-" "-"
50.16.30.227 - - [04/Dec/2012:17:48:15 +0100] "HEAD / HTTP/1.0" 200 - "-" "-"
50.16.30.227 - - [04/Dec/2012:17:48:15 +0100] "HEAD / HTTP/1.0" 200 - "-" "-"
50.16.30.227 - - [04/Dec/2012:17:48:15 +0100] "HEAD / HTTP/1.0" 200 - "-" "-"
23.20.63.49 - - [04/Dec/2012:20:21:07 +0100] "HEAD / HTTP/1.0" 200 - "-" "-"
23.20.63.49 - - [04/Dec/2012:20:21:07 +0100] "HEAD / HTTP/1.0" 200 - "-" "-"
23.20.63.49 - - [04/Dec/2012:20:21:07 +0100] "HEAD / HTTP/1.0" 200 - "-" "-"
23.20.63.49 - - [04/Dec/2012:20:21:07 +0100] "HEAD / HTTP/1.0" 200 - "-" "-"
23.20.63.49 - - [04/Dec/2012:20:21:07 +0100] "HEAD / HTTP/1.0" 200 - "-" "-"
23.20.63.49 - - [04/Dec/2012:20:21:07 +0100] "HEAD / HTTP/1.0" 200 - "-" "-"
23.20.63.49 - - [04/Dec/2012:20:21:07 +0100] "HEAD / HTTP/1.0" 200 - "-" "-"
23.20.63.49 - - [04/Dec/2012:20:21:07 +0100] "HEAD / HTTP/1.0" 200 - "-" "-"
23.20.63.49 - - [04/Dec/2012:20:21:07 +0100] "HEAD / HTTP/1.0" 200 - "-" "-"
23.20.63.49 - - [04/Dec/2012:20:21:07 +0100] "HEAD / HTTP/1.0" 200 - "-" "-"
218.201.121.99 - - [04/Dec/2012:20:22:03 +0100] "GET /manager/html HTTP/1.1" 404 317 "-" "-"
218.201.121.99 - - [04/Dec/2012:20:22:03 +0100] "GET /manager/html HTTP/1.1" 404 317 "-" "-"
218.201.121.99 - - [04/Dec/2012:20:22:03 +0100] "GET /manager/html HTTP/1.1" 404 317 "-" "-"
218.201.121.99 - - [04/Dec/2012:20:22:03 +0100] "GET /manager/html HTTP/1.1" 404 317 "-" "-"
218.201.121.99 - - [04/Dec/2012:20:22:03 +0100] "GET /manager/html HTTP/1.1" 404 317 "-" "-"
218.201.121.99 - - [04/Dec/2012:20:22:03 +0100] "GET /manager/html HTTP/1.1" 404 317 "-" "-"
218.201.121.99 - - [04/Dec/2012:20:22:03 +0100] "GET /manager/html HTTP/1.1" 404 317 "-" "-"
218.201.121.99 - - [04/Dec/2012:20:22:03 +0100] "GET /manager/html HTTP/1.1" 404 317 "-" "-"
218.201.121.99 - - [04/Dec/2012:20:22:03 +0100] "GET /manager/html HTTP/1.1" 404 317 "-" "-"
218.201.121.99 - - [04/Dec/2012:20:22:03 +0100] "GET /manager/html HTTP/1.1" 404 317 "-" "-"
23.20.63.49 - - [04/Dec/2012:20:41:09 +0100] "HEAD / HTTP/1.0" 200 - "-" "-"
23.20.63.49 - - [04/Dec/2012:20:41:09 +0100] "HEAD / HTTP/1.0" 200 - "-" "-"
23.20.63.49 - - [04/Dec/2012:20:41:09 +0100] "HEAD / HTTP/1.0" 200 - "-" "-"
23.20.63.49 - - [04/Dec/2012:20:41:09 +0100] "HEAD / HTTP/1.0" 200 - "-" "-"
23.20.63.49 - - [04/Dec/2012:20:41:09 +0100] "HEAD / HTTP/1.0" 200 - "-" "-"
23.20.63.49 - - [04/Dec/2012:20:41:09 +0100] "HEAD / HTTP/1.0" 200 - "-" "-"
23.20.63.49 - - [04/Dec/2012:20:41:09 +0100] "HEAD / HTTP/1.0" 200 - "-" "-"
23.20.63.49 - - [04/Dec/2012:20:41:09 +0100] "HEAD / HTTP/1.0" 200 - "-" "-"
23.20.63.49 - - [04/Dec/2012:20:41:09 +0100] "HEAD / HTTP/1.0" 200 - "-" "-"
95.223.84.252 - - [04/Dec/2012:20:56:18 +0100] "GET / HTTP/1.0" 200 1229 "-" "-"
157.55.33.113 - - [05/Dec/2012:01:00:47 +0100] "GET /robots.txt HTTP/1.1" 404 337 "-" "Mozilla/5.0 (compatible; bingbot/2.0; +http://www.bing.com/bingbot.htm)"
157.55.33.113 - - [05/Dec/2012:01:02:19 +0100] "GET / HTTP/1.1" 200 1229 "-" "Mozilla/5.0 (compatible; bingbot/2.0; +http://www.bing.com/bingbot.htm)"
50.16.44.121 - - [05/Dec/2012:05:58:48 +0100] "HEAD / HTTP/1.1" 200 - "http://www.netcraft.com/survey/" "Mozilla/4.0 (compatible; Netcraft Web Server Survey)"
5.9.36.119 - - [05/Dec/2012:08:19:22 +0100] "GET /robots.txt HTTP/1.1" 404 333 "-" "Mozilla/5.0 (compatible; SISTRIX Crawler; http://crawler.sistrix.net/)"
5.9.36.119 - - [05/Dec/2012:08:19:22 +0100] "GET / HTTP/1.1" 200 1229 "-" "Mozilla/5.0 (compatible; SISTRIX Crawler; http://crawler.sistrix.net/)"
178.154.179.250 - - [05/Dec/2012:09:42:31 +0100] "GET /robots.txt HTTP/1.1" 404 322 "-" "Mozilla/5.0 (compatible; YandexBot/3.0; +http://yandex.com/bots)"
66.135.32.241 - - [05/Dec/2012:11:47:48 +0100] "GET //wp-login.php HTTP/1.1" 404 317 "-" "Mozilla/5.0 (X11; U; Linux i686; pt-BR; rv:1.9.0.15) Gecko/2009102815 Ubuntu/9.04 (jaunty) Firefox/3.0.15"
66.135.32.241 - - [05/Dec/2012:11:47:48 +0100] "GET //wp-login.php HTTP/1.1" 404 317 "-" "Mozilla/5.0 (X11; U; Linux i686; pt-BR; rv:1.9.0.15) Gecko/2009102815 Ubuntu/9.04 (jaunty) Firefox/3.0.15"
66.135.32.241 - - [05/Dec/2012:11:47:48 +0100] "GET //wp-login.php HTTP/1.1" 404 317 "-" "Mozilla/5.0 (X11; U; Linux i686; pt-BR; rv:1.9.0.15) Gecko/2009102815 Ubuntu/9.04 (jaunty) Firefox/3.0.15"
66.135.32.241 - - [05/Dec/2012:11:47:48 +0100] "GET /blog//wp-login.php HTTP/1.1" 404 323 "-" "Mozilla/5.0 (X11; U; Linux i686; pt-BR; rv:1.9.0.15) Gecko/2009102815 Ubuntu/9.04 (jaunty) Firefox/3.0.15"
66.135.32.241 - - [05/Dec/2012:11:47:48 +0100] "GET //wp-login.php HTTP/1.1" 404 317 "-" "Mozilla/5.0 (X11; U; Linux i686; pt-BR; rv:1.9.0.15) Gecko/2009102815 Ubuntu/9.04 (jaunty) Firefox/3.0.15"
66.135.32.241 - - [05/Dec/2012:11:47:48 +0100] "GET /blog//wp-login.php HTTP/1.1" 404 323 "-" "Mozilla/5.0 (X11; U; Linux i686; pt-BR; rv:1.9.0.15) Gecko/2009102815 Ubuntu/9.04 (jaunty) Firefox/3.0.15"
66.135.32.241 - - [05/Dec/2012:11:47:48 +0100] "GET //wp-login.php HTTP/1.1" 404 317 "-" "Mozilla/5.0 (X11; U; Linux i686; pt-BR; rv:1.9.0.15) Gecko/2009102815 Ubuntu/9.04 (jaunty) Firefox/3.0.15"
66.135.32.241 - - [05/Dec/2012:11:47:48 +0100] "GET /blog//wp-login.php HTTP/1.1" 404 323 "-" "Mozilla/5.0 (X11; U; Linux i686; pt-BR; rv:1.9.0.15) Gecko/2009102815 Ubuntu/9.04 (jaunty) Firefox/3.0.15"
66.135.32.241 - - [05/Dec/2012:11:47:48 +0100] "GET //wp-login.php HTTP/1.1" 404 317 "-" "Mozilla/5.0 (X11; U; Linux i686; pt-BR; rv:1.9.0.15) Gecko/2009102815 Ubuntu/9.04 (jaunty) Firefox/3.0.15"
66.135.32.241 - - [05/Dec/2012:11:47:48 +0100] "GET /wordpress//wp-login.php HTTP/1.1" 404 328 "-" "Mozilla/5.0 (X11; U; Linux i686; pt-BR; rv:1.9.0.15) Gecko/2009102815 Ubuntu/9.04 (jaunty) Firefox/3.0.15"
66.135.32.241 - - [05/Dec/2012:11:47:48 +0100] "GET /blog//wp-login.php HTTP/1.1" 404 323 "-" "Mozilla/5.0 (X11; U; Linux i686; pt-BR; rv:1.9.0.15) Gecko/2009102815 Ubuntu/9.04 (jaunty) Firefox/3.0.15"
66.135.32.241 - - [05/Dec/2012:11:47:48 +0100] "GET //wp-login.php HTTP/1.1" 404 317 "-" "Mozilla/5.0 (X11; U; Linux i686; pt-BR; rv:1.9.0.15) Gecko/2009102815 Ubuntu/9.04 (jaunty) Firefox/3.0.15"
66.135.32.241 - - [05/Dec/2012:11:47:48 +0100] "GET /wordpress//wp-login.php HTTP/1.1" 404 328 "-" "Mozilla/5.0 (X11; U; Linux i686; pt-BR; rv:1.9.0.15) Gecko/2009102815 Ubuntu/9.04 (jaunty) Firefox/3.0.15"
66.135.32.241 - - [05/Dec/2012:11:47:48 +0100] "GET /blog//wp-login.php HTTP/1.1" 404 323 "-" "Mozilla/5.0 (X11; U; Linux i686; pt-BR; rv:1.9.0.15) Gecko/2009102815 Ubuntu/9.04 (jaunty) Firefox/3.0.15"
66.135.32.241 - - [05/Dec/2012:11:47:48 +0100] "GET //wp-login.php HTTP/1.1" 404 317 "-" "Mozilla/5.0 (X11; U; Linux i686; pt-BR; rv:1.9.0.15) Gecko/2009102815 Ubuntu/9.04 (jaunty) Firefox/3.0.15"
66.135.32.241 - - [05/Dec/2012:11:47:48 +0100] "GET /wordpress//wp-login.php HTTP/1.1" 404 328 "-" "Mozilla/5.0 (X11; U; Linux i686; pt-BR; rv:1.9.0.15) Gecko/2009102815 Ubuntu/9.04 (jaunty) Firefox/3.0.15"
66.135.32.241 - - [05/Dec/2012:11:47:48 +0100] "GET /blog//wp-login.php HTTP/1.1" 404 323 "-" "Mozilla/5.0 (X11; U; Linux i686; pt-BR; rv:1.9.0.15) Gecko/2009102815 Ubuntu/9.04 (jaunty) Firefox/3.0.15"
66.135.32.241 - - [05/Dec/2012:11:47:48 +0100] "GET //wp-login.php HTTP/1.1" 404 317 "-" "Mozilla/5.0 (X11; U; Linux i686; pt-BR; rv:1.9.0.15) Gecko/2009102815 Ubuntu/9.04 (jaunty) Firefox/3.0.15"
66.135.32.241 - - [05/Dec/2012:11:47:48 +0100] "GET /wp//wp-login.php HTTP/1.1" 404 321 "-" "Mozilla/5.0 (X11; U; Linux i686; pt-BR; rv:1.9.0.15) Gecko/2009102815 Ubuntu/9.04 (jaunty) Firefox/3.0.15"
66.135.32.241 - - [05/Dec/2012:11:47:49 +0100] "GET /wordpress//wp-login.php HTTP/1.1" 404 328 "-" "Mozilla/5.0 (X11; U; Linux i686; pt-BR; rv:1.9.0.15) Gecko/2009102815 Ubuntu/9.04 (jaunty) Firefox/3.0.15"
66.135.32.241 - - [05/Dec/2012:11:47:49 +0100] "GET /blog//wp-login.php HTTP/1.1" 404 323 "-" "Mozilla/5.0 (X11; U; Linux i686; pt-BR; rv:1.9.0.15) Gecko/2009102815 Ubuntu/9.04 (jaunty) Firefox/3.0.15"
66.135.32.241 - - [05/Dec/2012:11:47:49 +0100] "GET /wp//wp-login.php HTTP/1.1" 404 321 "-" "Mozilla/5.0 (X11; U; Linux i686; pt-BR; rv:1.9.0.15) Gecko/2009102815 Ubuntu/9.04 (jaunty) Firefox/3.0.15"
66.135.32.241 - - [05/Dec/2012:11:47:49 +0100] "GET //wp-login.php HTTP/1.1" 404 317 "-" "Mozilla/5.0 (X11; U; Linux i686; pt-BR; rv:1.9.0.15) Gecko/2009102815 Ubuntu/9.04 (jaunty) Firefox/3.0.15"
66.135.32.241 - - [05/Dec/2012:11:47:49 +0100] "GET /wordpress//wp-login.php HTTP/1.1" 404 328 "-" "Mozilla/5.0 (X11; U; Linux i686; pt-BR; rv:1.9.0.15) Gecko/2009102815 Ubuntu/9.04 (jaunty) Firefox/3.0.15"
66.135.32.241 - - [05/Dec/2012:11:47:49 +0100] "GET /blog//wp-login.php HTTP/1.1" 404 323 "-" "Mozilla/5.0 (X11; U; Linux i686; pt-BR; rv:1.9.0.15) Gecko/2009102815 Ubuntu/9.04 (jaunty) Firefox/3.0.15"
66.135.32.241 - - [05/Dec/2012:11:47:49 +0100] "GET /wp//wp-login.php HTTP/1.1" 404 321 "-" "Mozilla/5.0 (X11; U; Linux i686; pt-BR; rv:1.9.0.15) Gecko/2009102815 Ubuntu/9.04 (jaunty) Firefox/3.0.15"
66.135.32.241 - - [05/Dec/2012:11:47:49 +0100] "GET /wordpress//wp-login.php HTTP/1.1" 404 328 "-" "Mozilla/5.0 (X11; U; Linux i686; pt-BR; rv:1.9.0.15) Gecko/2009102815 Ubuntu/9.04 (jaunty) Firefox/3.0.15"
66.135.32.241 - - [05/Dec/2012:11:47:49 +0100] "GET /blog//wp-login.php HTTP/1.1" 404 323 "-" "Mozilla/5.0 (X11; U; Linux i686; pt-BR; rv:1.9.0.15) Gecko/2009102815 Ubuntu/9.04 (jaunty) Firefox/3.0.15"
66.135.32.241 - - [05/Dec/2012:11:47:49 +0100] "GET /wp//wp-login.php HTTP/1.1" 404 321 "-" "Mozilla/5.0 (X11; U; Linux i686; pt-BR; rv:1.9.0.15) Gecko/2009102815 Ubuntu/9.04 (jaunty) Firefox/3.0.15"
66.135.32.241 - - [05/Dec/2012:11:47:49 +0100] "GET /wordpress//wp-login.php HTTP/1.1" 404 328 "-" "Mozilla/5.0 (X11; U; Linux i686; pt-BR; rv:1.9.0.15) Gecko/2009102815 Ubuntu/9.04 (jaunty) Firefox/3.0.15"
66.135.32.241 - - [05/Dec/2012:11:47:49 +0100] "GET /blog//wp-login.php HTTP/1.1" 404 323 "-" "Mozilla/5.0 (X11; U; Linux i686; pt-BR; rv:1.9.0.15) Gecko/2009102815 Ubuntu/9.04 (jaunty) Firefox/3.0.15"
66.135.32.241 - - [05/Dec/2012:11:47:49 +0100] "GET /wp//wp-login.php HTTP/1.1" 404 321 "-" "Mozilla/5.0 (X11; U; Linux i686; pt-BR; rv:1.9.0.15) Gecko/2009102815 Ubuntu/9.04 (jaunty) Firefox/3.0.15"
66.135.32.241 - - [05/Dec/2012:11:47:49 +0100] "GET /wordpress//wp-login.php HTTP/1.1" 404 328 "-" "Mozilla/5.0 (X11; U; Linux i686; pt-BR; rv:1.9.0.15) Gecko/2009102815 Ubuntu/9.04 (jaunty) Firefox/3.0.15"
66.135.32.241 - - [05/Dec/2012:11:47:49 +0100] "GET /wp//wp-login.php HTTP/1.1" 404 321 "-" "Mozilla/5.0 (X11; U; Linux i686; pt-BR; rv:1.9.0.15) Gecko/2009102815 Ubuntu/9.04 (jaunty) Firefox/3.0.15"
66.135.32.241 - - [05/Dec/2012:11:47:49 +0100] "GET /wordpress//wp-login.php HTTP/1.1" 404 328 "-" "Mozilla/5.0 (X11; U; Linux i686; pt-BR; rv:1.9.0.15) Gecko/2009102815 Ubuntu/9.04 (jaunty) Firefox/3.0.15"
66.135.32.241 - - [05/Dec/2012:11:47:49 +0100] "GET /wp//wp-login.php HTTP/1.1" 404 321 "-" "Mozilla/5.0 (X11; U; Linux i686; pt-BR; rv:1.9.0.15) Gecko/2009102815 Ubuntu/9.04 (jaunty) Firefox/3.0.15"
66.135.32.241 - - [05/Dec/2012:11:47:49 +0100] "GET /wordpress//wp-login.php HTTP/1.1" 404 328 "-" "Mozilla/5.0 (X11; U; Linux i686; pt-BR; rv:1.9.0.15) Gecko/2009102815 Ubuntu/9.04 (jaunty) Firefox/3.0.15"
66.135.32.241 - - [05/Dec/2012:11:47:49 +0100] "GET /wp//wp-login.php HTTP/1.1" 404 321 "-" "Mozilla/5.0 (X11; U; Linux i686; pt-BR; rv:1.9.0.15) Gecko/2009102815 Ubuntu/9.04 (jaunty) Firefox/3.0.15"
66.135.32.241 - - [05/Dec/2012:11:47:49 +0100] "GET /wp//wp-login.php HTTP/1.1" 404 321 "-" "Mozilla/5.0 (X11; U; Linux i686; pt-BR; rv:1.9.0.15) Gecko/2009102815 Ubuntu/9.04 (jaunty) Firefox/3.0.15"
66.135.32.241 - - [05/Dec/2012:11:47:49 +0100] "GET /wp//wp-login.php HTTP/1.1" 404 321 "-" "Mozilla/5.0 (X11; U; Linux i686; pt-BR; rv:1.9.0.15) Gecko/2009102815 Ubuntu/9.04 (jaunty) Firefox/3.0.15"
157.55.32.57 - - [05/Dec/2012:11:56:29 +0100] "GET /robots.txt HTTP/1.1" 404 332 "-" "Mozilla/5.0 (compatible; bingbot/2.0; +http://www.bing.com/bingbot.htm)"
157.55.32.57 - - [05/Dec/2012:12:11:44 +0100] "GET / HTTP/1.1" 304 - "-" "Mozilla/5.0 (compatible; bingbot/2.0; +http://www.bing.com/bingbot.htm)"
80.187.107.36 - - [05/Dec/2012:13:54:00 +0100] "GET / HTTP/1.1" 200 1229 "-" "Mozilla/5.0 (iPhone; CPU iPhone OS 6_0_1 like Mac OS X) AppleWebKit/536.26 (KHTML, like Gecko) Version/6.0 Mobile/10A523 Safari/8536.25"
65.55.213.73 - - [05/Dec/2012:15:42:25 +0100] "GET /robots.txt HTTP/1.1" 404 320 "-" "msnbot/2.0b (+http://search.msn.com/msnbot.htm)"
65.55.213.73 - - [05/Dec/2012:15:42:26 +0100] "GET / HTTP/1.1" 200 1229 "-" "msnbot/2.0b (+http://search.msn.com/msnbot.htm)"
178.77.126.55 - - [05/Dec/2012:16:20:38 +0100] "GET /robots.txt HTTP/1.1" 404 320 "-" "Mozilla/5.0 (compatible; CareerBot/1.1; +http://www.career-x.de/bot.html)"
178.77.126.55 - - [05/Dec/2012:16:20:38 +0100] "GET / HTTP/1.1" 200 1229 "-" "Mozilla/5.0 (compatible; CareerBot/1.1; +http://www.career-x.de/bot.html)"
178.154.179.250 - - [05/Dec/2012:17:15:16 +0100] "GET / HTTP/1.1" 200 1229 "-" "Mozilla/5.0 (compatible; YandexBot/3.0; +http://yandex.com/bots)"
157.55.32.147 - - [05/Dec/2012:19:47:05 +0100] "GET /robots.txt HTTP/1.1" 404 320 "-" "Mozilla/5.0 (compatible; bingbot/2.0; +http://www.bing.com/bingbot.htm)"
193.28.178.13 - - [05/Dec/2012:19:47:40 +0100] "GET /robots.txt HTTP/1.1" 404 320 "-" "Mozilla/5.0 (Windows NT x.y; Win64; x64; rv:10.0.1) Gecko/20100101 Firefox/10.0.1"
193.28.178.13 - - [05/Dec/2012:19:47:40 +0100] "GET / HTTP/1.1" 200 1229 "-" "Mozilla/5.0 (Windows NT x.y; Win64; x64; rv:10.0.1) Gecko/20100101 Firefox/10.0.1"
157.55.32.147 - - [05/Dec/2012:19:48:50 +0100] "GET / HTTP/1.1" 304 - "-" "Mozilla/5.0 (compatible; bingbot/2.0; +http://www.bing.com/bingbot.htm)"
89.218.239.54 - - [05/Dec/2012:21:13:08 +0100] "HEAD / HTTP/1.0" 200 - "-" "-"
89.218.239.54 - - [05/Dec/2012:21:13:08 +0100] "HEAD / HTTP/1.0" 200 - "-" "-"
89.218.239.54 - - [05/Dec/2012:21:13:08 +0100] "HEAD / HTTP/1.0" 200 - "-" "-"
89.218.239.54 - - [05/Dec/2012:21:13:08 +0100] "HEAD / HTTP/1.0" 200 - "-" "-"
89.218.239.54 - - [05/Dec/2012:21:13:08 +0100] "HEAD / HTTP/1.0" 200 - "-" "-"
89.218.239.54 - - [05/Dec/2012:21:13:08 +0100] "HEAD / HTTP/1.0" 200 - "-" "-"
89.218.239.54 - - [05/Dec/2012:21:13:08 +0100] "HEAD / HTTP/1.0" 200 - "-" "-"
89.218.239.54 - - [05/Dec/2012:21:13:08 +0100] "HEAD / HTTP/1.0" 200 - "-" "-"
89.218.239.54 - - [05/Dec/2012:21:13:08 +0100] "HEAD / HTTP/1.0" 200 - "-" "-"
89.218.239.54 - - [05/Dec/2012:21:13:08 +0100] "HEAD / HTTP/1.0" 200 - "-" "-"
157.55.32.104 - - [05/Dec/2012:22:42:39 +0100] "GET /robots.txt HTTP/1.1" 404 320 "-" "Mozilla/5.0 (compatible; bingbot/2.0; +http://www.bing.com/bingbot.htm)"
157.55.32.104 - - [05/Dec/2012:22:57:52 +0100] "GET /Heizoel-Berlin.htm HTTP/1.1" 404 328 "-" "Mozilla/5.0 (compatible; bingbot/2.0; +http://www.bing.com/bingbot.htm)"
66.249.73.197 - - [05/Dec/2012:23:03:04 +0100] "GET /robots.txt HTTP/1.1" 404 327 "-" "Mozilla/5.0 (compatible; Googlebot/2.1; +http://www.google.com/bot.html)"
66.249.73.197 - - [05/Dec/2012:23:03:04 +0100] "GET / HTTP/1.1" 200 1229 "-" "Mozilla/5.0 (compatible; Googlebot/2.1; +http://www.google.com/bot.html)"
157.55.32.96 - - [06/Dec/2012:00:13:39 +0100] "GET /robots.txt HTTP/1.1" 404 322 "-" "Mozilla/5.0 (compatible; bingbot/2.0; +http://www.bing.com/bingbot.htm)"
157.55.32.96 - - [06/Dec/2012:00:35:43 +0100] "GET /kontakt.htm HTTP/1.1" 404 323 "-" "Mozilla/5.0 (compatible; bingbot/2.0; +http://www.bing.com/bingbot.htm)"
107.20.96.224 - - [06/Dec/2012:01:57:23 +0100] "GET / HTTP/1.0" 200 1229 "-" "Mozilla/5.0 (compatible; NetcraftSurveyAgent/1.0; +info@netcraft.com)"
54.234.38.142 - - [06/Dec/2012:02:12:54 +0100] "GET / HTTP/1.0" 200 1229 "-" "Mozilla/5.0 (compatible; NetcraftSurveyAgent/1.0; +info@netcraft.com)"
66.249.73.102 - - [06/Dec/2012:02:36:19 +0100] "GET /robots.txt HTTP/1.1" 404 328 "-" "Mozilla/5.0 (compatible; Googlebot/2.1; +http://www.google.com/bot.html)"
66.249.73.102 - - [06/Dec/2012:02:36:19 +0100] "GET / HTTP/1.1" 200 1229 "-" "Mozilla/5.0 (compatible; Googlebot/2.1; +http://www.google.com/bot.html)"
54.243.20.7 - - [06/Dec/2012:02:37:59 +0100] "GET / HTTP/1.0" 200 1229 "-" "Mozilla/5.0 (compatible; NetcraftSurveyAgent/1.0; +info@netcraft.com)"
23.20.181.87 - - [06/Dec/2012:02:38:41 +0100] "GET / HTTP/1.0" 200 1229 "-" "Mozilla/5.0 (compatible; NetcraftSurveyAgent/1.0; +info@netcraft.com)"
23.23.61.236 - - [06/Dec/2012:03:43:45 +0100] "GET / HTTP/1.0" 200 1229 "-" "Mozilla/5.0 (compatible; NetcraftSurveyAgent/1.0; +info@netcraft.com)"
178.154.179.250 - - [06/Dec/2012:04:22:07 +0100] "GET /robots.txt HTTP/1.1" 404 327 "-" "Mozilla/5.0 (compatible; YandexBot/3.0; +http://yandex.com/bots)"
174.129.173.229 - - [06/Dec/2012:04:33:09 +0100] "GET / HTTP/1.0" 200 1229 "-" "Mozilla/5.0 (compatible; NetcraftSurveyAgent/1.0; +info@netcraft.com)"
54.242.213.124 - - [06/Dec/2012:04:44:59 +0100] "GET / HTTP/1.0" 200 1229 "-" "Mozilla/5.0 (compatible; NetcraftSurveyAgent/1.0; +info@netcraft.com)"
23.22.226.100 - - [06/Dec/2012:05:24:22 +0100] "GET / HTTP/1.0" 200 1229 "-" "Mozilla/5.0 (compatible; NetcraftSurveyAgent/1.0; +info@netcraft.com)"
50.16.2.115 - - [06/Dec/2012:05:33:56 +0100] "GET / HTTP/1.0" 200 1229 "-" "Mozilla/5.0 (compatible; NetcraftSurveyAgent/1.0; +info@netcraft.com)"
54.234.27.48 - - [06/Dec/2012:06:18:06 +0100] "GET / HTTP/1.0" 200 1229 "-" "Mozilla/5.0 (compatible; NetcraftSurveyAgent/1.0; +info@netcraft.com)"
178.154.179.250 - - [06/Dec/2012:06:19:14 +0100] "GET / HTTP/1.1" 200 1229 "-" "Mozilla/5.0 (compatible; YandexBot/3.0; +http://yandex.com/bots)"
50.16.5.35 - - [06/Dec/2012:06:54:13 +0100] "GET / HTTP/1.0" 200 1229 "-" "Mozilla/5.0 (compatible; NetcraftSurveyAgent/1.0; +info@netcraft.com)"
178.154.179.250 - - [06/Dec/2012:08:14:39 +0100] "GET /robots.txt HTTP/1.1" 404 328 "-" "Mozilla/5.0 (compatible; YandexBot/3.0; +http://yandex.com/bots)"
93.222.206.209 - - [06/Dec/2012:10:48:09 +0100] "GET /favicon.ico HTTP/1.1" 404 316 "-" "Mozilla/5.0 (Windows NT 6.1; WOW64; rv:16.0) Gecko/20100101 Firefox/16.0"
178.154.179.250 - - [06/Dec/2012:13:13:09 +0100] "GET / HTTP/1.1" 200 1229 "-" "Mozilla/5.0 (compatible; YandexBot/3.0; +http://yandex.com/bots)"
5.9.112.68 - - [06/Dec/2012:15:03:13 +0100] "GET /robots.txt HTTP/1.1" 404 337 "-" "Mozilla/5.0 (compatible; SISTRIX Crawler; http://crawler.sistrix.net/)"
5.9.112.68 - - [06/Dec/2012:15:03:13 +0100] "GET / HTTP/1.1" 200 1229 "-" "Mozilla/5.0 (compatible; SISTRIX Crawler; http://crawler.sistrix.net/)"
65.55.213.73 - - [06/Dec/2012:15:44:52 +0100] "GET /robots.txt HTTP/1.1" 404 320 "-" "msnbot/2.0b (+http://search.msn.com/msnbot.htm)"
65.55.213.73 - - [06/Dec/2012:15:44:52 +0100] "GET / HTTP/1.1" 200 1229 "-" "msnbot/2.0b (+http://search.msn.com/msnbot.htm)"
64.246.178.34 - - [06/Dec/2012:15:57:32 +0100] "GET /robots.txt HTTP/1.0" 404 328 "-" "Mozilla/5.0 (Windows; U; Windows NT 5.1; en; rv:1.9.0.13) Gecko/2009073022 Firefox/3.5.2 (.NET CLR 3.5.30729) SurveyBot/2.3 (DomainTools)"
64.246.178.34 - - [06/Dec/2012:15:57:32 +0100] "GET / HTTP/1.1" 200 1229 "http://whois.domaintools.com/aufzugs-hebetechnik.de" "Mozilla/5.0 (Windows; U; Windows NT 5.1; en; rv:1.9.0.13) Gecko/2009073022 Firefox/3.5.2 (.NET CLR 3.5.30729) SurveyBot/2.3 (DomainTools)"
216.145.11.94 - - [06/Dec/2012:18:57:10 +0100] "GET /robots.txt HTTP/1.0" 404 332 "-" "Mozilla/5.0 (Windows; U; Windows NT 5.1; en; rv:1.9.0.13) Gecko/2009073022 Firefox/3.5.2 (.NET CLR 3.5.30729) SurveyBot/2.3 (DomainTools)"
216.145.11.94 - - [06/Dec/2012:18:57:10 +0100] "GET / HTTP/1.1" 200 1229 "http://whois.domaintools.com/bauaufzuege-hebetechnik.de" "Mozilla/5.0 (Windows; U; Windows NT 5.1; en; rv:1.9.0.13) Gecko/2009073022 Firefox/3.5.2 (.NET CLR 3.5.30729) SurveyBot/2.3 (DomainTools)"
