66.249.72.57 - - [24/Mar/2012:02:38:14 +0100] "GET / HTTP/1.1" 304 - "-" "Mozilla/5.0 (compatible; Googlebot/2.1; +http://www.google.com/bot.html)"
95.108.128.242 - - [24/Mar/2012:03:38:01 +0100] "GET /robots.txt HTTP/1.1" 404 322 "-" "Mozilla/5.0 (compatible; YandexBot/3.0; +http://yandex.com/bots)"
76.72.167.164 - - [24/Mar/2012:04:01:20 +0100] "GET /robots.txt HTTP/1.0" 404 320 "-" "Mozilla/5.0 (compatible; MJ12bot/v1.4.2; http://www.majestic12.co.uk/bot.php?+)"
76.72.167.164 - - [24/Mar/2012:04:01:22 +0100] "GET / HTTP/1.0" 200 1229 "-" "Mozilla/5.0 (compatible; MJ12bot/v1.4.2; http://www.majestic12.co.uk/bot.php?+)"
80.82.209.34 - - [24/Mar/2012:05:00:17 +0100] "GET /wp-login.php HTTP/1.1" 404 324 "-" "-"
74.52.245.146 - - [24/Mar/2012:05:04:35 +0100] "GET / HTTP/1.0" 200 1229 "-" "Mozilla/5.0 (X11; U; Linux i686; en-US; rv:1.7.5) Gecko/20041107 Firefox/1.0"
95.108.128.242 - - [24/Mar/2012:06:03:14 +0100] "GET / HTTP/1.1" 200 1229 "-" "Mozilla/5.0 (compatible; YandexBot/3.0; +http://yandex.com/bots)"
74.52.245.146 - - [24/Mar/2012:06:33:43 +0100] "GET / HTTP/1.0" 200 1229 "-" "Mozilla/5.0 (X11; U; Linux i686; en-US; rv:1.7.5) Gecko/20041107 Firefox/1.0"
74.52.245.146 - - [24/Mar/2012:06:33:45 +0100] "GET / HTTP/1.0" 200 1229 "-" "Mozilla/5.0 (X11; U; Linux i686; en-US; rv:1.7.5) Gecko/20041107 Firefox/1.0"
74.52.245.146 - - [24/Mar/2012:06:33:45 +0100] "GET / HTTP/1.0" 200 1229 "-" "Mozilla/5.0 (X11; U; Linux i686; en-US; rv:1.7.5) Gecko/20041107 Firefox/1.0"
74.52.245.146 - - [24/Mar/2012:06:33:47 +0100] "GET / HTTP/1.0" 200 1229 "-" "Mozilla/5.0 (X11; U; Linux i686; en-US; rv:1.7.5) Gecko/20041107 Firefox/1.0"
208.107.186.80 - - [24/Mar/2012:06:39:04 +0100] "GET /robots.txt HTTP/1.0" 404 320 "-" "Mozilla/5.0 (compatible; MJ12bot/v1.4.2; http://www.majestic12.co.uk/bot.php?+)"
208.107.186.80 - - [24/Mar/2012:06:39:06 +0100] "GET / HTTP/1.1" 200 1229 "-" "Mozilla/5.0 (compatible; MJ12bot/v1.4.2; http://www.majestic12.co.uk/bot.php?+)"
91.61.67.80 - - [24/Mar/2012:06:45:13 +0100] "GET / HTTP/1.1" 200 1229 "-" "Mozilla/5.0 (Windows; U; Windows NT 5.1; de; rv:1.9.0.10) Gecko/2009042316 Firefox/3.0.10"
91.61.67.80 - - [24/Mar/2012:06:45:16 +0100] "GET / HTTP/1.1" 200 1229 "-" "Java/1.6.0_22"
194.153.113.7 - - [24/Mar/2012:06:56:23 +0100] "HEAD / HTTP/1.1" 200 - "-" "Mozilla/5.0 (compatible; oBot/2.3.1; +http://filterdb.iss.net/crawler/)"
95.108.128.242 - - [24/Mar/2012:07:46:57 +0100] "GET / HTTP/1.1" 200 1229 "-" "Mozilla/5.0 (compatible; YandexBot/3.0; +http://yandex.com/bots)"
194.153.113.7 - - [24/Mar/2012:07:50:33 +0100] "HEAD / HTTP/1.1" 200 - "-" "Mozilla/5.0 (compatible; oBot/2.3.1; +http://filterdb.iss.net/crawler/)"
95.108.128.242 - - [24/Mar/2012:08:31:18 +0100] "GET / HTTP/1.1" 200 1229 "-" "Mozilla/5.0 (compatible; YandexBot/3.0; +http://yandex.com/bots)"
74.52.245.146 - - [24/Mar/2012:09:16:21 +0100] "GET / HTTP/1.0" 200 1229 "-" "Mozilla/5.0 (X11; U; Linux i686; en-US; rv:1.7.5) Gecko/20041107 Firefox/1.0"
91.121.25.19 - - [24/Mar/2012:10:00:31 +0100] "GET HTTP/1.1 HTTP/1.1" 400 333 "-" "Mozilla/5.0 (X11; Ubuntu; Linux i686; rv:11.0) Gecko/20100101 Firefox/11.0"
91.121.25.19 - - [24/Mar/2012:10:00:31 +0100] "GET HTTP/1.1 HTTP/1.1" 400 333 "-" "Mozilla/5.0 (X11; Ubuntu; Linux i686; rv:11.0) Gecko/20100101 Firefox/11.0"
91.121.25.19 - - [24/Mar/2012:10:00:31 +0100] "GET HTTP/1.1 HTTP/1.1" 400 333 "-" "Mozilla/5.0 (X11; Ubuntu; Linux i686; rv:11.0) Gecko/20100101 Firefox/11.0"
91.121.25.19 - - [24/Mar/2012:10:00:31 +0100] "GET /recordings/misc/callme_page.php HTTP/1.1" 404 336 "-" "Mozilla/5.0 (X11; Ubuntu; Linux i686; rv:11.0) Gecko/20100101 Firefox/11.0"
91.121.25.19 - - [24/Mar/2012:10:00:31 +0100] "GET HTTP/1.1 HTTP/1.1" 400 333 "-" "Mozilla/5.0 (X11; Ubuntu; Linux i686; rv:11.0) Gecko/20100101 Firefox/11.0"
91.121.25.19 - - [24/Mar/2012:10:00:31 +0100] "GET HTTP/1.1 HTTP/1.1" 400 333 "-" "Mozilla/5.0 (X11; Ubuntu; Linux i686; rv:11.0) Gecko/20100101 Firefox/11.0"
91.121.25.19 - - [24/Mar/2012:10:00:31 +0100] "GET HTTP/1.1 HTTP/1.1" 400 333 "-" "Mozilla/5.0 (X11; Ubuntu; Linux i686; rv:11.0) Gecko/20100101 Firefox/11.0"
91.121.25.19 - - [24/Mar/2012:10:00:31 +0100] "GET /recordings/misc/callme_page.php HTTP/1.1" 404 336 "-" "Mozilla/5.0 (X11; Ubuntu; Linux i686; rv:11.0) Gecko/20100101 Firefox/11.0"
91.121.25.19 - - [24/Mar/2012:10:00:31 +0100] "GET HTTP/1.1 HTTP/1.1" 400 333 "-" "Mozilla/5.0 (X11; Ubuntu; Linux i686; rv:11.0) Gecko/20100101 Firefox/11.0"
91.121.25.19 - - [24/Mar/2012:10:00:31 +0100] "GET HTTP/1.1 HTTP/1.1" 400 333 "-" "Mozilla/5.0 (X11; Ubuntu; Linux i686; rv:11.0) Gecko/20100101 Firefox/11.0"
91.121.25.19 - - [24/Mar/2012:10:00:31 +0100] "GET /recordings/misc/callme_page.php HTTP/1.1" 404 336 "-" "Mozilla/5.0 (X11; Ubuntu; Linux i686; rv:11.0) Gecko/20100101 Firefox/11.0"
91.121.25.19 - - [24/Mar/2012:10:00:31 +0100] "GET HTTP/1.1 HTTP/1.1" 400 333 "-" "Mozilla/5.0 (X11; Ubuntu; Linux i686; rv:11.0) Gecko/20100101 Firefox/11.0"
91.121.25.19 - - [24/Mar/2012:10:00:31 +0100] "GET HTTP/1.1 HTTP/1.1" 400 333 "-" "Mozilla/5.0 (X11; Ubuntu; Linux i686; rv:11.0) Gecko/20100101 Firefox/11.0"
91.121.25.19 - - [24/Mar/2012:10:00:31 +0100] "GET /recordings/misc/callme_page.php HTTP/1.1" 404 336 "-" "Mozilla/5.0 (X11; Ubuntu; Linux i686; rv:11.0) Gecko/20100101 Firefox/11.0"
91.121.25.19 - - [24/Mar/2012:10:00:31 +0100] "GET /recordings/misc/callme_page.php HTTP/1.1" 404 336 "-" "Mozilla/5.0 (X11; Ubuntu; Linux i686; rv:11.0) Gecko/20100101 Firefox/11.0"
91.121.25.19 - - [24/Mar/2012:10:00:31 +0100] "GET /recordings/misc/callme_page.php HTTP/1.1" 404 336 "-" "Mozilla/5.0 (X11; Ubuntu; Linux i686; rv:11.0) Gecko/20100101 Firefox/11.0"
91.121.25.19 - - [24/Mar/2012:10:00:31 +0100] "GET /recordings/misc/callme_page.php HTTP/1.1" 404 336 "-" "Mozilla/5.0 (X11; Ubuntu; Linux i686; rv:11.0) Gecko/20100101 Firefox/11.0"
91.121.25.19 - - [24/Mar/2012:10:00:31 +0100] "GET /recordings/misc/callme_page.php HTTP/1.1" 404 336 "-" "Mozilla/5.0 (X11; Ubuntu; Linux i686; rv:11.0) Gecko/20100101 Firefox/11.0"
91.121.25.19 - - [24/Mar/2012:10:00:31 +0100] "GET /recordings/misc/callme_page.php HTTP/1.1" 404 336 "-" "Mozilla/5.0 (X11; Ubuntu; Linux i686; rv:11.0) Gecko/20100101 Firefox/11.0"
91.121.25.19 - - [24/Mar/2012:10:00:31 +0100] "GET /recordings/misc/callme_page.php HTTP/1.1" 404 336 "-" "Mozilla/5.0 (X11; Ubuntu; Linux i686; rv:11.0) Gecko/20100101 Firefox/11.0"
109.87.138.55 - - [24/Mar/2012:10:01:36 +0100] "GET /robots.txt HTTP/1.0" 404 320 "-" "Mozilla/5.0 (compatible; MJ12bot/v1.4.2; http://www.majestic12.co.uk/bot.php?+)"
109.87.138.55 - - [24/Mar/2012:10:01:38 +0100] "GET / HTTP/1.1" 200 1229 "-" "Mozilla/5.0 (compatible; MJ12bot/v1.4.2; http://www.majestic12.co.uk/bot.php?+)"
95.108.128.242 - - [24/Mar/2012:10:51:48 +0100] "GET / HTTP/1.1" 200 1229 "-" "Mozilla/5.0 (compatible; YandexBot/3.0; +http://yandex.com/bots)"
123.125.71.82 - - [24/Mar/2012:12:39:00 +0100] "GET /robots.txt HTTP/1.1" 404 320 "-" "Mozilla/5.0 (compatible; Baiduspider/2.0; +http://www.baidu.com/search/spider.html)"
83.133.125.202 - - [24/Mar/2012:12:42:39 +0100] "GET / HTTP/1.1" 200 1229 "http://www.bigfinder.de/" "T-Online Browser (Windows NT 6.1; de)"
76.72.167.164 - - [24/Mar/2012:16:58:07 +0100] "GET /robots.txt HTTP/1.0" 404 320 "-" "Mozilla/5.0 (compatible; MJ12bot/v1.4.2; http://www.majestic12.co.uk/bot.php?+)"
76.72.167.164 - - [24/Mar/2012:16:58:09 +0100] "GET / HTTP/1.0" 200 1229 "-" "Mozilla/5.0 (compatible; MJ12bot/v1.4.2; http://www.majestic12.co.uk/bot.php?+)"
91.66.92.225 - - [24/Mar/2012:17:01:46 +0100] "GET /robots.txt HTTP/1.0" 404 320 "-" "Mozilla/5.0 (compatible; MJ12bot/v1.4.2; http://www.majestic12.co.uk/bot.php?+)"
91.66.92.225 - - [24/Mar/2012:17:01:49 +0100] "GET / HTTP/1.1" 200 1229 "-" "Mozilla/5.0 (compatible; MJ12bot/v1.4.2; http://www.majestic12.co.uk/bot.php?+)"
76.72.167.164 - - [24/Mar/2012:17:51:52 +0100] "GET /robots.txt HTTP/1.0" 404 320 "-" "Mozilla/5.0 (compatible; MJ12bot/v1.4.2; http://www.majestic12.co.uk/bot.php?+)"
76.72.167.164 - - [24/Mar/2012:17:51:53 +0100] "GET / HTTP/1.0" 200 1229 "-" "Mozilla/5.0 (compatible; MJ12bot/v1.4.2; http://www.majestic12.co.uk/bot.php?+)"
108.59.8.80 - - [24/Mar/2012:18:35:17 +0100] "GET /robots.txt HTTP/1.0" 404 320 "-" "Mozilla/5.0 (compatible; MJ12bot/v1.4.2; http://www.majestic12.co.uk/bot.php?+)"
108.59.8.80 - - [24/Mar/2012:18:35:18 +0100] "GET / HTTP/1.0" 200 1229 "-" "Mozilla/5.0 (compatible; MJ12bot/v1.4.2; http://www.majestic12.co.uk/bot.php?+)"
76.72.167.164 - - [24/Mar/2012:18:36:24 +0100] "GET /robots.txt HTTP/1.0" 404 320 "-" "Mozilla/5.0 (compatible; MJ12bot/v1.4.2; http://www.majestic12.co.uk/bot.php?+)"
76.72.167.164 - - [24/Mar/2012:18:36:27 +0100] "GET / HTTP/1.0" 200 1229 "-" "Mozilla/5.0 (compatible; MJ12bot/v1.4.2; http://www.majestic12.co.uk/bot.php?+)"
76.72.167.164 - - [24/Mar/2012:21:22:10 +0100] "GET /robots.txt HTTP/1.0" 404 320 "-" "Mozilla/5.0 (compatible; MJ12bot/v1.4.2; http://www.majestic12.co.uk/bot.php?+)"
76.72.167.164 - - [24/Mar/2012:21:22:12 +0100] "GET / HTTP/1.0" 200 1229 "-" "Mozilla/5.0 (compatible; MJ12bot/v1.4.2; http://www.majestic12.co.uk/bot.php?+)"
94.209.58.25 - - [24/Mar/2012:21:32:21 +0100] "GET /robots.txt HTTP/1.0" 404 322 "-" "Mozilla/5.0 (compatible; MJ12bot/v1.4.2; http://www.majestic12.co.uk/bot.php?+)"
94.209.58.25 - - [24/Mar/2012:21:32:23 +0100] "GET / HTTP/1.1" 200 1229 "-" "Mozilla/5.0 (compatible; MJ12bot/v1.4.2; http://www.majestic12.co.uk/bot.php?+)"
65.52.109.62 - - [24/Mar/2012:21:48:24 +0100] "GET /robots.txt HTTP/1.1" 404 320 "-" "Mozilla/5.0 (compatible; bingbot/2.0; +http://www.bing.com/bingbot.htm)"
65.52.109.62 - - [24/Mar/2012:21:49:10 +0100] "GET /seiten/datenschutz.php HTTP/1.1" 404 332 "-" "Mozilla/5.0 (compatible; bingbot/2.0; +http://www.bing.com/bingbot.htm)"
184.154.48.82 - - [24/Mar/2012:21:50:56 +0100] "GET /robots.txt HTTP/1.0" 404 320 "-" "Mozilla/5.0 (compatible; MJ12bot/v1.4.2; http://www.majestic12.co.uk/bot.php?+)"
184.154.48.82 - - [24/Mar/2012:21:50:58 +0100] "GET / HTTP/1.0" 200 1229 "-" "Mozilla/5.0 (compatible; MJ12bot/v1.4.2; http://www.majestic12.co.uk/bot.php?+)"
76.72.167.162 - - [24/Mar/2012:23:50:31 +0100] "GET /robots.txt HTTP/1.0" 404 320 "-" "Mozilla/5.0 (compatible; MJ12bot/v1.4.2; http://www.majestic12.co.uk/bot.php?+)"
76.72.167.162 - - [24/Mar/2012:23:50:33 +0100] "GET / HTTP/1.0" 200 1229 "-" "Mozilla/5.0 (compatible; MJ12bot/v1.4.2; http://www.majestic12.co.uk/bot.php?+)"
76.72.167.164 - - [25/Mar/2012:03:32:21 +0200] "GET /robots.txt HTTP/1.0" 404 320 "-" "Mozilla/5.0 (compatible; MJ12bot/v1.4.2; http://www.majestic12.co.uk/bot.php?+)"
76.72.167.164 - - [25/Mar/2012:03:32:24 +0200] "GET / HTTP/1.0" 200 1229 "-" "Mozilla/5.0 (compatible; MJ12bot/v1.4.2; http://www.majestic12.co.uk/bot.php?+)"
94.222.134.114 - - [25/Mar/2012:04:39:48 +0200] "GET /robots.txt HTTP/1.0" 404 320 "-" "Mozilla/5.0 (compatible; MJ12bot/v1.4.2; http://www.majestic12.co.uk/bot.php?+)"
94.222.134.114 - - [25/Mar/2012:04:39:50 +0200] "GET / HTTP/1.1" 200 1229 "-" "Mozilla/5.0 (compatible; MJ12bot/v1.4.2; http://www.majestic12.co.uk/bot.php?+)"
76.72.167.164 - - [25/Mar/2012:05:30:11 +0200] "GET /robots.txt HTTP/1.0" 404 320 "-" "Mozilla/5.0 (compatible; MJ12bot/v1.4.2; http://www.majestic12.co.uk/bot.php?+)"
76.72.167.164 - - [25/Mar/2012:05:30:13 +0200] "GET / HTTP/1.0" 200 1229 "-" "Mozilla/5.0 (compatible; MJ12bot/v1.4.2; http://www.majestic12.co.uk/bot.php?+)"
108.62.103.44 - - [25/Mar/2012:05:36:15 +0200] "GET /robots.txt HTTP/1.0" 404 320 "-" "Mozilla/5.0 (compatible; MJ12bot/v1.4.2; http://www.majestic12.co.uk/bot.php?+)"
108.62.103.44 - - [25/Mar/2012:05:36:17 +0200] "GET / HTTP/1.0" 200 1229 "-" "Mozilla/5.0 (compatible; MJ12bot/v1.4.2; http://www.majestic12.co.uk/bot.php?+)"
66.249.66.171 - - [25/Mar/2012:07:21:07 +0200] "GET /robots.txt HTTP/1.1" 404 328 "-" "Mozilla/5.0 (compatible; Googlebot/2.1; +http://www.google.com/bot.html)"
66.249.72.226 - - [25/Mar/2012:07:21:08 +0200] "GET / HTTP/1.1" 304 - "-" "Mozilla/5.0 (compatible; Googlebot/2.1; +http://www.google.com/bot.html)"
157.56.18.155 - - [25/Mar/2012:08:23:50 +0200] "roxy-Connection: Keep-Alive" 400 329 "-" "-"
178.84.231.35 - - [25/Mar/2012:09:05:53 +0200] "GET /robots.txt HTTP/1.0" 404 320 "-" "Mozilla/5.0 (compatible; MJ12bot/v1.4.2; http://www.majestic12.co.uk/bot.php?+)"
178.84.231.35 - - [25/Mar/2012:09:05:55 +0200] "GET / HTTP/1.1" 200 1229 "-" "Mozilla/5.0 (compatible; MJ12bot/v1.4.2; http://www.majestic12.co.uk/bot.php?+)"
76.72.167.164 - - [25/Mar/2012:10:06:43 +0200] "GET /robots.txt HTTP/1.0" 404 320 "-" "Mozilla/5.0 (compatible; MJ12bot/v1.4.2; http://www.majestic12.co.uk/bot.php?+)"
76.72.167.164 - - [25/Mar/2012:10:06:45 +0200] "GET / HTTP/1.0" 200 1229 "-" "Mozilla/5.0 (compatible; MJ12bot/v1.4.2; http://www.majestic12.co.uk/bot.php?+)"
123.125.71.82 - - [25/Mar/2012:10:10:33 +0200] "GET /robots.txt HTTP/1.1" 404 320 "-" "Mozilla/5.0 (compatible; Baiduspider/2.0; +http://www.baidu.com/search/spider.html)"
95.108.128.242 - - [25/Mar/2012:10:29:26 +0200] "GET /robots.txt HTTP/1.1" 404 327 "-" "Mozilla/5.0 (compatible; YandexBot/3.0; +http://yandex.com/bots)"
83.133.125.202 - - [25/Mar/2012:10:45:16 +0200] "GET / HTTP/1.1" 200 1229 "http://www.sumaja.de/" "Mozilla/4.0 (compatible; MSIE 9.0; Windows NT 5.1)"
83.133.125.202 - - [25/Mar/2012:10:45:16 +0200] "GET / HTTP/1.0" 200 1229 "-" "-"
83.133.125.202 - - [25/Mar/2012:10:45:16 +0200] "GET / HTTP/1.0" 200 1229 "-" "-"
65.52.104.88 - - [25/Mar/2012:10:45:47 +0200] "GET /robots.txt HTTP/1.1" 404 322 "-" "Mozilla/5.0 (compatible; bingbot/2.0; +http://www.bing.com/bingbot.htm)"
65.52.104.88 - - [25/Mar/2012:10:51:14 +0200] "GET / HTTP/1.1" 304 - "-" "Mozilla/5.0 (compatible; bingbot/2.0; +http://www.bing.com/bingbot.htm)"
85.178.82.91 - - [25/Mar/2012:13:10:44 +0200] "GET / HTTP/1.1" 200 1229 "-" "Mozilla/5.0 (compatible; MJ12bot/v1.4.2; http://www.majestic12.co.uk/bot.php?+)"
95.108.128.242 - - [25/Mar/2012:13:12:41 +0200] "GET / HTTP/1.1" 200 1229 "-" "Mozilla/5.0 (compatible; YandexBot/3.0; +http://yandex.com/bots)"
76.72.167.163 - - [25/Mar/2012:13:33:03 +0200] "GET /robots.txt HTTP/1.0" 404 320 "-" "Mozilla/5.0 (compatible; MJ12bot/v1.4.2; http://www.majestic12.co.uk/bot.php?+)"
76.72.167.163 - - [25/Mar/2012:13:33:05 +0200] "GET / HTTP/1.0" 200 1229 "-" "Mozilla/5.0 (compatible; MJ12bot/v1.4.2; http://www.majestic12.co.uk/bot.php?+)"
65.52.110.151 - - [25/Mar/2012:13:58:30 +0200] "GET /robots.txt HTTP/1.1" 404 320 "-" "Mozilla/5.0 (compatible; bingbot/2.0; +http://www.bing.com/bingbot.htm)"
65.52.110.151 - - [25/Mar/2012:13:59:14 +0200] "GET / HTTP/1.1" 304 - "-" "Mozilla/5.0 (compatible; bingbot/2.0; +http://www.bing.com/bingbot.htm)"
65.52.110.151 - - [25/Mar/2012:14:15:09 +0200] "GET / HTTP/1.1" 304 - "-" "Mozilla/5.0 (compatible; bingbot/2.0; +http://www.bing.com/bingbot.htm)"
188.117.38.38 - - [25/Mar/2012:17:00:59 +0200] "GET /robots.txt HTTP/1.0" 404 320 "-" "Mozilla/5.0 (compatible; MJ12bot/v1.4.2; http://www.majestic12.co.uk/bot.php?+)"
188.117.38.38 - - [25/Mar/2012:17:01:01 +0200] "GET / HTTP/1.0" 200 1229 "-" "Mozilla/5.0 (compatible; MJ12bot/v1.4.2; http://www.majestic12.co.uk/bot.php?+)"
212.50.133.214 - - [25/Mar/2012:21:46:03 +0200] "GET /robots.txt HTTP/1.0" 404 320 "-" "Mozilla/5.0 (compatible; MJ12bot/v1.4.2; http://www.majestic12.co.uk/bot.php?+)"
212.50.133.214 - - [25/Mar/2012:21:46:04 +0200] "GET / HTTP/1.0" 200 1229 "-" "Mozilla/5.0 (compatible; MJ12bot/v1.4.2; http://www.majestic12.co.uk/bot.php?+)"
85.114.140.89 - - [25/Mar/2012:22:20:26 +0200] "HEAD /manager/html HTTP/1.0" 404 - "-" "-"
85.114.140.89 - - [25/Mar/2012:22:20:26 +0200] "HEAD /manager/html HTTP/1.0" 404 - "-" "-"
85.114.140.89 - - [25/Mar/2012:22:20:26 +0200] "HEAD /manager/html HTTP/1.0" 404 - "-" "-"
85.114.140.89 - - [25/Mar/2012:22:20:26 +0200] "HEAD /manager/html HTTP/1.0" 404 - "-" "-"
85.114.140.89 - - [25/Mar/2012:22:20:26 +0200] "HEAD /manager/html HTTP/1.0" 404 - "-" "-"
85.114.140.89 - - [25/Mar/2012:22:20:26 +0200] "HEAD /manager/html HTTP/1.0" 404 - "-" "-"
85.114.140.89 - - [25/Mar/2012:22:20:26 +0200] "HEAD /manager/html HTTP/1.0" 404 - "-" "-"
85.114.140.89 - - [25/Mar/2012:22:20:26 +0200] "HEAD /manager/html HTTP/1.0" 404 - "-" "-"
85.114.140.89 - - [25/Mar/2012:22:20:26 +0200] "HEAD /manager/html HTTP/1.0" 404 - "-" "-"
85.114.140.89 - - [25/Mar/2012:22:20:26 +0200] "HEAD /manager/html HTTP/1.0" 404 - "-" "-"
85.166.32.243 - - [25/Mar/2012:22:30:57 +0200] "GET /robots.txt HTTP/1.0" 404 320 "-" "Mozilla/5.0 (compatible; MJ12bot/v1.4.2; http://www.majestic12.co.uk/bot.php?+)"
85.166.32.243 - - [25/Mar/2012:22:30:59 +0200] "GET / HTTP/1.0" 200 1229 "-" "Mozilla/5.0 (compatible; MJ12bot/v1.4.2; http://www.majestic12.co.uk/bot.php?+)"
213.138.101.228 - - [25/Mar/2012:23:23:35 +0200] "GET /robots.txt HTTP/1.0" 404 320 "-" "Mozilla/5.0 (compatible; MJ12bot/v1.4.2; http://www.majestic12.co.uk/bot.php?+)"
213.138.101.228 - - [25/Mar/2012:23:23:37 +0200] "GET / HTTP/1.0" 200 1229 "-" "Mozilla/5.0 (compatible; MJ12bot/v1.4.2; http://www.majestic12.co.uk/bot.php?+)"
88.80.10.1 - - [25/Mar/2012:23:44:41 +0200] "GET http://88.80.10.1/pp/anp.php?a=VUVH_W_EFB%5C%5CO&b=1155&c=c8e8&i=3 HTTP/1.1" 404 312 "-" "Mozilla/4.0 (compatible; MSIE 6.0; Windows NT 5.1)"
67.19.79.218 - - [26/Mar/2012:00:28:22 +0200] "GET /robots.txt HTTP/1.0" 404 311 "-" "Mozilla/4.0 (compatible; MSIE 5.01; Windows NT)"
95.91.60.242 - - [26/Mar/2012:02:08:42 +0200] "GET /robots.txt HTTP/1.0" 404 320 "-" "Mozilla/5.0 (compatible; MJ12bot/v1.4.2; http://www.majestic12.co.uk/bot.php?+)"
95.91.60.242 - - [26/Mar/2012:02:08:44 +0200] "GET / HTTP/1.0" 200 1229 "-" "Mozilla/5.0 (compatible; MJ12bot/v1.4.2; http://www.majestic12.co.uk/bot.php?+)"
94.23.45.14 - - [26/Mar/2012:02:46:02 +0200] "HEAD / HTTP/1.0" 200 - "-" "-"
85.10.210.177 - - [26/Mar/2012:03:16:20 +0200] "GET /robots.txt HTTP/1.1" 404 320 "-" "Mozilla/5.0 (compatible; NerdByNature.Bot; http://www.nerdbynature.net/bot)"
85.10.210.177 - - [26/Mar/2012:03:16:20 +0200] "GET / HTTP/1.1" 200 1229 "-" "Mozilla/5.0 (compatible; NerdByNature.Bot; http://www.nerdbynature.net/bot)"
66.249.72.84 - - [26/Mar/2012:04:23:05 +0200] "GET /robots.txt HTTP/1.1" 404 322 "-" "Mozilla/5.0 (compatible; Googlebot/2.1; +http://www.google.com/bot.html)"
66.249.72.84 - - [26/Mar/2012:04:23:06 +0200] "GET / HTTP/1.1" 200 1229 "-" "Mozilla/5.0 (iPhone; U; CPU iPhone OS 4_1 like Mac OS X; en-us) AppleWebKit/532.9 (KHTML, like Gecko) Version/4.0.5 Mobile/8B117 Safari/6531.22.7 (compatible; Googlebot-Mobile/2.1; +http://www.google.com/bot.html)"
66.249.72.103 - - [26/Mar/2012:05:40:54 +0200] "GET /robots.txt HTTP/1.1" 404 337 "-" "Mozilla/5.0 (compatible; Googlebot/2.1; +http://www.google.com/bot.html)"
66.249.72.103 - - [26/Mar/2012:05:40:54 +0200] "GET / HTTP/1.1" 304 - "-" "Mozilla/5.0 (compatible; Googlebot/2.1; +http://www.google.com/bot.html)"
94.23.45.14 - - [26/Mar/2012:06:34:27 +0200] "HEAD / HTTP/1.0" 200 - "-" "-"
188.165.248.204 - - [26/Mar/2012:07:06:29 +0200] "GET /robots.txt HTTP/1.0" 404 320 "-" "Mozilla/5.0 (compatible; MJ12bot/v1.4.2; http://www.majestic12.co.uk/bot.php?+)"
188.165.248.204 - - [26/Mar/2012:07:06:31 +0200] "GET / HTTP/1.0" 200 1229 "-" "Mozilla/5.0 (compatible; MJ12bot/v1.4.2; http://www.majestic12.co.uk/bot.php?+)"
109.87.138.55 - - [26/Mar/2012:07:10:53 +0200] "GET /robots.txt HTTP/1.0" 404 320 "-" "Mozilla/5.0 (compatible; MJ12bot/v1.4.2; http://www.majestic12.co.uk/bot.php?+)"
109.87.138.55 - - [26/Mar/2012:07:11:00 +0200] "GET / HTTP/1.1" 200 1229 "-" "Mozilla/5.0 (compatible; MJ12bot/v1.4.2; http://www.majestic12.co.uk/bot.php?+)"
188.138.84.185 - - [26/Mar/2012:07:18:11 +0200] "GET / HTTP/1.0" 200 1229 "-" "Mozilla"
108.59.8.70 - - [26/Mar/2012:07:35:58 +0200] "GET /robots.txt HTTP/1.0" 404 320 "-" "Mozilla/5.0 (compatible; MJ12bot/v1.4.2; http://www.majestic12.co.uk/bot.php?+)"
108.59.8.70 - - [26/Mar/2012:07:36:00 +0200] "GET / HTTP/1.0" 200 1229 "-" "Mozilla/5.0 (compatible; MJ12bot/v1.4.2; http://www.majestic12.co.uk/bot.php?+)"
109.87.138.55 - - [26/Mar/2012:08:04:01 +0200] "GET /robots.txt HTTP/1.0" 404 320 "-" "Mozilla/5.0 (compatible; MJ12bot/v1.4.2; http://www.majestic12.co.uk/bot.php?+)"
109.87.138.55 - - [26/Mar/2012:08:04:06 +0200] "GET / HTTP/1.1" 200 1229 "-" "Mozilla/5.0 (compatible; MJ12bot/v1.4.2; http://www.majestic12.co.uk/bot.php?+)"
194.153.113.7 - - [26/Mar/2012:09:34:18 +0200] "HEAD / HTTP/1.1" 200 - "-" "Mozilla/5.0 (compatible; oBot/2.3.1; +http://filterdb.iss.net/crawler/)"
76.72.167.162 - - [26/Mar/2012:10:35:04 +0200] "GET /robots.txt HTTP/1.0" 404 320 "-" "Mozilla/5.0 (compatible; MJ12bot/v1.4.2; http://www.majestic12.co.uk/bot.php?+)"
76.72.167.162 - - [26/Mar/2012:10:35:06 +0200] "GET / HTTP/1.0" 200 1229 "-" "Mozilla/5.0 (compatible; MJ12bot/v1.4.2; http://www.majestic12.co.uk/bot.php?+)"
109.231.24.175 - - [26/Mar/2012:11:01:53 +0200] "GET / HTTP/1.1" 200 1229 "http://maps.google.de/maps?hl=pl&tab=wl" "Mozilla/5.0 (Windows; U; Windows NT 6.1; pl; rv:1.9.2.26) Gecko/20120128 BTRS96900 Firefox/3.6.26"
109.231.24.175 - - [26/Mar/2012:11:01:54 +0200] "GET /favicon.ico HTTP/1.1" 404 321 "-" "Mozilla/5.0 (Windows; U; Windows NT 6.1; pl; rv:1.9.2.26) Gecko/20120128 BTRS96900 Firefox/3.6.26"
109.231.24.175 - - [26/Mar/2012:11:01:54 +0200] "GET /favicon.ico HTTP/1.1" 404 321 "-" "Mozilla/5.0 (Windows; U; Windows NT 6.1; pl; rv:1.9.2.26) Gecko/20120128 BTRS96900 Firefox/3.6.26"
150.70.64.193 - - [26/Mar/2012:11:02:49 +0200] "GET /idle/mJdmdz02ySLWWxiP/1136 HTTP/1.0" 404 331 "-" "Mozilla/4.0 (compatible; MSIE 6.0; Windows NT 5.1)"
123.125.71.24 - - [26/Mar/2012:11:24:52 +0200] "GET /robots.txt HTTP/1.1" 404 320 "-" "Mozilla/5.0 (compatible; Baiduspider/2.0; +http://www.baidu.com/search/spider.html)"
88.131.106.1 - - [26/Mar/2012:12:56:39 +0200] "GET /robots.txt HTTP/1.0" 404 320 "-" "Mozilla/5.0 (Windows; U; Windows NT 5.1; en-US) Speedy Spider (http://www.entireweb.com/about/search_tech/speedy_spider/)"
88.131.106.8 - - [26/Mar/2012:12:56:39 +0200] "GET /seiten/optiplus_detail.php HTTP/1.0" 404 336 "-" "Mozilla/5.0 (Windows; U; Windows NT 5.1; en-US) Speedy Spider (http://www.entireweb.com/about/search_tech/speedy_spider/)"
76.72.167.162 - - [26/Mar/2012:13:08:09 +0200] "GET /robots.txt HTTP/1.0" 404 320 "-" "Mozilla/5.0 (compatible; MJ12bot/v1.4.2; http://www.majestic12.co.uk/bot.php?+)"
76.72.167.162 - - [26/Mar/2012:13:08:11 +0200] "GET / HTTP/1.0" 200 1229 "-" "Mozilla/5.0 (compatible; MJ12bot/v1.4.2; http://www.majestic12.co.uk/bot.php?+)"
76.72.167.162 - - [26/Mar/2012:14:34:51 +0200] "GET /robots.txt HTTP/1.0" 404 320 "-" "Mozilla/5.0 (compatible; MJ12bot/v1.4.2; http://www.majestic12.co.uk/bot.php?+)"
76.72.167.162 - - [26/Mar/2012:14:34:52 +0200] "GET / HTTP/1.0" 200 1229 "-" "Mozilla/5.0 (compatible; MJ12bot/v1.4.2; http://www.majestic12.co.uk/bot.php?+)"
91.121.137.23 - - [26/Mar/2012:16:08:11 +0200] "GET /robots.txt HTTP/1.1" 404 327 "-" "Mozilla/5.0 (compatible; SISTRIX Crawler; http://crawler.sistrix.net/)"
91.121.137.23 - - [26/Mar/2012:16:08:11 +0200] "GET / HTTP/1.1" 200 1229 "-" "Mozilla/5.0 (compatible; SISTRIX Crawler; http://crawler.sistrix.net/)"
88.65.180.186 - - [26/Mar/2012:16:52:30 +0200] "GET /robots.txt HTTP/1.0" 404 320 "-" "Mozilla/5.0 (compatible; MJ12bot/v1.4.2; http://www.majestic12.co.uk/bot.php?+)"
88.65.180.186 - - [26/Mar/2012:16:52:32 +0200] "GET / HTTP/1.1" 200 1229 "-" "Mozilla/5.0 (compatible; MJ12bot/v1.4.2; http://www.majestic12.co.uk/bot.php?+)"
76.72.167.162 - - [26/Mar/2012:20:05:30 +0200] "GET /robots.txt HTTP/1.0" 404 320 "-" "Mozilla/5.0 (compatible; MJ12bot/v1.4.2; http://www.majestic12.co.uk/bot.php?+)"
76.72.167.162 - - [26/Mar/2012:20:05:34 +0200] "GET / HTTP/1.0" 200 1229 "-" "Mozilla/5.0 (compatible; MJ12bot/v1.4.2; http://www.majestic12.co.uk/bot.php?+)"
92.240.68.152 - - [26/Mar/2012:20:52:39 +0200] "GET http://www.sbdc.unf.edu/images/graphic_home_tabs_tools.jpg HTTP/1.1" 404 342 "-" "webcollage/1.135a"
78.28.201.240 - - [26/Mar/2012:23:00:29 +0200] "GET / HTTP/1.0" 200 1229 "-" "-"
91.66.92.225 - - [26/Mar/2012:23:05:18 +0200] "GET /robots.txt HTTP/1.0" 404 320 "-" "Mozilla/5.0 (compatible; MJ12bot/v1.4.2; http://www.majestic12.co.uk/bot.php?+)"
91.66.92.225 - - [26/Mar/2012:23:05:21 +0200] "GET / HTTP/1.1" 200 1229 "-" "Mozilla/5.0 (compatible; MJ12bot/v1.4.2; http://www.majestic12.co.uk/bot.php?+)"
94.23.45.14 - - [26/Mar/2012:23:55:18 +0200] "HEAD / HTTP/1.0" 200 - "-" "-"
88.80.10.1 - - [27/Mar/2012:00:28:28 +0200] "GET http://88.80.10.1/pp/anp.php?a=VUVH_W_EFB%5C%5CF&b=1155&c=b67f&i=3 HTTP/1.1" 404 312 "-" "Mozilla/4.0 (compatible; MSIE 6.0; Windows NT 5.1)"
95.108.128.242 - - [27/Mar/2012:03:55:00 +0200] "GET /robots.txt HTTP/1.1" 404 320 "-" "Mozilla/5.0 (compatible; YandexBot/3.0; +http://yandex.com/bots)"
95.108.128.242 - - [27/Mar/2012:03:55:02 +0200] "GET / HTTP/1.1" 200 1229 "-" "Mozilla/5.0 (compatible; YandexBot/3.0; +http://yandex.com/bots)"
66.249.72.68 - - [27/Mar/2012:04:13:11 +0200] "GET /robots.txt HTTP/1.1" 404 327 "-" "Mozilla/5.0 (compatible; Googlebot/2.1; +http://www.google.com/bot.html)"
66.249.72.68 - - [27/Mar/2012:04:13:11 +0200] "GET / HTTP/1.1" 304 - "-" "Mozilla/5.0 (compatible; Googlebot/2.1; +http://www.google.com/bot.html)"
76.72.167.164 - - [27/Mar/2012:04:19:04 +0200] "GET /robots.txt HTTP/1.0" 404 320 "-" "Mozilla/5.0 (compatible; MJ12bot/v1.4.2; http://www.majestic12.co.uk/bot.php?+)"
76.72.167.164 - - [27/Mar/2012:04:19:06 +0200] "GET / HTTP/1.0" 200 1229 "-" "Mozilla/5.0 (compatible; MJ12bot/v1.4.2; http://www.majestic12.co.uk/bot.php?+)"
94.23.45.14 - - [27/Mar/2012:04:53:57 +0200] "HEAD / HTTP/1.0" 200 - "-" "-"
92.240.68.153 - - [27/Mar/2012:05:36:16 +0200] "GET http://www.bradblog.com/Images/Tomorrow_122407_2007ReviewPart1a.jpg HTTP/1.1" 404 351 "-" "webcollage/1.135a"
176.9.139.113 - - [27/Mar/2012:06:56:23 +0200] "GET /robots.txt HTTP/1.1" 404 337 "-" "Mozilla/5.0 (compatible; SISTRIX Crawler; http://crawler.sistrix.net/)"
176.9.139.113 - - [27/Mar/2012:06:56:23 +0200] "GET / HTTP/1.1" 200 1229 "-" "Mozilla/5.0 (compatible; SISTRIX Crawler; http://crawler.sistrix.net/)"
68.193.148.159 - - [27/Mar/2012:08:18:24 +0200] "GET /robots.txt HTTP/1.0" 404 320 "-" "Mozilla/5.0 (compatible; MJ12bot/v1.4.2; http://www.majestic12.co.uk/bot.php?+)"
68.193.148.159 - - [27/Mar/2012:08:18:39 +0200] "GET / HTTP/1.1" 200 1229 "-" "Mozilla/5.0 (compatible; MJ12bot/v1.4.2; http://www.majestic12.co.uk/bot.php?+)"
46.165.197.141 - - [27/Mar/2012:10:32:42 +0200] "GET /robots.txt HTTP/1.0" 404 320 "-" "Mozilla/5.0 (compatible; MJ12bot/v1.4.2; http://www.majestic12.co.uk/bot.php?+)"
46.165.197.141 - - [27/Mar/2012:10:32:44 +0200] "GET / HTTP/1.0" 200 1229 "-" "Mozilla/5.0 (compatible; MJ12bot/v1.4.2; http://www.majestic12.co.uk/bot.php?+)"
92.240.68.152 - - [27/Mar/2012:11:27:51 +0200] "GET http://canadianveterinarians.net/images/animalabuse/oliver-cattle3.jpg HTTP/1.1" 404 354 "-" "webcollage/1.135a"
176.9.148.197 - - [27/Mar/2012:11:35:44 +0200] "GET /robots.txt HTTP/1.1" 404 327 "-" "Mozilla/5.0 (compatible; SISTRIX Crawler; http://crawler.sistrix.net/)"
176.9.148.197 - - [27/Mar/2012:11:35:44 +0200] "GET / HTTP/1.1" 200 1229 "-" "Mozilla/5.0 (compatible; SISTRIX Crawler; http://crawler.sistrix.net/)"
50.17.122.197 - - [27/Mar/2012:12:01:18 +0200] "GET / HTTP/1.0" 200 1229 "http://www.garni-irma.com" "Mozilla/4.0 (compatible; MSIE 7.0; Windows NT 6.0; Trident/4.0)"
91.121.137.23 - - [27/Mar/2012:12:05:10 +0200] "GET /robots.txt HTTP/1.1" 404 328 "-" "Mozilla/5.0 (compatible; SISTRIX Crawler; http://crawler.sistrix.net/)"
91.121.137.23 - - [27/Mar/2012:12:05:10 +0200] "GET / HTTP/1.1" 200 1229 "-" "Mozilla/5.0 (compatible; SISTRIX Crawler; http://crawler.sistrix.net/)"
188.233.8.63 - - [27/Mar/2012:14:38:56 +0200] "POST http://e.mail.ru/cgi-bin/mail_ajax_img HTTP/1.1" 404 322 "http://e.mail.ru/cgi-bin/signup" "-"
61.186.173.189 - - [27/Mar/2012:14:59:20 +0200] "HEAD / HTTP/1.0" 200 - "-" "-"
61.186.173.189 - - [27/Mar/2012:14:59:20 +0200] "HEAD / HTTP/1.0" 200 - "-" "-"
61.186.173.189 - - [27/Mar/2012:14:59:20 +0200] "HEAD / HTTP/1.0" 200 - "-" "-"
61.186.173.189 - - [27/Mar/2012:14:59:21 +0200] "HEAD / HTTP/1.0" 200 - "-" "-"
61.186.173.189 - - [27/Mar/2012:14:59:21 +0200] "HEAD / HTTP/1.0" 200 - "-" "-"
61.186.173.189 - - [27/Mar/2012:14:59:21 +0200] "HEAD / HTTP/1.0" 200 - "-" "-"
61.186.173.189 - - [27/Mar/2012:14:59:21 +0200] "HEAD / HTTP/1.0" 200 - "-" "-"
61.186.173.189 - - [27/Mar/2012:14:59:21 +0200] "HEAD / HTTP/1.0" 200 - "-" "-"
61.186.173.189 - - [27/Mar/2012:14:59:28 +0200] "HEAD / HTTP/1.0" 200 - "-" "-"
62.225.158.82 - - [27/Mar/2012:15:01:57 +0200] "GET / HTTP/1.1" 200 1229 "http://www.google.de/search?hl=de&source=hp&q=mink+gmbh+berlin&gbv=2" "Mozilla/5.0 (Proxomitron/4.3-S-1.51) [fu] (Win67; X; SK)"
62.225.158.82 - - [27/Mar/2012:15:01:57 +0200] "GET /favicon.ico HTTP/1.1" 404 321 "-" "Mozilla/5.0 (Proxomitron/4.3-S-1.51) [fu] (Win67; X; SK)"
61.150.76.240 - - [27/Mar/2012:15:50:21 +0200] "GET /user/soapCaller.bs HTTP/1.1" 404 323 "-" "Morfeus Fucking Scanner"
61.150.76.240 - - [27/Mar/2012:15:50:21 +0200] "GET /user/soapCaller.bs HTTP/1.1" 404 323 "-" "Morfeus Fucking Scanner"
61.150.76.240 - - [27/Mar/2012:15:50:21 +0200] "GET /user/soapCaller.bs HTTP/1.1" 404 323 "-" "Morfeus Fucking Scanner"
61.150.76.240 - - [27/Mar/2012:15:50:21 +0200] "GET /user/soapCaller.bs HTTP/1.1" 404 323 "-" "Morfeus Fucking Scanner"
61.150.76.240 - - [27/Mar/2012:15:50:21 +0200] "GET /user/soapCaller.bs HTTP/1.1" 404 323 "-" "Morfeus Fucking Scanner"
123.125.71.97 - - [27/Mar/2012:16:35:13 +0200] "GET /robots.txt HTTP/1.1" 404 320 "-" "Mozilla/5.0 (compatible; Baiduspider/2.0; +http://www.baidu.com/search/spider.html)"
76.72.167.164 - - [27/Mar/2012:17:28:04 +0200] "GET /robots.txt HTTP/1.0" 404 320 "-" "Mozilla/5.0 (compatible; MJ12bot/v1.4.2; http://www.majestic12.co.uk/bot.php?+)"
76.72.167.164 - - [27/Mar/2012:17:28:06 +0200] "GET / HTTP/1.0" 200 1229 "-" "Mozilla/5.0 (compatible; MJ12bot/v1.4.2; http://www.majestic12.co.uk/bot.php?+)"
141.255.184.209 - - [27/Mar/2012:18:13:04 +0200] "GET / HTTP/1.1" 200 1229 "-" "Mozilla/5.0 (Windows; U; Windows NT 6.0; en-US; rv:1.9.0.6) Gecko/2009011913 Firefox/3.0.6 (.NET CLR 3.5.30729)"
76.72.167.164 - - [27/Mar/2012:18:22:27 +0200] "GET /robots.txt HTTP/1.0" 404 320 "-" "Mozilla/5.0 (compatible; MJ12bot/v1.4.2; http://www.majestic12.co.uk/bot.php?+)"
76.72.167.164 - - [27/Mar/2012:18:22:29 +0200] "GET / HTTP/1.0" 200 1229 "-" "Mozilla/5.0 (compatible; MJ12bot/v1.4.2; http://www.majestic12.co.uk/bot.php?+)"
176.9.139.113 - - [27/Mar/2012:18:26:02 +0200] "GET /robots.txt HTTP/1.1" 404 333 "-" "Mozilla/5.0 (compatible; SISTRIX Crawler; http://crawler.sistrix.net/)"
176.9.139.113 - - [27/Mar/2012:18:26:02 +0200] "GET / HTTP/1.1" 200 1229 "-" "Mozilla/5.0 (compatible; SISTRIX Crawler; http://crawler.sistrix.net/)"
157.55.16.55 - - [27/Mar/2012:19:20:10 +0200] "GET /robots.txt HTTP/1.1" 404 320 "-" "Mozilla/5.0 (compatible; bingbot/2.0; +http://www.bing.com/bingbot.htm)"
157.55.16.55 - - [27/Mar/2012:19:21:58 +0200] "GET /Heizoel.htm HTTP/1.1" 404 321 "-" "Mozilla/5.0 (compatible; bingbot/2.0; +http://www.bing.com/bingbot.htm)"
88.134.65.175 - - [27/Mar/2012:19:23:51 +0200] "GET /robots.txt HTTP/1.0" 404 320 "-" "Mozilla/5.0 (compatible; MJ12bot/v1.4.2; http://www.majestic12.co.uk/bot.php?+)"
88.134.65.175 - - [27/Mar/2012:19:23:53 +0200] "GET / HTTP/1.1" 200 1229 "-" "Mozilla/5.0 (compatible; MJ12bot/v1.4.2; http://www.majestic12.co.uk/bot.php?+)"
76.72.167.162 - - [27/Mar/2012:19:53:31 +0200] "GET /robots.txt HTTP/1.0" 404 320 "-" "Mozilla/5.0 (compatible; MJ12bot/v1.4.2; http://www.majestic12.co.uk/bot.php?+)"
76.72.167.162 - - [27/Mar/2012:19:53:33 +0200] "GET / HTTP/1.0" 200 1229 "-" "Mozilla/5.0 (compatible; MJ12bot/v1.4.2; http://www.majestic12.co.uk/bot.php?+)"
65.52.110.151 - - [27/Mar/2012:20:34:47 +0200] "GET / HTTP/1.1" 304 - "-" "Mozilla/5.0 (compatible; bingbot/2.0; +http://www.bing.com/bingbot.htm)"
93.219.107.61 - - [27/Mar/2012:21:46:50 +0200] "GET /robots.txt HTTP/1.0" 404 320 "-" "Mozilla/5.0 (compatible; MJ12bot/v1.4.2; http://www.majestic12.co.uk/bot.php?+)"
93.219.107.61 - - [27/Mar/2012:21:46:51 +0200] "GET / HTTP/1.0" 200 1229 "-" "Mozilla/5.0 (compatible; MJ12bot/v1.4.2; http://www.majestic12.co.uk/bot.php?+)"
176.9.148.197 - - [27/Mar/2012:21:49:29 +0200] "GET /robots.txt HTTP/1.1" 404 322 "-" "Mozilla/5.0 (compatible; SISTRIX Crawler; http://crawler.sistrix.net/)"
176.9.148.197 - - [27/Mar/2012:21:49:29 +0200] "GET / HTTP/1.1" 200 1229 "-" "Mozilla/5.0 (compatible; SISTRIX Crawler; http://crawler.sistrix.net/)"
159.253.143.53 - - [27/Mar/2012:21:56:10 +0200] "GET http://www.mink-berlin.de/robots.txt HTTP/1.0" 404 320 "-" "Mozilla/5.0 (compatible; SWEBot/1.0; +http://swebot-crawler.net)"
159.253.143.53 - - [27/Mar/2012:21:56:10 +0200] "GET / HTTP/1.0" 200 1229 "-" "Mozilla/5.0 (compatible; SWEBot/1.0; +http://swebot-crawler.net)"
76.72.167.164 - - [27/Mar/2012:22:00:58 +0200] "GET /robots.txt HTTP/1.0" 404 322 "-" "Mozilla/5.0 (compatible; MJ12bot/v1.4.2; http://www.majestic12.co.uk/bot.php?+)"
76.72.167.164 - - [27/Mar/2012:22:01:00 +0200] "GET / HTTP/1.0" 200 1229 "-" "Mozilla/5.0 (compatible; MJ12bot/v1.4.2; http://www.majestic12.co.uk/bot.php?+)"
222.184.7.26 - - [27/Mar/2012:22:03:31 +0200] "GET /manager/html HTTP/1.1" 404 317 "-" "Mozilla/3.0 (compatible; Indy Library)"
222.184.7.26 - - [27/Mar/2012:22:03:32 +0200] "GET /manager/html HTTP/1.1" 404 317 "-" "Mozilla/3.0 (compatible; Indy Library)"
222.184.7.26 - - [27/Mar/2012:22:03:33 +0200] "GET /manager/html HTTP/1.1" 404 317 "-" "Mozilla/3.0 (compatible; Indy Library)"
222.184.7.26 - - [27/Mar/2012:22:03:33 +0200] "GET /manager/html HTTP/1.1" 404 317 "-" "Mozilla/3.0 (compatible; Indy Library)"
95.108.128.242 - - [27/Mar/2012:22:05:37 +0200] "GET /robots.txt HTTP/1.1" 404 322 "-" "Mozilla/5.0 (compatible; YandexBot/3.0; +http://yandex.com/bots)"
123.125.71.95 - - [27/Mar/2012:22:16:36 +0200] "GET / HTTP/1.1" 200 1229 "-" "Mozilla/5.0 (compatible; Baiduspider/2.0; +http://www.baidu.com/search/spider.html)"
95.108.128.242 - - [27/Mar/2012:22:53:55 +0200] "GET /robots.txt HTTP/1.1" 404 320 "-" "Mozilla/5.0 (compatible; YandexBot/3.0; +http://yandex.com/bots)"
76.72.167.164 - - [27/Mar/2012:22:58:46 +0200] "GET /robots.txt HTTP/1.0" 404 320 "-" "Mozilla/5.0 (compatible; MJ12bot/v1.4.2; http://www.majestic12.co.uk/bot.php?+)"
76.72.167.164 - - [27/Mar/2012:22:58:49 +0200] "GET / HTTP/1.0" 200 1229 "-" "Mozilla/5.0 (compatible; MJ12bot/v1.4.2; http://www.majestic12.co.uk/bot.php?+)"
216.145.5.42 - - [27/Mar/2012:23:16:19 +0200] "GET /robots.txt HTTP/1.0" 404 322 "-" "Mozilla/5.0 (Windows; U; Windows NT 5.1; en; rv:1.9.0.13) Gecko/2009073022 Firefox/3.5.2 (.NET CLR 3.5.30729) SurveyBot/2.3 (DomainTools)"
216.145.5.42 - - [27/Mar/2012:23:16:19 +0200] "GET / HTTP/1.1" 200 1229 "http://whois.domaintools.com/boedenundmehr.de" "Mozilla/5.0 (Windows; U; Windows NT 5.1; en; rv:1.9.0.13) Gecko/2009073022 Firefox/3.5.2 (.NET CLR 3.5.30729) SurveyBot/2.3 (DomainTools)"
188.233.8.63 - - [28/Mar/2012:00:28:13 +0200] "POST http://e.mail.ru/cgi-bin/mail_ajax_img HTTP/1.1" 404 322 "http://e.mail.ru/cgi-bin/signup" "-"
123.125.17.2 - - [28/Mar/2012:00:57:21 +0200] "HEAD / HTTP/1.0" 200 - "-" "-"
123.125.17.2 - - [28/Mar/2012:00:57:21 +0200] "HEAD / HTTP/1.0" 200 - "-" "-"
123.125.17.2 - - [28/Mar/2012:00:57:21 +0200] "HEAD / HTTP/1.0" 200 - "-" "-"
123.125.17.2 - - [28/Mar/2012:00:57:21 +0200] "HEAD / HTTP/1.0" 200 - "-" "-"
123.125.17.2 - - [28/Mar/2012:00:57:21 +0200] "HEAD / HTTP/1.0" 200 - "-" "-"
123.125.17.2 - - [28/Mar/2012:00:57:21 +0200] "HEAD / HTTP/1.0" 200 - "-" "-"
123.125.17.2 - - [28/Mar/2012:00:57:21 +0200] "HEAD / HTTP/1.0" 200 - "-" "-"
123.125.17.2 - - [28/Mar/2012:00:57:21 +0200] "HEAD / HTTP/1.0" 200 - "-" "-"
123.125.17.2 - - [28/Mar/2012:00:57:21 +0200] "HEAD / HTTP/1.0" 200 - "-" "-"
123.125.17.2 - - [28/Mar/2012:00:57:21 +0200] "HEAD / HTTP/1.0" 200 - "-" "-"
188.233.8.63 - - [28/Mar/2012:01:04:30 +0200] "POST http://e.mail.ru/cgi-bin/mail_ajax_img HTTP/1.1" 404 322 "http://e.mail.ru/cgi-bin/signup" "-"
95.108.128.242 - - [28/Mar/2012:01:27:53 +0200] "GET /robots.txt HTTP/1.1" 404 337 "-" "Mozilla/5.0 (compatible; YandexBot/3.0; +http://yandex.com/bots)"
95.108.128.242 - - [28/Mar/2012:01:27:55 +0200] "GET /robots.txt HTTP/1.1" 404 333 "-" "Mozilla/5.0 (compatible; YandexBot/3.0; +http://yandex.com/bots)"
95.108.128.242 - - [28/Mar/2012:01:27:57 +0200] "GET / HTTP/1.1" 200 1229 "-" "Mozilla/5.0 (compatible; YandexBot/3.0; +http://yandex.com/bots)"
95.108.128.242 - - [28/Mar/2012:01:27:57 +0200] "GET / HTTP/1.1" 200 1229 "-" "Mozilla/5.0 (compatible; YandexBot/3.0; +http://yandex.com/bots)"
66.249.72.57 - - [28/Mar/2012:01:53:28 +0200] "GET /robots.txt HTTP/1.1" 404 320 "-" "Mozilla/5.0 (compatible; Googlebot/2.1; +http://www.google.com/bot.html)"
66.249.72.57 - - [28/Mar/2012:01:53:28 +0200] "GET /seiten/service.php HTTP/1.1" 404 328 "-" "Mozilla/5.0 (compatible; Googlebot/2.1; +http://www.google.com/bot.html)"
188.233.8.63 - - [28/Mar/2012:01:55:05 +0200] "POST http://e.mail.ru/cgi-bin/mail_ajax_img HTTP/1.1" 404 322 "http://e.mail.ru/cgi-bin/signup" "-"
88.80.10.1 - - [28/Mar/2012:02:41:32 +0200] "GET http://88.80.10.1/pp/anp.php?a=VUVH_W_EFB%5C%5CD&b=1155&c=4092&i=3 HTTP/1.1" 404 312 "-" "Mozilla/4.0 (compatible; MSIE 6.0; Windows NT 5.1)"
66.249.72.57 - - [28/Mar/2012:02:56:05 +0200] "GET / HTTP/1.1" 200 1229 "-" "Mozilla/5.0 (iPhone; U; CPU iPhone OS 4_1 like Mac OS X; en-us) AppleWebKit/532.9 (KHTML, like Gecko) Version/4.0.5 Mobile/8B117 Safari/6531.22.7 (compatible; Googlebot-Mobile/2.1; +http://www.google.com/bot.html)"
95.34.238.136 - - [28/Mar/2012:04:03:55 +0200] "GET /robots.txt HTTP/1.0" 404 320 "-" "Mozilla/5.0 (compatible; MJ12bot/v1.4.2; http://www.majestic12.co.uk/bot.php?+)"
95.34.238.136 - - [28/Mar/2012:04:03:56 +0200] "GET / HTTP/1.0" 200 1229 "-" "Mozilla/5.0 (compatible; MJ12bot/v1.4.2; http://www.majestic12.co.uk/bot.php?+)"
76.72.167.164 - - [28/Mar/2012:04:21:56 +0200] "GET /robots.txt HTTP/1.0" 404 320 "-" "Mozilla/5.0 (compatible; MJ12bot/v1.4.2; http://www.majestic12.co.uk/bot.php?+)"
76.72.167.164 - - [28/Mar/2012:04:21:58 +0200] "GET / HTTP/1.0" 200 1229 "-" "Mozilla/5.0 (compatible; MJ12bot/v1.4.2; http://www.majestic12.co.uk/bot.php?+)"
95.108.128.242 - - [28/Mar/2012:04:25:38 +0200] "GET / HTTP/1.1" 200 1229 "-" "Mozilla/5.0 (compatible; YandexBot/3.0; +http://yandex.com/bots)"
76.72.167.164 - - [28/Mar/2012:05:11:11 +0200] "GET /robots.txt HTTP/1.0" 404 320 "-" "Mozilla/5.0 (compatible; MJ12bot/v1.4.2; http://www.majestic12.co.uk/bot.php?+)"
76.72.167.164 - - [28/Mar/2012:05:11:13 +0200] "GET / HTTP/1.0" 200 1229 "-" "Mozilla/5.0 (compatible; MJ12bot/v1.4.2; http://www.majestic12.co.uk/bot.php?+)"
76.72.167.164 - - [28/Mar/2012:05:59:22 +0200] "GET /robots.txt HTTP/1.0" 404 320 "-" "Mozilla/5.0 (compatible; MJ12bot/v1.4.2; http://www.majestic12.co.uk/bot.php?+)"
76.72.167.164 - - [28/Mar/2012:05:59:24 +0200] "GET / HTTP/1.0" 200 1229 "-" "Mozilla/5.0 (compatible; MJ12bot/v1.4.2; http://www.majestic12.co.uk/bot.php?+)"
109.87.138.71 - - [28/Mar/2012:06:03:39 +0200] "GET /robots.txt HTTP/1.0" 404 320 "-" "Mozilla/5.0 (compatible; MJ12bot/v1.4.2; http://www.majestic12.co.uk/bot.php?+)"
109.87.138.71 - - [28/Mar/2012:06:03:40 +0200] "GET / HTTP/1.1" 200 1229 "-" "Mozilla/5.0 (compatible; MJ12bot/v1.4.2; http://www.majestic12.co.uk/bot.php?+)"
65.52.104.88 - - [28/Mar/2012:15:07:22 +0200] "GET /robots.txt HTTP/1.1" 404 322 "-" "Mozilla/5.0 (compatible; bingbot/2.0; +http://www.bing.com/bingbot.htm)"
220.181.108.80 - - [28/Mar/2012:15:07:59 +0200] "GET / HTTP/1.1" 200 1229 "-" "Mozilla/5.0 (compatible; Baiduspider/2.0; +http://www.baidu.com/search/spider.html)"
65.52.104.88 - - [28/Mar/2012:15:08:16 +0200] "GET / HTTP/1.1" 304 - "-" "Mozilla/5.0 (compatible; bingbot/2.0; +http://www.bing.com/bingbot.htm)"
123.125.71.36 - - [28/Mar/2012:15:08:27 +0200] "GET / HTTP/1.1" 200 1229 "-" "Mozilla/5.0 (compatible; Baiduspider/2.0; +http://www.baidu.com/search/spider.html)"
95.108.128.242 - - [28/Mar/2012:15:38:00 +0200] "GET / HTTP/1.1" 200 1229 "-" "Mozilla/5.0 (compatible; YandexBot/3.0; +http://yandex.com/bots)"
123.125.71.15 - - [28/Mar/2012:16:05:03 +0200] "GET /robots.txt HTTP/1.1" 404 320 "-" "Mozilla/5.0 (compatible; Baiduspider/2.0; +http://www.baidu.com/search/spider.html)"
109.87.138.55 - - [28/Mar/2012:17:33:37 +0200] "GET /robots.txt HTTP/1.0" 404 320 "-" "Mozilla/5.0 (compatible; MJ12bot/v1.4.2; http://www.majestic12.co.uk/bot.php?+)"
109.87.138.55 - - [28/Mar/2012:17:33:38 +0200] "GET / HTTP/1.1" 200 1229 "-" "Mozilla/5.0 (compatible; MJ12bot/v1.4.2; http://www.majestic12.co.uk/bot.php?+)"
123.125.71.30 - - [28/Mar/2012:18:36:12 +0200] "GET / HTTP/1.1" 200 1229 "-" "Mozilla/5.0 (compatible; Baiduspider/2.0; +http://www.baidu.com/search/spider.html)"
220.181.108.77 - - [28/Mar/2012:18:36:42 +0200] "GET / HTTP/1.1" 200 1229 "-" "Mozilla/5.0 (compatible; Baiduspider/2.0; +http://www.baidu.com/search/spider.html)"
203.211.140.185 - - [28/Mar/2012:19:34:40 +0200] "GET /muieblackcat HTTP/1.1" 404 317 "-" "-"
203.211.140.185 - - [28/Mar/2012:19:34:40 +0200] "GET /muieblackcat HTTP/1.1" 404 317 "-" "-"
203.211.140.185 - - [28/Mar/2012:19:34:40 +0200] "GET /muieblackcat HTTP/1.1" 404 317 "-" "-"
203.211.140.185 - - [28/Mar/2012:19:34:40 +0200] "GET /muieblackcat HTTP/1.1" 404 317 "-" "-"
203.211.140.185 - - [28/Mar/2012:19:34:40 +0200] "GET /muieblackcat HTTP/1.1" 404 317 "-" "-"
203.211.140.185 - - [28/Mar/2012:19:34:40 +0200] "GET //index.php HTTP/1.1" 404 314 "-" "-"
203.211.140.185 - - [28/Mar/2012:19:34:40 +0200] "GET //index.php HTTP/1.1" 404 314 "-" "-"
203.211.140.185 - - [28/Mar/2012:19:34:40 +0200] "GET /muieblackcat HTTP/1.1" 404 317 "-" "-"
203.211.140.185 - - [28/Mar/2012:19:34:40 +0200] "GET //index.php HTTP/1.1" 404 314 "-" "-"
203.211.140.185 - - [28/Mar/2012:19:34:40 +0200] "GET //index.php HTTP/1.1" 404 314 "-" "-"
203.211.140.185 - - [28/Mar/2012:19:34:40 +0200] "GET /muieblackcat HTTP/1.1" 404 317 "-" "-"
203.211.140.185 - - [28/Mar/2012:19:34:41 +0200] "GET //index.php HTTP/1.1" 404 314 "-" "-"
203.211.140.185 - - [28/Mar/2012:19:34:41 +0200] "GET //admin/index.php HTTP/1.1" 404 320 "-" "-"
203.211.140.185 - - [28/Mar/2012:19:34:42 +0200] "GET //admin/index.php HTTP/1.1" 404 320 "-" "-"
203.211.140.185 - - [28/Mar/2012:19:34:42 +0200] "GET //index.php HTTP/1.1" 404 314 "-" "-"
203.211.140.185 - - [28/Mar/2012:19:34:42 +0200] "GET //admin/index.php HTTP/1.1" 404 320 "-" "-"
203.211.140.185 - - [28/Mar/2012:19:34:42 +0200] "GET //admin/index.php HTTP/1.1" 404 320 "-" "-"
203.211.140.185 - - [28/Mar/2012:19:34:42 +0200] "GET //index.php HTTP/1.1" 404 314 "-" "-"
203.211.140.185 - - [28/Mar/2012:19:34:42 +0200] "GET //admin/pma/index.php HTTP/1.1" 404 324 "-" "-"
203.211.140.185 - - [28/Mar/2012:19:34:42 +0200] "GET //admin/index.php HTTP/1.1" 404 320 "-" "-"
203.211.140.185 - - [28/Mar/2012:19:34:42 +0200] "GET //admin/pma/index.php HTTP/1.1" 404 324 "-" "-"
203.211.140.185 - - [28/Mar/2012:19:34:42 +0200] "GET //admin/pma/index.php HTTP/1.1" 404 324 "-" "-"
203.211.140.185 - - [28/Mar/2012:19:34:42 +0200] "GET //admin/index.php HTTP/1.1" 404 320 "-" "-"
203.211.140.185 - - [28/Mar/2012:19:34:43 +0200] "GET //admin/phpmyadmin/index.php HTTP/1.1" 404 331 "-" "-"
203.211.140.185 - - [28/Mar/2012:19:34:43 +0200] "GET //admin/pma/index.php HTTP/1.1" 404 324 "-" "-"
203.211.140.185 - - [28/Mar/2012:19:34:43 +0200] "GET //admin/pma/index.php HTTP/1.1" 404 324 "-" "-"
203.211.140.185 - - [28/Mar/2012:19:34:43 +0200] "GET //db/index.php HTTP/1.1" 404 317 "-" "-"
203.211.140.185 - - [28/Mar/2012:19:34:43 +0200] "GET //admin/phpmyadmin/index.php HTTP/1.1" 404 331 "-" "-"
203.211.140.185 - - [28/Mar/2012:19:34:44 +0200] "GET //admin/phpmyadmin/index.php HTTP/1.1" 404 331 "-" "-"
203.211.140.185 - - [28/Mar/2012:19:34:44 +0200] "GET //dbadmin/index.php HTTP/1.1" 404 322 "-" "-"
203.211.140.185 - - [28/Mar/2012:19:34:44 +0200] "GET //db/index.php HTTP/1.1" 404 317 "-" "-"
203.211.140.185 - - [28/Mar/2012:19:34:44 +0200] "GET //db/index.php HTTP/1.1" 404 317 "-" "-"
203.211.140.185 - - [28/Mar/2012:19:34:44 +0200] "GET //myadmin/index.php HTTP/1.1" 404 322 "-" "-"
203.211.140.185 - - [28/Mar/2012:19:34:45 +0200] "GET //dbadmin/index.php HTTP/1.1" 404 322 "-" "-"
203.211.140.185 - - [28/Mar/2012:19:34:45 +0200] "GET //dbadmin/index.php HTTP/1.1" 404 322 "-" "-"
203.211.140.185 - - [28/Mar/2012:19:34:45 +0200] "GET //mysql/index.php HTTP/1.1" 404 320 "-" "-"
203.211.140.185 - - [28/Mar/2012:19:34:45 +0200] "GET //myadmin/index.php HTTP/1.1" 404 322 "-" "-"
203.211.140.185 - - [28/Mar/2012:19:34:45 +0200] "GET //admin/phpmyadmin/index.php HTTP/1.1" 404 331 "-" "-"
203.211.140.185 - - [28/Mar/2012:19:34:46 +0200] "GET //mysqladmin/index.php HTTP/1.1" 404 325 "-" "-"
203.211.140.185 - - [28/Mar/2012:19:34:46 +0200] "GET //mysql/index.php HTTP/1.1" 404 320 "-" "-"
203.211.140.185 - - [28/Mar/2012:19:34:46 +0200] "GET //db/index.php HTTP/1.1" 404 317 "-" "-"
203.211.140.185 - - [28/Mar/2012:19:34:46 +0200] "GET //admin/index.php HTTP/1.1" 404 320 "-" "-"
203.211.140.185 - - [28/Mar/2012:19:34:46 +0200] "GET //db/index.php HTTP/1.1" 404 317 "-" "-"
203.211.140.185 - - [28/Mar/2012:19:34:46 +0200] "GET //typo3/phpmyadmin/index.php HTTP/1.1" 404 331 "-" "-"
203.211.140.185 - - [28/Mar/2012:19:34:46 +0200] "GET //mysqladmin/index.php HTTP/1.1" 404 325 "-" "-"
203.211.140.185 - - [28/Mar/2012:19:34:47 +0200] "GET //typo3/phpmyadmin/index.php HTTP/1.1" 404 331 "-" "-"
203.211.140.185 - - [28/Mar/2012:19:34:47 +0200] "GET //phpadmin/index.php HTTP/1.1" 404 323 "-" "-"
203.211.140.185 - - [28/Mar/2012:19:34:48 +0200] "GET //phpMyAdmin/index.php HTTP/1.1" 404 325 "-" "-"
203.211.140.185 - - [28/Mar/2012:19:34:48 +0200] "GET //admin/phpmyadmin/index.php HTTP/1.1" 404 331 "-" "-"
203.211.140.185 - - [28/Mar/2012:19:34:49 +0200] "GET //phpmyadmin/index.php HTTP/1.1" 404 325 "-" "-"
203.211.140.185 - - [28/Mar/2012:19:34:49 +0200] "GET //admin/pma/index.php HTTP/1.1" 404 324 "-" "-"
203.211.140.185 - - [28/Mar/2012:19:34:49 +0200] "GET //phpmyadmin1/index.php HTTP/1.1" 404 326 "-" "-"
203.211.140.185 - - [28/Mar/2012:19:34:49 +0200] "GET //myadmin/index.php HTTP/1.1" 404 322 "-" "-"
203.211.140.185 - - [28/Mar/2012:19:34:49 +0200] "GET //admin/phpmyadmin/index.php HTTP/1.1" 404 331 "-" "-"
203.211.140.185 - - [28/Mar/2012:19:34:50 +0200] "GET //myadmin/index.php HTTP/1.1" 404 322 "-" "-"
203.211.140.185 - - [28/Mar/2012:19:34:50 +0200] "GET //phpMyAdmin/index.php HTTP/1.1" 404 325 "-" "-"
203.211.140.185 - - [28/Mar/2012:19:34:50 +0200] "GET //mysql/index.php HTTP/1.1" 404 320 "-" "-"
203.211.140.185 - - [28/Mar/2012:19:34:50 +0200] "GET //mysql/index.php HTTP/1.1" 404 320 "-" "-"
203.211.140.185 - - [28/Mar/2012:19:34:50 +0200] "GET //phpmyadmin/index.php HTTP/1.1" 404 325 "-" "-"
203.211.140.185 - - [28/Mar/2012:19:34:51 +0200] "GET //mysqladmin/index.php HTTP/1.1" 404 325 "-" "-"
203.211.140.185 - - [28/Mar/2012:19:34:51 +0200] "GET //mysqladmin/index.php HTTP/1.1" 404 325 "-" "-"
203.211.140.185 - - [28/Mar/2012:19:34:51 +0200] "GET //phpmyadmin1/index.php HTTP/1.1" 404 326 "-" "-"
203.211.140.185 - - [28/Mar/2012:19:34:51 +0200] "GET //typo3/phpmyadmin/index.php HTTP/1.1" 404 331 "-" "-"
203.211.140.185 - - [28/Mar/2012:19:34:51 +0200] "GET //mysqladmin/index.php HTTP/1.1" 404 325 "-" "-"
203.211.140.185 - - [28/Mar/2012:19:34:52 +0200] "GET //db/index.php HTTP/1.1" 404 317 "-" "-"
203.211.140.185 - - [28/Mar/2012:19:34:53 +0200] "GET //dbadmin/index.php HTTP/1.1" 404 322 "-" "-"
203.211.140.185 - - [28/Mar/2012:19:34:54 +0200] "GET //myadmin/index.php HTTP/1.1" 404 322 "-" "-"
203.211.140.185 - - [28/Mar/2012:19:34:54 +0200] "GET //mysql/index.php HTTP/1.1" 404 320 "-" "-"
203.211.140.185 - - [28/Mar/2012:19:34:54 +0200] "GET //phpadmin/index.php HTTP/1.1" 404 323 "-" "-"
203.211.140.185 - - [28/Mar/2012:19:34:54 +0200] "GET //pma/index.php HTTP/1.1" 404 318 "-" "-"
203.211.140.185 - - [28/Mar/2012:19:34:55 +0200] "GET //phpadmin/index.php HTTP/1.1" 404 323 "-" "-"
203.211.140.185 - - [28/Mar/2012:19:34:55 +0200] "GET //phpMyAdmin/index.php HTTP/1.1" 404 325 "-" "-"
203.211.140.185 - - [28/Mar/2012:19:34:55 +0200] "GET //db/index.php HTTP/1.1" 404 317 "-" "-"
203.211.140.185 - - [28/Mar/2012:19:34:55 +0200] "GET //phpMyAdmin/index.php HTTP/1.1" 404 325 "-" "-"
203.211.140.185 - - [28/Mar/2012:19:34:55 +0200] "GET //phpmyadmin/index.php HTTP/1.1" 404 325 "-" "-"
203.211.140.185 - - [28/Mar/2012:19:34:56 +0200] "GET //web/phpMyAdmin/index.php HTTP/1.1" 404 329 "-" "-"
203.211.140.185 - - [28/Mar/2012:19:34:56 +0200] "GET //phpmyadmin1/index.php HTTP/1.1" 404 326 "-" "-"
203.211.140.185 - - [28/Mar/2012:19:34:56 +0200] "GET //xampp/phpmyadmin/index.php HTTP/1.1" 404 331 "-" "-"
203.211.140.185 - - [28/Mar/2012:19:34:57 +0200] "GET //phpmyadmin2/index.php HTTP/1.1" 404 326 "-" "-"
203.211.140.185 - - [28/Mar/2012:19:34:57 +0200] "GET //web/index.php HTTP/1.1" 404 318 "-" "-"
203.211.140.185 - - [28/Mar/2012:19:34:57 +0200] "GET //pma/index.php HTTP/1.1" 404 318 "-" "-"
203.211.140.185 - - [28/Mar/2012:19:34:57 +0200] "GET //php-my-admin/index.php HTTP/1.1" 404 327 "-" "-"
203.211.140.185 - - [28/Mar/2012:19:34:58 +0200] "GET //phpmyadmin/index.php HTTP/1.1" 404 325 "-" "-"
203.211.140.185 - - [28/Mar/2012:19:34:58 +0200] "GET //mysql/index.php HTTP/1.1" 404 320 "-" "-"
203.211.140.185 - - [28/Mar/2012:19:34:58 +0200] "GET //xampp/phpmyadmin/index.php HTTP/1.1" 404 331 "-" "-"
203.211.140.185 - - [28/Mar/2012:19:34:58 +0200] "GET //mysqladmin/index.php HTTP/1.1" 404 325 "-" "-"
203.211.140.185 - - [28/Mar/2012:19:34:58 +0200] "GET //websql/index.php HTTP/1.1" 404 321 "-" "-"
203.211.140.185 - - [28/Mar/2012:19:34:58 +0200] "GET //phpmyadmin1/index.php HTTP/1.1" 404 326 "-" "-"
203.211.140.185 - - [28/Mar/2012:19:34:58 +0200] "GET //mysqladmin/index.php HTTP/1.1" 404 325 "-" "-"
