217.170.53.28 - - [13/Nov/2011:21:04:29 +0100] "GET /phpmyadmin/translators.html HTTP/1.1" 404 332 "-" "Mozilla/4.0 (compatible; MSIE 6.0; MSIE 5.5; Windows NT 5.1) Opera 7.01 [en]"
217.170.53.28 - - [13/Nov/2011:21:04:29 +0100] "GET /phpmyadmin/translators.html HTTP/1.1" 404 332 "-" "Mozilla/4.0 (compatible; MSIE 6.0; MSIE 5.5; Windows NT 5.1) Opera 7.01 [en]"
217.170.53.28 - - [13/Nov/2011:21:04:29 +0100] "GET /phpmyadmin/translators.html HTTP/1.1" 404 332 "-" "Mozilla/4.0 (compatible; MSIE 6.0; MSIE 5.5; Windows NT 5.1) Opera 7.01 [en]"
217.170.53.28 - - [13/Nov/2011:21:04:29 +0100] "GET /phpmyadmin/translators.html HTTP/1.1" 404 332 "-" "Mozilla/4.0 (compatible; MSIE 6.0; MSIE 5.5; Windows NT 5.1) Opera 7.01 [en]"
217.170.53.28 - - [13/Nov/2011:21:07:16 +0100] "GET /phpMyAdmin/translators.html HTTP/1.1" 404 332 "-" "Mozilla/4.0 (compatible; MSIE 6.0; MSIE 5.5; Windows NT 5.1) Opera 7.01 [en]"
217.170.53.28 - - [13/Nov/2011:21:07:16 +0100] "GET /phpMyAdmin/translators.html HTTP/1.1" 404 332 "-" "Mozilla/4.0 (compatible; MSIE 6.0; MSIE 5.5; Windows NT 5.1) Opera 7.01 [en]"
217.170.53.28 - - [13/Nov/2011:21:07:21 +0100] "GET /phpMyAdmin/translators.html HTTP/1.1" 404 332 "-" "Mozilla/4.0 (compatible; MSIE 6.0; MSIE 5.5; Windows NT 5.1) Opera 7.01 [en]"
217.170.53.28 - - [13/Nov/2011:21:07:21 +0100] "GET /phpMyAdmin/translators.html HTTP/1.1" 404 332 "-" "Mozilla/4.0 (compatible; MSIE 6.0; MSIE 5.5; Windows NT 5.1) Opera 7.01 [en]"
217.170.53.28 - - [13/Nov/2011:21:07:21 +0100] "GET /phpMyAdmin/translators.html HTTP/1.1" 404 332 "-" "Mozilla/4.0 (compatible; MSIE 6.0; MSIE 5.5; Windows NT 5.1) Opera 7.01 [en]"
217.170.53.28 - - [13/Nov/2011:21:07:23 +0100] "GET /phpMyAdmin/translators.html HTTP/1.1" 404 332 "-" "Mozilla/4.0 (compatible; MSIE 6.0; MSIE 5.5; Windows NT 5.1) Opera 7.01 [en]"
217.170.53.28 - - [13/Nov/2011:21:07:25 +0100] "GET /phpMyAdmin/translators.html HTTP/1.1" 404 332 "-" "Mozilla/4.0 (compatible; MSIE 6.0; MSIE 5.5; Windows NT 5.1) Opera 7.01 [en]"
217.170.53.28 - - [13/Nov/2011:21:07:25 +0100] "GET /phpMyAdmin/translators.html HTTP/1.1" 404 332 "-" "Mozilla/4.0 (compatible; MSIE 6.0; MSIE 5.5; Windows NT 5.1) Opera 7.01 [en]"
217.170.53.28 - - [13/Nov/2011:21:07:25 +0100] "GET /phpMyAdmin/translators.html HTTP/1.1" 404 332 "-" "Mozilla/4.0 (compatible; MSIE 6.0; MSIE 5.5; Windows NT 5.1) Opera 7.01 [en]"
217.170.53.28 - - [13/Nov/2011:21:07:25 +0100] "GET /phpMyAdmin/translators.html HTTP/1.1" 404 332 "-" "Mozilla/4.0 (compatible; MSIE 6.0; MSIE 5.5; Windows NT 5.1) Opera 7.01 [en]"
217.170.53.28 - - [13/Nov/2011:21:07:25 +0100] "GET /phpMyAdmin/translators.html HTTP/1.1" 404 332 "-" "Mozilla/4.0 (compatible; MSIE 6.0; MSIE 5.5; Windows NT 5.1) Opera 7.01 [en]"
217.170.53.28 - - [13/Nov/2011:21:07:25 +0100] "GET /phpMyAdmin/translators.html HTTP/1.1" 404 332 "-" "Mozilla/4.0 (compatible; MSIE 6.0; MSIE 5.5; Windows NT 5.1) Opera 7.01 [en]"
217.170.53.28 - - [13/Nov/2011:21:07:25 +0100] "GET /phpMyAdmin/translators.html HTTP/1.1" 404 332 "-" "Mozilla/4.0 (compatible; MSIE 6.0; MSIE 5.5; Windows NT 5.1) Opera 7.01 [en]"
217.170.53.28 - - [13/Nov/2011:21:07:25 +0100] "GET /phpMyAdmin/translators.html HTTP/1.1" 404 332 "-" "Mozilla/4.0 (compatible; MSIE 6.0; MSIE 5.5; Windows NT 5.1) Opera 7.01 [en]"
217.170.53.28 - - [13/Nov/2011:21:07:25 +0100] "GET /phpMyAdmin/translators.html HTTP/1.1" 404 332 "-" "Mozilla/4.0 (compatible; MSIE 6.0; MSIE 5.5; Windows NT 5.1) Opera 7.01 [en]"
217.170.53.28 - - [13/Nov/2011:21:07:25 +0100] "GET /phpMyAdmin/translators.html HTTP/1.1" 404 332 "-" "Mozilla/4.0 (compatible; MSIE 6.0; MSIE 5.5; Windows NT 5.1) Opera 7.01 [en]"
217.170.53.28 - - [13/Nov/2011:21:07:25 +0100] "GET /phpMyAdmin/translators.html HTTP/1.1" 404 332 "-" "Mozilla/4.0 (compatible; MSIE 6.0; MSIE 5.5; Windows NT 5.1) Opera 7.01 [en]"
217.170.53.28 - - [13/Nov/2011:21:07:25 +0100] "GET /phpMyAdmin/translators.html HTTP/1.1" 404 332 "-" "Mozilla/4.0 (compatible; MSIE 6.0; MSIE 5.5; Windows NT 5.1) Opera 7.01 [en]"
208.115.111.75 - - [13/Nov/2011:21:07:43 +0100] "GET /robots.txt HTTP/1.1" 404 320 "-" "Mozilla/5.0 (compatible; Ezooms/1.0; ezooms.bot@gmail.com)"
217.170.53.28 - - [13/Nov/2011:21:10:09 +0100] "GET /pma/translators.html HTTP/1.1" 404 325 "-" "Mozilla/4.0 (compatible; MSIE 6.0; MSIE 5.5; Windows NT 5.1) Opera 7.01 [en]"
217.170.53.28 - - [13/Nov/2011:21:10:09 +0100] "GET /pma/translators.html HTTP/1.1" 404 325 "-" "Mozilla/4.0 (compatible; MSIE 6.0; MSIE 5.5; Windows NT 5.1) Opera 7.01 [en]"
217.170.53.28 - - [13/Nov/2011:21:10:15 +0100] "GET /pma/translators.html HTTP/1.1" 404 325 "-" "Mozilla/4.0 (compatible; MSIE 6.0; MSIE 5.5; Windows NT 5.1) Opera 7.01 [en]"
217.170.53.28 - - [13/Nov/2011:21:10:15 +0100] "GET /pma/translators.html HTTP/1.1" 404 325 "-" "Mozilla/4.0 (compatible; MSIE 6.0; MSIE 5.5; Windows NT 5.1) Opera 7.01 [en]"
217.170.53.28 - - [13/Nov/2011:21:10:15 +0100] "GET /pma/translators.html HTTP/1.1" 404 325 "-" "Mozilla/4.0 (compatible; MSIE 6.0; MSIE 5.5; Windows NT 5.1) Opera 7.01 [en]"
217.170.53.28 - - [13/Nov/2011:21:10:16 +0100] "GET /pma/translators.html HTTP/1.1" 404 325 "-" "Mozilla/4.0 (compatible; MSIE 6.0; MSIE 5.5; Windows NT 5.1) Opera 7.01 [en]"
217.170.53.28 - - [13/Nov/2011:21:10:17 +0100] "GET /pma/translators.html HTTP/1.1" 404 325 "-" "Mozilla/4.0 (compatible; MSIE 6.0; MSIE 5.5; Windows NT 5.1) Opera 7.01 [en]"
217.170.53.28 - - [13/Nov/2011:21:10:19 +0100] "GET /pma/translators.html HTTP/1.1" 404 325 "-" "Mozilla/4.0 (compatible; MSIE 6.0; MSIE 5.5; Windows NT 5.1) Opera 7.01 [en]"
217.170.53.28 - - [13/Nov/2011:21:10:19 +0100] "GET /pma/translators.html HTTP/1.1" 404 325 "-" "Mozilla/4.0 (compatible; MSIE 6.0; MSIE 5.5; Windows NT 5.1) Opera 7.01 [en]"
217.170.53.28 - - [13/Nov/2011:21:10:19 +0100] "GET /pma/translators.html HTTP/1.1" 404 325 "-" "Mozilla/4.0 (compatible; MSIE 6.0; MSIE 5.5; Windows NT 5.1) Opera 7.01 [en]"
217.170.53.28 - - [13/Nov/2011:21:10:19 +0100] "GET /pma/translators.html HTTP/1.1" 404 325 "-" "Mozilla/4.0 (compatible; MSIE 6.0; MSIE 5.5; Windows NT 5.1) Opera 7.01 [en]"
217.170.53.28 - - [13/Nov/2011:21:10:19 +0100] "GET /pma/translators.html HTTP/1.1" 404 325 "-" "Mozilla/4.0 (compatible; MSIE 6.0; MSIE 5.5; Windows NT 5.1) Opera 7.01 [en]"
217.170.53.28 - - [13/Nov/2011:21:10:19 +0100] "GET /pma/translators.html HTTP/1.1" 404 325 "-" "Mozilla/4.0 (compatible; MSIE 6.0; MSIE 5.5; Windows NT 5.1) Opera 7.01 [en]"
217.170.53.28 - - [13/Nov/2011:21:10:19 +0100] "GET /pma/translators.html HTTP/1.1" 404 325 "-" "Mozilla/4.0 (compatible; MSIE 6.0; MSIE 5.5; Windows NT 5.1) Opera 7.01 [en]"
217.170.53.28 - - [13/Nov/2011:21:10:19 +0100] "GET /pma/translators.html HTTP/1.1" 404 325 "-" "Mozilla/4.0 (compatible; MSIE 6.0; MSIE 5.5; Windows NT 5.1) Opera 7.01 [en]"
217.170.53.28 - - [13/Nov/2011:21:10:19 +0100] "GET /pma/translators.html HTTP/1.1" 404 325 "-" "Mozilla/4.0 (compatible; MSIE 6.0; MSIE 5.5; Windows NT 5.1) Opera 7.01 [en]"
217.170.53.28 - - [13/Nov/2011:21:10:19 +0100] "GET /pma/translators.html HTTP/1.1" 404 325 "-" "Mozilla/4.0 (compatible; MSIE 6.0; MSIE 5.5; Windows NT 5.1) Opera 7.01 [en]"
217.170.53.28 - - [13/Nov/2011:21:10:19 +0100] "GET /pma/translators.html HTTP/1.1" 404 325 "-" "Mozilla/4.0 (compatible; MSIE 6.0; MSIE 5.5; Windows NT 5.1) Opera 7.01 [en]"
217.170.53.28 - - [13/Nov/2011:21:13:19 +0100] "GET /mysql/translators.html HTTP/1.1" 404 327 "-" "Mozilla/4.0 (compatible; MSIE 6.0; MSIE 5.5; Windows NT 5.1) Opera 7.01 [en]"
217.170.53.28 - - [13/Nov/2011:21:13:25 +0100] "GET /mysql/translators.html HTTP/1.1" 404 327 "-" "Mozilla/4.0 (compatible; MSIE 6.0; MSIE 5.5; Windows NT 5.1) Opera 7.01 [en]"
217.170.53.28 - - [13/Nov/2011:21:13:25 +0100] "GET /mysql/translators.html HTTP/1.1" 404 327 "-" "Mozilla/4.0 (compatible; MSIE 6.0; MSIE 5.5; Windows NT 5.1) Opera 7.01 [en]"
217.170.53.28 - - [13/Nov/2011:21:13:25 +0100] "GET /mysql/translators.html HTTP/1.1" 404 327 "-" "Mozilla/4.0 (compatible; MSIE 6.0; MSIE 5.5; Windows NT 5.1) Opera 7.01 [en]"
217.170.53.28 - - [13/Nov/2011:21:13:28 +0100] "GET /mysql/translators.html HTTP/1.1" 404 327 "-" "Mozilla/4.0 (compatible; MSIE 6.0; MSIE 5.5; Windows NT 5.1) Opera 7.01 [en]"
217.170.53.28 - - [13/Nov/2011:21:13:28 +0100] "GET /mysql/translators.html HTTP/1.1" 404 327 "-" "Mozilla/4.0 (compatible; MSIE 6.0; MSIE 5.5; Windows NT 5.1) Opera 7.01 [en]"
217.170.53.28 - - [13/Nov/2011:21:13:28 +0100] "GET /mysql/translators.html HTTP/1.1" 404 327 "-" "Mozilla/4.0 (compatible; MSIE 6.0; MSIE 5.5; Windows NT 5.1) Opera 7.01 [en]"
217.170.53.28 - - [13/Nov/2011:21:13:28 +0100] "GET /mysql/translators.html HTTP/1.1" 404 327 "-" "Mozilla/4.0 (compatible; MSIE 6.0; MSIE 5.5; Windows NT 5.1) Opera 7.01 [en]"
217.170.53.28 - - [13/Nov/2011:21:13:28 +0100] "GET /mysql/translators.html HTTP/1.1" 404 327 "-" "Mozilla/4.0 (compatible; MSIE 6.0; MSIE 5.5; Windows NT 5.1) Opera 7.01 [en]"
217.170.53.28 - - [13/Nov/2011:21:13:28 +0100] "GET /mysql/translators.html HTTP/1.1" 404 327 "-" "Mozilla/4.0 (compatible; MSIE 6.0; MSIE 5.5; Windows NT 5.1) Opera 7.01 [en]"
217.170.53.28 - - [13/Nov/2011:21:13:29 +0100] "GET /mysql/translators.html HTTP/1.1" 404 327 "-" "Mozilla/4.0 (compatible; MSIE 6.0; MSIE 5.5; Windows NT 5.1) Opera 7.01 [en]"
217.170.53.28 - - [13/Nov/2011:21:13:29 +0100] "GET /mysql/translators.html HTTP/1.1" 404 327 "-" "Mozilla/4.0 (compatible; MSIE 6.0; MSIE 5.5; Windows NT 5.1) Opera 7.01 [en]"
217.170.53.28 - - [13/Nov/2011:21:13:29 +0100] "GET /mysql/translators.html HTTP/1.1" 404 327 "-" "Mozilla/4.0 (compatible; MSIE 6.0; MSIE 5.5; Windows NT 5.1) Opera 7.01 [en]"
217.170.53.28 - - [13/Nov/2011:21:13:29 +0100] "GET /mysql/translators.html HTTP/1.1" 404 327 "-" "Mozilla/4.0 (compatible; MSIE 6.0; MSIE 5.5; Windows NT 5.1) Opera 7.01 [en]"
217.170.53.28 - - [13/Nov/2011:21:13:29 +0100] "GET /mysql/translators.html HTTP/1.1" 404 327 "-" "Mozilla/4.0 (compatible; MSIE 6.0; MSIE 5.5; Windows NT 5.1) Opera 7.01 [en]"
217.170.53.28 - - [13/Nov/2011:21:13:29 +0100] "GET /mysql/translators.html HTTP/1.1" 404 327 "-" "Mozilla/4.0 (compatible; MSIE 6.0; MSIE 5.5; Windows NT 5.1) Opera 7.01 [en]"
217.170.53.28 - - [13/Nov/2011:21:13:29 +0100] "GET /mysql/translators.html HTTP/1.1" 404 327 "-" "Mozilla/4.0 (compatible; MSIE 6.0; MSIE 5.5; Windows NT 5.1) Opera 7.01 [en]"
217.170.53.28 - - [13/Nov/2011:21:13:29 +0100] "GET /mysql/translators.html HTTP/1.1" 404 327 "-" "Mozilla/4.0 (compatible; MSIE 6.0; MSIE 5.5; Windows NT 5.1) Opera 7.01 [en]"
124.115.6.16 - - [13/Nov/2011:21:15:45 +0100] "GET /robots.txt HTTP/1.1" 404 319 "-" "Sosospider+(+http://help.soso.com/webspider.htm)"
213.186.122.3 - - [13/Nov/2011:21:29:38 +0100] "GET /robots.txt HTTP/1.1" 404 320 "-" "Mozilla/5.0 (compatible; AhrefsBot/1.0; +http://ahrefs.com/robot/)"
213.186.122.3 - - [13/Nov/2011:21:29:40 +0100] "GET / HTTP/1.1" 200 1229 "-" "Mozilla/5.0 (compatible; AhrefsBot/1.0; +http://ahrefs.com/robot/)"
208.115.111.73 - - [13/Nov/2011:21:49:19 +0100] "GET /robots.txt HTTP/1.1" 404 319 "-" "Mozilla/5.0 (compatible; Ezooms/1.0; ezooms.bot@gmail.com)"
95.108.128.242 - - [13/Nov/2011:22:43:55 +0100] "GET /robots.txt HTTP/1.1" 404 322 "-" "Mozilla/5.0 (compatible; YandexBot/3.0; +http://yandex.com/bots)"
95.108.128.242 - - [13/Nov/2011:22:43:55 +0100] "GET / HTTP/1.1" 200 1229 "-" "Mozilla/5.0 (compatible; YandexBot/3.0; +http://yandex.com/bots)"
208.115.111.75 - - [13/Nov/2011:23:03:37 +0100] "GET /seiten/produkte_hzoel.php HTTP/1.1" 404 335 "-" "Mozilla/5.0 (compatible; Ezooms/1.0; ezooms.bot@gmail.com)"
208.115.111.73 - - [14/Nov/2011:00:21:32 +0100] "GET /seiten/ndl_dresden01.html HTTP/1.1" 404 334 "-" "Mozilla/5.0 (compatible; Ezooms/1.0; ezooms.bot@gmail.com)"
123.125.71.28 - - [14/Nov/2011:00:31:26 +0100] "GET / HTTP/1.1" 200 1229 "-" "Mozilla/5.0 (compatible; Baiduspider/2.0; +http://www.baidu.com/search/spider.html)"
220.181.108.91 - - [14/Nov/2011:00:31:54 +0100] "GET / HTTP/1.1" 200 1229 "-" "Mozilla/5.0 (compatible; Baiduspider/2.0; +http://www.baidu.com/search/spider.html)"
91.66.84.164 - - [14/Nov/2011:01:29:26 +0100] "GET /robots.txt HTTP/1.0" 404 320 "-" "Mozilla/5.0 (compatible; MJ12bot/v1.4.0; http://www.majestic12.co.uk/bot.php?+)"
91.66.84.164 - - [14/Nov/2011:01:29:28 +0100] "GET / HTTP/1.0" 200 1229 "-" "Mozilla/5.0 (compatible; MJ12bot/v1.4.0; http://www.majestic12.co.uk/bot.php?+)"
208.115.111.73 - - [14/Nov/2011:01:55:25 +0100] "GET /robots.txt HTTP/1.1" 404 319 "-" "Mozilla/5.0 (compatible; Ezooms/1.0; ezooms.bot@gmail.com)"
199.36.240.5 - - [14/Nov/2011:02:05:58 +0100] "GET / HTTP/1.1" 200 1229 "-" "Mozilla/5.0 (compatible; YandexBot/3.0; +http://yandex.com/bots)"
173.31.75.172 - - [14/Nov/2011:02:17:35 +0100] "GET /robots.txt HTTP/1.0" 404 320 "-" "Mozilla/5.0 (compatible; MJ12bot/v1.4.0; http://www.majestic12.co.uk/bot.php?+)"
173.31.75.172 - - [14/Nov/2011:02:17:37 +0100] "GET / HTTP/1.1" 200 1229 "-" "Mozilla/5.0 (compatible; MJ12bot/v1.4.0; http://www.majestic12.co.uk/bot.php?+)"
208.107.60.134 - - [14/Nov/2011:02:30:59 +0100] "GET /robots.txt HTTP/1.0" 404 320 "-" "Mozilla/5.0 (compatible; MJ12bot/v1.4.0; http://www.majestic12.co.uk/bot.php?+)"
208.107.60.134 - - [14/Nov/2011:02:31:01 +0100] "GET / HTTP/1.1" 200 1229 "-" "Mozilla/5.0 (compatible; MJ12bot/v1.4.0; http://www.majestic12.co.uk/bot.php?+)"
123.125.71.104 - - [14/Nov/2011:02:45:48 +0100] "GET / HTTP/1.1" 200 1229 "-" "Mozilla/5.0 (compatible; Baiduspider/2.0; +http://www.baidu.com/search/spider.html)"
207.46.199.52 - - [14/Nov/2011:03:07:18 +0100] "GET /robots.txt HTTP/1.1" 404 319 "-" "Mozilla/5.0 (compatible; bingbot/2.0; +http://www.bing.com/bingbot.htm)"
123.125.71.21 - - [14/Nov/2011:03:30:26 +0100] "GET / HTTP/1.1" 200 1229 "-" "Mozilla/5.0 (compatible; Baiduspider/2.0; +http://www.baidu.com/search/spider.html)"
220.181.108.91 - - [14/Nov/2011:03:30:50 +0100] "GET / HTTP/1.1" 200 1229 "-" "Mozilla/5.0 (compatible; Baiduspider/2.0; +http://www.baidu.com/search/spider.html)"
69.28.58.29 - - [14/Nov/2011:04:52:56 +0100] "GET /robots.txt HTTP/1.0" 404 319 "-" "Mozilla/4.0 (compatible; MSIE 6.0; Windows NT 5.0) (larbin2.6.3@unspecified.mail)"
69.28.58.29 - - [14/Nov/2011:04:52:57 +0100] "GET / HTTP/1.0" 200 1229 "-" "Mozilla/4.0 (compatible; MSIE 6.0; Windows NT 5.0) larbin2.6.3@unspecified.mail"
208.115.111.73 - - [14/Nov/2011:05:03:57 +0100] "GET /robots.txt HTTP/1.1" 404 319 "-" "Mozilla/5.0 (compatible; Ezooms/1.0; ezooms.bot@gmail.com)"
123.125.71.26 - - [14/Nov/2011:06:31:11 +0100] "GET / HTTP/1.1" 200 1229 "-" "Mozilla/5.0 (compatible; Baiduspider/2.0; +http://www.baidu.com/search/spider.html)"
220.181.108.97 - - [14/Nov/2011:06:31:34 +0100] "GET / HTTP/1.1" 200 1229 "-" "Mozilla/5.0 (compatible; Baiduspider/2.0; +http://www.baidu.com/search/spider.html)"
157.55.18.25 - - [14/Nov/2011:06:48:32 +0100] "GET /robots.txt HTTP/1.1" 404 319 "-" "Mozilla/5.0 (compatible; bingbot/2.0; +http://www.bing.com/bingbot.htm)"
157.55.18.25 - - [14/Nov/2011:06:49:33 +0100] "GET /seiten/jobs.html HTTP/1.1" 404 325 "-" "Mozilla/5.0 (compatible; bingbot/2.0; +http://www.bing.com/bingbot.htm)"
178.32.34.241 - - [14/Nov/2011:07:16:04 +0100] "GET /robots.txt HTTP/1.0" 404 320 "-" "Mozilla/5.0 (compatible; MJ12bot/v1.4.0; http://www.majestic12.co.uk/bot.php?+)"
178.32.34.241 - - [14/Nov/2011:07:16:09 +0100] "GET / HTTP/1.0" 200 1229 "-" "Mozilla/5.0 (compatible; MJ12bot/v1.4.0; http://www.majestic12.co.uk/bot.php?+)"
122.176.93.222 - - [14/Nov/2011:07:47:05 +0100] "HEAD / HTTP/1.0" 200 - "-" "-"
122.176.93.222 - - [14/Nov/2011:07:47:05 +0100] "HEAD / HTTP/1.0" 200 - "-" "-"
122.176.93.222 - - [14/Nov/2011:07:47:05 +0100] "HEAD / HTTP/1.0" 200 - "-" "-"
122.176.93.222 - - [14/Nov/2011:07:47:05 +0100] "HEAD / HTTP/1.0" 200 - "-" "-"
122.176.93.222 - - [14/Nov/2011:07:47:05 +0100] "HEAD / HTTP/1.0" 200 - "-" "-"
122.176.93.222 - - [14/Nov/2011:07:47:05 +0100] "HEAD / HTTP/1.0" 200 - "-" "-"
122.176.93.222 - - [14/Nov/2011:07:47:05 +0100] "HEAD / HTTP/1.0" 200 - "-" "-"
122.176.93.222 - - [14/Nov/2011:07:47:05 +0100] "HEAD / HTTP/1.0" 200 - "-" "-"
122.176.93.222 - - [14/Nov/2011:07:47:05 +0100] "HEAD / HTTP/1.0" 200 - "-" "-"
122.176.93.222 - - [14/Nov/2011:07:47:05 +0100] "HEAD / HTTP/1.0" 200 - "-" "-"
122.176.93.222 - - [14/Nov/2011:07:47:05 +0100] "HEAD / HTTP/1.0" 200 - "-" "-"
122.176.93.222 - - [14/Nov/2011:07:47:05 +0100] "HEAD / HTTP/1.0" 200 - "-" "-"
122.176.93.222 - - [14/Nov/2011:07:47:05 +0100] "HEAD / HTTP/1.0" 200 - "-" "-"
122.176.93.222 - - [14/Nov/2011:07:47:05 +0100] "HEAD / HTTP/1.0" 200 - "-" "-"
122.176.93.222 - - [14/Nov/2011:07:47:05 +0100] "HEAD / HTTP/1.0" 200 - "-" "-"
122.176.93.222 - - [14/Nov/2011:07:47:05 +0100] "HEAD / HTTP/1.0" 200 - "-" "-"
122.176.93.222 - - [14/Nov/2011:07:47:05 +0100] "HEAD / HTTP/1.0" 200 - "-" "-"
122.176.93.222 - - [14/Nov/2011:07:47:05 +0100] "HEAD / HTTP/1.0" 200 - "-" "-"
208.115.111.73 - - [14/Nov/2011:08:21:40 +0100] "GET /seiten/ndl_dresden01.html HTTP/1.1" 404 334 "-" "Mozilla/5.0 (compatible; Ezooms/1.0; ezooms.bot@gmail.com)"
117.135.129.73 - - [14/Nov/2011:08:35:20 +0100] "GET / HTTP/1.1" 200 1229 "-" "Mozilla/4.0 (compatible; MSIE 6.0; Windows NT 5.1)"
208.115.111.73 - - [14/Nov/2011:09:14:20 +0100] "GET /robots.txt HTTP/1.1" 404 319 "-" "Mozilla/5.0 (compatible; Ezooms/1.0; ezooms.bot@gmail.com)"
220.181.108.97 - - [14/Nov/2011:09:23:07 +0100] "GET / HTTP/1.1" 200 1229 "-" "Mozilla/5.0 (compatible; Baiduspider/2.0; +http://www.baidu.com/search/spider.html)"
123.125.71.17 - - [14/Nov/2011:09:23:09 +0100] "GET / HTTP/1.1" 200 1229 "-" "Mozilla/5.0 (compatible; Baiduspider/2.0; +http://www.baidu.com/search/spider.html)"
85.141.80.178 - - [14/Nov/2011:10:03:01 +0100] "GET /robots.txt HTTP/1.1" 404 319 "-" "Mozilla/5.0 (compatible; 008/0.83; http://www.80legs.com/webcrawler.html;) Gecko/2008032620"
85.141.80.178 - - [14/Nov/2011:10:03:02 +0100] "GET / HTTP/1.1" 200 1229 "-" "Mozilla/5.0 (compatible; 008/0.83; http://www.80legs.com/webcrawler.html) Gecko/2008032620"
173.56.40.142 - - [14/Nov/2011:10:04:48 +0100] "GET /robots.txt HTTP/1.1" 404 319 "-" "Mozilla/5.0 (compatible; 008/0.83; http://www.80legs.com/webcrawler.html;) Gecko/2008032620"
173.56.40.142 - - [14/Nov/2011:10:04:48 +0100] "GET / HTTP/1.1" 200 1229 "-" "Mozilla/5.0 (compatible; 008/0.83; http://www.80legs.com/webcrawler.html) Gecko/2008032620"
212.109.6.64 - - [14/Nov/2011:10:06:25 +0100] "GET /robots.txt HTTP/1.1" 404 319 "-" "Mozilla/5.0 (compatible; 008/0.83; http://www.80legs.com/webcrawler.html;) Gecko/2008032620"
212.109.6.64 - - [14/Nov/2011:10:06:25 +0100] "GET / HTTP/1.1" 200 1229 "-" "Mozilla/5.0 (compatible; 008/0.83; http://www.80legs.com/webcrawler.html) Gecko/2008032620"
123.125.71.19 - - [14/Nov/2011:10:25:10 +0100] "GET / HTTP/1.1" 200 1229 "-" "Mozilla/5.0 (compatible; Baiduspider/2.0; +http://www.baidu.com/search/spider.html)"
220.181.108.91 - - [14/Nov/2011:10:25:16 +0100] "GET / HTTP/1.1" 200 1229 "-" "Mozilla/5.0 (compatible; Baiduspider/2.0; +http://www.baidu.com/search/spider.html)"
208.80.194.27 - - [14/Nov/2011:11:15:55 +0100] "GET / HTTP/1.0" 200 1229 "-" "Mozilla/4.0 (compatible; MSIE 6.0; Windows NT 5.1; {A50C4B46-8BD8-5DDB-3837-CFE56690FCE5})"
208.115.111.73 - - [14/Nov/2011:12:21:34 +0100] "GET /seiten/ndl_dresden01.html HTTP/1.1" 404 334 "-" "Mozilla/5.0 (compatible; Ezooms/1.0; ezooms.bot@gmail.com)"
31.44.184.50 - - [14/Nov/2011:13:08:00 +0100] "GET http://allrequestsallowed.com/?PHPSESSID=5gh6ncjh00043SSQH_W_EFB%5C%5CO HTTP/1.1" 200 1229 "-" "Mozilla/5.0 (Windows; U; Windows NT 5.0; en-US; rv:1.8.1.12) Gecko/20080201 Firefox/2.0.0.12"
208.115.111.73 - - [14/Nov/2011:13:09:03 +0100] "GET /robots.txt HTTP/1.1" 404 319 "-" "Mozilla/5.0 (compatible; Ezooms/1.0; ezooms.bot@gmail.com)"
176.9.31.202 - - [14/Nov/2011:13:31:23 +0100] "GET /robots.txt HTTP/1.0" 404 320 "-" "Mozilla/5.0 (Windows NT 6.1; WOW64; rv:2.0.1) Gecko/20100101\t\t\tFirefox/4.0.1\t\t/Nutch-1.2"
176.9.31.202 - - [14/Nov/2011:13:31:23 +0100] "GET / HTTP/1.0" 200 1229 "-" "Mozilla/5.0 (Windows NT 6.1; WOW64; rv:2.0.1) Gecko/20100101\t\t\tFirefox/4.0.1\t\t/Nutch-1.2"
79.125.74.140 - - [14/Nov/2011:14:15:31 +0100] "GET / HTTP/1.1" 200 1229 "-" "Mozilla/5.0 (Windows NT 6.1; WOW64; rv:6.0) Gecko/20100101 Firefox/6.0"
79.125.74.140 - - [14/Nov/2011:14:15:31 +0100] "GET / HTTP/1.0" 200 1229 "-" "-"
123.125.71.21 - - [14/Nov/2011:15:24:40 +0100] "GET / HTTP/1.1" 200 1229 "-" "Mozilla/5.0 (compatible; Baiduspider/2.0; +http://www.baidu.com/search/spider.html)"
220.181.108.78 - - [14/Nov/2011:15:24:45 +0100] "GET / HTTP/1.1" 200 1229 "-" "Mozilla/5.0 (compatible; Baiduspider/2.0; +http://www.baidu.com/search/spider.html)"
208.107.60.134 - - [14/Nov/2011:15:49:46 +0100] "GET /robots.txt HTTP/1.0" 404 320 "-" "Mozilla/5.0 (compatible; MJ12bot/v1.4.0; http://www.majestic12.co.uk/bot.php?+)"
208.107.60.134 - - [14/Nov/2011:15:49:48 +0100] "GET / HTTP/1.1" 200 1229 "-" "Mozilla/5.0 (compatible; MJ12bot/v1.4.0; http://www.majestic12.co.uk/bot.php?+)"
85.13.139.231 - - [14/Nov/2011:16:00:18 +0100] "HEAD / HTTP/1.1" 200 - "-" "-"
62.231.141.193 - - [14/Nov/2011:16:06:44 +0100] "GET /robots.txt HTTP/1.0" 404 320 "-" "Mozilla/5.0 (compatible; MJ12bot/v1.4.0; http://www.majestic12.co.uk/bot.php?+)"
62.231.141.193 - - [14/Nov/2011:16:06:46 +0100] "GET / HTTP/1.0" 200 1229 "-" "Mozilla/5.0 (compatible; MJ12bot/v1.4.0; http://www.majestic12.co.uk/bot.php?+)"
208.115.111.73 - - [14/Nov/2011:16:22:30 +0100] "GET /seiten/ndl_dresden01.html HTTP/1.1" 404 334 "-" "Mozilla/5.0 (compatible; Ezooms/1.0; ezooms.bot@gmail.com)"
220.181.108.97 - - [14/Nov/2011:16:25:26 +0100] "GET / HTTP/1.1" 200 1229 "-" "Mozilla/5.0 (compatible; Baiduspider/2.0; +http://www.baidu.com/search/spider.html)"
123.125.71.22 - - [14/Nov/2011:16:25:50 +0100] "GET / HTTP/1.1" 200 1229 "-" "Mozilla/5.0 (compatible; Baiduspider/2.0; +http://www.baidu.com/search/spider.html)"
88.159.78.86 - - [14/Nov/2011:17:05:21 +0100] "GET /robots.txt HTTP/1.0" 404 320 "-" "Mozilla/5.0 (compatible; MJ12bot/v1.4.0; http://www.majestic12.co.uk/bot.php?+)"
88.159.78.86 - - [14/Nov/2011:17:05:27 +0100] "GET / HTTP/1.1" 200 1229 "-" "Mozilla/5.0 (compatible; MJ12bot/v1.4.0; http://www.majestic12.co.uk/bot.php?+)"
64.246.161.190 - - [14/Nov/2011:17:13:42 +0100] "GET /robots.txt HTTP/1.0" 404 327 "-" "Mozilla/5.0 (Windows; U; Windows NT 5.1; en; rv:1.9.0.13) Gecko/2009073022 Firefox/3.5.2 (.NET CLR 3.5.30729) SurveyBot/2.3 (DomainTools)"
64.246.161.190 - - [14/Nov/2011:17:13:43 +0100] "GET / HTTP/1.1" 200 1229 "http://whois.domaintools.com/xn--essohndler-u5a.de" "Mozilla/5.0 (Windows; U; Windows NT 5.1; en; rv:1.9.0.13) Gecko/2009073022 Firefox/3.5.2 (.NET CLR 3.5.30729) SurveyBot/2.3 (DomainTools)"
208.115.111.73 - - [14/Nov/2011:17:15:13 +0100] "GET /robots.txt HTTP/1.1" 404 319 "-" "Mozilla/5.0 (compatible; Ezooms/1.0; ezooms.bot@gmail.com)"
64.246.165.180 - - [14/Nov/2011:17:18:53 +0100] "GET /robots.txt HTTP/1.0" 404 337 "-" "Mozilla/5.0 (Windows; U; Windows NT 5.1; en; rv:1.9.0.13) Gecko/2009073022 Firefox/3.5.2 (.NET CLR 3.5.30729) SurveyBot/2.3 (DomainTools)"
64.246.165.180 - - [14/Nov/2011:17:18:54 +0100] "GET / HTTP/1.1" 200 1229 "http://whois.domaintools.com/xn--heizllieferantberlin-69b.de" "Mozilla/5.0 (Windows; U; Windows NT 5.1; en; rv:1.9.0.13) Gecko/2009073022 Firefox/3.5.2 (.NET CLR 3.5.30729) SurveyBot/2.3 (DomainTools)"
64.246.165.190 - - [14/Nov/2011:17:25:06 +0100] "GET /robots.txt HTTP/1.0" 404 334 "-" "Mozilla/5.0 (Windows; U; Windows NT 5.1; en; rv:1.9.0.13) Gecko/2009073022 Firefox/3.5.2 (.NET CLR 3.5.30729) SurveyBot/2.3 (DomainTools)"
64.246.165.190 - - [14/Nov/2011:17:25:06 +0100] "GET / HTTP/1.1" 200 1229 "http://whois.domaintools.com/xn--heizlpreiseberlin-2zb.de" "Mozilla/5.0 (Windows; U; Windows NT 5.1; en; rv:1.9.0.13) Gecko/2009073022 Firefox/3.5.2 (.NET CLR 3.5.30729) SurveyBot/2.3 (DomainTools)"
64.246.161.190 - - [14/Nov/2011:17:31:33 +0100] "GET /robots.txt HTTP/1.0" 404 333 "-" "Mozilla/5.0 (Windows; U; Windows NT 5.1; en; rv:1.9.0.13) Gecko/2009073022 Firefox/3.5.2 (.NET CLR 3.5.30729) SurveyBot/2.3 (DomainTools)"
64.246.161.190 - - [14/Nov/2011:17:31:33 +0100] "GET / HTTP/1.1" 200 1229 "http://whois.domaintools.com/xn--heizllieferungen-pwb.de" "Mozilla/5.0 (Windows; U; Windows NT 5.1; en; rv:1.9.0.13) Gecko/2009073022 Firefox/3.5.2 (.NET CLR 3.5.30729) SurveyBot/2.3 (DomainTools)"
216.145.17.190 - - [14/Nov/2011:17:44:41 +0100] "GET /robots.txt HTTP/1.0" 404 328 "-" "Mozilla/5.0 (Windows; U; Windows NT 5.1; en; rv:1.9.0.13) Gecko/2009073022 Firefox/3.5.2 (.NET CLR 3.5.30729) SurveyBot/2.3 (DomainTools)"
216.145.17.190 - - [14/Nov/2011:17:44:42 +0100] "GET / HTTP/1.1" 200 1229 "http://whois.domaintools.com/xn--heizlberlin-ufb.de" "Mozilla/5.0 (Windows; U; Windows NT 5.1; en; rv:1.9.0.13) Gecko/2009073022 Firefox/3.5.2 (.NET CLR 3.5.30729) SurveyBot/2.3 (DomainTools)"
95.108.128.242 - - [14/Nov/2011:18:10:54 +0100] "GET /robots.txt HTTP/1.1" 404 319 "-" "Mozilla/5.0 (compatible; YandexBot/3.0; +http://yandex.com/bots)"
216.145.5.42 - - [14/Nov/2011:18:20:19 +0100] "GET /robots.txt HTTP/1.0" 404 325 "-" "Mozilla/5.0 (Windows; U; Windows NT 5.1; en; rv:1.9.0.13) Gecko/2009073022 Firefox/3.5.2 (.NET CLR 3.5.30729) SurveyBot/2.3 (DomainTools)"
216.145.5.42 - - [14/Nov/2011:18:20:19 +0100] "GET / HTTP/1.1" 200 1229 "http://whois.domaintools.com/xn--premiuml-t4a.de" "Mozilla/5.0 (Windows; U; Windows NT 5.1; en; rv:1.9.0.13) Gecko/2009073022 Firefox/3.5.2 (.NET CLR 3.5.30729) SurveyBot/2.3 (DomainTools)"
46.165.197.141 - - [14/Nov/2011:18:23:45 +0100] "GET /robots.txt HTTP/1.0" 404 320 "-" "Mozilla/5.0 (compatible; MJ12bot/v1.4.0; http://www.majestic12.co.uk/bot.php?+)"
46.165.197.141 - - [14/Nov/2011:18:23:47 +0100] "GET / HTTP/1.0" 200 1229 "-" "Mozilla/5.0 (compatible; MJ12bot/v1.4.0; http://www.majestic12.co.uk/bot.php?+)"
150.70.75.37 - - [14/Nov/2011:19:27:15 +0100] "GET /scripts/bookmark.js HTTP/1.0" 404 326 "-" "Mozilla/4.0 (compatible; MSIE 6.0; Windows NT 5.1)"
173.236.21.106 - - [14/Nov/2011:19:49:16 +0100] "GET /robots.txt HTTP/1.0" 404 320 "-" "Mozilla/5.0 (compatible; MJ12bot/v1.4.0; http://www.majestic12.co.uk/bot.php?+)"
173.236.21.106 - - [14/Nov/2011:19:49:17 +0100] "GET / HTTP/1.0" 200 1229 "-" "Mozilla/5.0 (compatible; MJ12bot/v1.4.0; http://www.majestic12.co.uk/bot.php?+)"
87.106.61.84 - - [14/Nov/2011:20:16:23 +0100] "GET /robots.txt HTTP/1.0" 404 320 "-" "Mozilla/5.0 (compatible; MJ12bot/v1.4.0; http://www.majestic12.co.uk/bot.php?+)"
87.106.61.84 - - [14/Nov/2011:20:16:25 +0100] "GET / HTTP/1.0" 200 1229 "-" "Mozilla/5.0 (compatible; MJ12bot/v1.4.0; http://www.majestic12.co.uk/bot.php?+)"
208.115.111.73 - - [14/Nov/2011:20:21:32 +0100] "GET /seiten/ndl_dresden01.html HTTP/1.1" 404 334 "-" "Mozilla/5.0 (compatible; Ezooms/1.0; ezooms.bot@gmail.com)"
123.125.71.17 - - [14/Nov/2011:20:24:35 +0100] "GET / HTTP/1.1" 200 1229 "-" "Mozilla/5.0 (compatible; Baiduspider/2.0; +http://www.baidu.com/search/spider.html)"
220.181.108.86 - - [14/Nov/2011:20:24:36 +0100] "GET / HTTP/1.1" 200 1229 "-" "Mozilla/5.0 (compatible; Baiduspider/2.0; +http://www.baidu.com/search/spider.html)"
82.130.21.4 - - [14/Nov/2011:20:37:15 +0100] "GET /robots.txt HTTP/1.0" 404 320 "-" "Mozilla/5.0 (compatible; MJ12bot/v1.4.0; http://www.majestic12.co.uk/bot.php?+)"
82.130.21.4 - - [14/Nov/2011:20:37:16 +0100] "GET / HTTP/1.1" 200 1229 "-" "Mozilla/5.0 (compatible; MJ12bot/v1.4.0; http://www.majestic12.co.uk/bot.php?+)"
173.242.125.206 - - [14/Nov/2011:20:49:54 +0100] "GET /robots.txt HTTP/1.0" 404 320 "-" "Mozilla/5.0 (compatible; MJ12bot/v1.4.0; http://www.majestic12.co.uk/bot.php?+)"
173.242.125.206 - - [14/Nov/2011:20:49:56 +0100] "GET / HTTP/1.0" 200 1229 "-" "Mozilla/5.0 (compatible; MJ12bot/v1.4.0; http://www.majestic12.co.uk/bot.php?+)"
95.108.128.242 - - [14/Nov/2011:20:52:22 +0100] "GET / HTTP/1.1" 200 1229 "-" "Mozilla/5.0 (compatible; YandexBot/3.0; +http://yandex.com/bots)"
94.23.42.135 - - [14/Nov/2011:20:53:51 +0100] "GET /robots.txt HTTP/1.0" 404 319 "-" "Mozilla/5.0 (compatible; MJ12bot/v1.4.0; http://www.majestic12.co.uk/bot.php?+)"
94.23.42.135 - - [14/Nov/2011:20:53:53 +0100] "GET /seiten/default.html HTTP/1.0" 404 328 "-" "Mozilla/5.0 (compatible; MJ12bot/v1.4.0; http://www.majestic12.co.uk/bot.php?+)"
173.0.61.144 - - [14/Nov/2011:21:15:44 +0100] "GET /robots.txt HTTP/1.0" 404 320 "-" "Mozilla/5.0 (compatible; MJ12bot/v1.4.0; http://www.majestic12.co.uk/bot.php?+)"
173.0.61.144 - - [14/Nov/2011:21:15:46 +0100] "GET / HTTP/1.0" 200 1229 "-" "Mozilla/5.0 (compatible; MJ12bot/v1.4.0; http://www.majestic12.co.uk/bot.php?+)"
212.127.133.249 - - [14/Nov/2011:21:17:30 +0100] "GET /robots.txt HTTP/1.0" 404 320 "-" "Mozilla/5.0 (compatible; MJ12bot/v1.4.0; http://www.majestic12.co.uk/bot.php?+)"
212.127.133.249 - - [14/Nov/2011:21:17:32 +0100] "GET / HTTP/1.1" 200 1229 "-" "Mozilla/5.0 (compatible; MJ12bot/v1.4.0; http://www.majestic12.co.uk/bot.php?+)"
188.165.247.215 - - [14/Nov/2011:22:03:40 +0100] "HEAD / HTTP/1.0" 200 - "-" "-"
207.46.199.52 - - [14/Nov/2011:22:10:40 +0100] "GET /robots.txt HTTP/1.1" 404 319 "-" "Mozilla/5.0 (compatible; bingbot/2.0; +http://www.bing.com/bingbot.htm)"
220.181.108.85 - - [14/Nov/2011:22:24:58 +0100] "GET / HTTP/1.1" 200 1229 "-" "Mozilla/5.0 (compatible; Baiduspider/2.0; +http://www.baidu.com/search/spider.html)"
123.125.71.25 - - [14/Nov/2011:22:24:59 +0100] "GET / HTTP/1.1" 200 1229 "-" "Mozilla/5.0 (compatible; Baiduspider/2.0; +http://www.baidu.com/search/spider.html)"
108.59.8.70 - - [14/Nov/2011:22:35:15 +0100] "GET /robots.txt HTTP/1.0" 404 320 "-" "Mozilla/5.0 (compatible; MJ12bot/v1.4.0; http://www.majestic12.co.uk/bot.php?+)"
108.59.8.70 - - [14/Nov/2011:22:35:16 +0100] "GET / HTTP/1.0" 200 1229 "-" "Mozilla/5.0 (compatible; MJ12bot/v1.4.0; http://www.majestic12.co.uk/bot.php?+)"
173.236.21.106 - - [14/Nov/2011:22:44:05 +0100] "GET /robots.txt HTTP/1.0" 404 319 "-" "Mozilla/5.0 (compatible; MJ12bot/v1.4.0; http://www.majestic12.co.uk/bot.php?+)"
173.236.21.106 - - [14/Nov/2011:22:44:07 +0100] "GET / HTTP/1.0" 200 1229 "-" "Mozilla/5.0 (compatible; MJ12bot/v1.4.0; http://www.majestic12.co.uk/bot.php?+)"
207.46.199.52 - - [14/Nov/2011:22:44:20 +0100] "GET /robots.txt HTTP/1.1" 404 319 "-" "Mozilla/5.0 (compatible; bingbot/2.0; +http://www.bing.com/bingbot.htm)"
80.171.174.196 - - [14/Nov/2011:23:01:33 +0100] "GET / HTTP/1.1" 200 1229 "http://www.bahn-adressbuch.de/datenbank/adressen.php3?k_id=7&u_id=69" "Mozilla/5.0 (Windows NT 6.1; WOW64; rv:8.0) Gecko/20100101 Firefox/8.0"
80.171.174.196 - - [14/Nov/2011:23:01:33 +0100] "GET /favicon.ico HTTP/1.1" 404 320 "-" "Mozilla/5.0 (Windows NT 6.1; WOW64; rv:8.0) Gecko/20100101 Firefox/8.0"
80.171.174.196 - - [14/Nov/2011:23:01:34 +0100] "GET /favicon.ico HTTP/1.1" 404 320 "-" "Mozilla/5.0 (Windows NT 6.1; WOW64; rv:8.0) Gecko/20100101 Firefox/8.0"
80.171.174.196 - - [14/Nov/2011:23:01:34 +0100] "GET /favicon.ico HTTP/1.1" 404 320 "-" "Mozilla/5.0 (Windows NT 6.1; WOW64; rv:8.0) Gecko/20100101 Firefox/8.0"
157.55.18.25 - - [14/Nov/2011:23:51:10 +0100] "GET /robots.txt HTTP/1.1" 404 319 "-" "Mozilla/5.0 (compatible; bingbot/2.0; +http://www.bing.com/bingbot.htm)"
157.55.18.25 - - [14/Nov/2011:23:51:57 +0100] "GET /seiten/fernverkehr03.html HTTP/1.1" 404 334 "-" "Mozilla/5.0 (compatible; bingbot/2.0; +http://www.bing.com/bingbot.htm)"
124.115.6.16 - - [15/Nov/2011:00:05:28 +0100] "GET /robots.txt HTTP/1.1" 404 319 "-" "Sosospider+(+http://help.soso.com/webspider.htm)"
88.72.57.22 - - [15/Nov/2011:00:09:31 +0100] "GET /robots.txt HTTP/1.0" 404 320 "-" "Mozilla/5.0 (compatible; MJ12bot/v1.4.0; http://www.majestic12.co.uk/bot.php?+)"
88.72.57.22 - - [15/Nov/2011:00:09:32 +0100] "GET / HTTP/1.1" 200 1229 "-" "Mozilla/5.0 (compatible; MJ12bot/v1.4.0; http://www.majestic12.co.uk/bot.php?+)"
220.181.108.94 - - [15/Nov/2011:00:31:48 +0100] "GET / HTTP/1.1" 200 1229 "-" "Mozilla/5.0 (compatible; Baiduspider/2.0; +http://www.baidu.com/search/spider.html)"
208.115.111.73 - - [15/Nov/2011:00:46:57 +0100] "GET /robots.txt HTTP/1.1" 404 319 "-" "Mozilla/5.0 (compatible; Ezooms/1.0; ezooms.bot@gmail.com)"
216.104.15.142 - - [15/Nov/2011:01:01:09 +0100] "GET / HTTP/1.0" 200 1229 "-" "Mozilla/4.0 (compatible; MSIE 6.0; Windows NT 5.1)"
82.128.206.87 - - [15/Nov/2011:01:01:24 +0100] "GET /robots.txt HTTP/1.0" 404 320 "-" "Mozilla/5.0 (compatible; MJ12bot/v1.4.0; http://www.majestic12.co.uk/bot.php?+)"
82.128.206.87 - - [15/Nov/2011:01:01:25 +0100] "GET / HTTP/1.1" 200 1229 "-" "Mozilla/5.0 (compatible; MJ12bot/v1.4.0; http://www.majestic12.co.uk/bot.php?+)"
208.115.111.73 - - [15/Nov/2011:01:09:08 +0100] "GET /seiten/ndl_dresden01.html HTTP/1.1" 404 334 "-" "Mozilla/5.0 (compatible; Ezooms/1.0; ezooms.bot@gmail.com)"
193.252.118.173 - - [15/Nov/2011:01:14:20 +0100] "GET /robots.txt HTTP/1.1" 404 319 "-" "Mozilla/5.0 (Windows; U; Windows NT 5.1; fr; rv:1.8.1) VoilaBot BETA 1.2 (support.voilabot@orange-ftgroup.com)"
193.252.118.173 - - [15/Nov/2011:01:14:23 +0100] "GET / HTTP/1.1" 200 1229 "-" "Mozilla/5.0 (Windows; U; Windows NT 5.1; fr; rv:1.8.1) VoilaBot BETA 1.2 (support.voilabot@orange-ftgroup.com)"
123.125.71.18 - - [15/Nov/2011:01:15:16 +0100] "GET / HTTP/1.1" 304 - "-" "Mozilla/5.0 (compatible; Baiduspider/2.0; +http://www.baidu.com/search/spider.html)"
123.49.44.18 - - [15/Nov/2011:01:29:02 +0100] "HEAD / HTTP/1.0" 200 - "-" "-"
123.49.44.18 - - [15/Nov/2011:01:29:02 +0100] "HEAD / HTTP/1.0" 200 - "-" "-"
123.49.44.18 - - [15/Nov/2011:01:29:02 +0100] "HEAD / HTTP/1.0" 200 - "-" "-"
123.49.44.18 - - [15/Nov/2011:01:29:02 +0100] "HEAD / HTTP/1.0" 200 - "-" "-"
123.49.44.18 - - [15/Nov/2011:01:29:02 +0100] "HEAD / HTTP/1.0" 200 - "-" "-"
123.49.44.18 - - [15/Nov/2011:01:29:02 +0100] "HEAD / HTTP/1.0" 200 - "-" "-"
123.49.44.18 - - [15/Nov/2011:01:29:02 +0100] "HEAD / HTTP/1.0" 200 - "-" "-"
123.49.44.18 - - [15/Nov/2011:01:29:02 +0100] "HEAD / HTTP/1.0" 200 - "-" "-"
123.49.44.18 - - [15/Nov/2011:01:29:02 +0100] "HEAD / HTTP/1.0" 200 - "-" "-"
123.49.44.18 - - [15/Nov/2011:01:29:02 +0100] "HEAD / HTTP/1.0" 200 - "-" "-"
123.49.44.18 - - [15/Nov/2011:01:29:02 +0100] "HEAD / HTTP/1.0" 200 - "-" "-"
123.49.44.18 - - [15/Nov/2011:01:29:02 +0100] "HEAD / HTTP/1.0" 200 - "-" "-"
123.49.44.18 - - [15/Nov/2011:01:29:02 +0100] "HEAD / HTTP/1.0" 200 - "-" "-"
123.49.44.18 - - [15/Nov/2011:01:29:02 +0100] "HEAD / HTTP/1.0" 200 - "-" "-"
123.49.44.18 - - [15/Nov/2011:01:29:02 +0100] "HEAD / HTTP/1.0" 200 - "-" "-"
123.49.44.18 - - [15/Nov/2011:01:29:02 +0100] "HEAD / HTTP/1.0" 200 - "-" "-"
123.49.44.18 - - [15/Nov/2011:01:29:02 +0100] "HEAD / HTTP/1.0" 200 - "-" "-"
123.49.44.18 - - [15/Nov/2011:01:29:02 +0100] "HEAD / HTTP/1.0" 200 - "-" "-"
208.115.111.73 - - [15/Nov/2011:02:11:23 +0100] "GET /robots.txt HTTP/1.1" 404 319 "-" "Mozilla/5.0 (compatible; Ezooms/1.0; ezooms.bot@gmail.com)"
94.209.58.25 - - [15/Nov/2011:02:14:46 +0100] "GET /robots.txt HTTP/1.0" 404 322 "-" "Mozilla/5.0 (compatible; MJ12bot/v1.4.0; http://www.majestic12.co.uk/bot.php?+)"
94.209.58.25 - - [15/Nov/2011:02:14:48 +0100] "GET / HTTP/1.1" 200 1229 "-" "Mozilla/5.0 (compatible; MJ12bot/v1.4.0; http://www.majestic12.co.uk/bot.php?+)"
94.23.42.135 - - [15/Nov/2011:02:16:38 +0100] "GET /robots.txt HTTP/1.0" 404 319 "-" "Mozilla/5.0 (compatible; MJ12bot/v1.4.0; http://www.majestic12.co.uk/bot.php?+)"
94.23.42.135 - - [15/Nov/2011:02:16:40 +0100] "GET /seiten/default.html HTTP/1.0" 404 328 "-" "Mozilla/5.0 (compatible; MJ12bot/v1.4.0; http://www.majestic12.co.uk/bot.php?+)"
216.240.136.95 - - [15/Nov/2011:03:01:35 +0100] "GET / HTTP/1.1" 200 1229 "-" "Mozilla/5.0 (Windows; U; Windows NT 6.0; en-US; rv:1.9.1.2) Gecko/20090729 Firefox/3.5.2 (.NET CLR 3.5.30729)"
82.130.21.4 - - [15/Nov/2011:04:16:50 +0100] "GET /robots.txt HTTP/1.0" 404 320 "-" "Mozilla/5.0 (compatible; MJ12bot/v1.4.0; http://www.majestic12.co.uk/bot.php?+)"
82.130.21.4 - - [15/Nov/2011:04:16:54 +0100] "GET / HTTP/1.1" 200 1229 "-" "Mozilla/5.0 (compatible; MJ12bot/v1.4.0; http://www.majestic12.co.uk/bot.php?+)"
208.115.111.73 - - [15/Nov/2011:04:21:59 +0100] "GET /seiten/ndl_dresden01.html HTTP/1.1" 404 334 "-" "Mozilla/5.0 (compatible; Ezooms/1.0; ezooms.bot@gmail.com)"
220.181.108.81 - - [15/Nov/2011:04:24:04 +0100] "GET / HTTP/1.1" 200 1229 "-" "Mozilla/5.0 (compatible; Baiduspider/2.0; +http://www.baidu.com/search/spider.html)"
123.125.71.26 - - [15/Nov/2011:04:24:25 +0100] "GET / HTTP/1.1" 200 1229 "-" "Mozilla/5.0 (compatible; Baiduspider/2.0; +http://www.baidu.com/search/spider.html)"
83.149.126.98 - - [15/Nov/2011:04:30:05 +0100] "GET /robots.txt HTTP/1.0" 404 320 "-" "Mozilla/5.0 (compatible; MJ12bot/v1.4.0; http://www.majestic12.co.uk/bot.php?+)"
83.149.126.98 - - [15/Nov/2011:04:30:06 +0100] "GET / HTTP/1.0" 200 1229 "-" "Mozilla/5.0 (compatible; MJ12bot/v1.4.0; http://www.majestic12.co.uk/bot.php?+)"
123.125.68.114 - - [15/Nov/2011:04:51:23 +0100] "GET / HTTP/1.1" 200 1229 "-" "Mozilla/5.0 (compatible; Baiduspider/2.0; +http://www.baidu.com/search/spider.html)"
208.115.111.73 - - [15/Nov/2011:05:10:09 +0100] "GET /robots.txt HTTP/1.1" 404 319 "-" "Mozilla/5.0 (compatible; Ezooms/1.0; ezooms.bot@gmail.com)"
93.219.149.44 - - [15/Nov/2011:05:33:07 +0100] "GET / HTTP/1.1" 200 1229 "-" "Mozilla/5.0 (Windows; U; Windows NT 6.0; de; rv:1.9.2.3) Gecko/20100401 Firefox/3.6.3 ( .NET CLR 3.5.30729)"
62.212.73.211 - - [15/Nov/2011:06:31:22 +0100] "GET /robots.txt HTTP/1.0" 404 319 "-" "Mozilla/5.0 (compatible; MJ12bot/v1.4.0; http://www.majestic12.co.uk/bot.php?+)"
62.212.73.211 - - [15/Nov/2011:06:31:23 +0100] "GET /seiten/default.html HTTP/1.0" 404 328 "-" "Mozilla/5.0 (compatible; MJ12bot/v1.4.0; http://www.majestic12.co.uk/bot.php?+)"
220.181.108.90 - - [15/Nov/2011:06:32:45 +0100] "GET / HTTP/1.1" 200 1229 "-" "Mozilla/5.0 (compatible; Baiduspider/2.0; +http://www.baidu.com/search/spider.html)"
123.125.71.34 - - [15/Nov/2011:06:34:57 +0100] "GET / HTTP/1.1" 200 1229 "-" "Mozilla/5.0 (compatible; Baiduspider/2.0; +http://www.baidu.com/search/spider.html)"
80.195.201.96 - - [15/Nov/2011:06:46:54 +0100] "GET /robots.txt HTTP/1.0" 404 320 "-" "Mozilla/5.0 (compatible; MJ12bot/v1.4.0; http://www.majestic12.co.uk/bot.php?+)"
80.195.201.96 - - [15/Nov/2011:06:46:56 +0100] "GET / HTTP/1.0" 200 1229 "-" "Mozilla/5.0 (compatible; MJ12bot/v1.4.0; http://www.majestic12.co.uk/bot.php?+)"
173.236.21.106 - - [15/Nov/2011:06:56:48 +0100] "GET /robots.txt HTTP/1.0" 404 320 "-" "Mozilla/5.0 (compatible; MJ12bot/v1.4.0; http://www.majestic12.co.uk/bot.php?+)"
173.236.21.106 - - [15/Nov/2011:06:56:49 +0100] "GET / HTTP/1.0" 200 1229 "-" "Mozilla/5.0 (compatible; MJ12bot/v1.4.0; http://www.majestic12.co.uk/bot.php?+)"
220.181.108.76 - - [15/Nov/2011:07:24:10 +0100] "GET / HTTP/1.1" 200 1229 "-" "Mozilla/5.0 (compatible; Baiduspider/2.0; +http://www.baidu.com/search/spider.html)"
123.125.71.33 - - [15/Nov/2011:07:24:15 +0100] "GET / HTTP/1.1" 200 1229 "-" "Mozilla/5.0 (compatible; Baiduspider/2.0; +http://www.baidu.com/search/spider.html)"
66.249.71.199 - - [15/Nov/2011:08:11:47 +0100] "GET /robots.txt HTTP/1.1" 404 320 "-" "Mozilla/5.0 (compatible; Googlebot/2.1; +http://www.google.com/bot.html)"
66.249.71.199 - - [15/Nov/2011:08:11:48 +0100] "GET / HTTP/1.1" 304 - "-" "Mozilla/5.0 (compatible; Googlebot/2.1; +http://www.google.com/bot.html)"
91.64.244.123 - - [15/Nov/2011:08:21:14 +0100] "GET / HTTP/1.1" 200 1229 "http://www.unternehmen-db.de/firma/323981" "Mozilla/4.0 (compatible; MSIE 8.0; Windows NT 5.1; Trident/4.0; .NET CLR 2.0.50727; .NET CLR 3.0.4506.2152; .NET CLR 3.5.30729; .NET4.0C; .NET4.0E)"
91.64.244.123 - - [15/Nov/2011:08:21:14 +0100] "GET /favicon.ico HTTP/1.1" 404 320 "-" "Mozilla/4.0 (compatible; MSIE 8.0; Windows NT 5.1; Trident/4.0; .NET CLR 2.0.50727; .NET CLR 3.0.4506.2152; .NET CLR 3.5.30729; .NET4.0C; .NET4.0E)"
208.115.111.73 - - [15/Nov/2011:08:21:40 +0100] "GET /seiten/ndl_dresden01.html HTTP/1.1" 404 334 "-" "Mozilla/5.0 (compatible; Ezooms/1.0; ezooms.bot@gmail.com)"
65.52.109.146 - - [15/Nov/2011:08:43:05 +0100] "GET /robots.txt HTTP/1.1" 404 319 "-" "Mozilla/5.0 (compatible; bingbot/2.0; +http://www.bing.com/bingbot.htm)"
65.52.109.146 - - [15/Nov/2011:08:43:42 +0100] "GET / HTTP/1.1" 304 - "-" "Mozilla/5.0 (compatible; bingbot/2.0; +http://www.bing.com/bingbot.htm)"
46.4.104.35 - - [15/Nov/2011:08:49:17 +0100] "GET / HTTP/1.1" 200 1229 "http://de.saferpage.de/gauff-rail" "Mozilla/5.0 (Windows; U; Windows NT 6.1; de; rv:1.9.2.12) Gecko/20101026 Firefox/3.6.12"
209.190.38.98 - - [15/Nov/2011:08:53:40 +0100] "GET /appConf.htm HTTP/1.1" 404 316 "-" "Python-urllib/2.4"
209.190.38.98 - - [15/Nov/2011:08:53:40 +0100] "GET /appConf.htm HTTP/1.1" 404 316 "-" "Python-urllib/2.4"
209.190.38.98 - - [15/Nov/2011:08:53:40 +0100] "GET /appConf.htm HTTP/1.1" 404 316 "-" "Python-urllib/2.4"
209.190.38.98 - - [15/Nov/2011:08:53:40 +0100] "GET /appConf.htm HTTP/1.1" 404 316 "-" "Python-urllib/2.4"
209.190.38.98 - - [15/Nov/2011:08:53:40 +0100] "GET /appConf.htm HTTP/1.1" 404 316 "-" "Python-urllib/2.4"
209.190.38.98 - - [15/Nov/2011:08:53:40 +0100] "GET /appConf.htm HTTP/1.1" 404 316 "-" "Python-urllib/2.4"
209.190.38.98 - - [15/Nov/2011:08:53:40 +0100] "GET /appConf.htm HTTP/1.1" 404 316 "-" "Python-urllib/2.4"
209.190.38.98 - - [15/Nov/2011:08:53:40 +0100] "GET /appConf.htm HTTP/1.1" 404 316 "-" "Python-urllib/2.4"
209.190.38.98 - - [15/Nov/2011:08:53:40 +0100] "GET /appConf.htm HTTP/1.1" 404 316 "-" "Python-urllib/2.4"
209.190.38.98 - - [15/Nov/2011:08:53:40 +0100] "GET /appConf.htm HTTP/1.1" 404 316 "-" "Python-urllib/2.4"
209.190.38.98 - - [15/Nov/2011:08:53:40 +0100] "GET /appConf.htm HTTP/1.1" 404 316 "-" "Python-urllib/2.4"
209.190.38.98 - - [15/Nov/2011:08:53:40 +0100] "GET /appConf.htm HTTP/1.1" 404 316 "-" "Python-urllib/2.4"
209.190.38.98 - - [15/Nov/2011:08:53:40 +0100] "GET /appConf.htm HTTP/1.1" 404 316 "-" "Python-urllib/2.4"
209.190.38.98 - - [15/Nov/2011:08:53:40 +0100] "GET /appConf.htm HTTP/1.1" 404 316 "-" "Python-urllib/2.4"
209.190.38.98 - - [15/Nov/2011:08:53:40 +0100] "GET /appConf.htm HTTP/1.1" 404 316 "-" "Python-urllib/2.4"
209.190.38.98 - - [15/Nov/2011:08:53:40 +0100] "GET /appConf.htm HTTP/1.1" 404 316 "-" "Python-urllib/2.4"
209.190.38.98 - - [15/Nov/2011:08:53:40 +0100] "GET /appConf.htm HTTP/1.1" 404 316 "-" "Python-urllib/2.4"
209.190.38.98 - - [15/Nov/2011:08:53:40 +0100] "GET /appConf.htm HTTP/1.1" 404 316 "-" "Python-urllib/2.4"
66.249.71.199 - - [15/Nov/2011:08:57:23 +0100] "GET /sitemap.xml HTTP/1.1" 404 321 "-" "Mozilla/5.0 (compatible; Googlebot/2.1; +http://www.google.com/bot.html)"
123.125.71.12 - - [15/Nov/2011:10:26:54 +0100] "GET / HTTP/1.1" 200 1229 "-" "Mozilla/5.0 (compatible; Baiduspider/2.0; +http://www.baidu.com/search/spider.html)"
220.181.108.89 - - [15/Nov/2011:10:27:00 +0100] "GET / HTTP/1.1" 200 1229 "-" "Mozilla/5.0 (compatible; Baiduspider/2.0; +http://www.baidu.com/search/spider.html)"
77.20.40.173 - - [15/Nov/2011:11:21:10 +0100] "GET / HTTP/1.1" 200 1229 "-" "findlinks/2.0.2 (+http://wortschatz.uni-leipzig.de/findlinks/)"
184.154.48.82 - - [15/Nov/2011:11:41:02 +0100] "GET /robots.txt HTTP/1.0" 404 320 "-" "Mozilla/5.0 (compatible; MJ12bot/v1.4.0; http://www.majestic12.co.uk/bot.php?+)"
184.154.48.82 - - [15/Nov/2011:11:41:04 +0100] "GET / HTTP/1.0" 200 1229 "-" "Mozilla/5.0 (compatible; MJ12bot/v1.4.0; http://www.majestic12.co.uk/bot.php?+)"
31.44.184.50 - - [15/Nov/2011:12:07:57 +0100] "GET http://allrequestsallowed.com/?PHPSESSID=5gh6ncjh00043SSQH_W_EFB%5C%5DB HTTP/1.1" 200 1229 "-" "Mozilla/5.0 (Windows; U; Windows NT 5.0; en-US; rv:1.8.1.12) Gecko/20080201 Firefox/2.0.0.12"
123.125.71.24 - - [15/Nov/2011:12:33:07 +0100] "GET / HTTP/1.1" 200 1229 "-" "Mozilla/5.0 (compatible; Baiduspider/2.0; +http://www.baidu.com/search/spider.html)"
220.181.108.90 - - [15/Nov/2011:12:33:38 +0100] "GET / HTTP/1.1" 200 1229 "-" "Mozilla/5.0 (compatible; Baiduspider/2.0; +http://www.baidu.com/search/spider.html)"
46.137.14.73 - - [15/Nov/2011:12:44:27 +0100] "HEAD / HTTP/1.1" 200 - "-" "Mozilla/5.0 (Windows NT 6.1; WOW64; rv:6.0.1) Gecko/20100101 Firefox/6.0.1"
66.249.71.13 - - [15/Nov/2011:13:05:09 +0100] "GET /robots.txt HTTP/1.1" 404 319 "-" "Mozilla/5.0 (compatible; Googlebot/2.1; +http://www.google.com/bot.html)"
66.249.71.13 - - [15/Nov/2011:13:05:09 +0100] "GET / HTTP/1.1" 200 1229 "-" "Mozilla/5.0 (compatible; Googlebot/2.1; +http://www.google.com/bot.html)"
157.55.18.25 - - [15/Nov/2011:14:08:53 +0100] "GET /robots.txt HTTP/1.1" 404 319 "-" "Mozilla/5.0 (compatible; bingbot/2.0; +http://www.bing.com/bingbot.htm)"
85.8.28.202 - - [15/Nov/2011:14:14:11 +0100] "GET /robots.txt HTTP/1.0" 404 320 "-" "Mozilla/5.0 (compatible; MJ12bot/v1.4.0; http://www.majestic12.co.uk/bot.php?+)"
85.8.28.202 - - [15/Nov/2011:14:14:13 +0100] "GET / HTTP/1.1" 200 1229 "-" "Mozilla/5.0 (compatible; MJ12bot/v1.4.0; http://www.majestic12.co.uk/bot.php?+)"
213.186.122.3 - - [15/Nov/2011:14:31:24 +0100] "GET /robots.txt HTTP/1.1" 404 319 "-" "Mozilla/5.0 (compatible; AhrefsBot/1.0; +http://ahrefs.com/robot/)"
213.186.122.3 - - [15/Nov/2011:14:31:25 +0100] "GET /seiten/default.html HTTP/1.1" 404 328 "-" "Mozilla/5.0 (compatible; AhrefsBot/1.0; +http://ahrefs.com/robot/)"
220.181.108.139 - - [15/Nov/2011:15:43:14 +0100] "GET /robots.txt HTTP/1.1" 404 320 "-" "Baiduspider+(+http://www.baidu.com/search/spider.htm)"
220.181.108.162 - - [15/Nov/2011:15:43:33 +0100] "GET /robots.txt HTTP/1.1" 404 319 "-" "Baiduspider+(+http://www.baidu.com/search/spider.htm)"
123.125.71.22 - - [15/Nov/2011:17:44:10 +0100] "GET / HTTP/1.1" 200 1229 "-" "Mozilla/5.0 (compatible; Baiduspider/2.0; +http://www.baidu.com/search/spider.html)"
220.181.108.85 - - [15/Nov/2011:17:44:50 +0100] "GET / HTTP/1.1" 200 1229 "-" "Mozilla/5.0 (compatible; Baiduspider/2.0; +http://www.baidu.com/search/spider.html)"
83.149.126.98 - - [15/Nov/2011:18:20:20 +0100] "GET /robots.txt HTTP/1.0" 404 320 "-" "Mozilla/5.0 (compatible; MJ12bot/v1.4.0; http://www.majestic12.co.uk/bot.php?+)"
83.149.126.98 - - [15/Nov/2011:18:20:22 +0100] "GET / HTTP/1.0" 200 1229 "-" "Mozilla/5.0 (compatible; MJ12bot/v1.4.0; http://www.majestic12.co.uk/bot.php?+)"
125.46.58.2 - - [15/Nov/2011:20:53:11 +0100] "HEAD / HTTP/1.0" 200 - "-" "-"
125.46.58.2 - - [15/Nov/2011:20:53:11 +0100] "HEAD / HTTP/1.0" 200 - "-" "-"
125.46.58.2 - - [15/Nov/2011:20:53:11 +0100] "HEAD / HTTP/1.0" 200 - "-" "-"
125.46.58.2 - - [15/Nov/2011:20:53:11 +0100] "HEAD / HTTP/1.0" 200 - "-" "-"
125.46.58.2 - - [15/Nov/2011:20:53:11 +0100] "HEAD / HTTP/1.0" 200 - "-" "-"
125.46.58.2 - - [15/Nov/2011:20:53:11 +0100] "HEAD / HTTP/1.0" 200 - "-" "-"
125.46.58.2 - - [15/Nov/2011:20:53:11 +0100] "HEAD / HTTP/1.0" 200 - "-" "-"
125.46.58.2 - - [15/Nov/2011:20:53:12 +0100] "HEAD / HTTP/1.0" 200 - "-" "-"
125.46.58.2 - - [15/Nov/2011:20:53:12 +0100] "HEAD / HTTP/1.0" 200 - "-" "-"
125.46.58.2 - - [15/Nov/2011:20:53:12 +0100] "HEAD / HTTP/1.0" 200 - "-" "-"
125.46.58.2 - - [15/Nov/2011:20:53:12 +0100] "HEAD / HTTP/1.0" 200 - "-" "-"
125.46.58.2 - - [15/Nov/2011:20:53:12 +0100] "HEAD / HTTP/1.0" 200 - "-" "-"
125.46.58.2 - - [15/Nov/2011:20:53:12 +0100] "HEAD / HTTP/1.0" 200 - "-" "-"
125.46.58.2 - - [15/Nov/2011:20:53:12 +0100] "HEAD / HTTP/1.0" 200 - "-" "-"
125.46.58.2 - - [15/Nov/2011:20:53:12 +0100] "HEAD / HTTP/1.0" 200 - "-" "-"
125.46.58.2 - - [15/Nov/2011:20:53:12 +0100] "HEAD / HTTP/1.0" 200 - "-" "-"
125.46.58.2 - - [15/Nov/2011:20:53:12 +0100] "HEAD / HTTP/1.0" 200 - "-" "-"
125.46.58.2 - - [15/Nov/2011:20:53:12 +0100] "HEAD / HTTP/1.0" 200 - "-" "-"
82.83.239.227 - - [15/Nov/2011:21:13:05 +0100] "GET / HTTP/1.1" 200 1229 "-" "Mozilla/5.0 (Windows NT 6.1; WOW64; rv:8.0) Gecko/20100101 Firefox/8.0"
82.83.239.227 - - [15/Nov/2011:21:13:05 +0100] "GET /favicon.ico HTTP/1.1" 404 320 "-" "Mozilla/5.0 (Windows NT 6.1; WOW64; rv:8.0) Gecko/20100101 Firefox/8.0"
82.83.239.227 - - [15/Nov/2011:21:13:05 +0100] "GET /favicon.ico HTTP/1.1" 404 320 "-" "Mozilla/5.0 (Windows NT 6.1; WOW64; rv:8.0) Gecko/20100101 Firefox/8.0"
82.83.239.227 - - [15/Nov/2011:21:13:05 +0100] "GET /favicon.ico HTTP/1.1" 404 320 "-" "Mozilla/5.0 (Windows NT 6.1; WOW64; rv:8.0) Gecko/20100101 Firefox/8.0"
94.23.230.171 - - [15/Nov/2011:22:04:02 +0100] "GET /robots.txt HTTP/1.0" 404 320 "-" "Mozilla/5.0 (compatible; MJ12bot/v1.4.0; http://www.majestic12.co.uk/bot.php?+)"
94.23.230.171 - - [15/Nov/2011:22:04:03 +0100] "GET /Heizoel-Berlin.htm HTTP/1.0" 404 328 "-" "Mozilla/5.0 (compatible; MJ12bot/v1.4.0; http://www.majestic12.co.uk/bot.php?+)"
94.23.230.171 - - [15/Nov/2011:22:04:04 +0100] "GET /seiten/datenschutz.php HTTP/1.0" 404 332 "-" "Mozilla/5.0 (compatible; MJ12bot/v1.4.0; http://www.majestic12.co.uk/bot.php?+)"
94.23.230.171 - - [15/Nov/2011:22:04:06 +0100] "GET /seiten/kontakt.php HTTP/1.0" 404 328 "-" "Mozilla/5.0 (compatible; MJ12bot/v1.4.0; http://www.majestic12.co.uk/bot.php?+)"
94.23.230.171 - - [15/Nov/2011:22:04:07 +0100] "GET /seiten/produkte_hzoel.php HTTP/1.0" 404 335 "-" "Mozilla/5.0 (compatible; MJ12bot/v1.4.0; http://www.majestic12.co.uk/bot.php?+)"
123.125.71.25 - - [15/Nov/2011:22:24:13 +0100] "GET / HTTP/1.1" 200 1229 "-" "Mozilla/5.0 (compatible; Baiduspider/2.0; +http://www.baidu.com/search/spider.html)"
220.181.108.75 - - [15/Nov/2011:22:24:17 +0100] "GET / HTTP/1.1" 200 1229 "-" "Mozilla/5.0 (compatible; Baiduspider/2.0; +http://www.baidu.com/search/spider.html)"
77.75.77.11 - - [15/Nov/2011:23:07:26 +0100] "GET /robots.txt HTTP/1.1" 404 319 "-" "SeznamBot/3.0 (+http://fulltext.sblog.cz/)"
77.75.77.11 - - [15/Nov/2011:23:07:27 +0100] "GET / HTTP/1.1" 304 - "-" "SeznamBot/3.0 (+http://fulltext.sblog.cz/)"
123.125.71.34 - - [15/Nov/2011:23:31:37 +0100] "GET / HTTP/1.1" 200 1229 "-" "Mozilla/5.0 (compatible; Baiduspider/2.0; +http://www.baidu.com/search/spider.html)"
220.181.108.94 - - [15/Nov/2011:23:31:54 +0100] "GET / HTTP/1.1" 200 1229 "-" "Mozilla/5.0 (compatible; Baiduspider/2.0; +http://www.baidu.com/search/spider.html)"
