212.87.16.227 - - [29/Oct/2011:21:07:55 +0200] "GET /languages/flags/ptt_bbrr.gif HTTP/1.1" 400 329 "-" "-"
212.87.16.227 - - [29/Oct/2011:21:07:57 +0200] "GET /languages/flags/ptt_bbrr.gif HTTP/1.1" 400 329 "-" "-"
207.46.204.224 - - [29/Oct/2011:21:31:43 +0200] "GET /robots.txt HTTP/1.1" 404 320 "-" "Mozilla/5.0 (compatible; bingbot/2.0; +http://www.bing.com/bingbot.htm)"
207.46.204.224 - - [29/Oct/2011:21:32:33 +0200] "GET / HTTP/1.1" 304 - "-" "Mozilla/5.0 (compatible; bingbot/2.0; +http://www.bing.com/bingbot.htm)"
207.46.204.224 - - [29/Oct/2011:21:32:33 +0200] "GET / HTTP/1.1" 200 1229 "-" "Mozilla/5.0 (compatible; bingbot/2.0; +http://www.bing.com/bingbot.htm)"
66.249.72.13 - - [29/Oct/2011:21:35:49 +0200] "GET /img/f_1-p.gif HTTP/1.1" 404 323 "-" "Googlebot-Image/1.0"
173.203.102.98 - - [29/Oct/2011:21:52:04 +0200] "HEAD / HTTP/1.0" 200 - "-" "-"
173.203.102.98 - - [29/Oct/2011:21:52:04 +0200] "HEAD / HTTP/1.0" 200 - "-" "-"
173.203.102.98 - - [29/Oct/2011:21:52:04 +0200] "HEAD / HTTP/1.0" 200 - "-" "-"
173.203.102.98 - - [29/Oct/2011:21:52:04 +0200] "HEAD / HTTP/1.0" 200 - "-" "-"
173.203.102.98 - - [29/Oct/2011:21:52:04 +0200] "HEAD / HTTP/1.0" 200 - "-" "-"
173.203.102.98 - - [29/Oct/2011:21:52:04 +0200] "HEAD / HTTP/1.0" 200 - "-" "-"
173.203.102.98 - - [29/Oct/2011:21:52:04 +0200] "HEAD / HTTP/1.0" 200 - "-" "-"
173.203.102.98 - - [29/Oct/2011:21:52:04 +0200] "HEAD / HTTP/1.0" 200 - "-" "-"
173.203.102.98 - - [29/Oct/2011:21:52:04 +0200] "HEAD / HTTP/1.0" 200 - "-" "-"
173.203.102.98 - - [29/Oct/2011:21:52:04 +0200] "HEAD / HTTP/1.0" 200 - "-" "-"
173.203.102.98 - - [29/Oct/2011:21:52:04 +0200] "HEAD / HTTP/1.0" 200 - "-" "-"
173.203.102.98 - - [29/Oct/2011:21:52:04 +0200] "HEAD / HTTP/1.0" 200 - "-" "-"
173.203.102.98 - - [29/Oct/2011:21:52:04 +0200] "HEAD / HTTP/1.0" 200 - "-" "-"
173.203.102.98 - - [29/Oct/2011:21:52:04 +0200] "HEAD / HTTP/1.0" 200 - "-" "-"
173.203.102.98 - - [29/Oct/2011:21:52:04 +0200] "HEAD / HTTP/1.0" 200 - "-" "-"
173.203.102.98 - - [29/Oct/2011:21:52:04 +0200] "HEAD / HTTP/1.0" 200 - "-" "-"
173.203.102.98 - - [29/Oct/2011:21:52:04 +0200] "HEAD / HTTP/1.0" 200 - "-" "-"
173.203.102.98 - - [29/Oct/2011:21:52:04 +0200] "HEAD / HTTP/1.0" 200 - "-" "-"
66.249.72.13 - - [29/Oct/2011:22:16:51 +0200] "GET /img/lay01.gif HTTP/1.1" 404 323 "-" "Googlebot-Image/1.0"
66.77.14.167 - - [29/Oct/2011:22:20:11 +0200] "HEAD / HTTP/1.0" 200 - "-" "-"
66.77.14.167 - - [29/Oct/2011:22:20:11 +0200] "HEAD / HTTP/1.0" 200 - "-" "-"
66.77.14.167 - - [29/Oct/2011:22:20:11 +0200] "HEAD / HTTP/1.0" 200 - "-" "-"
66.77.14.167 - - [29/Oct/2011:22:20:11 +0200] "HEAD / HTTP/1.0" 200 - "-" "-"
66.77.14.167 - - [29/Oct/2011:22:20:11 +0200] "HEAD / HTTP/1.0" 200 - "-" "-"
66.77.14.167 - - [29/Oct/2011:22:20:11 +0200] "HEAD / HTTP/1.0" 200 - "-" "-"
66.77.14.167 - - [29/Oct/2011:22:20:11 +0200] "HEAD / HTTP/1.0" 200 - "-" "-"
66.77.14.167 - - [29/Oct/2011:22:20:11 +0200] "HEAD / HTTP/1.0" 200 - "-" "-"
66.77.14.167 - - [29/Oct/2011:22:20:11 +0200] "HEAD / HTTP/1.0" 200 - "-" "-"
66.77.14.167 - - [29/Oct/2011:22:20:11 +0200] "HEAD / HTTP/1.0" 200 - "-" "-"
66.77.14.167 - - [29/Oct/2011:22:20:11 +0200] "HEAD / HTTP/1.0" 200 - "-" "-"
66.77.14.167 - - [29/Oct/2011:22:20:11 +0200] "HEAD / HTTP/1.0" 200 - "-" "-"
66.77.14.167 - - [29/Oct/2011:22:20:11 +0200] "HEAD / HTTP/1.0" 200 - "-" "-"
66.77.14.167 - - [29/Oct/2011:22:20:12 +0200] "HEAD / HTTP/1.0" 200 - "-" "-"
66.77.14.167 - - [29/Oct/2011:22:20:12 +0200] "HEAD / HTTP/1.0" 200 - "-" "-"
66.77.14.167 - - [29/Oct/2011:22:20:12 +0200] "HEAD / HTTP/1.0" 200 - "-" "-"
66.77.14.167 - - [29/Oct/2011:22:20:12 +0200] "HEAD / HTTP/1.0" 200 - "-" "-"
66.77.14.167 - - [29/Oct/2011:22:20:12 +0200] "HEAD / HTTP/1.0" 200 - "-" "-"
223.4.85.83 - - [29/Oct/2011:22:32:24 +0200] "HEAD / HTTP/1.0" 200 - "-" "-"
223.4.85.83 - - [29/Oct/2011:22:32:24 +0200] "HEAD / HTTP/1.0" 200 - "-" "-"
223.4.85.83 - - [29/Oct/2011:22:32:24 +0200] "HEAD / HTTP/1.0" 200 - "-" "-"
223.4.85.83 - - [29/Oct/2011:22:32:24 +0200] "HEAD / HTTP/1.0" 200 - "-" "-"
223.4.85.83 - - [29/Oct/2011:22:32:24 +0200] "HEAD / HTTP/1.0" 200 - "-" "-"
223.4.85.83 - - [29/Oct/2011:22:32:24 +0200] "HEAD / HTTP/1.0" 200 - "-" "-"
223.4.85.83 - - [29/Oct/2011:22:32:24 +0200] "HEAD / HTTP/1.0" 200 - "-" "-"
223.4.85.83 - - [29/Oct/2011:22:32:24 +0200] "HEAD / HTTP/1.0" 200 - "-" "-"
223.4.85.83 - - [29/Oct/2011:22:32:24 +0200] "HEAD / HTTP/1.0" 200 - "-" "-"
223.4.85.83 - - [29/Oct/2011:22:32:24 +0200] "HEAD / HTTP/1.0" 200 - "-" "-"
223.4.85.83 - - [29/Oct/2011:22:32:25 +0200] "HEAD / HTTP/1.0" 200 - "-" "-"
223.4.85.83 - - [29/Oct/2011:22:32:25 +0200] "HEAD / HTTP/1.0" 200 - "-" "-"
223.4.85.83 - - [29/Oct/2011:22:32:25 +0200] "HEAD / HTTP/1.0" 200 - "-" "-"
223.4.85.83 - - [29/Oct/2011:22:32:25 +0200] "HEAD / HTTP/1.0" 200 - "-" "-"
223.4.85.83 - - [29/Oct/2011:22:32:25 +0200] "HEAD / HTTP/1.0" 200 - "-" "-"
223.4.85.83 - - [29/Oct/2011:22:32:25 +0200] "HEAD / HTTP/1.0" 200 - "-" "-"
223.4.85.83 - - [29/Oct/2011:22:32:25 +0200] "HEAD / HTTP/1.0" 200 - "-" "-"
223.4.85.83 - - [29/Oct/2011:22:32:25 +0200] "HEAD / HTTP/1.0" 200 - "-" "-"
216.240.136.95 - - [29/Oct/2011:22:45:00 +0200] "GET / HTTP/1.1" 200 1229 "-" "Mozilla/5.0 (Windows; U; Windows NT 6.0; en-US; rv:1.9.1.2) Gecko/20090729 Firefox/3.5.2 (.NET CLR 3.5.30729)"
66.249.72.13 - - [29/Oct/2011:22:57:59 +0200] "GET /img/lay07.gif HTTP/1.1" 404 323 "-" "Googlebot-Image/1.0"
66.249.72.13 - - [29/Oct/2011:23:39:17 +0200] "GET /img/lay09.gif HTTP/1.1" 404 323 "-" "Googlebot-Image/1.0"
83.133.125.202 - - [30/Oct/2011:00:02:28 +0200] "GET / HTTP/1.1" 200 1229 "http://www.bigfinder.de/" "Mozilla/5.0 (Macintosh; U; Intel Mac OS X 10.6; de-DE; rv:1.9.2.8) Gecko/20100722 Firefox/3.6.8"
66.249.72.13 - - [30/Oct/2011:00:20:28 +0200] "GET /img/lay13.gif HTTP/1.1" 404 323 "-" "Googlebot-Image/1.0"
207.46.204.191 - - [30/Oct/2011:00:36:15 +0200] "GET /robots.txt HTTP/1.1" 404 319 "-" "Mozilla/5.0 (compatible; bingbot/2.0; +http://www.bing.com/bingbot.htm)"
216.240.136.95 - - [30/Oct/2011:00:36:17 +0200] "GET / HTTP/1.1" 200 1229 "-" "Mozilla/5.0 (Windows; U; Windows NT 6.0; en-US; rv:1.9.1.2) Gecko/20090729 Firefox/3.5.2 (.NET CLR 3.5.30729)"
207.46.204.191 - - [30/Oct/2011:00:36:59 +0200] "GET /seiten/ndl_BLnuernberg1.html HTTP/1.1" 404 337 "-" "Mozilla/5.0 (compatible; bingbot/2.0; +http://www.bing.com/bingbot.htm)"
66.249.72.13 - - [30/Oct/2011:01:01:37 +0200] "GET /img/ral_logo.gif HTTP/1.1" 404 326 "-" "Googlebot-Image/1.0"
66.249.72.13 - - [30/Oct/2011:01:42:48 +0200] "GET /img/ec_card.gif HTTP/1.1" 404 325 "-" "Googlebot-Image/1.0"
50.19.20.199 - - [30/Oct/2011:01:52:22 +0200] "HEAD / HTTP/1.0" 200 - "-" "-"
50.19.20.199 - - [30/Oct/2011:01:52:22 +0200] "HEAD / HTTP/1.0" 200 - "-" "-"
50.19.20.199 - - [30/Oct/2011:01:52:23 +0200] "HEAD / HTTP/1.0" 200 - "-" "-"
50.19.20.199 - - [30/Oct/2011:01:52:23 +0200] "HEAD / HTTP/1.0" 200 - "-" "-"
50.19.20.199 - - [30/Oct/2011:01:52:23 +0200] "HEAD / HTTP/1.0" 200 - "-" "-"
50.19.20.199 - - [30/Oct/2011:01:52:23 +0200] "HEAD / HTTP/1.0" 200 - "-" "-"
50.19.20.199 - - [30/Oct/2011:01:52:23 +0200] "HEAD / HTTP/1.0" 200 - "-" "-"
50.19.20.199 - - [30/Oct/2011:01:52:23 +0200] "HEAD / HTTP/1.0" 200 - "-" "-"
50.19.20.199 - - [30/Oct/2011:01:52:23 +0200] "HEAD / HTTP/1.0" 200 - "-" "-"
50.19.20.199 - - [30/Oct/2011:01:52:23 +0200] "HEAD / HTTP/1.0" 200 - "-" "-"
50.19.20.199 - - [30/Oct/2011:01:52:23 +0200] "HEAD / HTTP/1.0" 200 - "-" "-"
50.19.20.199 - - [30/Oct/2011:01:52:23 +0200] "HEAD / HTTP/1.0" 200 - "-" "-"
50.19.20.199 - - [30/Oct/2011:01:52:23 +0200] "HEAD / HTTP/1.0" 200 - "-" "-"
50.19.20.199 - - [30/Oct/2011:01:52:23 +0200] "HEAD / HTTP/1.0" 200 - "-" "-"
50.19.20.199 - - [30/Oct/2011:01:52:23 +0200] "HEAD / HTTP/1.0" 200 - "-" "-"
50.19.20.199 - - [30/Oct/2011:01:52:23 +0200] "HEAD / HTTP/1.0" 200 - "-" "-"
50.19.20.199 - - [30/Oct/2011:01:52:23 +0200] "HEAD / HTTP/1.0" 200 - "-" "-"
50.19.20.199 - - [30/Oct/2011:01:52:23 +0200] "HEAD / HTTP/1.0" 200 - "-" "-"
123.125.71.29 - - [30/Oct/2011:01:52:56 +0200] "GET / HTTP/1.1" 304 - "-" "Mozilla/5.0 (compatible; Baiduspider/2.0; +http://www.baidu.com/search/spider.html)"
173.242.125.191 - - [30/Oct/2011:01:54:04 +0200] "GET /robots.txt HTTP/1.0" 404 320 "-" "Mozilla/5.0 (compatible; MJ12bot/v1.4.0; http://www.majestic12.co.uk/bot.php?+)"
173.242.125.191 - - [30/Oct/2011:01:54:06 +0200] "GET / HTTP/1.0" 200 1229 "-" "Mozilla/5.0 (compatible; MJ12bot/v1.4.0; http://www.majestic12.co.uk/bot.php?+)"
88.72.57.22 - - [30/Oct/2011:01:56:21 +0200] "GET /robots.txt HTTP/1.0" 404 322 "-" "Mozilla/5.0 (compatible; MJ12bot/v1.4.0; http://www.majestic12.co.uk/bot.php?+)"
88.72.57.22 - - [30/Oct/2011:01:56:22 +0200] "GET / HTTP/1.1" 200 1229 "-" "Mozilla/5.0 (compatible; MJ12bot/v1.4.0; http://www.majestic12.co.uk/bot.php?+)"
93.198.44.40 - - [30/Oct/2011:01:58:47 +0200] "GET /seiten/produkte_hzoel.php HTTP/1.1" 404 335 "-" "findlinks/2.0.2 (+http://wortschatz.uni-leipzig.de/findlinks/)"
66.249.72.13 - - [30/Oct/2011:02:23:59 +0200] "GET /img/rodo.gif HTTP/1.1" 404 322 "-" "Googlebot-Image/1.0"
88.72.57.22 - - [30/Oct/2011:02:44:34 +0200] "GET /robots.txt HTTP/1.0" 404 320 "-" "Mozilla/5.0 (compatible; MJ12bot/v1.4.0; http://www.majestic12.co.uk/bot.php?+)"
88.72.57.22 - - [30/Oct/2011:02:44:36 +0200] "GET / HTTP/1.1" 200 1229 "-" "Mozilla/5.0 (compatible; MJ12bot/v1.4.0; http://www.majestic12.co.uk/bot.php?+)"
66.249.72.13 - - [30/Oct/2011:02:05:10 +0100] "GET /img/optiplus_logo.gif HTTP/1.1" 404 331 "-" "Googlebot-Image/1.0"
66.249.72.13 - - [30/Oct/2011:02:46:21 +0100] "GET /img/mink_logo.gif HTTP/1.1" 404 327 "-" "Googlebot-Image/1.0"
65.52.110.151 - - [30/Oct/2011:02:57:17 +0100] "GET /robots.txt HTTP/1.1" 404 319 "-" "Mozilla/5.0 (compatible; bingbot/2.0; +http://www.bing.com/bingbot.htm)"
65.52.110.151 - - [30/Oct/2011:02:58:03 +0100] "GET / HTTP/1.1" 304 - "-" "Mozilla/5.0 (compatible; bingbot/2.0; +http://www.bing.com/bingbot.htm)"
173.242.125.191 - - [30/Oct/2011:03:23:56 +0100] "GET /robots.txt HTTP/1.0" 404 320 "-" "Mozilla/5.0 (compatible; MJ12bot/v1.4.0; http://www.majestic12.co.uk/bot.php?+)"
173.242.125.191 - - [30/Oct/2011:03:23:57 +0100] "GET / HTTP/1.0" 200 1229 "-" "Mozilla/5.0 (compatible; MJ12bot/v1.4.0; http://www.majestic12.co.uk/bot.php?+)"
66.249.72.13 - - [30/Oct/2011:03:27:39 +0100] "GET /img/head_lkw2a.jpg HTTP/1.1" 404 328 "-" "Googlebot-Image/1.0"
173.242.125.191 - - [30/Oct/2011:03:41:38 +0100] "GET /robots.txt HTTP/1.0" 404 320 "-" "Mozilla/5.0 (compatible; MJ12bot/v1.4.0; http://www.majestic12.co.uk/bot.php?+)"
173.242.125.191 - - [30/Oct/2011:03:41:39 +0100] "GET / HTTP/1.0" 200 1229 "-" "Mozilla/5.0 (compatible; MJ12bot/v1.4.0; http://www.majestic12.co.uk/bot.php?+)"
77.75.77.11 - - [30/Oct/2011:03:58:22 +0100] "GET /robots.txt HTTP/1.1" 404 320 "-" "SeznamBot/3.0 (+http://fulltext.sblog.cz/)"
77.75.77.11 - - [30/Oct/2011:03:58:22 +0100] "GET / HTTP/1.1" 200 1229 "-" "SeznamBot/3.0 (+http://fulltext.sblog.cz/)"
66.249.72.13 - - [30/Oct/2011:04:08:50 +0100] "GET /img/not1.jpg HTTP/1.1" 404 322 "-" "Googlebot-Image/1.0"
123.125.71.16 - - [30/Oct/2011:04:23:14 +0100] "GET / HTTP/1.1" 200 1229 "-" "Mozilla/5.0 (compatible; Baiduspider/2.0; +http://www.baidu.com/search/spider.html)"
220.181.108.96 - - [30/Oct/2011:04:23:16 +0100] "GET / HTTP/1.1" 200 1229 "-" "Mozilla/5.0 (compatible; Baiduspider/2.0; +http://www.baidu.com/search/spider.html)"
66.249.72.13 - - [30/Oct/2011:04:49:55 +0100] "GET /img/head_lkwa.jpg HTTP/1.1" 404 327 "-" "Googlebot-Image/1.0"
66.249.72.13 - - [30/Oct/2011:05:18:42 +0100] "GET / HTTP/1.1" 200 1229 "-" "Mozilla/5.0 (compatible; Googlebot/2.1; +http://www.google.com/bot.html)"
123.125.71.13 - - [30/Oct/2011:05:30:47 +0100] "GET / HTTP/1.1" 200 1229 "-" "Mozilla/5.0 (compatible; Baiduspider/2.0; +http://www.baidu.com/search/spider.html)"
220.181.108.78 - - [30/Oct/2011:05:31:06 +0100] "GET / HTTP/1.1" 200 1229 "-" "Mozilla/5.0 (compatible; Baiduspider/2.0; +http://www.baidu.com/search/spider.html)"
66.249.72.13 - - [30/Oct/2011:05:31:08 +0100] "GET /img/lay08.gif HTTP/1.1" 404 323 "-" "Googlebot-Image/1.0"
139.18.2.17 - - [30/Oct/2011:05:46:34 +0100] "GET /seiten/opt_guete_druck.htm HTTP/1.1" 404 336 "-" "findlinks/2.1.5 (+http://wortschatz.uni-leipzig.de/findlinks/)"
173.236.21.106 - - [30/Oct/2011:06:08:26 +0100] "GET /robots.txt HTTP/1.0" 404 320 "-" "Mozilla/5.0 (compatible; MJ12bot/v1.4.0; http://www.majestic12.co.uk/bot.php?+)"
173.236.21.106 - - [30/Oct/2011:06:08:28 +0100] "GET / HTTP/1.0" 200 1229 "-" "Mozilla/5.0 (compatible; MJ12bot/v1.4.0; http://www.majestic12.co.uk/bot.php?+)"
220.181.51.86 - - [30/Oct/2011:06:16:30 +0100] "GET / HTTP/1.1" 200 1229 "-" "Mozilla/5.0 (compatible; Baiduspider/2.0; +http://www.baidu.com/search/spider.html)"
94.23.42.135 - - [30/Oct/2011:06:21:10 +0100] "GET /robots.txt HTTP/1.0" 404 320 "-" "Mozilla/5.0 (compatible; MJ12bot/v1.4.0; http://www.majestic12.co.uk/bot.php?+)"
94.23.42.135 - - [30/Oct/2011:06:21:13 +0100] "GET / HTTP/1.0" 200 1229 "-" "Mozilla/5.0 (compatible; MJ12bot/v1.4.0; http://www.majestic12.co.uk/bot.php?+)"
220.181.108.87 - - [30/Oct/2011:06:29:47 +0100] "GET / HTTP/1.1" 200 1229 "-" "Mozilla/5.0 (compatible; Baiduspider/2.0; +http://www.baidu.com/search/spider.html)"
123.125.71.19 - - [30/Oct/2011:06:30:12 +0100] "GET / HTTP/1.1" 200 1229 "-" "Mozilla/5.0 (compatible; Baiduspider/2.0; +http://www.baidu.com/search/spider.html)"
82.128.206.87 - - [30/Oct/2011:07:19:39 +0100] "GET /robots.txt HTTP/1.0" 404 320 "-" "Mozilla/5.0 (compatible; MJ12bot/v1.4.0; http://www.majestic12.co.uk/bot.php?+)"
82.128.206.87 - - [30/Oct/2011:07:19:43 +0100] "GET / HTTP/1.1" 200 1229 "-" "Mozilla/5.0 (compatible; MJ12bot/v1.4.0; http://www.majestic12.co.uk/bot.php?+)"
62.231.141.195 - - [30/Oct/2011:07:23:21 +0100] "GET /robots.txt HTTP/1.0" 404 320 "-" "Mozilla/5.0 (compatible; MJ12bot/v1.4.0; http://www.majestic12.co.uk/bot.php?+)"
62.231.141.195 - - [30/Oct/2011:07:23:23 +0100] "GET / HTTP/1.0" 200 1229 "-" "Mozilla/5.0 (compatible; MJ12bot/v1.4.0; http://www.majestic12.co.uk/bot.php?+)"
89.182.89.73 - - [30/Oct/2011:07:51:32 +0100] "GET /seiten/optiplus_detail.php?det=geru HTTP/1.1" 404 336 "-" "findlinks/2.0.2 (+http://wortschatz.uni-leipzig.de/findlinks/)"
77.21.146.166 - - [30/Oct/2011:08:57:47 +0100] "GET /Heizoel-Berlin.html HTTP/1.1" 404 329 "-" "findlinks/2.0.2 (+http://wortschatz.uni-leipzig.de/findlinks/)"
123.125.71.27 - - [30/Oct/2011:09:21:55 +0100] "GET / HTTP/1.1" 200 1229 "-" "Mozilla/5.0 (compatible; Baiduspider/2.0; +http://www.baidu.com/search/spider.html)"
220.181.108.82 - - [30/Oct/2011:09:22:01 +0100] "GET / HTTP/1.1" 200 1229 "-" "Mozilla/5.0 (compatible; Baiduspider/2.0; +http://www.baidu.com/search/spider.html)"
180.76.5.89 - - [30/Oct/2011:09:56:36 +0100] "GET /robots.txt HTTP/1.1" 404 319 "-" "Baiduspider+(+http://www.baidu.com/search/spider.htm)"
85.13.139.231 - - [30/Oct/2011:11:00:16 +0100] "HEAD / HTTP/1.1" 200 - "-" "-"
77.20.40.89 - - [30/Oct/2011:11:54:35 +0100] "GET /seiten/optiplus_detail.php?det=lager HTTP/1.1" 404 336 "-" "findlinks/2.0.2 (+http://wortschatz.uni-leipzig.de/findlinks/)"
93.206.41.1 - - [30/Oct/2011:12:22:54 +0100] "GET /robots.txt HTTP/1.0" 404 319 "-" "Mozilla/5.0 (compatible; MJ12bot/v1.4.0; http://www.majestic12.co.uk/bot.php?+)"
93.206.41.1 - - [30/Oct/2011:12:22:58 +0100] "GET / HTTP/1.1" 200 1229 "-" "Mozilla/5.0 (compatible; MJ12bot/v1.4.0; http://www.majestic12.co.uk/bot.php?+)"
220.181.108.77 - - [30/Oct/2011:12:36:38 +0100] "GET / HTTP/1.1" 200 1229 "-" "Mozilla/5.0 (compatible; Baiduspider/2.0; +http://www.baidu.com/search/spider.html)"
83.133.125.202 - - [30/Oct/2011:12:37:31 +0100] "GET / HTTP/1.1" 200 1229 "http://www.bigfinder.de/" "Mozilla/4.0 (compatible; MSIE 8.0; Windows NT 5.1; Trident/4.0; FBSMTWB; ATC/1.0; .NET CLR 1.1.4322; ATC/1.0; .NET CLR 2.0.50727; .NET CLR 3.0.4506.2152; .NET CLR 3.5.30729)"
92.240.68.152 - - [30/Oct/2011:12:38:22 +0100] "GET http://media.armadilloaerospace.com/2006_10_07/PixelHover.jpg HTTP/1.1" 404 345 "http://www.altavista.com/image/randomlink" "webcollage/1.135a"
123.125.71.16 - - [30/Oct/2011:12:41:09 +0100] "GET / HTTP/1.1" 200 1229 "-" "Mozilla/5.0 (compatible; Baiduspider/2.0; +http://www.baidu.com/search/spider.html)"
83.133.125.202 - - [30/Oct/2011:12:41:24 +0100] "GET / HTTP/1.1" 200 1229 "http://www.bigfinder.de/" "Mozilla/4.0 (compatible; MSIE 7.0; Windows NT 6.0; GTB6; SLCC1; .NET CLR 2.0.50727; Media Center PC 5.0; eSobiSubscriber 2.0.4.16; .NET CLR 3.5.30729; .NET CLR 3.0.30729; .NET4.0C)"
83.133.125.202 - - [30/Oct/2011:12:41:36 +0100] "GET / HTTP/1.1" 200 1229 "http://www.bigfinder.de/" "Mozilla/5.0 (Windows; U; Windows NT 6.1; de; rv:1.9.2.8) Gecko/20100722 Firefox/3.6.8 GTB7.1"
77.20.40.89 - - [30/Oct/2011:13:46:30 +0100] "GET /Heizoel.htm HTTP/1.1" 404 321 "-" "findlinks/2.0.2 (+http://wortschatz.uni-leipzig.de/findlinks/)"
94.169.122.155 - - [30/Oct/2011:13:46:43 +0100] "OPTIONS * HTTP/1.0" 200 - "-" "-"
94.169.122.155 - - [30/Oct/2011:13:46:43 +0100] "OPTIONS * HTTP/1.0" 200 - "-" "-"
94.169.122.155 - - [30/Oct/2011:13:46:43 +0100] "OPTIONS * HTTP/1.0" 200 - "-" "-"
94.169.122.155 - - [30/Oct/2011:13:46:43 +0100] "OPTIONS * HTTP/1.0" 200 - "-" "-"
94.169.122.155 - - [30/Oct/2011:13:46:43 +0100] "OPTIONS * HTTP/1.0" 200 - "-" "-"
94.169.122.155 - - [30/Oct/2011:13:46:43 +0100] "OPTIONS * HTTP/1.0" 200 - "-" "-"
94.169.122.155 - - [30/Oct/2011:13:46:43 +0100] "OPTIONS * HTTP/1.0" 200 - "-" "-"
94.169.122.155 - - [30/Oct/2011:13:46:43 +0100] "OPTIONS * HTTP/1.0" 200 - "-" "-"
94.169.122.155 - - [30/Oct/2011:13:46:43 +0100] "OPTIONS * HTTP/1.0" 200 - "-" "-"
94.169.122.155 - - [30/Oct/2011:13:46:43 +0100] "OPTIONS * HTTP/1.0" 200 - "-" "-"
94.169.122.155 - - [30/Oct/2011:13:46:43 +0100] "OPTIONS * HTTP/1.0" 200 - "-" "-"
94.169.122.155 - - [30/Oct/2011:13:46:43 +0100] "OPTIONS * HTTP/1.0" 200 - "-" "-"
94.169.122.155 - - [30/Oct/2011:13:46:43 +0100] "OPTIONS * HTTP/1.0" 200 - "-" "-"
94.169.122.155 - - [30/Oct/2011:13:46:44 +0100] "OPTIONS * HTTP/1.0" 200 - "-" "-"
94.169.122.155 - - [30/Oct/2011:13:46:44 +0100] "OPTIONS * HTTP/1.0" 200 - "-" "-"
94.169.122.155 - - [30/Oct/2011:13:46:44 +0100] "OPTIONS * HTTP/1.0" 200 - "-" "-"
94.169.122.155 - - [30/Oct/2011:13:46:44 +0100] "OPTIONS * HTTP/1.0" 200 - "-" "-"
94.169.122.155 - - [30/Oct/2011:13:46:45 +0100] "OPTIONS * HTTP/1.0" 200 - "-" "-"
78.46.116.12 - - [30/Oct/2011:14:34:03 +0100] "GET / HTTP/1.0" 200 1229 "-" "Links SQL (http://gossamer-threads.com/scripts/links-sql/)"
207.46.204.177 - - [30/Oct/2011:15:36:09 +0100] "GET /robots.txt HTTP/1.1" 404 320 "-" "Mozilla/5.0 (compatible; bingbot/2.0; +http://www.bing.com/bingbot.htm)"
207.46.204.177 - - [30/Oct/2011:15:36:59 +0100] "GET /Schmierstoffe.htm HTTP/1.1" 404 327 "-" "Mozilla/5.0 (compatible; bingbot/2.0; +http://www.bing.com/bingbot.htm)"
64.246.165.180 - - [30/Oct/2011:16:13:10 +0100] "GET /robots.txt HTTP/1.0" 404 320 "-" "Mozilla/5.0 (Windows; U; Windows NT 5.1; en; rv:1.9.0.13) Gecko/2009073022 Firefox/3.5.2 (.NET CLR 3.5.30729) SurveyBot/2.3 (DomainTools)"
64.246.165.180 - - [30/Oct/2011:16:13:11 +0100] "GET / HTTP/1.1" 200 1229 "http://whois.domaintools.com/mink-berlin.de" "Mozilla/5.0 (Windows; U; Windows NT 5.1; en; rv:1.9.0.13) Gecko/2009073022 Firefox/3.5.2 (.NET CLR 3.5.30729) SurveyBot/2.3 (DomainTools)"
173.236.21.106 - - [30/Oct/2011:16:22:51 +0100] "GET /robots.txt HTTP/1.0" 404 320 "-" "Mozilla/5.0 (compatible; MJ12bot/v1.4.0; http://www.majestic12.co.uk/bot.php?+)"
173.236.21.106 - - [30/Oct/2011:16:22:53 +0100] "GET / HTTP/1.0" 200 1229 "-" "Mozilla/5.0 (compatible; MJ12bot/v1.4.0; http://www.majestic12.co.uk/bot.php?+)"
83.149.126.98 - - [30/Oct/2011:16:45:44 +0100] "GET /robots.txt HTTP/1.0" 404 320 "-" "Mozilla/5.0 (compatible; MJ12bot/v1.4.0; http://www.majestic12.co.uk/bot.php?+)"
83.149.126.98 - - [30/Oct/2011:16:45:46 +0100] "GET / HTTP/1.0" 200 1229 "-" "Mozilla/5.0 (compatible; MJ12bot/v1.4.0; http://www.majestic12.co.uk/bot.php?+)"
82.165.37.69 - - [30/Oct/2011:16:50:14 +0100] "GET / HTTP/1.0" 200 1229 "http://valerie-bistro.de/robot.html?=mink-berlin.de" "Mozilla/5.0 (compatible; IPTCBOT;"
220.181.108.147 - - [30/Oct/2011:17:10:04 +0100] "GET /robots.txt HTTP/1.1" 404 320 "-" "Baiduspider+(+http://www.baidu.com/search/spider.htm)"
220.181.108.139 - - [30/Oct/2011:17:15:42 +0100] "GET /robots.txt HTTP/1.1" 404 319 "-" "Baiduspider+(+http://www.baidu.com/search/spider.htm)"
108.59.8.70 - - [30/Oct/2011:17:32:06 +0100] "GET /robots.txt HTTP/1.0" 404 320 "-" "Mozilla/5.0 (compatible; MJ12bot/v1.4.0; http://www.majestic12.co.uk/bot.php?+)"
108.59.8.70 - - [30/Oct/2011:17:32:08 +0100] "GET / HTTP/1.0" 200 1229 "-" "Mozilla/5.0 (compatible; MJ12bot/v1.4.0; http://www.majestic12.co.uk/bot.php?+)"
87.106.61.84 - - [30/Oct/2011:17:50:39 +0100] "GET /robots.txt HTTP/1.0" 404 320 "-" "Mozilla/5.0 (compatible; MJ12bot/v1.4.0; http://www.majestic12.co.uk/bot.php?+)"
87.106.61.84 - - [30/Oct/2011:17:50:47 +0100] "GET / HTTP/1.0" 200 1229 "-" "Mozilla/5.0 (compatible; MJ12bot/v1.4.0; http://www.majestic12.co.uk/bot.php?+)"
188.165.247.215 - - [30/Oct/2011:17:51:50 +0100] "HEAD / HTTP/1.0" 200 - "-" "-"
67.216.74.228 - - [30/Oct/2011:18:06:05 +0100] "HEAD / HTTP/1.0" 200 - "-" "-"
67.216.74.228 - - [30/Oct/2011:18:06:05 +0100] "HEAD / HTTP/1.0" 200 - "-" "-"
50.17.74.209 - - [30/Oct/2011:18:18:06 +0100] "GET / HTTP/1.0" 200 1229 "http://www.if-20.com" "Mozilla/4.0 (compatible; MSIE 7.0; Windows NT 6.0; Trident/4.0)"
83.149.126.98 - - [30/Oct/2011:18:19:44 +0100] "GET /robots.txt HTTP/1.0" 404 320 "-" "Mozilla/5.0 (compatible; MJ12bot/v1.4.0; http://www.majestic12.co.uk/bot.php?+)"
83.149.126.98 - - [30/Oct/2011:18:19:46 +0100] "GET / HTTP/1.0" 200 1229 "-" "Mozilla/5.0 (compatible; MJ12bot/v1.4.0; http://www.majestic12.co.uk/bot.php?+)"
31.44.184.50 - - [30/Oct/2011:19:08:04 +0100] "GET http://allrequestsallowed.com/?PHPSESSID=5gh6ncjh00043SSQH_W_EFB%5C%5CD HTTP/1.1" 200 1229 "-" "Mozilla/5.0 (Windows; U; Windows NT 5.0; en-US; rv:1.8.1.12) Gecko/20080201 Firefox/2.0.0.12"
82.128.206.87 - - [30/Oct/2011:20:49:47 +0100] "GET /robots.txt HTTP/1.0" 404 320 "-" "Mozilla/5.0 (compatible; MJ12bot/v1.4.0; http://www.majestic12.co.uk/bot.php?+)"
82.128.206.87 - - [30/Oct/2011:20:49:52 +0100] "GET / HTTP/1.1" 200 1229 "-" "Mozilla/5.0 (compatible; MJ12bot/v1.4.0; http://www.majestic12.co.uk/bot.php?+)"
207.46.204.234 - - [30/Oct/2011:21:00:11 +0100] "GET /robots.txt HTTP/1.1" 404 319 "-" "Mozilla/5.0 (compatible; bingbot/2.0; +http://www.bing.com/bingbot.htm)"
207.46.204.234 - - [30/Oct/2011:21:00:55 +0100] "GET /seiten/ndl_berlin03.html HTTP/1.1" 404 333 "-" "Mozilla/5.0 (compatible; bingbot/2.0; +http://www.bing.com/bingbot.htm)"
65.52.110.151 - - [30/Oct/2011:21:40:40 +0100] "GET /robots.txt HTTP/1.1" 404 319 "-" "Mozilla/5.0 (compatible; bingbot/2.0; +http://www.bing.com/bingbot.htm)"
65.52.110.151 - - [30/Oct/2011:21:41:31 +0100] "GET / HTTP/1.1" 304 - "-" "Mozilla/5.0 (compatible; bingbot/2.0; +http://www.bing.com/bingbot.htm)"
123.125.71.32 - - [30/Oct/2011:23:18:42 +0100] "GET / HTTP/1.1" 304 - "-" "Mozilla/5.0 (compatible; Baiduspider/2.0; +http://www.baidu.com/search/spider.html)"
91.66.94.79 - - [31/Oct/2011:00:06:23 +0100] "GET /robots.txt HTTP/1.0" 404 320 "-" "Mozilla/5.0 (compatible; MJ12bot/v1.4.0; http://www.majestic12.co.uk/bot.php?+)"
91.66.94.79 - - [31/Oct/2011:00:06:34 +0100] "GET / HTTP/1.1" 200 1229 "-" "Mozilla/5.0 (compatible; MJ12bot/v1.4.0; http://www.majestic12.co.uk/bot.php?+)"
193.252.118.173 - - [31/Oct/2011:00:23:34 +0100] "GET / HTTP/1.1" 200 1229 "-" "Mozilla/5.0 (Windows; U; Windows NT 5.1; fr; rv:1.8.1) VoilaBot BETA 1.2 (support.voilabot@orange-ftgroup.com)"
69.94.169.18 - - [31/Oct/2011:00:40:05 +0100] "HEAD / HTTP/1.0" 200 - "-" "-"
69.94.169.18 - - [31/Oct/2011:00:40:06 +0100] "HEAD / HTTP/1.0" 200 - "-" "-"
69.94.169.18 - - [31/Oct/2011:00:40:06 +0100] "HEAD / HTTP/1.0" 200 - "-" "-"
69.94.169.18 - - [31/Oct/2011:00:40:06 +0100] "HEAD / HTTP/1.0" 200 - "-" "-"
69.94.169.18 - - [31/Oct/2011:00:40:06 +0100] "HEAD / HTTP/1.0" 200 - "-" "-"
69.94.169.18 - - [31/Oct/2011:00:40:06 +0100] "HEAD / HTTP/1.0" 200 - "-" "-"
69.94.169.18 - - [31/Oct/2011:00:40:06 +0100] "HEAD / HTTP/1.0" 200 - "-" "-"
69.94.169.18 - - [31/Oct/2011:00:40:06 +0100] "HEAD / HTTP/1.0" 200 - "-" "-"
69.94.169.18 - - [31/Oct/2011:00:40:06 +0100] "HEAD / HTTP/1.0" 200 - "-" "-"
69.94.169.18 - - [31/Oct/2011:00:40:06 +0100] "HEAD / HTTP/1.0" 200 - "-" "-"
69.94.169.18 - - [31/Oct/2011:00:40:06 +0100] "HEAD / HTTP/1.0" 200 - "-" "-"
69.94.169.18 - - [31/Oct/2011:00:40:06 +0100] "HEAD / HTTP/1.0" 200 - "-" "-"
69.94.169.18 - - [31/Oct/2011:00:40:06 +0100] "HEAD / HTTP/1.0" 200 - "-" "-"
69.94.169.18 - - [31/Oct/2011:00:40:06 +0100] "HEAD / HTTP/1.0" 200 - "-" "-"
69.94.169.18 - - [31/Oct/2011:00:40:06 +0100] "HEAD / HTTP/1.0" 200 - "-" "-"
69.94.169.18 - - [31/Oct/2011:00:40:06 +0100] "HEAD / HTTP/1.0" 200 - "-" "-"
69.94.169.18 - - [31/Oct/2011:00:40:06 +0100] "HEAD / HTTP/1.0" 200 - "-" "-"
69.94.169.18 - - [31/Oct/2011:00:40:06 +0100] "HEAD / HTTP/1.0" 200 - "-" "-"
207.46.204.191 - - [31/Oct/2011:01:20:07 +0100] "GET /robots.txt HTTP/1.1" 404 319 "-" "Mozilla/5.0 (compatible; bingbot/2.0; +http://www.bing.com/bingbot.htm)"
207.46.204.191 - - [31/Oct/2011:01:21:00 +0100] "GET /seiten/ndl_budapest.html HTTP/1.1" 404 333 "-" "Mozilla/5.0 (compatible; bingbot/2.0; +http://www.bing.com/bingbot.htm)"
176.31.247.216 - - [31/Oct/2011:01:27:55 +0100] "GET /robots.txt HTTP/1.0" 404 320 "-" "Mozilla/5.0 (compatible; MJ12bot/v1.4.0; http://www.majestic12.co.uk/bot.php?+)"
176.31.247.216 - - [31/Oct/2011:01:27:57 +0100] "GET / HTTP/1.0" 200 1229 "-" "Mozilla/5.0 (compatible; MJ12bot/v1.4.0; http://www.majestic12.co.uk/bot.php?+)"
91.64.156.191 - - [31/Oct/2011:02:08:15 +0100] "GET /robots.txt HTTP/1.0" 404 320 "-" "Mozilla/5.0 (compatible; MJ12bot/v1.4.0; http://www.majestic12.co.uk/bot.php?+)"
91.64.156.191 - - [31/Oct/2011:02:08:20 +0100] "GET / HTTP/1.0" 200 1229 "-" "Mozilla/5.0 (compatible; MJ12bot/v1.4.0; http://www.majestic12.co.uk/bot.php?+)"
77.20.40.173 - - [31/Oct/2011:02:12:52 +0100] "GET /robots.txt HTTP/1.1" 404 320 "-" "findlinks/2.0.2 (+http://wortschatz.uni-leipzig.de/findlinks/)"
108.59.8.70 - - [31/Oct/2011:02:26:26 +0100] "GET /robots.txt HTTP/1.0" 404 320 "-" "Mozilla/5.0 (compatible; MJ12bot/v1.4.0; http://www.majestic12.co.uk/bot.php?+)"
108.59.8.70 - - [31/Oct/2011:02:26:28 +0100] "GET / HTTP/1.0" 200 1229 "-" "Mozilla/5.0 (compatible; MJ12bot/v1.4.0; http://www.majestic12.co.uk/bot.php?+)"
220.181.108.97 - - [31/Oct/2011:02:32:14 +0100] "GET / HTTP/1.1" 200 1229 "-" "Mozilla/5.0 (compatible; Baiduspider/2.0; +http://www.baidu.com/search/spider.html)"
77.249.25.51 - - [31/Oct/2011:02:37:18 +0100] "GET / HTTP/1.1" 200 1229 "-" "Java/1.6.0_29"
123.125.71.27 - - [31/Oct/2011:02:37:50 +0100] "GET / HTTP/1.1" 200 1229 "-" "Mozilla/5.0 (compatible; Baiduspider/2.0; +http://www.baidu.com/search/spider.html)"
123.125.71.21 - - [31/Oct/2011:02:53:05 +0100] "GET / HTTP/1.1" 200 1229 "-" "Mozilla/5.0 (compatible; Baiduspider/2.0; +http://www.baidu.com/search/spider.html)"
204.92.23.99 - - [31/Oct/2011:02:54:17 +0100] "GET /robots.txt HTTP/1.0" 404 320 "-" "Mozilla/5.0 (compatible; MJ12bot/v1.4.0; http://www.majestic12.co.uk/bot.php?+)"
204.92.23.99 - - [31/Oct/2011:02:54:24 +0100] "GET / HTTP/1.0" 200 1229 "-" "Mozilla/5.0 (compatible; MJ12bot/v1.4.0; http://www.majestic12.co.uk/bot.php?+)"
71.176.66.151 - - [31/Oct/2011:03:22:13 +0100] "GET /robots.txt HTTP/1.0" 404 320 "-" "Mozilla/5.0 (compatible; MJ12bot/v1.4.0; http://www.majestic12.co.uk/bot.php?+)"
71.176.66.151 - - [31/Oct/2011:03:22:18 +0100] "GET / HTTP/1.0" 200 1229 "-" "Mozilla/5.0 (compatible; MJ12bot/v1.4.0; http://www.majestic12.co.uk/bot.php?+)"
157.55.16.87 - - [31/Oct/2011:03:57:30 +0100] "GET /robots.txt HTTP/1.1" 404 319 "-" "Mozilla/5.0 (compatible; bingbot/2.0; +http://www.bing.com/bingbot.htm)"
157.55.16.87 - - [31/Oct/2011:03:58:22 +0100] "GET /seiten/ingenieurbau03.html HTTP/1.1" 404 335 "-" "Mozilla/5.0 (compatible; bingbot/2.0; +http://www.bing.com/bingbot.htm)"
157.55.17.201 - - [31/Oct/2011:04:18:42 +0100] "GET /robots.txt HTTP/1.1" 404 320 "-" "Mozilla/5.0 (compatible; bingbot/2.0; +http://www.bing.com/bingbot.htm)"
77.20.40.173 - - [31/Oct/2011:05:50:23 +0100] "GET /seiten/optiplus_detail.php?det=pumpe HTTP/1.1" 404 336 "-" "findlinks/2.0.2 (+http://wortschatz.uni-leipzig.de/findlinks/)"
77.20.40.173 - - [31/Oct/2011:06:08:58 +0100] "GET /seiten/datenschutz.php HTTP/1.1" 404 332 "-" "findlinks/2.0.2 (+http://wortschatz.uni-leipzig.de/findlinks/)"
88.72.57.22 - - [31/Oct/2011:06:12:19 +0100] "GET /robots.txt HTTP/1.0" 404 320 "-" "Mozilla/5.0 (compatible; MJ12bot/v1.4.0; http://www.majestic12.co.uk/bot.php?+)"
88.72.57.22 - - [31/Oct/2011:06:12:24 +0100] "GET / HTTP/1.1" 200 1229 "-" "Mozilla/5.0 (compatible; MJ12bot/v1.4.0; http://www.majestic12.co.uk/bot.php?+)"
123.125.71.33 - - [31/Oct/2011:06:30:39 +0100] "GET / HTTP/1.1" 200 1229 "-" "Mozilla/5.0 (compatible; Baiduspider/2.0; +http://www.baidu.com/search/spider.html)"
220.181.108.85 - - [31/Oct/2011:06:31:04 +0100] "GET / HTTP/1.1" 200 1229 "-" "Mozilla/5.0 (compatible; Baiduspider/2.0; +http://www.baidu.com/search/spider.html)"
139.18.2.17 - - [31/Oct/2011:06:41:52 +0100] "GET /seiten/optiplus_detail.php?det=guete HTTP/1.1" 404 336 "-" "findlinks/2.1.3 (+http://wortschatz.uni-leipzig.de/findlinks/)"
88.159.78.86 - - [31/Oct/2011:06:53:03 +0100] "GET /robots.txt HTTP/1.0" 404 320 "-" "Mozilla/5.0 (compatible; MJ12bot/v1.4.0; http://www.majestic12.co.uk/bot.php?+)"
88.159.78.86 - - [31/Oct/2011:06:53:10 +0100] "GET / HTTP/1.1" 200 1229 "-" "Mozilla/5.0 (compatible; MJ12bot/v1.4.0; http://www.majestic12.co.uk/bot.php?+)"
187.17.113.219 - - [31/Oct/2011:07:24:22 +0100] "HEAD / HTTP/1.0" 200 - "-" "-"
187.17.113.219 - - [31/Oct/2011:07:24:22 +0100] "HEAD / HTTP/1.0" 200 - "-" "-"
187.17.113.219 - - [31/Oct/2011:07:24:22 +0100] "HEAD / HTTP/1.0" 200 - "-" "-"
187.17.113.219 - - [31/Oct/2011:07:24:22 +0100] "HEAD / HTTP/1.0" 200 - "-" "-"
187.17.113.219 - - [31/Oct/2011:07:24:22 +0100] "HEAD / HTTP/1.0" 200 - "-" "-"
187.17.113.219 - - [31/Oct/2011:07:24:22 +0100] "HEAD / HTTP/1.0" 200 - "-" "-"
187.17.113.219 - - [31/Oct/2011:07:24:22 +0100] "HEAD / HTTP/1.0" 200 - "-" "-"
187.17.113.219 - - [31/Oct/2011:07:24:22 +0100] "HEAD / HTTP/1.0" 200 - "-" "-"
187.17.113.219 - - [31/Oct/2011:07:24:22 +0100] "HEAD / HTTP/1.0" 200 - "-" "-"
187.17.113.219 - - [31/Oct/2011:07:24:22 +0100] "HEAD / HTTP/1.0" 200 - "-" "-"
187.17.113.219 - - [31/Oct/2011:07:24:22 +0100] "HEAD / HTTP/1.0" 200 - "-" "-"
187.17.113.219 - - [31/Oct/2011:07:24:22 +0100] "HEAD / HTTP/1.0" 200 - "-" "-"
187.17.113.219 - - [31/Oct/2011:07:24:22 +0100] "HEAD / HTTP/1.0" 200 - "-" "-"
187.17.113.219 - - [31/Oct/2011:07:24:22 +0100] "HEAD / HTTP/1.0" 200 - "-" "-"
187.17.113.219 - - [31/Oct/2011:07:24:22 +0100] "HEAD / HTTP/1.0" 200 - "-" "-"
187.17.113.219 - - [31/Oct/2011:07:24:22 +0100] "HEAD / HTTP/1.0" 200 - "-" "-"
187.17.113.219 - - [31/Oct/2011:07:24:22 +0100] "HEAD / HTTP/1.0" 200 - "-" "-"
187.17.113.219 - - [31/Oct/2011:07:24:22 +0100] "HEAD / HTTP/1.0" 200 - "-" "-"
188.165.248.204 - - [31/Oct/2011:07:40:09 +0100] "GET / HTTP/1.0" 200 1229 "-" "Mozilla/5.0 (compatible; MJ12bot/v1.4.0; http://www.majestic12.co.uk/bot.php?+)"
46.165.197.141 - - [31/Oct/2011:07:55:03 +0100] "GET /robots.txt HTTP/1.0" 404 320 "-" "Mozilla/5.0 (compatible; MJ12bot/v1.4.0; http://www.majestic12.co.uk/bot.php?+)"
46.165.197.141 - - [31/Oct/2011:07:55:05 +0100] "GET / HTTP/1.0" 200 1229 "-" "Mozilla/5.0 (compatible; MJ12bot/v1.4.0; http://www.majestic12.co.uk/bot.php?+)"
66.249.71.238 - - [31/Oct/2011:08:43:03 +0100] "GET /robots.txt HTTP/1.1" 404 322 "-" "Mozilla/5.0 (compatible; Googlebot/2.1; +http://www.google.com/bot.html)"
66.249.71.238 - - [31/Oct/2011:08:43:04 +0100] "GET / HTTP/1.1" 304 - "-" "Mozilla/5.0 (compatible; Googlebot/2.1; +http://www.google.com/bot.html)"
180.76.5.180 - - [31/Oct/2011:08:49:06 +0100] "GET /robots.txt HTTP/1.1" 404 319 "-" "Baiduspider+(+http://www.baidu.com/search/spider.htm)"
208.80.194.35 - - [31/Oct/2011:08:56:13 +0100] "GET / HTTP/1.0" 200 1229 "-" "Mozilla/4.0 (compatible; MSIE 6.0; Windows NT 5.1; SV1; SIMBAR Enabled; SIMBAR={EDAD10C2-BE74-4ce5-BFF8-1486984A6A63}; .NET CLR 1.1.4322)"
208.115.111.75 - - [31/Oct/2011:08:59:09 +0100] "GET /robots.txt HTTP/1.1" 404 320 "-" "Mozilla/5.0 (compatible; Ezooms/1.0; ezooms.bot@gmail.com)"
66.249.71.185 - - [31/Oct/2011:09:23:55 +0100] "GET /robots.txt HTTP/1.1" 404 320 "-" "Mozilla/5.0 (compatible; Googlebot/2.1; +http://www.google.com/bot.html)"
66.249.71.185 - - [31/Oct/2011:09:23:56 +0100] "GET / HTTP/1.1" 200 1229 "-" "Mozilla/5.0 (compatible; Googlebot/2.1; +http://www.google.com/bot.html)"
88.76.110.139 - - [31/Oct/2011:09:48:06 +0100] "GET /seiten/optiplus_detail.php?det=umwelt HTTP/1.1" 404 336 "-" "findlinks/2.0.4 (+http://wortschatz.uni-leipzig.de/findlinks/)"
124.115.6.16 - - [31/Oct/2011:09:53:26 +0100] "GET /robots.txt HTTP/1.1" 404 319 "-" "Sosospider+(+http://help.soso.com/webspider.htm)"
200.198.201.76 - - [31/Oct/2011:10:12:49 +0100] "HEAD / HTTP/1.0" 200 - "-" "-"
200.198.201.76 - - [31/Oct/2011:10:12:49 +0100] "HEAD / HTTP/1.0" 200 - "-" "-"
200.198.201.76 - - [31/Oct/2011:10:12:49 +0100] "HEAD / HTTP/1.0" 200 - "-" "-"
200.198.201.76 - - [31/Oct/2011:10:12:49 +0100] "HEAD / HTTP/1.0" 200 - "-" "-"
200.198.201.76 - - [31/Oct/2011:10:12:49 +0100] "HEAD / HTTP/1.0" 200 - "-" "-"
200.198.201.76 - - [31/Oct/2011:10:12:49 +0100] "HEAD / HTTP/1.0" 200 - "-" "-"
200.198.201.76 - - [31/Oct/2011:10:12:49 +0100] "HEAD / HTTP/1.0" 200 - "-" "-"
200.198.201.76 - - [31/Oct/2011:10:12:49 +0100] "HEAD / HTTP/1.0" 200 - "-" "-"
200.198.201.76 - - [31/Oct/2011:10:12:49 +0100] "HEAD / HTTP/1.0" 200 - "-" "-"
200.198.201.76 - - [31/Oct/2011:10:12:49 +0100] "HEAD / HTTP/1.0" 200 - "-" "-"
200.198.201.76 - - [31/Oct/2011:10:12:49 +0100] "HEAD / HTTP/1.0" 200 - "-" "-"
200.198.201.76 - - [31/Oct/2011:10:12:49 +0100] "HEAD / HTTP/1.0" 200 - "-" "-"
200.198.201.76 - - [31/Oct/2011:10:12:49 +0100] "HEAD / HTTP/1.0" 200 - "-" "-"
200.198.201.76 - - [31/Oct/2011:10:12:49 +0100] "HEAD / HTTP/1.0" 200 - "-" "-"
200.198.201.76 - - [31/Oct/2011:10:12:49 +0100] "HEAD / HTTP/1.0" 200 - "-" "-"
200.198.201.76 - - [31/Oct/2011:10:12:49 +0100] "HEAD / HTTP/1.0" 200 - "-" "-"
200.198.201.76 - - [31/Oct/2011:10:12:49 +0100] "HEAD / HTTP/1.0" 200 - "-" "-"
200.198.201.76 - - [31/Oct/2011:10:12:49 +0100] "HEAD / HTTP/1.0" 200 - "-" "-"
65.52.108.148 - - [31/Oct/2011:10:22:05 +0100] "GET /robots.txt HTTP/1.1" 404 322 "-" "Mozilla/5.0 (compatible; bingbot/2.0; +http://www.bing.com/bingbot.htm)"
65.52.108.148 - - [31/Oct/2011:10:22:59 +0100] "GET /fotoshow/fotoshow.htm HTTP/1.1" 404 333 "-" "Mozilla/5.0 (compatible; bingbot/2.0; +http://www.bing.com/bingbot.htm)"
95.108.128.242 - - [31/Oct/2011:10:24:21 +0100] "GET /robots.txt HTTP/1.1" 404 319 "-" "Mozilla/5.0 (compatible; YandexBot/3.0; +http://yandex.com/bots)"
95.108.128.242 - - [31/Oct/2011:10:24:22 +0100] "GET / HTTP/1.1" 304 - "-" "Mozilla/5.0 (compatible; YandexBot/3.0; +http://yandex.com/bots)"
208.115.111.75 - - [31/Oct/2011:10:36:00 +0100] "GET /Heizoel-Berlin.htm HTTP/1.1" 404 328 "-" "Mozilla/5.0 (compatible; Ezooms/1.0; ezooms.bot@gmail.com)"
88.76.110.139 - - [31/Oct/2011:10:46:35 +0100] "GET /seiten/produkte_hzoel.php HTTP/1.1" 404 335 "-" "findlinks/2.0.4 (+http://wortschatz.uni-leipzig.de/findlinks/)"
83.133.125.202 - - [31/Oct/2011:11:34:28 +0100] "GET / HTTP/1.1" 200 1229 "http://www.bigfinder.de/" "Mozilla/5.0 (Macintosh; U; Intel Mac OS X 10.6; de-DE; rv:1.9.2.8) Gecko/20100722 Firefox/3.6.8"
81.208.61.225 - - [31/Oct/2011:12:03:45 +0100] "HEAD / HTTP/1.0" 200 - "-" "-"
81.208.61.225 - - [31/Oct/2011:12:03:48 +0100] "HEAD / HTTP/1.0" 200 - "-" "-"
81.208.61.225 - - [31/Oct/2011:12:03:48 +0100] "HEAD / HTTP/1.0" 200 - "-" "-"
81.208.61.225 - - [31/Oct/2011:12:03:48 +0100] "HEAD / HTTP/1.0" 200 - "-" "-"
81.208.61.225 - - [31/Oct/2011:12:03:48 +0100] "HEAD / HTTP/1.0" 200 - "-" "-"
81.208.61.225 - - [31/Oct/2011:12:03:48 +0100] "HEAD / HTTP/1.0" 200 - "-" "-"
221.199.13.215 - - [31/Oct/2011:12:10:25 +0100] "HEAD / HTTP/1.0" 200 - "-" "-"
221.199.13.215 - - [31/Oct/2011:12:10:25 +0100] "HEAD / HTTP/1.0" 200 - "-" "-"
221.199.13.215 - - [31/Oct/2011:12:10:25 +0100] "HEAD / HTTP/1.0" 200 - "-" "-"
221.199.13.215 - - [31/Oct/2011:12:10:25 +0100] "HEAD / HTTP/1.0" 200 - "-" "-"
221.199.13.215 - - [31/Oct/2011:12:10:25 +0100] "HEAD / HTTP/1.0" 200 - "-" "-"
221.199.13.215 - - [31/Oct/2011:12:10:25 +0100] "HEAD / HTTP/1.0" 200 - "-" "-"
221.199.13.215 - - [31/Oct/2011:12:10:25 +0100] "HEAD / HTTP/1.0" 200 - "-" "-"
221.199.13.215 - - [31/Oct/2011:12:10:25 +0100] "HEAD / HTTP/1.0" 200 - "-" "-"
221.199.13.215 - - [31/Oct/2011:12:10:25 +0100] "HEAD / HTTP/1.0" 200 - "-" "-"
221.199.13.215 - - [31/Oct/2011:12:10:25 +0100] "HEAD / HTTP/1.0" 200 - "-" "-"
221.199.13.215 - - [31/Oct/2011:12:10:25 +0100] "HEAD / HTTP/1.0" 200 - "-" "-"
221.199.13.215 - - [31/Oct/2011:12:10:25 +0100] "HEAD / HTTP/1.0" 200 - "-" "-"
221.199.13.215 - - [31/Oct/2011:12:10:25 +0100] "HEAD / HTTP/1.0" 200 - "-" "-"
221.199.13.215 - - [31/Oct/2011:12:10:25 +0100] "HEAD / HTTP/1.0" 200 - "-" "-"
221.199.13.215 - - [31/Oct/2011:12:10:25 +0100] "HEAD / HTTP/1.0" 200 - "-" "-"
221.199.13.215 - - [31/Oct/2011:12:10:25 +0100] "HEAD / HTTP/1.0" 200 - "-" "-"
221.199.13.215 - - [31/Oct/2011:12:10:28 +0100] "HEAD / HTTP/1.0" 200 - "-" "-"
221.199.13.215 - - [31/Oct/2011:12:10:28 +0100] "HEAD / HTTP/1.0" 200 - "-" "-"
195.145.174.16 - - [31/Oct/2011:12:57:08 +0100] "GET / HTTP/1.1" 200 1229 "-" "Mozilla/4.0 (compatible; MSIE 6.0; Windows NT 5.1; SV1; .NET CLR 2.0.50727; .NET CLR 3.0.04506.30; .NET CLR 1.1.4322; InfoPath.2; .NET CLR 3.0.4506.2152; .NET CLR 3.5.30729)"
77.20.40.173 - - [31/Oct/2011:13:01:19 +0100] "GET /seiten/optiplus_detail.php?det=betrieb HTTP/1.1" 404 336 "-" "findlinks/2.0.2 (+http://wortschatz.uni-leipzig.de/findlinks/)"
82.128.206.87 - - [31/Oct/2011:14:07:53 +0100] "GET /robots.txt HTTP/1.0" 404 320 "-" "Mozilla/5.0 (compatible; MJ12bot/v1.4.0; http://www.majestic12.co.uk/bot.php?+)"
82.128.206.87 - - [31/Oct/2011:14:07:57 +0100] "GET / HTTP/1.1" 200 1229 "-" "Mozilla/5.0 (compatible; MJ12bot/v1.4.0; http://www.majestic12.co.uk/bot.php?+)"
188.165.247.215 - - [31/Oct/2011:14:37:07 +0100] "HEAD / HTTP/1.0" 200 - "-" "-"
207.46.199.37 - - [31/Oct/2011:14:59:23 +0100] "GET /robots.txt HTTP/1.1" 404 319 "-" "Mozilla/5.0 (compatible; bingbot/2.0; +http://www.bing.com/bingbot.htm)"
207.46.199.37 - - [31/Oct/2011:15:00:22 +0100] "GET /seiten/firma.html HTTP/1.1" 404 326 "-" "Mozilla/5.0 (compatible; bingbot/2.0; +http://www.bing.com/bingbot.htm)"
123.125.71.34 - - [31/Oct/2011:15:23:40 +0100] "GET / HTTP/1.1" 200 1229 "-" "Mozilla/5.0 (compatible; Baiduspider/2.0; +http://www.baidu.com/search/spider.html)"
220.181.108.91 - - [31/Oct/2011:15:23:40 +0100] "GET / HTTP/1.1" 200 1229 "-" "Mozilla/5.0 (compatible; Baiduspider/2.0; +http://www.baidu.com/search/spider.html)"
77.92.233.198 - - [31/Oct/2011:15:41:31 +0100] "GET /seiten/agb.html HTTP/1.0" 404 324 "http://www.gauff-rail.de/seiten/agb.html" "Mozilla/4.0 (compatible; MSIE 6.0; Windows NT 5.2; Win64; AMD64)"
77.92.233.198 - - [31/Oct/2011:15:41:34 +0100] "GET / HTTP/1.0" 200 1229 "http://www.gauff-rail.de/" "Mozilla/4.0 (compatible; MSIE 6.0; Windows NT 5.2; Win64; AMD64)"
157.55.16.220 - - [31/Oct/2011:15:47:38 +0100] "GET /robots.txt HTTP/1.1" 404 322 "-" "Mozilla/5.0 (compatible; bingbot/2.0; +http://www.bing.com/bingbot.htm)"
77.20.40.173 - - [31/Oct/2011:16:05:44 +0100] "GET /seiten/optiplus_detail.php?det=geru HTTP/1.1" 404 336 "-" "findlinks/2.0.2 (+http://wortschatz.uni-leipzig.de/findlinks/)"
123.125.71.23 - - [31/Oct/2011:16:23:02 +0100] "GET / HTTP/1.1" 200 1229 "-" "Mozilla/5.0 (compatible; Baiduspider/2.0; +http://www.baidu.com/search/spider.html)"
220.181.108.96 - - [31/Oct/2011:16:23:13 +0100] "GET / HTTP/1.1" 200 1229 "-" "Mozilla/5.0 (compatible; Baiduspider/2.0; +http://www.baidu.com/search/spider.html)"
208.115.111.75 - - [31/Oct/2011:16:59:04 +0100] "GET /robots.txt HTTP/1.1" 404 320 "-" "Mozilla/5.0 (compatible; Ezooms/1.0; ezooms.bot@gmail.com)"
173.236.21.106 - - [31/Oct/2011:17:08:06 +0100] "GET /robots.txt HTTP/1.0" 404 320 "-" "Mozilla/5.0 (compatible; MJ12bot/v1.4.0; http://www.majestic12.co.uk/bot.php?+)"
173.236.21.106 - - [31/Oct/2011:17:08:09 +0100] "GET / HTTP/1.0" 200 1229 "-" "Mozilla/5.0 (compatible; MJ12bot/v1.4.0; http://www.majestic12.co.uk/bot.php?+)"
157.55.16.220 - - [31/Oct/2011:17:08:34 +0100] "GET / HTTP/1.1" 200 1229 "-" "Mozilla/5.0 (compatible; bingbot/2.0; +http://www.bing.com/bingbot.htm)"
92.240.68.152 - - [31/Oct/2011:17:19:51 +0100] "GET http://www.naturephoto-cz.com/photos/others/common-toad-22611.jpg HTTP/1.1" 404 349 "-" "webcollage/1.135a"
213.186.122.3 - - [31/Oct/2011:17:20:03 +0100] "GET /robots.txt HTTP/1.1" 404 320 "-" "Mozilla/5.0 (compatible; AhrefsBot/1.0; +http://ahrefs.com/robot/)"
213.186.122.3 - - [31/Oct/2011:17:20:04 +0100] "GET /seiten/optiplus_detail.php?det=guete HTTP/1.1" 404 336 "-" "Mozilla/5.0 (compatible; AhrefsBot/1.0; +http://ahrefs.com/robot/)"
77.21.146.166 - - [31/Oct/2011:18:16:08 +0100] "GET / HTTP/1.1" 200 1229 "-" "findlinks/2.0.2 (+http://wortschatz.uni-leipzig.de/findlinks/)"
31.44.184.50 - - [31/Oct/2011:18:20:41 +0100] "GET http://allrequestsallowed.com/?PHPSESSID=5gh6ncjh00043SSQH_W_EFB%5C%5CA HTTP/1.1" 200 1229 "-" "Mozilla/5.0 (Windows; U; Windows NT 5.0; en-US; rv:1.8.1.12) Gecko/20080201 Firefox/2.0.0.12"
208.115.111.75 - - [31/Oct/2011:18:32:12 +0100] "GET /seiten/optiplus_detail.php?det=lager HTTP/1.1" 404 336 "-" "Mozilla/5.0 (compatible; Ezooms/1.0; ezooms.bot@gmail.com)"
93.219.149.141 - - [31/Oct/2011:19:14:21 +0100] "GET / HTTP/1.1" 200 1229 "-" "Mozilla/5.0 (Windows; U; Windows NT 6.0; de; rv:1.9.2.3) Gecko/20100401 Firefox/3.6.3 ( .NET CLR 3.5.30729)"
123.125.71.27 - - [31/Oct/2011:19:20:12 +0100] "GET /robots.txt HTTP/1.1" 404 319 "-" "Baiduspider+(+http://www.baidu.com/search/spider.htm)"
123.125.71.14 - - [31/Oct/2011:19:28:23 +0100] "GET /robots.txt HTTP/1.1" 404 320 "-" "Baiduspider+(+http://www.baidu.com/search/spider.htm)"
187.5.134.196 - - [31/Oct/2011:19:54:55 +0100] "HEAD / HTTP/1.0" 200 - "-" "-"
187.5.134.196 - - [31/Oct/2011:19:54:55 +0100] "HEAD / HTTP/1.0" 200 - "-" "-"
187.5.134.196 - - [31/Oct/2011:19:54:56 +0100] "HEAD / HTTP/1.0" 200 - "-" "-"
187.5.134.196 - - [31/Oct/2011:19:54:56 +0100] "HEAD / HTTP/1.0" 200 - "-" "-"
187.5.134.196 - - [31/Oct/2011:19:54:56 +0100] "HEAD / HTTP/1.0" 200 - "-" "-"
187.5.134.196 - - [31/Oct/2011:19:54:56 +0100] "HEAD / HTTP/1.0" 200 - "-" "-"
187.5.134.196 - - [31/Oct/2011:19:54:56 +0100] "HEAD / HTTP/1.0" 200 - "-" "-"
187.5.134.196 - - [31/Oct/2011:19:54:56 +0100] "HEAD / HTTP/1.0" 200 - "-" "-"
187.5.134.196 - - [31/Oct/2011:19:54:56 +0100] "HEAD / HTTP/1.0" 200 - "-" "-"
187.5.134.196 - - [31/Oct/2011:19:54:56 +0100] "HEAD / HTTP/1.0" 200 - "-" "-"
187.5.134.196 - - [31/Oct/2011:19:54:56 +0100] "HEAD / HTTP/1.0" 200 - "-" "-"
187.5.134.196 - - [31/Oct/2011:19:54:56 +0100] "HEAD / HTTP/1.0" 200 - "-" "-"
187.5.134.196 - - [31/Oct/2011:19:54:56 +0100] "HEAD / HTTP/1.0" 200 - "-" "-"
187.5.134.196 - - [31/Oct/2011:19:54:56 +0100] "HEAD / HTTP/1.0" 200 - "-" "-"
187.5.134.196 - - [31/Oct/2011:19:54:56 +0100] "HEAD / HTTP/1.0" 200 - "-" "-"
187.5.134.196 - - [31/Oct/2011:19:54:59 +0100] "HEAD / HTTP/1.0" 200 - "-" "-"
207.46.13.94 - - [31/Oct/2011:20:15:55 +0100] "GET /robots.txt HTTP/1.1" 404 320 "-" "Mozilla/5.0 (compatible; bingbot/2.0; +http://www.bing.com/bingbot.htm)"
207.46.13.94 - - [31/Oct/2011:20:16:35 +0100] "GET /Heizoel.htm HTTP/1.1" 404 321 "-" "Mozilla/5.0 (compatible; bingbot/2.0; +http://www.bing.com/bingbot.htm)"
65.52.108.148 - - [31/Oct/2011:21:11:16 +0100] "GET /robots.txt HTTP/1.1" 404 322 "-" "Mozilla/5.0 (compatible; bingbot/2.0; +http://www.bing.com/bingbot.htm)"
65.52.108.148 - - [31/Oct/2011:21:12:05 +0100] "GET /index.htm HTTP/1.1" 404 321 "-" "Mozilla/5.0 (compatible; bingbot/2.0; +http://www.bing.com/bingbot.htm)"
157.55.16.220 - - [31/Oct/2011:21:16:53 +0100] "GET /referenzen.htm HTTP/1.1" 404 326 "-" "Mozilla/5.0 (compatible; bingbot/2.0; +http://www.bing.com/bingbot.htm)"
88.80.10.1 - - [31/Oct/2011:21:24:29 +0100] "GET http://88.80.10.1/pp/anp.php?a=VUVH_W_EFB%5C%5CA&b=1155&c=85df HTTP/1.1" 404 312 "-" "Mozilla/4.0 (compatible; MSIE 6.0; Windows NT 5.1)"
180.76.5.52 - - [31/Oct/2011:21:32:12 +0100] "GET / HTTP/1.1" 200 1229 "-" "Mozilla/5.0 (compatible; Baiduspider/2.0; +http://www.baidu.com/search/spider.html)"
77.75.77.11 - - [31/Oct/2011:22:02:13 +0100] "GET /robots.txt HTTP/1.1" 404 319 "-" "SeznamBot/3.0 (+http://fulltext.sblog.cz/)"
77.75.77.11 - - [31/Oct/2011:22:02:15 +0100] "GET / HTTP/1.1" 200 1229 "-" "SeznamBot/3.0 (+http://fulltext.sblog.cz/)"
123.125.71.17 - - [31/Oct/2011:22:22:46 +0100] "GET / HTTP/1.1" 200 1229 "-" "Mozilla/5.0 (compatible; Baiduspider/2.0; +http://www.baidu.com/search/spider.html)"
220.181.108.77 - - [31/Oct/2011:22:22:53 +0100] "GET / HTTP/1.1" 200 1229 "-" "Mozilla/5.0 (compatible; Baiduspider/2.0; +http://www.baidu.com/search/spider.html)"
130.83.167.153 - - [31/Oct/2011:23:16:53 +0100] "GET /seiten/optiplus_detail.php?det=korr HTTP/1.1" 404 336 "-" "findlinks/2.0.4 (+http://wortschatz.uni-leipzig.de/findlinks/)"
65.52.104.82 - - [31/Oct/2011:23:23:07 +0100] "GET /robots.txt HTTP/1.1" 404 320 "-" "Mozilla/5.0 (compatible; bingbot/2.0; +http://www.bing.com/bingbot.htm)"
65.52.104.82 - - [31/Oct/2011:23:23:53 +0100] "GET /seiten/produkte_hzoel.php HTTP/1.1" 404 335 "-" "Mozilla/5.0 (compatible; bingbot/2.0; +http://www.bing.com/bingbot.htm)"
93.216.117.137 - - [31/Oct/2011:23:27:19 +0100] "GET /robots.txt HTTP/1.0" 404 320 "-" "Mozilla/5.0 (compatible; MJ12bot/v1.4.0; http://www.majestic12.co.uk/bot.php?+)"
93.216.117.137 - - [31/Oct/2011:23:28:01 +0100] "GET / HTTP/1.1" 200 1229 "-" "Mozilla/5.0 (compatible; MJ12bot/v1.4.0; http://www.majestic12.co.uk/bot.php?+)"
123.125.71.22 - - [31/Oct/2011:23:30:51 +0100] "GET / HTTP/1.1" 200 1229 "-" "Mozilla/5.0 (compatible; Baiduspider/2.0; +http://www.baidu.com/search/spider.html)"
220.181.108.81 - - [31/Oct/2011:23:31:20 +0100] "GET / HTTP/1.1" 200 1229 "-" "Mozilla/5.0 (compatible; Baiduspider/2.0; +http://www.baidu.com/search/spider.html)"
77.20.40.173 - - [31/Oct/2011:23:59:51 +0100] "GET / HTTP/1.1" 200 1229 "-" "findlinks/2.0.2 (+http://wortschatz.uni-leipzig.de/findlinks/)"