65.52.110.88 - - [15/Mar/2011:22:03:59 +0100] "GET /robots.txt HTTP/1.1" 404 319 "-" "Mozilla/5.0 (compatible; bingbot/2.0; +http://www.bing.com/bingbot.htm)"
24.79.41.111 - - [15/Mar/2011:22:06:48 +0100] "GET / HTTP/1.0" 200 1229 "-" "-"
65.52.110.88 - - [15/Mar/2011:22:09:50 +0100] "GET / HTTP/1.1" 304 - "-" "Mozilla/5.0 (compatible; bingbot/2.0; +http://www.bing.com/bingbot.htm)"
62.121.97.184 - - [15/Mar/2011:22:10:18 +0100] "GET / HTTP/1.0" 200 1229 "-" "-"
62.107.38.186 - - [15/Mar/2011:22:10:23 +0100] "GET / HTTP/1.0" 200 1229 "-" "-"
188.26.54.173 - - [15/Mar/2011:22:15:48 +0100] "GET / HTTP/1.0" 200 1229 "-" "-"
46.4.23.78 - - [15/Mar/2011:22:23:55 +0100] "GET / HTTP/1.1" 200 1229 "http://windbergbahn.de/mailaninfo.htm" "Mozilla/5.0 (Windows; U; Windows NT 5.1; rv:1.9.1.8) Gecko/20100202 Firefox/3.5.8 (.NET CLR 3.5.30729)"
92.240.68.152 - - [15/Mar/2011:22:27:17 +0100] "GET http://www.adamdorman.com/_images/monster_bottle.jpg HTTP/1.1" 404 336 "http://random.yahoo.com/fast/ryl" "webcollage/1.135a"
201.246.176.66 - - [15/Mar/2011:22:33:21 +0100] "GET / HTTP/1.0" 200 1229 "-" "-"
64.246.161.42 - - [15/Mar/2011:23:57:29 +0100] "GET /robots.txt HTTP/1.0" 404 333 "-" "Mozilla/5.0 (Windows; U; Windows NT 5.1; en; rv:1.9.0.13) Gecko/2009073022 Firefox/3.5.2 (.NET CLR 3.5.30729) SurveyBot/2.3 (DomainTools)"
64.246.161.42 - - [15/Mar/2011:23:57:29 +0100] "GET / HTTP/1.1" 200 1229 "http://whois.domaintools.com/xn--heizllieferungen-pwb.de" "Mozilla/5.0 (Windows; U; Windows NT 5.1; en; rv:1.9.0.13) Gecko/2009073022 Firefox/3.5.2 (.NET CLR 3.5.30729) SurveyBot/2.3 (DomainTools)"
64.246.165.200 - - [16/Mar/2011:00:28:36 +0100] "GET /robots.txt HTTP/1.0" 404 337 "-" "Mozilla/5.0 (Windows; U; Windows NT 5.1; en; rv:1.9.0.13) Gecko/2009073022 Firefox/3.5.2 (.NET CLR 3.5.30729) SurveyBot/2.3 (DomainTools)"
64.246.165.200 - - [16/Mar/2011:00:28:36 +0100] "GET / HTTP/1.1" 200 1229 "http://whois.domaintools.com/xn--heizllieferantberlin-69b.de" "Mozilla/5.0 (Windows; U; Windows NT 5.1; en; rv:1.9.0.13) Gecko/2009073022 Firefox/3.5.2 (.NET CLR 3.5.30729) SurveyBot/2.3 (DomainTools)"
64.246.161.42 - - [16/Mar/2011:00:35:17 +0100] "GET /robots.txt HTTP/1.0" 404 325 "-" "Mozilla/5.0 (Windows; U; Windows NT 5.1; en; rv:1.9.0.13) Gecko/2009073022 Firefox/3.5.2 (.NET CLR 3.5.30729) SurveyBot/2.3 (DomainTools)"
64.246.161.42 - - [16/Mar/2011:00:35:17 +0100] "GET / HTTP/1.1" 200 1229 "http://whois.domaintools.com/xn--premiuml-t4a.de" "Mozilla/5.0 (Windows; U; Windows NT 5.1; en; rv:1.9.0.13) Gecko/2009073022 Firefox/3.5.2 (.NET CLR 3.5.30729) SurveyBot/2.3 (DomainTools)"
64.246.165.210 - - [16/Mar/2011:00:58:06 +0100] "GET /robots.txt HTTP/1.0" 404 327 "-" "Mozilla/5.0 (Windows; U; Windows NT 5.1; en; rv:1.9.0.13) Gecko/2009073022 Firefox/3.5.2 (.NET CLR 3.5.30729) SurveyBot/2.3 (DomainTools)"
64.246.165.210 - - [16/Mar/2011:00:58:07 +0100] "GET / HTTP/1.1" 200 1229 "http://whois.domaintools.com/xn--essohndler-u5a.de" "Mozilla/5.0 (Windows; U; Windows NT 5.1; en; rv:1.9.0.13) Gecko/2009073022 Firefox/3.5.2 (.NET CLR 3.5.30729) SurveyBot/2.3 (DomainTools)"
64.246.161.190 - - [16/Mar/2011:01:40:14 +0100] "GET /robots.txt HTTP/1.0" 404 334 "-" "Mozilla/5.0 (Windows; U; Windows NT 5.1; en; rv:1.9.0.13) Gecko/2009073022 Firefox/3.5.2 (.NET CLR 3.5.30729) SurveyBot/2.3 (DomainTools)"
64.246.161.190 - - [16/Mar/2011:01:40:14 +0100] "GET / HTTP/1.1" 200 1229 "http://whois.domaintools.com/xn--heizlpreiseberlin-2zb.de" "Mozilla/5.0 (Windows; U; Windows NT 5.1; en; rv:1.9.0.13) Gecko/2009073022 Firefox/3.5.2 (.NET CLR 3.5.30729) SurveyBot/2.3 (DomainTools)"
123.125.71.23 - - [16/Mar/2011:03:31:22 +0100] "GET / HTTP/1.1" 200 1229 "-" "Baiduspider+(+http://www.baidu.com/search/spider.htm)"
220.181.108.78 - - [16/Mar/2011:03:31:50 +0100] "GET / HTTP/1.1" 200 1229 "-" "Baiduspider+(+http://www.baidu.com/search/spider.htm)"
24.103.179.131 - - [16/Mar/2011:04:33:30 +0100] "GET / HTTP/1.0" 200 1229 "-" "-"
207.46.204.190 - - [16/Mar/2011:05:34:10 +0100] "GET /robots.txt HTTP/1.1" 404 319 "-" "Mozilla/5.0 (compatible; bingbot/2.0; +http://www.bing.com/bingbot.htm)"
207.46.204.190 - - [16/Mar/2011:05:35:28 +0100] "GET / HTTP/1.1" 304 - "-" "Mozilla/5.0 (compatible; bingbot/2.0; +http://www.bing.com/bingbot.htm)"
124.115.6.16 - - [16/Mar/2011:05:51:23 +0100] "GET /robots.txt HTTP/1.1" 404 319 "-" "Sosospider+(+http://help.soso.com/webspider.htm)"
64.246.165.150 - - [16/Mar/2011:06:19:47 +0100] "GET /robots.txt HTTP/1.0" 404 328 "-" "Mozilla/5.0 (Windows; U; Windows NT 5.1; en; rv:1.9.0.13) Gecko/2009073022 Firefox/3.5.2 (.NET CLR 3.5.30729) SurveyBot/2.3 (DomainTools)"
64.246.165.150 - - [16/Mar/2011:06:19:47 +0100] "GET / HTTP/1.1" 200 1229 "http://whois.domaintools.com/xn--heizlberlin-ufb.de" "Mozilla/5.0 (Windows; U; Windows NT 5.1; en; rv:1.9.0.13) Gecko/2009073022 Firefox/3.5.2 (.NET CLR 3.5.30729) SurveyBot/2.3 (DomainTools)"
88.80.10.1 - - [16/Mar/2011:07:40:59 +0100] "GET http://88.80.10.1/pp/anp.php?a=VUVH_W_EFB%5C%5CE&b=1155&c=7a73 HTTP/1.1" 404 312 "-" "Mozilla/4.0 (compatible; MSIE 6.0; Windows NT 5.1)"
58.61.164.19 - - [16/Mar/2011:09:44:47 +0100] "GET / HTTP/1.1" 200 1229 "-" "Mozilla/4.0 (compatible; MSIE 6.0; Windows NT 5.1)"
65.52.110.79 - - [16/Mar/2011:11:02:23 +0100] "GET /robots.txt HTTP/1.1" 404 319 "-" "Mozilla/5.0 (compatible; bingbot/2.0; +http://www.bing.com/bingbot.htm)"
65.52.110.79 - - [16/Mar/2011:11:02:56 +0100] "GET /seiten/ndl_BLDresden01.html HTTP/1.1" 404 336 "-" "Mozilla/5.0 (compatible; bingbot/2.0; +http://www.bing.com/bingbot.htm)"
208.115.111.74 - - [16/Mar/2011:11:19:47 +0100] "GET /robots.txt HTTP/1.1" 404 319 "-" "Mozilla/5.0 (compatible; Ezooms/1.0; ezooms.bot@gmail.com)"
208.115.111.74 - - [16/Mar/2011:11:43:41 +0100] "GET / HTTP/1.1" 200 1229 "-" "Mozilla/5.0 (compatible; Ezooms/1.0; ezooms.bot@gmail.com)"
207.46.13.101 - - [16/Mar/2011:12:40:12 +0100] "GET /robots.txt HTTP/1.1" 404 319 "-" "Mozilla/5.0 (compatible; bingbot/2.0; +http://www.bing.com/bingbot.htm)"
207.46.13.101 - - [16/Mar/2011:12:41:59 +0100] "GET / HTTP/1.1" 304 - "-" "Mozilla/5.0 (compatible; bingbot/2.0; +http://www.bing.com/bingbot.htm)"
207.46.13.101 - - [16/Mar/2011:12:44:52 +0100] "GET / HTTP/1.1" 304 - "-" "Mozilla/5.0 (compatible; bingbot/2.0; +http://www.bing.com/bingbot.htm)"
77.92.233.198 - - [16/Mar/2011:12:51:33 +0100] "GET /seiten/agb.html HTTP/1.0" 404 324 "http://www.gauff-rail.de/seiten/agb.html" "Mozilla/4.0 (compatible; MSIE 6.0; Windows NT 5.1; .NET CLR 1.1.4322; FDM)"
77.92.233.198 - - [16/Mar/2011:12:51:33 +0100] "GET / HTTP/1.0" 200 1229 "http://www.gauff-rail.de/" "Mozilla/4.0 (compatible; MSIE 6.0; Windows NT 5.1; .NET CLR 1.1.4322; FDM)"
91.22.255.25 - - [16/Mar/2011:12:57:59 +0100] "GET /img/feststoffplakettenhalter_1.jpg HTTP/1.1" 400 329 "-" "Opera/9.80 (Windows NT 5.1; U; de) Presto/2.7.62 Version/11.01"
91.22.255.25 - - [16/Mar/2011:12:57:59 +0100] "GET /images/default_shop/kr_si_sp_250.jpg HTTP/1.1" 400 329 "-" "Opera/9.80 (Windows NT 5.1; U; de) Presto/2.7.62 Version/11.01"
74.52.245.146 - - [16/Mar/2011:14:42:31 +0100] "GET / HTTP/1.0" 200 1229 "-" "Mozilla/5.0 (X11; U; Linux i686; en-US; rv:1.7.5) Gecko/20041107 Firefox/1.0"
123.125.71.18 - - [16/Mar/2011:15:33:25 +0100] "GET / HTTP/1.1" 200 1229 "-" "Baiduspider+(+http://www.baidu.com/search/spider.htm)"
220.181.108.87 - - [16/Mar/2011:15:33:57 +0100] "GET / HTTP/1.1" 200 1229 "-" "Baiduspider+(+http://www.baidu.com/search/spider.htm)"
202.160.179.17 - - [16/Mar/2011:15:59:33 +0100] "GET /robots.txt HTTP/1.0" 404 319 "-" "Mozilla/5.0 (compatible; Yahoo! Slurp China; http://misc.yahoo.com.cn/help.html)"
202.160.180.9 - - [16/Mar/2011:16:00:35 +0100] "GET / HTTP/1.0" 200 1229 "-" "Mozilla/5.0 (compatible; Yahoo! Slurp China; http://misc.yahoo.com.cn/help.html)"
123.125.71.17 - - [16/Mar/2011:16:33:03 +0100] "GET / HTTP/1.1" 200 1229 "-" "Baiduspider+(+http://www.baidu.com/search/spider.htm)"
220.181.108.89 - - [16/Mar/2011:16:33:35 +0100] "GET / HTTP/1.1" 200 1229 "-" "Baiduspider+(+http://www.baidu.com/search/spider.htm)"
79.205.235.253 - - [16/Mar/2011:16:38:59 +0100] "GET / HTTP/1.1" 200 1229 "-" "Mozilla/4.0 (compatible; MSIE 8.0; Windows NT 5.1; Trident/4.0; .NET CLR 2.0.50727; .NET CLR 3.0.04506.30; .NET CLR 3.0.4506.2152; .NET CLR 3.5.30729; InfoPath.1)"
74.52.245.146 - - [16/Mar/2011:16:40:28 +0100] "GET / HTTP/1.0" 200 1229 "-" "Mozilla/5.0 (X11; U; Linux i686; en-US; rv:1.7.5) Gecko/20041107 Firefox/1.0"
74.52.245.146 - - [16/Mar/2011:16:40:31 +0100] "GET / HTTP/1.0" 200 1229 "-" "Mozilla/5.0 (X11; U; Linux i686; en-US; rv:1.7.5) Gecko/20041107 Firefox/1.0"
74.52.245.146 - - [16/Mar/2011:16:40:31 +0100] "GET / HTTP/1.0" 200 1229 "-" "Mozilla/5.0 (X11; U; Linux i686; en-US; rv:1.7.5) Gecko/20041107 Firefox/1.0"
74.52.245.146 - - [16/Mar/2011:16:40:32 +0100] "GET / HTTP/1.0" 200 1229 "-" "Mozilla/5.0 (X11; U; Linux i686; en-US; rv:1.7.5) Gecko/20041107 Firefox/1.0"
80.187.103.18 - - [16/Mar/2011:16:42:25 +0100] "GET / HTTP/1.1" 200 1229 "-" "Mozilla/5.0 (iPhone; U; CPU iPhone OS 4_1 like Mac OS X; de-de) AppleWebKit/532.9 (KHTML, like Gecko) Version/4.0.5 Mobile/8B117 Safari/6531.22.7"
62.194.37.153 - - [16/Mar/2011:16:50:58 +0100] "GET / HTTP/1.1" 200 1229 "-" "Java/1.6.0_20"
123.125.71.112 - - [16/Mar/2011:17:27:04 +0100] "GET / HTTP/1.1" 200 1229 "-" "Baiduspider+(+http://www.baidu.com/search/spider.htm)"
207.46.204.178 - - [16/Mar/2011:20:12:33 +0100] "GET /robots.txt HTTP/1.1" 404 319 "-" "Mozilla/5.0 (compatible; bingbot/2.0; +http://www.bing.com/bingbot.htm)"
207.46.204.178 - - [16/Mar/2011:20:13:17 +0100] "GET / HTTP/1.1" 304 - "-" "Mozilla/5.0 (compatible; bingbot/2.0; +http://www.bing.com/bingbot.htm)"
62.177.251.198 - - [16/Mar/2011:20:17:58 +0100] "GET /w00tw00t.at.ISC.SANS.test0:) HTTP/1.1" 400 329 "-" "-"
62.177.251.198 - - [16/Mar/2011:20:17:58 +0100] "GET /w00tw00t.at.ISC.SANS.test0:) HTTP/1.1" 400 329 "-" "-"
62.177.251.198 - - [16/Mar/2011:20:17:58 +0100] "GET /w00tw00t.at.ISC.SANS.test0:) HTTP/1.1" 400 329 "-" "-"
62.177.251.198 - - [16/Mar/2011:20:17:58 +0100] "GET /w00tw00t.at.ISC.SANS.test0:) HTTP/1.1" 400 329 "-" "-"
62.177.251.198 - - [16/Mar/2011:20:17:58 +0100] "GET /w00tw00t.at.ISC.SANS.test0:) HTTP/1.1" 400 329 "-" "-"
62.177.251.198 - - [16/Mar/2011:20:17:58 +0100] "GET /w00tw00t.at.ISC.SANS.test0:) HTTP/1.1" 400 329 "-" "-"
62.177.251.198 - - [16/Mar/2011:20:17:58 +0100] "GET /w00tw00t.at.ISC.SANS.test0:) HTTP/1.1" 400 329 "-" "-"
62.177.251.198 - - [16/Mar/2011:20:17:58 +0100] "GET /w00tw00t.at.ISC.SANS.test0:) HTTP/1.1" 400 329 "-" "-"
62.177.251.198 - - [16/Mar/2011:20:17:58 +0100] "GET /w00tw00t.at.ISC.SANS.test0:) HTTP/1.1" 400 329 "-" "-"
62.177.251.198 - - [16/Mar/2011:20:17:58 +0100] "GET /w00tw00t.at.ISC.SANS.test0:) HTTP/1.1" 400 329 "-" "-"
62.177.251.198 - - [16/Mar/2011:20:17:58 +0100] "GET /w00tw00t.at.ISC.SANS.test0:) HTTP/1.1" 400 329 "-" "-"
62.177.251.198 - - [16/Mar/2011:20:17:58 +0100] "GET /w00tw00t.at.ISC.SANS.test0:) HTTP/1.1" 400 329 "-" "-"
62.177.251.198 - - [16/Mar/2011:20:17:58 +0100] "GET /w00tw00t.at.ISC.SANS.test0:) HTTP/1.1" 400 329 "-" "-"
62.177.251.198 - - [16/Mar/2011:20:17:58 +0100] "GET /w00tw00t.at.ISC.SANS.test0:) HTTP/1.1" 400 329 "-" "-"
62.177.251.198 - - [16/Mar/2011:20:17:58 +0100] "GET /w00tw00t.at.ISC.SANS.test0:) HTTP/1.1" 400 329 "-" "-"
62.177.251.198 - - [16/Mar/2011:20:17:58 +0100] "GET /w00tw00t.at.ISC.SANS.test0:) HTTP/1.1" 400 329 "-" "-"
62.177.251.198 - - [16/Mar/2011:20:17:58 +0100] "GET /w00tw00t.at.ISC.SANS.test0:) HTTP/1.1" 400 329 "-" "-"
62.177.251.198 - - [16/Mar/2011:20:17:58 +0100] "GET /w00tw00t.at.ISC.SANS.test0:) HTTP/1.1" 400 329 "-" "-"
65.52.110.78 - - [16/Mar/2011:20:34:17 +0100] "GET /robots.txt HTTP/1.1" 404 319 "-" "Mozilla/5.0 (compatible; bingbot/2.0; +http://www.bing.com/bingbot.htm)"
65.52.110.78 - - [16/Mar/2011:20:35:20 +0100] "GET / HTTP/1.1" 200 1229 "-" "Mozilla/5.0 (compatible; bingbot/2.0; +http://www.bing.com/bingbot.htm)"
85.13.139.231 - - [16/Mar/2011:23:00:10 +0100] "HEAD / HTTP/1.1" 200 - "-" "-"
70.110.150.17 - - [16/Mar/2011:23:44:18 +0100] "HEAD /c99.php HTTP/1.1" 404 - "-" "Mozilla/5.0 (Windows; U; Windows NT 5.1; en; rv:1.8.1.8) Gecko/20071008 Firefox/2.0.0.8"
74.52.245.146 - - [16/Mar/2011:23:48:24 +0100] "GET / HTTP/1.0" 200 1229 "-" "Mozilla/5.0 (X11; U; Linux i686; en-US; rv:1.7.5) Gecko/20041107 Firefox/1.0"
207.46.199.196 - - [17/Mar/2011:00:19:54 +0100] "GET /robots.txt HTTP/1.1" 404 319 "-" "Mozilla/5.0 (compatible; bingbot/2.0; +http://www.bing.com/bingbot.htm)"
193.252.118.173 - - [17/Mar/2011:01:15:35 +0100] "GET / HTTP/1.1" 200 1229 "-" "Mozilla/5.0 (Windows; U; Windows NT 5.1; fr; rv:1.8.1) VoilaBot BETA 1.2 (support.voilabot@orange-ftgroup.com)"
67.195.115.51 - - [17/Mar/2011:01:54:05 +0100] "GET /robots.txt HTTP/1.0" 404 319 "-" "Mozilla/5.0 (compatible; Yahoo! Slurp; http://help.yahoo.com/help/us/ysearch/slurp)"
67.195.115.51 - - [17/Mar/2011:01:54:05 +0100] "GET /seiten/default.html HTTP/1.0" 404 328 "-" "Mozilla/5.0 (compatible; Yahoo! Slurp; http://help.yahoo.com/help/us/ysearch/slurp)"
78.46.80.180 - - [17/Mar/2011:01:59:05 +0100] "GET /robots.txt HTTP/1.0" 404 319 "-" "Eurobot/1.1 (http://eurobot.ayell.eu)"
78.46.80.180 - - [17/Mar/2011:01:59:05 +0100] "GET / HTTP/1.0" 200 1229 "-" "Eurobot/1.1 (http://eurobot.ayell.eu)"
70.110.150.17 - - [17/Mar/2011:01:59:55 +0100] "HEAD /c99.php HTTP/1.1" 404 - "-" "Mozilla/5.0 (Windows; U; Windows NT 5.1; en; rv:1.8.1.8) Gecko/20071008 Firefox/2.0.0.8"
76.121.54.154 - - [17/Mar/2011:04:09:26 +0100] "GET / HTTP/1.0" 200 1229 "-" "-"
76.121.54.154 - - [17/Mar/2011:04:57:41 +0100] "GET / HTTP/1.0" 200 1229 "-" "-"
208.80.194.32 - - [17/Mar/2011:05:06:18 +0100] "GET / HTTP/1.0" 200 1229 "-" "Mozilla/4.0 (compatible; MSIE 6.0; AOL 9.0; Windows NT 5.1; SV1; .NET CLR 1.0.3705; .NET CLR 1.1.4322; Media Center PC 4.0; ZangoToolbar 4.8.3)"
65.52.110.20 - - [17/Mar/2011:05:45:33 +0100] "GET /robots.txt HTTP/1.1" 404 319 "-" "Mozilla/5.0 (compatible; bingbot/2.0; +http://www.bing.com/bingbot.htm)"
65.52.110.20 - - [17/Mar/2011:05:46:19 +0100] "GET / HTTP/1.1" 304 - "-" "Mozilla/5.0 (compatible; bingbot/2.0; +http://www.bing.com/bingbot.htm)"
70.110.150.17 - - [17/Mar/2011:06:27:41 +0100] "HEAD /c99.php HTTP/1.1" 404 - "-" "Mozilla/5.0 (Windows; U; Windows NT 5.1; en; rv:1.8.1.8) Gecko/20071008 Firefox/2.0.0.8"
93.219.171.83 - - [17/Mar/2011:09:37:51 +0100] "GET / HTTP/1.1" 200 1229 "-" "Mozilla/5.0 (Windows; U; Windows NT 6.0; de; rv:1.9.2.3) Gecko/20100401 Firefox/3.6.3 ( .NET CLR 3.5.30729)"
207.46.13.145 - - [17/Mar/2011:10:58:45 +0100] "GET /robots.txt HTTP/1.1" 404 319 "-" "Mozilla/5.0 (compatible; bingbot/2.0; +http://www.bing.com/bingbot.htm)"
207.46.13.145 - - [17/Mar/2011:10:59:19 +0100] "GET / HTTP/1.1" 304 - "-" "Mozilla/5.0 (compatible; bingbot/2.0; +http://www.bing.com/bingbot.htm)"
24.98.109.144 - - [17/Mar/2011:11:02:03 +0100] "GET http://71.199.162.146/ HTTP/1.0" 200 1229 "-" "Mozilla/4.0 (compatible; MSIE 6.0; Windows NT 5.1)"
208.115.111.74 - - [17/Mar/2011:11:16:34 +0100] "GET /robots.txt HTTP/1.1" 404 319 "-" "Mozilla/5.0 (compatible; Ezooms/1.0; ezooms.bot@gmail.com)"
24.103.179.131 - - [17/Mar/2011:11:25:44 +0100] "GET / HTTP/1.0" 200 1229 "-" "-"
208.115.111.74 - - [17/Mar/2011:11:41:55 +0100] "GET / HTTP/1.1" 200 1229 "-" "Mozilla/5.0 (compatible; Ezooms/1.0; ezooms.bot@gmail.com)"
80.187.103.18 - - [17/Mar/2011:11:46:57 +0100] "GET / HTTP/1.1" 200 1229 "-" "Mozilla/5.0 (iPhone; U; CPU iPhone OS 4_1 like Mac OS X; de-de) AppleWebKit/532.9 (KHTML, like Gecko) Version/4.0.5 Mobile/8B117 Safari/6531.22.7"
24.103.179.131 - - [17/Mar/2011:14:12:41 +0100] "GET / HTTP/1.0" 200 1229 "-" "-"
70.110.150.17 - - [17/Mar/2011:14:22:59 +0100] "HEAD /c99.php HTTP/1.1" 404 - "-" "Mozilla/5.0 (Windows; U; Windows NT 5.1; en; rv:1.8.1.8) Gecko/20071008 Firefox/2.0.0.8"
70.110.150.17 - - [17/Mar/2011:14:34:03 +0100] "HEAD /c99.php HTTP/1.1" 404 - "-" "Mozilla/5.0 (Windows; U; Windows NT 5.1; en; rv:1.8.1.8) Gecko/20071008 Firefox/2.0.0.8"
70.110.150.17 - - [17/Mar/2011:15:27:38 +0100] "HEAD /c99.php HTTP/1.1" 404 - "-" "Mozilla/5.0 (Windows; U; Windows NT 5.1; en; rv:1.8.1.8) Gecko/20071008 Firefox/2.0.0.8"
70.110.150.17 - - [17/Mar/2011:15:55:55 +0100] "HEAD /c99.php HTTP/1.1" 404 - "-" "Mozilla/5.0 (Windows; U; Windows NT 5.1; en; rv:1.8.1.8) Gecko/20071008 Firefox/2.0.0.8"
78.225.49.7 - - [17/Mar/2011:16:11:39 +0100] "GET /robots.txt HTTP/1.1" 404 319 "-" "Mozilla/5.0 (compatible; 008/0.83; http://www.80legs.com/webcrawler.html;) Gecko/2008032620"
78.225.49.7 - - [17/Mar/2011:16:11:40 +0100] "GET / HTTP/1.1" 200 1229 "-" "Mozilla/5.0 (compatible; 008/0.83; http://www.80legs.com/webcrawler.html) Gecko/2008032620"
46.4.23.78 - - [17/Mar/2011:16:35:32 +0100] "GET / HTTP/1.1" 200 1229 "http://www.gauff-rail.de" "Mozilla/5.0 (Windows; U; Windows NT 5.1; rv:1.9.1.8) Gecko/20100202 Firefox/3.5.8 (.NET CLR 3.5.30729)"
70.110.150.17 - - [17/Mar/2011:16:58:55 +0100] "HEAD /c99.php HTTP/1.1" 404 - "-" "Mozilla/5.0 (Windows; U; Windows NT 5.1; en; rv:1.8.1.8) Gecko/20071008 Firefox/2.0.0.8"
70.110.150.17 - - [17/Mar/2011:17:27:58 +0100] "HEAD /c99.php HTTP/1.1" 404 - "-" "Mozilla/5.0 (Windows; U; Windows NT 5.1; en; rv:1.8.1.8) Gecko/20071008 Firefox/2.0.0.8"
207.46.199.39 - - [17/Mar/2011:17:35:20 +0100] "GET /robots.txt HTTP/1.1" 404 319 "-" "Mozilla/5.0 (compatible; bingbot/2.0; +http://www.bing.com/bingbot.htm)"
207.46.199.39 - - [17/Mar/2011:17:36:22 +0100] "GET / HTTP/1.1" 304 - "-" "Mozilla/5.0 (compatible; bingbot/2.0; +http://www.bing.com/bingbot.htm)"
213.186.122.3 - - [17/Mar/2011:17:57:39 +0100] "GET /robots.txt HTTP/1.1" 404 319 "-" "Mozilla/5.0 (compatible; SiteBot/0.1; +http://www.sitebot.org/robot/)"
213.186.122.3 - - [17/Mar/2011:17:57:39 +0100] "GET / HTTP/1.1" 200 1229 "-" "Mozilla/5.0 (compatible; SiteBot/0.1; +http://www.sitebot.org/robot/)"
70.110.150.17 - - [17/Mar/2011:19:21:52 +0100] "HEAD /c99.php HTTP/1.1" 404 - "-" "Mozilla/5.0 (Windows; U; Windows NT 5.1; en; rv:1.8.1.8) Gecko/20071008 Firefox/2.0.0.8"
207.46.195.226 - - [17/Mar/2011:19:57:41 +0100] "GET /robots.txt HTTP/1.1" 404 319 "-" "Mozilla/5.0 (compatible; bingbot/2.0; +http://www.bing.com/bingbot.htm)"
207.46.195.226 - - [17/Mar/2011:19:58:18 +0100] "GET / HTTP/1.1" 304 - "-" "Mozilla/5.0 (compatible; bingbot/2.0; +http://www.bing.com/bingbot.htm)"
207.46.199.185 - - [17/Mar/2011:19:59:38 +0100] "GET /robots.txt HTTP/1.1" 404 319 "-" "Mozilla/5.0 (compatible; bingbot/2.0; +http://www.bing.com/bingbot.htm)"
123.125.71.15 - - [17/Mar/2011:20:30:09 +0100] "GET / HTTP/1.1" 200 1229 "-" "Baiduspider+(+http://www.baidu.com/search/spider.htm)"
220.181.108.91 - - [17/Mar/2011:20:30:37 +0100] "GET / HTTP/1.1" 200 1229 "-" "Baiduspider+(+http://www.baidu.com/search/spider.htm)"
70.110.150.17 - - [17/Mar/2011:22:41:15 +0100] "HEAD /c99.php HTTP/1.1" 404 - "-" "Mozilla/5.0 (Windows; U; Windows NT 5.1; en; rv:1.8.1.8) Gecko/20071008 Firefox/2.0.0.8"
213.236.164.214 - - [17/Mar/2011:22:56:37 +0100] "GET /robots.txt HTTP/1.0" 404 319 "-" "Mozilla/5.0 (compatible; MJ12bot/v1.3.3; http://www.majestic12.co.uk/bot.php?+)"
213.236.164.214 - - [17/Mar/2011:22:56:37 +0100] "GET / HTTP/1.0" 200 1229 "-" "Mozilla/5.0 (compatible; MJ12bot/v1.3.3; http://www.majestic12.co.uk/bot.php?+)"
66.249.71.5 - - [17/Mar/2011:23:09:35 +0100] "GET /robots.txt HTTP/1.1" 404 328 "-" "Mozilla/5.0 (compatible; Googlebot/2.1; +http://www.google.com/bot.html)"
66.249.71.5 - - [17/Mar/2011:23:09:35 +0100] "GET / HTTP/1.1" 200 1229 "-" "Mozilla/5.0 (compatible; Googlebot/2.1; +http://www.google.com/bot.html)"
70.110.150.17 - - [17/Mar/2011:23:53:19 +0100] "HEAD /c99.php HTTP/1.1" 404 - "-" "Mozilla/5.0 (Windows; U; Windows NT 5.1; en; rv:1.8.1.8) Gecko/20071008 Firefox/2.0.0.8"
123.125.71.111 - - [18/Mar/2011:00:32:16 +0100] "GET / HTTP/1.1" 200 1229 "-" "Baiduspider+(+http://www.baidu.com/search/spider.htm)"
178.4.69.66 - - [18/Mar/2011:01:18:34 +0100] "GET / HTTP/1.1" 200 1229 "-" "Mozilla/5.0 Gecko/2009042316 Firefox/2.0.0.x"
216.108.234.28 - - [18/Mar/2011:02:22:20 +0100] "GET /w00tw00t.at.ISC.SANS.DFind:) HTTP/1.1" 400 329 "-" "-"
216.108.234.28 - - [18/Mar/2011:02:22:20 +0100] "GET /w00tw00t.at.ISC.SANS.DFind:) HTTP/1.1" 400 329 "-" "-"
216.108.234.28 - - [18/Mar/2011:02:22:20 +0100] "GET /w00tw00t.at.ISC.SANS.DFind:) HTTP/1.1" 400 329 "-" "-"
216.108.234.28 - - [18/Mar/2011:02:22:20 +0100] "GET /w00tw00t.at.ISC.SANS.DFind:) HTTP/1.1" 400 329 "-" "-"
216.108.234.28 - - [18/Mar/2011:02:22:20 +0100] "GET /w00tw00t.at.ISC.SANS.DFind:) HTTP/1.1" 400 329 "-" "-"
216.108.234.28 - - [18/Mar/2011:02:22:20 +0100] "GET /w00tw00t.at.ISC.SANS.DFind:) HTTP/1.1" 400 329 "-" "-"
216.108.234.28 - - [18/Mar/2011:02:22:20 +0100] "GET /w00tw00t.at.ISC.SANS.DFind:) HTTP/1.1" 400 329 "-" "-"
216.108.234.28 - - [18/Mar/2011:02:22:20 +0100] "GET /w00tw00t.at.ISC.SANS.DFind:) HTTP/1.1" 400 329 "-" "-"
216.108.234.28 - - [18/Mar/2011:02:22:20 +0100] "GET /w00tw00t.at.ISC.SANS.DFind:) HTTP/1.1" 400 329 "-" "-"
216.108.234.28 - - [18/Mar/2011:02:22:20 +0100] "GET /w00tw00t.at.ISC.SANS.DFind:) HTTP/1.1" 400 329 "-" "-"
216.108.234.28 - - [18/Mar/2011:02:22:20 +0100] "GET /w00tw00t.at.ISC.SANS.DFind:) HTTP/1.1" 400 329 "-" "-"
216.108.234.28 - - [18/Mar/2011:02:22:20 +0100] "GET /w00tw00t.at.ISC.SANS.DFind:) HTTP/1.1" 400 329 "-" "-"
216.108.234.28 - - [18/Mar/2011:02:22:20 +0100] "GET /w00tw00t.at.ISC.SANS.DFind:) HTTP/1.1" 400 329 "-" "-"
216.108.234.28 - - [18/Mar/2011:02:22:20 +0100] "GET /w00tw00t.at.ISC.SANS.DFind:) HTTP/1.1" 400 329 "-" "-"
216.108.234.28 - - [18/Mar/2011:02:22:20 +0100] "GET /w00tw00t.at.ISC.SANS.DFind:) HTTP/1.1" 400 329 "-" "-"
216.108.234.28 - - [18/Mar/2011:02:22:20 +0100] "GET /w00tw00t.at.ISC.SANS.DFind:) HTTP/1.1" 400 329 "-" "-"
216.108.234.28 - - [18/Mar/2011:02:22:20 +0100] "GET /w00tw00t.at.ISC.SANS.DFind:) HTTP/1.1" 400 329 "-" "-"
216.108.234.28 - - [18/Mar/2011:02:22:20 +0100] "GET /w00tw00t.at.ISC.SANS.DFind:) HTTP/1.1" 400 329 "-" "-"
139.18.2.209 - - [18/Mar/2011:04:18:11 +0100] "GET / HTTP/1.1" 200 1229 "-" "findlinks/2.0.1 (+http://wortschatz.uni-leipzig.de/findlinks/)"
207.46.13.143 - - [18/Mar/2011:05:00:32 +0100] "GET /robots.txt HTTP/1.1" 404 322 "-" "Mozilla/5.0 (compatible; bingbot/2.0; +http://www.bing.com/bingbot.htm)"
207.46.13.143 - - [18/Mar/2011:05:01:22 +0100] "GET / HTTP/1.1" 304 - "-" "Mozilla/5.0 (compatible; bingbot/2.0; +http://www.bing.com/bingbot.htm)"
92.85.169.178 - - [18/Mar/2011:05:02:25 +0100] "GET / HTTP/1.1" 200 1229 "-" "Java/1.6.0_22"
95.108.151.244 - - [18/Mar/2011:06:16:19 +0100] "GET /robots.txt HTTP/1.1" 404 322 "-" "Mozilla/5.0 (compatible; YandexBot/3.0; MirrorDetector; +http://yandex.com/bots)"
95.108.151.244 - - [18/Mar/2011:06:16:20 +0100] "GET / HTTP/1.1" 200 1229 "-" "Mozilla/5.0 (compatible; YandexBot/3.0; MirrorDetector; +http://yandex.com/bots)"
95.108.151.244 - - [18/Mar/2011:06:16:21 +0100] "GET / HTTP/1.1" 200 1229 "-" "Mozilla/5.0 (compatible; YandexBot/3.0; MirrorDetector; +http://yandex.com/bots)"
95.108.151.244 - - [18/Mar/2011:06:16:25 +0100] "GET /robots.txt HTTP/1.1" 404 319 "-" "Mozilla/5.0 (compatible; YandexBot/3.0; MirrorDetector; +http://yandex.com/bots)"
95.108.151.244 - - [18/Mar/2011:06:16:26 +0100] "GET / HTTP/1.1" 200 1229 "-" "Mozilla/5.0 (compatible; YandexBot/3.0; MirrorDetector; +http://yandex.com/bots)"
95.108.151.244 - - [18/Mar/2011:06:16:27 +0100] "GET / HTTP/1.1" 200 1229 "-" "Mozilla/5.0 (compatible; YandexBot/3.0; MirrorDetector; +http://yandex.com/bots)"
207.46.199.196 - - [18/Mar/2011:06:25:32 +0100] "GET /robots.txt HTTP/1.1" 404 319 "-" "Mozilla/5.0 (compatible; bingbot/2.0; +http://www.bing.com/bingbot.htm)"
95.108.158.134 - - [18/Mar/2011:07:08:59 +0100] "GET /robots.txt HTTP/1.1" 404 319 "-" "Mozilla/5.0 (compatible; YandexBot/3.0; +http://yandex.com/bots)"
95.108.158.134 - - [18/Mar/2011:07:09:01 +0100] "GET / HTTP/1.1" 200 1229 "-" "Mozilla/5.0 (compatible; YandexBot/3.0; +http://yandex.com/bots)"
70.110.150.17 - - [18/Mar/2011:07:10:26 +0100] "HEAD /c99.php HTTP/1.1" 404 - "-" "Mozilla/5.0 (Windows; U; Windows NT 5.1; en; rv:1.8.1.8) Gecko/20071008 Firefox/2.0.0.8"
207.46.13.85 - - [18/Mar/2011:07:28:46 +0100] "GET /robots.txt HTTP/1.1" 404 319 "-" "Mozilla/5.0 (compatible; bingbot/2.0; +http://www.bing.com/bingbot.htm)"
207.46.13.85 - - [18/Mar/2011:07:29:19 +0100] "GET / HTTP/1.1" 304 - "-" "Mozilla/5.0 (compatible; bingbot/2.0; +http://www.bing.com/bingbot.htm)"
70.110.150.17 - - [18/Mar/2011:07:44:31 +0100] "HEAD /c99.php HTTP/1.1" 404 - "-" "Mozilla/5.0 (Windows; U; Windows NT 5.1; en; rv:1.8.1.8) Gecko/20071008 Firefox/2.0.0.8"
85.178.65.10 - - [18/Mar/2011:07:48:33 +0100] "GET /robots.txt HTTP/1.0" 404 322 "-" "Mozilla/5.0 (compatible; MJ12bot/v1.3.3; http://www.majestic12.co.uk/bot.php?+)"
85.178.65.10 - - [18/Mar/2011:07:48:43 +0100] "GET / HTTP/1.1" 200 1229 "-" "Mozilla/5.0 (compatible; MJ12bot/v1.3.3; http://www.majestic12.co.uk/bot.php?+)"
24.103.179.131 - - [18/Mar/2011:08:43:31 +0100] "GET / HTTP/1.0" 200 1229 "-" "-"
65.52.110.27 - - [18/Mar/2011:09:37:48 +0100] "GET /robots.txt HTTP/1.1" 404 319 "-" "Mozilla/5.0 (compatible; bingbot/2.0; +http://www.bing.com/bingbot.htm)"
65.52.110.27 - - [18/Mar/2011:09:39:21 +0100] "GET / HTTP/1.1" 304 - "-" "Mozilla/5.0 (compatible; bingbot/2.0; +http://www.bing.com/bingbot.htm)"
83.133.125.202 - - [18/Mar/2011:09:40:00 +0100] "GET / HTTP/1.1" 200 1229 "http://www.bigfinder.de/" "T-Online Browser"
192.168.10.10 - - [18/Mar/2011:09:42:28 +0100] "GET / HTTP/1.1" 200 1229 "-" "Mozilla/5.0 (Windows; U; Windows NT 6.1; de; rv:1.9.2.15) Gecko/20110303 AskTbFXTV5/3.9.1.14019 Firefox/3.6.15"
192.168.10.10 - - [18/Mar/2011:09:42:28 +0100] "GET /favicon.ico HTTP/1.1" 404 330 "-" "Mozilla/5.0 (Windows; U; Windows NT 6.1; de; rv:1.9.2.15) Gecko/20110303 AskTbFXTV5/3.9.1.14019 Firefox/3.6.15"
192.168.10.10 - - [18/Mar/2011:09:42:28 +0100] "GET /favicon.ico HTTP/1.1" 404 330 "-" "Mozilla/5.0 (Windows; U; Windows NT 6.1; de; rv:1.9.2.15) Gecko/20110303 AskTbFXTV5/3.9.1.14019 Firefox/3.6.15"
192.168.10.10 - - [18/Mar/2011:09:42:31 +0100] "GET /favicon.ico HTTP/1.1" 404 330 "-" "Mozilla/5.0 (Windows; U; Windows NT 6.1; de; rv:1.9.2.15) Gecko/20110303 AskTbFXTV5/3.9.1.14019 Firefox/3.6.15"
67.195.115.51 - - [18/Mar/2011:09:54:20 +0100] "GET /robots.txt HTTP/1.0" 404 319 "-" "Mozilla/5.0 (compatible; Yahoo! Slurp; http://help.yahoo.com/help/us/ysearch/slurp)"
67.195.115.51 - - [18/Mar/2011:09:54:20 +0100] "GET / HTTP/1.0" 200 1229 "-" "Mozilla/5.0 (compatible; Yahoo! Slurp; http://help.yahoo.com/help/us/ysearch/slurp)"
67.19.79.218 - - [18/Mar/2011:10:03:42 +0100] "GET /robots.txt HTTP/1.0" 404 311 "-" "Mozilla/4.0 (compatible; MSIE 5.01; Windows NT)"
70.110.150.17 - - [18/Mar/2011:10:06:12 +0100] "HEAD /c99.php HTTP/1.1" 404 - "-" "Mozilla/5.0 (Windows; U; Windows NT 5.1; en; rv:1.8.1.8) Gecko/20071008 Firefox/2.0.0.8"
70.110.150.17 - - [18/Mar/2011:10:23:15 +0100] "HEAD /c99.php HTTP/1.1" 404 - "-" "Mozilla/5.0 (Windows; U; Windows NT 5.1; en; rv:1.8.1.8) Gecko/20071008 Firefox/2.0.0.8"
70.110.150.17 - - [18/Mar/2011:10:54:06 +0100] "HEAD /c99.php HTTP/1.1" 404 - "-" "Mozilla/5.0 (Windows; U; Windows NT 5.1; en; rv:1.8.1.8) Gecko/20071008 Firefox/2.0.0.8"
208.115.111.74 - - [18/Mar/2011:11:10:00 +0100] "GET /robots.txt HTTP/1.1" 404 319 "-" "Mozilla/5.0 (compatible; Ezooms/1.0; ezooms.bot@gmail.com)"
24.98.109.144 - - [18/Mar/2011:11:11:04 +0100] "GET http://71.199.162.146/ HTTP/1.0" 200 1229 "-" "Mozilla/4.0 (compatible; MSIE 6.0; Windows NT 5.1)"
208.115.111.74 - - [18/Mar/2011:11:32:31 +0100] "GET / HTTP/1.1" 200 1229 "-" "Mozilla/5.0 (compatible; Ezooms/1.0; ezooms.bot@gmail.com)"
97.92.5.91 - - [18/Mar/2011:12:00:38 +0100] "GET /robots.txt HTTP/1.0" 404 319 "-" "Mozilla/5.0 (compatible; MJ12bot/v1.3.3; http://www.majestic12.co.uk/bot.php?+)"
97.92.5.91 - - [18/Mar/2011:12:00:38 +0100] "GET /seiten/default.html HTTP/1.1" 404 328 "-" "Mozilla/5.0 (compatible; MJ12bot/v1.3.3; http://www.majestic12.co.uk/bot.php?+)"
62.163.113.70 - - [18/Mar/2011:12:17:50 +0100] "GET / HTTP/1.1" 200 1229 "-" "Java/1.6.0_20"
24.103.179.131 - - [18/Mar/2011:12:52:36 +0100] "GET / HTTP/1.0" 200 1229 "-" "-"
75.126.208.34 - - [18/Mar/2011:14:19:20 +0100] "OPTIONS * HTTP/1.0" 200 - "-" "-"
75.126.208.34 - - [18/Mar/2011:14:19:20 +0100] "OPTIONS * HTTP/1.0" 200 - "-" "-"
75.126.208.34 - - [18/Mar/2011:14:19:20 +0100] "OPTIONS * HTTP/1.0" 200 - "-" "-"
75.126.208.34 - - [18/Mar/2011:14:19:20 +0100] "OPTIONS * HTTP/1.0" 200 - "-" "-"
75.126.208.34 - - [18/Mar/2011:14:19:20 +0100] "OPTIONS * HTTP/1.0" 200 - "-" "-"
75.126.208.34 - - [18/Mar/2011:14:19:20 +0100] "OPTIONS * HTTP/1.0" 200 - "-" "-"
75.126.208.34 - - [18/Mar/2011:14:19:20 +0100] "OPTIONS * HTTP/1.0" 200 - "-" "-"
75.126.208.34 - - [18/Mar/2011:14:19:20 +0100] "OPTIONS * HTTP/1.0" 200 - "-" "-"
75.126.208.34 - - [18/Mar/2011:14:19:20 +0100] "OPTIONS * HTTP/1.0" 200 - "-" "-"
75.126.208.34 - - [18/Mar/2011:14:19:20 +0100] "OPTIONS * HTTP/1.0" 200 - "-" "-"
75.126.208.34 - - [18/Mar/2011:14:19:20 +0100] "OPTIONS * HTTP/1.0" 200 - "-" "-"
75.126.208.34 - - [18/Mar/2011:14:19:20 +0100] "OPTIONS * HTTP/1.0" 200 - "-" "-"
75.126.208.34 - - [18/Mar/2011:14:19:20 +0100] "OPTIONS * HTTP/1.0" 200 - "-" "-"
75.126.208.34 - - [18/Mar/2011:14:19:20 +0100] "OPTIONS * HTTP/1.0" 200 - "-" "-"
75.126.208.34 - - [18/Mar/2011:14:19:20 +0100] "OPTIONS * HTTP/1.0" 200 - "-" "-"
75.126.208.34 - - [18/Mar/2011:14:19:20 +0100] "OPTIONS * HTTP/1.0" 200 - "-" "-"
75.126.208.34 - - [18/Mar/2011:14:19:20 +0100] "OPTIONS * HTTP/1.0" 200 - "-" "-"
75.126.208.34 - - [18/Mar/2011:14:19:20 +0100] "OPTIONS * HTTP/1.0" 200 - "-" "-"
213.186.122.3 - - [18/Mar/2011:14:34:08 +0100] "GET /robots.txt HTTP/1.1" 404 319 "-" "Mozilla/5.0 (compatible; SiteBot/0.1; +http://www.sitebot.org/robot/)"
213.186.122.3 - - [18/Mar/2011:14:34:09 +0100] "GET / HTTP/1.1" 200 1229 "-" "Mozilla/5.0 (compatible; SiteBot/0.1; +http://www.sitebot.org/robot/)"
192.168.10.10 - - [18/Mar/2011:14:41:33 +0100] "GET / HTTP/1.1" 304 - "-" "Mozilla/5.0 (Windows; U; Windows NT 6.1; de; rv:1.9.2.15) Gecko/20110303 AskTbFXTV5/3.9.1.14019 Firefox/3.6.15"
192.168.10.10 - - [18/Mar/2011:14:41:34 +0100] "GET / HTTP/1.1" 304 - "-" "Mozilla/5.0 (Windows; U; Windows NT 6.1; de; rv:1.9.2.15) Gecko/20110303 AskTbFXTV5/3.9.1.14019 Firefox/3.6.15"
84.59.217.121 - - [18/Mar/2011:17:01:33 +0100] "+++(#0839:85F0C008)[860.9d4](@cf62:88C1CF60){%0004}SEND---" 501 373 "-" "-"
83.133.125.202 - - [18/Mar/2011:17:03:52 +0100] "GET / HTTP/1.1" 200 1229 "http://www.bigfinder.de/" "Mozilla/5.0 (Windows; U; Windows NT 5.1; de; rv:1.9.0.12) Gecko/2009070611 Firefox/3.0.12 GTB7.1 (.NET CLR 3.5.30729)"
208.80.194.30 - - [18/Mar/2011:17:47:51 +0100] "GET / HTTP/1.0" 200 1229 "-" "Mozilla/4.0 (compatible; MSIE 7.0; Windows NT 5.1; FunWebProducts; .NET CLR 1.0.3705; .NET CLR 1.1.4322; Media Center PC 4.0; .NET CLR 2.0.50727; Hotbar 10.0.357.0)"
123.125.71.20 - - [18/Mar/2011:19:32:59 +0100] "GET / HTTP/1.1" 200 1229 "-" "Baiduspider+(+http://www.baidu.com/search/spider.htm)"
220.181.108.95 - - [18/Mar/2011:19:33:31 +0100] "GET / HTTP/1.1" 200 1229 "-" "Baiduspider+(+http://www.baidu.com/search/spider.htm)"
85.25.133.135 - - [18/Mar/2011:21:51:53 +0100] "GET /user/soapCaller.bs HTTP/1.1" 404 323 "-" "Morfeus Fucking Scanner"
85.25.133.135 - - [18/Mar/2011:21:51:53 +0100] "GET /user/soapCaller.bs HTTP/1.1" 404 323 "-" "Morfeus Fucking Scanner"
85.25.133.135 - - [18/Mar/2011:21:51:53 +0100] "GET /user/soapCaller.bs HTTP/1.1" 404 323 "-" "Morfeus Fucking Scanner"
85.25.133.135 - - [18/Mar/2011:21:51:53 +0100] "GET /user/soapCaller.bs HTTP/1.1" 404 323 "-" "Morfeus Fucking Scanner"
85.25.133.135 - - [18/Mar/2011:21:51:53 +0100] "GET /user/soapCaller.bs HTTP/1.1" 404 323 "-" "Morfeus Fucking Scanner"
85.25.133.135 - - [18/Mar/2011:21:51:53 +0100] "GET /user/soapCaller.bs HTTP/1.1" 404 323 "-" "Morfeus Fucking Scanner"
85.25.133.135 - - [18/Mar/2011:21:51:53 +0100] "GET /user/soapCaller.bs HTTP/1.1" 404 323 "-" "Morfeus Fucking Scanner"
85.25.133.135 - - [18/Mar/2011:21:51:53 +0100] "GET /user/soapCaller.bs HTTP/1.1" 404 323 "-" "Morfeus Fucking Scanner"
85.25.133.135 - - [18/Mar/2011:21:51:53 +0100] "GET /user/soapCaller.bs HTTP/1.1" 404 323 "-" "Morfeus Fucking Scanner"
85.25.133.135 - - [18/Mar/2011:21:51:53 +0100] "GET /user/soapCaller.bs HTTP/1.1" 404 323 "-" "Morfeus Fucking Scanner"
85.25.133.135 - - [18/Mar/2011:21:51:53 +0100] "GET /user/soapCaller.bs HTTP/1.1" 404 323 "-" "Morfeus Fucking Scanner"
85.25.133.135 - - [18/Mar/2011:21:51:53 +0100] "GET /user/soapCaller.bs HTTP/1.1" 404 323 "-" "Morfeus Fucking Scanner"
85.25.133.135 - - [18/Mar/2011:21:51:53 +0100] "GET /user/soapCaller.bs HTTP/1.1" 404 323 "-" "Morfeus Fucking Scanner"
85.25.133.135 - - [18/Mar/2011:21:51:53 +0100] "GET /user/soapCaller.bs HTTP/1.1" 404 323 "-" "Morfeus Fucking Scanner"
85.25.133.135 - - [18/Mar/2011:21:51:53 +0100] "GET /user/soapCaller.bs HTTP/1.1" 404 323 "-" "Morfeus Fucking Scanner"
85.25.133.135 - - [18/Mar/2011:21:51:53 +0100] "GET /user/soapCaller.bs HTTP/1.1" 404 323 "-" "Morfeus Fucking Scanner"
85.25.133.135 - - [18/Mar/2011:21:51:53 +0100] "GET /user/soapCaller.bs HTTP/1.1" 404 323 "-" "Morfeus Fucking Scanner"
85.25.133.135 - - [18/Mar/2011:21:51:53 +0100] "GET /user/soapCaller.bs HTTP/1.1" 404 323 "-" "Morfeus Fucking Scanner"
76.121.54.154 - - [18/Mar/2011:22:58:02 +0100] "GET / HTTP/1.0" 200 1229 "-" "-"
123.125.71.18 - - [19/Mar/2011:01:31:18 +0100] "GET / HTTP/1.1" 200 1229 "-" "Baiduspider+(+http://www.baidu.com/search/spider.htm)"
220.181.108.95 - - [19/Mar/2011:01:31:48 +0100] "GET / HTTP/1.1" 200 1229 "-" "Baiduspider+(+http://www.baidu.com/search/spider.htm)"
123.125.67.158 - - [19/Mar/2011:02:44:23 +0100] "GET / HTTP/1.1" 200 1229 "-" "Mozilla/5.0 (Windows; U; Windows NT 6.0; zh-CN; rv:1.9.1.7) Gecko/20091221 Firefox/3.5.7 (.NET CLR 3.5.30729)"
207.46.199.54 - - [19/Mar/2011:04:05:37 +0100] "GET /robots.txt HTTP/1.1" 404 319 "-" "Mozilla/5.0 (compatible; bingbot/2.0; +http://www.bing.com/bingbot.htm)"
207.46.199.54 - - [19/Mar/2011:04:06:19 +0100] "GET / HTTP/1.1" 304 - "-" "Mozilla/5.0 (compatible; bingbot/2.0; +http://www.bing.com/bingbot.htm)"
65.52.110.14 - - [19/Mar/2011:05:06:56 +0100] "GET /robots.txt HTTP/1.1" 404 319 "-" "Mozilla/5.0 (compatible; bingbot/2.0; +http://www.bing.com/bingbot.htm)"
65.52.110.14 - - [19/Mar/2011:05:07:51 +0100] "GET / HTTP/1.1" 304 - "-" "Mozilla/5.0 (compatible; bingbot/2.0; +http://www.bing.com/bingbot.htm)"
207.46.195.228 - - [19/Mar/2011:05:25:49 +0100] "GET / HTTP/1.1" 304 - "-" "Mozilla/5.0 (compatible; bingbot/2.0; +http://www.bing.com/bingbot.htm)"
208.115.111.244 - - [19/Mar/2011:07:00:16 +0100] "GET /robots.txt HTTP/1.1" 404 319 "-" "Mozilla/5.0 (compatible; DotBot/1.1; http://www.dotnetdotcom.org/, crawler@dotnetdotcom.org)"
65.111.171.90 - - [19/Mar/2011:08:19:53 +0100] "GET /robots.txt HTTP/1.0" 404 319 "-" "Gigabot/3.0 (http://www.gigablast.com/spider.html)"
65.111.171.90 - - [19/Mar/2011:08:19:54 +0100] "GET / HTTP/1.0" 200 1229 "-" "Gigabot/3.0 (http://www.gigablast.com/spider.html)"
207.46.199.183 - - [19/Mar/2011:08:23:53 +0100] "GET /robots.txt HTTP/1.1" 404 319 "-" "Mozilla/5.0 (compatible; bingbot/2.0; +http://www.bing.com/bingbot.htm)"
123.125.71.19 - - [19/Mar/2011:10:30:46 +0100] "GET / HTTP/1.1" 200 1229 "-" "Baiduspider+(+http://www.baidu.com/search/spider.htm)"
220.181.108.81 - - [19/Mar/2011:10:31:14 +0100] "GET / HTTP/1.1" 200 1229 "-" "Baiduspider+(+http://www.baidu.com/search/spider.htm)"
207.46.195.227 - - [19/Mar/2011:10:38:14 +0100] "GET /robots.txt HTTP/1.1" 404 322 "-" "Mozilla/5.0 (compatible; bingbot/2.0; +http://www.bing.com/bingbot.htm)"
207.46.195.227 - - [19/Mar/2011:10:38:48 +0100] "GET /kontakt.htm HTTP/1.1" 404 323 "-" "Mozilla/5.0 (compatible; bingbot/2.0; +http://www.bing.com/bingbot.htm)"
208.115.111.74 - - [19/Mar/2011:11:13:04 +0100] "GET /robots.txt HTTP/1.1" 404 319 "-" "Mozilla/5.0 (compatible; Ezooms/1.0; ezooms.bot@gmail.com)"
208.115.111.244 - - [19/Mar/2011:11:15:05 +0100] "GET /robots.txt HTTP/1.1" 404 319 "-" "Mozilla/5.0 (compatible; DotBot/1.1; http://www.dotnetdotcom.org/, crawler@dotnetdotcom.org)"
24.98.109.144 - - [19/Mar/2011:11:27:20 +0100] "GET http://71.199.162.146/ HTTP/1.0" 200 1229 "-" "Mozilla/4.0 (compatible; MSIE 6.0; Windows NT 5.1)"
208.115.111.74 - - [19/Mar/2011:11:35:37 +0100] "GET / HTTP/1.1" 200 1229 "-" "Mozilla/5.0 (compatible; Ezooms/1.0; ezooms.bot@gmail.com)"
208.115.111.244 - - [19/Mar/2011:12:10:11 +0100] "GET /seiten/betriebsleittechnik.html HTTP/1.1" 404 340 "-" "Mozilla/5.0 (compatible; DotBot/1.1; http://www.dotnetdotcom.org/, crawler@dotnetdotcom.org)"
208.115.111.244 - - [19/Mar/2011:12:10:15 +0100] "GET /seiten/projektmanagement.html HTTP/1.1" 404 338 "-" "Mozilla/5.0 (compatible; DotBot/1.1; http://www.dotnetdotcom.org/, crawler@dotnetdotcom.org)"
208.115.111.244 - - [19/Mar/2011:12:10:19 +0100] "GET /seiten/projektmanagement02.html HTTP/1.1" 404 340 "-" "Mozilla/5.0 (compatible; DotBot/1.1; http://www.dotnetdotcom.org/, crawler@dotnetdotcom.org)"
208.115.111.244 - - [19/Mar/2011:12:10:24 +0100] "GET /seiten/projektmanagement03.html HTTP/1.1" 404 340 "-" "Mozilla/5.0 (compatible; DotBot/1.1; http://www.dotnetdotcom.org/, crawler@dotnetdotcom.org)"
208.115.111.244 - - [19/Mar/2011:12:10:30 +0100] "GET /seiten/sicherungstechnik.html HTTP/1.1" 404 338 "-" "Mozilla/5.0 (compatible; DotBot/1.1; http://www.dotnetdotcom.org/, crawler@dotnetdotcom.org)"
208.115.111.244 - - [19/Mar/2011:12:10:35 +0100] "GET /seiten/sicherungstechnik02.html HTTP/1.1" 404 340 "-" "Mozilla/5.0 (compatible; DotBot/1.1; http://www.dotnetdotcom.org/, crawler@dotnetdotcom.org)"
208.115.111.244 - - [19/Mar/2011:12:10:41 +0100] "GET /seiten/sicherungstechnik03.html HTTP/1.1" 404 340 "-" "Mozilla/5.0 (compatible; DotBot/1.1; http://www.dotnetdotcom.org/, crawler@dotnetdotcom.org)"
208.115.111.244 - - [19/Mar/2011:12:10:46 +0100] "GET /seiten/sicherungstechnik04.html HTTP/1.1" 404 340 "-" "Mozilla/5.0 (compatible; DotBot/1.1; http://www.dotnetdotcom.org/, crawler@dotnetdotcom.org)"
208.115.111.244 - - [19/Mar/2011:12:10:51 +0100] "GET /seiten/zugbildungsanlage02.html HTTP/1.1" 404 340 "-" "Mozilla/5.0 (compatible; DotBot/1.1; http://www.dotnetdotcom.org/, crawler@dotnetdotcom.org)"
91.52.209.32 - - [19/Mar/2011:13:19:45 +0100] "GET /favicon.ico HTTP/1.1" 404 320 "-" "Mozilla/5.0 (compatible; Google Desktop/5.9.1005.12335; http://desktop.google.com/)"
208.115.111.244 - - [19/Mar/2011:15:19:23 +0100] "GET /robots.txt HTTP/1.1" 404 319 "-" "Mozilla/5.0 (compatible; DotBot/1.1; http://www.dotnetdotcom.org/, crawler@dotnetdotcom.org)"
208.115.111.244 - - [19/Mar/2011:16:18:33 +0100] "GET /seiten/bauueberwachung.html HTTP/1.1" 404 336 "-" "Mozilla/5.0 (compatible; DotBot/1.1; http://www.dotnetdotcom.org/, crawler@dotnetdotcom.org)"
208.115.111.244 - - [19/Mar/2011:16:18:37 +0100] "GET /seiten/ndl_BLDresden01.html HTTP/1.1" 404 336 "-" "Mozilla/5.0 (compatible; DotBot/1.1; http://www.dotnetdotcom.org/, crawler@dotnetdotcom.org)"
208.115.111.244 - - [19/Mar/2011:16:18:41 +0100] "GET /seiten/ndl_BLnuernberg1.html HTTP/1.1" 404 337 "-" "Mozilla/5.0 (compatible; DotBot/1.1; http://www.dotnetdotcom.org/, crawler@dotnetdotcom.org)"
208.115.111.244 - - [19/Mar/2011:16:18:46 +0100] "GET /seiten/ndl_Frankfurt01.html HTTP/1.1" 404 336 "-" "Mozilla/5.0 (compatible; DotBot/1.1; http://www.dotnetdotcom.org/, crawler@dotnetdotcom.org)"
208.115.111.244 - - [19/Mar/2011:16:18:51 +0100] "GET /seiten/ndl_Frankfurt02.html HTTP/1.1" 404 336 "-" "Mozilla/5.0 (compatible; DotBot/1.1; http://www.dotnetdotcom.org/, crawler@dotnetdotcom.org)"
208.115.111.244 - - [19/Mar/2011:16:18:56 +0100] "GET /seiten/ndl_Frankfurt03.html HTTP/1.1" 404 336 "-" "Mozilla/5.0 (compatible; DotBot/1.1; http://www.dotnetdotcom.org/, crawler@dotnetdotcom.org)"
208.115.111.244 - - [19/Mar/2011:16:19:01 +0100] "GET /seiten/ndl_Frankfurt04.html HTTP/1.1" 404 336 "-" "Mozilla/5.0 (compatible; DotBot/1.1; http://www.dotnetdotcom.org/, crawler@dotnetdotcom.org)"
208.115.111.244 - - [19/Mar/2011:16:19:07 +0100] "GET /seiten/ndl_nuernberg01.html HTTP/1.1" 404 336 "-" "Mozilla/5.0 (compatible; DotBot/1.1; http://www.dotnetdotcom.org/, crawler@dotnetdotcom.org)"
208.115.111.244 - - [19/Mar/2011:16:19:12 +0100] "GET /seiten/telekommunikation.html HTTP/1.1" 404 338 "-" "Mozilla/5.0 (compatible; DotBot/1.1; http://www.dotnetdotcom.org/, crawler@dotnetdotcom.org)"
208.115.111.244 - - [19/Mar/2011:16:19:17 +0100] "GET /seiten/zugbildungsanlage.html HTTP/1.1" 404 338 "-" "Mozilla/5.0 (compatible; DotBot/1.1; http://www.dotnetdotcom.org/, crawler@dotnetdotcom.org)"
123.125.71.107 - - [19/Mar/2011:18:00:53 +0100] "GET / HTTP/1.1" 200 1229 "-" "Baiduspider+(+http://www.baidu.com/search/spider.htm)"
208.115.111.244 - - [19/Mar/2011:19:27:04 +0100] "GET /robots.txt HTTP/1.1" 404 319 "-" "Mozilla/5.0 (compatible; DotBot/1.1; http://www.dotnetdotcom.org/, crawler@dotnetdotcom.org)"
65.52.110.42 - - [19/Mar/2011:19:49:46 +0100] "GET /robots.txt HTTP/1.1" 404 319 "-" "Mozilla/5.0 (compatible; bingbot/2.0; +http://www.bing.com/bingbot.htm)"
65.52.110.42 - - [19/Mar/2011:19:50:18 +0100] "GET / HTTP/1.1" 304 - "-" "Mozilla/5.0 (compatible; bingbot/2.0; +http://www.bing.com/bingbot.htm)"
202.160.179.17 - - [19/Mar/2011:19:56:43 +0100] "GET /robots.txt HTTP/1.0" 404 319 "-" "Mozilla/5.0 (compatible; Yahoo! Slurp China; http://misc.yahoo.com.cn/help.html)"
202.160.180.189 - - [19/Mar/2011:19:56:56 +0100] "GET / HTTP/1.0" 200 1229 "-" "Mozilla/5.0 (compatible; Yahoo! Slurp China; http://misc.yahoo.com.cn/help.html)"
208.115.111.244 - - [19/Mar/2011:20:22:21 +0100] "GET /seiten/fernverkehr01.html HTTP/1.1" 404 334 "-" "Mozilla/5.0 (compatible; DotBot/1.1; http://www.dotnetdotcom.org/, crawler@dotnetdotcom.org)"
208.115.111.244 - - [19/Mar/2011:20:22:25 +0100] "GET /seiten/fernverkehr02.html HTTP/1.1" 404 334 "-" "Mozilla/5.0 (compatible; DotBot/1.1; http://www.dotnetdotcom.org/, crawler@dotnetdotcom.org)"
208.115.111.244 - - [19/Mar/2011:20:22:29 +0100] "GET /seiten/ingenieurbau02.html HTTP/1.1" 404 335 "-" "Mozilla/5.0 (compatible; DotBot/1.1; http://www.dotnetdotcom.org/, crawler@dotnetdotcom.org)"
208.115.111.244 - - [19/Mar/2011:20:22:33 +0100] "GET /seiten/ingenieurbau03.html HTTP/1.1" 404 335 "-" "Mozilla/5.0 (compatible; DotBot/1.1; http://www.dotnetdotcom.org/, crawler@dotnetdotcom.org)"
208.115.111.244 - - [19/Mar/2011:20:22:38 +0100] "GET /seiten/mitgliedschaft.html HTTP/1.1" 404 335 "-" "Mozilla/5.0 (compatible; DotBot/1.1; http://www.dotnetdotcom.org/, crawler@dotnetdotcom.org)"
208.115.111.244 - - [19/Mar/2011:20:22:43 +0100] "GET /seiten/ndl_nuernberg02.html HTTP/1.1" 404 336 "-" "Mozilla/5.0 (compatible; DotBot/1.1; http://www.dotnetdotcom.org/, crawler@dotnetdotcom.org)"
208.115.111.244 - - [19/Mar/2011:20:22:49 +0100] "GET /seiten/ndl_nuernberg03.html HTTP/1.1" 404 336 "-" "Mozilla/5.0 (compatible; DotBot/1.1; http://www.dotnetdotcom.org/, crawler@dotnetdotcom.org)"
208.115.111.244 - - [19/Mar/2011:20:22:54 +0100] "GET /seiten/zertifizierung.html HTTP/1.1" 404 335 "-" "Mozilla/5.0 (compatible; DotBot/1.1; http://www.dotnetdotcom.org/, crawler@dotnetdotcom.org)"
208.115.111.244 - - [19/Mar/2011:20:22:59 +0100] "GET /seiten/zertifizierung2.html HTTP/1.1" 404 336 "-" "Mozilla/5.0 (compatible; DotBot/1.1; http://www.dotnetdotcom.org/, crawler@dotnetdotcom.org)"
208.115.111.244 - - [19/Mar/2011:20:23:04 +0100] "GET /seiten/zertifizierung3.html HTTP/1.1" 404 336 "-" "Mozilla/5.0 (compatible; DotBot/1.1; http://www.dotnetdotcom.org/, crawler@dotnetdotcom.org)"
207.46.12.239 - - [19/Mar/2011:21:45:51 +0100] "GET /robots.txt HTTP/1.1" 404 319 "-" "Mozilla/5.0 (compatible; bingbot/2.0; +http://www.bing.com/bingbot.htm)"
207.46.12.239 - - [19/Mar/2011:21:46:49 +0100] "GET / HTTP/1.1" 304 - "-" "Mozilla/5.0 (compatible; bingbot/2.0; +http://www.bing.com/bingbot.htm)"
207.46.13.85 - - [19/Mar/2011:22:16:49 +0100] "GET /robots.txt HTTP/1.1" 404 319 "-" "Mozilla/5.0 (compatible; bingbot/2.0; +http://www.bing.com/bingbot.htm)"
207.46.13.85 - - [19/Mar/2011:22:17:49 +0100] "GET / HTTP/1.1" 304 - "-" "Mozilla/5.0 (compatible; bingbot/2.0; +http://www.bing.com/bingbot.htm)"
38.111.147.84 - - [19/Mar/2011:22:21:55 +0100] "GET /robots.txt HTTP/1.0" 404 319 "-" "TurnitinBot/2.1 (http://www.turnitin.com/robot/crawlerinfo.html)"
208.115.111.244 - - [19/Mar/2011:23:39:51 +0100] "GET /robots.txt HTTP/1.1" 404 319 "-" "Mozilla/5.0 (compatible; DotBot/1.1; http://www.dotnetdotcom.org/, crawler@dotnetdotcom.org)"
85.13.139.231 - - [20/Mar/2011:00:00:21 +0100] "HEAD / HTTP/1.1" 200 - "-" "-"
208.115.111.244 - - [20/Mar/2011:00:32:21 +0100] "GET /seiten/fernverkehr03.html HTTP/1.1" 404 334 "-" "Mozilla/5.0 (compatible; DotBot/1.1; http://www.dotnetdotcom.org/, crawler@dotnetdotcom.org)"
208.115.111.244 - - [20/Mar/2011:00:32:25 +0100] "GET /seiten/fernverkehr04.html HTTP/1.1" 404 334 "-" "Mozilla/5.0 (compatible; DotBot/1.1; http://www.dotnetdotcom.org/, crawler@dotnetdotcom.org)"
208.115.111.244 - - [20/Mar/2011:00:32:29 +0100] "GET /seiten/fernverkehr05.html HTTP/1.1" 404 334 "-" "Mozilla/5.0 (compatible; DotBot/1.1; http://www.dotnetdotcom.org/, crawler@dotnetdotcom.org)"
208.115.111.244 - - [20/Mar/2011:00:32:34 +0100] "GET /seiten/ingenieurbau.html HTTP/1.1" 404 333 "-" "Mozilla/5.0 (compatible; DotBot/1.1; http://www.dotnetdotcom.org/, crawler@dotnetdotcom.org)"
208.115.111.244 - - [20/Mar/2011:00:32:39 +0100] "GET /seiten/laermschutz01.html HTTP/1.1" 404 334 "-" "Mozilla/5.0 (compatible; DotBot/1.1; http://www.dotnetdotcom.org/, crawler@dotnetdotcom.org)"
208.115.111.244 - - [20/Mar/2011:00:32:44 +0100] "GET /seiten/nahverkehr01.html HTTP/1.1" 404 333 "-" "Mozilla/5.0 (compatible; DotBot/1.1; http://www.dotnetdotcom.org/, crawler@dotnetdotcom.org)"
208.115.111.244 - - [20/Mar/2011:00:32:49 +0100] "GET /seiten/nahverkehr02.html HTTP/1.1" 404 333 "-" "Mozilla/5.0 (compatible; DotBot/1.1; http://www.dotnetdotcom.org/, crawler@dotnetdotcom.org)"
208.115.111.244 - - [20/Mar/2011:00:32:54 +0100] "GET /seiten/nahverkehr03.html HTTP/1.1" 404 333 "-" "Mozilla/5.0 (compatible; DotBot/1.1; http://www.dotnetdotcom.org/, crawler@dotnetdotcom.org)"
208.115.111.244 - - [20/Mar/2011:00:32:59 +0100] "GET /seiten/ndl_dresden02.html HTTP/1.1" 404 334 "-" "Mozilla/5.0 (compatible; DotBot/1.1; http://www.dotnetdotcom.org/, crawler@dotnetdotcom.org)"
208.115.111.244 - - [20/Mar/2011:00:33:04 +0100] "GET /seiten/ndl_dresden03.html HTTP/1.1" 404 334 "-" "Mozilla/5.0 (compatible; DotBot/1.1; http://www.dotnetdotcom.org/, crawler@dotnetdotcom.org)"
207.46.199.44 - - [20/Mar/2011:00:44:15 +0100] "GET /robots.txt HTTP/1.1" 404 319 "-" "Mozilla/5.0 (compatible; bingbot/2.0; +http://www.bing.com/bingbot.htm)"
207.46.199.44 - - [20/Mar/2011:00:44:50 +0100] "GET / HTTP/1.1" 304 - "-" "Mozilla/5.0 (compatible; bingbot/2.0; +http://www.bing.com/bingbot.htm)"
85.214.75.94 - - [20/Mar/2011:01:02:23 +0100] "GET /robots.txt HTTP/1.1" 404 319 "http://www.eurip.com" "EuripBot/1.1 (+http://www.eurip.com) GetRobots"
85.214.75.94 - - [20/Mar/2011:01:02:23 +0100] "GET /seiten/jobs.html HTTP/1.1" 404 325 "http://www.eurip.com" "EuripBot/1.1 (+http://www.eurip.com) GetFile"
193.252.118.173 - - [20/Mar/2011:01:08:30 +0100] "GET /robots.txt HTTP/1.1" 404 319 "-" "Mozilla/5.0 (Windows; U; Windows NT 5.1; fr; rv:1.8.1) VoilaBot BETA 1.2 (support.voilabot@orange-ftgroup.com)"
193.252.118.173 - - [20/Mar/2011:01:08:43 +0100] "GET / HTTP/1.1" 200 1229 "-" "Mozilla/5.0 (Windows; U; Windows NT 5.1; fr; rv:1.8.1) VoilaBot BETA 1.2 (support.voilabot@orange-ftgroup.com)"
123.125.71.34 - - [20/Mar/2011:01:31:41 +0100] "GET / HTTP/1.1" 200 1229 "-" "Baiduspider+(+http://www.baidu.com/search/spider.htm)"
220.181.108.92 - - [20/Mar/2011:01:32:13 +0100] "GET / HTTP/1.1" 200 1229 "-" "Baiduspider+(+http://www.baidu.com/search/spider.htm)"
66.249.71.246 - - [20/Mar/2011:01:38:56 +0100] "GET /robots.txt HTTP/1.1" 404 337 "-" "Mozilla/5.0 (compatible; Googlebot/2.1; +http://www.google.com/bot.html)"
66.249.71.246 - - [20/Mar/2011:01:38:57 +0100] "GET / HTTP/1.1" 304 - "-" "Mozilla/5.0 (compatible; Googlebot/2.1; +http://www.google.com/bot.html)"
46.182.123.80 - - [20/Mar/2011:02:36:54 +0100] "OPTIONS * HTTP/1.0" 200 - "-" "-"
46.182.123.80 - - [20/Mar/2011:02:36:54 +0100] "OPTIONS * HTTP/1.0" 200 - "-" "-"
46.182.123.80 - - [20/Mar/2011:02:36:54 +0100] "OPTIONS * HTTP/1.0" 200 - "-" "-"
46.182.123.80 - - [20/Mar/2011:02:36:54 +0100] "OPTIONS * HTTP/1.0" 200 - "-" "-"
46.182.123.80 - - [20/Mar/2011:02:36:54 +0100] "OPTIONS * HTTP/1.0" 200 - "-" "-"
46.182.123.80 - - [20/Mar/2011:02:36:54 +0100] "OPTIONS * HTTP/1.0" 200 - "-" "-"
46.182.123.80 - - [20/Mar/2011:02:36:54 +0100] "OPTIONS * HTTP/1.0" 200 - "-" "-"
46.182.123.80 - - [20/Mar/2011:02:36:54 +0100] "OPTIONS * HTTP/1.0" 200 - "-" "-"
46.182.123.80 - - [20/Mar/2011:02:36:54 +0100] "OPTIONS * HTTP/1.0" 200 - "-" "-"
46.182.123.80 - - [20/Mar/2011:02:36:54 +0100] "OPTIONS * HTTP/1.0" 200 - "-" "-"
46.182.123.80 - - [20/Mar/2011:02:36:54 +0100] "OPTIONS * HTTP/1.0" 200 - "-" "-"
46.182.123.80 - - [20/Mar/2011:02:36:54 +0100] "OPTIONS * HTTP/1.0" 200 - "-" "-"
46.182.123.80 - - [20/Mar/2011:02:36:54 +0100] "OPTIONS * HTTP/1.0" 200 - "-" "-"
46.182.123.80 - - [20/Mar/2011:02:36:54 +0100] "OPTIONS * HTTP/1.0" 200 - "-" "-"
46.182.123.80 - - [20/Mar/2011:02:36:54 +0100] "OPTIONS * HTTP/1.0" 200 - "-" "-"
46.182.123.80 - - [20/Mar/2011:02:36:54 +0100] "OPTIONS * HTTP/1.0" 200 - "-" "-"
46.182.123.80 - - [20/Mar/2011:02:36:54 +0100] "OPTIONS * HTTP/1.0" 200 - "-" "-"
46.182.123.80 - - [20/Mar/2011:02:36:54 +0100] "OPTIONS * HTTP/1.0" 200 - "-" "-"
207.46.199.188 - - [20/Mar/2011:02:47:03 +0100] "GET /robots.txt HTTP/1.1" 404 319 "-" "Mozilla/5.0 (compatible; bingbot/2.0; +http://www.bing.com/bingbot.htm)"
76.121.54.154 - - [20/Mar/2011:03:38:57 +0100] "GET / HTTP/1.0" 200 1229 "-" "-"
