209.51.162.220 - - [01/Aug/2011:03:21:30 +0200] "GET /robots.txt HTTP/1.1" 404 - "-" "ShopWiki/1.0 ( +http://www.shopwiki.com/wiki/Help:Bot)"
77.20.40.173 - - [01/Aug/2011:05:02:55 +0200] "GET /livezilla/livezilla.php HTTP/1.1" 200 90048 "-" "findlinks/2.0.2 (+http://wortschatz.uni-leipzig.de/findlinks/)"
77.20.40.173 - - [01/Aug/2011:05:02:55 +0200] "GET /livezilla/livezilla.php HTTP/1.1" 200 90048 "-" "findlinks/2.0.2 (+http://wortschatz.uni-leipzig.de/findlinks/)"
208.80.194.35 - - [01/Aug/2011:06:31:39 +0200] "GET / HTTP/1.0" 200 1244 "-" "Mozilla/4.0 (compatible; MSIE 7.0; Windows NT 5.1; BT Business Broadband; FunWebProducts; .NET CLR 1.1.4322)"
77.20.40.173 - - [01/Aug/2011:07:33:15 +0200] "GET /robots.txt HTTP/1.1" 404 - "-" "findlinks/2.0.2 (+http://wortschatz.uni-leipzig.de/findlinks/)"
66.249.72.3 - - [01/Aug/2011:11:57:55 +0200] "GET /robots.txt HTTP/1.1" 404 - "-" "Googlebot-Image/1.0"
66.249.72.3 - - [01/Aug/2011:11:57:55 +0200] "GET /livezilla/images/button_close.gif HTTP/1.1" 304 - "-" "Googlebot-Image/1.0"
66.249.72.3 - - [01/Aug/2011:17:45:30 +0200] "GET /robots.txt HTTP/1.1" 404 - "-" "Googlebot-Image/1.0"
66.249.72.3 - - [01/Aug/2011:17:45:30 +0200] "GET /livezilla/images/button_fav.gif HTTP/1.1" 304 - "-" "Googlebot-Image/1.0"
8.11.2.9 - - [01/Aug/2011:18:57:59 +0200] "GET /robots.txt HTTP/1.1" 404 - "-" "ShopWiki/1.0 ( +http://www.shopwiki.com/wiki/Help:Bot)"
209.51.162.220 - - [01/Aug/2011:20:11:28 +0200] "GET /livezilla/livezilla.php?template=lz_chat_frame.1.1 HTTP/1.1" 200 2407 "-" "ShopWiki/1.0 ( +http://www.shopwiki.com/wiki/Help:Bot)"
209.51.162.220 - - [01/Aug/2011:20:11:29 +0200] "GET /livezilla/templates/style.css HTTP/1.1" 200 9496 "-" "ShopWiki/1.0 ( +http://www.shopwiki.com/wiki/Help:Bot)"
209.51.162.220 - - [01/Aug/2011:20:11:32 +0200] "GET /livezilla/livezilla.php?template=lz_chat_frame.3.3 HTTP/1.1" 200 321 "-" "ShopWiki/1.0 ( +http://www.shopwiki.com/wiki/Help:Bot)"
209.51.162.220 - - [01/Aug/2011:20:11:34 +0200] "GET /livezilla/livezilla.php?template=lz_chat_frame.3.0 HTTP/1.1" 200 321 "-" "ShopWiki/1.0 ( +http://www.shopwiki.com/wiki/Help:Bot)"
209.51.162.220 - - [01/Aug/2011:20:11:35 +0200] "GET /livezilla/livezilla.php?template=lz_chat_frame.2.0 HTTP/1.1" 200 344 "-" "ShopWiki/1.0 ( +http://www.shopwiki.com/wiki/Help:Bot)"
209.51.162.219 - - [01/Aug/2011:22:29:50 +0200] "GET /robots.txt HTTP/1.1" 404 - "-" "ShopWiki/1.0 ( +http://www.shopwiki.com/wiki/Help:Bot)"
66.249.72.3 - - [01/Aug/2011:23:39:52 +0200] "GET /livezilla/intern_images/nopic.jpg HTTP/1.1" 304 - "-" "Googlebot-Image/1.0"
8.11.2.10 - - [02/Aug/2011:03:27:15 +0200] "GET /robots.txt HTTP/1.1" 404 - "-" "ShopWiki/1.0 ( +http://www.shopwiki.com/wiki/Help:Bot)"
66.249.72.3 - - [02/Aug/2011:05:34:48 +0200] "GET /robots.txt HTTP/1.1" 404 - "-" "Googlebot-Image/1.0"
66.249.72.3 - - [02/Aug/2011:05:34:48 +0200] "GET /livezilla/images/lz_header.gif HTTP/1.1" 304 - "-" "Googlebot-Image/1.0"
208.80.194.29 - - [02/Aug/2011:13:09:48 +0200] "GET / HTTP/1.0" 200 1244 "-" "Mozilla/4.0 (compatible; MSIE 7.0; Windows NT 6.0; Embedded Web Browser from: http://bsalsa.com/; SLCC1; .NET CLR 2.0.50727; .NET CLR 3.0.04506)"
95.108.151.244 - - [02/Aug/2011:15:26:57 +0200] "GET /robots.txt HTTP/1.1" 404 - "-" "Mozilla/5.0 (compatible; YandexBot/3.0; +http://yandex.com/bots)"
95.108.151.244 - - [02/Aug/2011:15:26:58 +0200] "GET / HTTP/1.1" 200 1244 "-" "Mozilla/5.0 (compatible; YandexBot/3.0; +http://yandex.com/bots)"
95.108.151.244 - - [02/Aug/2011:15:26:59 +0200] "GET / HTTP/1.1" 200 1244 "-" "Mozilla/5.0 (compatible; YandexBot/3.0; +http://yandex.com/bots)"
66.249.72.3 - - [02/Aug/2011:20:57:27 +0200] "GET /robots.txt HTTP/1.1" 404 - "-" "Googlebot-Image/1.0"
66.249.72.3 - - [02/Aug/2011:20:57:27 +0200] "GET /livezilla/image.php?id=04 HTTP/1.1" 404 - "-" "Googlebot-Image/1.0"
8.11.2.9 - - [03/Aug/2011:03:25:53 +0200] "GET /robots.txt HTTP/1.1" 404 - "-" "ShopWiki/1.0 ( +http://www.shopwiki.com/wiki/Help:Bot)"
8.11.2.9 - - [03/Aug/2011:12:09:33 +0200] "GET /robots.txt HTTP/1.1" 404 - "-" "ShopWiki/1.0 ( +http://www.shopwiki.com/wiki/Help:Bot)"
77.20.40.169 - - [03/Aug/2011:14:05:39 +0200] "GET /livezilla/livezilla.php HTTP/1.1" 200 90048 "-" "findlinks/2.0.2 (+http://wortschatz.uni-leipzig.de/findlinks/)"
77.20.40.169 - - [03/Aug/2011:14:05:40 +0200] "GET /livezilla/livezilla.php HTTP/1.1" 200 90048 "-" "findlinks/2.0.2 (+http://wortschatz.uni-leipzig.de/findlinks/)"
8.11.2.10 - - [03/Aug/2011:15:59:20 +0200] "GET /robots.txt HTTP/1.1" 404 - "-" "ShopWiki/1.0 ( +http://www.shopwiki.com/wiki/Help:Bot)"
77.20.40.82 - - [03/Aug/2011:17:42:24 +0200] "GET /robots.txt HTTP/1.1" 404 - "-" "findlinks/2.0.2 (+http://wortschatz.uni-leipzig.de/findlinks/)"
67.152.29.130 - - [03/Aug/2011:19:19:22 +0200] "GET /robots.txt HTTP/1.1" 404 - "-" "ShopWiki/1.0 ( +http://www.shopwiki.com/wiki/Help:Bot)"
213.186.122.3 - - [03/Aug/2011:21:52:26 +0200] "GET /robots.txt HTTP/1.1" 404 - "-" "Mozilla/5.0 (compatible; SiteBot/0.1; +http://www.sitebot.org/robot/)"
213.186.122.3 - - [03/Aug/2011:21:52:27 +0200] "GET /livezilla/livezilla.php HTTP/1.1" 200 90048 "-" "Mozilla/5.0 (compatible; SiteBot/0.1; +http://www.sitebot.org/robot/)"
209.51.162.220 - - [03/Aug/2011:23:38:05 +0200] "GET /robots.txt HTTP/1.1" 404 - "-" "ShopWiki/1.0 ( +http://www.shopwiki.com/wiki/Help:Bot)"
95.108.158.134 - - [04/Aug/2011:00:49:29 +0200] "GET /robots.txt HTTP/1.1" 404 - "-" "Mozilla/5.0 (compatible; YandexBot/3.0; +http://yandex.com/bots)"
95.108.158.134 - - [04/Aug/2011:04:17:27 +0200] "GET / HTTP/1.1" 200 1244 "-" "Mozilla/5.0 (compatible; YandexBot/3.0; +http://yandex.com/bots)"
66.249.72.3 - - [04/Aug/2011:10:32:11 +0200] "GET /robots.txt HTTP/1.1" 404 - "-" "Mozilla/5.0 (compatible; Googlebot/2.1; +http://www.google.com/bot.html)"
66.249.72.3 - - [04/Aug/2011:10:32:12 +0200] "GET / HTTP/1.1" 304 - "-" "Mozilla/5.0 (compatible; Googlebot/2.1; +http://www.google.com/bot.html)"
209.51.162.220 - - [04/Aug/2011:21:32:15 +0200] "GET /robots.txt HTTP/1.1" 404 - "-" "ShopWiki/1.0 ( +http://www.shopwiki.com/wiki/Help:Bot)"
208.80.194.29 - - [05/Aug/2011:02:52:41 +0200] "GET / HTTP/1.0" 200 1244 "-" "Mozilla/4.0 (compatible; MSIE 7.0; Windows NT 5.1; FunWebProducts; Hotbar4.5.3.0; TrustyHound IE-TB(4.1); .NET CLR 1.1.4322)"
209.51.162.220 - - [05/Aug/2011:04:13:09 +0200] "GET /robots.txt HTTP/1.1" 404 - "-" "ShopWiki/1.0 ( +http://www.shopwiki.com/wiki/Help:Bot)"
209.51.162.220 - - [05/Aug/2011:04:13:11 +0200] "GET /livezilla/livezilla.php HTTP/1.1" 200 90200 "-" "ShopWiki/1.0 ( +http://www.shopwiki.com/wiki/Help:Bot)"
209.51.162.220 - - [05/Aug/2011:04:13:12 +0200] "GET /livezilla/templates/style.css HTTP/1.1" 200 9496 "-" "ShopWiki/1.0 ( +http://www.shopwiki.com/wiki/Help:Bot)"
8.11.2.10 - - [05/Aug/2011:05:33:03 +0200] "GET /livezilla/livezilla.php?template=lz_chat_frame.3.3 HTTP/1.1" 200 321 "-" "ShopWiki/1.0 ( +http://www.shopwiki.com/wiki/Help:Bot)"
8.11.2.10 - - [05/Aug/2011:05:33:03 +0200] "GET /livezilla/templates/style.css HTTP/1.1" 200 9496 "-" "ShopWiki/1.0 ( +http://www.shopwiki.com/wiki/Help:Bot)"
8.11.2.10 - - [05/Aug/2011:05:33:04 +0200] "GET /livezilla/livezilla.php?template=lz_chat_frame.3.0 HTTP/1.1" 200 321 "-" "ShopWiki/1.0 ( +http://www.shopwiki.com/wiki/Help:Bot)"
8.11.2.10 - - [05/Aug/2011:05:33:05 +0200] "GET /livezilla/livezilla.php?template=lz_chat_frame.2.0 HTTP/1.1" 200 344 "-" "ShopWiki/1.0 ( +http://www.shopwiki.com/wiki/Help:Bot)"
8.11.2.10 - - [05/Aug/2011:05:33:07 +0200] "GET /livezilla/livezilla.php?template=lz_chat_frame.2.2 HTTP/1.1" 200 345 "-" "ShopWiki/1.0 ( +http://www.shopwiki.com/wiki/Help:Bot)"
213.186.122.3 - - [05/Aug/2011:05:58:13 +0200] "GET /robots.txt HTTP/1.1" 404 - "-" "Mozilla/5.0 (compatible; SiteBot/0.1; +http://www.sitebot.org/robot/)"
213.186.122.3 - - [05/Aug/2011:05:58:14 +0200] "GET /livezilla/livezilla.php HTTP/1.1" 200 90048 "-" "Mozilla/5.0 (compatible; SiteBot/0.1; +http://www.sitebot.org/robot/)"
209.51.162.220 - - [05/Aug/2011:14:24:06 +0200] "GET /robots.txt HTTP/1.1" 404 - "-" "ShopWiki/1.0 ( +http://www.shopwiki.com/wiki/Help:Bot)"
77.20.40.82 - - [05/Aug/2011:21:25:50 +0200] "GET /robots.txt HTTP/1.1" 404 - "-" "findlinks/2.0.2 (+http://wortschatz.uni-leipzig.de/findlinks/)"
209.51.162.219 - - [06/Aug/2011:01:12:27 +0200] "GET /robots.txt HTTP/1.1" 404 - "-" "ShopWiki/1.0 ( +http://www.shopwiki.com/wiki/Help:Bot)"
207.46.204.231 - - [06/Aug/2011:01:39:42 +0200] "GET /robots.txt HTTP/1.1" 404 - "-" "Mozilla/5.0 (compatible; bingbot/2.0; +http://www.bing.com/bingbot.htm)"
207.46.204.231 - - [06/Aug/2011:01:41:29 +0200] "GET /livezilla/livezilla.php HTTP/1.1" 200 90048 "-" "Mozilla/5.0 (compatible; bingbot/2.0; +http://www.bing.com/bingbot.htm)"
67.152.29.130 - - [06/Aug/2011:05:17:28 +0200] "GET /robots.txt HTTP/1.1" 404 - "-" "ShopWiki/1.0 ( +http://www.shopwiki.com/wiki/Help:Bot)"
8.11.2.10 - - [06/Aug/2011:10:48:12 +0200] "GET /robots.txt HTTP/1.1" 404 - "-" "ShopWiki/1.0 ( +http://www.shopwiki.com/wiki/Help:Bot)"
208.80.194.34 - - [06/Aug/2011:17:42:46 +0200] "GET / HTTP/1.0" 200 1244 "-" "Mozilla/4.0 (compatible; MSIE 6.0; AOL 9.0; Windows NT 5.1; SV1; .NET CLR 1.1.4322; .NET CLR 2.0.50727; Zune 2.0)"
77.20.40.173 - - [06/Aug/2011:18:43:05 +0200] "GET /livezilla/livezilla.php HTTP/1.1" 200 90048 "-" "findlinks/2.0.2 (+http://wortschatz.uni-leipzig.de/findlinks/)"
77.20.40.173 - - [06/Aug/2011:18:43:06 +0200] "GET /livezilla/livezilla.php HTTP/1.1" 200 90048 "-" "findlinks/2.0.2 (+http://wortschatz.uni-leipzig.de/findlinks/)"
95.108.158.134 - - [06/Aug/2011:21:33:40 +0200] "GET /robots.txt HTTP/1.1" 404 - "-" "Mozilla/5.0 (compatible; YandexBot/3.0; +http://yandex.com/bots)"
95.108.158.134 - - [07/Aug/2011:01:11:53 +0200] "GET / HTTP/1.1" 200 1244 "-" "Mozilla/5.0 (compatible; YandexBot/3.0; +http://yandex.com/bots)"
67.152.29.130 - - [07/Aug/2011:17:49:44 +0200] "GET /robots.txt HTTP/1.1" 404 - "-" "ShopWiki/1.0 ( +http://www.shopwiki.com/wiki/Help:Bot)"
67.195.115.99 - - [07/Aug/2011:18:57:42 +0200] "GET /robots.txt HTTP/1.0" 404 - "-" "Mozilla/5.0 (compatible; Yahoo! Slurp; http://help.yahoo.com/help/us/ysearch/slurp)"
67.195.115.99 - - [07/Aug/2011:18:57:43 +0200] "GET /livezilla/livezilla.php HTTP/1.0" 200 90048 "-" "Mozilla/5.0 (compatible; Yahoo! Slurp; http://help.yahoo.com/help/us/ysearch/slurp)"
67.195.115.99 - - [07/Aug/2011:18:57:44 +0200] "GET /livezilla/templates/nojava.html HTTP/1.0" 200 1088 "-" "Mozilla/5.0 (compatible; Yahoo! Slurp; http://help.yahoo.com/help/us/ysearch/slurp)"
130.83.163.231 - - [08/Aug/2011:00:19:17 +0200] "GET /robots.txt HTTP/1.1" 404 - "-" "findlinks/2.0.4 (+http://wortschatz.uni-leipzig.de/findlinks/)"
209.51.162.220 - - [08/Aug/2011:07:06:20 +0200] "GET /robots.txt HTTP/1.1" 404 - "-" "ShopWiki/1.0 ( +http://www.shopwiki.com/wiki/Help:Bot)"
208.80.194.26 - - [08/Aug/2011:09:32:37 +0200] "GET / HTTP/1.0" 200 1244 "-" "Mozilla/4.0 (compatible; MSIE 7.0; Windows NT 5.1; AT&T WNS5.0 IE5.0.01; AT&T WNS5.2; .NET CLR 1.1.4322)"
67.152.29.130 - - [08/Aug/2011:12:22:54 +0200] "GET /robots.txt HTTP/1.1" 404 - "-" "ShopWiki/1.0 ( +http://www.shopwiki.com/wiki/Help:Bot)"
209.51.162.220 - - [08/Aug/2011:15:28:02 +0200] "GET /robots.txt HTTP/1.1" 404 - "-" "ShopWiki/1.0 ( +http://www.shopwiki.com/wiki/Help:Bot)"
77.20.40.169 - - [08/Aug/2011:18:55:25 +0200] "GET /livezilla/livezilla.php HTTP/1.1" 200 90048 "-" "findlinks/2.0.2 (+http://wortschatz.uni-leipzig.de/findlinks/)"
77.20.40.169 - - [08/Aug/2011:18:55:26 +0200] "GET /livezilla/livezilla.php HTTP/1.1" 200 90048 "-" "findlinks/2.0.2 (+http://wortschatz.uni-leipzig.de/findlinks/)"
8.11.2.9 - - [08/Aug/2011:23:14:44 +0200] "GET /robots.txt HTTP/1.1" 404 - "-" "ShopWiki/1.0 ( +http://www.shopwiki.com/wiki/Help:Bot)"
8.11.2.10 - - [09/Aug/2011:04:17:38 +0200] "GET /robots.txt HTTP/1.1" 404 - "-" "ShopWiki/1.0 ( +http://www.shopwiki.com/wiki/Help:Bot)"
95.220.200.178 - - [09/Aug/2011:18:34:15 +0200] "GET / HTTP/1.1" 200 1244 "http://yandex.ru/yandsearch?text=chat.f-m-shop.de" "Mozilla/4.0 (compatible; MSIE 8.0; Windows NT 5.1; Trident/4.0; InfoPath.1)"
208.80.194.33 - - [10/Aug/2011:01:38:22 +0200] "GET / HTTP/1.0" 200 1244 "-" "Mozilla/4.0 (compatible; MSIE 6.0; Windows NT 5.1; SV1; YPC 3.2.0; SpamBlockerUtility 4.8.0; yplus 5.1.04b)"
209.51.162.220 - - [10/Aug/2011:01:46:57 +0200] "GET /robots.txt HTTP/1.1" 404 - "-" "ShopWiki/1.0 ( +http://www.shopwiki.com/wiki/Help:Bot)"
67.152.29.130 - - [10/Aug/2011:05:30:55 +0200] "GET /robots.txt HTTP/1.1" 404 - "-" "ShopWiki/1.0 ( +http://www.shopwiki.com/wiki/Help:Bot)"
213.186.122.3 - - [10/Aug/2011:06:17:32 +0200] "GET /robots.txt HTTP/1.1" 404 - "-" "Mozilla/5.0 (compatible; SiteBot/0.1; +http://www.sitebot.org/robot/)"
213.186.122.3 - - [10/Aug/2011:06:17:33 +0200] "GET /livezilla/livezilla.php HTTP/1.1" 200 90048 "-" "Mozilla/5.0 (compatible; SiteBot/0.1; +http://www.sitebot.org/robot/)"
213.186.122.3 - - [10/Aug/2011:06:17:35 +0200] "GET /livezilla/livezilla.php?template=lz_chat_frame.0.1 HTTP/1.1" 200 343 "-" "Mozilla/5.0 (compatible; SiteBot/0.1; +http://www.sitebot.org/robot/)"
213.186.122.3 - - [10/Aug/2011:06:17:36 +0200] "GET /livezilla/livezilla.php?template=lz_chat_frame.3.2.chat.1.0 HTTP/1.1" 200 1572 "-" "Mozilla/5.0 (compatible; SiteBot/0.1; +http://www.sitebot.org/robot/)"
213.186.122.3 - - [10/Aug/2011:06:17:37 +0200] "GET /livezilla/livezilla.php?template=lz_chat_frame.4.1 HTTP/1.1" 200 578 "-" "Mozilla/5.0 (compatible; SiteBot/0.1; +http://www.sitebot.org/robot/)"
77.20.40.82 - - [10/Aug/2011:09:14:09 +0200] "GET /robots.txt HTTP/1.1" 404 - "-" "findlinks/2.0.2 (+http://wortschatz.uni-leipzig.de/findlinks/)"
66.249.66.152 - - [10/Aug/2011:10:02:39 +0200] "GET /robots.txt HTTP/1.1" 404 - "-" "Mozilla/5.0 (compatible; Googlebot/2.1; +http://www.google.com/bot.html)"
66.249.66.152 - - [10/Aug/2011:10:02:39 +0200] "GET /livezilla/livezilla.php HTTP/1.1" 200 90048 "-" "Mozilla/5.0 (compatible; Googlebot/2.1; +http://www.google.com/bot.html)"
67.152.29.130 - - [10/Aug/2011:11:29:08 +0200] "GET /robots.txt HTTP/1.1" 404 - "-" "ShopWiki/1.0 ( +http://www.shopwiki.com/wiki/Help:Bot)"
77.20.40.173 - - [10/Aug/2011:19:56:31 +0200] "GET /livezilla/livezilla.php HTTP/1.1" 200 90048 "-" "findlinks/2.0.2 (+http://wortschatz.uni-leipzig.de/findlinks/)"
77.20.40.173 - - [10/Aug/2011:19:56:31 +0200] "GET /livezilla/livezilla.php HTTP/1.1" 200 90048 "-" "findlinks/2.0.2 (+http://wortschatz.uni-leipzig.de/findlinks/)"
209.51.162.220 - - [11/Aug/2011:00:24:33 +0200] "GET /robots.txt HTTP/1.1" 404 - "-" "ShopWiki/1.0 ( +http://www.shopwiki.com/wiki/Help:Bot)"
209.51.162.219 - - [11/Aug/2011:05:09:06 +0200] "GET /robots.txt HTTP/1.1" 404 - "-" "ShopWiki/1.0 ( +http://www.shopwiki.com/wiki/Help:Bot)"
176.9.0.119 - - [11/Aug/2011:08:19:22 +0200] "GET /robots.txt HTTP/1.1" 404 - "-" "Mozilla/5.0 (compatible; NerdByNature.Bot; http://www.nerdbynature.net/bot)"
176.9.0.119 - - [11/Aug/2011:08:19:23 +0200] "GET / HTTP/1.1" 200 1244 "-" "Mozilla/5.0 (compatible; NerdByNature.Bot; http://www.nerdbynature.net/bot)"
209.51.162.219 - - [11/Aug/2011:11:19:45 +0200] "GET /robots.txt HTTP/1.1" 404 - "-" "ShopWiki/1.0 ( +http://www.shopwiki.com/wiki/Help:Bot)"
208.80.194.26 - - [11/Aug/2011:12:58:56 +0200] "GET / HTTP/1.0" 200 1244 "-" "Mozilla/4.0 (compatible; MSIE 6.0; Windows NT 5.1; {2BFB2870-C007-D60E-BC6E-1155A669120D})"
67.152.29.130 - - [11/Aug/2011:15:36:47 +0200] "GET /robots.txt HTTP/1.1" 404 - "-" "ShopWiki/1.0 ( +http://www.shopwiki.com/wiki/Help:Bot)"
209.51.162.220 - - [11/Aug/2011:19:58:15 +0200] "GET /robots.txt HTTP/1.1" 404 - "-" "ShopWiki/1.0 ( +http://www.shopwiki.com/wiki/Help:Bot)"
77.20.40.82 - - [12/Aug/2011:07:12:50 +0200] "GET /robots.txt HTTP/1.1" 404 - "-" "findlinks/2.0.2 (+http://wortschatz.uni-leipzig.de/findlinks/)"
95.220.182.251 - - [12/Aug/2011:23:10:54 +0200] "GET / HTTP/1.1" 200 1244 "http://yandex.ru/yandsearch?text=chat.f-m-shop.de" "Mozilla/4.0 (compatible; MSIE 8.0; Windows NT 5.1; Trident/4.0; InfoPath.1)"
130.83.163.39 - - [13/Aug/2011:01:09:09 +0200] "GET /livezilla/livezilla.php HTTP/1.1" 200 90048 "-" "findlinks/2.0.4 (+http://wortschatz.uni-leipzig.de/findlinks/)"
130.83.163.39 - - [13/Aug/2011:01:09:10 +0200] "GET /livezilla/livezilla.php HTTP/1.1" 200 90048 "-" "findlinks/2.0.4 (+http://wortschatz.uni-leipzig.de/findlinks/)"
208.80.194.28 - - [13/Aug/2011:02:03:25 +0200] "GET / HTTP/1.0" 200 1244 "-" "Mozilla/4.0 (compatible; MSIE 6.0; Windows NT 5.1; SV1; SIMBAR Enabled; snprtz|S88816688710055)"
67.152.29.130 - - [13/Aug/2011:06:35:19 +0200] "GET /robots.txt HTTP/1.1" 404 - "-" "ShopWiki/1.0 ( +http://www.shopwiki.com/wiki/Help:Bot)"
209.51.162.220 - - [13/Aug/2011:12:28:49 +0200] "GET /robots.txt HTTP/1.1" 404 - "-" "ShopWiki/1.0 ( +http://www.shopwiki.com/wiki/Help:Bot)"
95.108.158.134 - - [14/Aug/2011:04:25:14 +0200] "GET /robots.txt HTTP/1.1" 404 - "-" "Mozilla/5.0 (compatible; YandexBot/3.0; +http://yandex.com/bots)"
8.11.2.10 - - [14/Aug/2011:05:22:52 +0200] "GET /robots.txt HTTP/1.1" 404 - "-" "ShopWiki/1.0 ( +http://www.shopwiki.com/wiki/Help:Bot)"
66.249.72.21 - - [14/Aug/2011:05:50:57 +0200] "GET /robots.txt HTTP/1.1" 404 - "-" "Mozilla/5.0 (compatible; Googlebot/2.1; +http://www.google.com/bot.html)"
66.249.72.21 - - [14/Aug/2011:05:50:57 +0200] "GET / HTTP/1.1" 304 - "-" "Mozilla/5.0 (compatible; Googlebot/2.1; +http://www.google.com/bot.html)"
95.108.158.134 - - [14/Aug/2011:14:35:20 +0200] "GET / HTTP/1.1" 200 1244 "-" "Mozilla/5.0 (compatible; YandexBot/3.0; +http://yandex.com/bots)"
208.80.194.26 - - [14/Aug/2011:15:04:59 +0200] "GET / HTTP/1.0" 200 1244 "-" "Mozilla/4.0 (compatible; MSIE 7.0; Windows NT 5.1; Tablet PC 1.7; .NET CLR 1.0.3705; .NET CLR 2.0.50727; .NET CLR 1.1.4322)"
89.182.25.97 - - [14/Aug/2011:16:21:04 +0200] "GET /robots.txt HTTP/1.1" 404 - "-" "findlinks/2.0.2 (+http://wortschatz.uni-leipzig.de/findlinks/)"
49.212.26.37 - - [14/Aug/2011:16:42:24 +0200] "GET /livezilla/livezilla.php?template=lz_chat_frame.1.1&' HTTP/1.1" 200 2385 "-" "Mozilla/5.0 (Windows; ?; Windows NT 5.1; *rv:*) Gecko/* Firefox/0.9*"
49.212.26.37 - - [14/Aug/2011:16:42:25 +0200] "GET /livezilla/livezilla.php?template=lz_chat_frame.1.1& HTTP/1.1" 200 2385 "-" "Mozilla/5.0 (Windows; ?; Windows NT 5.1; *rv:*) Gecko/* Firefox/0.9*"
49.212.26.37 - - [14/Aug/2011:16:42:26 +0200] "GET /livezilla/livezilla.php?template=lz_chat_frame.1.1'& HTTP/1.1" 200 - "-" "Mozilla/5.0 (Windows; ?; Windows NT 5.1; *rv:*) Gecko/* Firefox/0.9*"
49.212.26.37 - - [14/Aug/2011:16:42:26 +0200] "GET /livezilla/livezilla.php?template=lz_chat_frame.1.1& HTTP/1.1" 200 2385 "-" "Mozilla/5.0 (Windows; ?; Windows NT 5.1; *rv:*) Gecko/* Firefox/0.9*"
49.212.26.37 - - [14/Aug/2011:16:42:27 +0200] "GET /livezilla/livezilla.php?template=lz_chat_frame.1.1%20And%201=0--& HTTP/1.1" 200 - "-" "Mozilla/5.0 (Windows; ?; Windows NT 5.1; *rv:*) Gecko/* Firefox/0.9*"
49.212.26.37 - - [14/Aug/2011:16:42:28 +0200] "GET /livezilla/livezilla.php?template=lz_chat_frame.1.1%20And%201=1--& HTTP/1.1" 200 - "-" "Mozilla/5.0 (Windows; ?; Windows NT 5.1; *rv:*) Gecko/* Firefox/0.9*"
49.212.26.37 - - [14/Aug/2011:16:42:29 +0200] "GET /livezilla/livezilla.php?template=lz_chat_frame.1.1%20And%202=2--& HTTP/1.1" 200 - "-" "Mozilla/5.0 (Windows; ?; Windows NT 5.1; *rv:*) Gecko/* Firefox/0.9*"
49.212.26.37 - - [14/Aug/2011:16:42:29 +0200] "GET /livezilla/livezilla.php?template=lz_chat_frame.1.1%20'%20And%201=0+--+& HTTP/1.1" 200 - "-" "Mozilla/5.0 (Windows; ?; Windows NT 5.1; *rv:*) Gecko/* Firefox/0.9*"
49.212.26.37 - - [14/Aug/2011:16:42:30 +0200] "GET /livezilla/livezilla.php?template=lz_chat_frame.1.1%20'%20And%201=1+--+& HTTP/1.1" 200 - "-" "Mozilla/5.0 (Windows; ?; Windows NT 5.1; *rv:*) Gecko/* Firefox/0.9*"
49.212.26.37 - - [14/Aug/2011:16:42:31 +0200] "GET /livezilla/livezilla.php?template=lz_chat_frame.1.1%20'%20And%202=2+--+& HTTP/1.1" 200 - "-" "Mozilla/5.0 (Windows; ?; Windows NT 5.1; *rv:*) Gecko/* Firefox/0.9*"
49.212.26.37 - - [14/Aug/2011:16:42:31 +0200] "GET /livezilla/livezilla.php?template=lz_chat_frame.1.1%20/*!%20And%201=0*/--& HTTP/1.1" 200 - "-" "Mozilla/5.0 (Windows; ?; Windows NT 5.1; *rv:*) Gecko/* Firefox/0.9*"
49.212.26.37 - - [14/Aug/2011:16:42:32 +0200] "GET /livezilla/livezilla.php?template=lz_chat_frame.1.1%20/*!%20And%201=1*/--& HTTP/1.1" 200 - "-" "Mozilla/5.0 (Windows; ?; Windows NT 5.1; *rv:*) Gecko/* Firefox/0.9*"
49.212.26.37 - - [14/Aug/2011:16:42:33 +0200] "GET /livezilla/livezilla.php?template=lz_chat_frame.1.1%20/*!%20And%202=2*/--& HTTP/1.1" 200 - "-" "Mozilla/5.0 (Windows; ?; Windows NT 5.1; *rv:*) Gecko/* Firefox/0.9*"
49.212.26.37 - - [14/Aug/2011:16:42:33 +0200] "GET /livezilla/livezilla.php?template=lz_chat_frame.1.1%20'/*!%20And%201=0*/+--+& HTTP/1.1" 200 - "-" "Mozilla/5.0 (Windows; ?; Windows NT 5.1; *rv:*) Gecko/* Firefox/0.9*"
49.212.26.37 - - [14/Aug/2011:16:42:34 +0200] "GET /livezilla/livezilla.php?template=lz_chat_frame.1.1%20'/*!%20And%201=1*/+--+& HTTP/1.1" 200 - "-" "Mozilla/5.0 (Windows; ?; Windows NT 5.1; *rv:*) Gecko/* Firefox/0.9*"
49.212.26.37 - - [14/Aug/2011:16:42:35 +0200] "GET /livezilla/livezilla.php?template=lz_chat_frame.1.1%20'/*!%20And%202=2*/+--+& HTTP/1.1" 200 - "-" "Mozilla/5.0 (Windows; ?; Windows NT 5.1; *rv:*) Gecko/* Firefox/0.9*"
67.152.29.130 - - [14/Aug/2011:19:21:51 +0200] "GET /robots.txt HTTP/1.1" 404 - "-" "ShopWiki/1.0 ( +http://www.shopwiki.com/wiki/Help:Bot)"
93.198.42.158 - - [14/Aug/2011:23:11:48 +0200] "GET /livezilla/livezilla.php HTTP/1.1" 200 90048 "-" "findlinks/2.0.2 (+http://wortschatz.uni-leipzig.de/findlinks/)"
93.198.42.158 - - [14/Aug/2011:23:11:49 +0200] "GET /livezilla/livezilla.php HTTP/1.1" 200 90048 "-" "findlinks/2.0.2 (+http://wortschatz.uni-leipzig.de/findlinks/)"
95.108.158.134 - - [15/Aug/2011:00:59:32 +0200] "GET /robots.txt HTTP/1.1" 404 - "-" "Mozilla/5.0 (compatible; YandexBot/3.0; +http://yandex.com/bots)"
213.186.122.3 - - [15/Aug/2011:01:31:11 +0200] "GET /robots.txt HTTP/1.1" 404 - "-" "Mozilla/5.0 (compatible; SiteBot/0.1; +http://www.sitebot.org/robot/)"
213.186.122.3 - - [15/Aug/2011:01:31:13 +0200] "GET /livezilla/livezilla.php HTTP/1.1" 200 90048 "-" "Mozilla/5.0 (compatible; SiteBot/0.1; +http://www.sitebot.org/robot/)"
213.186.122.3 - - [15/Aug/2011:01:31:15 +0200] "GET /livezilla/livezilla.php?template=lz_chat_frame.2.2 HTTP/1.1" 200 345 "-" "Mozilla/5.0 (compatible; SiteBot/0.1; +http://www.sitebot.org/robot/)"
213.186.122.3 - - [15/Aug/2011:01:31:16 +0200] "GET /livezilla/livezilla.php?template=lz_chat_frame.3.0 HTTP/1.1" 200 321 "-" "Mozilla/5.0 (compatible; SiteBot/0.1; +http://www.sitebot.org/robot/)"
213.186.122.3 - - [15/Aug/2011:01:31:17 +0200] "GET /livezilla/livezilla.php?template=lz_chat_frame.3.2.chat HTTP/1.1" 200 2116 "-" "Mozilla/5.0 (compatible; SiteBot/0.1; +http://www.sitebot.org/robot/)"
213.186.122.3 - - [15/Aug/2011:01:31:19 +0200] "GET /livezilla/livezilla.php?template=lz_chat_frame.3.2.login.2.0 HTTP/1.1" 200 361 "-" "Mozilla/5.0 (compatible; SiteBot/0.1; +http://www.sitebot.org/robot/)"
95.108.158.134 - - [15/Aug/2011:05:11:57 +0200] "GET / HTTP/1.1" 200 1244 "-" "Mozilla/5.0 (compatible; YandexBot/3.0; +http://yandex.com/bots)"
8.11.2.9 - - [15/Aug/2011:09:55:07 +0200] "GET /robots.txt HTTP/1.1" 404 - "-" "ShopWiki/1.0 ( +http://www.shopwiki.com/wiki/Help:Bot)"
67.195.115.99 - - [15/Aug/2011:12:38:07 +0200] "GET /robots.txt HTTP/1.0" 404 - "-" "Mozilla/5.0 (compatible; Yahoo! Slurp; http://help.yahoo.com/help/us/ysearch/slurp)"
67.195.115.99 - - [15/Aug/2011:12:38:07 +0200] "GET /livezilla/livezilla.php HTTP/1.0" 200 90048 "-" "Mozilla/5.0 (compatible; Yahoo! Slurp; http://help.yahoo.com/help/us/ysearch/slurp)"
67.195.115.99 - - [15/Aug/2011:12:38:09 +0200] "GET /livezilla/templates/nojava.html HTTP/1.0" 200 1088 "-" "Mozilla/5.0 (compatible; Yahoo! Slurp; http://help.yahoo.com/help/us/ysearch/slurp)"
208.115.111.249 - - [15/Aug/2011:14:51:44 +0200] "GET /robots.txt HTTP/1.1" 404 - "-" "Mozilla/5.0 (compatible; DotBot/1.1; http://www.dotnetdotcom.org/, crawler@dotnetdotcom.org)"
8.11.2.10 - - [16/Aug/2011:03:09:00 +0200] "GET /robots.txt HTTP/1.1" 404 - "-" "ShopWiki/1.0 ( +http://www.shopwiki.com/wiki/Help:Bot)"
208.80.194.26 - - [16/Aug/2011:04:46:35 +0200] "GET / HTTP/1.0" 200 1244 "-" "Mozilla/4.0 (compatible; MSIE 6.0; Windows NT 5.1; SV1; YPC 3.2.0; .NET CLR 1.0.3705; .NET CLR 1.1.4322; Media Center PC 3.1; yplus 5.1.03b)"
209.51.162.220 - - [16/Aug/2011:11:53:39 +0200] "GET /robots.txt HTTP/1.1" 404 - "-" "ShopWiki/1.0 ( +http://www.shopwiki.com/wiki/Help:Bot)"
130.83.163.231 - - [16/Aug/2011:22:28:12 +0200] "GET /robots.txt HTTP/1.1" 404 - "-" "findlinks/2.0.4 (+http://wortschatz.uni-leipzig.de/findlinks/)"
67.152.29.130 - - [17/Aug/2011:17:15:13 +0200] "GET /robots.txt HTTP/1.1" 404 - "-" "ShopWiki/1.0 ( +http://www.shopwiki.com/wiki/Help:Bot)"
208.80.194.32 - - [17/Aug/2011:23:07:48 +0200] "GET / HTTP/1.0" 200 1244 "-" "Mozilla/4.0 (compatible; MSIE 7.0; Windows NT 5.1; FunWebProducts; .NET CLR 1.1.4322; Dealio Toolbar 3.1.1)"
209.51.162.220 - - [17/Aug/2011:23:34:41 +0200] "GET /robots.txt HTTP/1.1" 404 - "-" "ShopWiki/1.0 ( +http://www.shopwiki.com/wiki/Help:Bot)"
130.83.163.231 - - [18/Aug/2011:03:09:39 +0200] "GET /livezilla/livezilla.php HTTP/1.1" 200 90048 "-" "findlinks/2.0.4 (+http://wortschatz.uni-leipzig.de/findlinks/)"
130.83.163.231 - - [18/Aug/2011:03:09:40 +0200] "GET /livezilla/livezilla.php HTTP/1.1" 200 90048 "-" "findlinks/2.0.4 (+http://wortschatz.uni-leipzig.de/findlinks/)"
8.11.2.9 - - [18/Aug/2011:05:43:00 +0200] "GET /robots.txt HTTP/1.1" 404 - "-" "ShopWiki/1.0 ( +http://www.shopwiki.com/wiki/Help:Bot)"
66.29.219.12 - - [18/Aug/2011:07:20:42 +0200] "GET /livezilla/server.php?request=track&output=jscript&nse= HTTP/1.1" 302 1722 "-" "Mozilla/5.0 (compatible; Qualidator.com Bot 1.0;)"
95.108.151.244 - - [18/Aug/2011:15:44:54 +0200] "GET /robots.txt HTTP/1.1" 404 - "-" "Mozilla/5.0 (compatible; YandexBot/3.0; +http://yandex.com/bots)"
95.108.151.244 - - [18/Aug/2011:15:44:55 +0200] "GET / HTTP/1.1" 200 1244 "-" "Mozilla/5.0 (compatible; YandexBot/3.0; +http://yandex.com/bots)"
95.108.151.244 - - [18/Aug/2011:15:44:56 +0200] "GET / HTTP/1.1" 200 1244 "-" "Mozilla/5.0 (compatible; YandexBot/3.0; +http://yandex.com/bots)"
67.152.29.130 - - [18/Aug/2011:15:54:00 +0200] "GET /robots.txt HTTP/1.1" 404 - "-" "ShopWiki/1.0 ( +http://www.shopwiki.com/wiki/Help:Bot)"
213.186.122.3 - - [19/Aug/2011:09:41:57 +0200] "GET /robots.txt HTTP/1.1" 404 - "-" "Mozilla/5.0 (compatible; AhrefsBot/1.0; +http://ahrefs.com/robot/)"
213.186.122.3 - - [19/Aug/2011:09:41:58 +0200] "GET /livezilla/livezilla.php HTTP/1.1" 200 90048 "-" "Mozilla/5.0 (compatible; AhrefsBot/1.0; +http://ahrefs.com/robot/)"
213.186.122.3 - - [19/Aug/2011:09:41:59 +0200] "GET /livezilla/livezilla.php?template=lz_chat_frame.3.2.chat.0.0 HTTP/1.1" 200 3274 "-" "Mozilla/5.0 (compatible; AhrefsBot/1.0; +http://ahrefs.com/robot/)"
213.186.122.3 - - [19/Aug/2011:09:42:00 +0200] "GET /livezilla/livezilla.php?template=lz_chat_frame.3.2.chat.4.0 HTTP/1.1" 200 933 "-" "Mozilla/5.0 (compatible; AhrefsBot/1.0; +http://ahrefs.com/robot/)"
213.186.122.3 - - [19/Aug/2011:09:42:02 +0200] "GET /livezilla/livezilla.php?template=lz_chat_frame.3.3 HTTP/1.1" 200 321 "-" "Mozilla/5.0 (compatible; AhrefsBot/1.0; +http://ahrefs.com/robot/)"
213.186.122.3 - - [19/Aug/2011:09:42:03 +0200] "GET /livezilla/livezilla.php?template=lz_chat_frame.5.1 HTTP/1.1" 200 345 "-" "Mozilla/5.0 (compatible; AhrefsBot/1.0; +http://ahrefs.com/robot/)"
77.20.40.169 - - [19/Aug/2011:11:05:32 +0200] "GET /robots.txt HTTP/1.1" 404 - "-" "findlinks/2.0.2 (+http://wortschatz.uni-leipzig.de/findlinks/)"
209.51.162.220 - - [19/Aug/2011:17:13:34 +0200] "GET /robots.txt HTTP/1.1" 404 - "-" "ShopWiki/1.0 ( +http://www.shopwiki.com/wiki/Help:Bot)"
208.80.194.28 - - [19/Aug/2011:23:10:39 +0200] "GET / HTTP/1.0" 200 1244 "-" "Mozilla/4.0 (compatible; MSIE 6.0; Windows NT 5.1; SV1; TrustyHound IE-TB(4.3); FunWebProducts; .NET CLR 1.1.4322; .NET CLR 2.0.50727)"
8.11.2.10 - - [20/Aug/2011:18:03:10 +0200] "GET /robots.txt HTTP/1.1" 404 - "-" "ShopWiki/1.0 ( +http://www.shopwiki.com/wiki/Help:Bot)"
8.11.2.9 - - [20/Aug/2011:21:04:24 +0200] "GET /robots.txt HTTP/1.1" 404 - "-" "ShopWiki/1.0 ( +http://www.shopwiki.com/wiki/Help:Bot)"
95.108.158.134 - - [20/Aug/2011:21:43:28 +0200] "GET /robots.txt HTTP/1.1" 404 - "-" "Mozilla/5.0 (compatible; YandexBot/3.0; +http://yandex.com/bots)"
95.108.158.134 - - [21/Aug/2011:00:43:09 +0200] "GET / HTTP/1.1" 200 1244 "-" "Mozilla/5.0 (compatible; YandexBot/3.0; +http://yandex.com/bots)"
139.18.2.209 - - [21/Aug/2011:00:59:03 +0200] "GET /livezilla/livezilla.php HTTP/1.1" 200 90048 "-" "findlinks/2.0.1 (+http://wortschatz.uni-leipzig.de/findlinks/)"
139.18.2.209 - - [21/Aug/2011:00:59:03 +0200] "GET /livezilla/livezilla.php HTTP/1.1" 200 90048 "-" "findlinks/2.0.1 (+http://wortschatz.uni-leipzig.de/findlinks/)"
176.14.11.32 - - [21/Aug/2011:04:15:23 +0200] "GET / HTTP/1.1" 200 1244 "http://yandex.ru/yandsearch?text=chat.f-m-shop.de" "Mozilla/4.0 (compatible; MSIE 8.0; Windows NT 5.1; Trident/4.0; InfoPath.1)"
139.18.2.17 - - [21/Aug/2011:15:24:34 +0200] "GET /robots.txt HTTP/1.1" 404 - "-" "findlinks/2.1.3 (+http://wortschatz.uni-leipzig.de/findlinks/)"
93.80.124.226 - - [21/Aug/2011:17:46:37 +0200] "GET / HTTP/1.1" 200 1244 "http://yandex.ru/yandsearch?text=chat.f-m-shop.de" "Mozilla/4.0 (compatible; MSIE 8.0; Windows NT 5.1; Trident/4.0; InfoPath.1)"
67.152.29.130 - - [21/Aug/2011:22:11:44 +0200] "GET /robots.txt HTTP/1.1" 404 - "-" "ShopWiki/1.0 ( +http://www.shopwiki.com/wiki/Help:Bot)"
208.80.194.29 - - [21/Aug/2011:23:20:43 +0200] "GET / HTTP/1.0" 200 1244 "-" "Mozilla/4.0 (compatible; MSIE 7.0; America Online Browser 1.6-embedded; rev1.6; Windows NT 5.1; PowerSearch 2.07; .NET CLR 1.1.4322)"
8.11.2.10 - - [22/Aug/2011:00:51:12 +0200] "GET /livezilla/livezilla.php HTTP/1.1" 200 90200 "-" "ShopWiki/1.0 ( +http://www.shopwiki.com/wiki/Help:Bot)"
8.11.2.10 - - [22/Aug/2011:00:51:16 +0200] "GET /livezilla/templates/style.css HTTP/1.1" 200 9496 "-" "ShopWiki/1.0 ( +http://www.shopwiki.com/wiki/Help:Bot)"
139.18.2.209 - - [22/Aug/2011:02:52:22 +0200] "GET /livezilla/livezilla.php HTTP/1.1" 200 90048 "-" "findlinks/2.0.1 (+http://wortschatz.uni-leipzig.de/findlinks/)"
139.18.2.209 - - [22/Aug/2011:02:52:23 +0200] "GET /livezilla/livezilla.php HTTP/1.1" 200 90048 "-" "findlinks/2.0.1 (+http://wortschatz.uni-leipzig.de/findlinks/)"
66.249.72.117 - - [22/Aug/2011:13:33:56 +0200] "GET /robots.txt HTTP/1.1" 404 - "-" "Mozilla/5.0 (compatible; Googlebot/2.1; +http://www.google.com/bot.html)"
66.249.72.117 - - [22/Aug/2011:13:33:56 +0200] "GET /livezilla/server.php?request=track&output=jscript&nse= HTTP/1.1" 302 1722 "-" "Mozilla/5.0 (compatible; Googlebot/2.1; +http://www.google.com/bot.html)"
213.186.122.3 - - [22/Aug/2011:18:32:58 +0200] "GET /robots.txt HTTP/1.1" 404 - "-" "Mozilla/5.0 (compatible; AhrefsBot/1.0; +http://ahrefs.com/robot/)"
213.186.122.3 - - [22/Aug/2011:18:32:59 +0200] "GET /livezilla/\\ HTTP/1.1" 404 - "-" "Mozilla/5.0 (compatible; AhrefsBot/1.0; +http://ahrefs.com/robot/)"
213.186.122.3 - - [22/Aug/2011:18:33:00 +0200] "GET /livezilla/livezilla.php HTTP/1.1" 200 90048 "-" "Mozilla/5.0 (compatible; AhrefsBot/1.0; +http://ahrefs.com/robot/)"
213.186.122.3 - - [22/Aug/2011:18:33:04 +0200] "GET /livezilla/livezilla.php?template=lz_chat_frame.1.0 HTTP/1.1" 200 344 "-" "Mozilla/5.0 (compatible; AhrefsBot/1.0; +http://ahrefs.com/robot/)"
213.186.122.3 - - [22/Aug/2011:18:33:05 +0200] "GET /livezilla/livezilla.php?template=lz_chat_frame.3.2.chat.1.0&file=true HTTP/1.1" 200 1598 "-" "Mozilla/5.0 (compatible; AhrefsBot/1.0; +http://ahrefs.com/robot/)"
213.186.122.3 - - [22/Aug/2011:18:33:07 +0200] "GET /livezilla/livezilla.php?template=lz_chat_frame.3.2.chat.5.0 HTTP/1.1" 200 1438 "-" "Mozilla/5.0 (compatible; AhrefsBot/1.0; +http://ahrefs.com/robot/)"
213.186.122.3 - - [22/Aug/2011:18:33:09 +0200] "GET /livezilla/livezilla.php?template=lz_chat_frame.3.2.login.1.0& HTTP/1.1" 200 3689 "-" "Mozilla/5.0 (compatible; AhrefsBot/1.0; +http://ahrefs.com/robot/)"
209.51.162.220 - - [23/Aug/2011:01:44:39 +0200] "GET /robots.txt HTTP/1.1" 404 - "-" "ShopWiki/1.0 ( +http://www.shopwiki.com/wiki/Help:Bot)"
67.152.29.130 - - [23/Aug/2011:01:58:02 +0200] "GET /livezilla/livezilla.php?template=lz_chat_frame.3.3 HTTP/1.1" 200 321 "-" "ShopWiki/1.0 ( +http://www.shopwiki.com/wiki/Help:Bot)"
67.152.29.130 - - [23/Aug/2011:01:58:03 +0200] "GET /livezilla/templates/style.css HTTP/1.1" 200 9496 "-" "ShopWiki/1.0 ( +http://www.shopwiki.com/wiki/Help:Bot)"
67.152.29.130 - - [23/Aug/2011:01:58:04 +0200] "GET /livezilla/livezilla.php?template=lz_chat_frame.3.0 HTTP/1.1" 200 321 "-" "ShopWiki/1.0 ( +http://www.shopwiki.com/wiki/Help:Bot)"
67.152.29.130 - - [23/Aug/2011:01:58:05 +0200] "GET /livezilla/livezilla.php?template=lz_chat_frame.2.0 HTTP/1.1" 200 344 "-" "ShopWiki/1.0 ( +http://www.shopwiki.com/wiki/Help:Bot)"
67.152.29.130 - - [23/Aug/2011:01:58:06 +0200] "GET /livezilla/livezilla.php?template=lz_chat_frame.2.2 HTTP/1.1" 200 345 "-" "ShopWiki/1.0 ( +http://www.shopwiki.com/wiki/Help:Bot)"
209.51.162.219 - - [23/Aug/2011:11:29:54 +0200] "GET /robots.txt HTTP/1.1" 404 - "-" "ShopWiki/1.0 ( +http://www.shopwiki.com/wiki/Help:Bot)"
77.20.40.89 - - [23/Aug/2011:14:01:03 +0200] "GET /livezilla/livezilla.php HTTP/1.1" 200 90048 "-" "findlinks/2.0.2 (+http://wortschatz.uni-leipzig.de/findlinks/)"
77.20.40.89 - - [23/Aug/2011:14:01:04 +0200] "GET /livezilla/livezilla.php HTTP/1.1" 200 90048 "-" "findlinks/2.0.2 (+http://wortschatz.uni-leipzig.de/findlinks/)"
209.51.162.219 - - [23/Aug/2011:14:32:42 +0200] "GET /robots.txt HTTP/1.1" 404 - "-" "ShopWiki/1.0 ( +http://www.shopwiki.com/wiki/Help:Bot)"
209.51.162.220 - - [23/Aug/2011:19:09:38 +0200] "GET /robots.txt HTTP/1.1" 404 - "-" "ShopWiki/1.0 ( +http://www.shopwiki.com/wiki/Help:Bot)"
208.80.194.29 - - [23/Aug/2011:22:59:11 +0200] "GET / HTTP/1.0" 200 1244 "-" "Mozilla/4.0 (compatible; MSIE 6.0; Windows NT 5.0; yie6_SBC; YPC 3.2.0; .NET CLR 1.1.4322; SpamBlockerUtility 4.8.4; yplus 5.1.04b)"
139.18.2.17 - - [23/Aug/2011:23:49:51 +0200] "GET /robots.txt HTTP/1.1" 404 - "-" "findlinks/2.1.3 (+http://wortschatz.uni-leipzig.de/findlinks/)"
8.11.2.9 - - [24/Aug/2011:00:08:04 +0200] "GET /robots.txt HTTP/1.1" 404 - "-" "ShopWiki/1.0 ( +http://www.shopwiki.com/wiki/Help:Bot)"
66.249.72.117 - - [24/Aug/2011:07:14:33 +0200] "GET /robots.txt HTTP/1.1" 404 - "-" "Mozilla/5.0 (compatible; Googlebot/2.1; +http://www.google.com/bot.html)"
66.249.72.117 - - [24/Aug/2011:07:14:33 +0200] "GET / HTTP/1.1" 304 - "-" "Mozilla/5.0 (compatible; Googlebot/2.1; +http://www.google.com/bot.html)"
67.195.115.99 - - [24/Aug/2011:09:01:28 +0200] "GET /robots.txt HTTP/1.0" 404 - "-" "Mozilla/5.0 (compatible; Yahoo! Slurp; http://help.yahoo.com/help/us/ysearch/slurp)"
67.195.115.99 - - [24/Aug/2011:09:01:29 +0200] "GET /livezilla/livezilla.php HTTP/1.0" 200 90048 "-" "Mozilla/5.0 (compatible; Yahoo! Slurp; http://help.yahoo.com/help/us/ysearch/slurp)"
67.195.115.99 - - [24/Aug/2011:09:01:30 +0200] "GET /livezilla/templates/nojava.html HTTP/1.0" 200 1088 "-" "Mozilla/5.0 (compatible; Yahoo! Slurp; http://help.yahoo.com/help/us/ysearch/slurp)"
209.51.162.219 - - [24/Aug/2011:16:09:51 +0200] "GET /robots.txt HTTP/1.1" 404 - "-" "ShopWiki/1.0 ( +http://www.shopwiki.com/wiki/Help:Bot)"
208.80.194.27 - - [25/Aug/2011:10:11:43 +0200] "GET / HTTP/1.0" 200 1244 "-" "Mozilla/4.0 (compatible; MSIE 6.0; America Online Browser 1.1; Windows NT 5.1; SV1; .NET CLR 1.0.3705; .NET CLR 1.1.4322; Media Center PC 3.1; Media Center PC 2.8)"
8.11.2.9 - - [26/Aug/2011:01:07:38 +0200] "GET /robots.txt HTTP/1.1" 404 - "-" "ShopWiki/1.0 ( +http://www.shopwiki.com/wiki/Help:Bot)"
95.108.158.134 - - [26/Aug/2011:02:27:03 +0200] "GET /robots.txt HTTP/1.1" 404 - "-" "Mozilla/5.0 (compatible; YandexBot/3.0; +http://yandex.com/bots)"
67.152.29.130 - - [26/Aug/2011:04:35:11 +0200] "GET /robots.txt HTTP/1.1" 404 - "-" "ShopWiki/1.0 ( +http://www.shopwiki.com/wiki/Help:Bot)"
130.83.163.231 - - [26/Aug/2011:05:00:06 +0200] "GET /livezilla/livezilla.php HTTP/1.1" 200 90048 "-" "findlinks/2.0.4 (+http://wortschatz.uni-leipzig.de/findlinks/)"
130.83.163.231 - - [26/Aug/2011:05:00:09 +0200] "GET /livezilla/livezilla.php HTTP/1.1" 200 90048 "-" "findlinks/2.0.4 (+http://wortschatz.uni-leipzig.de/findlinks/)"
77.20.40.169 - - [26/Aug/2011:07:21:25 +0200] "GET /robots.txt HTTP/1.1" 404 - "-" "findlinks/2.0.2 (+http://wortschatz.uni-leipzig.de/findlinks/)"
95.108.158.134 - - [26/Aug/2011:09:50:05 +0200] "GET / HTTP/1.1" 200 1244 "-" "Mozilla/5.0 (compatible; YandexBot/3.0; +http://yandex.com/bots)"
8.11.2.9 - - [26/Aug/2011:10:27:42 +0200] "GET /robots.txt HTTP/1.1" 404 - "-" "ShopWiki/1.0 ( +http://www.shopwiki.com/wiki/Help:Bot)"
8.11.2.9 - - [26/Aug/2011:14:12:54 +0200] "GET /robots.txt HTTP/1.1" 404 - "-" "ShopWiki/1.0 ( +http://www.shopwiki.com/wiki/Help:Bot)"
213.186.122.3 - - [26/Aug/2011:21:57:27 +0200] "GET /robots.txt HTTP/1.1" 404 - "-" "Mozilla/5.0 (compatible; AhrefsBot/1.0; +http://ahrefs.com/robot/)"
213.186.122.3 - - [26/Aug/2011:21:57:28 +0200] "GET /livezilla/livezilla.php HTTP/1.1" 200 90048 "-" "Mozilla/5.0 (compatible; AhrefsBot/1.0; +http://ahrefs.com/robot/)"
213.186.122.3 - - [26/Aug/2011:21:57:30 +0200] "GET /livezilla/livezilla.php?template=lz_chat_frame.3.2.chat.3.0 HTTP/1.1" 200 2151 "-" "Mozilla/5.0 (compatible; AhrefsBot/1.0; +http://ahrefs.com/robot/)"
213.186.122.3 - - [26/Aug/2011:21:57:31 +0200] "GET /livezilla/livezilla.php?template=lz_chat_frame.3.2.login& HTTP/1.1" 200 1105 "-" "Mozilla/5.0 (compatible; AhrefsBot/1.0; +http://ahrefs.com/robot/)"
208.80.194.26 - - [27/Aug/2011:05:55:19 +0200] "GET / HTTP/1.0" 200 1244 "-" "Mozilla/4.0 (compatible; MSIE 7.0; Windows NT 5.1; {674F71FB-9CA0-8EAD-D56B-E09BB664D6E0}; FunWebProducts; .NET CLR 1.1.4322; .NET CLR 2.0.50727)"
95.25.228.165 - - [28/Aug/2011:12:41:19 +0200] "GET / HTTP/1.1" 200 1244 "http://yandex.ru/yandsearch?text=chat.f-m-shop.de" "Mozilla/4.0 (compatible; MSIE 8.0; Windows NT 5.1; Trident/4.0; InfoPath.1)"
208.80.194.29 - - [28/Aug/2011:19:26:24 +0200] "GET / HTTP/1.0" 200 1244 "-" "Mozilla/4.0 (compatible; MSIE 7.0; Windows NT 5.1; FunWebProducts; .NET CLR 1.1.4322; FDM; .NET CLR 2.0.50727)"
139.18.2.209 - - [29/Aug/2011:10:39:22 +0200] "GET /robots.txt HTTP/1.1" 404 - "-" "findlinks/2.0.1 (+http://wortschatz.uni-leipzig.de/findlinks/)"
213.186.122.3 - - [29/Aug/2011:20:30:16 +0200] "GET /robots.txt HTTP/1.1" 404 - "-" "Mozilla/5.0 (compatible; AhrefsBot/1.0; +http://ahrefs.com/robot/)"
213.186.122.3 - - [29/Aug/2011:20:30:17 +0200] "GET /livezilla/livezilla.php HTTP/1.1" 200 90048 "-" "Mozilla/5.0 (compatible; AhrefsBot/1.0; +http://ahrefs.com/robot/)"
213.186.122.3 - - [29/Aug/2011:20:30:18 +0200] "GET /livezilla/livezilla.php?template=lz_chat_frame.3.2.login.2.0 HTTP/1.1" 200 361 "-" "Mozilla/5.0 (compatible; AhrefsBot/1.0; +http://ahrefs.com/robot/)"
66.249.72.178 - - [30/Aug/2011:00:04:23 +0200] "GET /robots.txt HTTP/1.1" 404 - "-" "Mozilla/5.0 (compatible; Googlebot/2.1; +http://www.google.com/bot.html)"
66.249.72.178 - - [30/Aug/2011:00:04:24 +0200] "GET /livezilla/livezilla.php?template=lz_chat_frame.3.2.login.2.0 HTTP/1.1" 200 361 "-" "Mozilla/5.0 (compatible; Googlebot/2.1; +http://www.google.com/bot.html)"
89.182.83.87 - - [30/Aug/2011:10:25:21 +0200] "GET /livezilla/livezilla.php HTTP/1.1" 200 90048 "-" "findlinks/2.0.2 (+http://wortschatz.uni-leipzig.de/findlinks/)"
89.182.83.87 - - [30/Aug/2011:10:25:21 +0200] "GET /livezilla/livezilla.php HTTP/1.1" 200 90048 "-" "findlinks/2.0.2 (+http://wortschatz.uni-leipzig.de/findlinks/)"
66.249.71.201 - - [31/Aug/2011:21:56:45 +0200] "GET /robots.txt HTTP/1.1" 404 - "-" "Mozilla/5.0 (compatible; Googlebot/2.1; +http://www.google.com/bot.html)"
66.249.71.201 - - [31/Aug/2011:21:56:46 +0200] "GET /livezilla/livezilla.php?template=lz_chat_frame.3.0 HTTP/1.1" 200 321 "-" "Mozilla/5.0 (compatible; Googlebot/2.1; +http://www.google.com/bot.html)"
95.108.158.134 - - [31/Aug/2011:22:35:48 +0200] "GET /robots.txt HTTP/1.1" 404 - "-" "Mozilla/5.0 (compatible; YandexBot/3.0; +http://yandex.com/bots)"