92.76.255.15 - - [15/Jul/2011:21:32:51 +0200] "GET /livezilla/images/icon_info.gif HTTP/1.1" 200 1703 "http://chat.f-m-shop.de/livezilla/livezilla.php?template=lz_chat_frame.3.2.login.1.0&" "Mozilla/5.0 (X11; Linux x86_64; rv:5.0) Gecko/20100101 Firefox/5.0"
92.76.255.15 - - [15/Jul/2011:21:32:51 +0200] "GET /livezilla/livezilla.php?template=lz_chat_frame.3.2.login.2.0 HTTP/1.1" 200 361 "http://chat.f-m-shop.de/livezilla/livezilla.php?template=lz_chat_frame.3.2.login&" "Mozilla/5.0 (X11; Linux x86_64; rv:5.0) Gecko/20100101 Firefox/5.0"
92.76.255.15 - - [15/Jul/2011:21:32:51 +0200] "GET /livezilla/images/icon_network.gif HTTP/1.1" 200 354 "http://chat.f-m-shop.de/livezilla/livezilla.php?template=lz_chat_frame.3.2.login.1.0&" "Mozilla/5.0 (X11; Linux x86_64; rv:5.0) Gecko/20100101 Firefox/5.0"
92.76.255.15 - - [15/Jul/2011:21:32:51 +0200] "GET /livezilla/images/lz_button.gif HTTP/1.1" 200 838 "http://chat.f-m-shop.de/livezilla/templates/style.css" "Mozilla/5.0 (X11; Linux x86_64; rv:5.0) Gecko/20100101 Firefox/5.0"
92.76.255.15 - - [15/Jul/2011:21:32:51 +0200] "GET /livezilla/images/chat_bg_navigation_sub.gif HTTP/1.1" 200 76 "http://chat.f-m-shop.de/livezilla/templates/style.css" "Mozilla/5.0 (X11; Linux x86_64; rv:5.0) Gecko/20100101 Firefox/5.0"
92.76.255.15 - - [15/Jul/2011:21:32:51 +0200] "GET /livezilla/images/chat_bg_footer_top.gif HTTP/1.1" 200 858 "http://chat.f-m-shop.de/livezilla/templates/style.css" "Mozilla/5.0 (X11; Linux x86_64; rv:5.0) Gecko/20100101 Firefox/5.0"
92.76.255.15 - - [15/Jul/2011:21:32:51 +0200] "GET /livezilla/templates/nojava.html HTTP/1.1" 200 1088 "-" "Mozilla/5.0 (X11; Linux x86_64; rv:5.0) Gecko/20100101 Firefox/5.0"
92.76.255.15 - - [15/Jul/2011:21:32:52 +0200] "GET /favicon.ico HTTP/1.1" 404 - "-" "Mozilla/5.0 (X11; Linux x86_64; rv:5.0) Gecko/20100101 Firefox/5.0"
92.76.255.15 - - [15/Jul/2011:21:32:52 +0200] "GET /favicon.ico HTTP/1.1" 404 - "-" "Mozilla/5.0 (X11; Linux x86_64; rv:5.0) Gecko/20100101 Firefox/5.0"
208.80.194.31 - - [16/Jul/2011:05:28:20 +0200] "GET / HTTP/1.0" 200 1244 "-" "Mozilla/4.0 (compatible; MSIE 7.0; Windows NT 5.1; acc=vonner; acc=; iebar; FunWebProducts; .NET CLR 1.1.4322)"
77.20.40.169 - - [16/Jul/2011:07:34:07 +0200] "GET /robots.txt HTTP/1.1" 404 - "-" "findlinks/2.0.2 (+http://wortschatz.uni-leipzig.de/findlinks/)"
209.51.162.219 - - [16/Jul/2011:14:59:21 +0200] "GET /robots.txt HTTP/1.1" 404 - "-" "ShopWiki/1.0 ( +http://www.shopwiki.com/wiki/Help:Bot)"
67.152.29.130 - - [16/Jul/2011:18:52:38 +0200] "GET /robots.txt HTTP/1.1" 404 - "-" "ShopWiki/1.0 ( +http://www.shopwiki.com/wiki/Help:Bot)"
95.108.158.134 - - [16/Jul/2011:21:06:33 +0200] "GET /robots.txt HTTP/1.1" 404 - "-" "Mozilla/5.0 (compatible; YandexBot/3.0; +http://yandex.com/bots)"
95.108.158.134 - - [16/Jul/2011:21:06:39 +0200] "GET / HTTP/1.1" 200 1244 "-" "Mozilla/5.0 (compatible; YandexBot/3.0; +http://yandex.com/bots)"
208.80.194.28 - - [17/Jul/2011:19:02:50 +0200] "GET / HTTP/1.0" 200 1244 "-" "Mozilla/4.0 (compatible; MSIE 6.0; Windows NT 5.1; Rogers Hi-Speed Internet; SV1; YPC 3.2.0; .NET CLR 1.1.4322)"
209.51.162.219 - - [17/Jul/2011:20:53:09 +0200] "GET /robots.txt HTTP/1.1" 404 - "-" "ShopWiki/1.0 ( +http://www.shopwiki.com/wiki/Help:Bot)"
150.70.64.202 - - [18/Jul/2011:15:54:36 +0200] "GET /livezilla/server.php?request=track&output=jscript&nse=0.4717829195583705 HTTP/1.0" 302 1722 "-" "Mozilla/4.0 (compatible; MSIE 6.0; Windows NT 5.1)"
77.20.40.173 - - [19/Jul/2011:00:19:23 +0200] "GET /robots.txt HTTP/1.1" 404 - "-" "findlinks/2.0.2 (+http://wortschatz.uni-leipzig.de/findlinks/)"
208.80.194.31 - - [19/Jul/2011:08:59:03 +0200] "GET / HTTP/1.0" 200 1244 "-" "Mozilla/4.0 (compatible; MSIE 6.0; Windows 98; YPC 3.2.0)"
8.11.2.10 - - [19/Jul/2011:11:14:46 +0200] "GET /robots.txt HTTP/1.1" 404 - "-" "ShopWiki/1.0 ( +http://www.shopwiki.com/wiki/Help:Bot)"
208.80.194.36 - - [20/Jul/2011:02:43:53 +0200] "GET / HTTP/1.0" 200 1244 "-" "Mozilla/4.0 (compatible; MSIE 6.0; Windows NT 5.1; SV1; SIMBAR Enabled; SIMBAR={ECCDB8E0-FC71-472e-9B05-4BF9A345C683})"
208.80.194.28 - - [20/Jul/2011:11:28:47 +0200] "GET / HTTP/1.0" 200 1244 "-" "Mozilla/4.0 (compatible; MSIE 7.0; Windows NT 5.1; SIMBAR={E52F1C99-3B4F-4769-9A60-6DFB01245890}; .NET CLR 1.0.3705; .NET CLR 1.1.4322; Media Center PC 4.0)"
176.9.0.119 - - [20/Jul/2011:13:43:35 +0200] "GET /robots.txt HTTP/1.1" 404 - "-" "Mozilla/5.0 (compatible; NerdByNature.Bot; http://www.nerdbynature.net/bot)"
176.9.0.119 - - [20/Jul/2011:13:43:35 +0200] "HEAD / HTTP/1.1" 200 - "-" "Mozilla/5.0 (compatible; NerdByNature.Bot; http://www.nerdbynature.net/bot)"
176.9.0.119 - - [20/Jul/2011:13:43:35 +0200] "GET / HTTP/1.1" 200 1244 "-" "Mozilla/5.0 (compatible; NerdByNature.Bot; http://www.nerdbynature.net/bot)"
209.51.162.219 - - [20/Jul/2011:13:50:58 +0200] "GET /robots.txt HTTP/1.1" 404 - "-" "ShopWiki/1.0 ( +http://www.shopwiki.com/wiki/Help:Bot)"
95.108.151.244 - - [20/Jul/2011:16:21:21 +0200] "GET /robots.txt HTTP/1.1" 404 - "-" "Mozilla/5.0 (compatible; YandexBot/3.0; +http://yandex.com/bots)"
95.108.151.244 - - [20/Jul/2011:16:21:22 +0200] "GET / HTTP/1.1" 200 1244 "-" "Mozilla/5.0 (compatible; YandexBot/3.0; +http://yandex.com/bots)"
95.108.151.244 - - [20/Jul/2011:16:21:23 +0200] "GET / HTTP/1.1" 200 1244 "-" "Mozilla/5.0 (compatible; YandexBot/3.0; +http://yandex.com/bots)"
208.80.194.28 - - [20/Jul/2011:18:41:14 +0200] "GET / HTTP/1.0" 200 1244 "-" "Mozilla/4.0 (compatible; MSIE 6.0; Windows NT 5.1; TCom_MAX250; SpamBlockerUtility 4.8.4)"
139.18.2.17 - - [20/Jul/2011:18:56:35 +0200] "GET /livezilla/livezilla.php HTTP/1.1" 200 90048 "-" "findlinks/2.0.9 (+http://wortschatz.uni-leipzig.de/findlinks/)"
139.18.2.17 - - [20/Jul/2011:18:56:35 +0200] "GET /livezilla/livezilla.php HTTP/1.1" 200 90048 "-" "findlinks/2.0.9 (+http://wortschatz.uni-leipzig.de/findlinks/)"
209.51.162.219 - - [20/Jul/2011:23:30:14 +0200] "GET /robots.txt HTTP/1.1" 404 - "-" "ShopWiki/1.0 ( +http://www.shopwiki.com/wiki/Help:Bot)"
8.11.2.9 - - [21/Jul/2011:04:24:22 +0200] "GET /robots.txt HTTP/1.1" 404 - "-" "ShopWiki/1.0 ( +http://www.shopwiki.com/wiki/Help:Bot)"
67.195.115.252 - - [21/Jul/2011:11:43:30 +0200] "GET /robots.txt HTTP/1.0" 404 - "-" "Mozilla/5.0 (compatible; Yahoo! Slurp; http://help.yahoo.com/help/us/ysearch/slurp)"
67.195.115.252 - - [21/Jul/2011:11:43:30 +0200] "GET /livezilla/livezilla.php HTTP/1.0" 200 90048 "-" "Mozilla/5.0 (compatible; Yahoo! Slurp; http://help.yahoo.com/help/us/ysearch/slurp)"
67.195.115.252 - - [21/Jul/2011:11:43:34 +0200] "GET /livezilla/templates/nojava.html HTTP/1.0" 200 1088 "-" "Mozilla/5.0 (compatible; Yahoo! Slurp; http://help.yahoo.com/help/us/ysearch/slurp)"
66.249.71.245 - - [21/Jul/2011:19:21:07 +0200] "GET /robots.txt HTTP/1.1" 404 - "-" "Mozilla/5.0 (compatible; Googlebot/2.1; +http://www.google.com/bot.html)"
66.249.71.245 - - [21/Jul/2011:19:21:07 +0200] "GET /livezilla/livezilla.php?template=lz_chat_frame.3.3 HTTP/1.1" 200 321 "-" "Mozilla/5.0 (compatible; Googlebot/2.1; +http://www.google.com/bot.html)"
66.249.71.245 - - [21/Jul/2011:19:21:07 +0200] "GET /livezilla/livezilla.php?template=lz_chat_frame.2.0 HTTP/1.1" 200 344 "-" "Mozilla/5.0 (compatible; Googlebot/2.1; +http://www.google.com/bot.html)"
66.249.71.245 - - [21/Jul/2011:19:21:09 +0200] "GET /livezilla/livezilla.php?template=lz_chat_frame.3.0 HTTP/1.1" 200 321 "-" "Mozilla/5.0 (compatible; Googlebot/2.1; +http://www.google.com/bot.html)"
66.249.71.245 - - [21/Jul/2011:19:21:10 +0200] "GET /livezilla/livezilla.php?template=lz_chat_frame.1.2 HTTP/1.1" 200 345 "-" "Mozilla/5.0 (compatible; Googlebot/2.1; +http://www.google.com/bot.html)"
66.249.71.245 - - [21/Jul/2011:19:21:11 +0200] "GET /livezilla/livezilla.php?template=lz_chat_frame.0.2 HTTP/1.1" 200 321 "-" "Mozilla/5.0 (compatible; Googlebot/2.1; +http://www.google.com/bot.html)"
66.249.71.245 - - [21/Jul/2011:19:21:12 +0200] "GET /livezilla/livezilla.php?template=lz_chat_frame.0.1 HTTP/1.1" 200 343 "-" "Mozilla/5.0 (compatible; Googlebot/2.1; +http://www.google.com/bot.html)"
66.249.71.245 - - [21/Jul/2011:19:21:13 +0200] "GET /livezilla/livezilla.php?template=lz_chat_frame.1.0 HTTP/1.1" 200 344 "-" "Mozilla/5.0 (compatible; Googlebot/2.1; +http://www.google.com/bot.html)"
66.249.71.245 - - [21/Jul/2011:19:21:14 +0200] "GET /livezilla/livezilla.php?template=lz_chat_frame.4.1 HTTP/1.1" 200 578 "-" "Mozilla/5.0 (compatible; Googlebot/2.1; +http://www.google.com/bot.html)"
66.249.71.245 - - [21/Jul/2011:19:21:16 +0200] "GET /livezilla/livezilla.php?template=lz_chat_frame.0.0 HTTP/1.1" 200 338 "-" "Mozilla/5.0 (compatible; Googlebot/2.1; +http://www.google.com/bot.html)"
66.249.71.245 - - [21/Jul/2011:19:21:17 +0200] "GET /livezilla/livezilla.php?template=lz_chat_frame.2.2 HTTP/1.1" 200 345 "-" "Mozilla/5.0 (compatible; Googlebot/2.1; +http://www.google.com/bot.html)"
66.249.71.245 - - [21/Jul/2011:19:21:18 +0200] "GET /livezilla/livezilla.php?template=lz_chat_frame.5.1 HTTP/1.1" 200 345 "-" "Mozilla/5.0 (compatible; Googlebot/2.1; +http://www.google.com/bot.html)"
66.249.71.245 - - [21/Jul/2011:19:21:19 +0200] "GET /livezilla/livezilla.php?template=lz_chat_frame.1.1& HTTP/1.1" 200 2385 "-" "Mozilla/5.0 (compatible; Googlebot/2.1; +http://www.google.com/bot.html)"
66.249.71.245 - - [21/Jul/2011:19:21:20 +0200] "GET /livezilla/livezilla.php?template=lz_chat_frame.3.2.login& HTTP/1.1" 200 1105 "-" "Mozilla/5.0 (compatible; Googlebot/2.1; +http://www.google.com/bot.html)"
209.51.162.220 - - [22/Jul/2011:05:13:59 +0200] "GET /robots.txt HTTP/1.1" 404 - "-" "ShopWiki/1.0 ( +http://www.shopwiki.com/wiki/Help:Bot)"
208.80.194.32 - - [22/Jul/2011:06:43:48 +0200] "GET / HTTP/1.0" 200 1244 "-" "Mozilla/4.0 (compatible; MSIE 6.0; Windows NT 5.1; dial; SV1; .NET CLR 1.1.4322; .NET CLR 2.0.50727)"
213.186.122.3 - - [22/Jul/2011:08:43:29 +0200] "GET /robots.txt HTTP/1.1" 404 - "-" "Mozilla/5.0 (compatible; SiteBot/0.1; +http://www.sitebot.org/robot/)"
213.186.122.3 - - [22/Jul/2011:08:43:30 +0200] "GET /livezilla/livezilla.php HTTP/1.1" 200 90048 "-" "Mozilla/5.0 (compatible; SiteBot/0.1; +http://www.sitebot.org/robot/)"
213.186.122.3 - - [22/Jul/2011:08:43:31 +0200] "GET /livezilla/livezilla.php?template=lz_chat_frame.0.0 HTTP/1.1" 200 338 "-" "Mozilla/5.0 (compatible; SiteBot/0.1; +http://www.sitebot.org/robot/)"
213.186.122.3 - - [22/Jul/2011:08:43:32 +0200] "GET /livezilla/livezilla.php?template=lz_chat_frame.0.1 HTTP/1.1" 200 343 "-" "Mozilla/5.0 (compatible; SiteBot/0.1; +http://www.sitebot.org/robot/)"
213.186.122.3 - - [22/Jul/2011:08:43:33 +0200] "GET /livezilla/livezilla.php?template=lz_chat_frame.0.2 HTTP/1.1" 200 321 "-" "Mozilla/5.0 (compatible; SiteBot/0.1; +http://www.sitebot.org/robot/)"
213.186.122.3 - - [22/Jul/2011:08:43:34 +0200] "GET /livezilla/livezilla.php?template=lz_chat_frame.1.0 HTTP/1.1" 200 344 "-" "Mozilla/5.0 (compatible; SiteBot/0.1; +http://www.sitebot.org/robot/)"
213.186.122.3 - - [22/Jul/2011:08:43:35 +0200] "GET /livezilla/livezilla.php?template=lz_chat_frame.1.1& HTTP/1.1" 200 2385 "-" "Mozilla/5.0 (compatible; SiteBot/0.1; +http://www.sitebot.org/robot/)"
213.186.122.3 - - [22/Jul/2011:08:43:36 +0200] "GET /livezilla/livezilla.php?template=lz_chat_frame.1.2 HTTP/1.1" 200 345 "-" "Mozilla/5.0 (compatible; SiteBot/0.1; +http://www.sitebot.org/robot/)"
213.186.122.3 - - [22/Jul/2011:08:43:37 +0200] "GET /livezilla/livezilla.php?template=lz_chat_frame.2.0 HTTP/1.1" 200 344 "-" "Mozilla/5.0 (compatible; SiteBot/0.1; +http://www.sitebot.org/robot/)"
213.186.122.3 - - [22/Jul/2011:08:43:38 +0200] "GET /livezilla/livezilla.php?template=lz_chat_frame.2.2 HTTP/1.1" 200 345 "-" "Mozilla/5.0 (compatible; SiteBot/0.1; +http://www.sitebot.org/robot/)"
213.186.122.3 - - [22/Jul/2011:08:43:39 +0200] "GET /livezilla/livezilla.php?template=lz_chat_frame.3.0 HTTP/1.1" 200 321 "-" "Mozilla/5.0 (compatible; SiteBot/0.1; +http://www.sitebot.org/robot/)"
213.186.122.3 - - [22/Jul/2011:08:43:40 +0200] "GET /livezilla/livezilla.php?template=lz_chat_frame.3.2.login& HTTP/1.1" 200 1105 "-" "Mozilla/5.0 (compatible; SiteBot/0.1; +http://www.sitebot.org/robot/)"
213.186.122.3 - - [22/Jul/2011:08:43:41 +0200] "GET /livezilla/livezilla.php?template=lz_chat_frame.3.2.login.0.0 HTTP/1.1" 200 1384 "-" "Mozilla/5.0 (compatible; SiteBot/0.1; +http://www.sitebot.org/robot/)"
213.186.122.3 - - [22/Jul/2011:08:43:42 +0200] "GET /livezilla/livezilla.php?template=lz_chat_frame.3.2.login.1.0& HTTP/1.1" 200 3689 "-" "Mozilla/5.0 (compatible; SiteBot/0.1; +http://www.sitebot.org/robot/)"
213.186.122.3 - - [22/Jul/2011:08:43:43 +0200] "GET /livezilla/livezilla.php?template=lz_chat_frame.3.2.login.2.0 HTTP/1.1" 200 361 "-" "Mozilla/5.0 (compatible; SiteBot/0.1; +http://www.sitebot.org/robot/)"
213.186.122.3 - - [22/Jul/2011:08:43:44 +0200] "GET /livezilla/livezilla.php?template=lz_chat_frame.3.3 HTTP/1.1" 200 321 "-" "Mozilla/5.0 (compatible; SiteBot/0.1; +http://www.sitebot.org/robot/)"
213.186.122.3 - - [22/Jul/2011:08:43:45 +0200] "GET /livezilla/livezilla.php?template=lz_chat_frame.4.1 HTTP/1.1" 200 578 "-" "Mozilla/5.0 (compatible; SiteBot/0.1; +http://www.sitebot.org/robot/)"
213.186.122.3 - - [22/Jul/2011:08:43:46 +0200] "GET /livezilla/livezilla.php?template=lz_chat_frame.5.1 HTTP/1.1" 200 345 "-" "Mozilla/5.0 (compatible; SiteBot/0.1; +http://www.sitebot.org/robot/)"
209.51.162.219 - - [22/Jul/2011:09:03:01 +0200] "GET /robots.txt HTTP/1.1" 404 - "-" "ShopWiki/1.0 ( +http://www.shopwiki.com/wiki/Help:Bot)"
209.51.162.219 - - [22/Jul/2011:13:50:38 +0200] "GET /robots.txt HTTP/1.1" 404 - "-" "ShopWiki/1.0 ( +http://www.shopwiki.com/wiki/Help:Bot)"
67.152.29.130 - - [22/Jul/2011:16:56:43 +0200] "GET /robots.txt HTTP/1.1" 404 - "-" "ShopWiki/1.0 ( +http://www.shopwiki.com/wiki/Help:Bot)"
77.20.40.169 - - [23/Jul/2011:00:11:41 +0200] "GET /livezilla/livezilla.php HTTP/1.1" 200 90048 "-" "findlinks/2.0.2 (+http://wortschatz.uni-leipzig.de/findlinks/)"
209.51.162.219 - - [23/Jul/2011:00:15:20 +0200] "GET /robots.txt HTTP/1.1" 404 - "-" "ShopWiki/1.0 ( +http://www.shopwiki.com/wiki/Help:Bot)"
77.20.40.169 - - [23/Jul/2011:00:11:38 +0200] "GET /livezilla/livezilla.php HTTP/1.1" 200 90048 "-" "findlinks/2.0.2 (+http://wortschatz.uni-leipzig.de/findlinks/)"
77.20.40.169 - - [23/Jul/2011:07:49:37 +0200] "GET /robots.txt HTTP/1.1" 404 - "-" "findlinks/2.0.2 (+http://wortschatz.uni-leipzig.de/findlinks/)"
209.51.162.220 - - [23/Jul/2011:11:07:39 +0200] "GET /robots.txt HTTP/1.1" 404 - "-" "ShopWiki/1.0 ( +http://www.shopwiki.com/wiki/Help:Bot)"
209.51.162.220 - - [23/Jul/2011:14:25:10 +0200] "GET /robots.txt HTTP/1.1" 404 - "-" "ShopWiki/1.0 ( +http://www.shopwiki.com/wiki/Help:Bot)"
67.152.29.130 - - [23/Jul/2011:21:33:40 +0200] "GET /robots.txt HTTP/1.1" 404 - "-" "ShopWiki/1.0 ( +http://www.shopwiki.com/wiki/Help:Bot)"
208.80.194.26 - - [23/Jul/2011:23:41:41 +0200] "GET / HTTP/1.0" 200 1244 "-" "Mozilla/4.0 (compatible; MSIE 6.0; Windows NT 5.1; SV1; InfoPath.1; .NET CLR 1.1.4322; .NET CLR 2.0.50727; .NET CLR 3.0.04506.30),gzip(gfe) (via translate.google.com)"
209.51.162.220 - - [24/Jul/2011:03:50:55 +0200] "GET /robots.txt HTTP/1.1" 404 - "-" "ShopWiki/1.0 ( +http://www.shopwiki.com/wiki/Help:Bot)"
209.51.162.220 - - [24/Jul/2011:07:06:21 +0200] "GET /robots.txt HTTP/1.1" 404 - "-" "ShopWiki/1.0 ( +http://www.shopwiki.com/wiki/Help:Bot)"
209.51.162.219 - - [25/Jul/2011:12:51:26 +0200] "GET /robots.txt HTTP/1.1" 404 - "-" "ShopWiki/1.0 ( +http://www.shopwiki.com/wiki/Help:Bot)"
208.80.194.29 - - [25/Jul/2011:14:15:22 +0200] "GET / HTTP/1.0" 200 1244 "-" "Mozilla/4.0 (compatible; MSIE 6.0; Windows NT 5.1; SV1; .NET CLR 1.1.4322; InfoPath.1; .NET CLR 2.0.50727; .NET CLR 3.0.04506.30; ZangoToolbar 4.8.3)"
66.249.72.3 - - [25/Jul/2011:16:23:02 +0200] "GET /robots.txt HTTP/1.1" 404 - "-" "Mozilla/5.0 (compatible; Googlebot/2.1; +http://www.google.com/bot.html)"
66.249.72.3 - - [25/Jul/2011:16:23:03 +0200] "GET / HTTP/1.1" 304 - "-" "Mozilla/5.0 (compatible; Googlebot/2.1; +http://www.google.com/bot.html)"
67.152.29.130 - - [25/Jul/2011:16:40:43 +0200] "GET /robots.txt HTTP/1.1" 404 - "-" "ShopWiki/1.0 ( +http://www.shopwiki.com/wiki/Help:Bot)"
209.51.162.219 - - [25/Jul/2011:22:29:33 +0200] "GET /robots.txt HTTP/1.1" 404 - "-" "ShopWiki/1.0 ( +http://www.shopwiki.com/wiki/Help:Bot)"
95.108.158.134 - - [25/Jul/2011:23:06:28 +0200] "GET /robots.txt HTTP/1.1" 404 - "-" "Mozilla/5.0 (compatible; YandexBot/3.0; +http://yandex.com/bots)"
89.182.76.27 - - [25/Jul/2011:23:56:12 +0200] "GET /robots.txt HTTP/1.1" 404 - "-" "findlinks/2.0.2 (+http://wortschatz.uni-leipzig.de/findlinks/)"
95.108.158.134 - - [26/Jul/2011:00:52:00 +0200] "GET / HTTP/1.1" 200 1244 "-" "Mozilla/5.0 (compatible; YandexBot/3.0; +http://yandex.com/bots)"
209.51.162.219 - - [26/Jul/2011:03:21:58 +0200] "GET /robots.txt HTTP/1.1" 404 - "-" "ShopWiki/1.0 ( +http://www.shopwiki.com/wiki/Help:Bot)"
8.11.2.10 - - [26/Jul/2011:10:19:53 +0200] "GET /robots.txt HTTP/1.1" 404 - "-" "ShopWiki/1.0 ( +http://www.shopwiki.com/wiki/Help:Bot)"
91.40.37.150 - - [26/Jul/2011:16:10:36 +0200] "GET /livezilla/server.php?request=track&output=jscript&nse= HTTP/1.1" 302 1722 "http://www.f-m-shop.de/seiten/frame.html" "Mozilla/4.0 (compatible; MSIE 5.0; Windows NT; DigExt)"
91.40.37.150 - - [26/Jul/2011:16:33:18 +0200] "GET /livezilla/livezilla.php HTTP/1.1" 200 90046 "http://www.f-m-shop.de/seiten/prod_detail_neuer.cfm?artnr=A%20%2035070&nav=2" "Mozilla/4.0 (compatible; MSIE 5.0; Windows NT; DigExt)"
91.40.37.150 - - [26/Jul/2011:16:49:54 +0200] "GET /livezilla/templates/style.css HTTP/1.1" 200 9496 "http://chat.f-m-shop.de/livezilla/livezilla.php" "Mozilla/4.0 (compatible; MSIE 5.0; Windows NT; DigExt)"
91.40.37.150 - - [26/Jul/2011:16:49:55 +0200] "GET /livezilla/images/icon_link.gif/ HTTP/1.1" 404 - "http://chat.f-m-shop.de/livezilla/livezilla.php" "Mozilla/4.0 (compatible; MSIE 5.0; Windows NT; DigExt)"
91.40.37.150 - - [26/Jul/2011:16:49:55 +0200] "GET /livezilla/templates/nojava.html HTTP/1.1" 200 1088 "http://chat.f-m-shop.de/livezilla/livezilla.php" "Mozilla/4.0 (compatible; MSIE 5.0; Windows NT; DigExt)"
91.40.37.150 - - [26/Jul/2011:16:49:55 +0200] "GET /livezilla/window.opera HTTP/1.1" 404 - "http://chat.f-m-shop.de/livezilla/livezilla.php" "Mozilla/4.0 (compatible; MSIE 5.0; Windows NT; DigExt)"
91.40.37.150 - - [26/Jul/2011:16:49:55 +0200] "GET /livezilla/livezilla.php?template=lz_chat_frame.0.0 HTTP/1.1" 200 338 "http://chat.f-m-shop.de/livezilla/livezilla.php" "Mozilla/4.0 (compatible; MSIE 5.0; Windows NT; DigExt)"
67.152.29.130 - - [26/Jul/2011:20:27:02 +0200] "GET /robots.txt HTTP/1.1" 404 - "-" "ShopWiki/1.0 ( +http://www.shopwiki.com/wiki/Help:Bot)"
91.40.37.150 - - [26/Jul/2011:21:49:16 +0200] "GET /livezilla/server.php?request=track&output=jscript&nse= HTTP/1.1" 302 1722 "http://www.f-m-shop.de/seiten/frame.html" "Mozilla/4.0 (compatible; MSIE 5.0; Windows NT; DigExt)"
91.40.37.150 - - [26/Jul/2011:22:11:31 +0200] "GET /livezilla/livezilla.php HTTP/1.1" 200 90046 "http://www.f-m-shop.de/seiten/prod_detail_neuer.cfm?artnr=A%20%2035070&nav=2" "Mozilla/4.0 (compatible; MSIE 5.0; Windows NT; DigExt)"
91.40.37.150 - - [26/Jul/2011:22:26:53 +0200] "GET /livezilla/templates/nojava.html HTTP/1.1" 200 1088 "http://chat.f-m-shop.de/livezilla/livezilla.php" "Mozilla/4.0 (compatible; MSIE 5.0; Windows NT; DigExt)"
91.40.37.150 - - [26/Jul/2011:23:25:01 +0200] "GET /livezilla/server.php?request=track&output=jscript&nse= HTTP/1.1" 302 1722 "http://www.f-m-shop.de/seiten/frame_suma.cfm?kat=HDDGEH&nav=2&artnr=A__11709" "Mozilla/4.0 (compatible; MSIE 5.0; Windows NT; DigExt)"
8.11.2.9 - - [27/Jul/2011:00:57:15 +0200] "GET /robots.txt HTTP/1.1" 404 - "-" "ShopWiki/1.0 ( +http://www.shopwiki.com/wiki/Help:Bot)"
209.51.162.220 - - [27/Jul/2011:07:39:41 +0200] "GET /robots.txt HTTP/1.1" 404 - "-" "ShopWiki/1.0 ( +http://www.shopwiki.com/wiki/Help:Bot)"
208.80.194.34 - - [27/Jul/2011:08:22:54 +0200] "GET / HTTP/1.0" 200 1244 "-" "Mozilla/4.0 (compatible; MSIE 7.0; Windows NT 5.1; .NET CLR 1.1.4322; .NET CLR 2.0.50727; Creative ZENcast v1.04.06)"
209.51.162.220 - - [27/Jul/2011:10:43:09 +0200] "GET /robots.txt HTTP/1.1" 404 - "-" "ShopWiki/1.0 ( +http://www.shopwiki.com/wiki/Help:Bot)"
8.11.2.9 - - [27/Jul/2011:21:20:42 +0200] "GET /robots.txt HTTP/1.1" 404 - "-" "ShopWiki/1.0 ( +http://www.shopwiki.com/wiki/Help:Bot)"
77.20.40.169 - - [27/Jul/2011:22:57:17 +0200] "GET /robots.txt HTTP/1.1" 404 - "-" "findlinks/2.0.2 (+http://wortschatz.uni-leipzig.de/findlinks/)"
8.11.2.10 - - [28/Jul/2011:07:54:35 +0200] "GET /robots.txt HTTP/1.1" 404 - "-" "ShopWiki/1.0 ( +http://www.shopwiki.com/wiki/Help:Bot)"
67.152.29.130 - - [28/Jul/2011:11:43:17 +0200] "GET /robots.txt HTTP/1.1" 404 - "-" "ShopWiki/1.0 ( +http://www.shopwiki.com/wiki/Help:Bot)"
208.80.194.29 - - [28/Jul/2011:23:41:16 +0200] "GET / HTTP/1.0" 200 1244 "-" "Mozilla/4.0 (compatible; MSIE 7.0; Windows NT 5.1; {7F0ACCB6-2FED-4287-99A0-4380396CB426}; YPC 3.2.0; .NET CLR 1.1.4322; yplus 5.1.04b)"
65.52.109.64 - - [29/Jul/2011:00:17:37 +0200] "GET /robots.txt HTTP/1.1" 404 - "-" "Mozilla/5.0 (compatible; bingbot/2.0; +http://www.bing.com/bingbot.htm)"
65.52.109.64 - - [29/Jul/2011:00:18:20 +0200] "GET /livezilla/livezilla.php HTTP/1.1" 200 90048 "-" "Mozilla/5.0 (compatible; bingbot/2.0; +http://www.bing.com/bingbot.htm)"
139.18.13.202 - - [29/Jul/2011:11:03:42 +0200] "GET /livezilla/livezilla.php HTTP/1.1" 200 90048 "-" "findlinks/2.1.3 (+http://wortschatz.uni-leipzig.de/findlinks/)"
139.18.13.202 - - [29/Jul/2011:11:03:43 +0200] "GET /livezilla/livezilla.php HTTP/1.1" 200 90048 "-" "findlinks/2.1.3 (+http://wortschatz.uni-leipzig.de/findlinks/)"
209.51.162.220 - - [29/Jul/2011:19:38:24 +0200] "GET /robots.txt HTTP/1.1" 404 - "-" "ShopWiki/1.0 ( +http://www.shopwiki.com/wiki/Help:Bot)"
209.51.162.220 - - [29/Jul/2011:20:48:15 +0200] "GET /livezilla/livezilla.php HTTP/1.1" 200 90200 "-" "ShopWiki/1.0 ( +http://www.shopwiki.com/wiki/Help:Bot)"
209.51.162.220 - - [29/Jul/2011:20:48:16 +0200] "GET /livezilla/templates/style.css HTTP/1.1" 200 9496 "-" "ShopWiki/1.0 ( +http://www.shopwiki.com/wiki/Help:Bot)"
77.20.40.82 - - [30/Jul/2011:02:42:16 +0200] "GET /robots.txt HTTP/1.1" 404 - "-" "findlinks/2.0.2 (+http://wortschatz.uni-leipzig.de/findlinks/)"
209.51.162.220 - - [30/Jul/2011:11:45:25 +0200] "GET /robots.txt HTTP/1.1" 404 - "-" "ShopWiki/1.0 ( +http://www.shopwiki.com/wiki/Help:Bot)"
208.80.194.31 - - [30/Jul/2011:15:00:58 +0200] "GET / HTTP/1.0" 200 1244 "-" "Mozilla/4.0 (compatible; MSIE 7.0; Windows NT 5.1; .NET CLR 1.1.4322; .NET CLR 2.0.50727; InfoPath.1; ZangoToolbar 4.8.2)"
209.51.162.220 - - [30/Jul/2011:17:56:07 +0200] "GET /robots.txt HTTP/1.1" 404 - "-" "ShopWiki/1.0 ( +http://www.shopwiki.com/wiki/Help:Bot)"
67.195.115.99 - - [30/Jul/2011:19:02:04 +0200] "GET /robots.txt HTTP/1.0" 404 - "-" "Mozilla/5.0 (compatible; Yahoo! Slurp; http://help.yahoo.com/help/us/ysearch/slurp)"
67.195.115.99 - - [30/Jul/2011:19:02:05 +0200] "GET /livezilla/livezilla.php HTTP/1.0" 200 90048 "-" "Mozilla/5.0 (compatible; Yahoo! Slurp; http://help.yahoo.com/help/us/ysearch/slurp)"
67.195.115.99 - - [30/Jul/2011:19:02:07 +0200] "GET /livezilla/templates/nojava.html HTTP/1.0" 200 1088 "-" "Mozilla/5.0 (compatible; Yahoo! Slurp; http://help.yahoo.com/help/us/ysearch/slurp)"
66.249.72.3 - - [30/Jul/2011:20:37:18 +0200] "GET /robots.txt HTTP/1.1" 404 - "-" "Mozilla/5.0 (compatible; Googlebot/2.1; +http://www.google.com/bot.html)"
66.249.72.3 - - [30/Jul/2011:20:37:18 +0200] "GET /livezilla/livezilla.php HTTP/1.1" 200 90048 "-" "Mozilla/5.0 (compatible; Googlebot/2.1; +http://www.google.com/bot.html)"
8.11.2.10 - - [30/Jul/2011:21:16:53 +0200] "GET /robots.txt HTTP/1.1" 404 - "-" "ShopWiki/1.0 ( +http://www.shopwiki.com/wiki/Help:Bot)"
77.20.40.173 - - [31/Jul/2011:08:31:26 +0200] "GET /livezilla/livezilla.php HTTP/1.1" 200 90048 "-" "findlinks/2.0.2 (+http://wortschatz.uni-leipzig.de/findlinks/)"
77.20.40.173 - - [31/Jul/2011:08:31:26 +0200] "GET /livezilla/livezilla.php HTTP/1.1" 200 90048 "-" "findlinks/2.0.2 (+http://wortschatz.uni-leipzig.de/findlinks/)"
8.11.2.9 - - [31/Jul/2011:23:32:22 +0200] "GET /robots.txt HTTP/1.1" 404 - "-" "ShopWiki/1.0 ( +http://www.shopwiki.com/wiki/Help:Bot)"