67.195.37.94 - - [01/Jun/2010:00:16:28 +0200] "GET / HTTP/1.0" 404 - "-" "Mozilla/5.0 (compatible; Yahoo! Slurp/3.0; http://help.yahoo.com/help/us/ysearch/slurp)"
208.80.193.27 - - [01/Jun/2010:12:07:13 +0200] "GET / HTTP/1.0" 404 - "-" "Mozilla/4.0 (compatible; MSIE 6.0; Windows NT 5.0; DigExt; (R1 1.5))"
67.218.116.133 - - [01/Jun/2010:13:27:41 +0200] "GET /robots.txt HTTP/1.1" 404 - "-" "Mozilla/5.0 (Twiceler-0.9 http://www.cuil.com/twiceler/robot.html)"
216.129.119.14 - - [01/Jun/2010:13:33:13 +0200] "GET /robots.txt HTTP/1.1" 404 - "-" "Mozilla/5.0 (Twiceler-0.9 http://www.cuil.com/twiceler/robot.html)"
95.108.158.134 - - [01/Jun/2010:19:27:17 +0200] "GET /robots.txt HTTP/1.1" 404 - "-" "Yandex/1.01.001 (compatible; Win16; I)"
8.11.2.9 - - [02/Jun/2010:00:00:45 +0200] "GET /robots.txt HTTP/1.1" 404 - "-" "ShopWiki/1.0 ( +http://www.shopwiki.com/wiki/Help:Bot)"
67.152.29.130 - - [02/Jun/2010:03:16:29 +0200] "GET /robots.txt HTTP/1.1" 404 - "-" "ShopWiki/1.0 ( +http://www.shopwiki.com/wiki/Help:Bot)"
8.11.2.10 - - [02/Jun/2010:06:39:39 +0200] "GET /robots.txt HTTP/1.1" 404 - "-" "ShopWiki/1.0 ( +http://www.shopwiki.com/wiki/Help:Bot)"
209.51.162.220 - - [02/Jun/2010:09:47:03 +0200] "GET /robots.txt HTTP/1.1" 404 - "-" "ShopWiki/1.0 ( +http://www.shopwiki.com/wiki/Help:Bot)"
216.129.119.14 - - [02/Jun/2010:14:06:39 +0200] "GET /robots.txt HTTP/1.1" 404 - "-" "Mozilla/5.0 (Twiceler-0.9 http://www.cuil.com/twiceler/robot.html)"
95.108.158.134 - - [02/Jun/2010:15:01:27 +0200] "GET /livezilla/livezilla.php HTTP/1.1" 200 91660 "-" "Yandex/1.01.001 (compatible; Win16; I)"
67.218.116.133 - - [02/Jun/2010:15:31:51 +0200] "GET /robots.txt HTTP/1.1" 404 - "-" "Mozilla/5.0 (Twiceler-0.9 http://www.cuil.com/twiceler/robot.html)"
208.80.193.30 - - [02/Jun/2010:20:29:30 +0200] "GET / HTTP/1.0" 404 - "-" "Mozilla/4.0 (compatible; MSIE 5.5; Windows 98; Win 9x 4.90; {4A9ABEB8-ACCD-4AE9-AEA5-D65F77CC0151}; (R1 1.5))"
95.108.158.134 - - [02/Jun/2010:22:59:31 +0200] "GET /robots.txt HTTP/1.1" 404 - "-" "Yandex/1.01.001 (compatible; Win16; I)"
67.152.29.130 - - [02/Jun/2010:23:04:38 +0200] "GET /robots.txt HTTP/1.1" 404 - "-" "ShopWiki/1.0 ( +http://www.shopwiki.com/wiki/Help:Bot)"
209.51.162.219 - - [03/Jun/2010:03:28:30 +0200] "GET /robots.txt HTTP/1.1" 404 - "-" "ShopWiki/1.0 ( +http://www.shopwiki.com/wiki/Help:Bot)"
207.46.199.212 - - [03/Jun/2010:04:34:10 +0200] "GET /robots.txt HTTP/1.1" 404 - "-" "msnbot-media/1.1 (+http://search.msn.com/msnbot.htm)"
207.46.199.212 - - [03/Jun/2010:04:34:10 +0200] "GET /livezilla/intern_images/nopic.jpg HTTP/1.1" 200 3599 "-" "msnbot-media/1.1 (+http://search.msn.com/msnbot.htm)"
207.46.199.212 - - [03/Jun/2010:04:34:11 +0200] "GET /livezilla/livezilla.php?template=lz_chat_frame.1.1& HTTP/1.1" 200 2385 "-" "msnbot-media/1.1 (+http://search.msn.com/msnbot.htm)"
207.46.194.77 - - [03/Jun/2010:05:52:39 +0200] "GET /robots.txt HTTP/1.1" 404 - "-" "msnbot-media/1.1 (+http://search.msn.com/msnbot.htm)"
207.46.194.77 - - [03/Jun/2010:05:52:39 +0200] "GET /livezilla/images/carrier_logo.gif HTTP/1.1" 404 - "-" "msnbot-media/1.1 (+http://search.msn.com/msnbot.htm)"
207.46.12.212 - - [03/Jun/2010:07:56:43 +0200] "GET /livezilla/livezilla.php?template=lz_chat_frame.1.2 HTTP/1.1" 200 345 "-" "Mozilla/4.0 (compatible; MSIE 6.0; Windows NT 5.2; SV1; .NET CLR 1.1.4325)"
207.46.12.212 - - [03/Jun/2010:07:56:48 +0200] "GET /livezilla/templates/style.css HTTP/1.1" 200 9496 "http://chat.f-m-shop.de/livezilla/livezilla.php?template=lz_chat_frame.1.2" "Mozilla/4.0 (compatible; MSIE 6.0; Windows NT 5.2; SV1; .NET CLR 1.1.4325)"
216.129.119.14 - - [03/Jun/2010:18:25:07 +0200] "GET /robots.txt HTTP/1.1" 404 - "-" "Mozilla/5.0 (Twiceler-0.9 http://www.cuil.com/twiceler/robot.html)"
67.218.116.133 - - [03/Jun/2010:18:26:41 +0200] "GET /robots.txt HTTP/1.1" 404 - "-" "Mozilla/5.0 (Twiceler-0.9 http://www.cuil.com/twiceler/robot.html)"
95.108.158.134 - - [03/Jun/2010:22:01:35 +0200] "GET /robots.txt HTTP/1.1" 404 - "-" "Yandex/1.01.001 (compatible; Win16; I)"
209.51.162.220 - - [04/Jun/2010:00:35:23 +0200] "GET /robots.txt HTTP/1.1" 404 - "-" "ShopWiki/1.0 ( +http://www.shopwiki.com/wiki/Help:Bot)"
208.80.193.39 - - [04/Jun/2010:03:51:22 +0200] "GET / HTTP/1.0" 404 - "-" "Mozilla/4.0 (compatible; MSIE 6.0; Windows NT 5.1; SV1; SIMBAR Enabled; SIMBAR={F327E9F4-D1E4-4edb-B133-706CB5C399FF}; SIMBAR=0; .NET CLR 2.0.40607)"
8.11.2.10 - - [04/Jun/2010:06:20:26 +0200] "GET /robots.txt HTTP/1.1" 404 - "-" "ShopWiki/1.0 ( +http://www.shopwiki.com/wiki/Help:Bot)"
8.11.2.9 - - [04/Jun/2010:15:05:46 +0200] "GET /robots.txt HTTP/1.1" 404 - "-" "ShopWiki/1.0 ( +http://www.shopwiki.com/wiki/Help:Bot)"
95.108.158.134 - - [04/Jun/2010:15:19:32 +0200] "GET / HTTP/1.1" 404 - "-" "Yandex/1.01.001 (compatible; Win16; I)"
216.129.119.14 - - [04/Jun/2010:16:50:00 +0200] "GET /robots.txt HTTP/1.1" 404 - "-" "Mozilla/5.0 (Twiceler-0.9 http://www.cuil.com/twiceler/robot.html)"
67.218.116.133 - - [04/Jun/2010:17:42:44 +0200] "GET /robots.txt HTTP/1.1" 404 - "-" "Mozilla/5.0 (Twiceler-0.9 http://www.cuil.com/twiceler/robot.html)"
209.51.162.219 - - [04/Jun/2010:18:24:16 +0200] "GET /robots.txt HTTP/1.1" 404 - "-" "ShopWiki/1.0 ( +http://www.shopwiki.com/wiki/Help:Bot)"
207.46.13.133 - - [04/Jun/2010:21:22:55 +0200] "GET /robots.txt HTTP/1.1" 404 - "-" "msnbot/2.0b (+http://search.msn.com/msnbot.htm)"
207.46.13.133 - - [04/Jun/2010:21:23:37 +0200] "GET /livezilla/livezilla.php?template=lz_chat_frame.0.0 HTTP/1.1" 200 338 "-" "msnbot/2.0b (+http://search.msn.com/msnbot.htm)"
207.46.204.191 - - [05/Jun/2010:04:03:20 +0200] "GET /robots.txt HTTP/1.1" 404 - "-" "msnbot/2.0b (+http://search.msn.com/msnbot.htm)"
207.46.204.191 - - [05/Jun/2010:04:04:36 +0200] "GET /livezilla/livezilla.php?template=lz_chat_frame.1.0 HTTP/1.1" 200 344 "-" "msnbot/2.0b (+http://search.msn.com/msnbot.htm)"
208.80.193.27 - - [05/Jun/2010:10:39:48 +0200] "GET / HTTP/1.0" 404 - "-" "Mozilla/4.0 (compatible; MSIE 7.0; Windows NT 5.1; (R1 1.5); .NET CLR 1.1.4322; MSN 6.1; MSNbMSFT; MSNmen-us; MSNc00; v5m)"
208.115.111.249 - - [05/Jun/2010:12:04:29 +0200] "GET /robots.txt HTTP/1.1" 404 - "-" "Mozilla/5.0 (compatible; DotBot/1.1; http://www.dotnetdotcom.org/, crawler@dotnetdotcom.org)"
216.129.119.14 - - [05/Jun/2010:13:42:16 +0200] "GET /robots.txt HTTP/1.1" 404 - "-" "Mozilla/5.0 (Twiceler-0.9 http://www.cuil.com/twiceler/robot.html)"
67.218.116.133 - - [05/Jun/2010:14:38:54 +0200] "GET /robots.txt HTTP/1.1" 404 - "-" "Mozilla/5.0 (Twiceler-0.9 http://www.cuil.com/twiceler/robot.html)"
208.115.111.249 - - [05/Jun/2010:16:22:08 +0200] "GET /livezilla/livezilla.php HTTP/1.1" 200 89940 "-" "Mozilla/5.0 (compatible; DotBot/1.1; http://www.dotnetdotcom.org/, crawler@dotnetdotcom.org)"
208.115.111.249 - - [05/Jun/2010:19:08:20 +0200] "GET /robots.txt HTTP/1.1" 404 - "-" "Mozilla/5.0 (compatible; DotBot/1.1; http://www.dotnetdotcom.org/, crawler@dotnetdotcom.org)"
207.46.199.53 - - [05/Jun/2010:20:40:16 +0200] "GET /robots.txt HTTP/1.1" 404 - "-" "msnbot/2.0b (+http://search.msn.com/msnbot.htm)"
207.46.199.53 - - [05/Jun/2010:20:41:37 +0200] "GET /livezilla/livezilla.php?template=lz_chat_frame.0.1 HTTP/1.1" 200 343 "-" "msnbot/2.0b (+http://search.msn.com/msnbot.htm)"
207.46.13.133 - - [05/Jun/2010:22:05:06 +0200] "GET /livezilla/livezilla.php?template=lz_chat_frame.3.2.login& HTTP/1.1" 200 1105 "-" "msnbot/2.0b (+http://search.msn.com/msnbot.htm)"
207.46.13.133 - - [05/Jun/2010:22:05:06 +0200] "GET /livezilla/livezilla.php?template=lz_chat_frame.3.2.login.1.0& HTTP/1.1" 200 3689 "-" "msnbot/2.0b (+http://search.msn.com/msnbot.htm)"
208.115.111.249 - - [05/Jun/2010:23:17:38 +0200] "GET /livezilla/%5C HTTP/1.1" 404 - "-" "Mozilla/5.0 (compatible; DotBot/1.1; http://www.dotnetdotcom.org/, crawler@dotnetdotcom.org)"
207.46.204.195 - - [05/Jun/2010:23:42:36 +0200] "GET /livezilla/livezilla.php?template=lz_chat_frame.3.2.login.1.0& HTTP/1.1" 200 3689 "-" "msnbot/2.0b (+http://search.msn.com/msnbot.htm)"
8.11.2.9 - - [06/Jun/2010:06:11:42 +0200] "GET /robots.txt HTTP/1.1" 404 - "-" "ShopWiki/1.0 ( +http://www.shopwiki.com/wiki/Help:Bot)"
81.17.208.4 - - [06/Jun/2010:10:01:45 +0200] "GET /robots.txt HTTP/1.0" 404 - "http://chat.f-m-shop.de/livezilla/livezilla.php" "Mozilla/5.0 (compatible; jobs.de-Robot +http://www.jobs.de)"
81.17.208.4 - - [06/Jun/2010:10:01:47 +0200] "GET /livezilla/livezilla.php HTTP/1.0" 200 90096 "http://www.f-m-shop.de/seiten/prod_detail_neuer.cfm?artnr=A%20%2022654&nav=2" "Mozilla/5.0 (compatible; jobs.de-Robot +http://www.jobs.de)"
81.17.208.4 - - [06/Jun/2010:10:02:15 +0200] "GET /livezilla/templates/nojava.html HTTP/1.0" 200 1088 "http://chat.f-m-shop.de/livezilla/livezilla.php" "Mozilla/5.0 (compatible; jobs.de-Robot +http://www.jobs.de)"
81.17.208.4 - - [06/Jun/2010:11:13:27 +0200] "GET /livezilla/lz_chat_frame.1.1 HTTP/1.0" 404 - "http://chat.f-m-shop.de/livezilla/livezilla.php" "Mozilla/5.0 (compatible; jobs.de-Robot +http://www.jobs.de)"
81.17.208.4 - - [06/Jun/2010:11:13:30 +0200] "GET /livezilla/lz_chat_frame.3.2.chat.4.0 HTTP/1.0" 404 - "http://chat.f-m-shop.de/livezilla/livezilla.php" "Mozilla/5.0 (compatible; jobs.de-Robot +http://www.jobs.de)"
81.17.208.4 - - [06/Jun/2010:11:13:32 +0200] "GET /livezilla/server.php HTTP/1.0" 302 1722 "http://chat.f-m-shop.de/livezilla/livezilla.php" "Mozilla/5.0 (compatible; jobs.de-Robot +http://www.jobs.de)"
81.17.208.4 - - [06/Jun/2010:11:13:36 +0200] "GET /livezilla/lz_chat_frame.3.2 HTTP/1.0" 404 - "http://chat.f-m-shop.de/livezilla/livezilla.php" "Mozilla/5.0 (compatible; jobs.de-Robot +http://www.jobs.de)"
81.17.208.4 - - [06/Jun/2010:11:13:40 +0200] "GET /livezilla/livezilla.php?template=lz_chat_frame.1.2 HTTP/1.0" 200 345 "http://chat.f-m-shop.de/livezilla/livezilla.php" "Mozilla/5.0 (compatible; jobs.de-Robot +http://www.jobs.de)"
81.17.208.4 - - [06/Jun/2010:11:13:44 +0200] "GET /livezilla/lz_chat_frame.3.2.login.1.0 HTTP/1.0" 404 - "http://chat.f-m-shop.de/livezilla/livezilla.php" "Mozilla/5.0 (compatible; jobs.de-Robot +http://www.jobs.de)"
81.17.208.4 - - [06/Jun/2010:11:13:47 +0200] "GET /livezilla/lz_chat_data.ExternalUser.Session.BrowserId; HTTP/1.0" 404 - "http://chat.f-m-shop.de/livezilla/livezilla.php" "Mozilla/5.0 (compatible; jobs.de-Robot +http://www.jobs.de)"
81.17.208.4 - - [06/Jun/2010:11:13:50 +0200] "GET /livezilla/lz_chat_frame.3.2.chat.5.0 HTTP/1.0" 404 - "http://chat.f-m-shop.de/livezilla/livezilla.php" "Mozilla/5.0 (compatible; jobs.de-Robot +http://www.jobs.de)"
81.17.208.4 - - [06/Jun/2010:11:13:53 +0200] "GET /livezilla/livezilla.php?template=lz_chat_frame.3.2.login& HTTP/1.0" 200 1105 "http://chat.f-m-shop.de/livezilla/livezilla.php" "Mozilla/5.0 (compatible; jobs.de-Robot +http://www.jobs.de)"
81.17.208.4 - - [06/Jun/2010:11:14:06 +0200] "GET /livezilla/lz_chat_data.PollTimeout HTTP/1.0" 404 - "http://chat.f-m-shop.de/livezilla/livezilla.php" "Mozilla/5.0 (compatible; jobs.de-Robot +http://www.jobs.de)"
81.17.208.4 - - [06/Jun/2010:11:14:09 +0200] "GET /livezilla/livezilla.php?template=lz_chat_frame.0.0 HTTP/1.0" 200 338 "http://chat.f-m-shop.de/livezilla/livezilla.php" "Mozilla/5.0 (compatible; jobs.de-Robot +http://www.jobs.de)"
81.17.208.4 - - [06/Jun/2010:11:14:12 +0200] "GET /livezilla/lz_chat_frame.3.2.chat.1.0 HTTP/1.0" 404 - "http://chat.f-m-shop.de/livezilla/livezilla.php" "Mozilla/5.0 (compatible; jobs.de-Robot +http://www.jobs.de)"
81.17.208.4 - - [06/Jun/2010:11:14:16 +0200] "GET /livezilla/lz_chat_frame.3.2.chat.2.0 HTTP/1.0" 404 - "http://chat.f-m-shop.de/livezilla/livezilla.php" "Mozilla/5.0 (compatible; jobs.de-Robot +http://www.jobs.de)"
81.17.208.4 - - [06/Jun/2010:11:14:18 +0200] "GET /%22javascript:print();/%22%3EDrucken%3C/a%3E%22); HTTP/1.0" 404 - "http://chat.f-m-shop.de/livezilla/livezilla.php" "Mozilla/5.0 (compatible; jobs.de-Robot +http://www.jobs.de)"
81.17.208.4 - - [06/Jun/2010:11:14:22 +0200] "GET /livezilla/livezilla.php?template=lz_chat_frame.0.2 HTTP/1.0" 200 321 "http://chat.f-m-shop.de/livezilla/livezilla.php" "Mozilla/5.0 (compatible; jobs.de-Robot +http://www.jobs.de)"
81.17.208.4 - - [06/Jun/2010:11:14:25 +0200] "GET /livezilla/this.Id; HTTP/1.0" 404 - "http://chat.f-m-shop.de/livezilla/livezilla.php" "Mozilla/5.0 (compatible; jobs.de-Robot +http://www.jobs.de)"
81.17.208.4 - - [06/Jun/2010:11:14:28 +0200] "GET /livezilla/livezilla.php?template=lz_chat_frame.2.2 HTTP/1.0" 200 345 "http://chat.f-m-shop.de/livezilla/livezilla.php" "Mozilla/5.0 (compatible; jobs.de-Robot +http://www.jobs.de)"
81.17.208.4 - - [06/Jun/2010:11:14:31 +0200] "GET /%22./images/icon_link.gif/%22 HTTP/1.0" 404 - "http://chat.f-m-shop.de/livezilla/livezilla.php" "Mozilla/5.0 (compatible; jobs.de-Robot +http://www.jobs.de)"
81.17.208.4 - - [06/Jun/2010:11:14:34 +0200] "GET /livezilla/lz_chat_frame.2.0 HTTP/1.0" 404 - "http://chat.f-m-shop.de/livezilla/livezilla.php" "Mozilla/5.0 (compatible; jobs.de-Robot +http://www.jobs.de)"
81.17.208.4 - - [06/Jun/2010:11:14:38 +0200] "GET /livezilla/lz_chat_frame.3.3 HTTP/1.0" 404 - "http://chat.f-m-shop.de/livezilla/livezilla.php" "Mozilla/5.0 (compatible; jobs.de-Robot +http://www.jobs.de)"
81.17.208.4 - - [06/Jun/2010:11:14:41 +0200] "GET /livezilla/lz_chat_frame.3.0 HTTP/1.0" 404 - "http://chat.f-m-shop.de/livezilla/livezilla.php" "Mozilla/5.0 (compatible; jobs.de-Robot +http://www.jobs.de)"
81.17.208.4 - - [06/Jun/2010:11:14:44 +0200] "GET /livezilla/lz_chat_frame.3.2.login.2.0 HTTP/1.0" 404 - "http://chat.f-m-shop.de/livezilla/livezilla.php" "Mozilla/5.0 (compatible; jobs.de-Robot +http://www.jobs.de)"
81.17.208.4 - - [06/Jun/2010:11:14:47 +0200] "GET /livezilla/lz_chat_frame.3.2.chat.0.0 HTTP/1.0" 404 - "http://chat.f-m-shop.de/livezilla/livezilla.php" "Mozilla/5.0 (compatible; jobs.de-Robot +http://www.jobs.de)"
81.17.208.4 - - [06/Jun/2010:11:14:50 +0200] "GET /livezilla/frames%5B'lz_chat_frame.1.1'%5D.document.getElementById('lz_chat_vcard_text').href HTTP/1.0" 404 - "http://chat.f-m-shop.de/livezilla/livezilla.php" "Mozilla/5.0 (compatible; jobs.de-Robot +http://www.jobs.de)"
81.17.208.4 - - [06/Jun/2010:11:14:55 +0200] "GET /livezilla/lz_chat_frame.1.2 HTTP/1.0" 404 - "http://chat.f-m-shop.de/livezilla/livezilla.php" "Mozilla/5.0 (compatible; jobs.de-Robot +http://www.jobs.de)"
81.17.208.4 - - [06/Jun/2010:11:14:57 +0200] "GET /livezilla/1.0 HTTP/1.0" 404 - "http://chat.f-m-shop.de/livezilla/livezilla.php" "Mozilla/5.0 (compatible; jobs.de-Robot +http://www.jobs.de)"
81.17.208.4 - - [06/Jun/2010:11:15:01 +0200] "GET /livezilla/_url; HTTP/1.0" 404 - "http://chat.f-m-shop.de/livezilla/livezilla.php" "Mozilla/5.0 (compatible; jobs.de-Robot +http://www.jobs.de)"
81.17.208.4 - - [06/Jun/2010:11:15:05 +0200] "GET /livezilla/lz_chat_data.ExternalUser.Session.UserId; HTTP/1.0" 404 - "http://chat.f-m-shop.de/livezilla/livezilla.php" "Mozilla/5.0 (compatible; jobs.de-Robot +http://www.jobs.de)"
81.17.208.4 - - [06/Jun/2010:11:15:08 +0200] "GET /livezilla/livezilla.php?template=lz_chat_frame.2.0 HTTP/1.0" 200 344 "http://chat.f-m-shop.de/livezilla/livezilla.php" "Mozilla/5.0 (compatible; jobs.de-Robot +http://www.jobs.de)"
81.17.208.4 - - [06/Jun/2010:11:15:12 +0200] "GET /livezilla/livezilla.php?template=lz_chat_frame.3.2.mail& HTTP/1.0" 200 4934 "http://chat.f-m-shop.de/livezilla/livezilla.php" "Mozilla/5.0 (compatible; jobs.de-Robot +http://www.jobs.de)"
81.17.208.4 - - [06/Jun/2010:11:15:15 +0200] "GET /%22javascript:top.lz_chat_goto_message(true);/%22%3E%3Cb%3E%22 HTTP/1.0" 404 - "http://chat.f-m-shop.de/livezilla/livezilla.php" "Mozilla/5.0 (compatible; jobs.de-Robot +http://www.jobs.de)"
81.17.208.4 - - [06/Jun/2010:11:15:18 +0200] "GET /livezilla/lz_chat_frame.4.1 HTTP/1.0" 404 - "http://chat.f-m-shop.de/livezilla/livezilla.php" "Mozilla/5.0 (compatible; jobs.de-Robot +http://www.jobs.de)"
81.17.208.4 - - [06/Jun/2010:11:15:21 +0200] "GET /livezilla/lz_chat_frame.0.2 HTTP/1.0" 404 - "http://chat.f-m-shop.de/livezilla/livezilla.php" "Mozilla/5.0 (compatible; jobs.de-Robot +http://www.jobs.de)"
81.17.208.4 - - [06/Jun/2010:11:15:24 +0200] "GET /livezilla/lz_chat_frame.5.1 HTTP/1.0" 404 - "http://chat.f-m-shop.de/livezilla/livezilla.php" "Mozilla/5.0 (compatible; jobs.de-Robot +http://www.jobs.de)"
81.17.208.4 - - [06/Jun/2010:12:14:11 +0200] "GET /livezilla/livezilla.php?template=lz_chat_frame.4.1 HTTP/1.0" 200 578 "http://chat.f-m-shop.de/livezilla/livezilla.php" "Mozilla/5.0 (compatible; jobs.de-Robot +http://www.jobs.de)"
81.17.208.4 - - [06/Jun/2010:12:14:15 +0200] "GET /livezilla/data.split(%22%3CLiveZilla%3E%22)%5B1%5D.split(%22%3C/LiveZilla%3E%22)%5B0%5D.split(%22;%22); HTTP/1.0" 404 - "http://chat.f-m-shop.de/livezilla/livezilla.php" "Mozilla/5.0 (compatible; jobs.de-Robot +http://www.jobs.de)"
81.17.208.4 - - [06/Jun/2010:12:14:18 +0200] "GET /livezilla/livezilla.php?template=lz_chat_frame.3.3 HTTP/1.0" 200 321 "http://chat.f-m-shop.de/livezilla/livezilla.php" "Mozilla/5.0 (compatible; jobs.de-Robot +http://www.jobs.de)"
81.17.208.4 - - [06/Jun/2010:12:14:22 +0200] "GET /livezilla/livezilla.php?template=lz_chat_frame.1.0 HTTP/1.0" 200 344 "http://chat.f-m-shop.de/livezilla/livezilla.php" "Mozilla/5.0 (compatible; jobs.de-Robot +http://www.jobs.de)"
81.17.208.4 - - [06/Jun/2010:12:14:27 +0200] "GET /livezilla/(_webcam) HTTP/1.0" 404 - "http://chat.f-m-shop.de/livezilla/livezilla.php" "Mozilla/5.0 (compatible; jobs.de-Robot +http://www.jobs.de)"
81.17.208.4 - - [06/Jun/2010:12:14:31 +0200] "GET /livezilla/lz_chat_frame.0.0 HTTP/1.0" 404 - "http://chat.f-m-shop.de/livezilla/livezilla.php" "Mozilla/5.0 (compatible; jobs.de-Robot +http://www.jobs.de)"
81.17.208.4 - - [06/Jun/2010:12:14:35 +0200] "GET /livezilla/lz_chat_frame.2.2 HTTP/1.0" 404 - "http://chat.f-m-shop.de/livezilla/livezilla.php" "Mozilla/5.0 (compatible; jobs.de-Robot +http://www.jobs.de)"
81.17.208.4 - - [06/Jun/2010:12:14:39 +0200] "GET /livezilla/lz_chat_frame.1.0 HTTP/1.0" 404 - "http://chat.f-m-shop.de/livezilla/livezilla.php" "Mozilla/5.0 (compatible; jobs.de-Robot +http://www.jobs.de)"
81.17.208.4 - - [06/Jun/2010:12:14:43 +0200] "GET /livezilla/livezilla.php?template=lz_chat_frame.3.0 HTTP/1.0" 200 321 "http://chat.f-m-shop.de/livezilla/livezilla.php" "Mozilla/5.0 (compatible; jobs.de-Robot +http://www.jobs.de)"
81.17.208.4 - - [06/Jun/2010:12:14:47 +0200] "GET /livezilla/7.5 HTTP/1.0" 404 - "http://chat.f-m-shop.de/livezilla/livezilla.php" "Mozilla/5.0 (compatible; jobs.de-Robot +http://www.jobs.de)"
81.17.208.4 - - [06/Jun/2010:12:14:53 +0200] "GET /livezilla/livezilla.php?template=lz_chat_frame.1.1& HTTP/1.0" 200 2407 "http://chat.f-m-shop.de/livezilla/livezilla.php" "Mozilla/5.0 (compatible; jobs.de-Robot +http://www.jobs.de)"
81.17.208.4 - - [06/Jun/2010:12:14:56 +0200] "GET /livezilla/window.name; HTTP/1.0" 404 - "http://chat.f-m-shop.de/livezilla/livezilla.php" "Mozilla/5.0 (compatible; jobs.de-Robot +http://www.jobs.de)"
81.17.208.4 - - [06/Jun/2010:12:15:00 +0200] "GET /livezilla/lz_chat_frame.0.1 HTTP/1.0" 404 - "http://chat.f-m-shop.de/livezilla/livezilla.php" "Mozilla/5.0 (compatible; jobs.de-Robot +http://www.jobs.de)"
81.17.208.4 - - [06/Jun/2010:12:15:03 +0200] "GET /livezilla/Microsoft.XMLHTTP HTTP/1.0" 404 - "http://chat.f-m-shop.de/livezilla/livezilla.php" "Mozilla/5.0 (compatible; jobs.de-Robot +http://www.jobs.de)"
81.17.208.4 - - [06/Jun/2010:12:15:06 +0200] "GET /livezilla/livezilla.php?template=lz_chat_frame.0.1 HTTP/1.0" 200 343 "http://chat.f-m-shop.de/livezilla/livezilla.php" "Mozilla/5.0 (compatible; jobs.de-Robot +http://www.jobs.de)"
81.17.208.4 - - [06/Jun/2010:12:15:10 +0200] "GET /livezilla/application/x-www-form-urlencoded HTTP/1.0" 404 - "http://chat.f-m-shop.de/livezilla/livezilla.php" "Mozilla/5.0 (compatible; jobs.de-Robot +http://www.jobs.de)"
81.17.208.4 - - [06/Jun/2010:12:15:13 +0200] "GET /livezilla/%3CLiveZilla%3E HTTP/1.0" 404 - "http://chat.f-m-shop.de/livezilla/livezilla.php" "Mozilla/5.0 (compatible; jobs.de-Robot +http://www.jobs.de)"
81.17.208.4 - - [06/Jun/2010:12:15:16 +0200] "GET /livezilla/livezilla.php?template=lz_chat_frame.5.1 HTTP/1.0" 200 345 "http://chat.f-m-shop.de/livezilla/livezilla.php" "Mozilla/5.0 (compatible; jobs.de-Robot +http://www.jobs.de)"
81.17.208.4 - - [06/Jun/2010:12:15:20 +0200] "GET /livezilla/MSXML2.XMLHTTP HTTP/1.0" 404 - "http://chat.f-m-shop.de/livezilla/livezilla.php" "Mozilla/5.0 (compatible; jobs.de-Robot +http://www.jobs.de)"
81.17.208.4 - - [06/Jun/2010:12:17:05 +0200] "GET /livezilla/livezilla.php?template=lz_chat_frame.3.2.login.0.0 HTTP/1.0" 200 1427 "http://chat.f-m-shop.de/livezilla/livezilla.php?template=lz_chat_frame.3.2.login&" "Mozilla/5.0 (compatible; jobs.de-Robot +http://www.jobs.de)"
81.17.208.4 - - [06/Jun/2010:12:17:08 +0200] "GET /livezilla/lz_chat_frame.3.2.login.0.0 HTTP/1.0" 404 - "http://chat.f-m-shop.de/livezilla/livezilla.php?template=lz_chat_frame.3.2.login&" "Mozilla/5.0 (compatible; jobs.de-Robot +http://www.jobs.de)"
81.17.208.4 - - [06/Jun/2010:12:17:12 +0200] "GET /livezilla/livezilla.php?template=lz_chat_frame.3.2.login.1.0& HTTP/1.0" 200 3689 "http://chat.f-m-shop.de/livezilla/livezilla.php?template=lz_chat_frame.3.2.login&" "Mozilla/5.0 (compatible; jobs.de-Robot +http://www.jobs.de)"
81.17.208.4 - - [06/Jun/2010:12:17:24 +0200] "GET /livezilla/livezilla.php?template=lz_chat_frame.3.2.login.2.0 HTTP/1.0" 200 361 "http://chat.f-m-shop.de/livezilla/livezilla.php?template=lz_chat_frame.3.2.login&" "Mozilla/5.0 (compatible; jobs.de-Robot +http://www.jobs.de)"
216.129.119.14 - - [06/Jun/2010:12:45:17 +0200] "GET /robots.txt HTTP/1.1" 404 - "-" "Mozilla/5.0 (Twiceler-0.9 http://www.cuil.com/twiceler/robot.html)"
67.218.116.133 - - [06/Jun/2010:12:58:06 +0200] "GET /robots.txt HTTP/1.1" 404 - "-" "Mozilla/5.0 (Twiceler-0.9 http://www.cuil.com/twiceler/robot.html)"
81.17.208.4 - - [06/Jun/2010:13:14:47 +0200] "GET /livezilla/livezilla.php?template=lz_chat_frame.3.2.chat HTTP/1.0" 200 2116 "http://chat.f-m-shop.de/livezilla/livezilla.php?template=lz_chat_frame.3.2.login.1.0&" "Mozilla/5.0 (compatible; jobs.de-Robot +http://www.jobs.de)"
81.17.208.4 - - [06/Jun/2010:13:15:17 +0200] "GET /livezilla/livezilla.php?template=lz_chat_frame.3.2.chat.3.1 HTTP/1.0" 200 277 "http://chat.f-m-shop.de/livezilla/livezilla.php?template=lz_chat_frame.3.2.chat" "Mozilla/5.0 (compatible; jobs.de-Robot +http://www.jobs.de)"
81.17.208.4 - - [06/Jun/2010:13:15:20 +0200] "GET /livezilla/livezilla.php?template=lz_chat_frame.3.2.chat.3.0 HTTP/1.0" 200 2151 "http://chat.f-m-shop.de/livezilla/livezilla.php?template=lz_chat_frame.3.2.chat" "Mozilla/5.0 (compatible; jobs.de-Robot +http://www.jobs.de)"
81.17.208.4 - - [06/Jun/2010:13:15:23 +0200] "GET /livezilla/livezilla.php?template=lz_chat_frame.3.2.chat.4.0 HTTP/1.0" 200 933 "http://chat.f-m-shop.de/livezilla/livezilla.php?template=lz_chat_frame.3.2.chat" "Mozilla/5.0 (compatible; jobs.de-Robot +http://www.jobs.de)"
81.17.208.4 - - [06/Jun/2010:13:15:27 +0200] "GET /livezilla/livezilla.php?template=lz_chat_frame.3.2.chat.0.0 HTTP/1.0" 200 3328 "http://chat.f-m-shop.de/livezilla/livezilla.php?template=lz_chat_frame.3.2.chat" "Mozilla/5.0 (compatible; jobs.de-Robot +http://www.jobs.de)"
81.17.208.4 - - [06/Jun/2010:13:15:31 +0200] "GET /livezilla/livezilla.php?template=lz_chat_frame.3.2.chat.5.0 HTTP/1.0" 200 1440 "http://chat.f-m-shop.de/livezilla/livezilla.php?template=lz_chat_frame.3.2.chat" "Mozilla/5.0 (compatible; jobs.de-Robot +http://www.jobs.de)"
81.17.208.4 - - [06/Jun/2010:13:15:35 +0200] "GET /livezilla/livezilla.php?template=lz_chat_frame.3.2.chat.2.0 HTTP/1.0" 200 5613 "http://chat.f-m-shop.de/livezilla/livezilla.php?template=lz_chat_frame.3.2.chat" "Mozilla/5.0 (compatible; jobs.de-Robot +http://www.jobs.de)"
81.17.208.4 - - [06/Jun/2010:13:15:38 +0200] "GET /livezilla/livezilla.php?template=lz_chat_frame.3.2.chat.1.0 HTTP/1.0" 200 1576 "http://chat.f-m-shop.de/livezilla/livezilla.php?template=lz_chat_frame.3.2.chat" "Mozilla/5.0 (compatible; jobs.de-Robot +http://www.jobs.de)"
207.46.13.49 - - [06/Jun/2010:13:20:29 +0200] "GET /robots.txt HTTP/1.1" 404 - "-" "msnbot/2.0b (+http://search.msn.com/msnbot.htm)"
207.46.13.49 - - [06/Jun/2010:13:21:38 +0200] "GET /livezilla/livezilla.php?template=lz_chat_frame.3.3 HTTP/1.1" 200 321 "-" "msnbot/2.0b (+http://search.msn.com/msnbot.htm)"
77.251.255.231 - - [06/Jun/2010:14:11:51 +0200] "GET / HTTP/1.1" 404 - "-" "Java/1.6.0_20"
207.46.13.143 - - [06/Jun/2010:15:30:06 +0200] "GET /robots.txt HTTP/1.1" 404 - "-" "msnbot/2.0b (+http://search.msn.com/msnbot.htm)"
207.46.13.143 - - [06/Jun/2010:15:31:07 +0200] "GET /livezilla/livezilla.php?template=lz_chat_frame.1.2 HTTP/1.1" 200 345 "-" "msnbot/2.0b (+http://search.msn.com/msnbot.htm)"
208.80.193.30 - - [06/Jun/2010:17:03:00 +0200] "GET / HTTP/1.0" 404 - "-" "Mozilla/4.0 (compatible; MSIE 6.0; Windows NT 5.1; {1CD645D5-62F7-1180-52D2-B2AA545C2F64}; .NET CLR 1.1.4322)"
209.51.162.219 - - [06/Jun/2010:17:22:43 +0200] "GET /robots.txt HTTP/1.1" 404 - "-" "ShopWiki/1.0 ( +http://www.shopwiki.com/wiki/Help:Bot)"
207.46.13.92 - - [06/Jun/2010:23:28:33 +0200] "GET /robots.txt HTTP/1.1" 404 - "-" "msnbot/2.0b (+http://search.msn.com/msnbot.htm)"
207.46.13.92 - - [06/Jun/2010:23:31:05 +0200] "GET /livezilla/livezilla.php?template=lz_chat_frame.1.1& HTTP/1.1" 200 2385 "-" "msnbot/2.0b (+http://search.msn.com/msnbot.htm)"
207.46.195.231 - - [07/Jun/2010:06:15:15 +0200] "GET /robots.txt HTTP/1.1" 404 - "-" "msnbot/2.0b (+http://search.msn.com/msnbot.htm)"
207.46.195.231 - - [07/Jun/2010:06:16:37 +0200] "GET /livezilla/livezilla.php?template=lz_chat_frame.5.1 HTTP/1.1" 200 345 "-" "msnbot/2.0b (+http://search.msn.com/msnbot.htm)"
209.51.162.220 - - [07/Jun/2010:07:51:47 +0200] "GET /robots.txt HTTP/1.1" 404 - "-" "ShopWiki/1.0 ( +http://www.shopwiki.com/wiki/Help:Bot)"
67.218.116.133 - - [07/Jun/2010:12:46:08 +0200] "GET /robots.txt HTTP/1.1" 404 - "-" "Mozilla/5.0 (Twiceler-0.9 http://www.cuil.com/twiceler/robot.html)"
216.129.119.14 - - [07/Jun/2010:12:52:12 +0200] "GET /robots.txt HTTP/1.1" 404 - "-" "Mozilla/5.0 (Twiceler-0.9 http://www.cuil.com/twiceler/robot.html)"
208.80.193.39 - - [07/Jun/2010:23:57:49 +0200] "GET / HTTP/1.0" 404 - "-" "Mozilla/4.0 (compatible; MSIE 7.0; Windows NT 5.1; {3B50D54F-C060-4680-BDD5-D5EEA29D736B})"
67.195.37.94 - - [08/Jun/2010:01:16:58 +0200] "GET /robots.txt HTTP/1.0" 404 - "-" "Mozilla/5.0 (compatible; Yahoo! Slurp; http://help.yahoo.com/help/us/ysearch/slurp)"
67.195.37.94 - - [08/Jun/2010:01:16:58 +0200] "GET /livezilla/livezilla.php HTTP/1.0" 200 89940 "-" "Mozilla/5.0 (compatible; Yahoo! Slurp/3.0; http://help.yahoo.com/help/us/ysearch/slurp)"
67.195.37.94 - - [08/Jun/2010:01:17:00 +0200] "GET /livezilla/templates/nojava.html HTTP/1.0" 200 1088 "-" "Mozilla/5.0 (compatible; Yahoo! Slurp/3.0; http://help.yahoo.com/help/us/ysearch/slurp)"
207.46.13.137 - - [08/Jun/2010:02:15:18 +0200] "GET /robots.txt HTTP/1.1" 404 - "-" "msnbot/2.0b (+http://search.msn.com/msnbot.htm)"
207.46.13.137 - - [08/Jun/2010:02:16:13 +0200] "GET /livezilla/livezilla.php?template=lz_chat_frame.2.2 HTTP/1.1" 200 345 "-" "msnbot/2.0b (+http://search.msn.com/msnbot.htm)"
207.46.204.236 - - [08/Jun/2010:05:44:16 +0200] "GET /robots.txt HTTP/1.1" 404 - "-" "msnbot/2.0b (+http://search.msn.com/msnbot.htm)"
207.46.204.236 - - [08/Jun/2010:05:45:12 +0200] "GET /livezilla/livezilla.php?template=lz_chat_frame.4.1 HTTP/1.1" 200 578 "-" "msnbot/2.0b (+http://search.msn.com/msnbot.htm)"
207.46.195.242 - - [08/Jun/2010:06:22:12 +0200] "GET /livezilla/livezilla.php?template=lz_chat_frame.3.0 HTTP/1.1" 200 321 "-" "msnbot/2.0b (+http://search.msn.com/msnbot.htm)"
216.129.119.14 - - [08/Jun/2010:12:25:18 +0200] "GET /robots.txt HTTP/1.1" 404 - "-" "Mozilla/5.0 (Twiceler-0.9 http://www.cuil.com/twiceler/robot.html)"
67.218.116.133 - - [08/Jun/2010:12:26:43 +0200] "GET /robots.txt HTTP/1.1" 404 - "-" "Mozilla/5.0 (Twiceler-0.9 http://www.cuil.com/twiceler/robot.html)"
82.166.163.10 - - [08/Jun/2010:21:19:34 +0200] "GET /livezilla/server.php?request=track&output=jscript&nse= HTTP/1.1" 200 26976 "http://www.f-m-shop.de/seiten/frame.html" "Mozilla/4.0 (compatible; MSIE 5.5; Windows NT 5.0)"
209.51.162.220 - - [09/Jun/2010:04:29:12 +0200] "GET /robots.txt HTTP/1.1" 404 - "-" "ShopWiki/1.0 ( +http://www.shopwiki.com/wiki/Help:Bot)"
8.11.2.9 - - [09/Jun/2010:04:29:47 +0200] "GET /livezilla/livezilla.php?template=lz_chat_frame.3.3 HTTP/1.1" 200 321 "-" "ShopWiki/1.0 ( +http://www.shopwiki.com/wiki/Help:Bot)"
8.11.2.9 - - [09/Jun/2010:04:29:48 +0200] "GET /livezilla/templates/style.css HTTP/1.1" 200 9496 "-" "ShopWiki/1.0 ( +http://www.shopwiki.com/wiki/Help:Bot)"
8.11.2.9 - - [09/Jun/2010:04:29:50 +0200] "GET /livezilla/livezilla.php?template=lz_chat_frame.3.0 HTTP/1.1" 200 321 "-" "ShopWiki/1.0 ( +http://www.shopwiki.com/wiki/Help:Bot)"
8.11.2.9 - - [09/Jun/2010:04:29:51 +0200] "GET /livezilla/livezilla.php?template=lz_chat_frame.2.0 HTTP/1.1" 200 344 "-" "ShopWiki/1.0 ( +http://www.shopwiki.com/wiki/Help:Bot)"
8.11.2.9 - - [09/Jun/2010:04:29:53 +0200] "GET /livezilla/livezilla.php?template=lz_chat_frame.2.2 HTTP/1.1" 200 345 "-" "ShopWiki/1.0 ( +http://www.shopwiki.com/wiki/Help:Bot)"
209.51.162.220 - - [09/Jun/2010:04:30:07 +0200] "GET /livezilla/livezilla.php?template=lz_chat_frame.5.1 HTTP/1.1" 200 345 "-" "ShopWiki/1.0 ( +http://www.shopwiki.com/wiki/Help:Bot)"
209.51.162.220 - - [09/Jun/2010:04:30:21 +0200] "GET /livezilla/livezilla.php?template=lz_chat_frame.1.1 HTTP/1.1" 200 2407 "-" "ShopWiki/1.0 ( +http://www.shopwiki.com/wiki/Help:Bot)"
209.51.162.220 - - [09/Jun/2010:04:30:26 +0200] "GET /livezilla/livezilla.php?template=lz_chat_frame.0.0 HTTP/1.1" 200 338 "-" "ShopWiki/1.0 ( +http://www.shopwiki.com/wiki/Help:Bot)"
209.51.162.220 - - [09/Jun/2010:04:30:27 +0200] "GET /livezilla/livezilla.php?template=lz_chat_frame.0.2 HTTP/1.1" 200 321 "-" "ShopWiki/1.0 ( +http://www.shopwiki.com/wiki/Help:Bot)"
209.51.162.220 - - [09/Jun/2010:04:30:40 +0200] "GET /livezilla/livezilla.php?template=lz_chat_frame.0.1 HTTP/1.1" 200 343 "-" "ShopWiki/1.0 ( +http://www.shopwiki.com/wiki/Help:Bot)"
209.51.162.220 - - [09/Jun/2010:04:30:42 +0200] "GET /livezilla/livezilla.php?template=lz_chat_frame.4.1 HTTP/1.1" 200 578 "-" "ShopWiki/1.0 ( +http://www.shopwiki.com/wiki/Help:Bot)"
209.51.162.220 - - [09/Jun/2010:04:30:52 +0200] "GET /livezilla/livezilla.php?template=lz_chat_frame.1.0 HTTP/1.1" 200 344 "-" "ShopWiki/1.0 ( +http://www.shopwiki.com/wiki/Help:Bot)"
209.51.162.220 - - [09/Jun/2010:04:30:54 +0200] "GET /livezilla/livezilla.php?template=lz_chat_frame.1.2 HTTP/1.1" 200 345 "-" "ShopWiki/1.0 ( +http://www.shopwiki.com/wiki/Help:Bot)"
207.46.204.196 - - [09/Jun/2010:04:58:02 +0200] "GET /robots.txt HTTP/1.1" 404 - "-" "msnbot/2.0b (+http://search.msn.com/msnbot.htm)"
207.46.204.196 - - [09/Jun/2010:04:58:44 +0200] "GET /livezilla/livezilla.php?template=lz_chat_frame.3.2.login& HTTP/1.1" 200 1105 "-" "msnbot/2.0b (+http://search.msn.com/msnbot.htm)"
207.46.204.196 - - [09/Jun/2010:04:58:44 +0200] "GET /livezilla/livezilla.php HTTP/1.1" 200 89940 "-" "msnbot/2.0b (+http://search.msn.com/msnbot.htm)"
208.80.193.35 - - [09/Jun/2010:06:48:28 +0200] "GET / HTTP/1.0" 404 - "-" "Mozilla/4.0 (compatible; MSIE 6.0; America Online Browser 1.1; Windows NT 5.1; SV1; FunWebProducts; ZangoToolbar 4.8.2)"
216.129.119.14 - - [09/Jun/2010:12:11:04 +0200] "GET /robots.txt HTTP/1.1" 404 - "-" "Mozilla/5.0 (Twiceler-0.9 http://www.cuil.com/twiceler/robot.html)"
67.218.116.133 - - [09/Jun/2010:12:22:28 +0200] "GET /robots.txt HTTP/1.1" 404 - "-" "Mozilla/5.0 (Twiceler-0.9 http://www.cuil.com/twiceler/robot.html)"
209.51.162.220 - - [10/Jun/2010:11:36:31 +0200] "GET /robots.txt HTTP/1.1" 404 - "-" "ShopWiki/1.0 ( +http://www.shopwiki.com/wiki/Help:Bot)"
67.218.116.133 - - [10/Jun/2010:12:17:10 +0200] "GET /robots.txt HTTP/1.1" 404 - "-" "Mozilla/5.0 (Twiceler-0.9 http://www.cuil.com/twiceler/robot.html)"
216.129.119.14 - - [10/Jun/2010:12:17:13 +0200] "GET /robots.txt HTTP/1.1" 404 - "-" "Mozilla/5.0 (Twiceler-0.9 http://www.cuil.com/twiceler/robot.html)"
208.80.193.30 - - [10/Jun/2010:15:07:27 +0200] "GET / HTTP/1.0" 404 - "-" "Mozilla/4.0 (compatible; MSIE 6.0; Windows NT 5.1; SV1; InfoPath.1; .NET CLR 2.0.50727; .NET CLR 1.1.4322; ZangoToolbar 4.8.2)"
209.51.162.220 - - [11/Jun/2010:00:40:14 +0200] "GET /robots.txt HTTP/1.1" 404 - "-" "ShopWiki/1.0 ( +http://www.shopwiki.com/wiki/Help:Bot)"
209.51.162.220 - - [11/Jun/2010:00:40:21 +0200] "GET /livezilla/livezilla.php HTTP/1.1" 200 90096 "-" "ShopWiki/1.0 ( +http://www.shopwiki.com/wiki/Help:Bot)"
209.51.162.220 - - [11/Jun/2010:00:40:22 +0200] "GET /livezilla/templates/style.css HTTP/1.1" 200 9496 "-" "ShopWiki/1.0 ( +http://www.shopwiki.com/wiki/Help:Bot)"
209.51.162.220 - - [11/Jun/2010:12:09:48 +0200] "GET /robots.txt HTTP/1.1" 404 - "-" "ShopWiki/1.0 ( +http://www.shopwiki.com/wiki/Help:Bot)"
216.129.119.49 - - [11/Jun/2010:12:16:34 +0200] "GET /robots.txt HTTP/1.1" 404 - "-" "Mozilla/5.0 (Twiceler-0.9 http://www.cuil.com/twiceler/robot.html)"
67.218.116.170 - - [11/Jun/2010:12:24:46 +0200] "GET /robots.txt HTTP/1.1" 404 - "-" "Mozilla/5.0 (Twiceler-0.9 http://www.cuil.com/twiceler/robot.html)"
208.80.193.121 - - [11/Jun/2010:20:01:46 +0200] "GET / HTTP/1.0" 404 - "-" "Mozilla/4.0 (compatible; MSIE 7.0; Windows NT 5.1; Windows-Media-Player/10.00.00.3990; InfoPath.2)"
95.108.158.134 - - [11/Jun/2010:20:20:12 +0200] "GET /robots.txt HTTP/1.1" 404 - "-" "Yandex/1.01.001 (compatible; Win16; I)"
209.51.162.220 - - [11/Jun/2010:20:21:37 +0200] "GET /robots.txt HTTP/1.1" 404 - "-" "ShopWiki/1.0 ( +http://www.shopwiki.com/wiki/Help:Bot)"
67.218.116.170 - - [12/Jun/2010:12:22:27 +0200] "GET /robots.txt HTTP/1.1" 404 - "-" "Mozilla/5.0 (Twiceler-0.9 http://www.cuil.com/twiceler/robot.html)"
216.129.119.49 - - [12/Jun/2010:12:31:51 +0200] "GET /robots.txt HTTP/1.1" 404 - "-" "Mozilla/5.0 (Twiceler-0.9 http://www.cuil.com/twiceler/robot.html)"
95.108.158.134 - - [12/Jun/2010:15:37:33 +0200] "GET / HTTP/1.1" 404 - "-" "Yandex/1.01.001 (compatible; Win16; I)"
208.80.193.34 - - [13/Jun/2010:00:29:04 +0200] "GET / HTTP/1.0" 404 - "-" "Mozilla/4.0 (compatible; MSIE 6.0; Windows NT 5.1; iebar; SV1; acc=; acc=none; (none))"
67.218.116.170 - - [13/Jun/2010:12:16:21 +0200] "GET /robots.txt HTTP/1.1" 404 - "-" "Mozilla/5.0 (Twiceler-0.9 http://www.cuil.com/twiceler/robot.html)"
216.129.119.49 - - [13/Jun/2010:12:22:31 +0200] "GET /robots.txt HTTP/1.1" 404 - "-" "Mozilla/5.0 (Twiceler-0.9 http://www.cuil.com/twiceler/robot.html)"
8.11.2.10 - - [13/Jun/2010:19:23:44 +0200] "GET /robots.txt HTTP/1.1" 404 - "-" "ShopWiki/1.0 ( +http://www.shopwiki.com/wiki/Help:Bot)"
8.11.2.9 - - [13/Jun/2010:22:48:32 +0200] "GET /robots.txt HTTP/1.1" 404 - "-" "ShopWiki/1.0 ( +http://www.shopwiki.com/wiki/Help:Bot)"
208.80.193.29 - - [14/Jun/2010:04:46:30 +0200] "GET / HTTP/1.0" 404 - "-" "Mozilla/4.0 (compatible; MSIE 7.0; Windows NT 5.1; .NET CLR 3.0.04506.30; .NET CLR 2.0.50727)"
216.129.119.49 - - [14/Jun/2010:12:12:47 +0200] "GET /robots.txt HTTP/1.1" 404 - "-" "Mozilla/5.0 (Twiceler-0.9 http://www.cuil.com/twiceler/robot.html)"
67.218.116.170 - - [14/Jun/2010:12:24:34 +0200] "GET /robots.txt HTTP/1.1" 404 - "-" "Mozilla/5.0 (Twiceler-0.9 http://www.cuil.com/twiceler/robot.html)"
67.152.29.130 - - [14/Jun/2010:13:42:24 +0200] "GET /robots.txt HTTP/1.1" 404 - "-" "ShopWiki/1.0 ( +http://www.shopwiki.com/wiki/Help:Bot)"
212.225.209.58 - - [14/Jun/2010:23:58:21 +0200] "GET / HTTP/1.1" 404 - "-" "Java/1.4.2_05"
67.195.37.94 - - [15/Jun/2010:00:18:22 +0200] "GET /robots.txt HTTP/1.0" 404 - "-" "Mozilla/5.0 (compatible; Yahoo! Slurp; http://help.yahoo.com/help/us/ysearch/slurp)"
67.195.37.94 - - [15/Jun/2010:00:18:22 +0200] "GET / HTTP/1.0" 404 - "-" "Mozilla/5.0 (compatible; Yahoo! Slurp/3.0; http://help.yahoo.com/help/us/ysearch/slurp)"
209.51.162.220 - - [15/Jun/2010:03:53:36 +0200] "GET /robots.txt HTTP/1.1" 404 - "-" "ShopWiki/1.0 ( +http://www.shopwiki.com/wiki/Help:Bot)"
208.80.193.39 - - [15/Jun/2010:09:18:04 +0200] "GET / HTTP/1.0" 404 - "-" "Mozilla/4.0 (compatible; MSIE 7.0; Windows NT 5.1; .NET CLR 1.1.4322; .NET CLR 2.0.50727; Creative ZENcast v1.04.06)"
216.129.119.49 - - [15/Jun/2010:12:23:50 +0200] "GET /robots.txt HTTP/1.1" 404 - "-" "Mozilla/5.0 (Twiceler-0.9 http://www.cuil.com/twiceler/robot.html)"
67.218.116.170 - - [15/Jun/2010:12:24:29 +0200] "GET /robots.txt HTTP/1.1" 404 - "-" "Mozilla/5.0 (Twiceler-0.9 http://www.cuil.com/twiceler/robot.html)"
67.152.29.130 - - [15/Jun/2010:14:02:22 +0200] "GET /robots.txt HTTP/1.1" 404 - "-" "ShopWiki/1.0 ( +http://www.shopwiki.com/wiki/Help:Bot)"
67.152.29.130 - - [15/Jun/2010:17:42:35 +0200] "GET /robots.txt HTTP/1.1" 404 - "-" "ShopWiki/1.0 ( +http://www.shopwiki.com/wiki/Help:Bot)"
66.29.219.12 - - [15/Jun/2010:19:46:05 +0200] "GET /livezilla/server.php?request=track&output=jscript&nse= HTTP/1.1" 200 26976 "-" "Mozilla/5.0 (compatible; Qualidator.com Bot 1.0;)"
67.152.29.130 - - [16/Jun/2010:03:43:14 +0200] "GET /robots.txt HTTP/1.1" 404 - "-" "ShopWiki/1.0 ( +http://www.shopwiki.com/wiki/Help:Bot)"
67.218.116.170 - - [16/Jun/2010:12:17:01 +0200] "GET /robots.txt HTTP/1.1" 404 - "-" "Mozilla/5.0 (Twiceler-0.9 http://www.cuil.com/twiceler/robot.html)"
216.129.119.49 - - [16/Jun/2010:12:20:52 +0200] "GET /robots.txt HTTP/1.1" 404 - "-" "Mozilla/5.0 (Twiceler-0.9 http://www.cuil.com/twiceler/robot.html)"
209.51.162.219 - - [16/Jun/2010:12:39:49 +0200] "GET /robots.txt HTTP/1.1" 404 - "-" "ShopWiki/1.0 ( +http://www.shopwiki.com/wiki/Help:Bot)"
69.84.207.147 - - [16/Jun/2010:13:46:07 +0200] "GET /livezilla/server.php HTTP/1.1" 302 1722 "-" "Mozilla/4.0 (compatible; MSIE 7.0;Windows NT 5.1;.NET CLR 1.1.4322;.NET CLR 2.0.50727;.NET CLR 3.0.04506.30)"
208.80.193.121 - - [16/Jun/2010:13:50:55 +0200] "GET / HTTP/1.0" 404 - "-" "Mozilla/4.0 (compatible; MSIE 6.0; Windows NT 5.1; SV1; SIMBAR={E7D78616-F1FB-4287-AC9C-8AE2FBBAD227})"
209.51.162.220 - - [16/Jun/2010:15:48:00 +0200] "GET /robots.txt HTTP/1.1" 404 - "-" "ShopWiki/1.0 ( +http://www.shopwiki.com/wiki/Help:Bot)"
207.46.13.91 - - [16/Jun/2010:17:18:58 +0200] "GET /robots.txt HTTP/1.1" 404 - "-" "msnbot/2.0b (+http://search.msn.com/msnbot.htm)"
207.46.13.91 - - [16/Jun/2010:17:19:41 +0200] "GET /livezilla/livezilla.php HTTP/1.1" 200 89940 "-" "msnbot/2.0b (+http://search.msn.com/msnbot.htm)"
209.51.162.220 - - [17/Jun/2010:00:43:00 +0200] "GET /robots.txt HTTP/1.1" 404 - "-" "ShopWiki/1.0 ( +http://www.shopwiki.com/wiki/Help:Bot)"
209.51.162.220 - - [17/Jun/2010:06:46:25 +0200] "GET /robots.txt HTTP/1.1" 404 - "-" "ShopWiki/1.0 ( +http://www.shopwiki.com/wiki/Help:Bot)"
12.5.18.178 - - [17/Jun/2010:09:59:36 +0200] "GET / HTTP/1.1" 404 - "-" "Java/1.4.1_04"
216.129.119.49 - - [17/Jun/2010:12:20:04 +0200] "GET /robots.txt HTTP/1.1" 404 - "-" "Mozilla/5.0 (Twiceler-0.9 http://www.cuil.com/twiceler/robot.html)"
67.218.116.170 - - [17/Jun/2010:12:20:12 +0200] "GET /robots.txt HTTP/1.1" 404 - "-" "Mozilla/5.0 (Twiceler-0.9 http://www.cuil.com/twiceler/robot.html)"
208.80.193.121 - - [17/Jun/2010:18:44:58 +0200] "GET / HTTP/1.0" 404 - "-" "Mozilla/4.0 (compatible; MSIE 6.0; Windows NT 5.1; {AE3E55EE-4585-43C4-8CA5-A3CDBDEB1C70}; FunWebProducts; PeoplePal 3.0)"
207.46.12.111 - - [17/Jun/2010:23:05:34 +0200] "GET /livezilla/livezilla.php?template=lz_chat_frame.0.2 HTTP/1.1" 200 321 "-" "Mozilla/4.0 (compatible; MSIE 6.0; Windows NT 5.2; SLCC1; .NET CLR 1.1.4322; .NET CLR 2.0.40607; .NET CLR 3.0.30729)"
207.46.12.111 - - [17/Jun/2010:23:05:39 +0200] "GET /livezilla/templates/style.css HTTP/1.1" 200 9496 "http://chat.f-m-shop.de/livezilla/livezilla.php?template=lz_chat_frame.0.2" "Mozilla/4.0 (compatible; MSIE 6.0; Windows NT 5.2; SLCC1; .NET CLR 1.1.4322; .NET CLR 2.0.40607; .NET CLR 3.0.30729)"
8.11.2.10 - - [18/Jun/2010:02:08:00 +0200] "GET /robots.txt HTTP/1.1" 404 - "-" "ShopWiki/1.0 ( +http://www.shopwiki.com/wiki/Help:Bot)"
67.152.29.130 - - [18/Jun/2010:05:27:46 +0200] "GET /robots.txt HTTP/1.1" 404 - "-" "ShopWiki/1.0 ( +http://www.shopwiki.com/wiki/Help:Bot)"
207.46.195.223 - - [18/Jun/2010:05:37:20 +0200] "GET /robots.txt HTTP/1.1" 404 - "-" "msnbot/2.0b (+http://search.msn.com/msnbot.htm)"
207.46.195.223 - - [18/Jun/2010:05:38:11 +0200] "GET /livezilla/livezilla.php HTTP/1.1" 200 89940 "-" "msnbot/2.0b (+http://search.msn.com/msnbot.htm)"
87.106.241.88 - - [18/Jun/2010:10:02:41 +0200] "GET /livezilla/livezilla.php HTTP/1.1" 200 89940 "http://www.f-m-shop.de/seiten/prod_detail_neuer.cfm?artnr=A+++6244&kat=MODISDN&name=TK+AVM+Fritz!Card+PCI+Low+Profil&b_sort=ASC&kat_her=&nav=2&p_sort=" "Mozilla/5.0 (Windows; U; Windows NT 5.1; de; rv:1.8.1.3) Gecko/20070309 Firefox/2.0.0.3"
87.106.241.88 - - [18/Jun/2010:10:02:42 +0200] "GET /livezilla/livezilla.php?template=lz_chat_frame.1.2 HTTP/1.1" 200 345 "http://chat.f-m-shop.de/livezilla/livezilla.php" "Mozilla/5.0 (Windows; U; Windows NT 5.1; de; rv:1.8.1.3) Gecko/20070309 Firefox/2.0.0.3"
87.106.241.88 - - [18/Jun/2010:10:02:43 +0200] "GET /livezilla/livezilla.php?template=lz_chat_frame.0.0 HTTP/1.1" 200 338 "http://chat.f-m-shop.de/livezilla/livezilla.php?template=lz_chat_frame.1.2" "Mozilla/5.0 (Windows; U; Windows NT 5.1; de; rv:1.8.1.3) Gecko/20070309 Firefox/2.0.0.3"
87.106.241.88 - - [18/Jun/2010:10:02:43 +0200] "GET /livezilla/livezilla.php?template=lz_chat_frame.2.2 HTTP/1.1" 200 345 "http://chat.f-m-shop.de/livezilla/livezilla.php?template=lz_chat_frame.0.0" "Mozilla/5.0 (Windows; U; Windows NT 5.1; de; rv:1.8.1.3) Gecko/20070309 Firefox/2.0.0.3"
87.106.241.88 - - [18/Jun/2010:10:02:44 +0200] "GET /livezilla/livezilla.php?template=lz_chat_frame.3.0 HTTP/1.1" 200 321 "http://chat.f-m-shop.de/livezilla/livezilla.php?template=lz_chat_frame.2.2" "Mozilla/5.0 (Windows; U; Windows NT 5.1; de; rv:1.8.1.3) Gecko/20070309 Firefox/2.0.0.3"
209.51.162.220 - - [18/Jun/2010:10:11:01 +0200] "GET /robots.txt HTTP/1.1" 404 - "-" "ShopWiki/1.0 ( +http://www.shopwiki.com/wiki/Help:Bot)"
67.218.116.170 - - [18/Jun/2010:12:20:30 +0200] "GET /robots.txt HTTP/1.1" 404 - "-" "Mozilla/5.0 (Twiceler-0.9 http://www.cuil.com/twiceler/robot.html)"
216.129.119.49 - - [18/Jun/2010:12:22:31 +0200] "GET /robots.txt HTTP/1.1" 404 - "-" "Mozilla/5.0 (Twiceler-0.9 http://www.cuil.com/twiceler/robot.html)"
12.5.18.178 - - [18/Jun/2010:14:32:47 +0200] "GET / HTTP/1.1" 404 - "-" "Java/1.4.1_04"
8.11.2.10 - - [18/Jun/2010:15:02:54 +0200] "GET /robots.txt HTTP/1.1" 404 - "-" "ShopWiki/1.0 ( +http://www.shopwiki.com/wiki/Help:Bot)"
67.152.29.130 - - [18/Jun/2010:19:36:08 +0200] "GET /robots.txt HTTP/1.1" 404 - "-" "ShopWiki/1.0 ( +http://www.shopwiki.com/wiki/Help:Bot)"
95.108.158.134 - - [19/Jun/2010:00:17:08 +0200] "GET /robots.txt HTTP/1.1" 404 - "-" "Yandex/1.01.001 (compatible; Win16; I)"
208.80.193.30 - - [19/Jun/2010:02:46:59 +0200] "GET / HTTP/1.0" 404 - "-" "Mozilla/4.0 (compatible; MSIE 7.0; Windows NT 5.1; TBP_7.0_GS)"
8.11.2.10 - - [19/Jun/2010:04:12:39 +0200] "GET /robots.txt HTTP/1.1" 404 - "-" "ShopWiki/1.0 ( +http://www.shopwiki.com/wiki/Help:Bot)"
67.152.29.130 - - [19/Jun/2010:10:20:52 +0200] "GET /robots.txt HTTP/1.1" 404 - "-" "ShopWiki/1.0 ( +http://www.shopwiki.com/wiki/Help:Bot)"
216.129.119.49 - - [19/Jun/2010:12:17:09 +0200] "GET /robots.txt HTTP/1.1" 404 - "-" "Mozilla/5.0 (Twiceler-0.9 http://www.cuil.com/twiceler/robot.html)"
67.218.116.170 - - [19/Jun/2010:12:20:13 +0200] "GET /robots.txt HTTP/1.1" 404 - "-" "Mozilla/5.0 (Twiceler-0.9 http://www.cuil.com/twiceler/robot.html)"
209.51.162.220 - - [19/Jun/2010:13:32:16 +0200] "GET /robots.txt HTTP/1.1" 404 - "-" "ShopWiki/1.0 ( +http://www.shopwiki.com/wiki/Help:Bot)"
207.46.13.90 - - [19/Jun/2010:14:23:50 +0200] "GET /robots.txt HTTP/1.1" 404 - "-" "msnbot/2.0b (+http://search.msn.com/msnbot.htm)"
207.46.13.90 - - [19/Jun/2010:14:24:39 +0200] "GET /livezilla/livezilla.php?template=lz_chat_frame.3.2.login.1.0& HTTP/1.1" 200 3689 "-" "msnbot/2.0b (+http://search.msn.com/msnbot.htm)"
207.46.13.90 - - [19/Jun/2010:14:24:39 +0200] "GET /livezilla/livezilla.php HTTP/1.1" 200 89940 "-" "msnbot/2.0b (+http://search.msn.com/msnbot.htm)"
207.46.204.232 - - [19/Jun/2010:17:49:28 +0200] "GET /robots.txt HTTP/1.1" 404 - "-" "msnbot/2.0b (+http://search.msn.com/msnbot.htm)"
207.46.204.232 - - [19/Jun/2010:17:50:12 +0200] "GET /livezilla/livezilla.php HTTP/1.1" 200 89940 "-" "msnbot/2.0b (+http://search.msn.com/msnbot.htm)"
67.152.29.130 - - [19/Jun/2010:19:45:44 +0200] "GET /robots.txt HTTP/1.1" 404 - "-" "ShopWiki/1.0 ( +http://www.shopwiki.com/wiki/Help:Bot)"
209.51.162.219 - - [19/Jun/2010:23:44:41 +0200] "GET /robots.txt HTTP/1.1" 404 - "-" "ShopWiki/1.0 ( +http://www.shopwiki.com/wiki/Help:Bot)"
207.46.12.209 - - [20/Jun/2010:02:07:24 +0200] "GET /livezilla/livezilla.php?template=lz_chat_frame.3.2.login.1.0& HTTP/1.1" 200 3689 "-" "Mozilla/4.0 (compatible; MSIE 6.0; Windows NT 5.1; SV1; .NET CLR 1.1.4322; .NET CLR 2.0.40607; .NET CLR 3.0.30729; .NET CLR 3.5.30729; MS-RTC LM 8)"
207.46.12.209 - - [20/Jun/2010:02:07:25 +0200] "GET /livezilla/templates/style.css HTTP/1.1" 200 9496 "http://chat.f-m-shop.de/livezilla/livezilla.php?template=lz_chat_frame.3.2.login.1.0&" "Mozilla/4.0 (compatible; MSIE 6.0; Windows NT 5.1; SV1; .NET CLR 1.1.4322; .NET CLR 2.0.40607; .NET CLR 3.0.30729; .NET CLR 3.5.30729; MS-RTC LM 8)"
67.152.29.130 - - [20/Jun/2010:03:29:48 +0200] "GET /robots.txt HTTP/1.1" 404 - "-" "ShopWiki/1.0 ( +http://www.shopwiki.com/wiki/Help:Bot)"
216.129.119.49 - - [20/Jun/2010:12:10:34 +0200] "GET /robots.txt HTTP/1.1" 404 - "-" "Mozilla/5.0 (Twiceler-0.9 http://www.cuil.com/twiceler/robot.html)"
67.218.116.170 - - [20/Jun/2010:12:20:34 +0200] "GET /robots.txt HTTP/1.1" 404 - "-" "Mozilla/5.0 (Twiceler-0.9 http://www.cuil.com/twiceler/robot.html)"
208.80.193.38 - - [20/Jun/2010:12:52:05 +0200] "GET / HTTP/1.0" 404 - "-" "Mozilla/4.0 (compatible; MSIE 6.0; Windows NT 5.1; SV1; LocalNet3; .NET CLR 1.0.3705; .NET CLR 1.1.4322; Media Center PC 4.0; .NET CLR 2.0.50727)"
67.195.37.94 - - [20/Jun/2010:15:43:36 +0200] "GET /robots.txt HTTP/1.0" 404 - "-" "Mozilla/5.0 (compatible; Yahoo! Slurp; http://help.yahoo.com/help/us/ysearch/slurp)"
67.195.37.94 - - [20/Jun/2010:15:43:36 +0200] "GET /livezilla/livezilla.php HTTP/1.0" 200 89940 "-" "Mozilla/5.0 (compatible; Yahoo! Slurp/3.0; http://help.yahoo.com/help/us/ysearch/slurp)"
67.195.37.94 - - [20/Jun/2010:15:43:38 +0200] "GET /livezilla/templates/nojava.html HTTP/1.0" 200 1088 "-" "Mozilla/5.0 (compatible; Yahoo! Slurp/3.0; http://help.yahoo.com/help/us/ysearch/slurp)"
8.11.2.10 - - [20/Jun/2010:19:21:55 +0200] "GET /robots.txt HTTP/1.1" 404 - "-" "ShopWiki/1.0 ( +http://www.shopwiki.com/wiki/Help:Bot)"
207.46.204.157 - - [20/Jun/2010:19:43:09 +0200] "GET /livezilla/livezilla.php?template=lz_chat_frame.3.2.login.2.0 HTTP/1.1" 200 361 "-" "Mozilla/4.0 (compatible; MSIE 7.0; Windows NT 5.2; SLCC1; .NET CLR 1.1.4322; .NET CLR 2.0.50727; .NET CLR 3.0.04506.648)"
207.46.204.157 - - [20/Jun/2010:19:43:10 +0200] "GET /livezilla/templates/style.css HTTP/1.1" 200 9496 "http://chat.f-m-shop.de/livezilla/livezilla.php?template=lz_chat_frame.3.2.login.2.0" "Mozilla/4.0 (compatible; MSIE 7.0; Windows NT 5.2; SLCC1; .NET CLR 1.1.4322; .NET CLR 2.0.50727; .NET CLR 3.0.04506.648)"
95.108.158.134 - - [20/Jun/2010:20:38:26 +0200] "GET /robots.txt HTTP/1.1" 404 - "-" "Yandex/1.01.001 (compatible; Win16; I)"
67.152.29.130 - - [20/Jun/2010:23:58:46 +0200] "GET /robots.txt HTTP/1.1" 404 - "-" "ShopWiki/1.0 ( +http://www.shopwiki.com/wiki/Help:Bot)"
209.51.162.220 - - [21/Jun/2010:05:28:56 +0200] "GET /robots.txt HTTP/1.1" 404 - "-" "ShopWiki/1.0 ( +http://www.shopwiki.com/wiki/Help:Bot)"
207.46.13.49 - - [21/Jun/2010:05:45:08 +0200] "GET /robots.txt HTTP/1.1" 404 - "-" "msnbot/2.0b (+http://search.msn.com/msnbot.htm)"
207.46.13.49 - - [21/Jun/2010:05:45:41 +0200] "GET /livezilla/livezilla.php HTTP/1.1" 200 89940 "-" "msnbot/2.0b (+http://search.msn.com/msnbot.htm)"
216.129.119.49 - - [21/Jun/2010:12:14:55 +0200] "GET /robots.txt HTTP/1.1" 404 - "-" "Mozilla/5.0 (Twiceler-0.9 http://www.cuil.com/twiceler/robot.html)"
67.218.116.170 - - [21/Jun/2010:12:15:47 +0200] "GET /robots.txt HTTP/1.1" 404 - "-" "Mozilla/5.0 (Twiceler-0.9 http://www.cuil.com/twiceler/robot.html)"
81.17.208.4 - - [21/Jun/2010:12:42:41 +0200] "GET /robots.txt HTTP/1.0" 404 - "http://chat.f-m-shop.de/livezilla/server.php?request=track&output=jscript&nse=" "Mozilla/5.0 (compatible; jobs.de-Robot +http://www.jobs.de)"
81.17.208.4 - - [21/Jun/2010:12:58:04 +0200] "GET /livezilla/server.php?request=track&output=jscript&nse= HTTP/1.0" 200 26976 "http://www.f-m-shop.de/seiten/frame_guenstiger.cfm" "Mozilla/5.0 (compatible; jobs.de-Robot +http://www.jobs.de)"
95.108.158.134 - - [21/Jun/2010:14:40:02 +0200] "GET / HTTP/1.1" 404 - "-" "Yandex/1.01.001 (compatible; Win16; I)"
8.11.2.10 - - [21/Jun/2010:15:41:34 +0200] "GET /robots.txt HTTP/1.1" 404 - "-" "ShopWiki/1.0 ( +http://www.shopwiki.com/wiki/Help:Bot)"
209.51.162.219 - - [21/Jun/2010:20:31:12 +0200] "GET /robots.txt HTTP/1.1" 404 - "-" "ShopWiki/1.0 ( +http://www.shopwiki.com/wiki/Help:Bot)"
208.80.193.35 - - [21/Jun/2010:23:03:51 +0200] "GET / HTTP/1.0" 404 - "-" "Mozilla/4.0 (compatible; MSIE 7.0; Windows NT 5.1; YPC 3.2.0; .NET CLR 2.0.50727; .NET CLR 1.1.4322; FDM; yplus 5.1.04b)"
8.11.2.10 - - [21/Jun/2010:23:52:23 +0200] "GET /robots.txt HTTP/1.1" 404 - "-" "ShopWiki/1.0 ( +http://www.shopwiki.com/wiki/Help:Bot)"
209.51.162.219 - - [22/Jun/2010:03:22:11 +0200] "GET /robots.txt HTTP/1.1" 404 - "-" "ShopWiki/1.0 ( +http://www.shopwiki.com/wiki/Help:Bot)"
8.11.2.9 - - [22/Jun/2010:06:25:29 +0200] "GET /robots.txt HTTP/1.1" 404 - "-" "ShopWiki/1.0 ( +http://www.shopwiki.com/wiki/Help:Bot)"
67.218.116.170 - - [22/Jun/2010:12:19:13 +0200] "GET /robots.txt HTTP/1.1" 404 - "-" "Mozilla/5.0 (Twiceler-0.9 http://www.cuil.com/twiceler/robot.html)"
216.129.119.49 - - [22/Jun/2010:12:21:36 +0200] "GET /robots.txt HTTP/1.1" 404 - "-" "Mozilla/5.0 (Twiceler-0.9 http://www.cuil.com/twiceler/robot.html)"
