192.168.10.10 - - [12/Apr/2010:13:00:52 +0200] "GET /livezilla/server.php?request=track&start=1271070052845&browid=b8d66a9&url=aHR0cDovL2NoYXQuZi1tLXNob3AuZGUvbGl2ZXppbGxhLw&livezilla=27fe282&cd=32&rh=1024&rw=1280&rf=&tzo=2&code=U0VSVkVSUEFHRQ__&en=&ee=&ec=&dc=TGl2ZVppbGxhIFNlcnZlciBQYWdl&geo_rid=7 HTTP/1.1" 200 85 "http://chat.f-m-shop.de/livezilla/" "Mozilla/5.0 (Windows; U; Windows NT 5.1; de; rv:1.9.1.9) Gecko/20100315 Firefox/3.5.9 (.NET CLR 3.5.30729)"
192.168.10.34 - - [12/Apr/2010:13:00:44 +0200] "POST /livezilla/server.php?acid=b2eb8 HTTP/1.1" 200 - "-" "LiveZilla 3.1.8.5 [http://www.livezilla.net]"
192.168.10.17 - - [12/Apr/2010:13:01:13 +0200] "POST /livezilla/server.php?acid=0c573 HTTP/1.1" 200 154 "-" "-"
192.168.10.17 - - [12/Apr/2010:13:01:19 +0200] "POST /livezilla/server.php?acid=6fe15 HTTP/1.1" 200 154 "-" "-"
192.168.10.34 - - [12/Apr/2010:13:01:07 +0200] "POST /livezilla/server.php?acid=4dfab HTTP/1.1" 200 - "-" "LiveZilla 3.1.8.5 [http://www.livezilla.net]"
192.168.10.10 - - [12/Apr/2010:13:01:27 +0200] "GET /livezilla/server.php?request=track&start=1271070087846&browid=b8d66a9&url=aHR0cDovL2NoYXQuZi1tLXNob3AuZGUvbGl2ZXppbGxhLw&livezilla=27fe282&cd=32&rh=1024&rw=1280&rf=&tzo=2&code=U0VSVkVSUEFHRQ__&en=&ee=&ec=&dc=TGl2ZVppbGxhIFNlcnZlciBQYWdl&geo_rid=7 HTTP/1.1" 200 85 "http://chat.f-m-shop.de/livezilla/" "Mozilla/5.0 (Windows; U; Windows NT 5.1; de; rv:1.9.1.9) Gecko/20100315 Firefox/3.5.9 (.NET CLR 3.5.30729)"
192.168.10.17 - - [12/Apr/2010:13:01:33 +0200] "POST /livezilla/server.php?acid=ef47b HTTP/1.1" 200 154 "-" "-"
192.168.10.34 - - [12/Apr/2010:13:01:29 +0200] "POST /livezilla/server.php?acid=ec4e0 HTTP/1.1" 200 - "-" "LiveZilla 3.1.8.5 [http://www.livezilla.net]"
192.168.10.10 - - [12/Apr/2010:13:02:02 +0200] "GET /livezilla/server.php?request=track&start=1271070122812&browid=b8d66a9&url=aHR0cDovL2NoYXQuZi1tLXNob3AuZGUvbGl2ZXppbGxhLw&livezilla=27fe282&cd=32&rh=1024&rw=1280&rf=&tzo=2&code=U0VSVkVSUEFHRQ__&en=&ee=&ec=&dc=TGl2ZVppbGxhIFNlcnZlciBQYWdl&geo_rid=7 HTTP/1.1" 200 85 "http://chat.f-m-shop.de/livezilla/" "Mozilla/5.0 (Windows; U; Windows NT 5.1; de; rv:1.9.1.9) Gecko/20100315 Firefox/3.5.9 (.NET CLR 3.5.30729)"
192.168.10.34 - - [12/Apr/2010:13:01:51 +0200] "POST /livezilla/server.php?acid=0aa2c HTTP/1.1" 200 - "-" "LiveZilla 3.1.8.5 [http://www.livezilla.net]"
192.168.10.34 - - [12/Apr/2010:13:02:13 +0200] "POST /livezilla/server.php?acid=e6a0e HTTP/1.1" 200 - "-" "LiveZilla 3.1.8.5 [http://www.livezilla.net]"
192.168.10.10 - - [12/Apr/2010:13:02:37 +0200] "GET /livezilla/server.php?request=track&start=1271070157881&browid=b8d66a9&url=aHR0cDovL2NoYXQuZi1tLXNob3AuZGUvbGl2ZXppbGxhLw&livezilla=27fe282&cd=32&rh=1024&rw=1280&rf=&tzo=2&code=U0VSVkVSUEFHRQ__&en=&ee=&ec=&dc=TGl2ZVppbGxhIFNlcnZlciBQYWdl&geo_rid=7 HTTP/1.1" 200 85 "http://chat.f-m-shop.de/livezilla/" "Mozilla/5.0 (Windows; U; Windows NT 5.1; de; rv:1.9.1.9) Gecko/20100315 Firefox/3.5.9 (.NET CLR 3.5.30729)"
192.168.10.10 - - [12/Apr/2010:13:02:36 +0200] "GET /LiveZilla_3.1.8.5_Full.exe HTTP/1.1" 200 8875745 "-" "Mozilla/5.0 (Windows; U; Windows NT 5.1; de; rv:1.9.1.9) Gecko/20100315 Firefox/3.5.9 (.NET CLR 3.5.30729)"
192.168.10.34 - - [12/Apr/2010:13:02:35 +0200] "POST /livezilla/server.php?acid=55fcc HTTP/1.1" 200 - "-" "LiveZilla 3.1.8.5 [http://www.livezilla.net]"
192.168.10.10 - - [12/Apr/2010:13:03:12 +0200] "GET /livezilla/server.php?request=track&start=1271070192873&browid=b8d66a9&url=aHR0cDovL2NoYXQuZi1tLXNob3AuZGUvbGl2ZXppbGxhLw&livezilla=27fe282&cd=32&rh=1024&rw=1280&rf=&tzo=2&code=U0VSVkVSUEFHRQ__&en=&ee=&ec=&dc=TGl2ZVppbGxhIFNlcnZlciBQYWdl&geo_rid=7 HTTP/1.1" 200 85 "http://chat.f-m-shop.de/livezilla/" "Mozilla/5.0 (Windows; U; Windows NT 5.1; de; rv:1.9.1.9) Gecko/20100315 Firefox/3.5.9 (.NET CLR 3.5.30729)"
192.168.10.34 - - [12/Apr/2010:13:02:58 +0200] "POST /livezilla/server.php?acid=e265c HTTP/1.1" 200 - "-" "LiveZilla 3.1.8.5 [http://www.livezilla.net]"
192.168.10.34 - - [12/Apr/2010:13:03:20 +0200] "POST /livezilla/server.php?acid=99bbf HTTP/1.1" 200 - "-" "LiveZilla 3.1.8.5 [http://www.livezilla.net]"
192.168.10.10 - - [12/Apr/2010:13:03:47 +0200] "GET /livezilla/server.php?request=track&start=1271070227877&browid=b8d66a9&url=aHR0cDovL2NoYXQuZi1tLXNob3AuZGUvbGl2ZXppbGxhLw&livezilla=27fe282&cd=32&rh=1024&rw=1280&rf=&tzo=2&code=U0VSVkVSUEFHRQ__&en=&ee=&ec=&dc=TGl2ZVppbGxhIFNlcnZlciBQYWdl&geo_rid=7 HTTP/1.1" 200 85 "http://chat.f-m-shop.de/livezilla/" "Mozilla/5.0 (Windows; U; Windows NT 5.1; de; rv:1.9.1.9) Gecko/20100315 Firefox/3.5.9 (.NET CLR 3.5.30729)"
192.168.10.34 - - [12/Apr/2010:13:03:42 +0200] "POST /livezilla/server.php?acid=77e09 HTTP/1.1" 200 - "-" "LiveZilla 3.1.8.5 [http://www.livezilla.net]"
192.168.10.10 - - [12/Apr/2010:13:04:22 +0200] "GET /livezilla/server.php?request=track&start=1271070262872&browid=b8d66a9&url=aHR0cDovL2NoYXQuZi1tLXNob3AuZGUvbGl2ZXppbGxhLw&livezilla=27fe282&cd=32&rh=1024&rw=1280&rf=&tzo=2&code=U0VSVkVSUEFHRQ__&en=&ee=&ec=&dc=TGl2ZVppbGxhIFNlcnZlciBQYWdl&geo_rid=7 HTTP/1.1" 200 85 "http://chat.f-m-shop.de/livezilla/" "Mozilla/5.0 (Windows; U; Windows NT 5.1; de; rv:1.9.1.9) Gecko/20100315 Firefox/3.5.9 (.NET CLR 3.5.30729)"
192.168.10.34 - - [12/Apr/2010:13:04:04 +0200] "POST /livezilla/server.php?acid=c807c HTTP/1.1" 200 - "-" "LiveZilla 3.1.8.5 [http://www.livezilla.net]"
192.168.10.10 - - [12/Apr/2010:13:04:40 +0200] "GET /LiveZilla_3.1.8.5_Full.exe HTTP/1.1" 200 8875745 "-" "Mozilla/5.0 (Windows; U; Windows NT 5.1; de; rv:1.9.1.9) Gecko/20100315 Firefox/3.5.9 (.NET CLR 3.5.30729)"
192.168.10.34 - - [12/Apr/2010:13:04:27 +0200] "POST /livezilla/server.php?acid=630ab HTTP/1.1" 200 - "-" "LiveZilla 3.1.8.5 [http://www.livezilla.net]"
192.168.10.10 - - [12/Apr/2010:13:04:57 +0200] "GET /livezilla/server.php?request=track&start=1271070297873&browid=b8d66a9&url=aHR0cDovL2NoYXQuZi1tLXNob3AuZGUvbGl2ZXppbGxhLw&livezilla=27fe282&cd=32&rh=1024&rw=1280&rf=&tzo=2&code=U0VSVkVSUEFHRQ__&en=&ee=&ec=&dc=TGl2ZVppbGxhIFNlcnZlciBQYWdl&geo_rid=7 HTTP/1.1" 200 85 "http://chat.f-m-shop.de/livezilla/" "Mozilla/5.0 (Windows; U; Windows NT 5.1; de; rv:1.9.1.9) Gecko/20100315 Firefox/3.5.9 (.NET CLR 3.5.30729)"
192.168.10.34 - - [12/Apr/2010:13:04:49 +0200] "POST /livezilla/server.php?acid=f5c02 HTTP/1.1" 200 - "-" "LiveZilla 3.1.8.5 [http://www.livezilla.net]"
192.168.10.34 - - [12/Apr/2010:13:05:11 +0200] "POST /livezilla/server.php?acid=1153a HTTP/1.1" 200 - "-" "LiveZilla 3.1.8.5 [http://www.livezilla.net]"
192.168.10.10 - - [12/Apr/2010:13:05:32 +0200] "GET /livezilla/server.php?request=track&start=1271070332892&browid=b8d66a9&url=aHR0cDovL2NoYXQuZi1tLXNob3AuZGUvbGl2ZXppbGxhLw&livezilla=27fe282&cd=32&rh=1024&rw=1280&rf=&tzo=2&code=U0VSVkVSUEFHRQ__&en=&ee=&ec=&dc=TGl2ZVppbGxhIFNlcnZlciBQYWdl&geo_rid=7 HTTP/1.1" 200 85 "http://chat.f-m-shop.de/livezilla/" "Mozilla/5.0 (Windows; U; Windows NT 5.1; de; rv:1.9.1.9) Gecko/20100315 Firefox/3.5.9 (.NET CLR 3.5.30729)"
192.168.10.34 - - [12/Apr/2010:13:05:33 +0200] "POST /livezilla/server.php?acid=d7254 HTTP/1.1" 200 - "-" "LiveZilla 3.1.8.5 [http://www.livezilla.net]"
192.168.10.10 - - [12/Apr/2010:13:06:07 +0200] "GET /livezilla/server.php?request=track&start=1271070367888&browid=b8d66a9&url=aHR0cDovL2NoYXQuZi1tLXNob3AuZGUvbGl2ZXppbGxhLw&livezilla=27fe282&cd=32&rh=1024&rw=1280&rf=&tzo=2&code=U0VSVkVSUEFHRQ__&en=&ee=&ec=&dc=TGl2ZVppbGxhIFNlcnZlciBQYWdl&geo_rid=7 HTTP/1.1" 200 85 "http://chat.f-m-shop.de/livezilla/" "Mozilla/5.0 (Windows; U; Windows NT 5.1; de; rv:1.9.1.9) Gecko/20100315 Firefox/3.5.9 (.NET CLR 3.5.30729)"
192.168.10.34 - - [12/Apr/2010:13:05:55 +0200] "POST /livezilla/server.php?acid=414aa HTTP/1.1" 200 - "-" "LiveZilla 3.1.8.5 [http://www.livezilla.net]"
192.168.10.34 - - [12/Apr/2010:13:06:18 +0200] "POST /livezilla/server.php?acid=2f2f6 HTTP/1.1" 200 - "-" "LiveZilla 3.1.8.5 [http://www.livezilla.net]"
192.168.10.10 - - [12/Apr/2010:13:06:42 +0200] "GET /livezilla/server.php?request=track&start=1271070402892&browid=b8d66a9&url=aHR0cDovL2NoYXQuZi1tLXNob3AuZGUvbGl2ZXppbGxhLw&livezilla=27fe282&cd=32&rh=1024&rw=1280&rf=&tzo=2&code=U0VSVkVSUEFHRQ__&en=&ee=&ec=&dc=TGl2ZVppbGxhIFNlcnZlciBQYWdl&geo_rid=7 HTTP/1.1" 200 85 "http://chat.f-m-shop.de/livezilla/" "Mozilla/5.0 (Windows; U; Windows NT 5.1; de; rv:1.9.1.9) Gecko/20100315 Firefox/3.5.9 (.NET CLR 3.5.30729)"
192.168.10.34 - - [12/Apr/2010:13:06:40 +0200] "POST /livezilla/server.php?acid=3e6fd HTTP/1.1" 200 - "-" "LiveZilla 3.1.8.5 [http://www.livezilla.net]"
192.168.10.10 - - [12/Apr/2010:13:07:17 +0200] "GET /livezilla/server.php?request=track&start=1271070437885&browid=b8d66a9&url=aHR0cDovL2NoYXQuZi1tLXNob3AuZGUvbGl2ZXppbGxhLw&livezilla=27fe282&cd=32&rh=1024&rw=1280&rf=&tzo=2&code=U0VSVkVSUEFHRQ__&en=&ee=&ec=&dc=TGl2ZVppbGxhIFNlcnZlciBQYWdl&geo_rid=7 HTTP/1.1" 200 85 "http://chat.f-m-shop.de/livezilla/" "Mozilla/5.0 (Windows; U; Windows NT 5.1; de; rv:1.9.1.9) Gecko/20100315 Firefox/3.5.9 (.NET CLR 3.5.30729)"
192.168.10.34 - - [12/Apr/2010:13:07:02 +0200] "POST /livezilla/server.php?acid=70851 HTTP/1.1" 200 - "-" "LiveZilla 3.1.8.5 [http://www.livezilla.net]"
192.168.10.34 - - [12/Apr/2010:13:07:24 +0200] "POST /livezilla/server.php?acid=e3c1a HTTP/1.1" 200 - "-" "LiveZilla 3.1.8.5 [http://www.livezilla.net]"
192.168.10.10 - - [12/Apr/2010:13:07:52 +0200] "GET /livezilla/server.php?request=track&start=1271070472889&browid=b8d66a9&url=aHR0cDovL2NoYXQuZi1tLXNob3AuZGUvbGl2ZXppbGxhLw&livezilla=27fe282&cd=32&rh=1024&rw=1280&rf=&tzo=2&code=U0VSVkVSUEFHRQ__&en=&ee=&ec=&dc=TGl2ZVppbGxhIFNlcnZlciBQYWdl&geo_rid=7 HTTP/1.1" 200 85 "http://chat.f-m-shop.de/livezilla/" "Mozilla/5.0 (Windows; U; Windows NT 5.1; de; rv:1.9.1.9) Gecko/20100315 Firefox/3.5.9 (.NET CLR 3.5.30729)"
192.168.10.34 - - [12/Apr/2010:13:07:47 +0200] "POST /livezilla/server.php?acid=8fef8 HTTP/1.1" 200 - "-" "LiveZilla 3.1.8.5 [http://www.livezilla.net]"
192.168.10.34 - - [12/Apr/2010:13:08:09 +0200] "POST /livezilla/server.php?acid=3f37d HTTP/1.1" 200 - "-" "LiveZilla 3.1.8.5 [http://www.livezilla.net]"
192.168.10.10 - - [12/Apr/2010:13:08:27 +0200] "GET /livezilla/server.php?request=track&start=1271070507887&browid=b8d66a9&url=aHR0cDovL2NoYXQuZi1tLXNob3AuZGUvbGl2ZXppbGxhLw&livezilla=27fe282&cd=32&rh=1024&rw=1280&rf=&tzo=2&code=U0VSVkVSUEFHRQ__&en=&ee=&ec=&dc=TGl2ZVppbGxhIFNlcnZlciBQYWdl&geo_rid=7 HTTP/1.1" 200 85 "http://chat.f-m-shop.de/livezilla/" "Mozilla/5.0 (Windows; U; Windows NT 5.1; de; rv:1.9.1.9) Gecko/20100315 Firefox/3.5.9 (.NET CLR 3.5.30729)"
192.168.10.34 - - [12/Apr/2010:13:08:31 +0200] "POST /livezilla/server.php?acid=e8e4b HTTP/1.1" 200 - "-" "LiveZilla 3.1.8.5 [http://www.livezilla.net]"
192.168.10.10 - - [12/Apr/2010:13:09:02 +0200] "GET /livezilla/server.php?request=track&start=1271070542883&browid=b8d66a9&url=aHR0cDovL2NoYXQuZi1tLXNob3AuZGUvbGl2ZXppbGxhLw&livezilla=27fe282&cd=32&rh=1024&rw=1280&rf=&tzo=2&code=U0VSVkVSUEFHRQ__&en=&ee=&ec=&dc=TGl2ZVppbGxhIFNlcnZlciBQYWdl&geo_rid=7 HTTP/1.1" 200 85 "http://chat.f-m-shop.de/livezilla/" "Mozilla/5.0 (Windows; U; Windows NT 5.1; de; rv:1.9.1.9) Gecko/20100315 Firefox/3.5.9 (.NET CLR 3.5.30729)"
192.168.10.34 - - [12/Apr/2010:13:08:53 +0200] "POST /livezilla/server.php?acid=9153f HTTP/1.1" 200 - "-" "LiveZilla 3.1.8.5 [http://www.livezilla.net]"
192.168.10.10 - - [12/Apr/2010:13:09:30 +0200] "POST /livezillaserver.php?acid=1d517 HTTP/1.1" 404 - "-" "LiveZilla 3.1.8.5 [http://www.livezilla.net]"
192.168.10.34 - - [12/Apr/2010:13:09:15 +0200] "POST /livezilla/server.php?acid=387d8 HTTP/1.1" 200 - "-" "LiveZilla 3.1.8.5 [http://www.livezilla.net]"
192.168.10.10 - - [12/Apr/2010:13:09:37 +0200] "GET /livezilla/server.php?request=track&start=1271070577883&browid=b8d66a9&url=aHR0cDovL2NoYXQuZi1tLXNob3AuZGUvbGl2ZXppbGxhLw&livezilla=27fe282&cd=32&rh=1024&rw=1280&rf=&tzo=2&code=U0VSVkVSUEFHRQ__&en=&ee=&ec=&dc=TGl2ZVppbGxhIFNlcnZlciBQYWdl&geo_rid=7 HTTP/1.1" 200 85 "http://chat.f-m-shop.de/livezilla/" "Mozilla/5.0 (Windows; U; Windows NT 5.1; de; rv:1.9.1.9) Gecko/20100315 Firefox/3.5.9 (.NET CLR 3.5.30729)"
192.168.10.34 - - [12/Apr/2010:13:09:38 +0200] "POST /livezilla/server.php?acid=e9815 HTTP/1.1" 200 - "-" "LiveZilla 3.1.8.5 [http://www.livezilla.net]"
192.168.10.10 - - [12/Apr/2010:13:10:12 +0200] "GET /livezilla/server.php?request=track&start=1271070612883&browid=b8d66a9&url=aHR0cDovL2NoYXQuZi1tLXNob3AuZGUvbGl2ZXppbGxhLw&livezilla=27fe282&cd=32&rh=1024&rw=1280&rf=&tzo=2&code=U0VSVkVSUEFHRQ__&en=&ee=&ec=&dc=TGl2ZVppbGxhIFNlcnZlciBQYWdl&geo_rid=7 HTTP/1.1" 200 85 "http://chat.f-m-shop.de/livezilla/" "Mozilla/5.0 (Windows; U; Windows NT 5.1; de; rv:1.9.1.9) Gecko/20100315 Firefox/3.5.9 (.NET CLR 3.5.30729)"
192.168.10.10 - - [12/Apr/2010:13:10:13 +0200] "POST /livezillaserver.php?acid=b3e06 HTTP/1.1" 404 - "-" "LiveZilla 3.1.8.5 [http://www.livezilla.net]"
192.168.10.34 - - [12/Apr/2010:13:10:00 +0200] "POST /livezilla/server.php?acid=e9a1d HTTP/1.1" 200 - "-" "LiveZilla 3.1.8.5 [http://www.livezilla.net]"
192.168.10.10 - - [12/Apr/2010:13:10:37 +0200] "POST /livezilla/server.php?acid=f4975 HTTP/1.1" 200 154 "-" "LiveZilla 3.1.8.5 [http://www.livezilla.net]"
192.168.10.34 - - [12/Apr/2010:13:10:22 +0200] "POST /livezilla/server.php?acid=e57eb HTTP/1.1" 200 - "-" "LiveZilla 3.1.8.5 [http://www.livezilla.net]"
192.168.10.10 - - [12/Apr/2010:13:10:46 +0200] "POST /livezilla/server.php?acid=ce952 HTTP/1.1" 200 12537 "-" "LiveZilla 3.1.8.5 [http://www.livezilla.net]"
192.168.10.10 - - [12/Apr/2010:13:10:47 +0200] "GET /livezilla/server.php?request=track&start=1271070647883&browid=b8d66a9&url=aHR0cDovL2NoYXQuZi1tLXNob3AuZGUvbGl2ZXppbGxhLw&livezilla=27fe282&cd=32&rh=1024&rw=1280&rf=&tzo=2&code=U0VSVkVSUEFHRQ__&en=&ee=&ec=&dc=TGl2ZVppbGxhIFNlcnZlciBQYWdl&geo_rid=7 HTTP/1.1" 200 85 "http://chat.f-m-shop.de/livezilla/" "Mozilla/5.0 (Windows; U; Windows NT 5.1; de; rv:1.9.1.9) Gecko/20100315 Firefox/3.5.9 (.NET CLR 3.5.30729)"
192.168.10.34 - - [12/Apr/2010:13:10:44 +0200] "POST /livezilla/server.php?acid=5d368 HTTP/1.1" 200 - "-" "LiveZilla 3.1.8.5 [http://www.livezilla.net]"
192.168.10.10 - - [12/Apr/2010:13:11:22 +0200] "GET /livezilla/server.php?request=track&start=1271070682934&browid=b8d66a9&url=aHR0cDovL2NoYXQuZi1tLXNob3AuZGUvbGl2ZXppbGxhLw&livezilla=27fe282&cd=32&rh=1024&rw=1280&rf=&tzo=2&code=U0VSVkVSUEFHRQ__&en=&ee=&ec=&dc=TGl2ZVppbGxhIFNlcnZlciBQYWdl&geo_rid=7 HTTP/1.1" 200 85 "http://chat.f-m-shop.de/livezilla/" "Mozilla/5.0 (Windows; U; Windows NT 5.1; de; rv:1.9.1.9) Gecko/20100315 Firefox/3.5.9 (.NET CLR 3.5.30729)"
192.168.10.34 - - [12/Apr/2010:13:11:07 +0200] "POST /livezilla/server.php?acid=bf527 HTTP/1.1" 200 - "-" "LiveZilla 3.1.8.5 [http://www.livezilla.net]"
192.168.10.10 - - [12/Apr/2010:13:11:34 +0200] "POST /livezillaserver.php?acid=722a5 HTTP/1.1" 404 - "-" "-"
192.168.10.34 - - [12/Apr/2010:13:11:29 +0200] "POST /livezilla/server.php?acid=a0c5b HTTP/1.1" 200 - "-" "LiveZilla 3.1.8.5 [http://www.livezilla.net]"
192.168.10.10 - - [12/Apr/2010:13:11:57 +0200] "GET /livezilla/server.php?request=track&start=1271070717928&browid=b8d66a9&url=aHR0cDovL2NoYXQuZi1tLXNob3AuZGUvbGl2ZXppbGxhLw&livezilla=27fe282&cd=32&rh=1024&rw=1280&rf=&tzo=2&code=U0VSVkVSUEFHRQ__&en=&ee=&ec=&dc=TGl2ZVppbGxhIFNlcnZlciBQYWdl&geo_rid=7 HTTP/1.1" 200 85 "http://chat.f-m-shop.de/livezilla/" "Mozilla/5.0 (Windows; U; Windows NT 5.1; de; rv:1.9.1.9) Gecko/20100315 Firefox/3.5.9 (.NET CLR 3.5.30729)"
192.168.10.34 - - [12/Apr/2010:13:11:51 +0200] "POST /livezilla/server.php?acid=9cbf8 HTTP/1.1" 200 - "-" "LiveZilla 3.1.8.5 [http://www.livezilla.net]"
192.168.10.34 - - [12/Apr/2010:13:12:14 +0200] "POST /livezilla/server.php?acid=fe0ae HTTP/1.1" 200 - "-" "LiveZilla 3.1.8.5 [http://www.livezilla.net]"
192.168.10.10 - - [12/Apr/2010:13:12:32 +0200] "GET /livezilla/server.php?request=track&start=1271070752927&browid=b8d66a9&url=aHR0cDovL2NoYXQuZi1tLXNob3AuZGUvbGl2ZXppbGxhLw&livezilla=27fe282&cd=32&rh=1024&rw=1280&rf=&tzo=2&code=U0VSVkVSUEFHRQ__&en=&ee=&ec=&dc=TGl2ZVppbGxhIFNlcnZlciBQYWdl&geo_rid=7 HTTP/1.1" 200 85 "http://chat.f-m-shop.de/livezilla/" "Mozilla/5.0 (Windows; U; Windows NT 5.1; de; rv:1.9.1.9) Gecko/20100315 Firefox/3.5.9 (.NET CLR 3.5.30729)"
192.168.10.34 - - [12/Apr/2010:13:12:36 +0200] "POST /livezilla/server.php?acid=bf615 HTTP/1.1" 200 - "-" "LiveZilla 3.1.8.5 [http://www.livezilla.net]"
192.168.10.10 - - [12/Apr/2010:13:13:07 +0200] "GET /livezilla/server.php?request=track&start=1271070787894&browid=b8d66a9&url=aHR0cDovL2NoYXQuZi1tLXNob3AuZGUvbGl2ZXppbGxhLw&livezilla=27fe282&cd=32&rh=1024&rw=1280&rf=&tzo=2&code=U0VSVkVSUEFHRQ__&en=&ee=&ec=&dc=TGl2ZVppbGxhIFNlcnZlciBQYWdl&geo_rid=7 HTTP/1.1" 200 85 "http://chat.f-m-shop.de/livezilla/" "Mozilla/5.0 (Windows; U; Windows NT 5.1; de; rv:1.9.1.9) Gecko/20100315 Firefox/3.5.9 (.NET CLR 3.5.30729)"
192.168.10.34 - - [12/Apr/2010:13:12:58 +0200] "POST /livezilla/server.php?acid=07680 HTTP/1.1" 200 - "-" "LiveZilla 3.1.8.5 [http://www.livezilla.net]"
192.168.10.10 - - [12/Apr/2010:13:13:25 +0200] "GET /livezilla/index.php?action=addserver HTTP/1.1" 200 725 "-" "Mozilla/5.0 (Windows; U; Windows NT 5.1; de; rv:1.9.1.9) Gecko/20100315 Firefox/3.5.9 (.NET CLR 3.5.30729)"
192.168.10.10 - - [12/Apr/2010:13:13:26 +0200] "GET /livezilla/templates/style.css HTTP/1.1" 304 - "http://chat.f-m-shop.de/livezilla/index.php?action=addserver" "Mozilla/5.0 (Windows; U; Windows NT 5.1; de; rv:1.9.1.9) Gecko/20100315 Firefox/3.5.9 (.NET CLR 3.5.30729)"
192.168.10.10 - - [12/Apr/2010:13:13:26 +0200] "GET /livezilla/images/lz_button_wide.gif HTTP/1.1" 304 - "http://chat.f-m-shop.de/livezilla/templates/style.css" "Mozilla/5.0 (Windows; U; Windows NT 5.1; de; rv:1.9.1.9) Gecko/20100315 Firefox/3.5.9 (.NET CLR 3.5.30729)"
192.168.10.34 - - [12/Apr/2010:13:13:20 +0200] "POST /livezilla/server.php?acid=685c1 HTTP/1.1" 200 - "-" "LiveZilla 3.1.8.5 [http://www.livezilla.net]"
192.168.10.10 - - [12/Apr/2010:13:13:42 +0200] "GET /livezilla/server.php?request=track&start=1271070822893&browid=b8d66a9&url=aHR0cDovL2NoYXQuZi1tLXNob3AuZGUvbGl2ZXppbGxhLw&livezilla=27fe282&cd=32&rh=1024&rw=1280&rf=&tzo=2&code=U0VSVkVSUEFHRQ__&en=&ee=&ec=&dc=TGl2ZVppbGxhIFNlcnZlciBQYWdl&geo_rid=7 HTTP/1.1" 200 85 "http://chat.f-m-shop.de/livezilla/" "Mozilla/5.0 (Windows; U; Windows NT 5.1; de; rv:1.9.1.9) Gecko/20100315 Firefox/3.5.9 (.NET CLR 3.5.30729)"
192.168.10.10 - - [12/Apr/2010:13:13:46 +0200] "POST /livezillaserver.php?acid=bae48 HTTP/1.1" 404 - "-" "-"
192.168.10.10 - - [12/Apr/2010:13:13:56 +0200] "POST /livezillaserver.php?acid=32e47 HTTP/1.1" 404 - "-" "-"
192.168.10.34 - - [12/Apr/2010:13:13:42 +0200] "POST /livezilla/server.php?acid=5ef5d HTTP/1.1" 200 - "-" "LiveZilla 3.1.8.5 [http://www.livezilla.net]"
192.168.10.10 - - [12/Apr/2010:13:14:17 +0200] "GET /livezilla/server.php?request=track&start=1271070857902&browid=b8d66a9&url=aHR0cDovL2NoYXQuZi1tLXNob3AuZGUvbGl2ZXppbGxhLw&livezilla=27fe282&cd=32&rh=1024&rw=1280&rf=&tzo=2&code=U0VSVkVSUEFHRQ__&en=&ee=&ec=&dc=TGl2ZVppbGxhIFNlcnZlciBQYWdl&geo_rid=7 HTTP/1.1" 200 85 "http://chat.f-m-shop.de/livezilla/" "Mozilla/5.0 (Windows; U; Windows NT 5.1; de; rv:1.9.1.9) Gecko/20100315 Firefox/3.5.9 (.NET CLR 3.5.30729)"
192.168.10.34 - - [12/Apr/2010:13:14:05 +0200] "POST /livezilla/server.php?acid=2e35e HTTP/1.1" 200 - "-" "LiveZilla 3.1.8.5 [http://www.livezilla.net]"
192.168.10.34 - - [12/Apr/2010:13:14:27 +0200] "POST /livezilla/server.php?acid=56c15 HTTP/1.1" 200 - "-" "LiveZilla 3.1.8.5 [http://www.livezilla.net]"
192.168.10.10 - - [12/Apr/2010:13:14:53 +0200] "GET /livezilla/server.php?request=track&start=1271070893108&browid=b8d66a9&url=aHR0cDovL2NoYXQuZi1tLXNob3AuZGUvbGl2ZXppbGxhLw&livezilla=27fe282&cd=32&rh=1024&rw=1280&rf=&tzo=2&code=U0VSVkVSUEFHRQ__&en=&ee=&ec=&dc=TGl2ZVppbGxhIFNlcnZlciBQYWdl&geo_rid=7 HTTP/1.1" 200 85 "http://chat.f-m-shop.de/livezilla/" "Mozilla/5.0 (Windows; U; Windows NT 5.1; de; rv:1.9.1.9) Gecko/20100315 Firefox/3.5.9 (.NET CLR 3.5.30729)"
192.168.10.34 - - [12/Apr/2010:13:14:49 +0200] "POST /livezilla/server.php?acid=22314 HTTP/1.1" 200 - "-" "LiveZilla 3.1.8.5 [http://www.livezilla.net]"
192.168.10.10 - - [12/Apr/2010:13:15:11 +0200] "POST /livezilla/server.php?acid=aaaeb HTTP/1.1" 200 12518 "-" "LiveZilla 3.1.8.5 [http://www.livezilla.net]"
192.168.10.10 - - [12/Apr/2010:13:15:28 +0200] "GET /livezilla/server.php?request=track&start=1271070928115&browid=b8d66a9&url=aHR0cDovL2NoYXQuZi1tLXNob3AuZGUvbGl2ZXppbGxhLw&livezilla=27fe282&cd=32&rh=1024&rw=1280&rf=&tzo=2&code=U0VSVkVSUEFHRQ__&en=&ee=&ec=&dc=TGl2ZVppbGxhIFNlcnZlciBQYWdl&geo_rid=7 HTTP/1.1" 200 85 "http://chat.f-m-shop.de/livezilla/" "Mozilla/5.0 (Windows; U; Windows NT 5.1; de; rv:1.9.1.9) Gecko/20100315 Firefox/3.5.9 (.NET CLR 3.5.30729)"
192.168.10.34 - - [12/Apr/2010:13:15:11 +0200] "POST /livezilla/server.php?acid=6f3b7 HTTP/1.1" 200 - "-" "LiveZilla 3.1.8.5 [http://www.livezilla.net]"
192.168.10.10 - - [12/Apr/2010:13:15:41 +0200] "POST /livezilla/server.php?acid=8b654 HTTP/1.1" 200 13151 "-" "LiveZilla 3.1.8.5 [http://www.livezilla.net]"
192.168.10.34 - - [12/Apr/2010:13:15:34 +0200] "POST /livezilla/server.php?acid=54777 HTTP/1.1" 200 - "-" "LiveZilla 3.1.8.5 [http://www.livezilla.net]"
192.168.10.10 - - [12/Apr/2010:13:16:03 +0200] "GET /livezilla/server.php?request=track&start=1271070963110&browid=b8d66a9&url=aHR0cDovL2NoYXQuZi1tLXNob3AuZGUvbGl2ZXppbGxhLw&livezilla=27fe282&cd=32&rh=1024&rw=1280&rf=&tzo=2&code=U0VSVkVSUEFHRQ__&en=&ee=&ec=&dc=TGl2ZVppbGxhIFNlcnZlciBQYWdl&geo_rid=7 HTTP/1.1" 200 85 "http://chat.f-m-shop.de/livezilla/" "Mozilla/5.0 (Windows; U; Windows NT 5.1; de; rv:1.9.1.9) Gecko/20100315 Firefox/3.5.9 (.NET CLR 3.5.30729)"
192.168.10.10 - - [12/Apr/2010:13:16:08 +0200] "POST /livezilla/server.php?acid=6168b HTTP/1.1" 200 161 "-" "-"
192.168.10.10 - - [12/Apr/2010:13:16:09 +0200] "POST /livezilla/server.php?acid=4513a HTTP/1.1" 200 161 "-" "-"
192.168.10.10 - - [12/Apr/2010:13:16:09 +0200] "POST /livezilla/server.php?acid=684e8 HTTP/1.1" 200 161 "-" "-"
192.168.10.34 - - [12/Apr/2010:13:15:56 +0200] "POST /livezilla/server.php?acid=311af HTTP/1.1" 200 - "-" "LiveZilla 3.1.8.5 [http://www.livezilla.net]"
192.168.10.34 - - [12/Apr/2010:13:16:18 +0200] "POST /livezilla/server.php?acid=b09d0 HTTP/1.1" 200 - "-" "LiveZilla 3.1.8.5 [http://www.livezilla.net]"
192.168.10.10 - - [12/Apr/2010:13:16:38 +0200] "GET /livezilla/server.php?request=track&start=1271070998108&browid=b8d66a9&url=aHR0cDovL2NoYXQuZi1tLXNob3AuZGUvbGl2ZXppbGxhLw&livezilla=27fe282&cd=32&rh=1024&rw=1280&rf=&tzo=2&code=U0VSVkVSUEFHRQ__&en=&ee=&ec=&dc=TGl2ZVppbGxhIFNlcnZlciBQYWdl&geo_rid=7 HTTP/1.1" 200 85 "http://chat.f-m-shop.de/livezilla/" "Mozilla/5.0 (Windows; U; Windows NT 5.1; de; rv:1.9.1.9) Gecko/20100315 Firefox/3.5.9 (.NET CLR 3.5.30729)"
192.168.10.10 - - [12/Apr/2010:13:16:58 +0200] "POST /livezilla/server.php?acid=2490f HTTP/1.1" 200 5565 "-" "-"
192.168.10.34 - - [12/Apr/2010:13:16:40 +0200] "POST /livezilla/server.php?acid=eaadf HTTP/1.1" 200 953 "-" "LiveZilla 3.1.8.5 [http://www.livezilla.net]"
192.168.10.10 - - [12/Apr/2010:13:17:13 +0200] "GET /livezilla/server.php?request=track&start=1271071033109&browid=b8d66a9&url=aHR0cDovL2NoYXQuZi1tLXNob3AuZGUvbGl2ZXppbGxhLw&livezilla=27fe282&cd=32&rh=1024&rw=1280&rf=&tzo=2&code=U0VSVkVSUEFHRQ__&en=&ee=&ec=&dc=TGl2ZVppbGxhIFNlcnZlciBQYWdl&geo_rid=7 HTTP/1.1" 200 85 "http://chat.f-m-shop.de/livezilla/" "Mozilla/5.0 (Windows; U; Windows NT 5.1; de; rv:1.9.1.9) Gecko/20100315 Firefox/3.5.9 (.NET CLR 3.5.30729)"
192.168.10.10 - - [12/Apr/2010:13:17:15 +0200] "POST /livezilla/server.php?acid=e1dbd HTTP/1.1" 200 - "-" "LiveZilla 3.1.8.5 [http://www.livezilla.net]"
192.168.10.10 - - [12/Apr/2010:13:17:17 +0200] "POST /livezilla/server.php?acid=59b91 HTTP/1.1" 200 1000 "-" "LiveZilla 3.1.8.5 [http://www.livezilla.net]"
192.168.10.34 - - [12/Apr/2010:13:17:03 +0200] "POST /livezilla/server.php?acid=1cc7d HTTP/1.1" 200 1022 "-" "LiveZilla 3.1.8.5 [http://www.livezilla.net]"
192.168.10.10 - - [12/Apr/2010:13:17:32 +0200] "POST /livezilla/server.php?acid=a781a HTTP/1.1" 200 949 "-" "LiveZilla 3.1.8.5 [http://www.livezilla.net]"
192.168.10.10 - - [12/Apr/2010:13:17:18 +0200] "POST /livezilla/server.php?acid=b67fa HTTP/1.1" 200 953 "-" "LiveZilla 3.1.8.5 [http://www.livezilla.net]"
192.168.10.34 - - [12/Apr/2010:13:17:22 +0200] "POST /livezilla/server.php?acid=85596 HTTP/1.1" 200 953 "-" "LiveZilla 3.1.8.5 [http://www.livezilla.net]"
192.168.10.10 - - [12/Apr/2010:13:17:42 +0200] "POST /livezilla/server.php?acid=6b81e HTTP/1.1" 200 184 "-" "LiveZilla 3.1.8.5 [http://www.livezilla.net]"
192.168.10.34 - - [12/Apr/2010:13:17:38 +0200] "POST /livezilla/server.php?acid=d3919 HTTP/1.1" 200 257 "-" "LiveZilla 3.1.8.5 [http://www.livezilla.net]"
192.168.10.34 - - [12/Apr/2010:13:17:47 +0200] "POST /livezilla/server.php?acid=fda7c HTTP/1.1" 200 184 "-" "LiveZilla 3.1.8.5 [http://www.livezilla.net]"
192.168.10.10 - - [12/Apr/2010:13:17:48 +0200] "GET /livezilla/server.php?request=track&start=1271071068108&browid=b8d66a9&url=aHR0cDovL2NoYXQuZi1tLXNob3AuZGUvbGl2ZXppbGxhLw&livezilla=27fe282&cd=32&rh=1024&rw=1280&rf=&tzo=2&code=U0VSVkVSUEFHRQ__&en=&ee=&ec=&dc=TGl2ZVppbGxhIFNlcnZlciBQYWdl&geo_rid=7 HTTP/1.1" 200 85 "http://chat.f-m-shop.de/livezilla/" "Mozilla/5.0 (Windows; U; Windows NT 5.1; de; rv:1.9.1.9) Gecko/20100315 Firefox/3.5.9 (.NET CLR 3.5.30729)"
192.168.10.34 - - [12/Apr/2010:13:17:48 +0200] "POST /livezilla/server.php?acid=5936e HTTP/1.1" 200 927 "-" "LiveZilla 3.1.8.5 [http://www.livezilla.net]"
192.168.10.10 - - [12/Apr/2010:13:17:49 +0200] "POST /livezilla/server.php?acid=a6422 HTTP/1.1" 200 240 "-" "LiveZilla 3.1.8.5 [http://www.livezilla.net]"
192.168.10.10 - - [12/Apr/2010:13:17:37 +0200] "POST /livezilla/server.php?acid=09a31 HTTP/1.1" 200 931 "-" "LiveZilla 3.1.8.5 [http://www.livezilla.net]"
192.168.10.34 - - [12/Apr/2010:13:17:49 +0200] "POST /livezilla/server.php?acid=83a04 HTTP/1.1" 200 469 "-" "LiveZilla 3.1.8.5 [http://www.livezilla.net]"
192.168.10.34 - - [12/Apr/2010:13:17:52 +0200] "POST /livezilla/server.php?acid=7b095 HTTP/1.1" 200 240 "-" "LiveZilla 3.1.8.5 [http://www.livezilla.net]"
192.168.10.34 - - [12/Apr/2010:13:17:53 +0200] "POST /livezilla/server.php?acid=7ae4b HTTP/1.1" 200 240 "-" "LiveZilla 3.1.8.5 [http://www.livezilla.net]"
192.168.10.10 - - [12/Apr/2010:13:17:54 +0200] "POST /livezilla/server.php?acid=ecd5c HTTP/1.1" 200 240 "-" "LiveZilla 3.1.8.5 [http://www.livezilla.net]"
192.168.10.34 - - [12/Apr/2010:13:17:59 +0200] "POST /livezilla/server.php?acid=6bba7 HTTP/1.1" 200 184 "-" "LiveZilla 3.1.8.5 [http://www.livezilla.net]"
192.168.10.34 - - [12/Apr/2010:13:17:59 +0200] "POST /livezilla/server.php?acid=1404c HTTP/1.1" 200 - "-" "LiveZilla 3.1.8.5 [http://www.livezilla.net]"
192.168.10.10 - - [12/Apr/2010:13:17:58 +0200] "POST /livezilla/server.php?acid=f02d1 HTTP/1.1" 200 380 "-" "LiveZilla 3.1.8.5 [http://www.livezilla.net]"
192.168.10.10 - - [12/Apr/2010:13:18:01 +0200] "POST /livezilla/server.php?acid=7c7b9 HTTP/1.1" 200 184 "-" "LiveZilla 3.1.8.5 [http://www.livezilla.net]"
192.168.10.34 - - [12/Apr/2010:13:17:57 +0200] "POST /livezilla/server.php?acid=289bc HTTP/1.1" 200 188 "-" "LiveZilla 3.1.8.5 [http://www.livezilla.net]"
192.168.10.10 - - [12/Apr/2010:13:18:23 +0200] "GET /livezilla/server.php?request=track&start=1271071103107&browid=b8d66a9&url=aHR0cDovL2NoYXQuZi1tLXNob3AuZGUvbGl2ZXppbGxhLw&livezilla=27fe282&cd=32&rh=1024&rw=1280&rf=&tzo=2&code=U0VSVkVSUEFHRQ__&en=&ee=&ec=&dc=TGl2ZVppbGxhIFNlcnZlciBQYWdl&geo_rid=7 HTTP/1.1" 200 85 "http://chat.f-m-shop.de/livezilla/" "Mozilla/5.0 (Windows; U; Windows NT 5.1; de; rv:1.9.1.9) Gecko/20100315 Firefox/3.5.9 (.NET CLR 3.5.30729)"
192.168.10.10 - - [12/Apr/2010:13:18:05 +0200] "POST /livezilla/server.php?acid=f911b HTTP/1.1" 200 - "-" "LiveZilla 3.1.8.5 [http://www.livezilla.net]"
192.168.10.34 - - [12/Apr/2010:13:18:19 +0200] "POST /livezilla/server.php?acid=c485e HTTP/1.1" 200 - "-" "LiveZilla 3.1.8.5 [http://www.livezilla.net]"
192.168.10.10 - - [12/Apr/2010:13:18:27 +0200] "POST /livezilla/server.php?acid=8206c HTTP/1.1" 200 - "-" "LiveZilla 3.1.8.5 [http://www.livezilla.net]"
192.168.10.10 - - [12/Apr/2010:13:18:58 +0200] "GET /livezilla/server.php?request=track&start=1271071138107&browid=b8d66a9&url=aHR0cDovL2NoYXQuZi1tLXNob3AuZGUvbGl2ZXppbGxhLw&livezilla=27fe282&cd=32&rh=1024&rw=1280&rf=&tzo=2&code=U0VSVkVSUEFHRQ__&en=&ee=&ec=&dc=TGl2ZVppbGxhIFNlcnZlciBQYWdl&geo_rid=7 HTTP/1.1" 200 85 "http://chat.f-m-shop.de/livezilla/" "Mozilla/5.0 (Windows; U; Windows NT 5.1; de; rv:1.9.1.9) Gecko/20100315 Firefox/3.5.9 (.NET CLR 3.5.30729)"
192.168.10.34 - - [12/Apr/2010:13:18:41 +0200] "POST /livezilla/server.php?acid=2898c HTTP/1.1" 200 - "-" "LiveZilla 3.1.8.5 [http://www.livezilla.net]"
192.168.10.10 - - [12/Apr/2010:13:18:50 +0200] "POST /livezilla/server.php?acid=c196e HTTP/1.1" 200 - "-" "LiveZilla 3.1.8.5 [http://www.livezilla.net]"
192.168.10.34 - - [12/Apr/2010:13:19:03 +0200] "POST /livezilla/server.php?acid=9a0b8 HTTP/1.1" 200 - "-" "LiveZilla 3.1.8.5 [http://www.livezilla.net]"
192.168.10.10 - - [12/Apr/2010:13:19:12 +0200] "POST /livezilla/server.php?acid=a4dec HTTP/1.1" 200 - "-" "LiveZilla 3.1.8.5 [http://www.livezilla.net]"
192.168.10.10 - - [12/Apr/2010:13:19:33 +0200] "GET /livezilla/server.php?request=track&start=1271071173122&browid=b8d66a9&url=aHR0cDovL2NoYXQuZi1tLXNob3AuZGUvbGl2ZXppbGxhLw&livezilla=27fe282&cd=32&rh=1024&rw=1280&rf=&tzo=2&code=U0VSVkVSUEFHRQ__&en=&ee=&ec=&dc=TGl2ZVppbGxhIFNlcnZlciBQYWdl&geo_rid=7 HTTP/1.1" 200 85 "http://chat.f-m-shop.de/livezilla/" "Mozilla/5.0 (Windows; U; Windows NT 5.1; de; rv:1.9.1.9) Gecko/20100315 Firefox/3.5.9 (.NET CLR 3.5.30729)"
192.168.10.34 - - [12/Apr/2010:13:19:26 +0200] "POST /livezilla/server.php?acid=756e8 HTTP/1.1" 200 - "-" "LiveZilla 3.1.8.5 [http://www.livezilla.net]"
192.168.10.10 - - [12/Apr/2010:13:19:34 +0200] "POST /livezilla/server.php?acid=1ffee HTTP/1.1" 200 - "-" "LiveZilla 3.1.8.5 [http://www.livezilla.net]"
192.168.10.34 - - [12/Apr/2010:13:19:48 +0200] "POST /livezilla/server.php?acid=31902 HTTP/1.1" 200 - "-" "LiveZilla 3.1.8.5 [http://www.livezilla.net]"
192.168.10.10 - - [12/Apr/2010:13:20:08 +0200] "GET /livezilla/server.php?request=track&start=1271071208122&browid=b8d66a9&url=aHR0cDovL2NoYXQuZi1tLXNob3AuZGUvbGl2ZXppbGxhLw&livezilla=27fe282&cd=32&rh=1024&rw=1280&rf=&tzo=2&code=U0VSVkVSUEFHRQ__&en=&ee=&ec=&dc=TGl2ZVppbGxhIFNlcnZlciBQYWdl&geo_rid=7 HTTP/1.1" 200 85 "http://chat.f-m-shop.de/livezilla/" "Mozilla/5.0 (Windows; U; Windows NT 5.1; de; rv:1.9.1.9) Gecko/20100315 Firefox/3.5.9 (.NET CLR 3.5.30729)"
192.168.10.10 - - [12/Apr/2010:13:19:56 +0200] "POST /livezilla/server.php?acid=56620 HTTP/1.1" 200 - "-" "LiveZilla 3.1.8.5 [http://www.livezilla.net]"
192.168.10.34 - - [12/Apr/2010:13:20:10 +0200] "POST /livezilla/server.php?acid=fb8ce HTTP/1.1" 200 - "-" "LiveZilla 3.1.8.5 [http://www.livezilla.net]"
192.168.10.10 - - [12/Apr/2010:13:20:19 +0200] "POST /livezilla/server.php?acid=677bb HTTP/1.1" 200 - "-" "LiveZilla 3.1.8.5 [http://www.livezilla.net]"
192.168.10.10 - - [12/Apr/2010:13:20:43 +0200] "GET /livezilla/server.php?request=track&start=1271071243121&browid=b8d66a9&url=aHR0cDovL2NoYXQuZi1tLXNob3AuZGUvbGl2ZXppbGxhLw&livezilla=27fe282&cd=32&rh=1024&rw=1280&rf=&tzo=2&code=U0VSVkVSUEFHRQ__&en=&ee=&ec=&dc=TGl2ZVppbGxhIFNlcnZlciBQYWdl&geo_rid=7 HTTP/1.1" 200 85 "http://chat.f-m-shop.de/livezilla/" "Mozilla/5.0 (Windows; U; Windows NT 5.1; de; rv:1.9.1.9) Gecko/20100315 Firefox/3.5.9 (.NET CLR 3.5.30729)"
192.168.10.34 - - [12/Apr/2010:13:20:32 +0200] "POST /livezilla/server.php?acid=2ef0d HTTP/1.1" 200 - "-" "LiveZilla 3.1.8.5 [http://www.livezilla.net]"
192.168.10.10 - - [12/Apr/2010:13:20:41 +0200] "POST /livezilla/server.php?acid=d054c HTTP/1.1" 200 - "-" "LiveZilla 3.1.8.5 [http://www.livezilla.net]"
192.168.10.34 - - [12/Apr/2010:13:20:55 +0200] "POST /livezilla/server.php?acid=93654 HTTP/1.1" 200 - "-" "LiveZilla 3.1.8.5 [http://www.livezilla.net]"
192.168.10.10 - - [12/Apr/2010:13:21:18 +0200] "GET /livezilla/server.php?request=track&start=1271071278126&browid=b8d66a9&url=aHR0cDovL2NoYXQuZi1tLXNob3AuZGUvbGl2ZXppbGxhLw&livezilla=27fe282&cd=32&rh=1024&rw=1280&rf=&tzo=2&code=U0VSVkVSUEFHRQ__&en=&ee=&ec=&dc=TGl2ZVppbGxhIFNlcnZlciBQYWdl&geo_rid=7 HTTP/1.1" 200 85 "http://chat.f-m-shop.de/livezilla/" "Mozilla/5.0 (Windows; U; Windows NT 5.1; de; rv:1.9.1.9) Gecko/20100315 Firefox/3.5.9 (.NET CLR 3.5.30729)"
192.168.10.10 - - [12/Apr/2010:13:21:03 +0200] "POST /livezilla/server.php?acid=9a918 HTTP/1.1" 200 - "-" "LiveZilla 3.1.8.5 [http://www.livezilla.net]"
192.168.10.34 - - [12/Apr/2010:13:21:17 +0200] "POST /livezilla/server.php?acid=ce8ef HTTP/1.1" 200 - "-" "LiveZilla 3.1.8.5 [http://www.livezilla.net]"
192.168.10.10 - - [12/Apr/2010:13:21:25 +0200] "POST /livezilla/server.php?acid=f368a HTTP/1.1" 200 - "-" "LiveZilla 3.1.8.5 [http://www.livezilla.net]"
192.168.10.10 - - [12/Apr/2010:13:21:53 +0200] "GET /livezilla/server.php?request=track&start=1271071313119&browid=b8d66a9&url=aHR0cDovL2NoYXQuZi1tLXNob3AuZGUvbGl2ZXppbGxhLw&livezilla=27fe282&cd=32&rh=1024&rw=1280&rf=&tzo=2&code=U0VSVkVSUEFHRQ__&en=&ee=&ec=&dc=TGl2ZVppbGxhIFNlcnZlciBQYWdl&geo_rid=7 HTTP/1.1" 200 85 "http://chat.f-m-shop.de/livezilla/" "Mozilla/5.0 (Windows; U; Windows NT 5.1; de; rv:1.9.1.9) Gecko/20100315 Firefox/3.5.9 (.NET CLR 3.5.30729)"
192.168.10.34 - - [12/Apr/2010:13:21:39 +0200] "POST /livezilla/server.php?acid=15fed HTTP/1.1" 200 - "-" "LiveZilla 3.1.8.5 [http://www.livezilla.net]"
192.168.10.10 - - [12/Apr/2010:13:21:47 +0200] "POST /livezilla/server.php?acid=12aa5 HTTP/1.1" 200 - "-" "LiveZilla 3.1.8.5 [http://www.livezilla.net]"
192.168.10.34 - - [12/Apr/2010:13:22:01 +0200] "POST /livezilla/server.php?acid=16a7c HTTP/1.1" 200 - "-" "LiveZilla 3.1.8.5 [http://www.livezilla.net]"
192.168.10.10 - - [12/Apr/2010:13:22:28 +0200] "GET /livezilla/server.php?request=track&start=1271071348099&browid=b8d66a9&url=aHR0cDovL2NoYXQuZi1tLXNob3AuZGUvbGl2ZXppbGxhLw&livezilla=27fe282&cd=32&rh=1024&rw=1280&rf=&tzo=2&code=U0VSVkVSUEFHRQ__&en=&ee=&ec=&dc=TGl2ZVppbGxhIFNlcnZlciBQYWdl&geo_rid=7 HTTP/1.1" 200 85 "http://chat.f-m-shop.de/livezilla/" "Mozilla/5.0 (Windows; U; Windows NT 5.1; de; rv:1.9.1.9) Gecko/20100315 Firefox/3.5.9 (.NET CLR 3.5.30729)"
192.168.10.10 - - [12/Apr/2010:13:22:10 +0200] "POST /livezilla/server.php?acid=31cfd HTTP/1.1" 200 - "-" "LiveZilla 3.1.8.5 [http://www.livezilla.net]"
192.168.10.34 - - [12/Apr/2010:13:22:23 +0200] "POST /livezilla/server.php?acid=71e11 HTTP/1.1" 200 - "-" "LiveZilla 3.1.8.5 [http://www.livezilla.net]"
192.168.10.10 - - [12/Apr/2010:13:22:32 +0200] "POST /livezilla/server.php?acid=ab396 HTTP/1.1" 200 - "-" "LiveZilla 3.1.8.5 [http://www.livezilla.net]"
192.168.10.10 - - [12/Apr/2010:13:23:03 +0200] "GET /livezilla/server.php?request=track&start=1271071383088&browid=b8d66a9&url=aHR0cDovL2NoYXQuZi1tLXNob3AuZGUvbGl2ZXppbGxhLw&livezilla=27fe282&cd=32&rh=1024&rw=1280&rf=&tzo=2&code=U0VSVkVSUEFHRQ__&en=&ee=&ec=&dc=TGl2ZVppbGxhIFNlcnZlciBQYWdl&geo_rid=7 HTTP/1.1" 200 85 "http://chat.f-m-shop.de/livezilla/" "Mozilla/5.0 (Windows; U; Windows NT 5.1; de; rv:1.9.1.9) Gecko/20100315 Firefox/3.5.9 (.NET CLR 3.5.30729)"
192.168.10.34 - - [12/Apr/2010:13:22:46 +0200] "POST /livezilla/server.php?acid=c169f HTTP/1.1" 200 - "-" "LiveZilla 3.1.8.5 [http://www.livezilla.net]"
192.168.10.10 - - [12/Apr/2010:13:22:54 +0200] "POST /livezilla/server.php?acid=6fc94 HTTP/1.1" 200 - "-" "LiveZilla 3.1.8.5 [http://www.livezilla.net]"
192.168.10.34 - - [12/Apr/2010:13:23:08 +0200] "POST /livezilla/server.php?acid=787e1 HTTP/1.1" 200 - "-" "LiveZilla 3.1.8.5 [http://www.livezilla.net]"
192.168.10.10 - - [12/Apr/2010:13:23:16 +0200] "POST /livezilla/server.php?acid=14b2b HTTP/1.1" 200 - "-" "LiveZilla 3.1.8.5 [http://www.livezilla.net]"
192.168.10.10 - - [12/Apr/2010:13:23:38 +0200] "GET /livezilla/server.php?request=track&start=1271071418081&browid=b8d66a9&url=aHR0cDovL2NoYXQuZi1tLXNob3AuZGUvbGl2ZXppbGxhLw&livezilla=27fe282&cd=32&rh=1024&rw=1280&rf=&tzo=2&code=U0VSVkVSUEFHRQ__&en=&ee=&ec=&dc=TGl2ZVppbGxhIFNlcnZlciBQYWdl&geo_rid=7 HTTP/1.1" 200 85 "http://chat.f-m-shop.de/livezilla/" "Mozilla/5.0 (Windows; U; Windows NT 5.1; de; rv:1.9.1.9) Gecko/20100315 Firefox/3.5.9 (.NET CLR 3.5.30729)"
192.168.10.34 - - [12/Apr/2010:13:23:30 +0200] "POST /livezilla/server.php?acid=820be HTTP/1.1" 200 - "-" "LiveZilla 3.1.8.5 [http://www.livezilla.net]"
192.168.10.10 - - [12/Apr/2010:13:23:39 +0200] "POST /livezilla/server.php?acid=36ced HTTP/1.1" 200 - "-" "LiveZilla 3.1.8.5 [http://www.livezilla.net]"
192.168.10.34 - - [12/Apr/2010:13:23:52 +0200] "POST /livezilla/server.php?acid=554f2 HTTP/1.1" 200 - "-" "LiveZilla 3.1.8.5 [http://www.livezilla.net]"
192.168.10.10 - - [12/Apr/2010:13:24:13 +0200] "GET /livezilla/server.php?request=track&start=1271071453080&browid=b8d66a9&url=aHR0cDovL2NoYXQuZi1tLXNob3AuZGUvbGl2ZXppbGxhLw&livezilla=27fe282&cd=32&rh=1024&rw=1280&rf=&tzo=2&code=U0VSVkVSUEFHRQ__&en=&ee=&ec=&dc=TGl2ZVppbGxhIFNlcnZlciBQYWdl&geo_rid=7 HTTP/1.1" 200 85 "http://chat.f-m-shop.de/livezilla/" "Mozilla/5.0 (Windows; U; Windows NT 5.1; de; rv:1.9.1.9) Gecko/20100315 Firefox/3.5.9 (.NET CLR 3.5.30729)"
192.168.10.10 - - [12/Apr/2010:13:24:01 +0200] "POST /livezilla/server.php?acid=9d2b7 HTTP/1.1" 200 - "-" "LiveZilla 3.1.8.5 [http://www.livezilla.net]"
192.168.10.34 - - [12/Apr/2010:13:24:14 +0200] "POST /livezilla/server.php?acid=2fbd7 HTTP/1.1" 200 - "-" "LiveZilla 3.1.8.5 [http://www.livezilla.net]"
192.168.10.10 - - [12/Apr/2010:13:24:23 +0200] "POST /livezilla/server.php?acid=729e7 HTTP/1.1" 200 - "-" "LiveZilla 3.1.8.5 [http://www.livezilla.net]"
192.168.10.10 - - [12/Apr/2010:13:24:48 +0200] "GET /livezilla/server.php?request=track&start=1271071488090&browid=b8d66a9&url=aHR0cDovL2NoYXQuZi1tLXNob3AuZGUvbGl2ZXppbGxhLw&livezilla=27fe282&cd=32&rh=1024&rw=1280&rf=&tzo=2&code=U0VSVkVSUEFHRQ__&en=&ee=&ec=&dc=TGl2ZVppbGxhIFNlcnZlciBQYWdl&geo_rid=7 HTTP/1.1" 200 85 "http://chat.f-m-shop.de/livezilla/" "Mozilla/5.0 (Windows; U; Windows NT 5.1; de; rv:1.9.1.9) Gecko/20100315 Firefox/3.5.9 (.NET CLR 3.5.30729)"
192.168.10.34 - - [12/Apr/2010:13:24:37 +0200] "POST /livezilla/server.php?acid=e5782 HTTP/1.1" 200 - "-" "LiveZilla 3.1.8.5 [http://www.livezilla.net]"
192.168.10.10 - - [12/Apr/2010:13:24:45 +0200] "POST /livezilla/server.php?acid=5d719 HTTP/1.1" 200 - "-" "LiveZilla 3.1.8.5 [http://www.livezilla.net]"
192.168.10.34 - - [12/Apr/2010:13:24:59 +0200] "POST /livezilla/server.php?acid=4ce92 HTTP/1.1" 200 - "-" "LiveZilla 3.1.8.5 [http://www.livezilla.net]"
192.168.10.10 - - [12/Apr/2010:13:25:23 +0200] "GET /livezilla/server.php?request=track&start=1271071523100&browid=b8d66a9&url=aHR0cDovL2NoYXQuZi1tLXNob3AuZGUvbGl2ZXppbGxhLw&livezilla=27fe282&cd=32&rh=1024&rw=1280&rf=&tzo=2&code=U0VSVkVSUEFHRQ__&en=&ee=&ec=&dc=TGl2ZVppbGxhIFNlcnZlciBQYWdl&geo_rid=7 HTTP/1.1" 200 85 "http://chat.f-m-shop.de/livezilla/" "Mozilla/5.0 (Windows; U; Windows NT 5.1; de; rv:1.9.1.9) Gecko/20100315 Firefox/3.5.9 (.NET CLR 3.5.30729)"
192.168.10.10 - - [12/Apr/2010:13:25:07 +0200] "POST /livezilla/server.php?acid=c65de HTTP/1.1" 200 - "-" "LiveZilla 3.1.8.5 [http://www.livezilla.net]"
192.168.10.34 - - [12/Apr/2010:13:25:21 +0200] "POST /livezilla/server.php?acid=45ce6 HTTP/1.1" 200 - "-" "LiveZilla 3.1.8.5 [http://www.livezilla.net]"
192.168.10.10 - - [12/Apr/2010:13:25:30 +0200] "POST /livezilla/server.php?acid=74ea1 HTTP/1.1" 200 - "-" "LiveZilla 3.1.8.5 [http://www.livezilla.net]"
192.168.10.10 - - [12/Apr/2010:13:25:58 +0200] "GET /livezilla/server.php?request=track&start=1271071558067&browid=b8d66a9&url=aHR0cDovL2NoYXQuZi1tLXNob3AuZGUvbGl2ZXppbGxhLw&livezilla=27fe282&cd=32&rh=1024&rw=1280&rf=&tzo=2&code=U0VSVkVSUEFHRQ__&en=&ee=&ec=&dc=TGl2ZVppbGxhIFNlcnZlciBQYWdl&geo_rid=7 HTTP/1.1" 200 85 "http://chat.f-m-shop.de/livezilla/" "Mozilla/5.0 (Windows; U; Windows NT 5.1; de; rv:1.9.1.9) Gecko/20100315 Firefox/3.5.9 (.NET CLR 3.5.30729)"
192.168.10.34 - - [12/Apr/2010:13:25:43 +0200] "POST /livezilla/server.php?acid=bde50 HTTP/1.1" 200 - "-" "LiveZilla 3.1.8.5 [http://www.livezilla.net]"
192.168.10.10 - - [12/Apr/2010:13:25:52 +0200] "POST /livezilla/server.php?acid=4c96a HTTP/1.1" 200 - "-" "LiveZilla 3.1.8.5 [http://www.livezilla.net]"
192.168.10.34 - - [12/Apr/2010:13:26:06 +0200] "POST /livezilla/server.php?acid=b1a45 HTTP/1.1" 200 - "-" "LiveZilla 3.1.8.5 [http://www.livezilla.net]"
192.168.10.10 - - [12/Apr/2010:13:26:14 +0200] "POST /livezilla/server.php?acid=b6aa9 HTTP/1.1" 200 - "-" "LiveZilla 3.1.8.5 [http://www.livezilla.net]"
192.168.10.10 - - [12/Apr/2010:13:26:33 +0200] "GET /livezilla/server.php?request=track&start=1271071593075&browid=b8d66a9&url=aHR0cDovL2NoYXQuZi1tLXNob3AuZGUvbGl2ZXppbGxhLw&livezilla=27fe282&cd=32&rh=1024&rw=1280&rf=&tzo=2&code=U0VSVkVSUEFHRQ__&en=&ee=&ec=&dc=TGl2ZVppbGxhIFNlcnZlciBQYWdl&geo_rid=7 HTTP/1.1" 200 85 "http://chat.f-m-shop.de/livezilla/" "Mozilla/5.0 (Windows; U; Windows NT 5.1; de; rv:1.9.1.9) Gecko/20100315 Firefox/3.5.9 (.NET CLR 3.5.30729)"
192.168.10.34 - - [12/Apr/2010:13:26:28 +0200] "POST /livezilla/server.php?acid=74706 HTTP/1.1" 200 - "-" "LiveZilla 3.1.8.5 [http://www.livezilla.net]"
192.168.10.10 - - [12/Apr/2010:13:26:36 +0200] "POST /livezilla/server.php?acid=36436 HTTP/1.1" 200 - "-" "LiveZilla 3.1.8.5 [http://www.livezilla.net]"
192.168.10.10 - - [12/Apr/2010:13:27:08 +0200] "GET /livezilla/server.php?request=track&start=1271071628066&browid=b8d66a9&url=aHR0cDovL2NoYXQuZi1tLXNob3AuZGUvbGl2ZXppbGxhLw&livezilla=27fe282&cd=32&rh=1024&rw=1280&rf=&tzo=2&code=U0VSVkVSUEFHRQ__&en=&ee=&ec=&dc=TGl2ZVppbGxhIFNlcnZlciBQYWdl&geo_rid=7 HTTP/1.1" 200 85 "http://chat.f-m-shop.de/livezilla/" "Mozilla/5.0 (Windows; U; Windows NT 5.1; de; rv:1.9.1.9) Gecko/20100315 Firefox/3.5.9 (.NET CLR 3.5.30729)"
192.168.10.34 - - [12/Apr/2010:13:26:50 +0200] "POST /livezilla/server.php?acid=9349d HTTP/1.1" 200 - "-" "LiveZilla 3.1.8.5 [http://www.livezilla.net]"
192.168.10.10 - - [12/Apr/2010:13:26:58 +0200] "POST /livezilla/server.php?acid=cc704 HTTP/1.1" 200 - "-" "LiveZilla 3.1.8.5 [http://www.livezilla.net]"
192.168.10.34 - - [12/Apr/2010:13:27:12 +0200] "POST /livezilla/server.php?acid=fb041 HTTP/1.1" 200 - "-" "LiveZilla 3.1.8.5 [http://www.livezilla.net]"
192.168.10.10 - - [12/Apr/2010:13:27:21 +0200] "POST /livezilla/server.php?acid=e2957 HTTP/1.1" 200 - "-" "LiveZilla 3.1.8.5 [http://www.livezilla.net]"
192.168.10.10 - - [12/Apr/2010:13:27:42 +0200] "GET /livezilla/server.php?request=track&start=1271071663065&browid=b8d66a9&url=aHR0cDovL2NoYXQuZi1tLXNob3AuZGUvbGl2ZXppbGxhLw&livezilla=27fe282&cd=32&rh=1024&rw=1280&rf=&tzo=2&code=U0VSVkVSUEFHRQ__&en=&ee=&ec=&dc=TGl2ZVppbGxhIFNlcnZlciBQYWdl&geo_rid=7 HTTP/1.1" 200 85 "http://chat.f-m-shop.de/livezilla/" "Mozilla/5.0 (Windows; U; Windows NT 5.1; de; rv:1.9.1.9) Gecko/20100315 Firefox/3.5.9 (.NET CLR 3.5.30729)"
192.168.10.34 - - [12/Apr/2010:13:27:34 +0200] "POST /livezilla/server.php?acid=0081d HTTP/1.1" 200 - "-" "LiveZilla 3.1.8.5 [http://www.livezilla.net]"
192.168.10.10 - - [12/Apr/2010:13:27:43 +0200] "POST /livezilla/server.php?acid=1cf56 HTTP/1.1" 200 - "-" "LiveZilla 3.1.8.5 [http://www.livezilla.net]"
192.168.10.34 - - [12/Apr/2010:13:27:57 +0200] "POST /livezilla/server.php?acid=fefdc HTTP/1.1" 200 - "-" "LiveZilla 3.1.8.5 [http://www.livezilla.net]"
192.168.10.10 - - [12/Apr/2010:13:28:18 +0200] "GET /livezilla/server.php?request=track&start=1271071698072&browid=b8d66a9&url=aHR0cDovL2NoYXQuZi1tLXNob3AuZGUvbGl2ZXppbGxhLw&livezilla=27fe282&cd=32&rh=1024&rw=1280&rf=&tzo=2&code=U0VSVkVSUEFHRQ__&en=&ee=&ec=&dc=TGl2ZVppbGxhIFNlcnZlciBQYWdl&geo_rid=7 HTTP/1.1" 200 85 "http://chat.f-m-shop.de/livezilla/" "Mozilla/5.0 (Windows; U; Windows NT 5.1; de; rv:1.9.1.9) Gecko/20100315 Firefox/3.5.9 (.NET CLR 3.5.30729)"
192.168.10.10 - - [12/Apr/2010:13:28:05 +0200] "POST /livezilla/server.php?acid=0a355 HTTP/1.1" 200 - "-" "LiveZilla 3.1.8.5 [http://www.livezilla.net]"
192.168.10.34 - - [12/Apr/2010:13:28:19 +0200] "POST /livezilla/server.php?acid=ac46a HTTP/1.1" 200 - "-" "LiveZilla 3.1.8.5 [http://www.livezilla.net]"
192.168.10.10 - - [12/Apr/2010:13:28:27 +0200] "POST /livezilla/server.php?acid=fad8d HTTP/1.1" 200 - "-" "LiveZilla 3.1.8.5 [http://www.livezilla.net]"
192.168.10.10 - - [12/Apr/2010:13:28:52 +0200] "GET /livezilla/server.php?request=track&start=1271071733055&browid=b8d66a9&url=aHR0cDovL2NoYXQuZi1tLXNob3AuZGUvbGl2ZXppbGxhLw&livezilla=27fe282&cd=32&rh=1024&rw=1280&rf=&tzo=2&code=U0VSVkVSUEFHRQ__&en=&ee=&ec=&dc=TGl2ZVppbGxhIFNlcnZlciBQYWdl&geo_rid=7 HTTP/1.1" 200 85 "http://chat.f-m-shop.de/livezilla/" "Mozilla/5.0 (Windows; U; Windows NT 5.1; de; rv:1.9.1.9) Gecko/20100315 Firefox/3.5.9 (.NET CLR 3.5.30729)"
192.168.10.34 - - [12/Apr/2010:13:28:41 +0200] "POST /livezilla/server.php?acid=39e18 HTTP/1.1" 200 - "-" "LiveZilla 3.1.8.5 [http://www.livezilla.net]"
192.168.10.10 - - [12/Apr/2010:13:28:50 +0200] "POST /livezilla/server.php?acid=4d02b HTTP/1.1" 200 - "-" "LiveZilla 3.1.8.5 [http://www.livezilla.net]"
192.168.10.34 - - [12/Apr/2010:13:29:03 +0200] "POST /livezilla/server.php?acid=08691 HTTP/1.1" 200 - "-" "LiveZilla 3.1.8.5 [http://www.livezilla.net]"
192.168.10.10 - - [12/Apr/2010:13:29:27 +0200] "GET /livezilla/server.php?request=track&start=1271071768055&browid=b8d66a9&url=aHR0cDovL2NoYXQuZi1tLXNob3AuZGUvbGl2ZXppbGxhLw&livezilla=27fe282&cd=32&rh=1024&rw=1280&rf=&tzo=2&code=U0VSVkVSUEFHRQ__&en=&ee=&ec=&dc=TGl2ZVppbGxhIFNlcnZlciBQYWdl&geo_rid=7 HTTP/1.1" 200 85 "http://chat.f-m-shop.de/livezilla/" "Mozilla/5.0 (Windows; U; Windows NT 5.1; de; rv:1.9.1.9) Gecko/20100315 Firefox/3.5.9 (.NET CLR 3.5.30729)"
192.168.10.10 - - [12/Apr/2010:13:29:12 +0200] "POST /livezilla/server.php?acid=6887d HTTP/1.1" 200 - "-" "LiveZilla 3.1.8.5 [http://www.livezilla.net]"
192.168.10.34 - - [12/Apr/2010:13:29:25 +0200] "POST /livezilla/server.php?acid=80a17 HTTP/1.1" 200 - "-" "LiveZilla 3.1.8.5 [http://www.livezilla.net]"
192.168.10.10 - - [12/Apr/2010:13:29:34 +0200] "POST /livezilla/server.php?acid=c941b HTTP/1.1" 200 - "-" "LiveZilla 3.1.8.5 [http://www.livezilla.net]"
192.168.10.10 - - [12/Apr/2010:13:30:02 +0200] "GET /livezilla/server.php?request=track&start=1271071803053&browid=b8d66a9&url=aHR0cDovL2NoYXQuZi1tLXNob3AuZGUvbGl2ZXppbGxhLw&livezilla=27fe282&cd=32&rh=1024&rw=1280&rf=&tzo=2&code=U0VSVkVSUEFHRQ__&en=&ee=&ec=&dc=TGl2ZVppbGxhIFNlcnZlciBQYWdl&geo_rid=7 HTTP/1.1" 200 85 "http://chat.f-m-shop.de/livezilla/" "Mozilla/5.0 (Windows; U; Windows NT 5.1; de; rv:1.9.1.9) Gecko/20100315 Firefox/3.5.9 (.NET CLR 3.5.30729)"
192.168.10.34 - - [12/Apr/2010:13:29:48 +0200] "POST /livezilla/server.php?acid=3d53b HTTP/1.1" 200 - "-" "LiveZilla 3.1.8.5 [http://www.livezilla.net]"
192.168.10.10 - - [12/Apr/2010:13:29:56 +0200] "POST /livezilla/server.php?acid=e1107 HTTP/1.1" 200 - "-" "LiveZilla 3.1.8.5 [http://www.livezilla.net]"
192.168.10.34 - - [12/Apr/2010:13:30:10 +0200] "POST /livezilla/server.php?acid=3da0c HTTP/1.1" 200 - "-" "LiveZilla 3.1.8.5 [http://www.livezilla.net]"
192.168.10.10 - - [12/Apr/2010:13:30:18 +0200] "POST /livezilla/server.php?acid=49fed HTTP/1.1" 200 - "-" "LiveZilla 3.1.8.5 [http://www.livezilla.net]"
192.168.10.10 - - [12/Apr/2010:13:30:37 +0200] "GET /livezilla/server.php?request=track&start=1271071838054&browid=b8d66a9&url=aHR0cDovL2NoYXQuZi1tLXNob3AuZGUvbGl2ZXppbGxhLw&livezilla=27fe282&cd=32&rh=1024&rw=1280&rf=&tzo=2&code=U0VSVkVSUEFHRQ__&en=&ee=&ec=&dc=TGl2ZVppbGxhIFNlcnZlciBQYWdl&geo_rid=7 HTTP/1.1" 200 85 "http://chat.f-m-shop.de/livezilla/" "Mozilla/5.0 (Windows; U; Windows NT 5.1; de; rv:1.9.1.9) Gecko/20100315 Firefox/3.5.9 (.NET CLR 3.5.30729)"
192.168.10.34 - - [12/Apr/2010:13:30:32 +0200] "POST /livezilla/server.php?acid=6fa69 HTTP/1.1" 200 - "-" "LiveZilla 3.1.8.5 [http://www.livezilla.net]"
192.168.10.10 - - [12/Apr/2010:13:30:41 +0200] "POST /livezilla/server.php?acid=34582 HTTP/1.1" 200 - "-" "LiveZilla 3.1.8.5 [http://www.livezilla.net]"
192.168.10.10 - - [12/Apr/2010:13:31:13 +0200] "GET /livezilla/server.php?request=track&start=1271071873068&browid=b8d66a9&url=aHR0cDovL2NoYXQuZi1tLXNob3AuZGUvbGl2ZXppbGxhLw&livezilla=27fe282&cd=32&rh=1024&rw=1280&rf=&tzo=2&code=U0VSVkVSUEFHRQ__&en=&ee=&ec=&dc=TGl2ZVppbGxhIFNlcnZlciBQYWdl&geo_rid=7 HTTP/1.1" 200 85 "http://chat.f-m-shop.de/livezilla/" "Mozilla/5.0 (Windows; U; Windows NT 5.1; de; rv:1.9.1.9) Gecko/20100315 Firefox/3.5.9 (.NET CLR 3.5.30729)"
192.168.10.34 - - [12/Apr/2010:13:30:54 +0200] "POST /livezilla/server.php?acid=fe1ff HTTP/1.1" 200 - "-" "LiveZilla 3.1.8.5 [http://www.livezilla.net]"
192.168.10.10 - - [12/Apr/2010:13:31:03 +0200] "POST /livezilla/server.php?acid=e7267 HTTP/1.1" 200 - "-" "LiveZilla 3.1.8.5 [http://www.livezilla.net]"
192.168.10.34 - - [12/Apr/2010:13:31:17 +0200] "POST /livezilla/server.php?acid=ef016 HTTP/1.1" 200 - "-" "LiveZilla 3.1.8.5 [http://www.livezilla.net]"
192.168.10.10 - - [12/Apr/2010:13:31:25 +0200] "POST /livezilla/server.php?acid=109d3 HTTP/1.1" 200 - "-" "LiveZilla 3.1.8.5 [http://www.livezilla.net]"
192.168.10.10 - - [12/Apr/2010:13:31:48 +0200] "GET /livezilla/server.php?request=track&start=1271071908062&browid=b8d66a9&url=aHR0cDovL2NoYXQuZi1tLXNob3AuZGUvbGl2ZXppbGxhLw&livezilla=27fe282&cd=32&rh=1024&rw=1280&rf=&tzo=2&code=U0VSVkVSUEFHRQ__&en=&ee=&ec=&dc=TGl2ZVppbGxhIFNlcnZlciBQYWdl&geo_rid=7 HTTP/1.1" 200 85 "http://chat.f-m-shop.de/livezilla/" "Mozilla/5.0 (Windows; U; Windows NT 5.1; de; rv:1.9.1.9) Gecko/20100315 Firefox/3.5.9 (.NET CLR 3.5.30729)"
192.168.10.34 - - [12/Apr/2010:13:31:39 +0200] "POST /livezilla/server.php?acid=c88f6 HTTP/1.1" 200 - "-" "LiveZilla 3.1.8.5 [http://www.livezilla.net]"
192.168.10.10 - - [12/Apr/2010:13:31:47 +0200] "POST /livezilla/server.php?acid=92139 HTTP/1.1" 200 - "-" "LiveZilla 3.1.8.5 [http://www.livezilla.net]"
192.168.10.34 - - [12/Apr/2010:13:32:01 +0200] "POST /livezilla/server.php?acid=09ec5 HTTP/1.1" 200 - "-" "LiveZilla 3.1.8.5 [http://www.livezilla.net]"
