192.168.10.10 - - [12/Apr/2010:14:02:37 +0200] "GET /livezilla/images/favicon.ico HTTP/1.1" 200 43302 "-" "Mozilla/4.0 (compatible; MSIE 7.0; Windows NT 5.1; .NET CLR 2.0.50727; .NET CLR 1.1.4322; InfoPath.2; .NET CLR 3.0.4506.2152; .NET CLR 3.5.30729)"
192.168.10.10 - - [12/Apr/2010:14:02:37 +0200] "POST /livezilla/server.php?intid=Zmw_&reset=true HTTP/1.1" 200 216 "http://chat.f-m-shop.de/livezilla/livezilla.php?intid=Zmw_&reset=true" "Mozilla/4.0 (compatible; MSIE 7.0; Windows NT 5.1; .NET CLR 2.0.50727; .NET CLR 1.1.4322; InfoPath.2; .NET CLR 3.0.4506.2152; .NET CLR 3.5.30729)"
192.168.10.10 - - [12/Apr/2010:14:02:37 +0200] "GET /livezilla/images/lz_button_extra.gif HTTP/1.1" 200 948 "http://chat.f-m-shop.de/livezilla/livezilla.php?template=lz_chat_frame.3.2.login.1.0&intid=Zmw_&reset=true" "Mozilla/4.0 (compatible; MSIE 7.0; Windows NT 5.1; .NET CLR 2.0.50727; .NET CLR 1.1.4322; InfoPath.2; .NET CLR 3.0.4506.2152; .NET CLR 3.5.30729)"
192.168.10.34 - - [12/Apr/2010:14:02:38 +0200] "POST /livezilla/server.php?acid=ea13b HTTP/1.1" 200 1091 "-" "LiveZilla 3.1.8.5 [http://www.livezilla.net]"
192.168.10.10 - - [12/Apr/2010:14:02:38 +0200] "POST /livezilla/server.php?acid=6d8bb HTTP/1.1" 200 1091 "-" "LiveZilla 3.1.8.5 [http://www.livezilla.net]"
192.168.10.34 - - [12/Apr/2010:14:02:42 +0200] "POST /livezilla/server.php?acid=30108 HTTP/1.1" 200 688 "-" "LiveZilla 3.1.8.5 [http://www.livezilla.net]"
192.168.10.10 - - [12/Apr/2010:14:02:43 +0200] "GET /livezilla/server.php?request=track&start=1271073763024&browid=b8d66a9&url=aHR0cDovL2NoYXQuZi1tLXNob3AuZGUvbGl2ZXppbGxhLw&livezilla=27fe282&cd=32&rh=1024&rw=1280&rf=&tzo=2&code=U0VSVkVSUEFHRQ__&en=&ee=&ec=&dc=TGl2ZVppbGxhIFNlcnZlciBQYWdl&geo_rid=7 HTTP/1.1" 200 85 "http://chat.f-m-shop.de/livezilla/" "Mozilla/5.0 (Windows; U; Windows NT 5.1; de; rv:1.9.1.9) Gecko/20100315 Firefox/3.5.9 (.NET CLR 3.5.30729)"
192.168.10.10 - - [12/Apr/2010:14:02:43 +0200] "POST /livezilla/server.php?acid=a4f1c HTTP/1.1" 200 688 "-" "LiveZilla 3.1.8.5 [http://www.livezilla.net]"
192.168.10.10 - - [12/Apr/2010:14:03:02 +0200] "POST /livezilla/server.php?intid=Zmw_&reset=true HTTP/1.1" 200 216 "http://chat.f-m-shop.de/livezilla/livezilla.php?intid=Zmw_&reset=true" "Mozilla/4.0 (compatible; MSIE 7.0; Windows NT 5.1; .NET CLR 2.0.50727; .NET CLR 1.1.4322; InfoPath.2; .NET CLR 3.0.4506.2152; .NET CLR 3.5.30729)"
192.168.10.34 - - [12/Apr/2010:14:02:46 +0200] "POST /livezilla/server.php?acid=9efb5 HTTP/1.1" 200 188 "-" "LiveZilla 3.1.8.5 [http://www.livezilla.net]"
192.168.10.10 - - [12/Apr/2010:14:02:47 +0200] "POST /livezilla/server.php?acid=6c184 HTTP/1.1" 200 188 "-" "LiveZilla 3.1.8.5 [http://www.livezilla.net]"
192.168.10.10 - - [12/Apr/2010:14:03:18 +0200] "GET /livezilla/server.php?request=track&start=1271073797998&browid=b8d66a9&url=aHR0cDovL2NoYXQuZi1tLXNob3AuZGUvbGl2ZXppbGxhLw&livezilla=27fe282&cd=32&rh=1024&rw=1280&rf=&tzo=2&code=U0VSVkVSUEFHRQ__&en=&ee=&ec=&dc=TGl2ZVppbGxhIFNlcnZlciBQYWdl&geo_rid=7 HTTP/1.1" 200 85 "http://chat.f-m-shop.de/livezilla/" "Mozilla/5.0 (Windows; U; Windows NT 5.1; de; rv:1.9.1.9) Gecko/20100315 Firefox/3.5.9 (.NET CLR 3.5.30729)"
192.168.10.34 - - [12/Apr/2010:14:03:08 +0200] "POST /livezilla/server.php?acid=3e552 HTTP/1.1" 200 - "-" "LiveZilla 3.1.8.5 [http://www.livezilla.net]"
192.168.10.10 - - [12/Apr/2010:14:03:09 +0200] "POST /livezilla/server.php?acid=dd8bb HTTP/1.1" 200 - "-" "LiveZilla 3.1.8.5 [http://www.livezilla.net]"
192.168.10.10 - - [12/Apr/2010:14:03:28 +0200] "POST /livezilla/server.php?intid=Zmw_&reset=true HTTP/1.1" 200 216 "http://chat.f-m-shop.de/livezilla/livezilla.php?intid=Zmw_&reset=true" "Mozilla/4.0 (compatible; MSIE 7.0; Windows NT 5.1; .NET CLR 2.0.50727; .NET CLR 1.1.4322; InfoPath.2; .NET CLR 3.0.4506.2152; .NET CLR 3.5.30729)"
192.168.10.34 - - [12/Apr/2010:14:03:31 +0200] "POST /livezilla/server.php?acid=0f9ca HTTP/1.1" 200 535 "-" "LiveZilla 3.1.8.5 [http://www.livezilla.net]"
192.168.10.10 - - [12/Apr/2010:14:03:31 +0200] "POST /livezilla/server.php?acid=c58ff HTTP/1.1" 200 535 "-" "LiveZilla 3.1.8.5 [http://www.livezilla.net]"
192.168.10.34 - - [12/Apr/2010:14:03:35 +0200] "POST /livezilla/server.php?acid=0fdc8 HTTP/1.1" 200 477 "-" "LiveZilla 3.1.8.5 [http://www.livezilla.net]"
192.168.10.10 - - [12/Apr/2010:14:03:36 +0200] "POST /livezilla/server.php?acid=4063d HTTP/1.1" 200 477 "-" "LiveZilla 3.1.8.5 [http://www.livezilla.net]"
192.168.10.10 - - [12/Apr/2010:14:03:53 +0200] "GET /livezilla/server.php?request=track&start=1271073832997&browid=b8d66a9&url=aHR0cDovL2NoYXQuZi1tLXNob3AuZGUvbGl2ZXppbGxhLw&livezilla=27fe282&cd=32&rh=1024&rw=1280&rf=&tzo=2&code=U0VSVkVSUEFHRQ__&en=&ee=&ec=&dc=TGl2ZVppbGxhIFNlcnZlciBQYWdl&geo_rid=7 HTTP/1.1" 200 85 "http://chat.f-m-shop.de/livezilla/" "Mozilla/5.0 (Windows; U; Windows NT 5.1; de; rv:1.9.1.9) Gecko/20100315 Firefox/3.5.9 (.NET CLR 3.5.30729)"
192.168.10.10 - - [12/Apr/2010:14:03:53 +0200] "POST /livezilla/server.php?intid=Zmw_&reset=true HTTP/1.1" 200 216 "http://chat.f-m-shop.de/livezilla/livezilla.php?intid=Zmw_&reset=true" "Mozilla/4.0 (compatible; MSIE 7.0; Windows NT 5.1; .NET CLR 2.0.50727; .NET CLR 1.1.4322; InfoPath.2; .NET CLR 3.0.4506.2152; .NET CLR 3.5.30729)"
192.168.10.34 - - [12/Apr/2010:14:03:39 +0200] "POST /livezilla/server.php?acid=e3a4d HTTP/1.1" 200 188 "-" "LiveZilla 3.1.8.5 [http://www.livezilla.net]"
192.168.10.10 - - [12/Apr/2010:14:03:40 +0200] "POST /livezilla/server.php?acid=07218 HTTP/1.1" 200 188 "-" "LiveZilla 3.1.8.5 [http://www.livezilla.net]"
192.168.10.10 - - [12/Apr/2010:14:04:01 +0200] "POST /livezilla/server.php?acid=aa999 HTTP/1.1" 200 14052 "-" "LiveZilla 3.1.8.5 [http://www.livezilla.net]"
192.168.10.10 - - [12/Apr/2010:14:04:18 +0200] "POST /livezilla/server.php?intid=Zmw_&reset=true HTTP/1.1" 200 216 "http://chat.f-m-shop.de/livezilla/livezilla.php?intid=Zmw_&reset=true" "Mozilla/4.0 (compatible; MSIE 7.0; Windows NT 5.1; .NET CLR 2.0.50727; .NET CLR 1.1.4322; InfoPath.2; .NET CLR 3.0.4506.2152; .NET CLR 3.5.30729)"
192.168.10.34 - - [12/Apr/2010:14:04:01 +0200] "POST /livezilla/server.php?acid=ff409 HTTP/1.1" 200 - "-" "LiveZilla 3.1.8.5 [http://www.livezilla.net]"
192.168.10.10 - - [12/Apr/2010:14:04:02 +0200] "POST /livezilla/server.php?acid=8faa6 HTTP/1.1" 200 - "-" "LiveZilla 3.1.8.5 [http://www.livezilla.net]"
192.168.10.10 - - [12/Apr/2010:14:04:28 +0200] "GET /livezilla/server.php?request=track&start=1271073867998&browid=b8d66a9&url=aHR0cDovL2NoYXQuZi1tLXNob3AuZGUvbGl2ZXppbGxhLw&livezilla=27fe282&cd=32&rh=1024&rw=1280&rf=&tzo=2&code=U0VSVkVSUEFHRQ__&en=&ee=&ec=&dc=TGl2ZVppbGxhIFNlcnZlciBQYWdl&geo_rid=7 HTTP/1.1" 200 85 "http://chat.f-m-shop.de/livezilla/" "Mozilla/5.0 (Windows; U; Windows NT 5.1; de; rv:1.9.1.9) Gecko/20100315 Firefox/3.5.9 (.NET CLR 3.5.30729)"
192.168.10.34 - - [12/Apr/2010:14:04:23 +0200] "POST /livezilla/server.php?acid=4df4e HTTP/1.1" 200 - "-" "LiveZilla 3.1.8.5 [http://www.livezilla.net]"
192.168.10.10 - - [12/Apr/2010:14:04:24 +0200] "POST /livezilla/server.php?acid=203b3 HTTP/1.1" 200 - "-" "LiveZilla 3.1.8.5 [http://www.livezilla.net]"
192.168.10.10 - - [12/Apr/2010:14:04:43 +0200] "POST /livezilla/server.php?intid=Zmw_&reset=true HTTP/1.1" 200 216 "http://chat.f-m-shop.de/livezilla/livezilla.php?intid=Zmw_&reset=true" "Mozilla/4.0 (compatible; MSIE 7.0; Windows NT 5.1; .NET CLR 2.0.50727; .NET CLR 1.1.4322; InfoPath.2; .NET CLR 3.0.4506.2152; .NET CLR 3.5.30729)"
192.168.10.10 - - [12/Apr/2010:14:05:03 +0200] "GET /livezilla/server.php?request=track&start=1271073902997&browid=b8d66a9&url=aHR0cDovL2NoYXQuZi1tLXNob3AuZGUvbGl2ZXppbGxhLw&livezilla=27fe282&cd=32&rh=1024&rw=1280&rf=&tzo=2&code=U0VSVkVSUEFHRQ__&en=&ee=&ec=&dc=TGl2ZVppbGxhIFNlcnZlciBQYWdl&geo_rid=7 HTTP/1.1" 200 85 "http://chat.f-m-shop.de/livezilla/" "Mozilla/5.0 (Windows; U; Windows NT 5.1; de; rv:1.9.1.9) Gecko/20100315 Firefox/3.5.9 (.NET CLR 3.5.30729)"
192.168.10.34 - - [12/Apr/2010:14:04:46 +0200] "POST /livezilla/server.php?acid=50265 HTTP/1.1" 200 - "-" "LiveZilla 3.1.8.5 [http://www.livezilla.net]"
192.168.10.10 - - [12/Apr/2010:14:04:47 +0200] "POST /livezilla/server.php?acid=28744 HTTP/1.1" 200 - "-" "LiveZilla 3.1.8.5 [http://www.livezilla.net]"
192.168.10.10 - - [12/Apr/2010:14:05:08 +0200] "POST /livezilla/server.php?intid=Zmw_&reset=true HTTP/1.1" 200 216 "http://chat.f-m-shop.de/livezilla/livezilla.php?intid=Zmw_&reset=true" "Mozilla/4.0 (compatible; MSIE 7.0; Windows NT 5.1; .NET CLR 2.0.50727; .NET CLR 1.1.4322; InfoPath.2; .NET CLR 3.0.4506.2152; .NET CLR 3.5.30729)"
192.168.10.34 - - [12/Apr/2010:14:05:08 +0200] "POST /livezilla/server.php?acid=276d8 HTTP/1.1" 200 - "-" "LiveZilla 3.1.8.5 [http://www.livezilla.net]"
192.168.10.10 - - [12/Apr/2010:14:05:09 +0200] "POST /livezilla/server.php?acid=b6002 HTTP/1.1" 200 - "-" "LiveZilla 3.1.8.5 [http://www.livezilla.net]"
192.168.10.10 - - [12/Apr/2010:14:05:34 +0200] "POST /livezilla/server.php?intid=Zmw_&reset=true HTTP/1.1" 200 216 "http://chat.f-m-shop.de/livezilla/livezilla.php?intid=Zmw_&reset=true" "Mozilla/4.0 (compatible; MSIE 7.0; Windows NT 5.1; .NET CLR 2.0.50727; .NET CLR 1.1.4322; InfoPath.2; .NET CLR 3.0.4506.2152; .NET CLR 3.5.30729)"
192.168.10.10 - - [12/Apr/2010:14:05:38 +0200] "GET /livezilla/server.php?request=track&start=1271073937996&browid=b8d66a9&url=aHR0cDovL2NoYXQuZi1tLXNob3AuZGUvbGl2ZXppbGxhLw&livezilla=27fe282&cd=32&rh=1024&rw=1280&rf=&tzo=2&code=U0VSVkVSUEFHRQ__&en=&ee=&ec=&dc=TGl2ZVppbGxhIFNlcnZlciBQYWdl&geo_rid=7 HTTP/1.1" 200 85 "http://chat.f-m-shop.de/livezilla/" "Mozilla/5.0 (Windows; U; Windows NT 5.1; de; rv:1.9.1.9) Gecko/20100315 Firefox/3.5.9 (.NET CLR 3.5.30729)"
192.168.10.34 - - [12/Apr/2010:14:05:30 +0200] "POST /livezilla/server.php?acid=0153b HTTP/1.1" 200 - "-" "LiveZilla 3.1.8.5 [http://www.livezilla.net]"
192.168.10.10 - - [12/Apr/2010:14:05:31 +0200] "POST /livezilla/server.php?acid=35933 HTTP/1.1" 200 - "-" "LiveZilla 3.1.8.5 [http://www.livezilla.net]"
192.168.10.10 - - [12/Apr/2010:14:05:59 +0200] "POST /livezilla/server.php?intid=Zmw_&reset=true HTTP/1.1" 200 216 "http://chat.f-m-shop.de/livezilla/livezilla.php?intid=Zmw_&reset=true" "Mozilla/4.0 (compatible; MSIE 7.0; Windows NT 5.1; .NET CLR 2.0.50727; .NET CLR 1.1.4322; InfoPath.2; .NET CLR 3.0.4506.2152; .NET CLR 3.5.30729)"
192.168.10.34 - - [12/Apr/2010:14:05:52 +0200] "POST /livezilla/server.php?acid=04197 HTTP/1.1" 200 - "-" "LiveZilla 3.1.8.5 [http://www.livezilla.net]"
192.168.10.10 - - [12/Apr/2010:14:05:53 +0200] "POST /livezilla/server.php?acid=304b6 HTTP/1.1" 200 - "-" "LiveZilla 3.1.8.5 [http://www.livezilla.net]"
192.168.10.10 - - [12/Apr/2010:14:06:12 +0200] "GET /livezilla/server.php?request=track&start=1271073972996&browid=b8d66a9&url=aHR0cDovL2NoYXQuZi1tLXNob3AuZGUvbGl2ZXppbGxhLw&livezilla=27fe282&cd=32&rh=1024&rw=1280&rf=&tzo=2&code=U0VSVkVSUEFHRQ__&en=&ee=&ec=&dc=TGl2ZVppbGxhIFNlcnZlciBQYWdl&geo_rid=7 HTTP/1.1" 200 85 "http://chat.f-m-shop.de/livezilla/" "Mozilla/5.0 (Windows; U; Windows NT 5.1; de; rv:1.9.1.9) Gecko/20100315 Firefox/3.5.9 (.NET CLR 3.5.30729)"
192.168.10.34 - - [12/Apr/2010:14:06:15 +0200] "POST /livezilla/server.php?acid=64ad5 HTTP/1.1" 200 1443 "-" "LiveZilla 3.1.8.5 [http://www.livezilla.net]"
192.168.10.10 - - [12/Apr/2010:14:06:15 +0200] "POST /livezilla/server.php?acid=30ca1 HTTP/1.1" 200 1443 "-" "LiveZilla 3.1.8.5 [http://www.livezilla.net]"
192.168.10.34 - - [12/Apr/2010:14:06:15 +0200] "POST /livezilla/server.php?acid=bf781 HTTP/1.1" 200 1447 "-" "LiveZilla 3.1.8.5 [http://www.livezilla.net]"
192.168.10.10 - - [12/Apr/2010:14:06:24 +0200] "POST /livezilla/server.php?intid=Zmw_&reset=true HTTP/1.1" 200 216 "http://chat.f-m-shop.de/livezilla/livezilla.php?intid=Zmw_&reset=true" "Mozilla/4.0 (compatible; MSIE 7.0; Windows NT 5.1; .NET CLR 2.0.50727; .NET CLR 1.1.4322; InfoPath.2; .NET CLR 3.0.4506.2152; .NET CLR 3.5.30729)"
192.168.10.34 - - [12/Apr/2010:14:06:19 +0200] "POST /livezilla/server.php?acid=e87ac HTTP/1.1" 200 188 "-" "LiveZilla 3.1.8.5 [http://www.livezilla.net]"
192.168.10.10 - - [12/Apr/2010:14:06:20 +0200] "POST /livezilla/server.php?acid=cf99c HTTP/1.1" 200 188 "-" "LiveZilla 3.1.8.5 [http://www.livezilla.net]"
192.168.10.10 - - [12/Apr/2010:14:06:47 +0200] "GET /livezilla/server.php?request=track&start=1271074007978&browid=b8d66a9&url=aHR0cDovL2NoYXQuZi1tLXNob3AuZGUvbGl2ZXppbGxhLw&livezilla=27fe282&cd=32&rh=1024&rw=1280&rf=&tzo=2&code=U0VSVkVSUEFHRQ__&en=&ee=&ec=&dc=TGl2ZVppbGxhIFNlcnZlciBQYWdl&geo_rid=7 HTTP/1.1" 200 85 "http://chat.f-m-shop.de/livezilla/" "Mozilla/5.0 (Windows; U; Windows NT 5.1; de; rv:1.9.1.9) Gecko/20100315 Firefox/3.5.9 (.NET CLR 3.5.30729)"
192.168.10.10 - - [12/Apr/2010:14:06:49 +0200] "POST /livezilla/server.php?intid=Zmw_&reset=true HTTP/1.1" 200 216 "http://chat.f-m-shop.de/livezilla/livezilla.php?intid=Zmw_&reset=true" "Mozilla/4.0 (compatible; MSIE 7.0; Windows NT 5.1; .NET CLR 2.0.50727; .NET CLR 1.1.4322; InfoPath.2; .NET CLR 3.0.4506.2152; .NET CLR 3.5.30729)"
192.168.10.34 - - [12/Apr/2010:14:06:41 +0200] "POST /livezilla/server.php?acid=a7eae HTTP/1.1" 200 - "-" "LiveZilla 3.1.8.5 [http://www.livezilla.net]"
192.168.10.10 - - [12/Apr/2010:14:06:42 +0200] "POST /livezilla/server.php?acid=5cb07 HTTP/1.1" 200 - "-" "LiveZilla 3.1.8.5 [http://www.livezilla.net]"
192.168.10.17 - - [12/Apr/2010:14:07:06 +0200] "GET /livezilla/index.php?action=addserver HTTP/1.1" 200 725 "-" "Mozilla/4.0 (compatible; MSIE 8.0; Windows NT 5.1; Trident/4.0; .NET CLR 2.0.50727; .NET CLR 3.0.04506.648; .NET CLR 3.5.21022; InfoPath.2; MS-RTC LM 8; .NET CLR 3.0.4506.2152; .NET CLR 3.5.30729)"
192.168.10.17 - - [12/Apr/2010:14:07:06 +0200] "GET /livezilla/templates/style.css HTTP/1.1" 200 9496 "http://chat.f-m-shop.de/livezilla/index.php?action=addserver" "Mozilla/4.0 (compatible; MSIE 8.0; Windows NT 5.1; Trident/4.0; .NET CLR 2.0.50727; .NET CLR 3.0.04506.648; .NET CLR 3.5.21022; InfoPath.2; MS-RTC LM 8; .NET CLR 3.0.4506.2152; .NET CLR 3.5.30729)"
192.168.10.17 - - [12/Apr/2010:14:07:06 +0200] "GET /livezilla/images/lz_button_wide.gif HTTP/1.1" 200 905 "http://chat.f-m-shop.de/livezilla/index.php?action=addserver" "Mozilla/4.0 (compatible; MSIE 8.0; Windows NT 5.1; Trident/4.0; .NET CLR 2.0.50727; .NET CLR 3.0.04506.648; .NET CLR 3.5.21022; InfoPath.2; MS-RTC LM 8; .NET CLR 3.0.4506.2152; .NET CLR 3.5.30729)"
192.168.10.10 - - [12/Apr/2010:14:07:14 +0200] "POST /livezilla/server.php?intid=Zmw_&reset=true HTTP/1.1" 200 216 "http://chat.f-m-shop.de/livezilla/livezilla.php?intid=Zmw_&reset=true" "Mozilla/4.0 (compatible; MSIE 7.0; Windows NT 5.1; .NET CLR 2.0.50727; .NET CLR 1.1.4322; InfoPath.2; .NET CLR 3.0.4506.2152; .NET CLR 3.5.30729)"
192.168.10.34 - - [12/Apr/2010:14:07:04 +0200] "POST /livezilla/server.php?acid=9ffca HTTP/1.1" 200 - "-" "LiveZilla 3.1.8.5 [http://www.livezilla.net]"
192.168.10.10 - - [12/Apr/2010:14:07:04 +0200] "POST /livezilla/server.php?acid=7588d HTTP/1.1" 200 - "-" "LiveZilla 3.1.8.5 [http://www.livezilla.net]"
192.168.10.10 - - [12/Apr/2010:14:07:22 +0200] "GET /livezilla/server.php?request=track&start=1271074042977&browid=b8d66a9&url=aHR0cDovL2NoYXQuZi1tLXNob3AuZGUvbGl2ZXppbGxhLw&livezilla=27fe282&cd=32&rh=1024&rw=1280&rf=&tzo=2&code=U0VSVkVSUEFHRQ__&en=&ee=&ec=&dc=TGl2ZVppbGxhIFNlcnZlciBQYWdl&geo_rid=7 HTTP/1.1" 200 85 "http://chat.f-m-shop.de/livezilla/" "Mozilla/5.0 (Windows; U; Windows NT 5.1; de; rv:1.9.1.9) Gecko/20100315 Firefox/3.5.9 (.NET CLR 3.5.30729)"
192.168.10.17 - - [12/Apr/2010:14:07:31 +0200] "POST /livezilla/server.php?acid=0dc94 HTTP/1.1" 200 6336 "-" "-"
192.168.10.34 - - [12/Apr/2010:14:07:26 +0200] "POST /livezilla/server.php?acid=b28f5 HTTP/1.1" 200 1467 "-" "LiveZilla 3.1.8.5 [http://www.livezilla.net]"
192.168.10.10 - - [12/Apr/2010:14:07:26 +0200] "POST /livezilla/server.php?acid=b79ab HTTP/1.1" 200 1467 "-" "LiveZilla 3.1.8.5 [http://www.livezilla.net]"
192.168.10.17 - - [12/Apr/2010:14:07:33 +0200] "GET /livezilla//setup/ HTTP/1.1" 404 - "-" "-"
192.168.10.17 - - [12/Apr/2010:14:07:38 +0200] "POST /livezilla/server.php?acid=e6de6 HTTP/1.1" 200 6336 "-" "-"
192.168.10.10 - - [12/Apr/2010:14:07:40 +0200] "POST /livezilla/server.php?intid=Zmw_&reset=true HTTP/1.1" 200 216 "http://chat.f-m-shop.de/livezilla/livezilla.php?intid=Zmw_&reset=true" "Mozilla/4.0 (compatible; MSIE 7.0; Windows NT 5.1; .NET CLR 2.0.50727; .NET CLR 1.1.4322; InfoPath.2; .NET CLR 3.0.4506.2152; .NET CLR 3.5.30729)"
192.168.10.34 - - [12/Apr/2010:14:07:36 +0200] "POST /livezilla/server.php?acid=a6429 HTTP/1.1" 200 188 "-" "LiveZilla 3.1.8.5 [http://www.livezilla.net]"
192.168.10.10 - - [12/Apr/2010:14:07:37 +0200] "POST /livezilla/server.php?acid=5bfa8 HTTP/1.1" 200 188 "-" "LiveZilla 3.1.8.5 [http://www.livezilla.net]"
192.168.10.10 - - [12/Apr/2010:14:07:57 +0200] "GET /livezilla/server.php?request=track&start=1271074077977&browid=b8d66a9&url=aHR0cDovL2NoYXQuZi1tLXNob3AuZGUvbGl2ZXppbGxhLw&livezilla=27fe282&cd=32&rh=1024&rw=1280&rf=&tzo=2&code=U0VSVkVSUEFHRQ__&en=&ee=&ec=&dc=TGl2ZVppbGxhIFNlcnZlciBQYWdl&geo_rid=7 HTTP/1.1" 200 85 "http://chat.f-m-shop.de/livezilla/" "Mozilla/5.0 (Windows; U; Windows NT 5.1; de; rv:1.9.1.9) Gecko/20100315 Firefox/3.5.9 (.NET CLR 3.5.30729)"
192.168.10.10 - - [12/Apr/2010:14:08:05 +0200] "POST /livezilla/server.php?intid=Zmw_&reset=true HTTP/1.1" 200 216 "http://chat.f-m-shop.de/livezilla/livezilla.php?intid=Zmw_&reset=true" "Mozilla/4.0 (compatible; MSIE 7.0; Windows NT 5.1; .NET CLR 2.0.50727; .NET CLR 1.1.4322; InfoPath.2; .NET CLR 3.0.4506.2152; .NET CLR 3.5.30729)"
192.168.10.10 - - [12/Apr/2010:14:08:12 +0200] "POST /livezilla/server.php?acid=91061 HTTP/1.1" 200 161 "-" "-"
192.168.10.10 - - [12/Apr/2010:14:08:12 +0200] "POST /livezilla/server.php?acid=5504c HTTP/1.1" 200 161 "-" "-"
192.168.10.10 - - [12/Apr/2010:14:08:12 +0200] "POST /livezilla/server.php?acid=d6a54 HTTP/1.1" 200 161 "-" "-"
192.168.10.34 - - [12/Apr/2010:14:07:58 +0200] "POST /livezilla/server.php?acid=e8a9c HTTP/1.1" 200 2383 "-" "LiveZilla 3.1.8.5 [http://www.livezilla.net]"
192.168.10.10 - - [12/Apr/2010:14:07:59 +0200] "POST /livezilla/server.php?acid=f26f7 HTTP/1.1" 200 2383 "-" "LiveZilla 3.1.8.5 [http://www.livezilla.net]"
192.168.10.10 - - [12/Apr/2010:14:08:30 +0200] "POST /livezilla/server.php?intid=Zmw_&reset=true HTTP/1.1" 200 216 "http://chat.f-m-shop.de/livezilla/livezilla.php?intid=Zmw_&reset=true" "Mozilla/4.0 (compatible; MSIE 7.0; Windows NT 5.1; .NET CLR 2.0.50727; .NET CLR 1.1.4322; InfoPath.2; .NET CLR 3.0.4506.2152; .NET CLR 3.5.30729)"
192.168.10.10 - - [12/Apr/2010:14:08:32 +0200] "GET /livezilla/server.php?request=track&start=1271074112980&browid=b8d66a9&url=aHR0cDovL2NoYXQuZi1tLXNob3AuZGUvbGl2ZXppbGxhLw&livezilla=27fe282&cd=32&rh=1024&rw=1280&rf=&tzo=2&code=U0VSVkVSUEFHRQ__&en=&ee=&ec=&dc=TGl2ZVppbGxhIFNlcnZlciBQYWdl&geo_rid=7 HTTP/1.1" 200 85 "http://chat.f-m-shop.de/livezilla/" "Mozilla/5.0 (Windows; U; Windows NT 5.1; de; rv:1.9.1.9) Gecko/20100315 Firefox/3.5.9 (.NET CLR 3.5.30729)"
192.168.10.34 - - [12/Apr/2010:14:08:18 +0200] "POST /livezilla/server.php?acid=8cae3 HTTP/1.1" 200 188 "-" "LiveZilla 3.1.8.5 [http://www.livezilla.net]"
192.168.10.10 - - [12/Apr/2010:14:08:18 +0200] "POST /livezilla/server.php?acid=a2573 HTTP/1.1" 200 188 "-" "LiveZilla 3.1.8.5 [http://www.livezilla.net]"
192.168.10.10 - - [12/Apr/2010:14:08:55 +0200] "POST /livezilla/server.php?intid=Zmw_&reset=true HTTP/1.1" 200 216 "http://chat.f-m-shop.de/livezilla/livezilla.php?intid=Zmw_&reset=true" "Mozilla/4.0 (compatible; MSIE 7.0; Windows NT 5.1; .NET CLR 2.0.50727; .NET CLR 1.1.4322; InfoPath.2; .NET CLR 3.0.4506.2152; .NET CLR 3.5.30729)"
192.168.10.10 - - [12/Apr/2010:14:08:55 +0200] "POST /livezilla/server.php?acid=f8d7b HTTP/1.1" 200 161 "-" "-"
192.168.10.10 - - [12/Apr/2010:14:08:56 +0200] "POST /livezilla/server.php?acid=1b35f HTTP/1.1" 200 161 "-" "-"
192.168.10.10 - - [12/Apr/2010:14:08:56 +0200] "POST /livezilla/server.php?acid=30995 HTTP/1.1" 200 161 "-" "-"
192.168.10.34 - - [12/Apr/2010:14:08:40 +0200] "POST /livezilla/server.php?acid=d89ad HTTP/1.1" 200 2483 "-" "LiveZilla 3.1.8.5 [http://www.livezilla.net]"
192.168.10.10 - - [12/Apr/2010:14:08:40 +0200] "POST /livezilla/server.php?acid=45943 HTTP/1.1" 200 2483 "-" "LiveZilla 3.1.8.5 [http://www.livezilla.net]"
192.168.10.10 - - [12/Apr/2010:14:09:07 +0200] "GET /livezilla/server.php?request=track&start=1271074147976&browid=b8d66a9&url=aHR0cDovL2NoYXQuZi1tLXNob3AuZGUvbGl2ZXppbGxhLw&livezilla=27fe282&cd=32&rh=1024&rw=1280&rf=&tzo=2&code=U0VSVkVSUEFHRQ__&en=&ee=&ec=&dc=TGl2ZVppbGxhIFNlcnZlciBQYWdl&geo_rid=7 HTTP/1.1" 200 85 "http://chat.f-m-shop.de/livezilla/" "Mozilla/5.0 (Windows; U; Windows NT 5.1; de; rv:1.9.1.9) Gecko/20100315 Firefox/3.5.9 (.NET CLR 3.5.30729)"
192.168.10.34 - - [12/Apr/2010:14:09:02 +0200] "POST /livezilla/server.php?acid=45ed7 HTTP/1.1" 200 188 "-" "LiveZilla 3.1.8.5 [http://www.livezilla.net]"
192.168.10.10 - - [12/Apr/2010:14:09:20 +0200] "POST /livezilla/server.php?intid=Zmw_&reset=true HTTP/1.1" 200 216 "http://chat.f-m-shop.de/livezilla/livezilla.php?intid=Zmw_&reset=true" "Mozilla/4.0 (compatible; MSIE 7.0; Windows NT 5.1; .NET CLR 2.0.50727; .NET CLR 1.1.4322; InfoPath.2; .NET CLR 3.0.4506.2152; .NET CLR 3.5.30729)"
192.168.10.10 - - [12/Apr/2010:14:09:03 +0200] "POST /livezilla/server.php?acid=31a0f HTTP/1.1" 200 188 "-" "LiveZilla 3.1.8.5 [http://www.livezilla.net]"
192.168.10.10 - - [12/Apr/2010:14:09:30 +0200] "POST /livezilla/server.php?acid=f0d23 HTTP/1.1" 200 64154 "-" "LiveZilla 3.1.8.5 [http://www.livezilla.net]"
192.168.10.34 - - [12/Apr/2010:14:09:24 +0200] "POST /livezilla/server.php?acid=1bba9 HTTP/1.1" 200 1447 "-" "LiveZilla 3.1.8.5 [http://www.livezilla.net]"
192.168.10.10 - - [12/Apr/2010:14:09:25 +0200] "POST /livezilla/server.php?acid=4a5f7 HTTP/1.1" 200 1447 "-" "LiveZilla 3.1.8.5 [http://www.livezilla.net]"
192.168.10.10 - - [12/Apr/2010:14:09:43 +0200] "GET /livezilla/server.php?request=track&start=1271074182976&browid=b8d66a9&url=aHR0cDovL2NoYXQuZi1tLXNob3AuZGUvbGl2ZXppbGxhLw&livezilla=27fe282&cd=32&rh=1024&rw=1280&rf=&tzo=2&code=U0VSVkVSUEFHRQ__&en=&ee=&ec=&dc=TGl2ZVppbGxhIFNlcnZlciBQYWdl&geo_rid=7 HTTP/1.1" 200 85 "http://chat.f-m-shop.de/livezilla/" "Mozilla/5.0 (Windows; U; Windows NT 5.1; de; rv:1.9.1.9) Gecko/20100315 Firefox/3.5.9 (.NET CLR 3.5.30729)"
192.168.10.10 - - [12/Apr/2010:14:09:45 +0200] "POST /livezilla/server.php?acid=e4dc1 HTTP/1.1" 200 161 "-" "-"
192.168.10.10 - - [12/Apr/2010:14:09:45 +0200] "POST /livezilla/server.php?acid=2e04e HTTP/1.1" 200 161 "-" "-"
192.168.10.10 - - [12/Apr/2010:14:09:45 +0200] "POST /livezilla/server.php?intid=Zmw_&reset=true HTTP/1.1" 200 216 "http://chat.f-m-shop.de/livezilla/livezilla.php?intid=Zmw_&reset=true" "Mozilla/4.0 (compatible; MSIE 7.0; Windows NT 5.1; .NET CLR 2.0.50727; .NET CLR 1.1.4322; InfoPath.2; .NET CLR 3.0.4506.2152; .NET CLR 3.5.30729)"
192.168.10.10 - - [12/Apr/2010:14:09:45 +0200] "POST /livezilla/server.php?acid=7caf6 HTTP/1.1" 200 161 "-" "-"
192.168.10.34 - - [12/Apr/2010:14:09:41 +0200] "POST /livezilla/server.php?acid=6c829 HTTP/1.1" 200 1471 "-" "LiveZilla 3.1.8.5 [http://www.livezilla.net]"
192.168.10.10 - - [12/Apr/2010:14:09:41 +0200] "POST /livezilla/server.php?acid=5001a HTTP/1.1" 200 1471 "-" "LiveZilla 3.1.8.5 [http://www.livezilla.net]"
192.168.10.10 - - [12/Apr/2010:14:10:07 +0200] "POST /livezilla/server.php?acid=6461c HTTP/1.1" 200 184 "-" "LiveZilla 3.1.8.5 [http://www.livezilla.net]"
192.168.10.34 - - [12/Apr/2010:14:09:51 +0200] "POST /livezilla/server.php?acid=72197 HTTP/1.1" 200 188 "-" "LiveZilla 3.1.8.5 [http://www.livezilla.net]"
192.168.10.10 - - [12/Apr/2010:14:09:52 +0200] "POST /livezilla/server.php?acid=817f0 HTTP/1.1" 200 188 "-" "LiveZilla 3.1.8.5 [http://www.livezilla.net]"
192.168.10.10 - - [12/Apr/2010:14:10:11 +0200] "POST /livezilla/server.php?intid=Zmw_&reset=true HTTP/1.1" 200 216 "http://chat.f-m-shop.de/livezilla/livezilla.php?intid=Zmw_&reset=true" "Mozilla/4.0 (compatible; MSIE 7.0; Windows NT 5.1; .NET CLR 2.0.50727; .NET CLR 1.1.4322; InfoPath.2; .NET CLR 3.0.4506.2152; .NET CLR 3.5.30729)"
192.168.10.10 - - [12/Apr/2010:14:10:16 +0200] "POST /livezilla/server.php?acid=c05cb HTTP/1.1" 200 - "-" "LiveZilla 3.1.8.5 [http://www.livezilla.net]"
192.168.10.34 - - [12/Apr/2010:14:10:13 +0200] "POST /livezilla/server.php?acid=1d980 HTTP/1.1" 200 412 "-" "LiveZilla 3.1.8.5 [http://www.livezilla.net]"
192.168.10.34 - - [12/Apr/2010:14:10:16 +0200] "POST /livezilla/server.php?acid=bf000 HTTP/1.1" 200 184 "-" "LiveZilla 3.1.8.5 [http://www.livezilla.net]"
192.168.10.10 - - [12/Apr/2010:14:10:17 +0200] "GET /livezilla/server.php?request=track&start=1271074217975&browid=b8d66a9&url=aHR0cDovL2NoYXQuZi1tLXNob3AuZGUvbGl2ZXppbGxhLw&livezilla=27fe282&cd=32&rh=1024&rw=1280&rf=&tzo=2&code=U0VSVkVSUEFHRQ__&en=&ee=&ec=&dc=TGl2ZVppbGxhIFNlcnZlciBQYWdl&geo_rid=7 HTTP/1.1" 200 85 "http://chat.f-m-shop.de/livezilla/" "Mozilla/5.0 (Windows; U; Windows NT 5.1; de; rv:1.9.1.9) Gecko/20100315 Firefox/3.5.9 (.NET CLR 3.5.30729)"
192.168.10.10 - - [12/Apr/2010:14:10:11 +0200] "POST /livezilla/server.php?acid=7ab22 HTTP/1.1" 200 - "-" "LiveZilla 3.1.8.5 [http://www.livezilla.net]"
192.168.10.10 - - [12/Apr/2010:14:10:32 +0200] "POST /livezilla/server.php?acid=399f4 HTTP/1.1" 200 - "-" "LiveZilla 3.1.8.5 [http://www.livezilla.net]"
192.168.10.34 - - [12/Apr/2010:14:10:20 +0200] "POST /livezilla/server.php?acid=5b3f5 HTTP/1.1" 200 1471 "-" "LiveZilla 3.1.8.5 [http://www.livezilla.net]"
192.168.10.10 - - [12/Apr/2010:14:10:36 +0200] "POST /livezilla/server.php?intid=Zmw_&reset=true HTTP/1.1" 200 220 "http://chat.f-m-shop.de/livezilla/livezilla.php?intid=Zmw_&reset=true" "Mozilla/4.0 (compatible; MSIE 7.0; Windows NT 5.1; .NET CLR 2.0.50727; .NET CLR 1.1.4322; InfoPath.2; .NET CLR 3.0.4506.2152; .NET CLR 3.5.30729)"
192.168.10.10 - - [12/Apr/2010:14:10:52 +0200] "GET /livezilla/server.php?request=track&start=1271074252975&browid=b8d66a9&url=aHR0cDovL2NoYXQuZi1tLXNob3AuZGUvbGl2ZXppbGxhLw&livezilla=27fe282&cd=32&rh=1024&rw=1280&rf=&tzo=2&code=U0VSVkVSUEFHRQ__&en=&ee=&ec=&dc=TGl2ZVppbGxhIFNlcnZlciBQYWdl&geo_rid=7 HTTP/1.1" 200 85 "http://chat.f-m-shop.de/livezilla/" "Mozilla/5.0 (Windows; U; Windows NT 5.1; de; rv:1.9.1.9) Gecko/20100315 Firefox/3.5.9 (.NET CLR 3.5.30729)"
192.168.10.34 - - [12/Apr/2010:14:10:37 +0200] "POST /livezilla/server.php?acid=7f6bb HTTP/1.1" 200 188 "-" "LiveZilla 3.1.8.5 [http://www.livezilla.net]"
192.168.10.34 - - [12/Apr/2010:14:10:59 +0200] "POST /livezilla/server.php?acid=b77bb HTTP/1.1" 200 1467 "-" "LiveZilla 3.1.8.5 [http://www.livezilla.net]"
192.168.10.34 - - [12/Apr/2010:14:10:59 +0200] "POST /livezilla/server.php?acid=d887e HTTP/1.1" 200 1467 "-" "LiveZilla 3.1.8.5 [http://www.livezilla.net]"
192.168.10.10 - - [12/Apr/2010:14:11:02 +0200] "POST /livezilla/server.php?intid=Zmw_&reset=true HTTP/1.1" 200 216 "http://chat.f-m-shop.de/livezilla/livezilla.php?intid=Zmw_&reset=true" "Mozilla/4.0 (compatible; MSIE 7.0; Windows NT 5.1; .NET CLR 2.0.50727; .NET CLR 1.1.4322; InfoPath.2; .NET CLR 3.0.4506.2152; .NET CLR 3.5.30729)"
192.168.10.10 - - [12/Apr/2010:14:11:11 +0200] "POST /livezilla/server.php?acid=fc998 HTTP/1.1" 200 7727 "-" "-"
192.168.10.10 - - [12/Apr/2010:14:11:11 +0200] "POST /livezilla/server.php?acid=9f6ee HTTP/1.1" 200 2060 "-" "LiveZilla 3.1.8.5 [http://www.livezilla.net]"
192.168.10.10 - - [12/Apr/2010:14:11:11 +0200] "POST /livezilla/server.php?acid=aa015 HTTP/1.1" 200 184 "-" "LiveZilla 3.1.8.5 [http://www.livezilla.net]"
192.168.10.34 - - [12/Apr/2010:14:11:03 +0200] "POST /livezilla/server.php?acid=0337e HTTP/1.1" 200 1560 "-" "LiveZilla 3.1.8.5 [http://www.livezilla.net]"
192.168.10.10 - - [12/Apr/2010:14:11:27 +0200] "POST /livezilla/server.php?intid=Zmw_&reset=true HTTP/1.1" 200 216 "http://chat.f-m-shop.de/livezilla/livezilla.php?intid=Zmw_&reset=true" "Mozilla/4.0 (compatible; MSIE 7.0; Windows NT 5.1; .NET CLR 2.0.50727; .NET CLR 1.1.4322; InfoPath.2; .NET CLR 3.0.4506.2152; .NET CLR 3.5.30729)"
192.168.10.10 - - [12/Apr/2010:14:11:28 +0200] "GET /livezilla/server.php?request=track&start=1271074287975&browid=b8d66a9&url=aHR0cDovL2NoYXQuZi1tLXNob3AuZGUvbGl2ZXppbGxhLw&livezilla=27fe282&cd=32&rh=1024&rw=1280&rf=&tzo=2&code=U0VSVkVSUEFHRQ__&en=&ee=&ec=&dc=TGl2ZVppbGxhIFNlcnZlciBQYWdl&geo_rid=7 HTTP/1.1" 200 85 "http://chat.f-m-shop.de/livezilla/" "Mozilla/5.0 (Windows; U; Windows NT 5.1; de; rv:1.9.1.9) Gecko/20100315 Firefox/3.5.9 (.NET CLR 3.5.30729)"
192.168.10.10 - - [12/Apr/2010:14:11:15 +0200] "POST /livezilla/server.php?acid=fdc78 HTTP/1.1" 200 - "-" "LiveZilla 3.1.8.5 [http://www.livezilla.net]"
192.168.10.34 - - [12/Apr/2010:14:11:17 +0200] "POST /livezilla/server.php?acid=b8d5f HTTP/1.1" 200 188 "-" "LiveZilla 3.1.8.5 [http://www.livezilla.net]"
192.168.10.17 - - [12/Apr/2010:14:11:35 +0200] "POST /livezilla/server.php?acid=de20e HTTP/1.1" 200 7758 "-" "-"
192.168.10.10 - - [12/Apr/2010:14:11:38 +0200] "POST /livezilla/server.php?acid=8e56a HTTP/1.1" 200 1507 "-" "LiveZilla 3.1.8.5 [http://www.livezilla.net]"
192.168.10.34 - - [12/Apr/2010:14:11:39 +0200] "POST /livezilla/server.php?acid=d2015 HTTP/1.1" 200 1507 "-" "LiveZilla 3.1.8.5 [http://www.livezilla.net]"
192.168.10.17 - - [12/Apr/2010:14:11:45 +0200] "POST /livezilla/server.php?acid=628be HTTP/1.1" 200 - "-" "LiveZilla 3.1.8.5 [http://www.livezilla.net]"
192.168.10.17 - - [12/Apr/2010:14:11:48 +0200] "POST /livezilla/server.php?acid=ab7ec HTTP/1.1" 200 2080 "-" "LiveZilla 3.1.8.5 [http://www.livezilla.net]"
192.168.10.17 - - [12/Apr/2010:14:11:48 +0200] "POST /livezilla/server.php?acid=58886 HTTP/1.1" 200 184 "-" "LiveZilla 3.1.8.5 [http://www.livezilla.net]"
192.168.10.10 - - [12/Apr/2010:14:11:42 +0200] "POST /livezilla/server.php?acid=2e085 HTTP/1.1" 200 1615 "-" "LiveZilla 3.1.8.5 [http://www.livezilla.net]"
192.168.10.34 - - [12/Apr/2010:14:11:43 +0200] "POST /livezilla/server.php?acid=da36b HTTP/1.1" 200 1615 "-" "LiveZilla 3.1.8.5 [http://www.livezilla.net]"
192.168.10.17 - - [12/Apr/2010:14:11:52 +0200] "POST /livezilla/server.php?acid=25bb4 HTTP/1.1" 200 412 "-" "LiveZilla 3.1.8.5 [http://www.livezilla.net]"
192.168.10.10 - - [12/Apr/2010:14:11:53 +0200] "POST /livezilla/server.php?intid=Zmw_&reset=true HTTP/1.1" 200 216 "http://chat.f-m-shop.de/livezilla/livezilla.php?intid=Zmw_&reset=true" "Mozilla/4.0 (compatible; MSIE 7.0; Windows NT 5.1; .NET CLR 2.0.50727; .NET CLR 1.1.4322; InfoPath.2; .NET CLR 3.0.4506.2152; .NET CLR 3.5.30729)"
192.168.10.10 - - [12/Apr/2010:14:12:03 +0200] "GET /livezilla/server.php?request=track&start=1271074322974&browid=b8d66a9&url=aHR0cDovL2NoYXQuZi1tLXNob3AuZGUvbGl2ZXppbGxhLw&livezilla=27fe282&cd=32&rh=1024&rw=1280&rf=&tzo=2&code=U0VSVkVSUEFHRQ__&en=&ee=&ec=&dc=TGl2ZVppbGxhIFNlcnZlciBQYWdl&geo_rid=7 HTTP/1.1" 200 85 "http://chat.f-m-shop.de/livezilla/" "Mozilla/5.0 (Windows; U; Windows NT 5.1; de; rv:1.9.1.9) Gecko/20100315 Firefox/3.5.9 (.NET CLR 3.5.30729)"
192.168.10.10 - - [12/Apr/2010:14:11:52 +0200] "POST /livezilla/server.php?acid=b32e7 HTTP/1.1" 200 188 "-" "LiveZilla 3.1.8.5 [http://www.livezilla.net]"
192.168.10.34 - - [12/Apr/2010:14:11:54 +0200] "POST /livezilla/server.php?acid=55d66 HTTP/1.1" 200 188 "-" "LiveZilla 3.1.8.5 [http://www.livezilla.net]"
192.168.10.17 - - [12/Apr/2010:14:11:56 +0200] "POST /livezilla/server.php?acid=37279 HTTP/1.1" 200 188 "-" "LiveZilla 3.1.8.5 [http://www.livezilla.net]"
192.168.10.10 - - [12/Apr/2010:14:12:19 +0200] "POST /livezilla/server.php?intid=Zmw_&reset=true HTTP/1.1" 200 216 "http://chat.f-m-shop.de/livezilla/livezilla.php?intid=Zmw_&reset=true" "Mozilla/4.0 (compatible; MSIE 7.0; Windows NT 5.1; .NET CLR 2.0.50727; .NET CLR 1.1.4322; InfoPath.2; .NET CLR 3.0.4506.2152; .NET CLR 3.5.30729)"
192.168.10.10 - - [12/Apr/2010:14:12:15 +0200] "POST /livezilla/server.php?acid=24468 HTTP/1.1" 200 1491 "-" "LiveZilla 3.1.8.5 [http://www.livezilla.net]"
192.168.10.17 - - [12/Apr/2010:14:12:18 +0200] "POST /livezilla/server.php?acid=a54be HTTP/1.1" 200 1491 "-" "LiveZilla 3.1.8.5 [http://www.livezilla.net]"
192.168.10.34 - - [12/Apr/2010:14:12:16 +0200] "POST /livezilla/server.php?acid=578bc HTTP/1.1" 200 1491 "-" "LiveZilla 3.1.8.5 [http://www.livezilla.net]"
192.168.10.10 - - [12/Apr/2010:14:12:38 +0200] "GET /livezilla/server.php?request=track&start=1271074357993&browid=b8d66a9&url=aHR0cDovL2NoYXQuZi1tLXNob3AuZGUvbGl2ZXppbGxhLw&livezilla=27fe282&cd=32&rh=1024&rw=1280&rf=&tzo=2&code=U0VSVkVSUEFHRQ__&en=&ee=&ec=&dc=TGl2ZVppbGxhIFNlcnZlciBQYWdl&geo_rid=7 HTTP/1.1" 200 85 "http://chat.f-m-shop.de/livezilla/" "Mozilla/5.0 (Windows; U; Windows NT 5.1; de; rv:1.9.1.9) Gecko/20100315 Firefox/3.5.9 (.NET CLR 3.5.30729)"
192.168.10.10 - - [12/Apr/2010:14:12:45 +0200] "POST /livezilla/server.php?intid=Zmw_&reset=true HTTP/1.1" 200 216 "http://chat.f-m-shop.de/livezilla/livezilla.php?intid=Zmw_&reset=true" "Mozilla/4.0 (compatible; MSIE 7.0; Windows NT 5.1; .NET CLR 2.0.50727; .NET CLR 1.1.4322; InfoPath.2; .NET CLR 3.0.4506.2152; .NET CLR 3.5.30729)"
192.168.10.17 - - [12/Apr/2010:14:12:47 +0200] "POST /livezilla/server.php?acid=ed5ff HTTP/1.1" 200 1487 "-" "LiveZilla 3.1.8.5 [http://www.livezilla.net]"
192.168.10.10 - - [12/Apr/2010:14:12:34 +0200] "POST /livezilla/server.php?acid=c05f3 HTTP/1.1" 200 1491 "-" "LiveZilla 3.1.8.5 [http://www.livezilla.net]"
192.168.10.17 - - [12/Apr/2010:14:12:35 +0200] "POST /livezilla/server.php?acid=2ede9 HTTP/1.1" 200 1491 "-" "LiveZilla 3.1.8.5 [http://www.livezilla.net]"
192.168.10.34 - - [12/Apr/2010:14:12:35 +0200] "POST /livezilla/server.php?acid=4511c HTTP/1.1" 200 1491 "-" "LiveZilla 3.1.8.5 [http://www.livezilla.net]"
192.168.10.17 - - [12/Apr/2010:14:12:51 +0200] "POST /livezilla/server.php?acid=44601 HTTP/1.1" 200 188 "-" "LiveZilla 3.1.8.5 [http://www.livezilla.net]"
192.168.10.10 - - [12/Apr/2010:14:13:10 +0200] "POST /livezilla/server.php?intid=Zmw_&reset=true HTTP/1.1" 200 216 "http://chat.f-m-shop.de/livezilla/livezilla.php?intid=Zmw_&reset=true" "Mozilla/4.0 (compatible; MSIE 7.0; Windows NT 5.1; .NET CLR 2.0.50727; .NET CLR 1.1.4322; InfoPath.2; .NET CLR 3.0.4506.2152; .NET CLR 3.5.30729)"
192.168.10.10 - - [12/Apr/2010:14:12:53 +0200] "POST /livezilla/server.php?acid=6f3b6 HTTP/1.1" 200 188 "-" "LiveZilla 3.1.8.5 [http://www.livezilla.net]"
192.168.10.34 - - [12/Apr/2010:14:12:54 +0200] "POST /livezilla/server.php?acid=1903e HTTP/1.1" 200 188 "-" "LiveZilla 3.1.8.5 [http://www.livezilla.net]"
192.168.10.10 - - [12/Apr/2010:14:13:13 +0200] "GET /livezilla/server.php?request=track&start=1271074392988&browid=b8d66a9&url=aHR0cDovL2NoYXQuZi1tLXNob3AuZGUvbGl2ZXppbGxhLw&livezilla=27fe282&cd=32&rh=1024&rw=1280&rf=&tzo=2&code=U0VSVkVSUEFHRQ__&en=&ee=&ec=&dc=TGl2ZVppbGxhIFNlcnZlciBQYWdl&geo_rid=7 HTTP/1.1" 200 85 "http://chat.f-m-shop.de/livezilla/" "Mozilla/5.0 (Windows; U; Windows NT 5.1; de; rv:1.9.1.9) Gecko/20100315 Firefox/3.5.9 (.NET CLR 3.5.30729)"
192.168.10.17 - - [12/Apr/2010:14:13:21 +0200] "GET /livezilla/livezilla.php?intid=Zmw_&reset=true HTTP/1.1" 200 90159 "-" "Mozilla/4.0 (compatible; MSIE 8.0; Windows NT 5.1; Trident/4.0; .NET CLR 2.0.50727; .NET CLR 3.0.04506.648; .NET CLR 3.5.21022; InfoPath.2; MS-RTC LM 8; .NET CLR 3.0.4506.2152; .NET CLR 3.5.30729)"
192.168.10.17 - - [12/Apr/2010:14:13:21 +0200] "GET /livezilla/templates/style.css HTTP/1.1" 304 - "http://chat.f-m-shop.de/livezilla/livezilla.php?intid=Zmw_&reset=true" "Mozilla/4.0 (compatible; MSIE 8.0; Windows NT 5.1; Trident/4.0; .NET CLR 2.0.50727; .NET CLR 3.0.04506.648; .NET CLR 3.5.21022; InfoPath.2; MS-RTC LM 8; .NET CLR 3.0.4506.2152; .NET CLR 3.5.30729)"
192.168.10.17 - - [12/Apr/2010:14:13:22 +0200] "GET /livezilla/livezilla.php?template=lz_chat_frame.0.2 HTTP/1.1" 200 321 "http://chat.f-m-shop.de/livezilla/livezilla.php?intid=Zmw_&reset=true" "Mozilla/4.0 (compatible; MSIE 8.0; Windows NT 5.1; Trident/4.0; .NET CLR 2.0.50727; .NET CLR 3.0.04506.648; .NET CLR 3.5.21022; InfoPath.2; MS-RTC LM 8; .NET CLR 3.0.4506.2152; .NET CLR 3.5.30729)"
192.168.10.17 - - [12/Apr/2010:14:13:21 +0200] "GET /livezilla/livezilla.php?template=lz_chat_frame.0.0 HTTP/1.1" 200 338 "http://chat.f-m-shop.de/livezilla/livezilla.php?intid=Zmw_&reset=true" "Mozilla/4.0 (compatible; MSIE 8.0; Windows NT 5.1; Trident/4.0; .NET CLR 2.0.50727; .NET CLR 3.0.04506.648; .NET CLR 3.5.21022; InfoPath.2; MS-RTC LM 8; .NET CLR 3.0.4506.2152; .NET CLR 3.5.30729)"
192.168.10.17 - - [12/Apr/2010:14:13:22 +0200] "GET /livezilla/livezilla.php?template=lz_chat_frame.3.2.login&intid=Zmw_&reset=true HTTP/1.1" 200 1126 "http://chat.f-m-shop.de/livezilla/livezilla.php?intid=Zmw_&reset=true" "Mozilla/4.0 (compatible; MSIE 8.0; Windows NT 5.1; Trident/4.0; .NET CLR 2.0.50727; .NET CLR 3.0.04506.648; .NET CLR 3.5.21022; InfoPath.2; MS-RTC LM 8; .NET CLR 3.0.4506.2152; .NET CLR 3.5.30729)"
192.168.10.17 - - [12/Apr/2010:14:13:21 +0200] "GET /livezilla/livezilla.php?template=lz_chat_frame.0.1 HTTP/1.1" 200 343 "http://chat.f-m-shop.de/livezilla/livezilla.php?intid=Zmw_&reset=true" "Mozilla/4.0 (compatible; MSIE 8.0; Windows NT 5.1; Trident/4.0; .NET CLR 2.0.50727; .NET CLR 3.0.04506.648; .NET CLR 3.5.21022; InfoPath.2; MS-RTC LM 8; .NET CLR 3.0.4506.2152; .NET CLR 3.5.30729)"
192.168.10.17 - - [12/Apr/2010:14:13:21 +0200] "GET /livezilla/livezilla.php?template=lz_chat_frame.1.0 HTTP/1.1" 200 344 "http://chat.f-m-shop.de/livezilla/livezilla.php?intid=Zmw_&reset=true" "Mozilla/4.0 (compatible; MSIE 8.0; Windows NT 5.1; Trident/4.0; .NET CLR 2.0.50727; .NET CLR 3.0.04506.648; .NET CLR 3.5.21022; InfoPath.2; MS-RTC LM 8; .NET CLR 3.0.4506.2152; .NET CLR 3.5.30729)"
192.168.10.17 - - [12/Apr/2010:14:13:22 +0200] "GET /livezilla/livezilla.php?template=lz_chat_frame.1.2 HTTP/1.1" 200 345 "http://chat.f-m-shop.de/livezilla/livezilla.php?intid=Zmw_&reset=true" "Mozilla/4.0 (compatible; MSIE 8.0; Windows NT 5.1; Trident/4.0; .NET CLR 2.0.50727; .NET CLR 3.0.04506.648; .NET CLR 3.5.21022; InfoPath.2; MS-RTC LM 8; .NET CLR 3.0.4506.2152; .NET CLR 3.5.30729)"
192.168.10.17 - - [12/Apr/2010:14:13:22 +0200] "GET /livezilla/livezilla.php?template=lz_chat_frame.1.1&intid=Zmw_&reset=true HTTP/1.1" 200 2407 "http://chat.f-m-shop.de/livezilla/livezilla.php?intid=Zmw_&reset=true" "Mozilla/4.0 (compatible; MSIE 8.0; Windows NT 5.1; Trident/4.0; .NET CLR 2.0.50727; .NET CLR 3.0.04506.648; .NET CLR 3.5.21022; InfoPath.2; MS-RTC LM 8; .NET CLR 3.0.4506.2152; .NET CLR 3.5.30729)"
192.168.10.17 - - [12/Apr/2010:14:13:22 +0200] "GET /livezilla/livezilla.php?template=lz_chat_frame.4.1 HTTP/1.1" 200 578 "http://chat.f-m-shop.de/livezilla/livezilla.php?intid=Zmw_&reset=true" "Mozilla/4.0 (compatible; MSIE 8.0; Windows NT 5.1; Trident/4.0; .NET CLR 2.0.50727; .NET CLR 3.0.04506.648; .NET CLR 3.5.21022; InfoPath.2; MS-RTC LM 8; .NET CLR 3.0.4506.2152; .NET CLR 3.5.30729)"
192.168.10.17 - - [12/Apr/2010:14:13:22 +0200] "GET /livezilla/livezilla.php?template=lz_chat_frame.2.2 HTTP/1.1" 200 345 "http://chat.f-m-shop.de/livezilla/livezilla.php?intid=Zmw_&reset=true" "Mozilla/4.0 (compatible; MSIE 8.0; Windows NT 5.1; Trident/4.0; .NET CLR 2.0.50727; .NET CLR 3.0.04506.648; .NET CLR 3.5.21022; InfoPath.2; MS-RTC LM 8; .NET CLR 3.0.4506.2152; .NET CLR 3.5.30729)"
192.168.10.17 - - [12/Apr/2010:14:13:23 +0200] "GET /livezilla/livezilla.php?template=lz_chat_frame.5.1 HTTP/1.1" 200 345 "http://chat.f-m-shop.de/livezilla/livezilla.php?intid=Zmw_&reset=true" "Mozilla/4.0 (compatible; MSIE 8.0; Windows NT 5.1; Trident/4.0; .NET CLR 2.0.50727; .NET CLR 3.0.04506.648; .NET CLR 3.5.21022; InfoPath.2; MS-RTC LM 8; .NET CLR 3.0.4506.2152; .NET CLR 3.5.30729)"
192.168.10.17 - - [12/Apr/2010:14:13:23 +0200] "GET /livezilla/livezilla.php?template=lz_chat_frame.3.0 HTTP/1.1" 200 321 "http://chat.f-m-shop.de/livezilla/livezilla.php?intid=Zmw_&reset=true" "Mozilla/4.0 (compatible; MSIE 8.0; Windows NT 5.1; Trident/4.0; .NET CLR 2.0.50727; .NET CLR 3.0.04506.648; .NET CLR 3.5.21022; InfoPath.2; MS-RTC LM 8; .NET CLR 3.0.4506.2152; .NET CLR 3.5.30729)"
192.168.10.17 - - [12/Apr/2010:14:13:24 +0200] "GET /livezilla/images/carrier_logo.gif HTTP/1.1" 404 - "http://chat.f-m-shop.de/livezilla/livezilla.php?template=lz_chat_frame.1.1&intid=Zmw_&reset=true" "Mozilla/4.0 (compatible; MSIE 8.0; Windows NT 5.1; Trident/4.0; .NET CLR 2.0.50727; .NET CLR 3.0.04506.648; .NET CLR 3.5.21022; InfoPath.2; MS-RTC LM 8; .NET CLR 3.0.4506.2152; .NET CLR 3.5.30729)"
192.168.10.17 - - [12/Apr/2010:14:13:24 +0200] "GET /livezilla/images/icon_typing.gif HTTP/1.1" 200 1106 "http://chat.f-m-shop.de/livezilla/livezilla.php?template=lz_chat_frame.1.1&intid=Zmw_&reset=true" "Mozilla/4.0 (compatible; MSIE 8.0; Windows NT 5.1; Trident/4.0; .NET CLR 2.0.50727; .NET CLR 3.0.04506.648; .NET CLR 3.5.21022; InfoPath.2; MS-RTC LM 8; .NET CLR 3.0.4506.2152; .NET CLR 3.5.30729)"
192.168.10.17 - - [12/Apr/2010:14:13:22 +0200] "GET /livezilla/livezilla.php?template=lz_chat_frame.2.0 HTTP/1.1" 200 344 "http://chat.f-m-shop.de/livezilla/livezilla.php?intid=Zmw_&reset=true" "Mozilla/4.0 (compatible; MSIE 8.0; Windows NT 5.1; Trident/4.0; .NET CLR 2.0.50727; .NET CLR 3.0.04506.648; .NET CLR 3.5.21022; InfoPath.2; MS-RTC LM 8; .NET CLR 3.0.4506.2152; .NET CLR 3.5.30729)"
192.168.10.17 - - [12/Apr/2010:14:13:24 +0200] "GET /livezilla/intern_images/nopic.jpg HTTP/1.1" 200 3599 "http://chat.f-m-shop.de/livezilla/livezilla.php?template=lz_chat_frame.1.1&intid=Zmw_&reset=true" "Mozilla/4.0 (compatible; MSIE 8.0; Windows NT 5.1; Trident/4.0; .NET CLR 2.0.50727; .NET CLR 3.0.04506.648; .NET CLR 3.5.21022; InfoPath.2; MS-RTC LM 8; .NET CLR 3.0.4506.2152; .NET CLR 3.5.30729)"
192.168.10.17 - - [12/Apr/2010:14:13:24 +0200] "GET /livezilla/images/icon_vcard.gif HTTP/1.1" 200 559 "http://chat.f-m-shop.de/livezilla/livezilla.php?template=lz_chat_frame.1.1&intid=Zmw_&reset=true" "Mozilla/4.0 (compatible; MSIE 8.0; Windows NT 5.1; Trident/4.0; .NET CLR 2.0.50727; .NET CLR 3.0.04506.648; .NET CLR 3.5.21022; InfoPath.2; MS-RTC LM 8; .NET CLR 3.0.4506.2152; .NET CLR 3.5.30729)"
192.168.10.17 - - [12/Apr/2010:14:13:24 +0200] "GET /livezilla/images/lz_rep_bg_left.gif HTTP/1.1" 200 593 "http://chat.f-m-shop.de/livezilla/livezilla.php?template=lz_chat_frame.1.1&intid=Zmw_&reset=true" "Mozilla/4.0 (compatible; MSIE 8.0; Windows NT 5.1; Trident/4.0; .NET CLR 2.0.50727; .NET CLR 3.0.04506.648; .NET CLR 3.5.21022; InfoPath.2; MS-RTC LM 8; .NET CLR 3.0.4506.2152; .NET CLR 3.5.30729)"
192.168.10.17 - - [12/Apr/2010:14:13:24 +0200] "GET /livezilla/images/lz_rep_bg.gif HTTP/1.1" 200 320 "http://chat.f-m-shop.de/livezilla/livezilla.php?template=lz_chat_frame.1.1&intid=Zmw_&reset=true" "Mozilla/4.0 (compatible; MSIE 8.0; Windows NT 5.1; Trident/4.0; .NET CLR 2.0.50727; .NET CLR 3.0.04506.648; .NET CLR 3.5.21022; InfoPath.2; MS-RTC LM 8; .NET CLR 3.0.4506.2152; .NET CLR 3.5.30729)"
192.168.10.17 - - [12/Apr/2010:14:13:24 +0200] "GET /livezilla/images/chat_bg_footer.gif HTTP/1.1" 200 194 "http://chat.f-m-shop.de/livezilla/livezilla.php?template=lz_chat_frame.4.1" "Mozilla/4.0 (compatible; MSIE 8.0; Windows NT 5.1; Trident/4.0; .NET CLR 2.0.50727; .NET CLR 3.0.04506.648; .NET CLR 3.5.21022; InfoPath.2; MS-RTC LM 8; .NET CLR 3.0.4506.2152; .NET CLR 3.5.30729)"
192.168.10.17 - - [12/Apr/2010:14:13:24 +0200] "GET /livezilla/images/lz_rep_bg_right.gif HTTP/1.1" 200 590 "http://chat.f-m-shop.de/livezilla/livezilla.php?template=lz_chat_frame.1.1&intid=Zmw_&reset=true" "Mozilla/4.0 (compatible; MSIE 8.0; Windows NT 5.1; Trident/4.0; .NET CLR 2.0.50727; .NET CLR 3.0.04506.648; .NET CLR 3.5.21022; InfoPath.2; MS-RTC LM 8; .NET CLR 3.0.4506.2152; .NET CLR 3.5.30729)"
192.168.10.17 - - [12/Apr/2010:14:13:24 +0200] "GET /livezilla/images/lz_header.gif HTTP/1.1" 200 7285 "http://chat.f-m-shop.de/livezilla/livezilla.php?template=lz_chat_frame.1.1&intid=Zmw_&reset=true" "Mozilla/4.0 (compatible; MSIE 8.0; Windows NT 5.1; Trident/4.0; .NET CLR 2.0.50727; .NET CLR 3.0.04506.648; .NET CLR 3.5.21022; InfoPath.2; MS-RTC LM 8; .NET CLR 3.0.4506.2152; .NET CLR 3.5.30729)"
192.168.10.17 - - [12/Apr/2010:14:13:23 +0200] "GET /livezilla/livezilla.php?template=lz_chat_frame.3.2.login.0.0 HTTP/1.1" 200 1427 "http://chat.f-m-shop.de/livezilla/livezilla.php?template=lz_chat_frame.3.2.login&intid=Zmw_&reset=true" "Mozilla/4.0 (compatible; MSIE 8.0; Windows NT 5.1; Trident/4.0; .NET CLR 2.0.50727; .NET CLR 3.0.04506.648; .NET CLR 3.5.21022; InfoPath.2; MS-RTC LM 8; .NET CLR 3.0.4506.2152; .NET CLR 3.5.30729)"
192.168.10.17 - - [12/Apr/2010:14:13:24 +0200] "GET /livezilla/images/chat_bg_navigation_left.gif HTTP/1.1" 200 1078 "http://chat.f-m-shop.de/livezilla/livezilla.php?template=lz_chat_frame.3.2.login.0.0" "Mozilla/4.0 (compatible; MSIE 8.0; Windows NT 5.1; Trident/4.0; .NET CLR 2.0.50727; .NET CLR 3.0.04506.648; .NET CLR 3.5.21022; InfoPath.2; MS-RTC LM 8; .NET CLR 3.0.4506.2152; .NET CLR 3.5.30729)"
192.168.10.17 - - [12/Apr/2010:14:13:24 +0200] "GET /livezilla/images/chat_bg_navigation_dev.gif HTTP/1.1" 200 367 "http://chat.f-m-shop.de/livezilla/livezilla.php?template=lz_chat_frame.3.2.login.0.0" "Mozilla/4.0 (compatible; MSIE 8.0; Windows NT 5.1; Trident/4.0; .NET CLR 2.0.50727; .NET CLR 3.0.04506.648; .NET CLR 3.5.21022; InfoPath.2; MS-RTC LM 8; .NET CLR 3.0.4506.2152; .NET CLR 3.5.30729)"
192.168.10.17 - - [12/Apr/2010:14:13:24 +0200] "GET /livezilla/images/button_fav.gif HTTP/1.1" 200 1344 "http://chat.f-m-shop.de/livezilla/livezilla.php?template=lz_chat_frame.3.2.login.0.0" "Mozilla/4.0 (compatible; MSIE 8.0; Windows NT 5.1; Trident/4.0; .NET CLR 2.0.50727; .NET CLR 3.0.04506.648; .NET CLR 3.5.21022; InfoPath.2; MS-RTC LM 8; .NET CLR 3.0.4506.2152; .NET CLR 3.5.30729)"
192.168.10.17 - - [12/Apr/2010:14:13:24 +0200] "GET /livezilla/images/button_close.gif HTTP/1.1" 200 1239 "http://chat.f-m-shop.de/livezilla/livezilla.php?template=lz_chat_frame.3.2.login.0.0" "Mozilla/4.0 (compatible; MSIE 8.0; Windows NT 5.1; Trident/4.0; .NET CLR 2.0.50727; .NET CLR 3.0.04506.648; .NET CLR 3.5.21022; InfoPath.2; MS-RTC LM 8; .NET CLR 3.0.4506.2152; .NET CLR 3.5.30729)"
192.168.10.17 - - [12/Apr/2010:14:13:23 +0200] "GET /livezilla/livezilla.php?template=lz_chat_frame.3.2.login.1.0&intid=Zmw_&reset=true HTTP/1.1" 200 3689 "http://chat.f-m-shop.de/livezilla/livezilla.php?template=lz_chat_frame.3.2.login&intid=Zmw_&reset=true" "Mozilla/4.0 (compatible; MSIE 8.0; Windows NT 5.1; Trident/4.0; .NET CLR 2.0.50727; .NET CLR 3.0.04506.648; .NET CLR 3.5.21022; InfoPath.2; MS-RTC LM 8; .NET CLR 3.0.4506.2152; .NET CLR 3.5.30729)"
192.168.10.17 - - [12/Apr/2010:14:13:24 +0200] "GET /livezilla/images/chat_bg_navigation_right.gif HTTP/1.1" 200 675 "http://chat.f-m-shop.de/livezilla/livezilla.php?template=lz_chat_frame.3.2.login.0.0" "Mozilla/4.0 (compatible; MSIE 8.0; Windows NT 5.1; Trident/4.0; .NET CLR 2.0.50727; .NET CLR 3.0.04506.648; .NET CLR 3.5.21022; InfoPath.2; MS-RTC LM 8; .NET CLR 3.0.4506.2152; .NET CLR 3.5.30729)"
192.168.10.17 - - [12/Apr/2010:14:13:24 +0200] "GET /livezilla/images/chat_bg_navigation.gif HTTP/1.1" 200 258 "http://chat.f-m-shop.de/livezilla/livezilla.php?template=lz_chat_frame.3.2.login.0.0" "Mozilla/4.0 (compatible; MSIE 8.0; Windows NT 5.1; Trident/4.0; .NET CLR 2.0.50727; .NET CLR 3.0.04506.648; .NET CLR 3.5.21022; InfoPath.2; MS-RTC LM 8; .NET CLR 3.0.4506.2152; .NET CLR 3.5.30729)"
192.168.10.17 - - [12/Apr/2010:14:13:23 +0200] "GET /livezilla/livezilla.php?template=lz_chat_frame.3.2.login.2.0 HTTP/1.1" 200 361 "http://chat.f-m-shop.de/livezilla/livezilla.php?template=lz_chat_frame.3.2.login&intid=Zmw_&reset=true" "Mozilla/4.0 (compatible; MSIE 8.0; Windows NT 5.1; Trident/4.0; .NET CLR 2.0.50727; .NET CLR 3.0.04506.648; .NET CLR 3.5.21022; InfoPath.2; MS-RTC LM 8; .NET CLR 3.0.4506.2152; .NET CLR 3.5.30729)"
192.168.10.17 - - [12/Apr/2010:14:13:23 +0200] "GET /livezilla/livezilla.php?template=lz_chat_frame.3.3 HTTP/1.1" 200 321 "http://chat.f-m-shop.de/livezilla/livezilla.php?intid=Zmw_&reset=true" "Mozilla/4.0 (compatible; MSIE 8.0; Windows NT 5.1; Trident/4.0; .NET CLR 2.0.50727; .NET CLR 3.0.04506.648; .NET CLR 3.5.21022; InfoPath.2; MS-RTC LM 8; .NET CLR 3.0.4506.2152; .NET CLR 3.5.30729)"
192.168.10.17 - - [12/Apr/2010:14:13:24 +0200] "GET /livezilla/images/icon_info.gif HTTP/1.1" 200 1703 "http://chat.f-m-shop.de/livezilla/livezilla.php?template=lz_chat_frame.3.2.login.1.0&intid=Zmw_&reset=true" "Mozilla/4.0 (compatible; MSIE 8.0; Windows NT 5.1; Trident/4.0; .NET CLR 2.0.50727; .NET CLR 3.0.04506.648; .NET CLR 3.5.21022; InfoPath.2; MS-RTC LM 8; .NET CLR 3.0.4506.2152; .NET CLR 3.5.30729)"
192.168.10.17 - - [12/Apr/2010:14:13:24 +0200] "GET /livezilla/images/icon_network.gif HTTP/1.1" 200 354 "http://chat.f-m-shop.de/livezilla/livezilla.php?template=lz_chat_frame.3.2.login.1.0&intid=Zmw_&reset=true" "Mozilla/4.0 (compatible; MSIE 8.0; Windows NT 5.1; Trident/4.0; .NET CLR 2.0.50727; .NET CLR 3.0.04506.648; .NET CLR 3.5.21022; InfoPath.2; MS-RTC LM 8; .NET CLR 3.0.4506.2152; .NET CLR 3.5.30729)"
192.168.10.17 - - [12/Apr/2010:14:13:24 +0200] "GET /livezilla/images/chat_bg_field.gif HTTP/1.1" 200 121 "http://chat.f-m-shop.de/livezilla/livezilla.php?template=lz_chat_frame.3.2.login.1.0&intid=Zmw_&reset=true" "Mozilla/4.0 (compatible; MSIE 8.0; Windows NT 5.1; Trident/4.0; .NET CLR 2.0.50727; .NET CLR 3.0.04506.648; .NET CLR 3.5.21022; InfoPath.2; MS-RTC LM 8; .NET CLR 3.0.4506.2152; .NET CLR 3.5.30729)"
192.168.10.17 - - [12/Apr/2010:14:13:24 +0200] "GET /livezilla/images/chat_bg_navigation_sub.gif HTTP/1.1" 200 76 "http://chat.f-m-shop.de/livezilla/livezilla.php?template=lz_chat_frame.3.2.login.1.0&intid=Zmw_&reset=true" "Mozilla/4.0 (compatible; MSIE 8.0; Windows NT 5.1; Trident/4.0; .NET CLR 2.0.50727; .NET CLR 3.0.04506.648; .NET CLR 3.5.21022; InfoPath.2; MS-RTC LM 8; .NET CLR 3.0.4506.2152; .NET CLR 3.5.30729)"
