192.168.10.34 - - [12/Apr/2010:12:24:31 +0200] "GET /livezilla/?lzcobrowse=true HTTP/1.1" 200 3813 "-" "Mozilla/4.0 (compatible; MSIE 7.0; Windows NT 5.1; Trident/4.0; .NET CLR 2.0.50727; .NET CLR 3.0.04506.30; .NET CLR 3.0.4506.2152; .NET CLR 3.5.30729)"
192.168.10.34 - - [12/Apr/2010:12:24:31 +0200] "GET /livezilla/templates/style.css HTTP/1.1" 200 9496 "http://chat.f-m-shop.de/livezilla/?lzcobrowse=true" "Mozilla/4.0 (compatible; MSIE 7.0; Windows NT 5.1; Trident/4.0; .NET CLR 2.0.50727; .NET CLR 3.0.04506.30; .NET CLR 3.0.4506.2152; .NET CLR 3.5.30729)"
192.168.10.34 - - [12/Apr/2010:12:24:31 +0200] "GET /livezilla/images/lz_index_bg.gif HTTP/1.1" 200 226 "http://chat.f-m-shop.de/livezilla/?lzcobrowse=true" "Mozilla/4.0 (compatible; MSIE 7.0; Windows NT 5.1; Trident/4.0; .NET CLR 2.0.50727; .NET CLR 3.0.04506.30; .NET CLR 3.0.4506.2152; .NET CLR 3.5.30729)"
192.168.10.34 - - [12/Apr/2010:12:24:31 +0200] "GET /livezilla/images/lz_index_addserver.gif HTTP/1.1" 200 3705 "http://chat.f-m-shop.de/livezilla/?lzcobrowse=true" "Mozilla/4.0 (compatible; MSIE 7.0; Windows NT 5.1; Trident/4.0; .NET CLR 2.0.50727; .NET CLR 3.0.04506.30; .NET CLR 3.0.4506.2152; .NET CLR 3.5.30729)"
192.168.10.34 - - [12/Apr/2010:12:24:31 +0200] "GET /livezilla/images/lz_index_startchat.gif HTTP/1.1" 200 3533 "http://chat.f-m-shop.de/livezilla/?lzcobrowse=true" "Mozilla/4.0 (compatible; MSIE 7.0; Windows NT 5.1; Trident/4.0; .NET CLR 2.0.50727; .NET CLR 3.0.04506.30; .NET CLR 3.0.4506.2152; .NET CLR 3.5.30729)"
192.168.10.34 - - [12/Apr/2010:12:24:31 +0200] "GET /livezilla/images/lz_index_logo.gif HTTP/1.1" 200 6700 "http://chat.f-m-shop.de/livezilla/?lzcobrowse=true" "Mozilla/4.0 (compatible; MSIE 7.0; Windows NT 5.1; Trident/4.0; .NET CLR 2.0.50727; .NET CLR 3.0.04506.30; .NET CLR 3.0.4506.2152; .NET CLR 3.5.30729)"
192.168.10.34 - - [12/Apr/2010:12:24:31 +0200] "GET /livezilla/server.php?request=track&output=jcrpt&code=U0VSVkVSUEFHRQ__&nse=0.2654745377569593 HTTP/1.1" 200 27008 "http://chat.f-m-shop.de/livezilla/?lzcobrowse=true" "Mozilla/4.0 (compatible; MSIE 7.0; Windows NT 5.1; Trident/4.0; .NET CLR 2.0.50727; .NET CLR 3.0.04506.30; .NET CLR 3.0.4506.2152; .NET CLR 3.5.30729)"
192.168.10.34 - - [12/Apr/2010:12:24:32 +0200] "GET /livezilla/templates/style.css?cache=0.5949377776714166 HTTP/1.1" 200 9496 "http://chat.f-m-shop.de/livezilla/?lzcobrowse=true" "Mozilla/4.0 (compatible; MSIE 7.0; Windows NT 5.1; Trident/4.0; .NET CLR 2.0.50727; .NET CLR 3.0.04506.30; .NET CLR 3.0.4506.2152; .NET CLR 3.5.30729)"
192.168.10.34 - - [12/Apr/2010:12:24:34 +0200] "POST /livezilla/server.php?acid=57aa9 HTTP/1.1" 200 235 "-" "LiveZilla 3.1.8.5 [http://www.livezilla.net]"
192.168.10.10 - - [12/Apr/2010:12:24:42 +0200] "GET /livezilla/server.php?request=track&start=1271067883115&browid=b8d66a9&url=aHR0cDovL2NoYXQuZi1tLXNob3AuZGUvbGl2ZXppbGxhLw&livezilla=27fe282&cd=32&rh=1024&rw=1280&rf=&tzo=2&code=U0VSVkVSUEFHRQ__&en=&ee=&ec=&dc=TGl2ZVppbGxhIFNlcnZlciBQYWdl&geo_rid=7 HTTP/1.1" 200 85 "http://chat.f-m-shop.de/livezilla/" "Mozilla/5.0 (Windows; U; Windows NT 5.1; de; rv:1.9.1.9) Gecko/20100315 Firefox/3.5.9 (.NET CLR 3.5.30729)"
192.168.10.34 - - [12/Apr/2010:12:24:38 +0200] "POST /livezilla/server.php?acid=2b41f HTTP/1.1" 200 188 "-" "LiveZilla 3.1.8.5 [http://www.livezilla.net]"
192.168.10.10 - - [12/Apr/2010:12:25:17 +0200] "GET /livezilla/server.php?request=track&start=1271067918132&browid=b8d66a9&url=aHR0cDovL2NoYXQuZi1tLXNob3AuZGUvbGl2ZXppbGxhLw&livezilla=27fe282&cd=32&rh=1024&rw=1280&rf=&tzo=2&code=U0VSVkVSUEFHRQ__&en=&ee=&ec=&dc=TGl2ZVppbGxhIFNlcnZlciBQYWdl&geo_rid=7 HTTP/1.1" 200 85 "http://chat.f-m-shop.de/livezilla/" "Mozilla/5.0 (Windows; U; Windows NT 5.1; de; rv:1.9.1.9) Gecko/20100315 Firefox/3.5.9 (.NET CLR 3.5.30729)"
192.168.10.34 - - [12/Apr/2010:12:25:00 +0200] "POST /livezilla/server.php?acid=99eb5 HTTP/1.1" 200 - "-" "LiveZilla 3.1.8.5 [http://www.livezilla.net]"
192.168.10.34 - - [12/Apr/2010:12:25:23 +0200] "POST /livezilla/server.php?acid=47975 HTTP/1.1" 200 - "-" "LiveZilla 3.1.8.5 [http://www.livezilla.net]"
192.168.10.10 - - [12/Apr/2010:12:25:52 +0200] "GET /livezilla/server.php?request=track&start=1271067953130&browid=b8d66a9&url=aHR0cDovL2NoYXQuZi1tLXNob3AuZGUvbGl2ZXppbGxhLw&livezilla=27fe282&cd=32&rh=1024&rw=1280&rf=&tzo=2&code=U0VSVkVSUEFHRQ__&en=&ee=&ec=&dc=TGl2ZVppbGxhIFNlcnZlciBQYWdl&geo_rid=7 HTTP/1.1" 200 85 "http://chat.f-m-shop.de/livezilla/" "Mozilla/5.0 (Windows; U; Windows NT 5.1; de; rv:1.9.1.9) Gecko/20100315 Firefox/3.5.9 (.NET CLR 3.5.30729)"
192.168.10.34 - - [12/Apr/2010:12:25:45 +0200] "POST /livezilla/server.php?acid=9ea0f HTTP/1.1" 200 - "-" "LiveZilla 3.1.8.5 [http://www.livezilla.net]"
192.168.10.34 - - [12/Apr/2010:12:26:07 +0200] "POST /livezilla/server.php?acid=8b119 HTTP/1.1" 200 - "-" "LiveZilla 3.1.8.5 [http://www.livezilla.net]"
192.168.10.10 - - [12/Apr/2010:12:26:27 +0200] "GET /livezilla/server.php?request=track&start=1271067988133&browid=b8d66a9&url=aHR0cDovL2NoYXQuZi1tLXNob3AuZGUvbGl2ZXppbGxhLw&livezilla=27fe282&cd=32&rh=1024&rw=1280&rf=&tzo=2&code=U0VSVkVSUEFHRQ__&en=&ee=&ec=&dc=TGl2ZVppbGxhIFNlcnZlciBQYWdl&geo_rid=7 HTTP/1.1" 200 85 "http://chat.f-m-shop.de/livezilla/" "Mozilla/5.0 (Windows; U; Windows NT 5.1; de; rv:1.9.1.9) Gecko/20100315 Firefox/3.5.9 (.NET CLR 3.5.30729)"
192.168.10.34 - - [12/Apr/2010:12:26:29 +0200] "POST /livezilla/server.php?acid=92191 HTTP/1.1" 200 - "-" "LiveZilla 3.1.8.5 [http://www.livezilla.net]"
192.168.10.10 - - [12/Apr/2010:12:27:02 +0200] "GET /livezilla/server.php?request=track&start=1271068023129&browid=b8d66a9&url=aHR0cDovL2NoYXQuZi1tLXNob3AuZGUvbGl2ZXppbGxhLw&livezilla=27fe282&cd=32&rh=1024&rw=1280&rf=&tzo=2&code=U0VSVkVSUEFHRQ__&en=&ee=&ec=&dc=TGl2ZVppbGxhIFNlcnZlciBQYWdl&geo_rid=7 HTTP/1.1" 200 85 "http://chat.f-m-shop.de/livezilla/" "Mozilla/5.0 (Windows; U; Windows NT 5.1; de; rv:1.9.1.9) Gecko/20100315 Firefox/3.5.9 (.NET CLR 3.5.30729)"
192.168.10.34 - - [12/Apr/2010:12:26:51 +0200] "POST /livezilla/server.php?acid=bb89c HTTP/1.1" 200 - "-" "LiveZilla 3.1.8.5 [http://www.livezilla.net]"
192.168.10.34 - - [12/Apr/2010:12:27:19 +0200] "GET /livezilla/ HTTP/1.1" 200 3813 "-" "Mozilla/5.0 (Windows; U; Windows NT 5.1; de; rv:1.9.2.3) Gecko/20100401 Firefox/3.6.3 (.NET CLR 3.5.30729)"
192.168.10.34 - - [12/Apr/2010:12:27:19 +0200] "GET /livezilla/templates/style.css HTTP/1.1" 200 9496 "http://chat.f-m-shop.de/livezilla/" "Mozilla/5.0 (Windows; U; Windows NT 5.1; de; rv:1.9.2.3) Gecko/20100401 Firefox/3.6.3 (.NET CLR 3.5.30729)"
192.168.10.34 - - [12/Apr/2010:12:27:20 +0200] "GET /livezilla/images/lz_index_addserver.gif HTTP/1.1" 200 3705 "http://chat.f-m-shop.de/livezilla/" "Mozilla/5.0 (Windows; U; Windows NT 5.1; de; rv:1.9.2.3) Gecko/20100401 Firefox/3.6.3 (.NET CLR 3.5.30729)"
192.168.10.34 - - [12/Apr/2010:12:27:20 +0200] "GET /livezilla/images/lz_index_logo.gif HTTP/1.1" 200 6700 "http://chat.f-m-shop.de/livezilla/" "Mozilla/5.0 (Windows; U; Windows NT 5.1; de; rv:1.9.2.3) Gecko/20100401 Firefox/3.6.3 (.NET CLR 3.5.30729)"
192.168.10.34 - - [12/Apr/2010:12:27:20 +0200] "GET /livezilla/images/lz_index_startchat.gif HTTP/1.1" 200 3533 "http://chat.f-m-shop.de/livezilla/" "Mozilla/5.0 (Windows; U; Windows NT 5.1; de; rv:1.9.2.3) Gecko/20100401 Firefox/3.6.3 (.NET CLR 3.5.30729)"
192.168.10.34 - - [12/Apr/2010:12:27:20 +0200] "GET /livezilla/images/favicon.ico HTTP/1.1" 200 43302 "-" "Mozilla/5.0 (Windows; U; Windows NT 5.1; de; rv:1.9.2.3) Gecko/20100401 Firefox/3.6.3 (.NET CLR 3.5.30729)"
192.168.10.34 - - [12/Apr/2010:12:27:20 +0200] "GET /livezilla/images/lz_index_bg.gif HTTP/1.1" 200 226 "http://chat.f-m-shop.de/livezilla/" "Mozilla/5.0 (Windows; U; Windows NT 5.1; de; rv:1.9.2.3) Gecko/20100401 Firefox/3.6.3 (.NET CLR 3.5.30729)"
192.168.10.34 - - [12/Apr/2010:12:27:20 +0200] "GET /livezilla/server.php?request=track&output=jcrpt&code=U0VSVkVSUEFHRQ__&nse=0.8594887610504065 HTTP/1.1" 200 27008 "http://chat.f-m-shop.de/livezilla/" "Mozilla/5.0 (Windows; U; Windows NT 5.1; de; rv:1.9.2.3) Gecko/20100401 Firefox/3.6.3 (.NET CLR 3.5.30729)"
192.168.10.34 - - [12/Apr/2010:12:27:20 +0200] "GET /livezilla/templates/style.css?cache=0.8545375661374538 HTTP/1.1" 200 9496 "http://chat.f-m-shop.de/livezilla/" "Mozilla/5.0 (Windows; U; Windows NT 5.1; de; rv:1.9.2.3) Gecko/20100401 Firefox/3.6.3 (.NET CLR 3.5.30729)"
192.168.10.34 - - [12/Apr/2010:12:27:20 +0200] "GET /livezilla/server.php?request=track&start=1271068040475&browid=a90701e&url=aHR0cDovL2NoYXQuZi1tLXNob3AuZGUvbGl2ZXppbGxhLw&livezilla=b7f990b&cd=24&rh=1200&rw=1920&rf=&tzo=2&code=U0VSVkVSUEFHRQ__&en=&ee=&ec=&dc=TGl2ZVppbGxhIFNlcnZlciBQYWdl&geo_rid=7 HTTP/1.1" 200 85 "http://chat.f-m-shop.de/livezilla/" "Mozilla/5.0 (Windows; U; Windows NT 5.1; de; rv:1.9.2.3) Gecko/20100401 Firefox/3.6.3 (.NET CLR 3.5.30729)"
192.168.10.34 - - [12/Apr/2010:12:27:14 +0200] "POST /livezilla/server.php?acid=92015 HTTP/1.1" 200 872 "-" "LiveZilla 3.1.8.5 [http://www.livezilla.net]"
192.168.10.34 - - [12/Apr/2010:12:27:23 +0200] "GET /LiveZilla_3.1.8.5_Full.exe HTTP/1.1" 200 8875745 "-" "Mozilla/5.0 (Windows; U; Windows NT 5.1; de; rv:1.9.2.3) Gecko/20100401 Firefox/3.6.3 (.NET CLR 3.5.30729)"
192.168.10.34 - - [12/Apr/2010:12:27:27 +0200] "POST /livezilla/server.php?acid=17851 HTTP/1.1" 200 235 "-" "LiveZilla 3.1.8.5 [http://www.livezilla.net]"
192.168.10.10 - - [12/Apr/2010:12:27:37 +0200] "GET /livezilla/server.php?request=track&start=1271068058128&browid=b8d66a9&url=aHR0cDovL2NoYXQuZi1tLXNob3AuZGUvbGl2ZXppbGxhLw&livezilla=27fe282&cd=32&rh=1024&rw=1280&rf=&tzo=2&code=U0VSVkVSUEFHRQ__&en=&ee=&ec=&dc=TGl2ZVppbGxhIFNlcnZlciBQYWdl&geo_rid=7 HTTP/1.1" 200 85 "http://chat.f-m-shop.de/livezilla/" "Mozilla/5.0 (Windows; U; Windows NT 5.1; de; rv:1.9.1.9) Gecko/20100315 Firefox/3.5.9 (.NET CLR 3.5.30729)"
192.168.10.34 - - [12/Apr/2010:12:27:31 +0200] "POST /livezilla/server.php?acid=f6c3f HTTP/1.1" 200 188 "-" "LiveZilla 3.1.8.5 [http://www.livezilla.net]"
192.168.10.34 - - [12/Apr/2010:12:27:53 +0200] "POST /livezilla/server.php?acid=baeb4 HTTP/1.1" 200 - "-" "LiveZilla 3.1.8.5 [http://www.livezilla.net]"
192.168.10.10 - - [12/Apr/2010:12:28:12 +0200] "GET /livezilla/server.php?request=track&start=1271068093127&browid=b8d66a9&url=aHR0cDovL2NoYXQuZi1tLXNob3AuZGUvbGl2ZXppbGxhLw&livezilla=27fe282&cd=32&rh=1024&rw=1280&rf=&tzo=2&code=U0VSVkVSUEFHRQ__&en=&ee=&ec=&dc=TGl2ZVppbGxhIFNlcnZlciBQYWdl&geo_rid=7 HTTP/1.1" 200 85 "http://chat.f-m-shop.de/livezilla/" "Mozilla/5.0 (Windows; U; Windows NT 5.1; de; rv:1.9.1.9) Gecko/20100315 Firefox/3.5.9 (.NET CLR 3.5.30729)"
192.168.10.34 - - [12/Apr/2010:12:28:16 +0200] "POST /livezilla/server.php?acid=30c03 HTTP/1.1" 200 - "-" "LiveZilla 3.1.8.5 [http://www.livezilla.net]"
192.168.10.10 - - [12/Apr/2010:12:28:47 +0200] "GET /livezilla/server.php?request=track&start=1271068128136&browid=b8d66a9&url=aHR0cDovL2NoYXQuZi1tLXNob3AuZGUvbGl2ZXppbGxhLw&livezilla=27fe282&cd=32&rh=1024&rw=1280&rf=&tzo=2&code=U0VSVkVSUEFHRQ__&en=&ee=&ec=&dc=TGl2ZVppbGxhIFNlcnZlciBQYWdl&geo_rid=7 HTTP/1.1" 200 85 "http://chat.f-m-shop.de/livezilla/" "Mozilla/5.0 (Windows; U; Windows NT 5.1; de; rv:1.9.1.9) Gecko/20100315 Firefox/3.5.9 (.NET CLR 3.5.30729)"
192.168.10.34 - - [12/Apr/2010:12:28:38 +0200] "POST /livezilla/server.php?acid=c173b HTTP/1.1" 200 - "-" "LiveZilla 3.1.8.5 [http://www.livezilla.net]"
192.168.10.34 - - [12/Apr/2010:12:29:00 +0200] "POST /livezilla/server.php?acid=30ad1 HTTP/1.1" 200 - "-" "LiveZilla 3.1.8.5 [http://www.livezilla.net]"
192.168.10.10 - - [12/Apr/2010:12:29:22 +0200] "GET /livezilla/server.php?request=track&start=1271068163126&browid=b8d66a9&url=aHR0cDovL2NoYXQuZi1tLXNob3AuZGUvbGl2ZXppbGxhLw&livezilla=27fe282&cd=32&rh=1024&rw=1280&rf=&tzo=2&code=U0VSVkVSUEFHRQ__&en=&ee=&ec=&dc=TGl2ZVppbGxhIFNlcnZlciBQYWdl&geo_rid=7 HTTP/1.1" 200 85 "http://chat.f-m-shop.de/livezilla/" "Mozilla/5.0 (Windows; U; Windows NT 5.1; de; rv:1.9.1.9) Gecko/20100315 Firefox/3.5.9 (.NET CLR 3.5.30729)"
192.168.10.34 - - [12/Apr/2010:12:29:22 +0200] "POST /livezilla/server.php?acid=fffb3 HTTP/1.1" 200 - "-" "LiveZilla 3.1.8.5 [http://www.livezilla.net]"
192.168.10.10 - - [12/Apr/2010:12:29:57 +0200] "GET /livezilla/server.php?request=track&start=1271068198128&browid=b8d66a9&url=aHR0cDovL2NoYXQuZi1tLXNob3AuZGUvbGl2ZXppbGxhLw&livezilla=27fe282&cd=32&rh=1024&rw=1280&rf=&tzo=2&code=U0VSVkVSUEFHRQ__&en=&ee=&ec=&dc=TGl2ZVppbGxhIFNlcnZlciBQYWdl&geo_rid=7 HTTP/1.1" 200 85 "http://chat.f-m-shop.de/livezilla/" "Mozilla/5.0 (Windows; U; Windows NT 5.1; de; rv:1.9.1.9) Gecko/20100315 Firefox/3.5.9 (.NET CLR 3.5.30729)"
192.168.10.34 - - [12/Apr/2010:12:29:45 +0200] "POST /livezilla/server.php?acid=264a1 HTTP/1.1" 200 - "-" "LiveZilla 3.1.8.5 [http://www.livezilla.net]"
192.168.10.34 - - [12/Apr/2010:12:30:07 +0200] "POST /livezilla/server.php?acid=82561 HTTP/1.1" 200 297 "-" "LiveZilla 3.1.8.5 [http://www.livezilla.net]"
192.168.10.34 - - [12/Apr/2010:12:30:26 +0200] "POST /livezilla/server.php?acid=3b489 HTTP/1.1" 200 266 "-" "LiveZilla 3.1.8.5 [http://www.livezilla.net]"
192.168.10.34 - - [12/Apr/2010:12:30:30 +0200] "POST /livezilla/server.php?acid=bee41 HTTP/1.1" 200 235 "-" "LiveZilla 3.1.8.5 [http://www.livezilla.net]"
192.168.10.10 - - [12/Apr/2010:12:30:32 +0200] "GET /livezilla/server.php?request=track&start=1271068233125&browid=b8d66a9&url=aHR0cDovL2NoYXQuZi1tLXNob3AuZGUvbGl2ZXppbGxhLw&livezilla=27fe282&cd=32&rh=1024&rw=1280&rf=&tzo=2&code=U0VSVkVSUEFHRQ__&en=&ee=&ec=&dc=TGl2ZVppbGxhIFNlcnZlciBQYWdl&geo_rid=7 HTTP/1.1" 200 85 "http://chat.f-m-shop.de/livezilla/" "Mozilla/5.0 (Windows; U; Windows NT 5.1; de; rv:1.9.1.9) Gecko/20100315 Firefox/3.5.9 (.NET CLR 3.5.30729)"
192.168.10.34 - - [12/Apr/2010:12:30:34 +0200] "POST /livezilla/server.php?acid=c4073 HTTP/1.1" 200 188 "-" "LiveZilla 3.1.8.5 [http://www.livezilla.net]"
192.168.10.10 - - [12/Apr/2010:12:31:07 +0200] "GET /livezilla/server.php?request=track&start=1271068268127&browid=b8d66a9&url=aHR0cDovL2NoYXQuZi1tLXNob3AuZGUvbGl2ZXppbGxhLw&livezilla=27fe282&cd=32&rh=1024&rw=1280&rf=&tzo=2&code=U0VSVkVSUEFHRQ__&en=&ee=&ec=&dc=TGl2ZVppbGxhIFNlcnZlciBQYWdl&geo_rid=7 HTTP/1.1" 200 85 "http://chat.f-m-shop.de/livezilla/" "Mozilla/5.0 (Windows; U; Windows NT 5.1; de; rv:1.9.1.9) Gecko/20100315 Firefox/3.5.9 (.NET CLR 3.5.30729)"
192.168.10.34 - - [12/Apr/2010:12:30:57 +0200] "POST /livezilla/server.php?acid=8de60 HTTP/1.1" 200 - "-" "LiveZilla 3.1.8.5 [http://www.livezilla.net]"
192.168.10.34 - - [12/Apr/2010:12:31:19 +0200] "POST /livezilla/server.php?acid=80f10 HTTP/1.1" 200 - "-" "LiveZilla 3.1.8.5 [http://www.livezilla.net]"
192.168.10.10 - - [12/Apr/2010:12:31:42 +0200] "GET /livezilla/server.php?request=track&start=1271068303124&browid=b8d66a9&url=aHR0cDovL2NoYXQuZi1tLXNob3AuZGUvbGl2ZXppbGxhLw&livezilla=27fe282&cd=32&rh=1024&rw=1280&rf=&tzo=2&code=U0VSVkVSUEFHRQ__&en=&ee=&ec=&dc=TGl2ZVppbGxhIFNlcnZlciBQYWdl&geo_rid=7 HTTP/1.1" 200 85 "http://chat.f-m-shop.de/livezilla/" "Mozilla/5.0 (Windows; U; Windows NT 5.1; de; rv:1.9.1.9) Gecko/20100315 Firefox/3.5.9 (.NET CLR 3.5.30729)"
192.168.10.34 - - [12/Apr/2010:12:31:41 +0200] "POST /livezilla/server.php?acid=29b93 HTTP/1.1" 200 - "-" "LiveZilla 3.1.8.5 [http://www.livezilla.net]"
192.168.10.10 - - [12/Apr/2010:12:32:17 +0200] "GET /livezilla/server.php?request=track&start=1271068338124&browid=b8d66a9&url=aHR0cDovL2NoYXQuZi1tLXNob3AuZGUvbGl2ZXppbGxhLw&livezilla=27fe282&cd=32&rh=1024&rw=1280&rf=&tzo=2&code=U0VSVkVSUEFHRQ__&en=&ee=&ec=&dc=TGl2ZVppbGxhIFNlcnZlciBQYWdl&geo_rid=7 HTTP/1.1" 200 85 "http://chat.f-m-shop.de/livezilla/" "Mozilla/5.0 (Windows; U; Windows NT 5.1; de; rv:1.9.1.9) Gecko/20100315 Firefox/3.5.9 (.NET CLR 3.5.30729)"
192.168.10.34 - - [12/Apr/2010:12:32:03 +0200] "POST /livezilla/server.php?acid=877e0 HTTP/1.1" 200 - "-" "LiveZilla 3.1.8.5 [http://www.livezilla.net]"
192.168.10.34 - - [12/Apr/2010:12:32:25 +0200] "POST /livezilla/server.php?acid=deace HTTP/1.1" 200 - "-" "LiveZilla 3.1.8.5 [http://www.livezilla.net]"
192.168.10.10 - - [12/Apr/2010:12:32:52 +0200] "GET /livezilla/server.php?request=track&start=1271068373123&browid=b8d66a9&url=aHR0cDovL2NoYXQuZi1tLXNob3AuZGUvbGl2ZXppbGxhLw&livezilla=27fe282&cd=32&rh=1024&rw=1280&rf=&tzo=2&code=U0VSVkVSUEFHRQ__&en=&ee=&ec=&dc=TGl2ZVppbGxhIFNlcnZlciBQYWdl&geo_rid=7 HTTP/1.1" 200 85 "http://chat.f-m-shop.de/livezilla/" "Mozilla/5.0 (Windows; U; Windows NT 5.1; de; rv:1.9.1.9) Gecko/20100315 Firefox/3.5.9 (.NET CLR 3.5.30729)"
192.168.10.34 - - [12/Apr/2010:12:32:48 +0200] "POST /livezilla/server.php?acid=9f093 HTTP/1.1" 200 - "-" "LiveZilla 3.1.8.5 [http://www.livezilla.net]"
192.168.10.10 - - [12/Apr/2010:12:33:27 +0200] "GET /livezilla/server.php?request=track&start=1271068408125&browid=b8d66a9&url=aHR0cDovL2NoYXQuZi1tLXNob3AuZGUvbGl2ZXppbGxhLw&livezilla=27fe282&cd=32&rh=1024&rw=1280&rf=&tzo=2&code=U0VSVkVSUEFHRQ__&en=&ee=&ec=&dc=TGl2ZVppbGxhIFNlcnZlciBQYWdl&geo_rid=7 HTTP/1.1" 200 85 "http://chat.f-m-shop.de/livezilla/" "Mozilla/5.0 (Windows; U; Windows NT 5.1; de; rv:1.9.1.9) Gecko/20100315 Firefox/3.5.9 (.NET CLR 3.5.30729)"
192.168.10.34 - - [12/Apr/2010:12:33:10 +0200] "POST /livezilla/server.php?acid=5666e HTTP/1.1" 200 - "-" "LiveZilla 3.1.8.5 [http://www.livezilla.net]"
192.168.10.34 - - [12/Apr/2010:12:33:32 +0200] "POST /livezilla/server.php?acid=e02fc HTTP/1.1" 200 - "-" "LiveZilla 3.1.8.5 [http://www.livezilla.net]"
192.168.10.10 - - [12/Apr/2010:12:34:02 +0200] "GET /livezilla/server.php?request=track&start=1271068443125&browid=b8d66a9&url=aHR0cDovL2NoYXQuZi1tLXNob3AuZGUvbGl2ZXppbGxhLw&livezilla=27fe282&cd=32&rh=1024&rw=1280&rf=&tzo=2&code=U0VSVkVSUEFHRQ__&en=&ee=&ec=&dc=TGl2ZVppbGxhIFNlcnZlciBQYWdl&geo_rid=7 HTTP/1.1" 200 85 "http://chat.f-m-shop.de/livezilla/" "Mozilla/5.0 (Windows; U; Windows NT 5.1; de; rv:1.9.1.9) Gecko/20100315 Firefox/3.5.9 (.NET CLR 3.5.30729)"
192.168.10.34 - - [12/Apr/2010:12:33:54 +0200] "POST /livezilla/server.php?acid=c21fd HTTP/1.1" 200 - "-" "LiveZilla 3.1.8.5 [http://www.livezilla.net]"
192.168.10.34 - - [12/Apr/2010:12:34:17 +0200] "POST /livezilla/server.php?acid=3a3fe HTTP/1.1" 200 - "-" "LiveZilla 3.1.8.5 [http://www.livezilla.net]"
192.168.10.10 - - [12/Apr/2010:12:34:37 +0200] "GET /livezilla/server.php?request=track&start=1271068478123&browid=b8d66a9&url=aHR0cDovL2NoYXQuZi1tLXNob3AuZGUvbGl2ZXppbGxhLw&livezilla=27fe282&cd=32&rh=1024&rw=1280&rf=&tzo=2&code=U0VSVkVSUEFHRQ__&en=&ee=&ec=&dc=TGl2ZVppbGxhIFNlcnZlciBQYWdl&geo_rid=7 HTTP/1.1" 200 85 "http://chat.f-m-shop.de/livezilla/" "Mozilla/5.0 (Windows; U; Windows NT 5.1; de; rv:1.9.1.9) Gecko/20100315 Firefox/3.5.9 (.NET CLR 3.5.30729)"
192.168.10.34 - - [12/Apr/2010:12:34:39 +0200] "POST /livezilla/server.php?acid=fb049 HTTP/1.1" 200 - "-" "LiveZilla 3.1.8.5 [http://www.livezilla.net]"
192.168.10.10 - - [12/Apr/2010:12:35:12 +0200] "GET /livezilla/server.php?request=track&start=1271068513121&browid=b8d66a9&url=aHR0cDovL2NoYXQuZi1tLXNob3AuZGUvbGl2ZXppbGxhLw&livezilla=27fe282&cd=32&rh=1024&rw=1280&rf=&tzo=2&code=U0VSVkVSUEFHRQ__&en=&ee=&ec=&dc=TGl2ZVppbGxhIFNlcnZlciBQYWdl&geo_rid=7 HTTP/1.1" 200 85 "http://chat.f-m-shop.de/livezilla/" "Mozilla/5.0 (Windows; U; Windows NT 5.1; de; rv:1.9.1.9) Gecko/20100315 Firefox/3.5.9 (.NET CLR 3.5.30729)"
192.168.10.34 - - [12/Apr/2010:12:35:01 +0200] "POST /livezilla/server.php?acid=8713e HTTP/1.1" 200 - "-" "LiveZilla 3.1.8.5 [http://www.livezilla.net]"
192.168.10.34 - - [12/Apr/2010:12:35:23 +0200] "POST /livezilla/server.php?acid=4af2e HTTP/1.1" 200 - "-" "LiveZilla 3.1.8.5 [http://www.livezilla.net]"
192.168.10.10 - - [12/Apr/2010:12:35:47 +0200] "GET /livezilla/server.php?request=track&start=1271068548122&browid=b8d66a9&url=aHR0cDovL2NoYXQuZi1tLXNob3AuZGUvbGl2ZXppbGxhLw&livezilla=27fe282&cd=32&rh=1024&rw=1280&rf=&tzo=2&code=U0VSVkVSUEFHRQ__&en=&ee=&ec=&dc=TGl2ZVppbGxhIFNlcnZlciBQYWdl&geo_rid=7 HTTP/1.1" 200 85 "http://chat.f-m-shop.de/livezilla/" "Mozilla/5.0 (Windows; U; Windows NT 5.1; de; rv:1.9.1.9) Gecko/20100315 Firefox/3.5.9 (.NET CLR 3.5.30729)"
192.168.10.34 - - [12/Apr/2010:12:35:46 +0200] "POST /livezilla/server.php?acid=68b82 HTTP/1.1" 200 - "-" "LiveZilla 3.1.8.5 [http://www.livezilla.net]"
192.168.10.10 - - [12/Apr/2010:12:36:22 +0200] "GET /livezilla/server.php?request=track&start=1271068583120&browid=b8d66a9&url=aHR0cDovL2NoYXQuZi1tLXNob3AuZGUvbGl2ZXppbGxhLw&livezilla=27fe282&cd=32&rh=1024&rw=1280&rf=&tzo=2&code=U0VSVkVSUEFHRQ__&en=&ee=&ec=&dc=TGl2ZVppbGxhIFNlcnZlciBQYWdl&geo_rid=7 HTTP/1.1" 200 85 "http://chat.f-m-shop.de/livezilla/" "Mozilla/5.0 (Windows; U; Windows NT 5.1; de; rv:1.9.1.9) Gecko/20100315 Firefox/3.5.9 (.NET CLR 3.5.30729)"
192.168.10.34 - - [12/Apr/2010:12:36:08 +0200] "POST /livezilla/server.php?acid=9c83a HTTP/1.1" 200 - "-" "LiveZilla 3.1.8.5 [http://www.livezilla.net]"
192.168.10.34 - - [12/Apr/2010:12:36:30 +0200] "POST /livezilla/server.php?acid=d4bce HTTP/1.1" 200 - "-" "LiveZilla 3.1.8.5 [http://www.livezilla.net]"
192.168.10.10 - - [12/Apr/2010:12:36:57 +0200] "GET /livezilla/server.php?request=track&start=1271068618120&browid=b8d66a9&url=aHR0cDovL2NoYXQuZi1tLXNob3AuZGUvbGl2ZXppbGxhLw&livezilla=27fe282&cd=32&rh=1024&rw=1280&rf=&tzo=2&code=U0VSVkVSUEFHRQ__&en=&ee=&ec=&dc=TGl2ZVppbGxhIFNlcnZlciBQYWdl&geo_rid=7 HTTP/1.1" 200 85 "http://chat.f-m-shop.de/livezilla/" "Mozilla/5.0 (Windows; U; Windows NT 5.1; de; rv:1.9.1.9) Gecko/20100315 Firefox/3.5.9 (.NET CLR 3.5.30729)"
192.168.10.34 - - [12/Apr/2010:12:36:52 +0200] "POST /livezilla/server.php?acid=5f615 HTTP/1.1" 200 - "-" "LiveZilla 3.1.8.5 [http://www.livezilla.net]"
192.168.10.10 - - [12/Apr/2010:12:37:32 +0200] "GET /livezilla/server.php?request=track&start=1271068653119&browid=b8d66a9&url=aHR0cDovL2NoYXQuZi1tLXNob3AuZGUvbGl2ZXppbGxhLw&livezilla=27fe282&cd=32&rh=1024&rw=1280&rf=&tzo=2&code=U0VSVkVSUEFHRQ__&en=&ee=&ec=&dc=TGl2ZVppbGxhIFNlcnZlciBQYWdl&geo_rid=7 HTTP/1.1" 200 85 "http://chat.f-m-shop.de/livezilla/" "Mozilla/5.0 (Windows; U; Windows NT 5.1; de; rv:1.9.1.9) Gecko/20100315 Firefox/3.5.9 (.NET CLR 3.5.30729)"
192.168.10.34 - - [12/Apr/2010:12:37:14 +0200] "POST /livezilla/server.php?acid=12f85 HTTP/1.1" 200 - "-" "LiveZilla 3.1.8.5 [http://www.livezilla.net]"
192.168.10.34 - - [12/Apr/2010:12:37:37 +0200] "POST /livezilla/server.php?acid=10cce HTTP/1.1" 200 - "-" "LiveZilla 3.1.8.5 [http://www.livezilla.net]"
192.168.10.10 - - [12/Apr/2010:12:38:07 +0200] "GET /livezilla/server.php?request=track&start=1271068688120&browid=b8d66a9&url=aHR0cDovL2NoYXQuZi1tLXNob3AuZGUvbGl2ZXppbGxhLw&livezilla=27fe282&cd=32&rh=1024&rw=1280&rf=&tzo=2&code=U0VSVkVSUEFHRQ__&en=&ee=&ec=&dc=TGl2ZVppbGxhIFNlcnZlciBQYWdl&geo_rid=7 HTTP/1.1" 200 85 "http://chat.f-m-shop.de/livezilla/" "Mozilla/5.0 (Windows; U; Windows NT 5.1; de; rv:1.9.1.9) Gecko/20100315 Firefox/3.5.9 (.NET CLR 3.5.30729)"
192.168.10.34 - - [12/Apr/2010:12:37:59 +0200] "POST /livezilla/server.php?acid=038dc HTTP/1.1" 200 - "-" "LiveZilla 3.1.8.5 [http://www.livezilla.net]"
192.168.10.34 - - [12/Apr/2010:12:38:21 +0200] "POST /livezilla/server.php?acid=91121 HTTP/1.1" 200 - "-" "LiveZilla 3.1.8.5 [http://www.livezilla.net]"
192.168.10.10 - - [12/Apr/2010:12:38:42 +0200] "GET /livezilla/server.php?request=track&start=1271068723144&browid=b8d66a9&url=aHR0cDovL2NoYXQuZi1tLXNob3AuZGUvbGl2ZXppbGxhLw&livezilla=27fe282&cd=32&rh=1024&rw=1280&rf=&tzo=2&code=U0VSVkVSUEFHRQ__&en=&ee=&ec=&dc=TGl2ZVppbGxhIFNlcnZlciBQYWdl&geo_rid=7 HTTP/1.1" 200 85 "http://chat.f-m-shop.de/livezilla/" "Mozilla/5.0 (Windows; U; Windows NT 5.1; de; rv:1.9.1.9) Gecko/20100315 Firefox/3.5.9 (.NET CLR 3.5.30729)"
192.168.10.34 - - [12/Apr/2010:12:38:44 +0200] "POST /livezilla/server.php?acid=53f87 HTTP/1.1" 200 - "-" "LiveZilla 3.1.8.5 [http://www.livezilla.net]"
192.168.10.10 - - [12/Apr/2010:12:39:17 +0200] "GET /livezilla/server.php?request=track&start=1271068758152&browid=b8d66a9&url=aHR0cDovL2NoYXQuZi1tLXNob3AuZGUvbGl2ZXppbGxhLw&livezilla=27fe282&cd=32&rh=1024&rw=1280&rf=&tzo=2&code=U0VSVkVSUEFHRQ__&en=&ee=&ec=&dc=TGl2ZVppbGxhIFNlcnZlciBQYWdl&geo_rid=7 HTTP/1.1" 200 85 "http://chat.f-m-shop.de/livezilla/" "Mozilla/5.0 (Windows; U; Windows NT 5.1; de; rv:1.9.1.9) Gecko/20100315 Firefox/3.5.9 (.NET CLR 3.5.30729)"
192.168.10.34 - - [12/Apr/2010:12:39:06 +0200] "POST /livezilla/server.php?acid=e5105 HTTP/1.1" 200 - "-" "LiveZilla 3.1.8.5 [http://www.livezilla.net]"
192.168.10.34 - - [12/Apr/2010:12:39:28 +0200] "POST /livezilla/server.php?acid=db980 HTTP/1.1" 200 - "-" "LiveZilla 3.1.8.5 [http://www.livezilla.net]"
192.168.10.10 - - [12/Apr/2010:12:39:52 +0200] "GET /livezilla/server.php?request=track&start=1271068793147&browid=b8d66a9&url=aHR0cDovL2NoYXQuZi1tLXNob3AuZGUvbGl2ZXppbGxhLw&livezilla=27fe282&cd=32&rh=1024&rw=1280&rf=&tzo=2&code=U0VSVkVSUEFHRQ__&en=&ee=&ec=&dc=TGl2ZVppbGxhIFNlcnZlciBQYWdl&geo_rid=7 HTTP/1.1" 200 85 "http://chat.f-m-shop.de/livezilla/" "Mozilla/5.0 (Windows; U; Windows NT 5.1; de; rv:1.9.1.9) Gecko/20100315 Firefox/3.5.9 (.NET CLR 3.5.30729)"
192.168.10.34 - - [12/Apr/2010:12:39:50 +0200] "POST /livezilla/server.php?acid=26f5d HTTP/1.1" 200 - "-" "LiveZilla 3.1.8.5 [http://www.livezilla.net]"
192.168.10.10 - - [12/Apr/2010:12:40:27 +0200] "GET /livezilla/server.php?request=track&start=1271068828148&browid=b8d66a9&url=aHR0cDovL2NoYXQuZi1tLXNob3AuZGUvbGl2ZXppbGxhLw&livezilla=27fe282&cd=32&rh=1024&rw=1280&rf=&tzo=2&code=U0VSVkVSUEFHRQ__&en=&ee=&ec=&dc=TGl2ZVppbGxhIFNlcnZlciBQYWdl&geo_rid=7 HTTP/1.1" 200 85 "http://chat.f-m-shop.de/livezilla/" "Mozilla/5.0 (Windows; U; Windows NT 5.1; de; rv:1.9.1.9) Gecko/20100315 Firefox/3.5.9 (.NET CLR 3.5.30729)"
192.168.10.34 - - [12/Apr/2010:12:40:13 +0200] "POST /livezilla/server.php?acid=7cad4 HTTP/1.1" 200 - "-" "LiveZilla 3.1.8.5 [http://www.livezilla.net]"
192.168.10.34 - - [12/Apr/2010:12:40:35 +0200] "POST /livezilla/server.php?acid=d16fc HTTP/1.1" 200 - "-" "LiveZilla 3.1.8.5 [http://www.livezilla.net]"
192.168.10.10 - - [12/Apr/2010:12:41:02 +0200] "GET /livezilla/server.php?request=track&start=1271068863144&browid=b8d66a9&url=aHR0cDovL2NoYXQuZi1tLXNob3AuZGUvbGl2ZXppbGxhLw&livezilla=27fe282&cd=32&rh=1024&rw=1280&rf=&tzo=2&code=U0VSVkVSUEFHRQ__&en=&ee=&ec=&dc=TGl2ZVppbGxhIFNlcnZlciBQYWdl&geo_rid=7 HTTP/1.1" 200 85 "http://chat.f-m-shop.de/livezilla/" "Mozilla/5.0 (Windows; U; Windows NT 5.1; de; rv:1.9.1.9) Gecko/20100315 Firefox/3.5.9 (.NET CLR 3.5.30729)"
192.168.10.34 - - [12/Apr/2010:12:40:57 +0200] "POST /livezilla/server.php?acid=58bc2 HTTP/1.1" 200 - "-" "LiveZilla 3.1.8.5 [http://www.livezilla.net]"
192.168.10.10 - - [12/Apr/2010:12:41:37 +0200] "GET /livezilla/server.php?request=track&start=1271068898143&browid=b8d66a9&url=aHR0cDovL2NoYXQuZi1tLXNob3AuZGUvbGl2ZXppbGxhLw&livezilla=27fe282&cd=32&rh=1024&rw=1280&rf=&tzo=2&code=U0VSVkVSUEFHRQ__&en=&ee=&ec=&dc=TGl2ZVppbGxhIFNlcnZlciBQYWdl&geo_rid=7 HTTP/1.1" 200 85 "http://chat.f-m-shop.de/livezilla/" "Mozilla/5.0 (Windows; U; Windows NT 5.1; de; rv:1.9.1.9) Gecko/20100315 Firefox/3.5.9 (.NET CLR 3.5.30729)"
192.168.10.34 - - [12/Apr/2010:12:41:19 +0200] "POST /livezilla/server.php?acid=fda79 HTTP/1.1" 200 - "-" "LiveZilla 3.1.8.5 [http://www.livezilla.net]"
192.168.10.34 - - [12/Apr/2010:12:41:42 +0200] "POST /livezilla/server.php?acid=0cfbd HTTP/1.1" 200 - "-" "LiveZilla 3.1.8.5 [http://www.livezilla.net]"
192.168.10.10 - - [12/Apr/2010:12:42:12 +0200] "GET /livezilla/server.php?request=track&start=1271068933142&browid=b8d66a9&url=aHR0cDovL2NoYXQuZi1tLXNob3AuZGUvbGl2ZXppbGxhLw&livezilla=27fe282&cd=32&rh=1024&rw=1280&rf=&tzo=2&code=U0VSVkVSUEFHRQ__&en=&ee=&ec=&dc=TGl2ZVppbGxhIFNlcnZlciBQYWdl&geo_rid=7 HTTP/1.1" 200 85 "http://chat.f-m-shop.de/livezilla/" "Mozilla/5.0 (Windows; U; Windows NT 5.1; de; rv:1.9.1.9) Gecko/20100315 Firefox/3.5.9 (.NET CLR 3.5.30729)"
192.168.10.34 - - [12/Apr/2010:12:42:04 +0200] "POST /livezilla/server.php?acid=c843c HTTP/1.1" 200 - "-" "LiveZilla 3.1.8.5 [http://www.livezilla.net]"
192.168.10.34 - - [12/Apr/2010:12:42:26 +0200] "POST /livezilla/server.php?acid=3fc8f HTTP/1.1" 200 - "-" "LiveZilla 3.1.8.5 [http://www.livezilla.net]"
192.168.10.10 - - [12/Apr/2010:12:42:47 +0200] "GET /livezilla/server.php?request=track&start=1271068968159&browid=b8d66a9&url=aHR0cDovL2NoYXQuZi1tLXNob3AuZGUvbGl2ZXppbGxhLw&livezilla=27fe282&cd=32&rh=1024&rw=1280&rf=&tzo=2&code=U0VSVkVSUEFHRQ__&en=&ee=&ec=&dc=TGl2ZVppbGxhIFNlcnZlciBQYWdl&geo_rid=7 HTTP/1.1" 200 85 "http://chat.f-m-shop.de/livezilla/" "Mozilla/5.0 (Windows; U; Windows NT 5.1; de; rv:1.9.1.9) Gecko/20100315 Firefox/3.5.9 (.NET CLR 3.5.30729)"
192.168.10.34 - - [12/Apr/2010:12:42:58 +0200] "POST /livezilla/server.php?acid=4e82f HTTP/1.1" 200 - "-" "LiveZilla 3.1.8.5 [http://www.livezilla.net]"
192.168.10.10 - - [12/Apr/2010:12:43:22 +0200] "GET /livezilla/server.php?request=track&start=1271069003160&browid=b8d66a9&url=aHR0cDovL2NoYXQuZi1tLXNob3AuZGUvbGl2ZXppbGxhLw&livezilla=27fe282&cd=32&rh=1024&rw=1280&rf=&tzo=2&code=U0VSVkVSUEFHRQ__&en=&ee=&ec=&dc=TGl2ZVppbGxhIFNlcnZlciBQYWdl&geo_rid=7 HTTP/1.1" 200 85 "http://chat.f-m-shop.de/livezilla/" "Mozilla/5.0 (Windows; U; Windows NT 5.1; de; rv:1.9.1.9) Gecko/20100315 Firefox/3.5.9 (.NET CLR 3.5.30729)"
192.168.10.34 - - [12/Apr/2010:12:43:20 +0200] "POST /livezilla/server.php?acid=a4e4f HTTP/1.1" 200 - "-" "LiveZilla 3.1.8.5 [http://www.livezilla.net]"
192.168.10.10 - - [12/Apr/2010:12:43:57 +0200] "GET /livezilla/server.php?request=track&start=1271069038161&browid=b8d66a9&url=aHR0cDovL2NoYXQuZi1tLXNob3AuZGUvbGl2ZXppbGxhLw&livezilla=27fe282&cd=32&rh=1024&rw=1280&rf=&tzo=2&code=U0VSVkVSUEFHRQ__&en=&ee=&ec=&dc=TGl2ZVppbGxhIFNlcnZlciBQYWdl&geo_rid=7 HTTP/1.1" 200 85 "http://chat.f-m-shop.de/livezilla/" "Mozilla/5.0 (Windows; U; Windows NT 5.1; de; rv:1.9.1.9) Gecko/20100315 Firefox/3.5.9 (.NET CLR 3.5.30729)"
192.168.10.34 - - [12/Apr/2010:12:43:42 +0200] "POST /livezilla/server.php?acid=41784 HTTP/1.1" 200 - "-" "LiveZilla 3.1.8.5 [http://www.livezilla.net]"
192.168.10.34 - - [12/Apr/2010:12:44:05 +0200] "POST /livezilla/server.php?acid=5d4d4 HTTP/1.1" 200 - "-" "LiveZilla 3.1.8.5 [http://www.livezilla.net]"
192.168.10.10 - - [12/Apr/2010:12:44:32 +0200] "GET /livezilla/server.php?request=track&start=1271069073158&browid=b8d66a9&url=aHR0cDovL2NoYXQuZi1tLXNob3AuZGUvbGl2ZXppbGxhLw&livezilla=27fe282&cd=32&rh=1024&rw=1280&rf=&tzo=2&code=U0VSVkVSUEFHRQ__&en=&ee=&ec=&dc=TGl2ZVppbGxhIFNlcnZlciBQYWdl&geo_rid=7 HTTP/1.1" 200 85 "http://chat.f-m-shop.de/livezilla/" "Mozilla/5.0 (Windows; U; Windows NT 5.1; de; rv:1.9.1.9) Gecko/20100315 Firefox/3.5.9 (.NET CLR 3.5.30729)"
192.168.10.34 - - [12/Apr/2010:12:44:27 +0200] "POST /livezilla/server.php?acid=03fb3 HTTP/1.1" 200 - "-" "LiveZilla 3.1.8.5 [http://www.livezilla.net]"
192.168.10.34 - - [12/Apr/2010:12:44:49 +0200] "POST /livezilla/server.php?acid=1f7f5 HTTP/1.1" 200 - "-" "LiveZilla 3.1.8.5 [http://www.livezilla.net]"
192.168.10.10 - - [12/Apr/2010:12:45:07 +0200] "GET /livezilla/server.php?request=track&start=1271069108160&browid=b8d66a9&url=aHR0cDovL2NoYXQuZi1tLXNob3AuZGUvbGl2ZXppbGxhLw&livezilla=27fe282&cd=32&rh=1024&rw=1280&rf=&tzo=2&code=U0VSVkVSUEFHRQ__&en=&ee=&ec=&dc=TGl2ZVppbGxhIFNlcnZlciBQYWdl&geo_rid=7 HTTP/1.1" 200 85 "http://chat.f-m-shop.de/livezilla/" "Mozilla/5.0 (Windows; U; Windows NT 5.1; de; rv:1.9.1.9) Gecko/20100315 Firefox/3.5.9 (.NET CLR 3.5.30729)"
192.168.10.34 - - [12/Apr/2010:12:45:11 +0200] "POST /livezilla/server.php?acid=2619a HTTP/1.1" 200 - "-" "LiveZilla 3.1.8.5 [http://www.livezilla.net]"
192.168.10.10 - - [12/Apr/2010:12:45:42 +0200] "GET /livezilla/server.php?request=track&start=1271069143159&browid=b8d66a9&url=aHR0cDovL2NoYXQuZi1tLXNob3AuZGUvbGl2ZXppbGxhLw&livezilla=27fe282&cd=32&rh=1024&rw=1280&rf=&tzo=2&code=U0VSVkVSUEFHRQ__&en=&ee=&ec=&dc=TGl2ZVppbGxhIFNlcnZlciBQYWdl&geo_rid=7 HTTP/1.1" 200 85 "http://chat.f-m-shop.de/livezilla/" "Mozilla/5.0 (Windows; U; Windows NT 5.1; de; rv:1.9.1.9) Gecko/20100315 Firefox/3.5.9 (.NET CLR 3.5.30729)"
192.168.10.34 - - [12/Apr/2010:12:45:33 +0200] "POST /livezilla/server.php?acid=e1c78 HTTP/1.1" 200 - "-" "LiveZilla 3.1.8.5 [http://www.livezilla.net]"
192.168.10.34 - - [12/Apr/2010:12:45:56 +0200] "POST /livezilla/server.php?acid=14308 HTTP/1.1" 200 - "-" "LiveZilla 3.1.8.5 [http://www.livezilla.net]"
192.168.10.10 - - [12/Apr/2010:12:46:17 +0200] "GET /livezilla/server.php?request=track&start=1271069178159&browid=b8d66a9&url=aHR0cDovL2NoYXQuZi1tLXNob3AuZGUvbGl2ZXppbGxhLw&livezilla=27fe282&cd=32&rh=1024&rw=1280&rf=&tzo=2&code=U0VSVkVSUEFHRQ__&en=&ee=&ec=&dc=TGl2ZVppbGxhIFNlcnZlciBQYWdl&geo_rid=7 HTTP/1.1" 200 85 "http://chat.f-m-shop.de/livezilla/" "Mozilla/5.0 (Windows; U; Windows NT 5.1; de; rv:1.9.1.9) Gecko/20100315 Firefox/3.5.9 (.NET CLR 3.5.30729)"
192.168.10.34 - - [12/Apr/2010:12:46:18 +0200] "POST /livezilla/server.php?acid=129c0 HTTP/1.1" 200 - "-" "LiveZilla 3.1.8.5 [http://www.livezilla.net]"
192.168.10.10 - - [12/Apr/2010:12:46:52 +0200] "GET /livezilla/server.php?request=track&start=1271069213153&browid=b8d66a9&url=aHR0cDovL2NoYXQuZi1tLXNob3AuZGUvbGl2ZXppbGxhLw&livezilla=27fe282&cd=32&rh=1024&rw=1280&rf=&tzo=2&code=U0VSVkVSUEFHRQ__&en=&ee=&ec=&dc=TGl2ZVppbGxhIFNlcnZlciBQYWdl&geo_rid=7 HTTP/1.1" 200 85 "http://chat.f-m-shop.de/livezilla/" "Mozilla/5.0 (Windows; U; Windows NT 5.1; de; rv:1.9.1.9) Gecko/20100315 Firefox/3.5.9 (.NET CLR 3.5.30729)"
192.168.10.34 - - [12/Apr/2010:12:46:40 +0200] "POST /livezilla/server.php?acid=0b19b HTTP/1.1" 200 - "-" "LiveZilla 3.1.8.5 [http://www.livezilla.net]"
192.168.10.34 - - [12/Apr/2010:12:47:02 +0200] "POST /livezilla/server.php?acid=f99d0 HTTP/1.1" 200 - "-" "LiveZilla 3.1.8.5 [http://www.livezilla.net]"
192.168.10.10 - - [12/Apr/2010:12:47:27 +0200] "GET /livezilla/server.php?request=track&start=1271069248112&browid=b8d66a9&url=aHR0cDovL2NoYXQuZi1tLXNob3AuZGUvbGl2ZXppbGxhLw&livezilla=27fe282&cd=32&rh=1024&rw=1280&rf=&tzo=2&code=U0VSVkVSUEFHRQ__&en=&ee=&ec=&dc=TGl2ZVppbGxhIFNlcnZlciBQYWdl&geo_rid=7 HTTP/1.1" 200 85 "http://chat.f-m-shop.de/livezilla/" "Mozilla/5.0 (Windows; U; Windows NT 5.1; de; rv:1.9.1.9) Gecko/20100315 Firefox/3.5.9 (.NET CLR 3.5.30729)"
192.168.10.34 - - [12/Apr/2010:12:47:25 +0200] "POST /livezilla/server.php?acid=7d32c HTTP/1.1" 200 - "-" "LiveZilla 3.1.8.5 [http://www.livezilla.net]"
192.168.10.10 - - [12/Apr/2010:12:48:02 +0200] "GET /livezilla/server.php?request=track&start=1271069283112&browid=b8d66a9&url=aHR0cDovL2NoYXQuZi1tLXNob3AuZGUvbGl2ZXppbGxhLw&livezilla=27fe282&cd=32&rh=1024&rw=1280&rf=&tzo=2&code=U0VSVkVSUEFHRQ__&en=&ee=&ec=&dc=TGl2ZVppbGxhIFNlcnZlciBQYWdl&geo_rid=7 HTTP/1.1" 200 85 "http://chat.f-m-shop.de/livezilla/" "Mozilla/5.0 (Windows; U; Windows NT 5.1; de; rv:1.9.1.9) Gecko/20100315 Firefox/3.5.9 (.NET CLR 3.5.30729)"
192.168.10.34 - - [12/Apr/2010:12:47:47 +0200] "POST /livezilla/server.php?acid=003f8 HTTP/1.1" 200 - "-" "LiveZilla 3.1.8.5 [http://www.livezilla.net]"
192.168.10.34 - - [12/Apr/2010:12:48:09 +0200] "POST /livezilla/server.php?acid=afbd8 HTTP/1.1" 200 - "-" "LiveZilla 3.1.8.5 [http://www.livezilla.net]"
192.168.10.10 - - [12/Apr/2010:12:48:37 +0200] "GET /livezilla/server.php?request=track&start=1271069318097&browid=b8d66a9&url=aHR0cDovL2NoYXQuZi1tLXNob3AuZGUvbGl2ZXppbGxhLw&livezilla=27fe282&cd=32&rh=1024&rw=1280&rf=&tzo=2&code=U0VSVkVSUEFHRQ__&en=&ee=&ec=&dc=TGl2ZVppbGxhIFNlcnZlciBQYWdl&geo_rid=7 HTTP/1.1" 200 85 "http://chat.f-m-shop.de/livezilla/" "Mozilla/5.0 (Windows; U; Windows NT 5.1; de; rv:1.9.1.9) Gecko/20100315 Firefox/3.5.9 (.NET CLR 3.5.30729)"
192.168.10.34 - - [12/Apr/2010:12:48:31 +0200] "POST /livezilla/server.php?acid=39b6b HTTP/1.1" 200 - "-" "LiveZilla 3.1.8.5 [http://www.livezilla.net]"
192.168.10.34 - - [12/Apr/2010:12:48:53 +0200] "POST /livezilla/server.php?acid=7a013 HTTP/1.1" 200 - "-" "LiveZilla 3.1.8.5 [http://www.livezilla.net]"
192.168.10.10 - - [12/Apr/2010:12:49:12 +0200] "GET /livezilla/server.php?request=track&start=1271069353070&browid=b8d66a9&url=aHR0cDovL2NoYXQuZi1tLXNob3AuZGUvbGl2ZXppbGxhLw&livezilla=27fe282&cd=32&rh=1024&rw=1280&rf=&tzo=2&code=U0VSVkVSUEFHRQ__&en=&ee=&ec=&dc=TGl2ZVppbGxhIFNlcnZlciBQYWdl&geo_rid=7 HTTP/1.1" 200 85 "http://chat.f-m-shop.de/livezilla/" "Mozilla/5.0 (Windows; U; Windows NT 5.1; de; rv:1.9.1.9) Gecko/20100315 Firefox/3.5.9 (.NET CLR 3.5.30729)"
192.168.10.34 - - [12/Apr/2010:12:49:16 +0200] "POST /livezilla/server.php?acid=14e8f HTTP/1.1" 200 - "-" "LiveZilla 3.1.8.5 [http://www.livezilla.net]"
192.168.10.10 - - [12/Apr/2010:12:49:47 +0200] "GET /livezilla/server.php?request=track&start=1271069388050&browid=b8d66a9&url=aHR0cDovL2NoYXQuZi1tLXNob3AuZGUvbGl2ZXppbGxhLw&livezilla=27fe282&cd=32&rh=1024&rw=1280&rf=&tzo=2&code=U0VSVkVSUEFHRQ__&en=&ee=&ec=&dc=TGl2ZVppbGxhIFNlcnZlciBQYWdl&geo_rid=7 HTTP/1.1" 200 85 "http://chat.f-m-shop.de/livezilla/" "Mozilla/5.0 (Windows; U; Windows NT 5.1; de; rv:1.9.1.9) Gecko/20100315 Firefox/3.5.9 (.NET CLR 3.5.30729)"
192.168.10.34 - - [12/Apr/2010:12:49:38 +0200] "POST /livezilla/server.php?acid=e1f56 HTTP/1.1" 200 - "-" "LiveZilla 3.1.8.5 [http://www.livezilla.net]"
192.168.10.34 - - [12/Apr/2010:12:50:00 +0200] "POST /livezilla/server.php?acid=72d4a HTTP/1.1" 200 - "-" "LiveZilla 3.1.8.5 [http://www.livezilla.net]"
192.168.10.10 - - [12/Apr/2010:12:50:22 +0200] "GET /livezilla/server.php?request=track&start=1271069423044&browid=b8d66a9&url=aHR0cDovL2NoYXQuZi1tLXNob3AuZGUvbGl2ZXppbGxhLw&livezilla=27fe282&cd=32&rh=1024&rw=1280&rf=&tzo=2&code=U0VSVkVSUEFHRQ__&en=&ee=&ec=&dc=TGl2ZVppbGxhIFNlcnZlciBQYWdl&geo_rid=7 HTTP/1.1" 200 85 "http://chat.f-m-shop.de/livezilla/" "Mozilla/5.0 (Windows; U; Windows NT 5.1; de; rv:1.9.1.9) Gecko/20100315 Firefox/3.5.9 (.NET CLR 3.5.30729)"
192.168.10.34 - - [12/Apr/2010:12:50:22 +0200] "POST /livezilla/server.php?acid=39d15 HTTP/1.1" 200 - "-" "LiveZilla 3.1.8.5 [http://www.livezilla.net]"
192.168.10.10 - - [12/Apr/2010:12:50:57 +0200] "GET /livezilla/server.php?request=track&start=1271069458014&browid=b8d66a9&url=aHR0cDovL2NoYXQuZi1tLXNob3AuZGUvbGl2ZXppbGxhLw&livezilla=27fe282&cd=32&rh=1024&rw=1280&rf=&tzo=2&code=U0VSVkVSUEFHRQ__&en=&ee=&ec=&dc=TGl2ZVppbGxhIFNlcnZlciBQYWdl&geo_rid=7 HTTP/1.1" 200 85 "http://chat.f-m-shop.de/livezilla/" "Mozilla/5.0 (Windows; U; Windows NT 5.1; de; rv:1.9.1.9) Gecko/20100315 Firefox/3.5.9 (.NET CLR 3.5.30729)"
192.168.10.34 - - [12/Apr/2010:12:50:45 +0200] "POST /livezilla/server.php?acid=8b57c HTTP/1.1" 200 - "-" "LiveZilla 3.1.8.5 [http://www.livezilla.net]"
192.168.10.34 - - [12/Apr/2010:12:51:07 +0200] "POST /livezilla/server.php?acid=aa9d7 HTTP/1.1" 200 - "-" "LiveZilla 3.1.8.5 [http://www.livezilla.net]"
192.168.10.10 - - [12/Apr/2010:12:51:32 +0200] "GET /livezilla/server.php?request=track&start=1271069492978&browid=b8d66a9&url=aHR0cDovL2NoYXQuZi1tLXNob3AuZGUvbGl2ZXppbGxhLw&livezilla=27fe282&cd=32&rh=1024&rw=1280&rf=&tzo=2&code=U0VSVkVSUEFHRQ__&en=&ee=&ec=&dc=TGl2ZVppbGxhIFNlcnZlciBQYWdl&geo_rid=7 HTTP/1.1" 200 85 "http://chat.f-m-shop.de/livezilla/" "Mozilla/5.0 (Windows; U; Windows NT 5.1; de; rv:1.9.1.9) Gecko/20100315 Firefox/3.5.9 (.NET CLR 3.5.30729)"
192.168.10.34 - - [12/Apr/2010:12:51:29 +0200] "POST /livezilla/server.php?acid=cd6f8 HTTP/1.1" 200 - "-" "LiveZilla 3.1.8.5 [http://www.livezilla.net]"
192.168.10.10 - - [12/Apr/2010:12:52:07 +0200] "GET /livezilla/server.php?request=track&start=1271069527976&browid=b8d66a9&url=aHR0cDovL2NoYXQuZi1tLXNob3AuZGUvbGl2ZXppbGxhLw&livezilla=27fe282&cd=32&rh=1024&rw=1280&rf=&tzo=2&code=U0VSVkVSUEFHRQ__&en=&ee=&ec=&dc=TGl2ZVppbGxhIFNlcnZlciBQYWdl&geo_rid=7 HTTP/1.1" 200 85 "http://chat.f-m-shop.de/livezilla/" "Mozilla/5.0 (Windows; U; Windows NT 5.1; de; rv:1.9.1.9) Gecko/20100315 Firefox/3.5.9 (.NET CLR 3.5.30729)"
192.168.10.34 - - [12/Apr/2010:12:51:51 +0200] "POST /livezilla/server.php?acid=3660b HTTP/1.1" 200 - "-" "LiveZilla 3.1.8.5 [http://www.livezilla.net]"
192.168.10.34 - - [12/Apr/2010:12:52:13 +0200] "POST /livezilla/server.php?acid=9f55e HTTP/1.1" 200 - "-" "LiveZilla 3.1.8.5 [http://www.livezilla.net]"
192.168.10.10 - - [12/Apr/2010:12:52:42 +0200] "GET /livezilla/server.php?request=track&start=1271069562975&browid=b8d66a9&url=aHR0cDovL2NoYXQuZi1tLXNob3AuZGUvbGl2ZXppbGxhLw&livezilla=27fe282&cd=32&rh=1024&rw=1280&rf=&tzo=2&code=U0VSVkVSUEFHRQ__&en=&ee=&ec=&dc=TGl2ZVppbGxhIFNlcnZlciBQYWdl&geo_rid=7 HTTP/1.1" 200 85 "http://chat.f-m-shop.de/livezilla/" "Mozilla/5.0 (Windows; U; Windows NT 5.1; de; rv:1.9.1.9) Gecko/20100315 Firefox/3.5.9 (.NET CLR 3.5.30729)"
192.168.10.34 - - [12/Apr/2010:12:52:36 +0200] "POST /livezilla/server.php?acid=033cf HTTP/1.1" 200 - "-" "LiveZilla 3.1.8.5 [http://www.livezilla.net]"
192.168.10.34 - - [12/Apr/2010:12:52:58 +0200] "POST /livezilla/server.php?acid=97b85 HTTP/1.1" 200 - "-" "LiveZilla 3.1.8.5 [http://www.livezilla.net]"
192.168.10.10 - - [12/Apr/2010:12:53:17 +0200] "GET /livezilla/server.php?request=track&start=1271069597934&browid=b8d66a9&url=aHR0cDovL2NoYXQuZi1tLXNob3AuZGUvbGl2ZXppbGxhLw&livezilla=27fe282&cd=32&rh=1024&rw=1280&rf=&tzo=2&code=U0VSVkVSUEFHRQ__&en=&ee=&ec=&dc=TGl2ZVppbGxhIFNlcnZlciBQYWdl&geo_rid=7 HTTP/1.1" 200 85 "http://chat.f-m-shop.de/livezilla/" "Mozilla/5.0 (Windows; U; Windows NT 5.1; de; rv:1.9.1.9) Gecko/20100315 Firefox/3.5.9 (.NET CLR 3.5.30729)"
192.168.10.34 - - [12/Apr/2010:12:53:20 +0200] "POST /livezilla/server.php?acid=20f72 HTTP/1.1" 200 - "-" "LiveZilla 3.1.8.5 [http://www.livezilla.net]"
192.168.10.10 - - [12/Apr/2010:12:53:52 +0200] "GET /livezilla/server.php?request=track&start=1271069632932&browid=b8d66a9&url=aHR0cDovL2NoYXQuZi1tLXNob3AuZGUvbGl2ZXppbGxhLw&livezilla=27fe282&cd=32&rh=1024&rw=1280&rf=&tzo=2&code=U0VSVkVSUEFHRQ__&en=&ee=&ec=&dc=TGl2ZVppbGxhIFNlcnZlciBQYWdl&geo_rid=7 HTTP/1.1" 200 85 "http://chat.f-m-shop.de/livezilla/" "Mozilla/5.0 (Windows; U; Windows NT 5.1; de; rv:1.9.1.9) Gecko/20100315 Firefox/3.5.9 (.NET CLR 3.5.30729)"
192.168.10.34 - - [12/Apr/2010:12:53:42 +0200] "POST /livezilla/server.php?acid=928c8 HTTP/1.1" 200 - "-" "LiveZilla 3.1.8.5 [http://www.livezilla.net]"
192.168.10.34 - - [12/Apr/2010:12:54:04 +0200] "POST /livezilla/server.php?acid=889af HTTP/1.1" 200 - "-" "LiveZilla 3.1.8.5 [http://www.livezilla.net]"
192.168.10.10 - - [12/Apr/2010:12:54:27 +0200] "GET /livezilla/server.php?request=track&start=1271069667933&browid=b8d66a9&url=aHR0cDovL2NoYXQuZi1tLXNob3AuZGUvbGl2ZXppbGxhLw&livezilla=27fe282&cd=32&rh=1024&rw=1280&rf=&tzo=2&code=U0VSVkVSUEFHRQ__&en=&ee=&ec=&dc=TGl2ZVppbGxhIFNlcnZlciBQYWdl&geo_rid=7 HTTP/1.1" 200 85 "http://chat.f-m-shop.de/livezilla/" "Mozilla/5.0 (Windows; U; Windows NT 5.1; de; rv:1.9.1.9) Gecko/20100315 Firefox/3.5.9 (.NET CLR 3.5.30729)"
192.168.10.34 - - [12/Apr/2010:12:54:27 +0200] "POST /livezilla/server.php?acid=4e000 HTTP/1.1" 200 - "-" "LiveZilla 3.1.8.5 [http://www.livezilla.net]"
192.168.10.10 - - [12/Apr/2010:12:55:02 +0200] "GET /livezilla/server.php?request=track&start=1271069702932&browid=b8d66a9&url=aHR0cDovL2NoYXQuZi1tLXNob3AuZGUvbGl2ZXppbGxhLw&livezilla=27fe282&cd=32&rh=1024&rw=1280&rf=&tzo=2&code=U0VSVkVSUEFHRQ__&en=&ee=&ec=&dc=TGl2ZVppbGxhIFNlcnZlciBQYWdl&geo_rid=7 HTTP/1.1" 200 85 "http://chat.f-m-shop.de/livezilla/" "Mozilla/5.0 (Windows; U; Windows NT 5.1; de; rv:1.9.1.9) Gecko/20100315 Firefox/3.5.9 (.NET CLR 3.5.30729)"
192.168.10.34 - - [12/Apr/2010:12:54:49 +0200] "POST /livezilla/server.php?acid=0622c HTTP/1.1" 200 - "-" "LiveZilla 3.1.8.5 [http://www.livezilla.net]"
192.168.10.34 - - [12/Apr/2010:12:55:11 +0200] "POST /livezilla/server.php?acid=37206 HTTP/1.1" 200 - "-" "LiveZilla 3.1.8.5 [http://www.livezilla.net]"
192.168.10.10 - - [12/Apr/2010:12:55:37 +0200] "GET /livezilla/server.php?request=track&start=1271069737892&browid=b8d66a9&url=aHR0cDovL2NoYXQuZi1tLXNob3AuZGUvbGl2ZXppbGxhLw&livezilla=27fe282&cd=32&rh=1024&rw=1280&rf=&tzo=2&code=U0VSVkVSUEFHRQ__&en=&ee=&ec=&dc=TGl2ZVppbGxhIFNlcnZlciBQYWdl&geo_rid=7 HTTP/1.1" 200 85 "http://chat.f-m-shop.de/livezilla/" "Mozilla/5.0 (Windows; U; Windows NT 5.1; de; rv:1.9.1.9) Gecko/20100315 Firefox/3.5.9 (.NET CLR 3.5.30729)"
192.168.10.34 - - [12/Apr/2010:12:55:33 +0200] "POST /livezilla/server.php?acid=b2004 HTTP/1.1" 200 - "-" "LiveZilla 3.1.8.5 [http://www.livezilla.net]"
192.168.10.10 - - [12/Apr/2010:12:56:12 +0200] "GET /livezilla/server.php?request=track&start=1271069772889&browid=b8d66a9&url=aHR0cDovL2NoYXQuZi1tLXNob3AuZGUvbGl2ZXppbGxhLw&livezilla=27fe282&cd=32&rh=1024&rw=1280&rf=&tzo=2&code=U0VSVkVSUEFHRQ__&en=&ee=&ec=&dc=TGl2ZVppbGxhIFNlcnZlciBQYWdl&geo_rid=7 HTTP/1.1" 200 85 "http://chat.f-m-shop.de/livezilla/" "Mozilla/5.0 (Windows; U; Windows NT 5.1; de; rv:1.9.1.9) Gecko/20100315 Firefox/3.5.9 (.NET CLR 3.5.30729)"
192.168.10.34 - - [12/Apr/2010:12:55:56 +0200] "POST /livezilla/server.php?acid=e0d16 HTTP/1.1" 200 - "-" "LiveZilla 3.1.8.5 [http://www.livezilla.net]"
192.168.10.34 - - [12/Apr/2010:12:56:18 +0200] "POST /livezilla/server.php?acid=b9f47 HTTP/1.1" 200 - "-" "LiveZilla 3.1.8.5 [http://www.livezilla.net]"
192.168.10.10 - - [12/Apr/2010:12:56:47 +0200] "GET /livezilla/server.php?request=track&start=1271069807889&browid=b8d66a9&url=aHR0cDovL2NoYXQuZi1tLXNob3AuZGUvbGl2ZXppbGxhLw&livezilla=27fe282&cd=32&rh=1024&rw=1280&rf=&tzo=2&code=U0VSVkVSUEFHRQ__&en=&ee=&ec=&dc=TGl2ZVppbGxhIFNlcnZlciBQYWdl&geo_rid=7 HTTP/1.1" 200 85 "http://chat.f-m-shop.de/livezilla/" "Mozilla/5.0 (Windows; U; Windows NT 5.1; de; rv:1.9.1.9) Gecko/20100315 Firefox/3.5.9 (.NET CLR 3.5.30729)"
192.168.10.34 - - [12/Apr/2010:12:56:40 +0200] "POST /livezilla/server.php?acid=54d77 HTTP/1.1" 200 - "-" "LiveZilla 3.1.8.5 [http://www.livezilla.net]"
192.168.10.34 - - [12/Apr/2010:12:57:02 +0200] "POST /livezilla/server.php?acid=2199c HTTP/1.1" 200 - "-" "LiveZilla 3.1.8.5 [http://www.livezilla.net]"
192.168.10.10 - - [12/Apr/2010:12:57:22 +0200] "GET /livezilla/server.php?request=track&start=1271069842888&browid=b8d66a9&url=aHR0cDovL2NoYXQuZi1tLXNob3AuZGUvbGl2ZXppbGxhLw&livezilla=27fe282&cd=32&rh=1024&rw=1280&rf=&tzo=2&code=U0VSVkVSUEFHRQ__&en=&ee=&ec=&dc=TGl2ZVppbGxhIFNlcnZlciBQYWdl&geo_rid=7 HTTP/1.1" 200 85 "http://chat.f-m-shop.de/livezilla/" "Mozilla/5.0 (Windows; U; Windows NT 5.1; de; rv:1.9.1.9) Gecko/20100315 Firefox/3.5.9 (.NET CLR 3.5.30729)"
192.168.10.34 - - [12/Apr/2010:12:57:24 +0200] "POST /livezilla/server.php?acid=2c132 HTTP/1.1" 200 - "-" "LiveZilla 3.1.8.5 [http://www.livezilla.net]"
192.168.10.10 - - [12/Apr/2010:12:57:57 +0200] "GET /livezilla/server.php?request=track&start=1271069877890&browid=b8d66a9&url=aHR0cDovL2NoYXQuZi1tLXNob3AuZGUvbGl2ZXppbGxhLw&livezilla=27fe282&cd=32&rh=1024&rw=1280&rf=&tzo=2&code=U0VSVkVSUEFHRQ__&en=&ee=&ec=&dc=TGl2ZVppbGxhIFNlcnZlciBQYWdl&geo_rid=7 HTTP/1.1" 200 85 "http://chat.f-m-shop.de/livezilla/" "Mozilla/5.0 (Windows; U; Windows NT 5.1; de; rv:1.9.1.9) Gecko/20100315 Firefox/3.5.9 (.NET CLR 3.5.30729)"
192.168.10.34 - - [12/Apr/2010:12:57:47 +0200] "POST /livezilla/server.php?acid=4b49e HTTP/1.1" 200 - "-" "LiveZilla 3.1.8.5 [http://www.livezilla.net]"
192.168.10.34 - - [12/Apr/2010:12:58:09 +0200] "POST /livezilla/server.php?acid=9acd9 HTTP/1.1" 200 - "-" "LiveZilla 3.1.8.5 [http://www.livezilla.net]"
192.168.10.10 - - [12/Apr/2010:12:58:32 +0200] "GET /livezilla/server.php?request=track&start=1271069912873&browid=b8d66a9&url=aHR0cDovL2NoYXQuZi1tLXNob3AuZGUvbGl2ZXppbGxhLw&livezilla=27fe282&cd=32&rh=1024&rw=1280&rf=&tzo=2&code=U0VSVkVSUEFHRQ__&en=&ee=&ec=&dc=TGl2ZVppbGxhIFNlcnZlciBQYWdl&geo_rid=7 HTTP/1.1" 200 85 "http://chat.f-m-shop.de/livezilla/" "Mozilla/5.0 (Windows; U; Windows NT 5.1; de; rv:1.9.1.9) Gecko/20100315 Firefox/3.5.9 (.NET CLR 3.5.30729)"
192.168.10.34 - - [12/Apr/2010:12:58:31 +0200] "POST /livezilla/server.php?acid=7675b HTTP/1.1" 200 - "-" "LiveZilla 3.1.8.5 [http://www.livezilla.net]"
192.168.10.10 - - [12/Apr/2010:12:59:07 +0200] "GET /livezilla/server.php?request=track&start=1271069947873&browid=b8d66a9&url=aHR0cDovL2NoYXQuZi1tLXNob3AuZGUvbGl2ZXppbGxhLw&livezilla=27fe282&cd=32&rh=1024&rw=1280&rf=&tzo=2&code=U0VSVkVSUEFHRQ__&en=&ee=&ec=&dc=TGl2ZVppbGxhIFNlcnZlciBQYWdl&geo_rid=7 HTTP/1.1" 200 85 "http://chat.f-m-shop.de/livezilla/" "Mozilla/5.0 (Windows; U; Windows NT 5.1; de; rv:1.9.1.9) Gecko/20100315 Firefox/3.5.9 (.NET CLR 3.5.30729)"
192.168.10.34 - - [12/Apr/2010:12:58:53 +0200] "POST /livezilla/server.php?acid=6377a HTTP/1.1" 200 - "-" "LiveZilla 3.1.8.5 [http://www.livezilla.net]"
192.168.10.34 - - [12/Apr/2010:12:59:16 +0200] "POST /livezilla/server.php?acid=ce714 HTTP/1.1" 200 - "-" "LiveZilla 3.1.8.5 [http://www.livezilla.net]"
192.168.10.10 - - [12/Apr/2010:12:59:42 +0200] "GET /livezilla/server.php?request=track&start=1271069982846&browid=b8d66a9&url=aHR0cDovL2NoYXQuZi1tLXNob3AuZGUvbGl2ZXppbGxhLw&livezilla=27fe282&cd=32&rh=1024&rw=1280&rf=&tzo=2&code=U0VSVkVSUEFHRQ__&en=&ee=&ec=&dc=TGl2ZVppbGxhIFNlcnZlciBQYWdl&geo_rid=7 HTTP/1.1" 200 85 "http://chat.f-m-shop.de/livezilla/" "Mozilla/5.0 (Windows; U; Windows NT 5.1; de; rv:1.9.1.9) Gecko/20100315 Firefox/3.5.9 (.NET CLR 3.5.30729)"
192.168.10.34 - - [12/Apr/2010:12:59:38 +0200] "POST /livezilla/server.php?acid=ab020 HTTP/1.1" 200 - "-" "LiveZilla 3.1.8.5 [http://www.livezilla.net]"
192.168.10.10 - - [12/Apr/2010:13:00:17 +0200] "GET /livezilla/server.php?request=track&start=1271070017847&browid=b8d66a9&url=aHR0cDovL2NoYXQuZi1tLXNob3AuZGUvbGl2ZXppbGxhLw&livezilla=27fe282&cd=32&rh=1024&rw=1280&rf=&tzo=2&code=U0VSVkVSUEFHRQ__&en=&ee=&ec=&dc=TGl2ZVppbGxhIFNlcnZlciBQYWdl&geo_rid=7 HTTP/1.1" 200 85 "http://chat.f-m-shop.de/livezilla/" "Mozilla/5.0 (Windows; U; Windows NT 5.1; de; rv:1.9.1.9) Gecko/20100315 Firefox/3.5.9 (.NET CLR 3.5.30729)"
192.168.10.34 - - [12/Apr/2010:13:00:00 +0200] "POST /livezilla/server.php?acid=7850c HTTP/1.1" 200 - "-" "LiveZilla 3.1.8.5 [http://www.livezilla.net]"
192.168.10.34 - - [12/Apr/2010:13:00:22 +0200] "POST /livezilla/server.php?acid=c7f65 HTTP/1.1" 200 - "-" "LiveZilla 3.1.8.5 [http://www.livezilla.net]"
