192.168.10.10 - - [08/Apr/2010:16:21:07 +0200] "GET /livezilla/server.php?request=track&start=1270736467771&browid=0c29830&url=http%3A%2F%2Fchat.f-m-shop.de%2Flivezilla%2F&livezilla=27fe282&cd=32&rh=1024&rw=1280&rf=&tzo=2&code=SERVERPAGE HTTP/1.1" 200 85 "http://chat.f-m-shop.de/livezilla/" "Mozilla/5.0 (Windows; U; Windows NT 5.1; de; rv:1.9.1.9) Gecko/20100315 Firefox/3.5.9 (.NET CLR 3.5.30729)"
192.168.10.10 - - [08/Apr/2010:16:21:37 +0200] "GET /livezilla/server.php?request=track&start=1270736497771&browid=0c29830&url=http%3A%2F%2Fchat.f-m-shop.de%2Flivezilla%2F&livezilla=27fe282&cd=32&rh=1024&rw=1280&rf=&tzo=2&code=SERVERPAGE HTTP/1.1" 200 85 "http://chat.f-m-shop.de/livezilla/" "Mozilla/5.0 (Windows; U; Windows NT 5.1; de; rv:1.9.1.9) Gecko/20100315 Firefox/3.5.9 (.NET CLR 3.5.30729)"
192.168.10.34 - - [08/Apr/2010:16:20:58 +0200] "POST /livezilla/server.php?acid=10320 HTTP/1.1" 200 - "-" "LiveZilla 3.1.7.7 [http://www.livezilla.net]"
192.168.10.10 - - [08/Apr/2010:16:22:07 +0200] "GET /livezilla/server.php?request=track&start=1270736527769&browid=0c29830&url=http%3A%2F%2Fchat.f-m-shop.de%2Flivezilla%2F&livezilla=27fe282&cd=32&rh=1024&rw=1280&rf=&tzo=2&code=SERVERPAGE HTTP/1.1" 200 85 "http://chat.f-m-shop.de/livezilla/" "Mozilla/5.0 (Windows; U; Windows NT 5.1; de; rv:1.9.1.9) Gecko/20100315 Firefox/3.5.9 (.NET CLR 3.5.30729)"
192.168.10.34 - - [08/Apr/2010:16:21:47 +0200] "POST /livezilla/server.php?acid=1206d HTTP/1.1" 200 - "-" "LiveZilla 3.1.7.7 [http://www.livezilla.net]"
192.168.10.10 - - [08/Apr/2010:16:22:37 +0200] "GET /livezilla/server.php?request=track&start=1270736557769&browid=0c29830&url=http%3A%2F%2Fchat.f-m-shop.de%2Flivezilla%2F&livezilla=27fe282&cd=32&rh=1024&rw=1280&rf=&tzo=2&code=SERVERPAGE HTTP/1.1" 200 85 "http://chat.f-m-shop.de/livezilla/" "Mozilla/5.0 (Windows; U; Windows NT 5.1; de; rv:1.9.1.9) Gecko/20100315 Firefox/3.5.9 (.NET CLR 3.5.30729)"
192.168.10.10 - - [08/Apr/2010:16:23:07 +0200] "GET /livezilla/server.php?request=track&start=1270736587771&browid=0c29830&url=http%3A%2F%2Fchat.f-m-shop.de%2Flivezilla%2F&livezilla=27fe282&cd=32&rh=1024&rw=1280&rf=&tzo=2&code=SERVERPAGE HTTP/1.1" 200 85 "http://chat.f-m-shop.de/livezilla/" "Mozilla/5.0 (Windows; U; Windows NT 5.1; de; rv:1.9.1.9) Gecko/20100315 Firefox/3.5.9 (.NET CLR 3.5.30729)"
192.168.10.34 - - [08/Apr/2010:16:22:35 +0200] "POST /livezilla/server.php?acid=50cbd HTTP/1.1" 200 - "-" "LiveZilla 3.1.7.7 [http://www.livezilla.net]"
192.168.10.10 - - [08/Apr/2010:16:23:37 +0200] "GET /livezilla/server.php?request=track&start=1270736617724&browid=0c29830&url=http%3A%2F%2Fchat.f-m-shop.de%2Flivezilla%2F&livezilla=27fe282&cd=32&rh=1024&rw=1280&rf=&tzo=2&code=SERVERPAGE HTTP/1.1" 200 85 "http://chat.f-m-shop.de/livezilla/" "Mozilla/5.0 (Windows; U; Windows NT 5.1; de; rv:1.9.1.9) Gecko/20100315 Firefox/3.5.9 (.NET CLR 3.5.30729)"
192.168.10.10 - - [08/Apr/2010:16:24:07 +0200] "GET /livezilla/server.php?request=track&start=1270736647668&browid=0c29830&url=http%3A%2F%2Fchat.f-m-shop.de%2Flivezilla%2F&livezilla=27fe282&cd=32&rh=1024&rw=1280&rf=&tzo=2&code=SERVERPAGE HTTP/1.1" 200 85 "http://chat.f-m-shop.de/livezilla/" "Mozilla/5.0 (Windows; U; Windows NT 5.1; de; rv:1.9.1.9) Gecko/20100315 Firefox/3.5.9 (.NET CLR 3.5.30729)"
192.168.10.34 - - [08/Apr/2010:16:23:23 +0200] "POST /livezilla/server.php?acid=01f77 HTTP/1.1" 200 - "-" "LiveZilla 3.1.7.7 [http://www.livezilla.net]"
192.168.10.10 - - [08/Apr/2010:16:24:37 +0200] "GET /livezilla/server.php?request=track&start=1270736677670&browid=0c29830&url=http%3A%2F%2Fchat.f-m-shop.de%2Flivezilla%2F&livezilla=27fe282&cd=32&rh=1024&rw=1280&rf=&tzo=2&code=SERVERPAGE HTTP/1.1" 200 85 "http://chat.f-m-shop.de/livezilla/" "Mozilla/5.0 (Windows; U; Windows NT 5.1; de; rv:1.9.1.9) Gecko/20100315 Firefox/3.5.9 (.NET CLR 3.5.30729)"
192.168.10.34 - - [08/Apr/2010:16:24:12 +0200] "POST /livezilla/server.php?acid=7351b HTTP/1.1" 200 - "-" "LiveZilla 3.1.7.7 [http://www.livezilla.net]"
192.168.10.10 - - [08/Apr/2010:16:25:07 +0200] "GET /livezilla/server.php?request=track&start=1270736707634&browid=0c29830&url=http%3A%2F%2Fchat.f-m-shop.de%2Flivezilla%2F&livezilla=27fe282&cd=32&rh=1024&rw=1280&rf=&tzo=2&code=SERVERPAGE HTTP/1.1" 200 85 "http://chat.f-m-shop.de/livezilla/" "Mozilla/5.0 (Windows; U; Windows NT 5.1; de; rv:1.9.1.9) Gecko/20100315 Firefox/3.5.9 (.NET CLR 3.5.30729)"
192.168.10.10 - - [08/Apr/2010:16:25:37 +0200] "GET /livezilla/server.php?request=track&start=1270736737588&browid=0c29830&url=http%3A%2F%2Fchat.f-m-shop.de%2Flivezilla%2F&livezilla=27fe282&cd=32&rh=1024&rw=1280&rf=&tzo=2&code=SERVERPAGE HTTP/1.1" 200 85 "http://chat.f-m-shop.de/livezilla/" "Mozilla/5.0 (Windows; U; Windows NT 5.1; de; rv:1.9.1.9) Gecko/20100315 Firefox/3.5.9 (.NET CLR 3.5.30729)"
192.168.10.34 - - [08/Apr/2010:16:25:00 +0200] "POST /livezilla/server.php?acid=dacaa HTTP/1.1" 200 - "-" "LiveZilla 3.1.7.7 [http://www.livezilla.net]"
192.168.10.10 - - [08/Apr/2010:16:26:07 +0200] "GET /livezilla/server.php?request=track&start=1270736767555&browid=0c29830&url=http%3A%2F%2Fchat.f-m-shop.de%2Flivezilla%2F&livezilla=27fe282&cd=32&rh=1024&rw=1280&rf=&tzo=2&code=SERVERPAGE HTTP/1.1" 200 85 "http://chat.f-m-shop.de/livezilla/" "Mozilla/5.0 (Windows; U; Windows NT 5.1; de; rv:1.9.1.9) Gecko/20100315 Firefox/3.5.9 (.NET CLR 3.5.30729)"
192.168.10.34 - - [08/Apr/2010:16:25:48 +0200] "POST /livezilla/server.php?acid=fc0fe HTTP/1.1" 200 - "-" "LiveZilla 3.1.7.7 [http://www.livezilla.net]"
192.168.10.10 - - [08/Apr/2010:16:26:37 +0200] "GET /livezilla/server.php?request=track&start=1270736797521&browid=0c29830&url=http%3A%2F%2Fchat.f-m-shop.de%2Flivezilla%2F&livezilla=27fe282&cd=32&rh=1024&rw=1280&rf=&tzo=2&code=SERVERPAGE HTTP/1.1" 200 85 "http://chat.f-m-shop.de/livezilla/" "Mozilla/5.0 (Windows; U; Windows NT 5.1; de; rv:1.9.1.9) Gecko/20100315 Firefox/3.5.9 (.NET CLR 3.5.30729)"
192.168.10.34 - - [08/Apr/2010:16:27:00 +0200] "POST /livezilla/server.php?acid=b08ac HTTP/1.1" 200 - "-" "LiveZilla 3.1.7.7 [http://www.livezilla.net]"
192.168.10.34 - - [08/Apr/2010:16:26:37 +0200] "POST /livezilla/server.php?acid=ef85a HTTP/1.1" 200 3710 "-" "LiveZilla 3.1.7.7 [http://www.livezilla.net]"
192.168.10.10 - - [08/Apr/2010:16:27:07 +0200] "GET /livezilla/server.php?request=track&start=1270736827486&browid=0c29830&url=http%3A%2F%2Fchat.f-m-shop.de%2Flivezilla%2F&livezilla=27fe282&cd=32&rh=1024&rw=1280&rf=&tzo=2&code=SERVERPAGE HTTP/1.1" 200 85 "http://chat.f-m-shop.de/livezilla/" "Mozilla/5.0 (Windows; U; Windows NT 5.1; de; rv:1.9.1.9) Gecko/20100315 Firefox/3.5.9 (.NET CLR 3.5.30729)"
192.168.10.10 - - [08/Apr/2010:16:27:19 +0200] "POST /livezilla/server.php?acid=3cef1 HTTP/1.1" 200 17045 "-" "-"
192.168.10.10 - - [08/Apr/2010:16:27:37 +0200] "GET /livezilla/server.php?request=track&start=1270736857441&browid=0c29830&url=http%3A%2F%2Fchat.f-m-shop.de%2Flivezilla%2F&livezilla=27fe282&cd=32&rh=1024&rw=1280&rf=&tzo=2&code=SERVERPAGE HTTP/1.1" 200 85 "http://chat.f-m-shop.de/livezilla/" "Mozilla/5.0 (Windows; U; Windows NT 5.1; de; rv:1.9.1.9) Gecko/20100315 Firefox/3.5.9 (.NET CLR 3.5.30729)"
192.168.10.10 - - [08/Apr/2010:16:28:07 +0200] "GET /livezilla/server.php?request=track&start=1270736887444&browid=0c29830&url=http%3A%2F%2Fchat.f-m-shop.de%2Flivezilla%2F&livezilla=27fe282&cd=32&rh=1024&rw=1280&rf=&tzo=2&code=SERVERPAGE HTTP/1.1" 200 85 "http://chat.f-m-shop.de/livezilla/" "Mozilla/5.0 (Windows; U; Windows NT 5.1; de; rv:1.9.1.9) Gecko/20100315 Firefox/3.5.9 (.NET CLR 3.5.30729)"
192.168.10.17 - - [08/Apr/2010:16:28:22 +0200] "POST /livezilla/server.php?acid=88c83 HTTP/1.1" 200 14975 "-" "-"
192.168.10.17 - - [08/Apr/2010:16:28:27 +0200] "POST /livezilla/server.php?acid=fe517 HTTP/1.1" 200 790 "-" "LiveZilla 3.1.7.7 [http://www.livezilla.net]"
192.168.10.17 - - [08/Apr/2010:16:28:30 +0200] "POST /livezilla/server.php?acid=d5602 HTTP/1.1" 200 184 "-" "LiveZilla 3.1.7.7 [http://www.livezilla.net]"
192.168.10.10 - - [08/Apr/2010:16:28:37 +0200] "GET /livezilla/server.php?request=track&start=1270736917440&browid=0c29830&url=http%3A%2F%2Fchat.f-m-shop.de%2Flivezilla%2F&livezilla=27fe282&cd=32&rh=1024&rw=1280&rf=&tzo=2&code=SERVERPAGE HTTP/1.1" 200 85 "http://chat.f-m-shop.de/livezilla/" "Mozilla/5.0 (Windows; U; Windows NT 5.1; de; rv:1.9.1.9) Gecko/20100315 Firefox/3.5.9 (.NET CLR 3.5.30729)"
192.168.10.17 - - [08/Apr/2010:16:28:40 +0200] "POST /livezilla/server.php?acid=f7a74 HTTP/1.1" 200 - "-" "LiveZilla 3.1.7.7 [http://www.livezilla.net]"
192.168.10.17 - - [08/Apr/2010:16:28:41 +0200] "POST /livezilla/server.php?acid=97c0a HTTP/1.1" 200 - "-" "LiveZilla 3.1.7.7 [http://www.livezilla.net]"
192.168.10.17 - - [08/Apr/2010:16:28:53 +0200] "POST /livezilla/server.php?acid=018f1 HTTP/1.1" 200 - "-" "LiveZilla 3.1.7.7 [http://www.livezilla.net]"
192.168.10.17 - - [08/Apr/2010:16:28:58 +0200] "POST /livezilla/server.php?acid=9dec1 HTTP/1.1" 200 - "-" "LiveZilla 3.1.7.7 [http://www.livezilla.net]"
192.168.10.10 - - [08/Apr/2010:16:29:07 +0200] "GET /livezilla/server.php?request=track&start=1270736947401&browid=0c29830&url=http%3A%2F%2Fchat.f-m-shop.de%2Flivezilla%2F&livezilla=27fe282&cd=32&rh=1024&rw=1280&rf=&tzo=2&code=SERVERPAGE HTTP/1.1" 200 85 "http://chat.f-m-shop.de/livezilla/" "Mozilla/5.0 (Windows; U; Windows NT 5.1; de; rv:1.9.1.9) Gecko/20100315 Firefox/3.5.9 (.NET CLR 3.5.30729)"
192.168.10.17 - - [08/Apr/2010:16:28:31 +0200] "POST /livezilla/server.php?acid=97f90 HTTP/1.1" 200 - "-" "LiveZilla 3.1.7.7 [http://www.livezilla.net]"
192.168.10.10 - - [08/Apr/2010:16:29:37 +0200] "GET /livezilla/server.php?request=track&start=1270736977400&browid=0c29830&url=http%3A%2F%2Fchat.f-m-shop.de%2Flivezilla%2F&livezilla=27fe282&cd=32&rh=1024&rw=1280&rf=&tzo=2&code=SERVERPAGE HTTP/1.1" 200 85 "http://chat.f-m-shop.de/livezilla/" "Mozilla/5.0 (Windows; U; Windows NT 5.1; de; rv:1.9.1.9) Gecko/20100315 Firefox/3.5.9 (.NET CLR 3.5.30729)"
192.168.10.17 - - [08/Apr/2010:16:29:19 +0200] "POST /livezilla/server.php?acid=64fb3 HTTP/1.1" 200 - "-" "LiveZilla 3.1.7.7 [http://www.livezilla.net]"
192.168.10.10 - - [08/Apr/2010:16:30:07 +0200] "GET /livezilla/server.php?request=track&start=1270737007400&browid=0c29830&url=http%3A%2F%2Fchat.f-m-shop.de%2Flivezilla%2F&livezilla=27fe282&cd=32&rh=1024&rw=1280&rf=&tzo=2&code=SERVERPAGE HTTP/1.1" 200 85 "http://chat.f-m-shop.de/livezilla/" "Mozilla/5.0 (Windows; U; Windows NT 5.1; de; rv:1.9.1.9) Gecko/20100315 Firefox/3.5.9 (.NET CLR 3.5.30729)"
192.168.10.10 - - [08/Apr/2010:16:30:37 +0200] "GET /livezilla/server.php?request=track&start=1270737037362&browid=0c29830&url=http%3A%2F%2Fchat.f-m-shop.de%2Flivezilla%2F&livezilla=27fe282&cd=32&rh=1024&rw=1280&rf=&tzo=2&code=SERVERPAGE HTTP/1.1" 200 85 "http://chat.f-m-shop.de/livezilla/" "Mozilla/5.0 (Windows; U; Windows NT 5.1; de; rv:1.9.1.9) Gecko/20100315 Firefox/3.5.9 (.NET CLR 3.5.30729)"
192.168.10.17 - - [08/Apr/2010:16:30:07 +0200] "POST /livezilla/server.php?acid=369cb HTTP/1.1" 200 - "-" "LiveZilla 3.1.7.7 [http://www.livezilla.net]"
192.168.10.10 - - [08/Apr/2010:16:31:07 +0200] "GET /livezilla/server.php?request=track&start=1270737067362&browid=0c29830&url=http%3A%2F%2Fchat.f-m-shop.de%2Flivezilla%2F&livezilla=27fe282&cd=32&rh=1024&rw=1280&rf=&tzo=2&code=SERVERPAGE HTTP/1.1" 200 85 "http://chat.f-m-shop.de/livezilla/" "Mozilla/5.0 (Windows; U; Windows NT 5.1; de; rv:1.9.1.9) Gecko/20100315 Firefox/3.5.9 (.NET CLR 3.5.30729)"
192.168.10.10 - - [08/Apr/2010:16:31:34 +0200] "POST /livezilla/server.php?acid=a534f HTTP/1.1" 200 161 "-" "-"
192.168.10.10 - - [08/Apr/2010:16:31:34 +0200] "POST /livezilla/server.php?acid=e3e84 HTTP/1.1" 200 161 "-" "-"
192.168.10.10 - - [08/Apr/2010:16:31:34 +0200] "POST /livezilla/server.php?acid=0326a HTTP/1.1" 200 161 "-" "-"
192.168.10.10 - - [08/Apr/2010:16:31:37 +0200] "GET /livezilla/server.php?request=track&start=1270737097364&browid=0c29830&url=http%3A%2F%2Fchat.f-m-shop.de%2Flivezilla%2F&livezilla=27fe282&cd=32&rh=1024&rw=1280&rf=&tzo=2&code=SERVERPAGE HTTP/1.1" 200 85 "http://chat.f-m-shop.de/livezilla/" "Mozilla/5.0 (Windows; U; Windows NT 5.1; de; rv:1.9.1.9) Gecko/20100315 Firefox/3.5.9 (.NET CLR 3.5.30729)"
192.168.10.17 - - [08/Apr/2010:16:30:56 +0200] "POST /livezilla/server.php?acid=35808 HTTP/1.1" 200 - "-" "LiveZilla 3.1.7.7 [http://www.livezilla.net]"
192.168.10.10 - - [08/Apr/2010:16:32:07 +0200] "GET /livezilla/server.php?request=track&start=1270737127326&browid=0c29830&url=http%3A%2F%2Fchat.f-m-shop.de%2Flivezilla%2F&livezilla=27fe282&cd=32&rh=1024&rw=1280&rf=&tzo=2&code=SERVERPAGE HTTP/1.1" 200 85 "http://chat.f-m-shop.de/livezilla/" "Mozilla/5.0 (Windows; U; Windows NT 5.1; de; rv:1.9.1.9) Gecko/20100315 Firefox/3.5.9 (.NET CLR 3.5.30729)"
192.168.10.17 - - [08/Apr/2010:16:31:44 +0200] "POST /livezilla/server.php?acid=55d2f HTTP/1.1" 200 - "-" "LiveZilla 3.1.7.7 [http://www.livezilla.net]"
192.168.10.10 - - [08/Apr/2010:16:32:37 +0200] "GET /livezilla/server.php?request=track&start=1270737157322&browid=0c29830&url=http%3A%2F%2Fchat.f-m-shop.de%2Flivezilla%2F&livezilla=27fe282&cd=32&rh=1024&rw=1280&rf=&tzo=2&code=SERVERPAGE HTTP/1.1" 200 85 "http://chat.f-m-shop.de/livezilla/" "Mozilla/5.0 (Windows; U; Windows NT 5.1; de; rv:1.9.1.9) Gecko/20100315 Firefox/3.5.9 (.NET CLR 3.5.30729)"
192.168.10.10 - - [08/Apr/2010:16:33:07 +0200] "GET /livezilla/server.php?request=track&start=1270737187322&browid=0c29830&url=http%3A%2F%2Fchat.f-m-shop.de%2Flivezilla%2F&livezilla=27fe282&cd=32&rh=1024&rw=1280&rf=&tzo=2&code=SERVERPAGE HTTP/1.1" 200 85 "http://chat.f-m-shop.de/livezilla/" "Mozilla/5.0 (Windows; U; Windows NT 5.1; de; rv:1.9.1.9) Gecko/20100315 Firefox/3.5.9 (.NET CLR 3.5.30729)"
192.168.10.17 - - [08/Apr/2010:16:32:32 +0200] "POST /livezilla/server.php?acid=d533f HTTP/1.1" 200 - "-" "LiveZilla 3.1.7.7 [http://www.livezilla.net]"
192.168.10.10 - - [08/Apr/2010:16:33:37 +0200] "GET /livezilla/server.php?request=track&start=1270737217321&browid=0c29830&url=http%3A%2F%2Fchat.f-m-shop.de%2Flivezilla%2F&livezilla=27fe282&cd=32&rh=1024&rw=1280&rf=&tzo=2&code=SERVERPAGE HTTP/1.1" 200 85 "http://chat.f-m-shop.de/livezilla/" "Mozilla/5.0 (Windows; U; Windows NT 5.1; de; rv:1.9.1.9) Gecko/20100315 Firefox/3.5.9 (.NET CLR 3.5.30729)"
192.168.10.10 - - [08/Apr/2010:16:33:45 +0200] "POST /livezilla/server.php?acid=f488e HTTP/1.1" 200 16118 "-" "-"
192.168.10.17 - - [08/Apr/2010:16:33:21 +0200] "POST /livezilla/server.php?acid=f074e HTTP/1.1" 200 3779 "-" "LiveZilla 3.1.7.7 [http://www.livezilla.net]"
192.168.10.10 - - [08/Apr/2010:16:33:50 +0200] "POST /livezilla/server.php?acid=3dc7d HTTP/1.1" 200 882 "-" "LiveZilla 3.1.7.7 [http://www.livezilla.net]"
192.168.10.10 - - [08/Apr/2010:16:34:07 +0200] "GET /livezilla/server.php?request=track&start=1270737247321&browid=0c29830&url=http%3A%2F%2Fchat.f-m-shop.de%2Flivezilla%2F&livezilla=27fe282&cd=32&rh=1024&rw=1280&rf=&tzo=2&code=SERVERPAGE HTTP/1.1" 200 85 "http://chat.f-m-shop.de/livezilla/" "Mozilla/5.0 (Windows; U; Windows NT 5.1; de; rv:1.9.1.9) Gecko/20100315 Firefox/3.5.9 (.NET CLR 3.5.30729)"
192.168.10.10 - - [08/Apr/2010:16:34:37 +0200] "GET /livezilla/server.php?request=track&start=1270737277320&browid=0c29830&url=http%3A%2F%2Fchat.f-m-shop.de%2Flivezilla%2F&livezilla=27fe282&cd=32&rh=1024&rw=1280&rf=&tzo=2&code=SERVERPAGE HTTP/1.1" 200 85 "http://chat.f-m-shop.de/livezilla/" "Mozilla/5.0 (Windows; U; Windows NT 5.1; de; rv:1.9.1.9) Gecko/20100315 Firefox/3.5.9 (.NET CLR 3.5.30729)"
192.168.10.17 - - [08/Apr/2010:16:33:53 +0200] "POST /livezilla/server.php?acid=4e9ae HTTP/1.1" 200 188 "-" "LiveZilla 3.1.7.7 [http://www.livezilla.net]"
192.168.10.10 - - [08/Apr/2010:16:33:54 +0200] "POST /livezilla/server.php?acid=45fdb HTTP/1.1" 200 188 "-" "LiveZilla 3.1.7.7 [http://www.livezilla.net]"
192.168.10.17 - - [08/Apr/2010:16:34:45 +0200] "POST /livezilla/server.php?acid=64a2a HTTP/1.1" 200 - "-" "LiveZilla 3.1.7.7 [http://www.livezilla.net]"
192.168.10.17 - - [08/Apr/2010:16:34:45 +0200] "POST /livezilla/server.php?acid=11b9e HTTP/1.1" 200 - "-" "LiveZilla 3.1.7.7 [http://www.livezilla.net]"
192.168.10.10 - - [08/Apr/2010:16:34:42 +0200] "POST /livezilla/server.php?acid=a1626 HTTP/1.1" 200 375 "-" "LiveZilla 3.1.7.7 [http://www.livezilla.net]"
192.168.10.10 - - [08/Apr/2010:16:34:54 +0200] "POST /livezilla/server.php?acid=a885a HTTP/1.1" 200 184 "-" "LiveZilla 3.1.7.7 [http://www.livezilla.net]"
192.168.10.17 - - [08/Apr/2010:16:34:42 +0200] "POST /livezilla/server.php?acid=2509c HTTP/1.1" 200 257 "-" "LiveZilla 3.1.7.7 [http://www.livezilla.net]"
192.168.10.10 - - [08/Apr/2010:16:34:55 +0200] "POST /livezilla/server.php?acid=cdb3d HTTP/1.1" 200 - "-" "LiveZilla 3.1.7.7 [http://www.livezilla.net]"
192.168.10.17 - - [08/Apr/2010:16:34:58 +0200] "POST /livezilla/server.php?acid=93b5b HTTP/1.1" 200 420 "-" "LiveZilla 3.1.7.7 [http://www.livezilla.net]"
192.168.10.10 - - [08/Apr/2010:16:35:07 +0200] "GET /livezilla/server.php?request=track&start=1270737307309&browid=0c29830&url=http%3A%2F%2Fchat.f-m-shop.de%2Flivezilla%2F&livezilla=27fe282&cd=32&rh=1024&rw=1280&rf=&tzo=2&code=SERVERPAGE HTTP/1.1" 200 85 "http://chat.f-m-shop.de/livezilla/" "Mozilla/5.0 (Windows; U; Windows NT 5.1; de; rv:1.9.1.9) Gecko/20100315 Firefox/3.5.9 (.NET CLR 3.5.30729)"
209.51.162.220 - - [08/Apr/2010:16:35:24 +0200] "GET /robots.txt HTTP/1.1" 404 1256 "-" "ShopWiki/1.0 ( +http://www.shopwiki.com/wiki/Help:Bot)"
192.168.10.10 - - [08/Apr/2010:16:34:51 +0200] "POST /livezilla/server.php?acid=ce1f0 HTTP/1.1" 200 188 "-" "LiveZilla 3.1.7.7 [http://www.livezilla.net]"
192.168.10.10 - - [08/Apr/2010:16:35:37 +0200] "GET /livezilla/server.php?request=track&start=1270737337309&browid=0c29830&url=http%3A%2F%2Fchat.f-m-shop.de%2Flivezilla%2F&livezilla=27fe282&cd=32&rh=1024&rw=1280&rf=&tzo=2&code=SERVERPAGE HTTP/1.1" 200 85 "http://chat.f-m-shop.de/livezilla/" "Mozilla/5.0 (Windows; U; Windows NT 5.1; de; rv:1.9.1.9) Gecko/20100315 Firefox/3.5.9 (.NET CLR 3.5.30729)"
192.168.10.17 - - [08/Apr/2010:16:35:02 +0200] "POST /livezilla/server.php?acid=2190a HTTP/1.1" 200 188 "-" "LiveZilla 3.1.7.7 [http://www.livezilla.net]"
192.168.10.10 - - [08/Apr/2010:16:36:07 +0200] "GET /livezilla/server.php?request=track&start=1270737367308&browid=0c29830&url=http%3A%2F%2Fchat.f-m-shop.de%2Flivezilla%2F&livezilla=27fe282&cd=32&rh=1024&rw=1280&rf=&tzo=2&code=SERVERPAGE HTTP/1.1" 200 85 "http://chat.f-m-shop.de/livezilla/" "Mozilla/5.0 (Windows; U; Windows NT 5.1; de; rv:1.9.1.9) Gecko/20100315 Firefox/3.5.9 (.NET CLR 3.5.30729)"
192.168.10.10 - - [08/Apr/2010:16:35:39 +0200] "POST /livezilla/server.php?acid=00723 HTTP/1.1" 200 - "-" "LiveZilla 3.1.7.7 [http://www.livezilla.net]"
192.168.10.17 - - [08/Apr/2010:16:35:50 +0200] "POST /livezilla/server.php?acid=a8f8e HTTP/1.1" 200 - "-" "LiveZilla 3.1.7.7 [http://www.livezilla.net]"
192.168.10.10 - - [08/Apr/2010:16:36:37 +0200] "GET /livezilla/server.php?request=track&start=1270737397312&browid=0c29830&url=http%3A%2F%2Fchat.f-m-shop.de%2Flivezilla%2F&livezilla=27fe282&cd=32&rh=1024&rw=1280&rf=&tzo=2&code=SERVERPAGE HTTP/1.1" 200 85 "http://chat.f-m-shop.de/livezilla/" "Mozilla/5.0 (Windows; U; Windows NT 5.1; de; rv:1.9.1.9) Gecko/20100315 Firefox/3.5.9 (.NET CLR 3.5.30729)"
192.168.10.17 - - [08/Apr/2010:16:36:51 +0200] "POST /livezilla/server.php?acid=6a81a HTTP/1.1" 200 - "-" "LiveZilla 3.1.7.7 [http://www.livezilla.net]"
192.168.10.10 - - [08/Apr/2010:16:36:27 +0200] "POST /livezilla/server.php?acid=a5e9d HTTP/1.1" 200 3710 "-" "LiveZilla 3.1.7.7 [http://www.livezilla.net]"
192.168.10.17 - - [08/Apr/2010:16:36:39 +0200] "POST /livezilla/server.php?acid=f7406 HTTP/1.1" 200 3710 "-" "LiveZilla 3.1.7.7 [http://www.livezilla.net]"
192.168.10.10 - - [08/Apr/2010:16:37:07 +0200] "GET /livezilla/server.php?request=track&start=1270737427278&browid=0c29830&url=http%3A%2F%2Fchat.f-m-shop.de%2Flivezilla%2F&livezilla=27fe282&cd=32&rh=1024&rw=1280&rf=&tzo=2&code=SERVERPAGE HTTP/1.1" 200 85 "http://chat.f-m-shop.de/livezilla/" "Mozilla/5.0 (Windows; U; Windows NT 5.1; de; rv:1.9.1.9) Gecko/20100315 Firefox/3.5.9 (.NET CLR 3.5.30729)"
192.168.10.10 - - [08/Apr/2010:16:37:37 +0200] "GET /livezilla/server.php?request=track&start=1270737457274&browid=0c29830&url=http%3A%2F%2Fchat.f-m-shop.de%2Flivezilla%2F&livezilla=27fe282&cd=32&rh=1024&rw=1280&rf=&tzo=2&code=SERVERPAGE HTTP/1.1" 200 85 "http://chat.f-m-shop.de/livezilla/" "Mozilla/5.0 (Windows; U; Windows NT 5.1; de; rv:1.9.1.9) Gecko/20100315 Firefox/3.5.9 (.NET CLR 3.5.30729)"
192.168.10.10 - - [08/Apr/2010:16:36:56 +0200] "POST /livezilla/server.php?acid=bfa48 HTTP/1.1" 200 188 "-" "LiveZilla 3.1.7.7 [http://www.livezilla.net]"
192.168.10.10 - - [08/Apr/2010:16:38:07 +0200] "GET /livezilla/server.php?request=track&start=1270737487273&browid=0c29830&url=http%3A%2F%2Fchat.f-m-shop.de%2Flivezilla%2F&livezilla=27fe282&cd=32&rh=1024&rw=1280&rf=&tzo=2&code=SERVERPAGE HTTP/1.1" 200 85 "http://chat.f-m-shop.de/livezilla/" "Mozilla/5.0 (Windows; U; Windows NT 5.1; de; rv:1.9.1.9) Gecko/20100315 Firefox/3.5.9 (.NET CLR 3.5.30729)"
192.168.10.10 - - [08/Apr/2010:16:37:44 +0200] "POST /livezilla/server.php?acid=8aeca HTTP/1.1" 200 - "-" "LiveZilla 3.1.7.7 [http://www.livezilla.net]"
192.168.10.10 - - [08/Apr/2010:16:38:37 +0200] "GET /livezilla/server.php?request=track&start=1270737517273&browid=0c29830&url=http%3A%2F%2Fchat.f-m-shop.de%2Flivezilla%2F&livezilla=27fe282&cd=32&rh=1024&rw=1280&rf=&tzo=2&code=SERVERPAGE HTTP/1.1" 200 85 "http://chat.f-m-shop.de/livezilla/" "Mozilla/5.0 (Windows; U; Windows NT 5.1; de; rv:1.9.1.9) Gecko/20100315 Firefox/3.5.9 (.NET CLR 3.5.30729)"
192.168.10.10 - - [08/Apr/2010:16:39:07 +0200] "GET /livezilla/server.php?request=track&start=1270737547272&browid=0c29830&url=http%3A%2F%2Fchat.f-m-shop.de%2Flivezilla%2F&livezilla=27fe282&cd=32&rh=1024&rw=1280&rf=&tzo=2&code=SERVERPAGE HTTP/1.1" 200 85 "http://chat.f-m-shop.de/livezilla/" "Mozilla/5.0 (Windows; U; Windows NT 5.1; de; rv:1.9.1.9) Gecko/20100315 Firefox/3.5.9 (.NET CLR 3.5.30729)"
192.168.10.10 - - [08/Apr/2010:16:38:33 +0200] "POST /livezilla/server.php?acid=f647a HTTP/1.1" 200 - "-" "LiveZilla 3.1.7.7 [http://www.livezilla.net]"
192.168.10.10 - - [08/Apr/2010:16:39:37 +0200] "GET /livezilla/server.php?request=track&start=1270737577272&browid=0c29830&url=http%3A%2F%2Fchat.f-m-shop.de%2Flivezilla%2F&livezilla=27fe282&cd=32&rh=1024&rw=1280&rf=&tzo=2&code=SERVERPAGE HTTP/1.1" 200 85 "http://chat.f-m-shop.de/livezilla/" "Mozilla/5.0 (Windows; U; Windows NT 5.1; de; rv:1.9.1.9) Gecko/20100315 Firefox/3.5.9 (.NET CLR 3.5.30729)"
192.168.10.10 - - [08/Apr/2010:16:39:21 +0200] "POST /livezilla/server.php?acid=9b563 HTTP/1.1" 200 - "-" "LiveZilla 3.1.7.7 [http://www.livezilla.net]"
192.168.10.10 - - [08/Apr/2010:16:40:07 +0200] "GET /livezilla/server.php?request=track&start=1270737607275&browid=0c29830&url=http%3A%2F%2Fchat.f-m-shop.de%2Flivezilla%2F&livezilla=27fe282&cd=32&rh=1024&rw=1280&rf=&tzo=2&code=SERVERPAGE HTTP/1.1" 200 85 "http://chat.f-m-shop.de/livezilla/" "Mozilla/5.0 (Windows; U; Windows NT 5.1; de; rv:1.9.1.9) Gecko/20100315 Firefox/3.5.9 (.NET CLR 3.5.30729)"
192.168.10.10 - - [08/Apr/2010:16:40:37 +0200] "GET /livezilla/server.php?request=track&start=1270737637270&browid=0c29830&url=http%3A%2F%2Fchat.f-m-shop.de%2Flivezilla%2F&livezilla=27fe282&cd=32&rh=1024&rw=1280&rf=&tzo=2&code=SERVERPAGE HTTP/1.1" 200 85 "http://chat.f-m-shop.de/livezilla/" "Mozilla/5.0 (Windows; U; Windows NT 5.1; de; rv:1.9.1.9) Gecko/20100315 Firefox/3.5.9 (.NET CLR 3.5.30729)"
192.168.10.10 - - [08/Apr/2010:16:40:09 +0200] "POST /livezilla/server.php?acid=eee2a HTTP/1.1" 200 - "-" "LiveZilla 3.1.7.7 [http://www.livezilla.net]"
192.168.10.10 - - [08/Apr/2010:16:41:07 +0200] "GET /livezilla/server.php?request=track&start=1270737667270&browid=0c29830&url=http%3A%2F%2Fchat.f-m-shop.de%2Flivezilla%2F&livezilla=27fe282&cd=32&rh=1024&rw=1280&rf=&tzo=2&code=SERVERPAGE HTTP/1.1" 200 85 "http://chat.f-m-shop.de/livezilla/" "Mozilla/5.0 (Windows; U; Windows NT 5.1; de; rv:1.9.1.9) Gecko/20100315 Firefox/3.5.9 (.NET CLR 3.5.30729)"
192.168.10.10 - - [08/Apr/2010:16:41:37 +0200] "GET /livezilla/server.php?request=track&start=1270737697274&browid=0c29830&url=http%3A%2F%2Fchat.f-m-shop.de%2Flivezilla%2F&livezilla=27fe282&cd=32&rh=1024&rw=1280&rf=&tzo=2&code=SERVERPAGE HTTP/1.1" 200 85 "http://chat.f-m-shop.de/livezilla/" "Mozilla/5.0 (Windows; U; Windows NT 5.1; de; rv:1.9.1.9) Gecko/20100315 Firefox/3.5.9 (.NET CLR 3.5.30729)"
192.168.10.10 - - [08/Apr/2010:16:40:58 +0200] "POST /livezilla/server.php?acid=784bc HTTP/1.1" 200 - "-" "LiveZilla 3.1.7.7 [http://www.livezilla.net]"
192.168.10.10 - - [08/Apr/2010:16:42:07 +0200] "GET /livezilla/server.php?request=track&start=1270737727268&browid=0c29830&url=http%3A%2F%2Fchat.f-m-shop.de%2Flivezilla%2F&livezilla=27fe282&cd=32&rh=1024&rw=1280&rf=&tzo=2&code=SERVERPAGE HTTP/1.1" 200 85 "http://chat.f-m-shop.de/livezilla/" "Mozilla/5.0 (Windows; U; Windows NT 5.1; de; rv:1.9.1.9) Gecko/20100315 Firefox/3.5.9 (.NET CLR 3.5.30729)"
192.168.10.10 - - [08/Apr/2010:16:41:46 +0200] "POST /livezilla/server.php?acid=bb0c1 HTTP/1.1" 200 - "-" "LiveZilla 3.1.7.7 [http://www.livezilla.net]"
192.168.10.10 - - [08/Apr/2010:16:42:37 +0200] "GET /livezilla/server.php?request=track&start=1270737757278&browid=0c29830&url=http%3A%2F%2Fchat.f-m-shop.de%2Flivezilla%2F&livezilla=27fe282&cd=32&rh=1024&rw=1280&rf=&tzo=2&code=SERVERPAGE HTTP/1.1" 200 85 "http://chat.f-m-shop.de/livezilla/" "Mozilla/5.0 (Windows; U; Windows NT 5.1; de; rv:1.9.1.9) Gecko/20100315 Firefox/3.5.9 (.NET CLR 3.5.30729)"
192.168.10.10 - - [08/Apr/2010:16:43:07 +0200] "GET /livezilla/server.php?request=track&start=1270737787279&browid=0c29830&url=http%3A%2F%2Fchat.f-m-shop.de%2Flivezilla%2F&livezilla=27fe282&cd=32&rh=1024&rw=1280&rf=&tzo=2&code=SERVERPAGE HTTP/1.1" 200 85 "http://chat.f-m-shop.de/livezilla/" "Mozilla/5.0 (Windows; U; Windows NT 5.1; de; rv:1.9.1.9) Gecko/20100315 Firefox/3.5.9 (.NET CLR 3.5.30729)"
192.168.10.10 - - [08/Apr/2010:16:42:34 +0200] "POST /livezilla/server.php?acid=bf4aa HTTP/1.1" 200 - "-" "LiveZilla 3.1.7.7 [http://www.livezilla.net]"
192.168.10.10 - - [08/Apr/2010:16:43:37 +0200] "GET /livezilla/server.php?request=track&start=1270737817282&browid=0c29830&url=http%3A%2F%2Fchat.f-m-shop.de%2Flivezilla%2F&livezilla=27fe282&cd=32&rh=1024&rw=1280&rf=&tzo=2&code=SERVERPAGE HTTP/1.1" 200 85 "http://chat.f-m-shop.de/livezilla/" "Mozilla/5.0 (Windows; U; Windows NT 5.1; de; rv:1.9.1.9) Gecko/20100315 Firefox/3.5.9 (.NET CLR 3.5.30729)"
192.168.10.10 - - [08/Apr/2010:16:44:02 +0200] "POST /livezilla/server.php?acid=1c8f4 HTTP/1.1" 200 - "-" "LiveZilla 3.1.7.7 [http://www.livezilla.net]"
192.168.10.10 - - [08/Apr/2010:16:43:23 +0200] "POST /livezilla/server.php?acid=6ac80 HTTP/1.1" 200 3710 "-" "LiveZilla 3.1.7.7 [http://www.livezilla.net]"
192.168.10.10 - - [08/Apr/2010:16:44:07 +0200] "GET /livezilla/server.php?request=track&start=1270737847264&browid=0c29830&url=http%3A%2F%2Fchat.f-m-shop.de%2Flivezilla%2F&livezilla=27fe282&cd=32&rh=1024&rw=1280&rf=&tzo=2&code=SERVERPAGE HTTP/1.1" 200 85 "http://chat.f-m-shop.de/livezilla/" "Mozilla/5.0 (Windows; U; Windows NT 5.1; de; rv:1.9.1.9) Gecko/20100315 Firefox/3.5.9 (.NET CLR 3.5.30729)"
192.168.10.10 - - [08/Apr/2010:16:44:37 +0200] "GET /livezilla/server.php?request=track&start=1270737877271&browid=0c29830&url=http%3A%2F%2Fchat.f-m-shop.de%2Flivezilla%2F&livezilla=27fe282&cd=32&rh=1024&rw=1280&rf=&tzo=2&code=SERVERPAGE HTTP/1.1" 200 85 "http://chat.f-m-shop.de/livezilla/" "Mozilla/5.0 (Windows; U; Windows NT 5.1; de; rv:1.9.1.9) Gecko/20100315 Firefox/3.5.9 (.NET CLR 3.5.30729)"
192.168.10.10 - - [08/Apr/2010:16:45:07 +0200] "GET /livezilla/server.php?request=track&start=1270737907265&browid=0c29830&url=http%3A%2F%2Fchat.f-m-shop.de%2Flivezilla%2F&livezilla=27fe282&cd=32&rh=1024&rw=1280&rf=&tzo=2&code=SERVERPAGE HTTP/1.1" 200 85 "http://chat.f-m-shop.de/livezilla/" "Mozilla/5.0 (Windows; U; Windows NT 5.1; de; rv:1.9.1.9) Gecko/20100315 Firefox/3.5.9 (.NET CLR 3.5.30729)"
192.168.10.10 - - [08/Apr/2010:16:45:37 +0200] "GET /livezilla/server.php?request=track&start=1270737937210&browid=0c29830&url=http%3A%2F%2Fchat.f-m-shop.de%2Flivezilla%2F&livezilla=27fe282&cd=32&rh=1024&rw=1280&rf=&tzo=2&code=SERVERPAGE HTTP/1.1" 200 85 "http://chat.f-m-shop.de/livezilla/" "Mozilla/5.0 (Windows; U; Windows NT 5.1; de; rv:1.9.1.9) Gecko/20100315 Firefox/3.5.9 (.NET CLR 3.5.30729)"
192.168.10.10 - - [08/Apr/2010:16:46:07 +0200] "GET /livezilla/server.php?request=track&start=1270737967197&browid=0c29830&url=http%3A%2F%2Fchat.f-m-shop.de%2Flivezilla%2F&livezilla=27fe282&cd=32&rh=1024&rw=1280&rf=&tzo=2&code=SERVERPAGE HTTP/1.1" 200 85 "http://chat.f-m-shop.de/livezilla/" "Mozilla/5.0 (Windows; U; Windows NT 5.1; de; rv:1.9.1.9) Gecko/20100315 Firefox/3.5.9 (.NET CLR 3.5.30729)"
192.168.10.10 - - [08/Apr/2010:16:46:16 +0200] "POST /livezilla/server.php?acid=57a91 HTTP/1.1" 200 154 "-" "-"
192.168.10.10 - - [08/Apr/2010:16:46:21 +0200] "POST /livezilla/server.php?acid=2522d HTTP/1.1" 200 154 "-" "-"
192.168.10.10 - - [08/Apr/2010:16:46:37 +0200] "GET /livezilla/server.php?request=track&start=1270737997236&browid=0c29830&url=http%3A%2F%2Fchat.f-m-shop.de%2Flivezilla%2F&livezilla=27fe282&cd=32&rh=1024&rw=1280&rf=&tzo=2&code=SERVERPAGE HTTP/1.1" 200 85 "http://chat.f-m-shop.de/livezilla/" "Mozilla/5.0 (Windows; U; Windows NT 5.1; de; rv:1.9.1.9) Gecko/20100315 Firefox/3.5.9 (.NET CLR 3.5.30729)"
192.168.10.10 - - [08/Apr/2010:16:47:07 +0200] "GET /livezilla/server.php?request=track&start=1270738027230&browid=0c29830&url=http%3A%2F%2Fchat.f-m-shop.de%2Flivezilla%2F&livezilla=27fe282&cd=32&rh=1024&rw=1280&rf=&tzo=2&code=SERVERPAGE HTTP/1.1" 200 85 "http://chat.f-m-shop.de/livezilla/" "Mozilla/5.0 (Windows; U; Windows NT 5.1; de; rv:1.9.1.9) Gecko/20100315 Firefox/3.5.9 (.NET CLR 3.5.30729)"
192.168.10.10 - - [08/Apr/2010:16:47:32 +0200] "POST /livezilla/server.php?acid=e5e57 HTTP/1.1" 200 17045 "-" "LiveZilla 3.1.8.5 [http://www.livezilla.net]"
192.168.10.10 - - [08/Apr/2010:16:47:37 +0200] "GET /livezilla/server.php?request=track&start=1270738057252&browid=0c29830&url=http%3A%2F%2Fchat.f-m-shop.de%2Flivezilla%2F&livezilla=27fe282&cd=32&rh=1024&rw=1280&rf=&tzo=2&code=SERVERPAGE HTTP/1.1" 200 85 "http://chat.f-m-shop.de/livezilla/" "Mozilla/5.0 (Windows; U; Windows NT 5.1; de; rv:1.9.1.9) Gecko/20100315 Firefox/3.5.9 (.NET CLR 3.5.30729)"
192.168.10.10 - - [08/Apr/2010:16:48:00 +0200] "POST /livezilla/server.php?acid=271a7 HTTP/1.1" 200 161 "-" "-"
192.168.10.10 - - [08/Apr/2010:16:48:00 +0200] "POST /livezilla/server.php?acid=0ebd5 HTTP/1.1" 200 161 "-" "-"
192.168.10.10 - - [08/Apr/2010:16:48:00 +0200] "POST /livezilla/server.php?acid=0ea0a HTTP/1.1" 200 161 "-" "-"
192.168.10.10 - - [08/Apr/2010:16:48:04 +0200] "POST /livezilla/server.php?acid=d4a82 HTTP/1.1" 200 15740 "-" "-"
192.168.10.10 - - [08/Apr/2010:16:48:07 +0200] "GET /livezilla/server.php?request=track&start=1270738087246&browid=0c29830&url=http%3A%2F%2Fchat.f-m-shop.de%2Flivezilla%2F&livezilla=27fe282&cd=32&rh=1024&rw=1280&rf=&tzo=2&code=SERVERPAGE HTTP/1.1" 200 85 "http://chat.f-m-shop.de/livezilla/" "Mozilla/5.0 (Windows; U; Windows NT 5.1; de; rv:1.9.1.9) Gecko/20100315 Firefox/3.5.9 (.NET CLR 3.5.30729)"
192.168.10.10 - - [08/Apr/2010:16:48:37 +0200] "GET /livezilla/server.php?request=track&start=1270738117241&browid=0c29830&url=http%3A%2F%2Fchat.f-m-shop.de%2Flivezilla%2F&livezilla=27fe282&cd=32&rh=1024&rw=1280&rf=&tzo=2&code=SERVERPAGE HTTP/1.1" 200 85 "http://chat.f-m-shop.de/livezilla/" "Mozilla/5.0 (Windows; U; Windows NT 5.1; de; rv:1.9.1.9) Gecko/20100315 Firefox/3.5.9 (.NET CLR 3.5.30729)"
192.168.10.10 - - [08/Apr/2010:16:48:48 +0200] "POST /livezilla/server.php?acid=bb5a8 HTTP/1.1" 200 17105 "-" "LiveZilla 3.1.8.5 [http://www.livezilla.net]"
192.168.10.10 - - [08/Apr/2010:16:48:49 +0200] "POST /livezilla/server.php?acid=04d77 HTTP/1.1" 200 161 "-" "-"
192.168.10.10 - - [08/Apr/2010:16:48:49 +0200] "POST /livezilla/server.php?acid=3b87b HTTP/1.1" 200 161 "-" "-"
192.168.10.10 - - [08/Apr/2010:16:48:49 +0200] "POST /livezilla/server.php?acid=d34ca HTTP/1.1" 200 161 "-" "-"
192.168.10.10 - - [08/Apr/2010:16:49:07 +0200] "GET /livezilla/server.php?request=track&start=1270738147241&browid=0c29830&url=http%3A%2F%2Fchat.f-m-shop.de%2Flivezilla%2F&livezilla=27fe282&cd=32&rh=1024&rw=1280&rf=&tzo=2&code=SERVERPAGE HTTP/1.1" 200 28 "http://chat.f-m-shop.de/livezilla/" "Mozilla/5.0 (Windows; U; Windows NT 5.1; de; rv:1.9.1.9) Gecko/20100315 Firefox/3.5.9 (.NET CLR 3.5.30729)"
192.168.10.10 - - [08/Apr/2010:16:50:49 +0200] "POST /livezilla//server.php?acid=98c2f HTTP/1.1" 200 154 "-" "LiveZilla 3.1.8.5 [http://www.livezilla.net]"
192.168.10.10 - - [08/Apr/2010:16:50:51 +0200] "POST /livezilla//server.php?acid=638f5 HTTP/1.1" 200 19154 "-" "LiveZilla 3.1.8.5 [http://www.livezilla.net]"
192.168.10.10 - - [08/Apr/2010:16:51:01 +0200] "GET /livezilla/ HTTP/1.1" 200 3813 "-" "Mozilla/5.0 (Windows; U; Windows NT 5.1; de; rv:1.9.1.9) Gecko/20100315 Firefox/3.5.9 (.NET CLR 3.5.30729)"
192.168.10.10 - - [08/Apr/2010:16:51:01 +0200] "GET /livezilla/server.php?request=track&output=jcrpt&code=U0VSVkVSUEFHRQ__&nse=0.43971485570994584 HTTP/1.1" 302 1722 "http://chat.f-m-shop.de/livezilla/" "Mozilla/5.0 (Windows; U; Windows NT 5.1; de; rv:1.9.1.9) Gecko/20100315 Firefox/3.5.9 (.NET CLR 3.5.30729)"
192.168.10.10 - - [08/Apr/2010:16:51:18 +0200] "GET /livezilla/index.php?action=addserver HTTP/1.1" 200 725 "http://chat.f-m-shop.de/livezilla/" "Mozilla/5.0 (Windows; U; Windows NT 5.1; de; rv:1.9.1.9) Gecko/20100315 Firefox/3.5.9 (.NET CLR 3.5.30729)"
192.168.10.10 - - [08/Apr/2010:16:51:18 +0200] "GET /livezilla/images/lz_button_wide.gif HTTP/1.1" 200 905 "http://chat.f-m-shop.de/livezilla/templates/style.css" "Mozilla/5.0 (Windows; U; Windows NT 5.1; de; rv:1.9.1.9) Gecko/20100315 Firefox/3.5.9 (.NET CLR 3.5.30729)"
192.168.10.10 - - [08/Apr/2010:16:51:47 +0200] "POST /livezilla/server.php?acid=6bde4 HTTP/1.1" 200 154 "-" "-"
192.168.10.10 - - [08/Apr/2010:16:52:32 +0200] "POST /livezilla/server.php?acid=34698 HTTP/1.1" 200 329 "-" "-"
192.168.10.10 - - [08/Apr/2010:16:52:55 +0200] "POST /livezilla/server.php?acid=c9cfd HTTP/1.1" 200 161 "-" "-"
192.168.10.10 - - [08/Apr/2010:16:52:55 +0200] "POST /livezilla/server.php?acid=3538d HTTP/1.1" 200 161 "-" "-"
192.168.10.10 - - [08/Apr/2010:16:52:55 +0200] "POST /livezilla/server.php?acid=23daa HTTP/1.1" 200 161 "-" "-"
192.168.10.10 - - [08/Apr/2010:16:53:05 +0200] "POST /livezilla/server.php?acid=f5801 HTTP/1.1" 200 331 "-" "-"
67.152.29.130 - - [08/Apr/2010:20:12:27 +0200] "GET /robots.txt HTTP/1.1" 404 1256 "-" "ShopWiki/1.0 ( +http://www.shopwiki.com/wiki/Help:Bot)"
67.152.29.130 - - [08/Apr/2010:23:48:21 +0200] "GET /robots.txt HTTP/1.1" 404 1256 "-" "ShopWiki/1.0 ( +http://www.shopwiki.com/wiki/Help:Bot)"
209.51.162.220 - - [09/Apr/2010:03:28:33 +0200] "GET /robots.txt HTTP/1.1" 404 1256 "-" "ShopWiki/1.0 ( +http://www.shopwiki.com/wiki/Help:Bot)"
209.51.162.219 - - [09/Apr/2010:07:23:20 +0200] "GET /robots.txt HTTP/1.1" 404 1256 "-" "ShopWiki/1.0 ( +http://www.shopwiki.com/wiki/Help:Bot)"
192.168.10.34 - - [09/Apr/2010:08:00:39 +0200] "POST /livezilla/server.php?acid=e4e0c HTTP/1.1" 200 154 "-" "-"
192.168.10.34 - - [09/Apr/2010:08:01:52 +0200] "POST /livezilla/server.php?acid=b8bed HTTP/1.1" 200 154 "-" "-"
192.168.10.34 - - [09/Apr/2010:08:01:56 +0200] "POST /livezilla/server.php?acid=4c931 HTTP/1.1" 200 154 "-" "-"
192.168.10.13 - - [09/Apr/2010:09:24:08 +0200] "POST /livezilla/server.php?acid=ee2dc HTTP/1.1" 200 154 "-" "-"
209.51.162.220 - - [09/Apr/2010:18:00:44 +0200] "GET /robots.txt HTTP/1.1" 404 1256 "-" "ShopWiki/1.0 ( +http://www.shopwiki.com/wiki/Help:Bot)"
208.80.193.120 - - [09/Apr/2010:19:45:26 +0200] "GET / HTTP/1.0" 200 1244 "-" "Mozilla/4.0 (compatible; MSIE 6.0; Windows NT 5.1; SV1; FunWebProducts; .NET CLR 1.1.4322; PeoplePal 3.0; PeoplePal 6.2)"
87.250.255.242 - - [09/Apr/2010:20:23:17 +0200] "GET /robots.txt HTTP/1.1" 404 1256 "-" "Yandex/1.01.001 (compatible; Win16; I)"
8.11.2.10 - - [09/Apr/2010:21:23:10 +0200] "GET /robots.txt HTTP/1.1" 404 1256 "-" "ShopWiki/1.0 ( +http://www.shopwiki.com/wiki/Help:Bot)"
65.55.106.211 - - [10/Apr/2010:06:40:28 +0200] "GET /robots.txt HTTP/1.1" 404 1256 "-" "msnbot/2.0b (+http://search.msn.com/msnbot.htm)"
87.250.255.242 - - [10/Apr/2010:06:52:17 +0200] "GET / HTTP/1.1" 200 1244 "-" "Yandex/1.01.001 (compatible; Win16; I)"
65.55.207.137 - - [10/Apr/2010:07:33:37 +0200] "GET /robots.txt HTTP/1.1" 404 1256 "-" "msnbot/2.0b (+http://search.msn.com/msnbot.htm)"
209.51.162.219 - - [10/Apr/2010:09:34:37 +0200] "GET /robots.txt HTTP/1.1" 404 1256 "-" "ShopWiki/1.0 ( +http://www.shopwiki.com/wiki/Help:Bot)"
67.152.29.130 - - [10/Apr/2010:13:29:39 +0200] "GET /robots.txt HTTP/1.1" 404 1256 "-" "ShopWiki/1.0 ( +http://www.shopwiki.com/wiki/Help:Bot)"
209.51.162.219 - - [10/Apr/2010:21:28:50 +0200] "GET /robots.txt HTTP/1.1" 404 1256 "-" "ShopWiki/1.0 ( +http://www.shopwiki.com/wiki/Help:Bot)"
209.51.162.219 - - [11/Apr/2010:01:08:36 +0200] "GET /robots.txt HTTP/1.1" 404 1256 "-" "ShopWiki/1.0 ( +http://www.shopwiki.com/wiki/Help:Bot)"
209.51.162.219 - - [11/Apr/2010:04:22:01 +0200] "GET /robots.txt HTTP/1.1" 404 1256 "-" "ShopWiki/1.0 ( +http://www.shopwiki.com/wiki/Help:Bot)"
81.17.208.4 - - [11/Apr/2010:04:25:21 +0200] "GET /robots.txt HTTP/1.0" 404 1256 "http://chat.f-m-shop.de/livezilla/livezilla.php" "Mozilla/5.0 (compatible; jobs.de-Robot +http://www.jobs.de)"
81.17.208.4 - - [11/Apr/2010:04:25:24 +0200] "GET /livezilla/livezilla.php HTTP/1.0" 200 90117 "http://www.f-m-shop.de/seiten/prod_detail_neuer.cfm?artnr=A%20%2029483&nav=2" "Mozilla/5.0 (compatible; jobs.de-Robot +http://www.jobs.de)"
81.17.208.4 - - [11/Apr/2010:04:25:30 +0200] "GET /livezilla/templates/nojava.html HTTP/1.0" 200 1088 "http://chat.f-m-shop.de/livezilla/livezilla.php" "Mozilla/5.0 (compatible; jobs.de-Robot +http://www.jobs.de)"
81.17.208.4 - - [11/Apr/2010:05:41:03 +0200] "GET /livezilla/lz_chat_frame.3.2.chat.4.0 HTTP/1.0" 404 1256 "http://chat.f-m-shop.de/livezilla/livezilla.php" "Mozilla/5.0 (compatible; jobs.de-Robot +http://www.jobs.de)"
81.17.208.4 - - [11/Apr/2010:05:41:06 +0200] "GET /livezilla/livezilla.php?template=lz_chat_frame.3.2.mail& HTTP/1.0" 200 4859 "http://chat.f-m-shop.de/livezilla/livezilla.php" "Mozilla/5.0 (compatible; jobs.de-Robot +http://www.jobs.de)"
81.17.208.4 - - [11/Apr/2010:05:41:10 +0200] "GET /livezilla/lz_chat_frame.3.2 HTTP/1.0" 404 1256 "http://chat.f-m-shop.de/livezilla/livezilla.php" "Mozilla/5.0 (compatible; jobs.de-Robot +http://www.jobs.de)"
81.17.208.4 - - [11/Apr/2010:05:41:13 +0200] "GET /livezilla/lz_chat_frame.3.2.chat.0.0 HTTP/1.0" 404 1256 "http://chat.f-m-shop.de/livezilla/livezilla.php" "Mozilla/5.0 (compatible; jobs.de-Robot +http://www.jobs.de)"
81.17.208.4 - - [11/Apr/2010:05:41:16 +0200] "GET /livezilla/lz_chat_frame.3.2.chat.1.0 HTTP/1.0" 404 1256 "http://chat.f-m-shop.de/livezilla/livezilla.php" "Mozilla/5.0 (compatible; jobs.de-Robot +http://www.jobs.de)"
81.17.208.4 - - [11/Apr/2010:05:41:19 +0200] "GET /livezilla/server.php HTTP/1.0" 302 1722 "http://chat.f-m-shop.de/livezilla/livezilla.php" "Mozilla/5.0 (compatible; jobs.de-Robot +http://www.jobs.de)"
81.17.208.4 - - [11/Apr/2010:05:41:22 +0200] "GET /livezilla/livezilla.php?template=lz_chat_frame.0.1 HTTP/1.0" 200 305 "http://chat.f-m-shop.de/livezilla/livezilla.php" "Mozilla/5.0 (compatible; jobs.de-Robot +http://www.jobs.de)"
81.17.208.4 - - [11/Apr/2010:05:41:26 +0200] "GET /livezilla/lz_chat_frame.4.1 HTTP/1.0" 404 1256 "http://chat.f-m-shop.de/livezilla/livezilla.php" "Mozilla/5.0 (compatible; jobs.de-Robot +http://www.jobs.de)"
81.17.208.4 - - [11/Apr/2010:05:41:28 +0200] "GET /livezilla/lz_chat_frame.1.1 HTTP/1.0" 404 1256 "http://chat.f-m-shop.de/livezilla/livezilla.php" "Mozilla/5.0 (compatible; jobs.de-Robot +http://www.jobs.de)"
81.17.208.4 - - [11/Apr/2010:05:41:32 +0200] "GET /livezilla/livezilla.php?template=lz_chat_frame.2.2 HTTP/1.0" 200 307 "http://chat.f-m-shop.de/livezilla/livezilla.php" "Mozilla/5.0 (compatible; jobs.de-Robot +http://www.jobs.de)"
81.17.208.4 - - [11/Apr/2010:05:41:35 +0200] "GET /livezilla/lz_chat_frame.2.0 HTTP/1.0" 404 1256 "http://chat.f-m-shop.de/livezilla/livezilla.php" "Mozilla/5.0 (compatible; jobs.de-Robot +http://www.jobs.de)"
81.17.208.4 - - [11/Apr/2010:05:41:38 +0200] "GET /livezilla/frames%5B'lz_chat_frame.1.1'%5D.document.getElementById('lz_chat_vcard_text').href HTTP/1.0" 404 1256 "http://chat.f-m-shop.de/livezilla/livezilla.php" "Mozilla/5.0 (compatible; jobs.de-Robot +http://www.jobs.de)"
81.17.208.4 - - [11/Apr/2010:05:41:44 +0200] "GET /livezilla/lz_chat_frame.3.2.login.1.0 HTTP/1.0" 404 1256 "http://chat.f-m-shop.de/livezilla/livezilla.php" "Mozilla/5.0 (compatible; jobs.de-Robot +http://www.jobs.de)"
81.17.208.4 - - [11/Apr/2010:05:41:47 +0200] "GET /livezilla/livezilla.php?template=lz_chat_frame.3.3 HTTP/1.0" 200 283 "http://chat.f-m-shop.de/livezilla/livezilla.php" "Mozilla/5.0 (compatible; jobs.de-Robot +http://www.jobs.de)"
81.17.208.4 - - [11/Apr/2010:05:41:50 +0200] "GET /livezilla/lz_chat_data.ExternalUser.Session.BrowserId; HTTP/1.0" 404 1256 "http://chat.f-m-shop.de/livezilla/livezilla.php" "Mozilla/5.0 (compatible; jobs.de-Robot +http://www.jobs.de)"
81.17.208.4 - - [11/Apr/2010:05:41:53 +0200] "GET /livezilla/lz_chat_data.PollTimeout HTTP/1.0" 404 1256 "http://chat.f-m-shop.de/livezilla/livezilla.php" "Mozilla/5.0 (compatible; jobs.de-Robot +http://www.jobs.de)"
81.17.208.4 - - [11/Apr/2010:05:41:56 +0200] "GET /livezilla/lz_chat_frame.3.2.chat.5.0 HTTP/1.0" 404 1256 "http://chat.f-m-shop.de/livezilla/livezilla.php" "Mozilla/5.0 (compatible; jobs.de-Robot +http://www.jobs.de)"
81.17.208.4 - - [11/Apr/2010:05:41:59 +0200] "GET /livezilla/livezilla.php?template=lz_chat_frame.1.1& HTTP/1.0" 200 2369 "http://chat.f-m-shop.de/livezilla/livezilla.php" "Mozilla/5.0 (compatible; jobs.de-Robot +http://www.jobs.de)"
81.17.208.4 - - [11/Apr/2010:05:42:02 +0200] "GET /livezilla/livezilla.php?template=lz_chat_frame.2.0 HTTP/1.0" 200 306 "http://chat.f-m-shop.de/livezilla/livezilla.php" "Mozilla/5.0 (compatible; jobs.de-Robot +http://www.jobs.de)"
81.17.208.4 - - [11/Apr/2010:05:42:06 +0200] "GET /livezilla/(_webcam) HTTP/1.0" 404 1256 "http://chat.f-m-shop.de/livezilla/livezilla.php" "Mozilla/5.0 (compatible; jobs.de-Robot +http://www.jobs.de)"
81.17.208.4 - - [11/Apr/2010:05:42:09 +0200] "GET /livezilla/lz_chat_frame.1.2 HTTP/1.0" 404 1256 "http://chat.f-m-shop.de/livezilla/livezilla.php" "Mozilla/5.0 (compatible; jobs.de-Robot +http://www.jobs.de)"
81.17.208.4 - - [11/Apr/2010:05:42:13 +0200] "GET /livezilla/lz_chat_frame.3.0 HTTP/1.0" 404 1256 "http://chat.f-m-shop.de/livezilla/livezilla.php" "Mozilla/5.0 (compatible; jobs.de-Robot +http://www.jobs.de)"
81.17.208.4 - - [11/Apr/2010:05:42:16 +0200] "GET /livezilla/application/x-www-form-urlencoded HTTP/1.0" 404 1256 "http://chat.f-m-shop.de/livezilla/livezilla.php" "Mozilla/5.0 (compatible; jobs.de-Robot +http://www.jobs.de)"
81.17.208.4 - - [11/Apr/2010:05:42:20 +0200] "GET /livezilla/%3CLiveZilla%3E HTTP/1.0" 404 1256 "http://chat.f-m-shop.de/livezilla/livezilla.php" "Mozilla/5.0 (compatible; jobs.de-Robot +http://www.jobs.de)"
81.17.208.4 - - [11/Apr/2010:05:42:23 +0200] "GET /%22javascript:print();/%22%3EDrucken%3C/a%3E%22); HTTP/1.0" 404 1256 "http://chat.f-m-shop.de/livezilla/livezilla.php" "Mozilla/5.0 (compatible; jobs.de-Robot +http://www.jobs.de)"
81.17.208.4 - - [11/Apr/2010:05:42:25 +0200] "GET /livezilla/livezilla.php?template=lz_chat_frame.1.0 HTTP/1.0" 200 306 "http://chat.f-m-shop.de/livezilla/livezilla.php" "Mozilla/5.0 (compatible; jobs.de-Robot +http://www.jobs.de)"
81.17.208.4 - - [11/Apr/2010:05:42:29 +0200] "GET /livezilla/livezilla.php?template=lz_chat_frame.3.2.login& HTTP/1.0" 200 1067 "http://chat.f-m-shop.de/livezilla/livezilla.php" "Mozilla/5.0 (compatible; jobs.de-Robot +http://www.jobs.de)"
81.17.208.4 - - [11/Apr/2010:05:42:32 +0200] "GET /livezilla/lz_chat_frame.2.2 HTTP/1.0" 404 1256 "http://chat.f-m-shop.de/livezilla/livezilla.php" "Mozilla/5.0 (compatible; jobs.de-Robot +http://www.jobs.de)"
81.17.208.4 - - [11/Apr/2010:05:42:36 +0200] "GET /livezilla/lz_chat_frame.0.2 HTTP/1.0" 404 1256 "http://chat.f-m-shop.de/livezilla/livezilla.php" "Mozilla/5.0 (compatible; jobs.de-Robot +http://www.jobs.de)"
81.17.208.4 - - [11/Apr/2010:05:42:38 +0200] "GET /livezilla/lz_chat_frame.1.0 HTTP/1.0" 404 1256 "http://chat.f-m-shop.de/livezilla/livezilla.php" "Mozilla/5.0 (compatible; jobs.de-Robot +http://www.jobs.de)"
81.17.208.4 - - [11/Apr/2010:05:42:42 +0200] "GET /livezilla/data.split(%22%3CLiveZilla%3E%22)%5B1%5D.split(%22%3C/LiveZilla%3E%22)%5B0%5D.split(%22;%22); HTTP/1.0" 404 1256 "http://chat.f-m-shop.de/livezilla/livezilla.php" "Mozilla/5.0 (compatible; jobs.de-Robot +http://www.jobs.de)"
81.17.208.4 - - [11/Apr/2010:05:42:45 +0200] "GET /livezilla/this.Id; HTTP/1.0" 404 1256 "http://chat.f-m-shop.de/livezilla/livezilla.php" "Mozilla/5.0 (compatible; jobs.de-Robot +http://www.jobs.de)"
81.17.208.4 - - [11/Apr/2010:05:42:49 +0200] "GET /livezilla/MSXML2.XMLHTTP HTTP/1.0" 404 1256 "http://chat.f-m-shop.de/livezilla/livezilla.php" "Mozilla/5.0 (compatible; jobs.de-Robot +http://www.jobs.de)"
81.17.208.4 - - [11/Apr/2010:05:42:52 +0200] "GET /livezilla/1.0 HTTP/1.0" 404 1256 "http://chat.f-m-shop.de/livezilla/livezilla.php" "Mozilla/5.0 (compatible; jobs.de-Robot +http://www.jobs.de)"
81.17.208.4 - - [11/Apr/2010:05:42:55 +0200] "GET /livezilla/livezilla.php?template=lz_chat_frame.3.0 HTTP/1.0" 200 283 "http://chat.f-m-shop.de/livezilla/livezilla.php" "Mozilla/5.0 (compatible; jobs.de-Robot +http://www.jobs.de)"
81.17.208.4 - - [11/Apr/2010:05:42:58 +0200] "GET /livezilla/Microsoft.XMLHTTP HTTP/1.0" 404 1256 "http://chat.f-m-shop.de/livezilla/livezilla.php" "Mozilla/5.0 (compatible; jobs.de-Robot +http://www.jobs.de)"
81.17.208.4 - - [11/Apr/2010:05:43:02 +0200] "GET /%22javascript:top.lz_chat_goto_message(true);/%22%3E%3Cb%3E%22 HTTP/1.0" 404 1256 "http://chat.f-m-shop.de/livezilla/livezilla.php" "Mozilla/5.0 (compatible; jobs.de-Robot +http://www.jobs.de)"
81.17.208.4 - - [11/Apr/2010:06:43:07 +0200] "GET /livezilla/lz_chat_frame.3.2.chat.2.0 HTTP/1.0" 404 1256 "http://chat.f-m-shop.de/livezilla/livezilla.php" "Mozilla/5.0 (compatible; jobs.de-Robot +http://www.jobs.de)"
81.17.208.4 - - [11/Apr/2010:06:43:14 +0200] "GET /livezilla/livezilla.php?template=lz_chat_frame.1.2 HTTP/1.0" 200 307 "http://chat.f-m-shop.de/livezilla/livezilla.php" "Mozilla/5.0 (compatible; jobs.de-Robot +http://www.jobs.de)"
81.17.208.4 - - [11/Apr/2010:06:43:18 +0200] "GET /livezilla/livezilla.php?template=lz_chat_frame.4.1 HTTP/1.0" 200 540 "http://chat.f-m-shop.de/livezilla/livezilla.php" "Mozilla/5.0 (compatible; jobs.de-Robot +http://www.jobs.de)"
81.17.208.4 - - [11/Apr/2010:06:43:22 +0200] "GET /livezilla/livezilla.php?template=lz_chat_frame.0.0 HTTP/1.0" 200 300 "http://chat.f-m-shop.de/livezilla/livezilla.php" "Mozilla/5.0 (compatible; jobs.de-Robot +http://www.jobs.de)"
81.17.208.4 - - [11/Apr/2010:06:43:26 +0200] "GET /livezilla/livezilla.php?template=lz_chat_frame.5.1 HTTP/1.0" 200 307 "http://chat.f-m-shop.de/livezilla/livezilla.php" "Mozilla/5.0 (compatible; jobs.de-Robot +http://www.jobs.de)"
81.17.208.4 - - [11/Apr/2010:06:43:29 +0200] "GET /%22./images/icon_link.gif/%22 HTTP/1.0" 404 1256 "http://chat.f-m-shop.de/livezilla/livezilla.php" "Mozilla/5.0 (compatible; jobs.de-Robot +http://www.jobs.de)"
81.17.208.4 - - [11/Apr/2010:06:43:32 +0200] "GET /livezilla/livezilla.php?template=lz_chat_frame.0.2 HTTP/1.0" 200 283 "http://chat.f-m-shop.de/livezilla/livezilla.php" "Mozilla/5.0 (compatible; jobs.de-Robot +http://www.jobs.de)"
81.17.208.4 - - [11/Apr/2010:06:43:36 +0200] "GET /livezilla/lz_chat_data.ExternalUser.Session.UserId; HTTP/1.0" 404 1256 "http://chat.f-m-shop.de/livezilla/livezilla.php" "Mozilla/5.0 (compatible; jobs.de-Robot +http://www.jobs.de)"
81.17.208.4 - - [11/Apr/2010:06:43:40 +0200] "GET /livezilla/lz_chat_frame.0.0 HTTP/1.0" 404 1256 "http://chat.f-m-shop.de/livezilla/livezilla.php" "Mozilla/5.0 (compatible; jobs.de-Robot +http://www.jobs.de)"
81.17.208.4 - - [11/Apr/2010:06:43:43 +0200] "GET /livezilla/7.5 HTTP/1.0" 404 1256 "http://chat.f-m-shop.de/livezilla/livezilla.php" "Mozilla/5.0 (compatible; jobs.de-Robot +http://www.jobs.de)"
81.17.208.4 - - [11/Apr/2010:06:43:46 +0200] "GET /livezilla/lz_chat_frame.5.1 HTTP/1.0" 404 1256 "http://chat.f-m-shop.de/livezilla/livezilla.php" "Mozilla/5.0 (compatible; jobs.de-Robot +http://www.jobs.de)"
81.17.208.4 - - [11/Apr/2010:06:43:48 +0200] "GET /livezilla/window.name; HTTP/1.0" 404 1256 "http://chat.f-m-shop.de/livezilla/livezilla.php" "Mozilla/5.0 (compatible; jobs.de-Robot +http://www.jobs.de)"
81.17.208.4 - - [11/Apr/2010:06:43:53 +0200] "GET /livezilla/lz_chat_frame.0.1 HTTP/1.0" 404 1256 "http://chat.f-m-shop.de/livezilla/livezilla.php" "Mozilla/5.0 (compatible; jobs.de-Robot +http://www.jobs.de)"
81.17.208.4 - - [11/Apr/2010:06:43:57 +0200] "GET /livezilla/lz_chat_frame.3.3 HTTP/1.0" 404 1256 "http://chat.f-m-shop.de/livezilla/livezilla.php" "Mozilla/5.0 (compatible; jobs.de-Robot +http://www.jobs.de)"
81.17.208.4 - - [11/Apr/2010:06:44:01 +0200] "GET /livezilla/_url; HTTP/1.0" 404 1256 "http://chat.f-m-shop.de/livezilla/livezilla.php" "Mozilla/5.0 (compatible; jobs.de-Robot +http://www.jobs.de)"
81.17.208.4 - - [11/Apr/2010:06:44:04 +0200] "GET /livezilla/lz_chat_frame.3.2.login.2.0 HTTP/1.0" 404 1256 "http://chat.f-m-shop.de/livezilla/livezilla.php" "Mozilla/5.0 (compatible; jobs.de-Robot +http://www.jobs.de)"
81.17.208.4 - - [11/Apr/2010:07:48:27 +0200] "GET /livezilla/livezilla.php?template=lz_chat_frame.3.2.login.0.0 HTTP/1.0" 200 1628 "http://chat.f-m-shop.de/livezilla/livezilla.php?template=lz_chat_frame.3.2.login&" "Mozilla/5.0 (compatible; jobs.de-Robot +http://www.jobs.de)"
