212.4.92.48 - - [01/Oct/2009:22:54:56 +0200] "GET /livezilla/images/carrier_logo.gif HTTP/1.1" 200 6003 "-" "Opera/9.80 (Windows NT 5.1; U; de) Presto/2.2.15 Version/10.00"
212.4.92.48 - - [01/Oct/2009:22:54:55 +0200] "GET /livezilla/livezilla.php?template=lz_chat_frame.3.2.login& HTTP/1.1" 200 1019 "-" "Opera/9.80 (Windows NT 5.1; U; de) Presto/2.2.15 Version/10.00"
212.4.92.48 - - [01/Oct/2009:22:54:56 +0200] "GET /livezilla/livezilla.php?template=lz_chat_frame.3.2.login.0.0 HTTP/1.1" 200 1563 "-" "Opera/9.80 (Windows NT 5.1; U; de) Presto/2.2.15 Version/10.00"
212.4.92.48 - - [01/Oct/2009:22:54:56 +0200] "GET /livezilla/livezilla.php?template=lz_chat_frame.4.1 HTTP/1.1" 200 455 "-" "Opera/9.80 (Windows NT 5.1; U; de) Presto/2.2.15 Version/10.00"
212.4.92.48 - - [01/Oct/2009:22:54:56 +0200] "GET /livezilla/livezilla.php?template=lz_chat_frame.3.0 HTTP/1.1" 200 240 "-" "Opera/9.80 (Windows NT 5.1; U; de) Presto/2.2.15 Version/10.00"
212.4.92.48 - - [01/Oct/2009:22:54:57 +0200] "GET /livezilla/images/lz_rep_bg_left.gif HTTP/1.1" 200 593 "-" "Opera/9.80 (Windows NT 5.1; U; de) Presto/2.2.15 Version/10.00"
212.4.92.48 - - [01/Oct/2009:22:54:57 +0200] "GET /livezilla/images/icon_vcard.gif HTTP/1.1" 200 559 "-" "Opera/9.80 (Windows NT 5.1; U; de) Presto/2.2.15 Version/10.00"
212.4.92.48 - - [01/Oct/2009:22:54:57 +0200] "GET /livezilla/images/lz_header.gif HTTP/1.1" 200 7285 "-" "Opera/9.80 (Windows NT 5.1; U; de) Presto/2.2.15 Version/10.00"
212.4.92.48 - - [01/Oct/2009:22:54:57 +0200] "GET /livezilla/images/button_fav.gif HTTP/1.1" 200 1344 "-" "Opera/9.80 (Windows NT 5.1; U; de) Presto/2.2.15 Version/10.00"
212.4.92.48 - - [01/Oct/2009:22:54:56 +0200] "GET /livezilla/livezilla.php?template=lz_chat_frame.3.2.login.2.0 HTTP/1.1" 200 277 "-" "Opera/9.80 (Windows NT 5.1; U; de) Presto/2.2.15 Version/10.00"
212.4.92.48 - - [01/Oct/2009:22:54:57 +0200] "GET /livezilla/images/icon_typing.gif HTTP/1.1" 200 1106 "-" "Opera/9.80 (Windows NT 5.1; U; de) Presto/2.2.15 Version/10.00"
212.4.92.48 - - [01/Oct/2009:22:54:57 +0200] "GET /livezilla/images/chat_bg_navigation.gif HTTP/1.1" 200 258 "-" "Opera/9.80 (Windows NT 5.1; U; de) Presto/2.2.15 Version/10.00"
212.4.92.48 - - [01/Oct/2009:22:54:57 +0200] "GET /livezilla/images/chat_bg_navigation_left.gif HTTP/1.1" 200 1078 "-" "Opera/9.80 (Windows NT 5.1; U; de) Presto/2.2.15 Version/10.00"
212.4.92.48 - - [01/Oct/2009:22:54:57 +0200] "GET /livezilla/images/button_close.gif HTTP/1.1" 200 1239 "-" "Opera/9.80 (Windows NT 5.1; U; de) Presto/2.2.15 Version/10.00"
212.4.92.48 - - [01/Oct/2009:22:54:57 +0200] "GET /livezilla/livezilla.php?template=lz_chat_frame.5.1 HTTP/1.1" 200 265 "-" "Opera/9.80 (Windows NT 5.1; U; de) Presto/2.2.15 Version/10.00"
212.4.92.48 - - [01/Oct/2009:22:54:57 +0200] "GET /livezilla/images/lz_rep_bg.gif HTTP/1.1" 200 320 "-" "Opera/9.80 (Windows NT 5.1; U; de) Presto/2.2.15 Version/10.00"
212.4.92.48 - - [01/Oct/2009:22:54:57 +0200] "GET /livezilla/intern_images/nopic.jpg HTTP/1.1" 200 3599 "-" "Opera/9.80 (Windows NT 5.1; U; de) Presto/2.2.15 Version/10.00"
212.4.92.48 - - [01/Oct/2009:22:54:57 +0200] "GET /livezilla/images/button_mail.gif HTTP/1.1" 200 1348 "-" "Opera/9.80 (Windows NT 5.1; U; de) Presto/2.2.15 Version/10.00"
212.4.92.48 - - [01/Oct/2009:22:54:57 +0200] "GET /livezilla/images/chat_bg_navigation_right.gif HTTP/1.1" 200 675 "-" "Opera/9.80 (Windows NT 5.1; U; de) Presto/2.2.15 Version/10.00"
212.4.92.48 - - [01/Oct/2009:22:54:56 +0200] "GET /livezilla/livezilla.php?template=lz_chat_frame.1.2 HTTP/1.1" 200 264 "-" "Opera/9.80 (Windows NT 5.1; U; de) Presto/2.2.15 Version/10.00"
212.4.92.48 - - [01/Oct/2009:22:54:57 +0200] "GET /livezilla/images/chat_bg_footer_top.gif HTTP/1.1" 200 858 "-" "Opera/9.80 (Windows NT 5.1; U; de) Presto/2.2.15 Version/10.00"
212.4.92.48 - - [01/Oct/2009:22:54:57 +0200] "GET /livezilla/images/chat_bg_footer.gif HTTP/1.1" 200 194 "-" "Opera/9.80 (Windows NT 5.1; U; de) Presto/2.2.15 Version/10.00"
212.4.92.48 - - [01/Oct/2009:22:54:57 +0200] "GET /livezilla/images/chat_bg_navigation_dev.gif HTTP/1.1" 200 367 "-" "Opera/9.80 (Windows NT 5.1; U; de) Presto/2.2.15 Version/10.00"
212.4.92.48 - - [01/Oct/2009:22:54:57 +0200] "GET /livezilla/images/lz_rep_bg_right.gif HTTP/1.1" 200 590 "-" "Opera/9.80 (Windows NT 5.1; U; de) Presto/2.2.15 Version/10.00"
212.4.92.48 - - [01/Oct/2009:22:54:57 +0200] "GET /livezilla/images/chat_bg_navigation_right.gif HTTP/1.1" 200 675 "-" "Opera/9.80 (Windows NT 5.1; U; de) Presto/2.2.15 Version/10.00"
212.4.92.48 - - [01/Oct/2009:22:54:57 +0200] "GET /livezilla/livezilla.php?template=lz_chat_frame.3.3 HTTP/1.1" 200 239 "-" "Opera/9.80 (Windows NT 5.1; U; de) Presto/2.2.15 Version/10.00"
212.4.92.48 - - [01/Oct/2009:22:54:57 +0200] "GET /livezilla/livezilla.php?template=lz_chat_frame.3.2.login.1.0& HTTP/1.1" 200 2939 "-" "Opera/9.80 (Windows NT 5.1; U; de) Presto/2.2.15 Version/10.00"
212.4.92.48 - - [01/Oct/2009:22:54:57 +0200] "GET /livezilla/images/icon_info.gif HTTP/1.1" 200 1703 "-" "Opera/9.80 (Windows NT 5.1; U; de) Presto/2.2.15 Version/10.00"
212.4.92.48 - - [01/Oct/2009:22:54:57 +0200] "GET /livezilla/images/lz_button.gif HTTP/1.1" 200 838 "-" "Opera/9.80 (Windows NT 5.1; U; de) Presto/2.2.15 Version/10.00"
212.4.92.48 - - [01/Oct/2009:22:54:57 +0200] "GET /livezilla/livezilla.php?template=lz_chat_frame.3.2.login.1.0& HTTP/1.1" 200 2939 "-" "Opera/9.80 (Windows NT 5.1; U; de) Presto/2.2.15 Version/10.00"
212.4.92.48 - - [01/Oct/2009:22:54:57 +0200] "GET /livezilla/images/lz_rep_bg_right.gif HTTP/1.1" 200 590 "-" "Opera/9.80 (Windows NT 5.1; U; de) Presto/2.2.15 Version/10.00"
212.4.92.48 - - [01/Oct/2009:22:54:57 +0200] "GET /livezilla/images/chat_bg_navigation_dev.gif HTTP/1.1" 200 367 "-" "Opera/9.80 (Windows NT 5.1; U; de) Presto/2.2.15 Version/10.00"
212.4.92.48 - - [01/Oct/2009:22:54:57 +0200] "GET /livezilla/images/chat_bg_footer.gif HTTP/1.1" 200 194 "-" "Opera/9.80 (Windows NT 5.1; U; de) Presto/2.2.15 Version/10.00"
212.4.92.48 - - [01/Oct/2009:22:54:57 +0200] "GET /livezilla/images/icon_network.gif HTTP/1.1" 200 354 "-" "Opera/9.80 (Windows NT 5.1; U; de) Presto/2.2.15 Version/10.00"
212.4.92.48 - - [01/Oct/2009:22:54:57 +0200] "GET /livezilla/images/chat_bg_navigation_sub.gif HTTP/1.1" 200 76 "-" "Opera/9.80 (Windows NT 5.1; U; de) Presto/2.2.15 Version/10.00"
212.4.92.48 - - [01/Oct/2009:22:54:57 +0200] "GET /livezilla/images/lz_button_extra.gif HTTP/1.1" 200 948 "-" "Opera/9.80 (Windows NT 5.1; U; de) Presto/2.2.15 Version/10.00"
212.4.92.48 - - [01/Oct/2009:22:54:57 +0200] "GET /livezilla/images/chat_bg_field.gif HTTP/1.1" 200 121 "-" "Opera/9.80 (Windows NT 5.1; U; de) Presto/2.2.15 Version/10.00"
212.4.92.48 - - [01/Oct/2009:22:54:57 +0200] "GET /livezilla/sound/preload.wav HTTP/1.1" 200 1338 "-" "Opera/9.80 (Windows NT 5.1; U; de) Presto/2.2.15 Version/10.00"
212.4.92.48 - - [01/Oct/2009:22:54:59 +0200] "POST /livezilla/server.php HTTP/1.1" 200 212 "-" "Opera/9.80 (Windows NT 5.1; U; de) Presto/2.2.15 Version/10.00"
212.4.92.48 - - [01/Oct/2009:22:54:59 +0200] "GET /livezilla/livezilla.php?template=lz_chat_frame.3.2.mail HTTP/1.1" 200 3993 "-" "Opera/9.80 (Windows NT 5.1; U; de) Presto/2.2.15 Version/10.00"
212.4.92.48 - - [01/Oct/2009:22:54:59 +0200] "GET /livezilla/images/button_chat.gif HTTP/1.1" 200 1218 "-" "Opera/9.80 (Windows NT 5.1; U; de) Presto/2.2.15 Version/10.00"
212.4.92.48 - - [01/Oct/2009:22:54:59 +0200] "GET /livezilla/images/button_print.gif HTTP/1.1" 200 1183 "-" "Opera/9.80 (Windows NT 5.1; U; de) Presto/2.2.15 Version/10.00"
212.4.92.48 - - [01/Oct/2009:22:55:58 +0200] "POST /livezilla/server.php HTTP/1.1" 200 108 "-" "Opera/9.80 (Windows NT 5.1; U; de) Presto/2.2.15 Version/10.00"
212.4.92.48 - - [01/Oct/2009:22:56:02 +0200] "GET /livezilla/livezilla.php?&reset=true HTTP/1.1" 200 72028 "-" "Opera/9.80 (Windows NT 5.1; U; de) Presto/2.2.15 Version/10.00"
212.4.92.48 - - [01/Oct/2009:22:56:03 +0200] "GET /livezilla/livezilla.php?template=lz_chat_frame.0.0 HTTP/1.1" 200 259 "-" "Opera/9.80 (Windows NT 5.1; U; de) Presto/2.2.15 Version/10.00"
212.4.92.48 - - [01/Oct/2009:22:56:03 +0200] "GET /livezilla/livezilla.php?template=lz_chat_frame.0.1 HTTP/1.1" 200 277 "-" "Opera/9.80 (Windows NT 5.1; U; de) Presto/2.2.15 Version/10.00"
212.4.92.48 - - [01/Oct/2009:22:56:03 +0200] "GET /livezilla/livezilla.php?template=lz_chat_frame.1.0 HTTP/1.1" 200 279 "-" "Opera/9.80 (Windows NT 5.1; U; de) Presto/2.2.15 Version/10.00"
212.4.92.48 - - [01/Oct/2009:22:56:03 +0200] "GET /livezilla/livezilla.php?template=lz_chat_frame.0.2 HTTP/1.1" 200 254 "-" "Opera/9.80 (Windows NT 5.1; U; de) Presto/2.2.15 Version/10.00"
212.4.92.48 - - [01/Oct/2009:22:56:04 +0200] "GET /livezilla/livezilla.php?template=lz_chat_frame.4.1 HTTP/1.1" 200 455 "-" "Opera/9.80 (Windows NT 5.1; U; de) Presto/2.2.15 Version/10.00"
212.4.92.48 - - [01/Oct/2009:22:56:04 +0200] "GET /livezilla/livezilla.php?template=lz_chat_frame.5.1 HTTP/1.1" 200 265 "-" "Opera/9.80 (Windows NT 5.1; U; de) Presto/2.2.15 Version/10.00"
212.4.92.48 - - [01/Oct/2009:22:56:03 +0200] "GET /livezilla/livezilla.php?template=lz_chat_frame.2.0 HTTP/1.1" 200 263 "-" "Opera/9.80 (Windows NT 5.1; U; de) Presto/2.2.15 Version/10.00"
212.4.92.48 - - [01/Oct/2009:22:56:04 +0200] "GET /livezilla/livezilla.php?template=lz_chat_frame.3.3 HTTP/1.1" 200 239 "-" "Opera/9.80 (Windows NT 5.1; U; de) Presto/2.2.15 Version/10.00"
212.4.92.48 - - [01/Oct/2009:22:56:04 +0200] "GET /livezilla/livezilla.php?template=lz_chat_frame.2.2 HTTP/1.1" 200 264 "-" "Opera/9.80 (Windows NT 5.1; U; de) Presto/2.2.15 Version/10.00"
212.4.92.48 - - [01/Oct/2009:22:56:04 +0200] "GET /livezilla/livezilla.php?template=lz_chat_frame.1.1 HTTP/1.1" 200 2257 "-" "Opera/9.80 (Windows NT 5.1; U; de) Presto/2.2.15 Version/10.00"
212.4.92.48 - - [01/Oct/2009:22:56:05 +0200] "GET /livezilla/livezilla.php?template=lz_chat_frame.3.0 HTTP/1.1" 200 240 "-" "Opera/9.80 (Windows NT 5.1; U; de) Presto/2.2.15 Version/10.00"
212.4.92.48 - - [01/Oct/2009:22:56:04 +0200] "GET /livezilla/livezilla.php?template=lz_chat_frame.3.2.login&reset=true HTTP/1.1" 200 1029 "-" "Opera/9.80 (Windows NT 5.1; U; de) Presto/2.2.15 Version/10.00"
212.4.92.48 - - [01/Oct/2009:22:56:05 +0200] "GET /livezilla/livezilla.php?template=lz_chat_frame.3.2.login.1.0&reset=true HTTP/1.1" 200 2970 "-" "Opera/9.80 (Windows NT 5.1; U; de) Presto/2.2.15 Version/10.00"
212.4.92.48 - - [01/Oct/2009:22:56:05 +0200] "GET /livezilla/livezilla.php?template=lz_chat_frame.3.2.login.0.0 HTTP/1.1" 200 1563 "-" "Opera/9.80 (Windows NT 5.1; U; de) Presto/2.2.15 Version/10.00"
212.4.92.48 - - [01/Oct/2009:22:56:05 +0200] "GET /livezilla/livezilla.php?template=lz_chat_frame.3.0 HTTP/1.1" 200 240 "-" "Opera/9.80 (Windows NT 5.1; U; de) Presto/2.2.15 Version/10.00"
212.4.92.48 - - [01/Oct/2009:22:56:04 +0200] "GET /livezilla/livezilla.php?template=lz_chat_frame.1.2 HTTP/1.1" 200 264 "-" "Opera/9.80 (Windows NT 5.1; U; de) Presto/2.2.15 Version/10.00"
212.4.92.48 - - [01/Oct/2009:22:56:05 +0200] "GET /livezilla/livezilla.php?template=lz_chat_frame.2.2 HTTP/1.1" 200 264 "-" "Opera/9.80 (Windows NT 5.1; U; de) Presto/2.2.15 Version/10.00"
212.4.92.48 - - [01/Oct/2009:22:56:05 +0200] "GET /livezilla/livezilla.php?template=lz_chat_frame.3.2.login.2.0 HTTP/1.1" 200 277 "-" "Opera/9.80 (Windows NT 5.1; U; de) Presto/2.2.15 Version/10.00"
212.4.92.48 - - [01/Oct/2009:22:56:05 +0200] "GET /livezilla/livezilla.php?template=lz_chat_frame.3.3 HTTP/1.1" 200 239 "-" "Opera/9.80 (Windows NT 5.1; U; de) Presto/2.2.15 Version/10.00"
212.4.92.48 - - [01/Oct/2009:22:56:06 +0200] "POST /livezilla/server.php HTTP/1.1" 200 212 "-" "Opera/9.80 (Windows NT 5.1; U; de) Presto/2.2.15 Version/10.00"
90.186.21.98 - - [01/Oct/2009:22:57:09 +0200] "GET /livezilla/image.php?id=04 HTTP/1.1" 200 7276 "http://www.f-m-shop.de/seiten/prod_detail_neuer.cfm?kat=MONT22&nav=2&artnr=A 28404" "Mozilla/4.0 (compatible; MSIE 8.0; Windows NT 6.0; Trident/4.0; SLCC1; .NET CLR 2.0.50727; Media Center PC 5.0; eSobiSubscriber 2.0.4.16; .NET CLR 3.5.30729; .NET CLR 3.0.30729)"
82.113.121.101 - - [01/Oct/2009:22:57:15 +0200] "GET /livezilla/image.php?id=04 HTTP/1.1" 200 7276 "http://www.eizo4you.de/seiten/prod_detail_neuer.cfm?name=LCD%2022%22%20%20%20EIZO%20FlexScan%20S2202WH%20%20schwarz&artnr=A%20%2024835&nav=2&kat=MONT22&kat_her=&p_sort=&b_sort=ASC" "Mozilla/5.0 (Windows; U; Windows NT 6.0; de; rv:1.9.1.3) Gecko/20090824 Firefox/3.5.3 (.NET CLR 3.5.30729)"
93.218.89.247 - - [01/Oct/2009:22:57:42 +0200] "GET /livezilla/image.php?id=04 HTTP/1.1" 200 7276 "http://www.f-m-shop.de/seiten/prod_detail_neuer.cfm?kat=MONT22&nav=2&artnr=A 24834" "Mozilla/4.0 (compatible; MSIE 8.0; Windows NT 5.1; Trident/4.0; .NET CLR 2.0.50727; .NET CLR 3.0.4506.2152; .NET CLR 3.5.30729)"
92.195.3.214 - - [01/Oct/2009:22:58:06 +0200] "GET /livezilla/image.php?id=04 HTTP/1.1" 200 7276 "http://www.f-m-shop.de/seiten/prod_detail_neuer.cfm?kat=HIFTVCRD&nav=2&artnr=A%20%2028452" "Mozilla/5.0 (Macintosh; U; Intel Mac OS X 10_6_1; de-de) AppleWebKit/531.9 (KHTML, like Gecko) Version/4.0.3 Safari/531.9"
93.218.89.247 - - [01/Oct/2009:22:58:25 +0200] "GET /livezilla/image.php?id=04 HTTP/1.1" 200 7276 "http://www.f-m-shop.de/seiten/prod_detail_neuer.cfm?name=LCD 22\" EIZO FlexScan S2202WE grau&artnr=A%20%2025191&nav=2&kat=MONT22&kat_her=&p_sort=&b_sort=ASC" "Mozilla/4.0 (compatible; MSIE 8.0; Windows NT 5.1; Trident/4.0; .NET CLR 2.0.50727; .NET CLR 3.0.4506.2152; .NET CLR 3.5.30729)"
78.52.55.213 - - [01/Oct/2009:22:58:34 +0200] "GET /livezilla/image.php?id=04 HTTP/1.1" 200 7276 "http://www.f-m-shop.de/seiten/prod_detail_neuer.cfm?kat=XPOSTEN&nav=2&artnr=A 28888" "Mozilla/4.0 (compatible; MSIE 6.0; Windows NT 5.1; SV1; .NET CLR 2.0.50727; .NET CLR 3.0.4506.2152; .NET CLR 3.5.30729)"
93.218.89.247 - - [01/Oct/2009:22:58:45 +0200] "GET /livezilla/image.php?id=04 HTTP/1.1" 200 7276 "http://www.f-m-shop.de/seiten/prod_detail_neuer.cfm?name=LCD 22\" EIZO FlexScan S2202WH grau&artnr=A%20%2025192&nav=2&kat=MONT22&kat_her=&p_sort=&b_sort=ASC" "Mozilla/4.0 (compatible; MSIE 8.0; Windows NT 5.1; Trident/4.0; .NET CLR 2.0.50727; .NET CLR 3.0.4506.2152; .NET CLR 3.5.30729)"
212.4.92.48 - - [01/Oct/2009:22:56:00 +0200] "GET /livezilla/livezilla.php?&reset=true HTTP/1.1" 200 72028 "-" "Opera/9.80 (Windows NT 5.1; U; de) Presto/2.2.15 Version/10.00"
95.112.10.84 - - [01/Oct/2009:23:02:18 +0200] "GET /livezilla/image.php?id=04 HTTP/1.1" 200 7276 "http://www.f-m-shop.de/seiten/prod_detail_neuer.cfm?kat=EINTAST&nav=2&artnr=A%20%2028976" "Mozilla/5.0 (Windows; U; Windows NT 5.1; de; rv:1.9.1.3) Gecko/20090824 Firefox/3.5.3"
84.131.168.144 - - [01/Oct/2009:23:03:55 +0200] "GET /livezilla/image.php?id=04 HTTP/1.1" 200 7276 "http://www.f-m-shop.de/seiten/prod_detail_neuer.cfm?name=LCD%2024,1%22%20EIZO%20CG243W-BK%20%20%20%20%20%20%20%20schwarz&artnr=A%20%2029162&nav=2&kat=MONT24&kat_her=EIZO&p_sort=&b_sort=ASC" "Mozilla/5.0 (Windows; U; Windows NT 5.1; de; rv:1.9.0.10) Gecko/2009042316 Firefox/3.0.10"
93.218.89.247 - - [01/Oct/2009:23:06:22 +0200] "GET /livezilla/image.php?id=04 HTTP/1.1" 200 7276 "http://www.f-m-shop.de/seiten/prod_detail_neuer.cfm?kat=MONT22&nav=2&artnr=A 25192" "Mozilla/4.0 (compatible; MSIE 8.0; Windows NT 5.1; Trident/4.0; .NET CLR 2.0.50727; .NET CLR 3.0.4506.2152; .NET CLR 3.5.30729)"
77.181.45.214 - - [01/Oct/2009:23:06:45 +0200] "GET /livezilla/image.php?id=04 HTTP/1.1" 200 7276 "http://www.f-m-shop.de/seiten/prod_detail_neuer.cfm?kat=HIFMP3&nav=2&artnr=A%20%2024486" "Mozilla/5.0 (Windows; U; Windows NT 6.0; nl; rv:1.9.1.3) Gecko/20090824 Firefox/3.5.3 (.NET CLR 3.5.30729)"
84.135.216.171 - - [01/Oct/2009:23:06:49 +0200] "GET /livezilla/image.php?id=04 HTTP/1.1" 200 7276 "http://www.f-m-shop.de/seiten/prod_detail_neuer.cfm?name=USV ZBH kompatibel Batterie RBC48&artnr=A%20%2018676&nav=2&kat=NETUSVAK&kat_her=&p_sort=&b_sort=ASC" "Mozilla/4.0 (compatible; MSIE 8.0; Windows NT 5.1; Trident/4.0; GTB6; .NET CLR 1.1.4322; .NET CLR 2.0.50727; .NET CLR 3.0.4506.2152; .NET CLR 3.5.30729)"
93.218.89.247 - - [01/Oct/2009:23:08:31 +0200] "GET /livezilla/image.php?id=04 HTTP/1.1" 200 7276 "http://www.f-m-shop.de/seiten/prod_detail_neuer.cfm?kat=MONT22&nav=2&artnr=A 24835" "Mozilla/4.0 (compatible; MSIE 8.0; Windows NT 5.1; Trident/4.0; .NET CLR 2.0.50727; .NET CLR 3.0.4506.2152; .NET CLR 3.5.30729)"
84.131.168.144 - - [01/Oct/2009:23:08:49 +0200] "GET /livezilla/image.php?id=04 HTTP/1.1" 200 7276 "http://www.f-m-shop.de/seiten/prod_detail_neuer.cfm?name=LCD%2024,1%22%20EIZO%20CG243W-BK%20%20%20%20%20%20%20%20schwarz&artnr=A%20%2029162&nav=2&kat=MONT24&kat_her=EIZO&p_sort=&b_sort=ASC" "Mozilla/5.0 (Windows; U; Windows NT 5.1; de; rv:1.9.0.10) Gecko/2009042316 Firefox/3.0.10"
91.33.126.207 - - [01/Oct/2009:23:09:19 +0200] "GET /livezilla/image.php?id=04 HTTP/1.1" 200 7276 "http://www.eizo4you.de/seiten/prod_detail_neuer.cfm?name=LCD 24,1\" EIZO FlexScan S2402WE grau&artnr=A%20%2025271&nav=2&kat=MONT24&kat_her=&p_sort=ASC&b_sort=ASC" "Mozilla/4.0 (compatible; MSIE 8.0; Windows NT 5.1; Trident/4.0; freenet DSL 1.1; .NET CLR 2.0.50727; .NET CLR 1.1.4322; .NET CLR 3.0.04506.648; .NET CLR 3.5.21022; .NET CLR 3.0.4506.2152; .NET CLR 3.5.30729)"
217.237.29.37 - - [01/Oct/2009:23:09:50 +0200] "GET /livezilla/image.php?id=04 HTTP/1.1" 200 7276 "http://www.f-m-shop.de/seiten/prod_detail_neuer.cfm?kat=NOTB15&nav=2&artnr=A 28684" "Mozilla/4.0 (compatible; MSIE 8.0; Windows NT 6.0; Trident/4.0; GTB6; SIMBAR={4AEDB5F0-5FDC-11DE-BBCA-001E338F30C1}; SLCC1; .NET CLR 2.0.50727; FDM; .NET CLR 3.0.30618; .NET CLR 3.5.30729)"
93.214.34.24 - - [01/Oct/2009:23:11:07 +0200] "GET /livezilla/image.php?id=04 HTTP/1.1" 200 7276 "http://www.f-m-shop.de/seiten/prod_detail_neuer.cfm?name=LCD%2022%22%20%20%20EIZO%20FlexScan%20S2243WE%20%20black&artnr=A%20%2029269&nav=2&kat=MONT22&kat_her=&p_sort=&b_sort=ASC" "Mozilla/5.0 (Windows; U; Windows NT 5.1; de; rv:1.8.1.13) Gecko/20080311 Firefox/2.0.0.13"
93.214.34.24 - - [01/Oct/2009:23:11:17 +0200] "GET /livezilla/templates/style.css HTTP/1.1" 200 8998 "http://chat.f-m-shop.de/livezilla/livezilla.php" "Mozilla/5.0 (Windows; U; Windows NT 5.1; de; rv:1.8.1.13) Gecko/20080311 Firefox/2.0.0.13"
93.214.34.24 - - [01/Oct/2009:23:11:17 +0200] "GET /livezilla/livezilla.php HTTP/1.1" 200 72007 "http://www.f-m-shop.de/seiten/prod_detail_neuer.cfm?name=LCD%2022%22%20%20%20EIZO%20FlexScan%20S2243WE%20%20black&artnr=A%20%2029269&nav=2&kat=MONT22&kat_her=&p_sort=&b_sort=ASC" "Mozilla/5.0 (Windows; U; Windows NT 5.1; de; rv:1.8.1.13) Gecko/20080311 Firefox/2.0.0.13"
93.214.34.24 - - [01/Oct/2009:23:11:17 +0200] "GET /livezilla/livezilla.php?template=lz_chat_frame.0.0 HTTP/1.1" 200 259 "http://chat.f-m-shop.de/livezilla/livezilla.php" "Mozilla/5.0 (Windows; U; Windows NT 5.1; de; rv:1.8.1.13) Gecko/20080311 Firefox/2.0.0.13"
93.214.34.24 - - [01/Oct/2009:23:11:17 +0200] "GET /livezilla/livezilla.php?template=lz_chat_frame.0.1 HTTP/1.1" 200 277 "http://chat.f-m-shop.de/livezilla/livezilla.php" "Mozilla/5.0 (Windows; U; Windows NT 5.1; de; rv:1.8.1.13) Gecko/20080311 Firefox/2.0.0.13"
93.214.34.24 - - [01/Oct/2009:23:11:18 +0200] "GET /livezilla/livezilla.php?template=lz_chat_frame.1.1 HTTP/1.1" 200 2257 "http://chat.f-m-shop.de/livezilla/livezilla.php" "Mozilla/5.0 (Windows; U; Windows NT 5.1; de; rv:1.8.1.13) Gecko/20080311 Firefox/2.0.0.13"
93.214.34.24 - - [01/Oct/2009:23:11:18 +0200] "GET /livezilla/livezilla.php?template=lz_chat_frame.3.2.login& HTTP/1.1" 200 1019 "http://chat.f-m-shop.de/livezilla/livezilla.php" "Mozilla/5.0 (Windows; U; Windows NT 5.1; de; rv:1.8.1.13) Gecko/20080311 Firefox/2.0.0.13"
93.214.34.24 - - [01/Oct/2009:23:11:18 +0200] "GET /livezilla/livezilla.php?template=lz_chat_frame.4.1 HTTP/1.1" 200 455 "http://chat.f-m-shop.de/livezilla/livezilla.php" "Mozilla/5.0 (Windows; U; Windows NT 5.1; de; rv:1.8.1.13) Gecko/20080311 Firefox/2.0.0.13"
93.214.34.24 - - [01/Oct/2009:23:11:18 +0200] "GET /livezilla/livezilla.php?template=lz_chat_frame.1.2 HTTP/1.1" 200 264 "http://chat.f-m-shop.de/livezilla/livezilla.php" "Mozilla/5.0 (Windows; U; Windows NT 5.1; de; rv:1.8.1.13) Gecko/20080311 Firefox/2.0.0.13"
93.214.34.24 - - [01/Oct/2009:23:11:18 +0200] "GET /livezilla/livezilla.php?template=lz_chat_frame.3.0 HTTP/1.1" 200 240 "http://chat.f-m-shop.de/livezilla/livezilla.php" "Mozilla/5.0 (Windows; U; Windows NT 5.1; de; rv:1.8.1.13) Gecko/20080311 Firefox/2.0.0.13"
93.214.34.24 - - [01/Oct/2009:23:11:19 +0200] "GET /livezilla/livezilla.php?template=lz_chat_frame.5.1 HTTP/1.1" 200 265 "http://chat.f-m-shop.de/livezilla/livezilla.php" "Mozilla/5.0 (Windows; U; Windows NT 5.1; de; rv:1.8.1.13) Gecko/20080311 Firefox/2.0.0.13"
93.214.34.24 - - [01/Oct/2009:23:11:18 +0200] "GET /livezilla/livezilla.php?template=lz_chat_frame.0.2 HTTP/1.1" 200 254 "http://chat.f-m-shop.de/livezilla/livezilla.php" "Mozilla/5.0 (Windows; U; Windows NT 5.1; de; rv:1.8.1.13) Gecko/20080311 Firefox/2.0.0.13"
93.214.34.24 - - [01/Oct/2009:23:11:19 +0200] "GET /livezilla/livezilla.php?template=lz_chat_frame.1.0 HTTP/1.1" 200 279 "http://chat.f-m-shop.de/livezilla/livezilla.php" "Mozilla/5.0 (Windows; U; Windows NT 5.1; de; rv:1.8.1.13) Gecko/20080311 Firefox/2.0.0.13"
93.214.34.24 - - [01/Oct/2009:23:11:19 +0200] "GET /livezilla/livezilla.php?template=lz_chat_frame.2.0 HTTP/1.1" 200 263 "http://chat.f-m-shop.de/livezilla/livezilla.php" "Mozilla/5.0 (Windows; U; Windows NT 5.1; de; rv:1.8.1.13) Gecko/20080311 Firefox/2.0.0.13"
93.214.34.24 - - [01/Oct/2009:23:11:19 +0200] "GET /livezilla/livezilla.php?template=lz_chat_frame.3.3 HTTP/1.1" 200 239 "http://chat.f-m-shop.de/livezilla/livezilla.php" "Mozilla/5.0 (Windows; U; Windows NT 5.1; de; rv:1.8.1.13) Gecko/20080311 Firefox/2.0.0.13"
93.214.34.24 - - [01/Oct/2009:23:11:19 +0200] "GET /livezilla/livezilla.php?template=lz_chat_frame.3.2.login.0.0 HTTP/1.1" 200 1563 "http://chat.f-m-shop.de/livezilla/livezilla.php?template=lz_chat_frame.3.2.login&" "Mozilla/5.0 (Windows; U; Windows NT 5.1; de; rv:1.8.1.13) Gecko/20080311 Firefox/2.0.0.13"
93.214.34.24 - - [01/Oct/2009:23:11:19 +0200] "GET /livezilla/livezilla.php?template=lz_chat_frame.2.2 HTTP/1.1" 200 264 "http://chat.f-m-shop.de/livezilla/livezilla.php" "Mozilla/5.0 (Windows; U; Windows NT 5.1; de; rv:1.8.1.13) Gecko/20080311 Firefox/2.0.0.13"
93.214.34.24 - - [01/Oct/2009:23:11:20 +0200] "GET /livezilla/images/carrier_logo.gif HTTP/1.1" 200 6003 "http://chat.f-m-shop.de/livezilla/livezilla.php?template=lz_chat_frame.1.1" "Mozilla/5.0 (Windows; U; Windows NT 5.1; de; rv:1.8.1.13) Gecko/20080311 Firefox/2.0.0.13"
93.214.34.24 - - [01/Oct/2009:23:11:20 +0200] "GET /livezilla/images/icon_vcard.gif HTTP/1.1" 200 559 "http://chat.f-m-shop.de/livezilla/livezilla.php?template=lz_chat_frame.1.1" "Mozilla/5.0 (Windows; U; Windows NT 5.1; de; rv:1.8.1.13) Gecko/20080311 Firefox/2.0.0.13"
93.214.34.24 - - [01/Oct/2009:23:11:20 +0200] "GET /livezilla/images/icon_typing.gif HTTP/1.1" 200 1106 "http://chat.f-m-shop.de/livezilla/livezilla.php?template=lz_chat_frame.1.1" "Mozilla/5.0 (Windows; U; Windows NT 5.1; de; rv:1.8.1.13) Gecko/20080311 Firefox/2.0.0.13"
93.214.34.24 - - [01/Oct/2009:23:11:19 +0200] "GET /livezilla/livezilla.php?template=lz_chat_frame.3.2.login.1.0& HTTP/1.1" 200 2939 "http://chat.f-m-shop.de/livezilla/livezilla.php?template=lz_chat_frame.3.2.login&" "Mozilla/5.0 (Windows; U; Windows NT 5.1; de; rv:1.8.1.13) Gecko/20080311 Firefox/2.0.0.13"
93.214.34.24 - - [01/Oct/2009:23:11:20 +0200] "GET /livezilla/images/chat_bg_navigation_left.gif HTTP/1.1" 200 1078 "http://chat.f-m-shop.de/livezilla/livezilla.php?template=lz_chat_frame.3.2.login.0.0" "Mozilla/5.0 (Windows; U; Windows NT 5.1; de; rv:1.8.1.13) Gecko/20080311 Firefox/2.0.0.13"
93.214.34.24 - - [01/Oct/2009:23:11:20 +0200] "GET /livezilla/livezilla.php?template=lz_chat_frame.3.2.login.2.0 HTTP/1.1" 200 277 "http://chat.f-m-shop.de/livezilla/livezilla.php?template=lz_chat_frame.3.2.login&" "Mozilla/5.0 (Windows; U; Windows NT 5.1; de; rv:1.8.1.13) Gecko/20080311 Firefox/2.0.0.13"
93.214.34.24 - - [01/Oct/2009:23:11:20 +0200] "GET /livezilla/intern_images/nopic.jpg HTTP/1.1" 200 3599 "http://chat.f-m-shop.de/livezilla/livezilla.php?template=lz_chat_frame.1.1" "Mozilla/5.0 (Windows; U; Windows NT 5.1; de; rv:1.8.1.13) Gecko/20080311 Firefox/2.0.0.13"
93.214.34.24 - - [01/Oct/2009:23:11:20 +0200] "GET /livezilla/images/lz_header.gif HTTP/1.1" 200 7285 "http://chat.f-m-shop.de/livezilla/livezilla.php?template=lz_chat_frame.1.1" "Mozilla/5.0 (Windows; U; Windows NT 5.1; de; rv:1.8.1.13) Gecko/20080311 Firefox/2.0.0.13"
93.214.34.24 - - [01/Oct/2009:23:11:20 +0200] "GET /livezilla/images/button_mail.gif HTTP/1.1" 200 1348 "http://chat.f-m-shop.de/livezilla/livezilla.php?template=lz_chat_frame.3.2.login.0.0" "Mozilla/5.0 (Windows; U; Windows NT 5.1; de; rv:1.8.1.13) Gecko/20080311 Firefox/2.0.0.13"
93.214.34.24 - - [01/Oct/2009:23:11:20 +0200] "GET /livezilla/images/chat_bg_navigation_dev.gif HTTP/1.1" 200 367 "http://chat.f-m-shop.de/livezilla/livezilla.php?template=lz_chat_frame.3.2.login.0.0" "Mozilla/5.0 (Windows; U; Windows NT 5.1; de; rv:1.8.1.13) Gecko/20080311 Firefox/2.0.0.13"
93.214.34.24 - - [01/Oct/2009:23:11:20 +0200] "GET /livezilla/images/button_close.gif HTTP/1.1" 200 1239 "http://chat.f-m-shop.de/livezilla/livezilla.php?template=lz_chat_frame.3.2.login.0.0" "Mozilla/5.0 (Windows; U; Windows NT 5.1; de; rv:1.8.1.13) Gecko/20080311 Firefox/2.0.0.13"
93.214.34.24 - - [01/Oct/2009:23:11:20 +0200] "GET /livezilla/images/button_fav.gif HTTP/1.1" 200 1344 "http://chat.f-m-shop.de/livezilla/livezilla.php?template=lz_chat_frame.3.2.login.0.0" "Mozilla/5.0 (Windows; U; Windows NT 5.1; de; rv:1.8.1.13) Gecko/20080311 Firefox/2.0.0.13"
93.214.34.24 - - [01/Oct/2009:23:11:20 +0200] "GET /livezilla/images/chat_bg_navigation_right.gif HTTP/1.1" 200 675 "http://chat.f-m-shop.de/livezilla/livezilla.php?template=lz_chat_frame.3.2.login.0.0" "Mozilla/5.0 (Windows; U; Windows NT 5.1; de; rv:1.8.1.13) Gecko/20080311 Firefox/2.0.0.13"
93.214.34.24 - - [01/Oct/2009:23:11:20 +0200] "GET /livezilla/images/icon_info.gif HTTP/1.1" 200 1703 "http://chat.f-m-shop.de/livezilla/livezilla.php?template=lz_chat_frame.3.2.login.1.0&" "Mozilla/5.0 (Windows; U; Windows NT 5.1; de; rv:1.8.1.13) Gecko/20080311 Firefox/2.0.0.13"
93.214.34.24 - - [01/Oct/2009:23:11:20 +0200] "GET /livezilla/images/icon_network.gif HTTP/1.1" 200 354 "http://chat.f-m-shop.de/livezilla/livezilla.php?template=lz_chat_frame.3.2.login.1.0&" "Mozilla/5.0 (Windows; U; Windows NT 5.1; de; rv:1.8.1.13) Gecko/20080311 Firefox/2.0.0.13"
93.214.34.24 - - [01/Oct/2009:23:11:20 +0200] "GET /livezilla/images/lz_rep_bg_left.gif HTTP/1.1" 200 593 "http://chat.f-m-shop.de/livezilla/livezilla.php?template=lz_chat_frame.1.1" "Mozilla/5.0 (Windows; U; Windows NT 5.1; de; rv:1.8.1.13) Gecko/20080311 Firefox/2.0.0.13"
93.214.34.24 - - [01/Oct/2009:23:11:20 +0200] "GET /livezilla/images/lz_rep_bg.gif HTTP/1.1" 200 320 "http://chat.f-m-shop.de/livezilla/livezilla.php?template=lz_chat_frame.1.1" "Mozilla/5.0 (Windows; U; Windows NT 5.1; de; rv:1.8.1.13) Gecko/20080311 Firefox/2.0.0.13"
93.214.34.24 - - [01/Oct/2009:23:11:20 +0200] "GET /livezilla/images/lz_rep_bg_right.gif HTTP/1.1" 200 590 "http://chat.f-m-shop.de/livezilla/livezilla.php?template=lz_chat_frame.1.1" "Mozilla/5.0 (Windows; U; Windows NT 5.1; de; rv:1.8.1.13) Gecko/20080311 Firefox/2.0.0.13"
93.214.34.24 - - [01/Oct/2009:23:11:20 +0200] "GET /livezilla/images/chat_bg_footer.gif HTTP/1.1" 200 194 "http://chat.f-m-shop.de/livezilla/templates/style.css" "Mozilla/5.0 (Windows; U; Windows NT 5.1; de; rv:1.8.1.13) Gecko/20080311 Firefox/2.0.0.13"
93.214.34.24 - - [01/Oct/2009:23:11:20 +0200] "GET /livezilla/images/chat_bg_navigation.gif HTTP/1.1" 200 258 "http://chat.f-m-shop.de/livezilla/templates/style.css" "Mozilla/5.0 (Windows; U; Windows NT 5.1; de; rv:1.8.1.13) Gecko/20080311 Firefox/2.0.0.13"
93.214.34.24 - - [01/Oct/2009:23:11:20 +0200] "GET /livezilla/images/lz_button.gif HTTP/1.1" 200 838 "http://chat.f-m-shop.de/livezilla/templates/style.css" "Mozilla/5.0 (Windows; U; Windows NT 5.1; de; rv:1.8.1.13) Gecko/20080311 Firefox/2.0.0.13"
93.214.34.24 - - [01/Oct/2009:23:11:20 +0200] "GET /livezilla/images/chat_bg_field.gif HTTP/1.1" 200 121 "http://chat.f-m-shop.de/livezilla/templates/style.css" "Mozilla/5.0 (Windows; U; Windows NT 5.1; de; rv:1.8.1.13) Gecko/20080311 Firefox/2.0.0.13"
93.214.34.24 - - [01/Oct/2009:23:11:20 +0200] "GET /livezilla/images/chat_bg_navigation_sub.gif HTTP/1.1" 200 76 "http://chat.f-m-shop.de/livezilla/templates/style.css" "Mozilla/5.0 (Windows; U; Windows NT 5.1; de; rv:1.8.1.13) Gecko/20080311 Firefox/2.0.0.13"
93.214.34.24 - - [01/Oct/2009:23:11:20 +0200] "GET /livezilla/images/lz_button_extra.gif HTTP/1.1" 200 948 "http://chat.f-m-shop.de/livezilla/templates/style.css" "Mozilla/5.0 (Windows; U; Windows NT 5.1; de; rv:1.8.1.13) Gecko/20080311 Firefox/2.0.0.13"
93.214.34.24 - - [01/Oct/2009:23:11:20 +0200] "GET /livezilla/images/chat_bg_footer_top.gif HTTP/1.1" 200 858 "http://chat.f-m-shop.de/livezilla/templates/style.css" "Mozilla/5.0 (Windows; U; Windows NT 5.1; de; rv:1.8.1.13) Gecko/20080311 Firefox/2.0.0.13"
93.214.34.24 - - [01/Oct/2009:23:11:21 +0200] "POST /livezilla/server.php HTTP/1.1" 200 212 "http://chat.f-m-shop.de/livezilla/livezilla.php" "Mozilla/5.0 (Windows; U; Windows NT 5.1; de; rv:1.8.1.13) Gecko/20080311 Firefox/2.0.0.13"
93.214.34.24 - - [01/Oct/2009:23:11:21 +0200] "GET /livezilla/images/favicon.ico HTTP/1.1" 200 43302 "-" "Mozilla/5.0 (Windows; U; Windows NT 5.1; de; rv:1.8.1.13) Gecko/20080311 Firefox/2.0.0.13"
93.214.34.24 - - [01/Oct/2009:23:11:21 +0200] "POST /livezilla/livezilla.php?template=lz_chat_frame.3.2.mail HTTP/1.1" 200 4002 "http://chat.f-m-shop.de/livezilla/livezilla.php?template=lz_chat_frame.3.2.login.1.0&" "Mozilla/5.0 (Windows; U; Windows NT 5.1; de; rv:1.8.1.13) Gecko/20080311 Firefox/2.0.0.13"
93.214.34.24 - - [01/Oct/2009:23:11:22 +0200] "GET /livezilla/images/button_print.gif HTTP/1.1" 200 1183 "http://chat.f-m-shop.de/livezilla/livezilla.php?template=lz_chat_frame.3.2.mail" "Mozilla/5.0 (Windows; U; Windows NT 5.1; de; rv:1.8.1.13) Gecko/20080311 Firefox/2.0.0.13"
93.214.34.24 - - [01/Oct/2009:23:11:22 +0200] "GET /livezilla/images/button_chat.gif HTTP/1.1" 200 1218 "http://chat.f-m-shop.de/livezilla/livezilla.php?template=lz_chat_frame.3.2.mail" "Mozilla/5.0 (Windows; U; Windows NT 5.1; de; rv:1.8.1.13) Gecko/20080311 Firefox/2.0.0.13"
93.214.34.24 - - [01/Oct/2009:23:11:22 +0200] "GET /livezilla/images/favicon.ico HTTP/1.1" 200 43302 "-" "Mozilla/5.0 (Windows; U; Windows NT 5.1; de; rv:1.8.1.13) Gecko/20080311 Firefox/2.0.0.13"
93.214.34.24 - - [01/Oct/2009:23:11:30 +0200] "GET /livezilla/image.php?id=04 HTTP/1.1" 200 7276 "http://www.f-m-shop.de/seiten/prod_detail_neuer.cfm?name=LCD%2022%22%20%20%20EIZO%20FlexScan%20S2243WE%20%20black&artnr=A%20%2029269&nav=2&kat=MONT22&kat_her=&p_sort=&b_sort=ASC" "Mozilla/5.0 (Windows; U; Windows NT 5.1; de; rv:1.8.1.13) Gecko/20080311 Firefox/2.0.0.13"
91.7.100.245 - - [01/Oct/2009:23:14:17 +0200] "GET /livezilla/image.php?id=04 HTTP/1.1" 200 7276 "http://www.f-m-shop.de/seiten/prod_detail_neuer.cfm?kat=HIFTVCRD&nav=2&artnr=A%20%2028047" "Mozilla/5.0 (Macintosh; U; Intel Mac OS X 10_6_1; de-de) AppleWebKit/531.9 (KHTML, like Gecko) Version/4.0.3 Safari/531.9"
88.77.143.66 - - [01/Oct/2009:23:15:03 +0200] "GET /livezilla/image.php?id=04 HTTP/1.1" 200 7276 "http://www.f-m-shop.de/seiten/prod_detail_neuer.cfm?kat=MONT22&nav=2&artnr=A 26048" "Mozilla/4.0 (compatible; MSIE 8.0; Windows NT 5.2; WOW64; Trident/4.0; .NET CLR 2.0.50727; .NET CLR 3.0.4506.2152; .NET CLR 3.5.30729)"
88.77.143.66 - - [01/Oct/2009:23:18:53 +0200] "GET /livezilla/image.php?id=04 HTTP/1.1" 200 7276 "http://www.f-m-shop.de/seiten/prod_detail_neuer.cfm?name=LCD 22\" NEC Multisync P221W black&artnr=A%20%2026338&nav=2&kat=MONT22&kat_her=NEC&p_sort=&b_sort=ASC" "Mozilla/4.0 (compatible; MSIE 8.0; Windows NT 5.2; WOW64; Trident/4.0; .NET CLR 2.0.50727; .NET CLR 3.0.4506.2152; .NET CLR 3.5.30729)"
88.77.143.66 - - [01/Oct/2009:23:19:02 +0200] "GET /livezilla/image.php?id=04 HTTP/1.1" 200 7276 "http://www.f-m-shop.de/seiten/prod_detail_neuer.cfm?name=LCD 22\" NEC Multisync P221W silber&artnr=A%20%2026048&nav=2&kat=MONT22&kat_her=NEC&p_sort=&b_sort=ASC" "Mozilla/4.0 (compatible; MSIE 8.0; Windows NT 5.2; WOW64; Trident/4.0; .NET CLR 2.0.50727; .NET CLR 3.0.4506.2152; .NET CLR 3.5.30729)"
91.66.183.5 - - [01/Oct/2009:23:19:19 +0200] "GET /livezilla/image.php?id=04 HTTP/1.1" 200 7276 "http://www.f-m-shop.de/seiten/prod_detail_neuer.cfm?kat=MONT24&nav=2&artnr=A%20%2028981" "Mozilla/5.0 (iPhone; U; CPU iPhone OS 3_0_1 like Mac OS X; de-de) AppleWebKit/528.18 (KHTML, like Gecko) Version/4.0 Mobile/7A400 Safari/528.16"
88.77.143.66 - - [01/Oct/2009:23:19:25 +0200] "GET /livezilla/image.php?id=04 HTTP/1.1" 200 7276 "http://www.f-m-shop.de/seiten/prod_detail_neuer.cfm?name=LCD 22\" NEC Multisync P221W black&artnr=A%20%2026338&nav=2&kat=MONT22&kat_her=NEC&p_sort=&b_sort=ASC" "Mozilla/4.0 (compatible; MSIE 8.0; Windows NT 5.2; WOW64; Trident/4.0; .NET CLR 2.0.50727; .NET CLR 3.0.4506.2152; .NET CLR 3.5.30729)"
79.194.29.149 - - [01/Oct/2009:23:22:43 +0200] "GET /livezilla/image.php?id=04 HTTP/1.1" 200 7276 "http://www.f-m-shop.de/seiten/prod_detail_neuer.cfm?kat=HIFTVCRD&nav=2&artnr=A%20%2028023" "Mozilla/5.0 (Macintosh; U; Intel Mac OS X 10_6_1; de-de) AppleWebKit/531.9 (KHTML, like Gecko) Version/4.0.3 Safari/531.9"
84.58.59.22 - - [01/Oct/2009:23:26:23 +0200] "GET /livezilla/image.php?id=04 HTTP/1.1" 200 7276 "http://www.f-m-shop.de/seiten/prod_detail_neuer.cfm?kat=MONT24&nav=2&artnr=A%20%2028981" "Mozilla/5.0 (Macintosh; U; Intel Mac OS X 10_6_1; de-de) AppleWebKit/531.9 (KHTML, like Gecko) Version/4.0.3 Safari/531.9"
87.78.72.168 - - [01/Oct/2009:23:27:04 +0200] "GET /livezilla/image.php?id=04 HTTP/1.1" 200 7276 "http://www.f-m-shop.de/seiten/prod_detail_neuer.cfm?kat=HDDETH&nav=2&artnr=A 23381" "Mozilla/4.0 (compatible; MSIE 7.0; Windows NT 5.1; .NET CLR 2.0.50727; .NET CLR 3.0.04506.30; .NET CLR 3.0.4506.2152; .NET CLR 3.5.30729; TheWorld)"
84.152.111.247 - - [01/Oct/2009:23:28:26 +0200] "GET /livezilla/image.php?id=04 HTTP/1.1" 200 7276 "http://www.f-m-shop.de/seiten/prod_detail_neuer.cfm?kat=RAMDDR2&nav=2&artnr=A%20%2014939" "Opera/9.80 (Windows NT 5.1; U; de) Presto/2.2.15 Version/10.00"
80.123.101.242 - - [01/Oct/2009:23:28:42 +0200] "GET /livezilla/image.php?id=04 HTTP/1.0" 200 7276 "http://www.f-m-shop.de/seiten/prod_detail_neuer.cfm?kat=NETLROU&nav=2&artnr=A 21881" "Mozilla/4.0 (compatible; MSIE 6.0; Windows NT 5.1; SV1; GTB0; SDSXP; .NET CLR 1.1.4322; .NET CLR 2.0.50727; .NET CLR 3.0.4506.2152; .NET CLR 3.5.30729)"
87.78.156.241 - - [01/Oct/2009:23:31:36 +0200] "GET /livezilla/image.php?id=04 HTTP/1.1" 200 7276 "http://www.f-m-shop.de/seiten/prod_detail_neuer.cfm?kat=HIFTVCRD&nav=2&artnr=A 28452" "Mozilla/4.0 (compatible; MSIE 8.0; Windows NT 6.0; WOW64; Trident/4.0; Mozilla/4.0 (compatible; MSIE 6.0; Windows NT 5.1; SV1) ; SLCC1; .NET CLR 2.0.50727; Media Center PC 5.0; InfoPath.2; OfficeLiveConnector.1.3; OfficeLivePatch.0.0; .NET CLR 3.5.30729; .NET CLR 3.0.30729)"
87.78.156.241 - - [01/Oct/2009:23:32:48 +0200] "GET /livezilla/image.php?id=04 HTTP/1.1" 200 7276 "http://www.f-m-shop.de/seiten/prod_detail_neuer.cfm?kat=HIFTVCRD&nav=2&artnr=A%20%2028452" "Mozilla/4.0 (compatible; MSIE 8.0; Windows NT 6.0; WOW64; Trident/4.0; Mozilla/4.0 (compatible; MSIE 6.0; Windows NT 5.1; SV1) ; SLCC1; .NET CLR 2.0.50727; Media Center PC 5.0; InfoPath.2; OfficeLiveConnector.1.3; OfficeLivePatch.0.0; .NET CLR 3.5.30729; .NET CLR 3.0.30729)"
91.66.183.5 - - [01/Oct/2009:23:34:55 +0200] "GET /livezilla/image.php?id=04 HTTP/1.1" 200 7276 "http://www.f-m-shop.de/seiten/prod_detail_neuer.cfm?kat=MONT24&nav=2&artnr=A%20%2028981" "Mozilla/5.0 (iPhone; U; CPU iPhone OS 3_0_1 like Mac OS X; de-de) AppleWebKit/528.18 (KHTML, like Gecko) Version/4.0 Mobile/7A400 Safari/528.16"
87.78.156.241 - - [01/Oct/2009:23:35:47 +0200] "GET /livezilla/image.php?id=04 HTTP/1.1" 200 7276 "http://www.f-m-shop.de/seiten/prod_detail_neuer.cfm?artnr=A%20%2028452&nav=2&kat=HIFTVCRD" "Mozilla/4.0 (compatible; MSIE 8.0; Windows NT 6.0; WOW64; Trident/4.0; Mozilla/4.0 (compatible; MSIE 6.0; Windows NT 5.1; SV1) ; SLCC1; .NET CLR 2.0.50727; Media Center PC 5.0; InfoPath.2; OfficeLiveConnector.1.3; OfficeLivePatch.0.0; .NET CLR 3.5.30729; .NET CLR 3.0.30729)"
91.66.183.5 - - [01/Oct/2009:23:36:29 +0200] "GET /livezilla/image.php?id=04 HTTP/1.1" 200 7276 "http://www.f-m-shop.de/seiten/prod_detail_neuer.cfm?kat=MONT24&nav=2&artnr=A%20%2028981" "Mozilla/5.0 (iPhone; U; CPU iPhone OS 3_0_1 like Mac OS X; de-de) AppleWebKit/528.18 (KHTML, like Gecko) Version/4.0 Mobile/7A400 Safari/528.16"
87.78.156.241 - - [01/Oct/2009:23:36:42 +0200] "GET /livezilla/image.php?id=04 HTTP/1.1" 200 7276 "http://www.f-m-shop.de/seiten/prod_detail_neuer.cfm?name=EyeTV%20Diversity&artnr=A%20%2028034&nav=2&kat=HIFTVCRD" "Mozilla/4.0 (compatible; MSIE 8.0; Windows NT 6.0; WOW64; Trident/4.0; Mozilla/4.0 (compatible; MSIE 6.0; Windows NT 5.1; SV1) ; SLCC1; .NET CLR 2.0.50727; Media Center PC 5.0; InfoPath.2; OfficeLiveConnector.1.3; OfficeLivePatch.0.0; .NET CLR 3.5.30729; .NET CLR 3.0.30729)"
87.78.156.241 - - [01/Oct/2009:23:36:48 +0200] "GET /livezilla/image.php?id=04 HTTP/1.1" 200 7276 "http://www.f-m-shop.de/seiten/prod_detail_neuer.cfm?name=EyeTV%20Diversity&artnr=A%20%2028034&nav=2&kat=HIFTVCRD" "Mozilla/4.0 (compatible; MSIE 8.0; Windows NT 6.0; WOW64; Trident/4.0; Mozilla/4.0 (compatible; MSIE 6.0; Windows NT 5.1; SV1) ; SLCC1; .NET CLR 2.0.50727; Media Center PC 5.0; InfoPath.2; OfficeLiveConnector.1.3; OfficeLivePatch.0.0; .NET CLR 3.5.30729; .NET CLR 3.0.30729)"
87.179.234.56 - - [01/Oct/2009:23:39:33 +0200] "GET /livezilla/image.php?id=04 HTTP/1.1" 200 7276 "http://www.f-m-shop.de/seiten/prod_detail_neuer.cfm?name=HDD%20SATA-1.0TB%20WD%20WD1002FBYS%207200%2032MB&artnr=A%20%2025669&nav=2&kat=HDDSATA&kat_her=&p_sort=&b_sort=ASC" "Mozilla/5.0 (Windows; U; Windows NT 5.1; de; rv:1.9.0.14) Gecko/2009082707 Firefox/3.0.14 (.NET CLR 3.5.30729)"
137.193.19.224 - - [01/Oct/2009:23:39:39 +0200] "GET /livezilla/image.php?id=04 HTTP/1.1" 200 7276 "http://www.f-m-shop.de/seiten/prod_detail_neuer.cfm?kat=MONZBH&nav=2&artnr=A%20%2019855" "Mozilla/5.0 (Windows; U; Windows NT 5.1; de; rv:1.9.1.3) Gecko/20090824 Firefox/3.5.3 (.NET CLR 3.5.30729)"
87.179.234.56 - - [01/Oct/2009:23:40:26 +0200] "GET /livezilla/image.php?id=04 HTTP/1.1" 200 7276 "http://www.f-m-shop.de/seiten/prod_detail_neuer.cfm?name=HDD%20SATA%20750GB%20WD%20WD7501AALS%207200%2032MB&artnr=A%20%2024148&nav=2&kat=HDDSATA&kat_her=&p_sort=&b_sort=ASC" "Mozilla/5.0 (Windows; U; Windows NT 5.1; de; rv:1.9.0.14) Gecko/2009082707 Firefox/3.0.14 (.NET CLR 3.5.30729)"
92.75.80.148 - - [01/Oct/2009:23:40:40 +0200] "GET /livezilla/image.php?id=04 HTTP/1.1" 200 7276 "http://www.f-m-shop.de/seiten/prod_detail_neuer.cfm?kat=GEHTOW&nav=2&artnr=A%20%2028315" "Mozilla/5.0 (Windows; U; Windows NT 5.1; de; rv:1.9.0.14) Gecko/2009082707 Firefox/3.0.14"
87.179.234.56 - - [01/Oct/2009:23:40:41 +0200] "GET /livezilla/image.php?id=04 HTTP/1.1" 200 7276 "http://www.f-m-shop.de/seiten/prod_detail_neuer.cfm?name=HDD%20SATA%20750GB%20WD%20WD7502ABYS%20%2016MB%20RE&artnr=A%20%2024617&nav=2&kat=HDDSATA&kat_her=&p_sort=&b_sort=ASC" "Mozilla/5.0 (Windows; U; Windows NT 5.1; de; rv:1.9.0.14) Gecko/2009082707 Firefox/3.0.14 (.NET CLR 3.5.30729)"
92.75.80.148 - - [01/Oct/2009:23:40:48 +0200] "GET /livezilla/image.php?id=04 HTTP/1.1" 200 7276 "http://www.f-m-shop.de/seiten/prod_detail_neuer.cfm?kat=GEHTOW&nav=2&artnr=A%20%2028315" "Mozilla/5.0 (Windows; U; Windows NT 5.1; de; rv:1.9.0.14) Gecko/2009082707 Firefox/3.0.14"
87.180.157.103 - - [01/Oct/2009:23:40:55 +0200] "GET /livezilla/image.php?id=04 HTTP/1.1" 200 7276 "http://www.f-m-shop.de/seiten/prod_detail_neuer.cfm?kat=MONT24&nav=2&artnr=A%20%2028980" "Mozilla/5.0 (Windows; U; Windows NT 6.0; en-US; rv:1.9.1.3) Gecko/20090824 Firefox/3.5.3 (.NET CLR 3.5.30729)"
87.180.157.103 - - [01/Oct/2009:23:41:20 +0200] "GET /livezilla/image.php?id=04 HTTP/1.1" 200 7276 "http://www.f-m-shop.de/seiten/prod_detail_neuer.cfm?artnr=A%20%2029101&nav=2&kat=MONT24&kat_her=&p_sort=&b_sort=ASC" "Mozilla/5.0 (Windows; U; Windows NT 6.0; en-US; rv:1.9.1.3) Gecko/20090824 Firefox/3.5.3 (.NET CLR 3.5.30729)"
87.179.234.56 - - [01/Oct/2009:23:41:57 +0200] "GET /livezilla/image.php?id=04 HTTP/1.1" 200 7276 "http://www.f-m-shop.de/seiten/prod_detail_neuer.cfm?name=RAM%20DDR2%202048MB%20533%20KINGSTON%20ECC%202x1024&artnr=A%20%2019116&nav=2&kat=RAMDDR2&kat_her=&p_sort=&b_sort=ASC" "Mozilla/5.0 (Windows; U; Windows NT 5.1; de; rv:1.9.0.14) Gecko/2009082707 Firefox/3.0.14 (.NET CLR 3.5.30729)"
91.66.183.5 - - [01/Oct/2009:23:42:16 +0200] "GET /livezilla/image.php?id=04 HTTP/1.1" 200 7276 "http://www.f-m-shop.de/seiten/prod_detail_neuer.cfm?kat=MONT24&nav=2&artnr=A%20%2028981" "Mozilla/5.0 (iPhone; U; CPU iPhone OS 3_0_1 like Mac OS X; de-de) AppleWebKit/528.18 (KHTML, like Gecko) Version/4.0 Mobile/7A400 Safari/528.16"
87.179.234.56 - - [01/Oct/2009:23:43:13 +0200] "GET /livezilla/image.php?id=04 HTTP/1.1" 200 7276 "http://www.f-m-shop.de/seiten/prod_detail_neuer.cfm?name=RAM%20DDR2%204096MB%20800%20KINGSTON%20(2x2GB)&artnr=A%20%2025110&nav=2&kat=RAMDDR2&kat_her=&p_sort=&b_sort=ASC" "Mozilla/5.0 (Windows; U; Windows NT 5.1; de; rv:1.9.0.14) Gecko/2009082707 Firefox/3.0.14 (.NET CLR 3.5.30729)"
79.214.224.192 - - [01/Oct/2009:23:43:24 +0200] "GET /livezilla/image.php?id=04 HTTP/1.1" 200 7276 "http://www.f-m-shop.de/seiten/prod_detail_neuer.cfm?kat=MONT24&nav=2&artnr=A%20%2029039" "Mozilla/5.0 (Windows; U; Windows NT 5.1; de; rv:1.9.1.3) Gecko/20090824 Firefox/2.0.0.2 MEGAUPLOAD 1.0"
87.179.234.56 - - [01/Oct/2009:23:43:29 +0200] "GET /livezilla/image.php?id=04 HTTP/1.1" 200 7276 "http://www.f-m-shop.de/seiten/prod_detail_neuer.cfm?name=RAM%20DDR2%202048MB%20KINGSTON%20KVR533D%20ECC&artnr=A%20%2020997&nav=2&kat=RAMDDR2&kat_her=&p_sort=&b_sort=ASC" "Mozilla/5.0 (Windows; U; Windows NT 5.1; de; rv:1.9.0.14) Gecko/2009082707 Firefox/3.0.14 (.NET CLR 3.5.30729)"
79.214.224.192 - - [01/Oct/2009:23:43:31 +0200] "GET /livezilla/image.php?id=04 HTTP/1.1" 200 7276 "http://www.f-m-shop.de/seiten/prod_detail_neuer.cfm?kat=MONT24&nav=2&artnr=A%20%2029040" "Mozilla/5.0 (Windows; U; Windows NT 5.1; de; rv:1.9.1.3) Gecko/20090824 Firefox/2.0.0.2 MEGAUPLOAD 1.0"
79.214.224.192 - - [01/Oct/2009:23:43:45 +0200] "GET /livezilla/image.php?id=04 HTTP/1.1" 200 7276 "http://www.f-m-shop.de/seiten/prod_detail_neuer.cfm?kat=MONT24&nav=2&artnr=A%20%2029040" "Mozilla/5.0 (Windows; U; Windows NT 5.1; de; rv:1.9.1.3) Gecko/20090824 Firefox/2.0.0.2 MEGAUPLOAD 1.0"
91.114.122.238 - - [01/Oct/2009:23:44:31 +0200] "GET /livezilla/image.php?id=04 HTTP/1.1" 200 7276 "http://www.f-m-shop.de/seiten/prod_detail_neuer.cfm?kat=HIFTVCRD&nav=2&artnr=A%20%2028452" "Mozilla/5.0 (Macintosh; U; Intel Mac OS X 10_6_1; de-de) AppleWebKit/531.9 (KHTML, like Gecko) Version/4.0.3 Safari/531.9"
80.135.105.169 - - [01/Oct/2009:23:50:03 +0200] "GET /livezilla/image.php?id=04 HTTP/1.1" 200 7276 "http://www.f-m-shop.de/seiten/prod_detail_neuer.cfm?kat=LFWBRR&nav=2&artnr=A 18616" "Mozilla/4.0 (compatible; MSIE 8.0; Windows NT 5.1; Trident/4.0; .NET CLR 2.0.50727; .NET CLR 3.0.4506.2152; .NET CLR 3.5.30729)"
95.33.71.208 - - [01/Oct/2009:23:50:15 +0200] "GET /livezilla/image.php?id=04 HTTP/1.1" 200 7276 "http://www.f-m-shop.de/seiten/prod_detail_neuer.cfm?kat=MONT23&nav=2&artnr=A 29043" "Mozilla/4.0 (compatible; MSIE 8.0; Windows NT 6.0; Trident/4.0; SLCC1; .NET CLR 2.0.50727; Media Center PC 5.0; OfficeLiveConnector.1.4; OfficeLivePatch.0.0; .NET CLR 3.5.30729; .NET CLR 3.0.30729)"
89.183.90.231 - - [01/Oct/2009:23:52:44 +0200] "GET /livezilla/image.php?id=04 HTTP/1.1" 200 7276 "http://www.f-m-shop.de/seiten/prod_detail_neuer.cfm?name=ASUS%20Eee%20Box%20B206%20XP%20Intel%20Atom%20N270%20160&artnr=A%20%2027357&nav=2&kat=KOMMIN&kat_her=&p_sort=&b_sort=ASC" "Mozilla/5.0 (Windows; U; Windows NT 5.1; de; rv:1.9.0.14) Gecko/2009082707 Firefox/3.0.14"
85.177.74.2 - - [01/Oct/2009:23:53:40 +0200] "GET /livezilla/image.php?id=04 HTTP/1.1" 200 7276 "http://www.f-m-shop.de/seiten/prod_detail_neuer.cfm?kat=MONT19&nav=2&artnr=A%20%2021368" "Mozilla/5.0 (Windows; U; Windows NT 5.0; de; rv:1.9.0.8) Gecko/2009032609 Firefox/3.0.8"
89.217.21.2 - - [01/Oct/2009:23:56:54 +0200] "GET /livezilla/image.php?id=04 HTTP/1.1" 200 7276 "http://www.f-m-shop.de/seiten/prod_detail_neuer.cfm?kat=MONT24&nav=2&artnr=A%20%2028981" "Mozilla/5.0 (Macintosh; U; Intel Mac OS X 10.5; de; rv:1.9.1.3) Gecko/20090824 Firefox/3.5.3"
93.219.163.41 - - [02/Oct/2009:00:01:55 +0200] "GET /livezilla/image.php?id=04 HTTP/1.1" 200 7276 "http://www.f-m-shop.de/seiten/prod_detail_neuer.cfm?kat=NOTB17&nav=2&artnr=A%20%2028159" "Mozilla/5.0 (Windows; U; Windows NT 5.1; de; rv:1.9.1.3) Gecko/20090824 Firefox/3.5.3 (.NET CLR 3.5.30729)"
62.143.101.231 - - [02/Oct/2009:00:03:53 +0200] "GET /livezilla/image.php?id=04 HTTP/1.1" 200 7276 "http://www.f-m-shop.de/seiten/prod_detail_neuer.cfm?kat=MONT23&nav=2&artnr=A%20%2029046" "Mozilla/5.0 (Macintosh; U; Intel Mac OS X 10_5_8; de-de) AppleWebKit/531.9 (KHTML, like Gecko) Version/4.0.3 Safari/531.9"
87.6.206.130 - - [02/Oct/2009:00:05:04 +0200] "GET /livezilla/image.php?id=04 HTTP/1.1" 200 7276 "http://www.f-m-shop.de/seiten/prod_detail_neuer.cfm?kat=XPOSTEN&nav=2&artnr=A%20%2028888" "Mozilla/5.0 (Windows; U; Windows NT 6.0; it; rv:1.9.0.14) Gecko/2009082707 Firefox/3.0.14 (.NET CLR 3.5.30729)"
78.43.95.124 - - [02/Oct/2009:00:06:45 +0200] "GET /livezilla/image.php?id=04 HTTP/1.1" 200 7276 "http://www.f-m-shop.de/seiten/prod_detail_neuer.cfm?kat=HIFTVCRD&nav=2&artnr=A%20%2028047" "Mozilla/5.0 (Macintosh; U; Intel Mac OS X 10.5; en-US; rv:1.9.0.14) Gecko/2009082706 Firefox/3.0.14"
89.245.219.168 - - [02/Oct/2009:00:07:59 +0200] "GET /livezilla/image.php?id=04 HTTP/1.1" 200 7276 "http://www.f-m-shop.de/seiten/prod_detail_neuer.cfm?kat=KOMBARBO&nav=2&artnr=A%20%2018883" "Mozilla/5.0 (X11; U; Linux i686; en-US) AppleWebKit/532.1 (KHTML, like Gecko) Chrome/4.0.213.1 Safari/532.1"
89.245.219.168 - - [02/Oct/2009:00:08:34 +0200] "GET /livezilla/image.php?id=04 HTTP/1.1" 200 7276 "http://www.f-m-shop.de/seiten/prod_detail_neuer.cfm?kat=KOMBARBO&nav=2&artnr=A%20%2018883" "Mozilla/5.0 (X11; U; Linux i686; en-US) AppleWebKit/532.1 (KHTML, like Gecko) Chrome/4.0.213.1 Safari/532.1"
89.245.219.168 - - [02/Oct/2009:00:08:51 +0200] "GET /livezilla/image.php?id=04 HTTP/1.1" 200 7276 "http://www.f-m-shop.de/seiten/prod_detail_neuer.cfm?kat=KOMBARBO&nav=2&artnr=A%20%2018883" "Mozilla/5.0 (X11; U; Linux i686; en-US) AppleWebKit/532.1 (KHTML, like Gecko) Chrome/4.0.213.1 Safari/532.1"
91.36.111.189 - - [02/Oct/2009:00:17:49 +0200] "GET /livezilla/image.php?id=04 HTTP/1.1" 200 7276 "http://www.f-m-shop.de/seiten/prod_detail_neuer.cfm?kat=MONT24&nav=2&artnr=A%20%2028981" "Mozilla/5.0 (Windows; U; Windows NT 5.1; de; rv:1.9.1.3) Gecko/20090824 Firefox/3.5.3 (.NET CLR 3.5.30729)"
92.200.86.155 - - [02/Oct/2009:00:21:28 +0200] "GET /livezilla/image.php?id=04 HTTP/1.1" 200 7276 "http://www.f-m-shop.de/seiten/prod_detail_neuer.cfm?kat=MONT24&nav=2&artnr=A%20%2028981" "Mozilla/5.0 (Macintosh; U; Intel Mac OS X 10_6_1; de-de) AppleWebKit/531.9 (KHTML, like Gecko) Version/4.0.3 Safari/531.9"
88.153.150.130 - - [02/Oct/2009:00:23:16 +0200] "GET /livezilla/image.php?id=04 HTTP/1.0" 200 7276 "http://www.f-m-shop.de/seiten/prod_detail_neuer.cfm?kat=MONT24&nav=2&artnr=A%20%2028981" "Mozilla/5.0 (Windows; U; Windows NT 5.1; de; rv:1.9.0.14) Gecko/2009082707 Firefox/3.0.14"
88.75.25.28 - - [02/Oct/2009:00:25:22 +0200] "GET /livezilla/image.php?id=04 HTTP/1.1" 200 7276 "http://www.f-m-shop.de/seiten/prod_detail_neuer.cfm?kat=SOFBETR&nav=2&artnr=A 29337" "Mozilla/4.0 (compatible; MSIE 8.0; Windows NT 6.0; WOW64; Trident/4.0; SIMBAR={CD5D5876-ADA6-11DE-9A52-001D923BDB04}; SLCC1; .NET CLR 2.0.50727; Media Center PC 5.0; .NET CLR 3.0.30618; .NET CLR 3.5.21022; .NET CLR 3.5.30729)"
65.55.110.20 - - [02/Oct/2009:00:26:49 +0200] "GET /livezilla/image.php?id=04 HTTP/1.1" 200 7276 "http://www.f-m-shop.de/seiten/prod_detail_neuer.cfm?kat=NETZBH&nav=2&artnr=A 968" "Mozilla/4.0 (compatible; MSIE 6.0; Windows NT 5.1; SV1; .NET CLR 1.1.4325; .NET CLR 2.0.40607; .NET CLR 3.0.30729; .NET CLR 3.5.30707)"
89.49.116.78 - - [02/Oct/2009:00:28:54 +0200] "GET /livezilla/image.php?id=04 HTTP/1.1" 200 7276 "http://www.f-m-shop.de/seiten/prod_detail_neuer.cfm?kat=MONT22&nav=2&artnr=A%20%2029271" "Mozilla/5.0 (Macintosh; U; Intel Mac OS X 10.5; en-US; rv:1.9.1.3) Gecko/20090824 Firefox/3.5.3"
89.49.116.78 - - [02/Oct/2009:00:29:21 +0200] "GET /livezilla/image.php?id=04 HTTP/1.1" 200 7276 "http://www.f-m-shop.de/seiten/prod_detail_neuer.cfm?kat=MONT22&nav=2&artnr=A%20%2029271" "Mozilla/5.0 (Macintosh; U; Intel Mac OS X 10.5; en-US; rv:1.9.1.3) Gecko/20090824 Firefox/3.5.3"
85.124.170.152 - - [02/Oct/2009:00:30:01 +0200] "GET /livezilla/image.php?id=04 HTTP/1.1" 200 7276 "http://www.f-m-shop.de/seiten/prod_detail_neuer.cfm?kat=NOTZBH&nav=2&artnr=A 23950" "Mozilla/4.0 (compatible; MSIE 8.0; Windows NT 6.1; WOW64; Trident/4.0; SLCC2; .NET CLR 2.0.50727; .NET CLR 3.5.30729; .NET CLR 3.0.30729; Media Center PC 6.0; InfoPath.2; OfficeLiveConnector.1.3; OfficeLivePatch.0.0)"
78.34.128.65 - - [02/Oct/2009:00:36:00 +0200] "GET /livezilla/image.php?id=04 HTTP/1.1" 200 7276 "http://www.f-m-shop.de/seiten/prod_detail_neuer.cfm?kat=MONT24&nav=2&artnr=A%20%2021710" "Mozilla/5.0 (Macintosh; U; PPC Mac OS X Mach-O; de; rv:1.8.1.4) Gecko/20070515 Firefox/2.0.0.4"
78.34.128.65 - - [02/Oct/2009:00:36:30 +0200] "GET /livezilla/image.php?id=04 HTTP/1.1" 200 7276 "http://www.f-m-shop.de/seiten/prod_detail_neuer.cfm?kat=MONT24&nav=2&artnr=A%20%2021710" "Mozilla/5.0 (Macintosh; U; PPC Mac OS X Mach-O; de; rv:1.8.1.4) Gecko/20070515 Firefox/2.0.0.4"
