192.168.10.10 - - [01/Oct/2009:09:14:39 +0200] "POST /livezilla/server.php?acid=24965 HTTP/1.1" 200 - "-" "LiveZilla 3.1.7.7 [http://www.livezilla.net]"
192.168.10.10 - - [01/Oct/2009:09:15:28 +0200] "POST /livezilla/server.php?acid=cc1b9 HTTP/1.1" 200 - "-" "LiveZilla 3.1.7.7 [http://www.livezilla.net]"
192.168.10.10 - - [01/Oct/2009:09:16:16 +0200] "POST /livezilla/server.php?acid=73d75 HTTP/1.1" 200 - "-" "LiveZilla 3.1.7.7 [http://www.livezilla.net]"
78.51.179.62 - - [01/Oct/2009:09:17:09 +0200] "GET /livezilla/image.php?id=04 HTTP/1.1" 200 7276 "http://www.f-m-shop.de/seiten/prod_detail_neuer.cfm?kat=MONT24&nav=2&artnr=A%20%2028412" "Mozilla/5.0 (Windows; U; Windows NT 5.1; de; rv:1.9.1.3) Gecko/20090824 Firefox/3.5.3 (.NET CLR 3.5.30729)"
192.168.10.10 - - [01/Oct/2009:09:17:04 +0200] "POST /livezilla/server.php?acid=4ef0f HTTP/1.1" 200 - "-" "LiveZilla 3.1.7.7 [http://www.livezilla.net]"
192.168.10.10 - - [01/Oct/2009:09:17:53 +0200] "POST /livezilla/server.php?acid=7816f HTTP/1.1" 200 - "-" "LiveZilla 3.1.7.7 [http://www.livezilla.net]"
192.168.10.10 - - [01/Oct/2009:09:18:41 +0200] "POST /livezilla/server.php?acid=43c9d HTTP/1.1" 200 - "-" "LiveZilla 3.1.7.7 [http://www.livezilla.net]"
78.52.47.77 - - [01/Oct/2009:09:20:11 +0200] "GET /livezilla/image.php?id=04 HTTP/1.1" 200 7276 "http://www.f-m-shop.de/seiten/prod_detail_neuer.cfm?kat=HDDNOTSA&nav=2&artnr=A 21478" "Mozilla/4.0 (compatible; MSIE 8.0; Windows NT 6.0; Win64; x64; Trident/4.0; .NET CLR 2.0.50727; SLCC1; Media Center PC 5.0; .NET CLR 3.5.30729; .NET CLR 3.0.30729)"
192.168.10.10 - - [01/Oct/2009:09:19:29 +0200] "POST /livezilla/server.php?acid=99a1e HTTP/1.1" 200 - "-" "LiveZilla 3.1.7.7 [http://www.livezilla.net]"
141.6.11.11 - - [01/Oct/2009:09:20:31 +0200] "GET /livezilla/image.php?id=04 HTTP/1.1" 200 7276 "http://www.f-m-shop.de/seiten/prod_detail_neuer.cfm?kat=HIFMEDIA&nav=2&artnr=A 29398" "Mozilla/4.0 (compatible; MSIE 6.0; Windows NT 5.1; SV1; .NET CLR 1.0.3705; .NET CLR 1.1.4322; .NET CLR 2.0.50727; InfoPath.1; .NET CLR 3.0.04506.30; .NET CLR 3.0.04506.648)"
192.168.10.10 - - [01/Oct/2009:09:20:17 +0200] "POST /livezilla/server.php?acid=89ac6 HTTP/1.1" 200 - "-" "LiveZilla 3.1.7.7 [http://www.livezilla.net]"
192.168.10.10 - - [01/Oct/2009:09:21:06 +0200] "POST /livezilla/server.php?acid=93620 HTTP/1.1" 200 - "-" "LiveZilla 3.1.7.7 [http://www.livezilla.net]"
217.91.29.4 - - [01/Oct/2009:09:22:13 +0200] "GET /livezilla/image.php?id=04 HTTP/1.1" 200 7276 "http://www.f-m-shop.de/seiten/prod_detail_neuer.cfm?kat=NETLROU&nav=2&artnr=A%20%2014468" "Mozilla/5.0 (Windows; U; Windows NT 5.1; de; rv:1.9.1.3) Gecko/20090824 Firefox/3.5.3 (.NET CLR 3.5.30729)"
192.168.10.10 - - [01/Oct/2009:09:21:54 +0200] "POST /livezilla/server.php?acid=5d3ce HTTP/1.1" 200 - "-" "LiveZilla 3.1.7.7 [http://www.livezilla.net]"
192.168.10.10 - - [01/Oct/2009:09:22:42 +0200] "POST /livezilla/server.php?acid=49b7d HTTP/1.1" 200 - "-" "LiveZilla 3.1.7.7 [http://www.livezilla.net]"
65.55.109.194 - - [01/Oct/2009:09:24:03 +0200] "GET /livezilla/image.php?id=04 HTTP/1.1" 200 7276 "http://www.f-m-shop.de/seiten/prod_detail_neuer.cfm?kat=NOTB14&nav=2&artnr=A 28371" "Mozilla/4.0 (compatible; MSIE 6.0; Windows NT 5.2; SLCC1; .NET CLR 1.1.4322; .NET CLR 2.0.40607; .NET CLR 3.0.04506.648)"
192.168.10.10 - - [01/Oct/2009:09:23:31 +0200] "POST /livezilla/server.php?acid=250da HTTP/1.1" 200 - "-" "LiveZilla 3.1.7.7 [http://www.livezilla.net]"
192.168.10.10 - - [01/Oct/2009:09:24:19 +0200] "POST /livezilla/server.php?acid=247c9 HTTP/1.1" 200 - "-" "LiveZilla 3.1.7.7 [http://www.livezilla.net]"
77.190.15.124 - - [01/Oct/2009:09:25:24 +0200] "GET /livezilla/image.php?id=04 HTTP/1.1" 200 7276 "http://www.f-m-shop.de/seiten/prod_detail_neuer.cfm?kat=PCKONS&nav=2&artnr=A%20%2020704" "Mozilla/5.0 (Windows; U; Windows NT 6.1; de; rv:1.9.1.3) Gecko/20090824 Firefox/3.5.3 (.NET CLR 3.5.30729)"
192.168.10.10 - - [01/Oct/2009:09:25:07 +0200] "POST /livezilla/server.php?acid=0220a HTTP/1.1" 200 - "-" "LiveZilla 3.1.7.7 [http://www.livezilla.net]"
192.168.10.10 - - [01/Oct/2009:09:25:56 +0200] "POST /livezilla/server.php?acid=f5ee3 HTTP/1.1" 200 - "-" "LiveZilla 3.1.7.7 [http://www.livezilla.net]"
192.168.10.10 - - [01/Oct/2009:09:26:44 +0200] "POST /livezilla/server.php?acid=9bf6b HTTP/1.1" 200 - "-" "LiveZilla 3.1.7.7 [http://www.livezilla.net]"
192.168.10.10 - - [01/Oct/2009:09:27:32 +0200] "POST /livezilla/server.php?acid=80a18 HTTP/1.1" 200 - "-" "LiveZilla 3.1.7.7 [http://www.livezilla.net]"
217.244.7.16 - - [01/Oct/2009:09:28:54 +0200] "GET /livezilla/image.php?id=04 HTTP/1.1" 200 7276 "http://www.f-m-shop.de/seiten/prod_detail_neuer.cfm?kat=NETSWI&nav=2&artnr=A 16393" "Mozilla/4.0 (compatible; MSIE 7.0; Windows NT 5.2; .NET CLR 1.1.4322; .NET CLR 2.0.50727)"
192.168.10.10 - - [01/Oct/2009:09:28:21 +0200] "POST /livezilla/server.php?acid=6f90c HTTP/1.1" 200 - "-" "LiveZilla 3.1.7.7 [http://www.livezilla.net]"
192.168.10.10 - - [01/Oct/2009:09:29:09 +0200] "POST /livezilla/server.php?acid=6bc80 HTTP/1.1" 200 - "-" "LiveZilla 3.1.7.7 [http://www.livezilla.net]"
217.244.7.16 - - [01/Oct/2009:09:30:08 +0200] "GET /livezilla/image.php?id=04 HTTP/1.1" 200 7276 "http://www.f-m-shop.de/seiten/prod_detail_neuer.cfm?name=Antenne Rundstrahl 12dBi (N-Typ Buchse)&artnr=A%20%2011723&nav=2&kat=NETWLZBH&kat_her=&p_sort=&b_sort=ASC" "Mozilla/4.0 (compatible; MSIE 7.0; Windows NT 5.2; .NET CLR 1.1.4322; .NET CLR 2.0.50727)"
217.244.7.16 - - [01/Oct/2009:09:30:37 +0200] "GET /livezilla/image.php?id=04 HTTP/1.1" 200 7276 "http://www.f-m-shop.de/seiten/prod_detail_neuer.cfm?name=WLAN ANT LANCOM AirLancer EXT. I-60ag In&artnr=A%20%2011306&nav=2&kat=NETWLZBH&kat_her=&p_sort=&b_sort=ASC" "Mozilla/4.0 (compatible; MSIE 7.0; Windows NT 5.2; .NET CLR 1.1.4322; .NET CLR 2.0.50727)"
192.168.10.10 - - [01/Oct/2009:09:29:57 +0200] "POST /livezilla/server.php?acid=01adb HTTP/1.1" 200 - "-" "LiveZilla 3.1.7.7 [http://www.livezilla.net]"
217.244.7.16 - - [01/Oct/2009:09:31:04 +0200] "GET /livezilla/image.php?id=04 HTTP/1.1" 200 7276 "http://www.f-m-shop.de/seiten/prod_detail_neuer.cfm?name=WLAN ANT D-Link ANT24-0801 8.5dbi In/Out&artnr=A%20%2013832&nav=2&kat=NETWLZBH&kat_her=&p_sort=&b_sort=ASC" "Mozilla/4.0 (compatible; MSIE 7.0; Windows NT 5.2; .NET CLR 1.1.4322; .NET CLR 2.0.50727)"
192.168.10.10 - - [01/Oct/2009:09:30:46 +0200] "POST /livezilla/server.php?acid=8f57d HTTP/1.1" 200 - "-" "LiveZilla 3.1.7.7 [http://www.livezilla.net]"
217.244.7.16 - - [01/Oct/2009:09:32:01 +0200] "GET /livezilla/image.php?id=04 HTTP/1.1" 200 7276 "http://www.f-m-shop.de/seiten/prod_detail_neuer.cfm?name=WLAN ANT LANCOM AirLancer EXT. I-180 In&artnr=A%20%20%207362&nav=2&kat=NETWLZBH&kat_her=&p_sort=&b_sort=ASC" "Mozilla/4.0 (compatible; MSIE 7.0; Windows NT 5.2; .NET CLR 1.1.4322; .NET CLR 2.0.50727)"
192.168.10.10 - - [01/Oct/2009:09:31:34 +0200] "POST /livezilla/server.php?acid=dd4f6 HTTP/1.1" 200 - "-" "LiveZilla 3.1.7.7 [http://www.livezilla.net]"
192.168.10.10 - - [01/Oct/2009:09:32:22 +0200] "POST /livezilla/server.php?acid=a735c HTTP/1.1" 200 - "-" "LiveZilla 3.1.7.7 [http://www.livezilla.net]"
192.168.10.10 - - [01/Oct/2009:09:33:11 +0200] "POST /livezilla/server.php?acid=19c99 HTTP/1.1" 200 - "-" "LiveZilla 3.1.7.7 [http://www.livezilla.net]"
192.168.10.10 - - [01/Oct/2009:09:33:59 +0200] "POST /livezilla/server.php?acid=ff4ab HTTP/1.1" 200 - "-" "LiveZilla 3.1.7.7 [http://www.livezilla.net]"
192.168.10.10 - - [01/Oct/2009:09:34:47 +0200] "POST /livezilla/server.php?acid=7f87e HTTP/1.1" 200 - "-" "LiveZilla 3.1.7.7 [http://www.livezilla.net]"
192.168.10.10 - - [01/Oct/2009:09:35:36 +0200] "POST /livezilla/server.php?acid=4cda0 HTTP/1.1" 200 - "-" "LiveZilla 3.1.7.7 [http://www.livezilla.net]"
192.168.10.10 - - [01/Oct/2009:09:36:24 +0200] "POST /livezilla/server.php?acid=f0ee6 HTTP/1.1" 200 - "-" "LiveZilla 3.1.7.7 [http://www.livezilla.net]"
192.168.10.10 - - [01/Oct/2009:09:37:12 +0200] "POST /livezilla/server.php?acid=a5741 HTTP/1.1" 200 - "-" "LiveZilla 3.1.7.7 [http://www.livezilla.net]"
192.168.10.10 - - [01/Oct/2009:09:38:01 +0200] "POST /livezilla/server.php?acid=359e6 HTTP/1.1" 200 - "-" "LiveZilla 3.1.7.7 [http://www.livezilla.net]"
192.168.10.10 - - [01/Oct/2009:09:38:49 +0200] "POST /livezilla/server.php?acid=8a29b HTTP/1.1" 200 - "-" "LiveZilla 3.1.7.7 [http://www.livezilla.net]"
84.158.123.75 - - [01/Oct/2009:09:40:08 +0200] "GET /livezilla/image.php?id=04 HTTP/1.1" 200 7276 "http://www.f-m-shop.de/seiten/prod_detail_neuer.cfm?kat=HIFLCDTV&nav=2&artnr=A 29414" "Mozilla/4.0 (compatible; MSIE 7.0; Windows NT 6.0; SLCC1; .NET CLR 2.0.50727; Media Center PC 5.0; .NET CLR 3.5.30729; .NET CLR 3.0.30618)"
192.168.10.10 - - [01/Oct/2009:09:39:37 +0200] "POST /livezilla/server.php?acid=c571c HTTP/1.1" 200 - "-" "LiveZilla 3.1.7.7 [http://www.livezilla.net]"
192.168.10.10 - - [01/Oct/2009:09:40:26 +0200] "POST /livezilla/server.php?acid=9e00d HTTP/1.1" 200 - "-" "LiveZilla 3.1.7.7 [http://www.livezilla.net]"
212.91.246.24 - - [01/Oct/2009:09:41:32 +0200] "GET /livezilla/image.php?id=04 HTTP/1.1" 200 7276 "http://www.f-m-shop.de/seiten/prod_detail_neuer.cfm?name=USV%20ZBH%20kompatibel%20Batterie%20RBC%202&artnr=A%20%2015762&nav=2&kat=NETUSVAK" "Mozilla/4.0 (compatible; MSIE 8.0; Windows NT 5.1; Trident/4.0; GTB6; .NET CLR 1.1.4322; .NET CLR 2.0.50727)"
192.168.10.10 - - [01/Oct/2009:09:41:14 +0200] "POST /livezilla/server.php?acid=3ba6a HTTP/1.1" 200 - "-" "LiveZilla 3.1.7.7 [http://www.livezilla.net]"
192.168.10.10 - - [01/Oct/2009:09:42:03 +0200] "POST /livezilla/server.php?acid=8fe11 HTTP/1.1" 200 - "-" "LiveZilla 3.1.7.7 [http://www.livezilla.net]"
87.154.37.39 - - [01/Oct/2009:09:42:56 +0200] "GET /livezilla/image.php?id=04 HTTP/1.1" 200 7276 "http://www.f-m-shop.de/seiten/prod_detail_neuer.cfm?kat=NOTB15&nav=2&artnr=A 23074" "Mozilla/4.0 (compatible; MSIE 8.0; Windows NT 6.0; Trident/4.0; GTB6; SLCC1; .NET CLR 2.0.50727; Media Center PC 5.0; .NET CLR 3.5.30729; .NET CLR 3.0.30729; OfficeLiveConnector.1.4; OfficeLivePatch.1.3)"
149.236.160.250 - - [01/Oct/2009:09:43:04 +0200] "GET /livezilla/image.php?id=04 HTTP/1.1" 200 7276 "http://www.f-m-shop.de/seiten/prod_detail_neuer.cfm?kat=MONT23&nav=2&artnr=A%20%2029043" "Mozilla/5.0 (Windows; U; Windows NT 5.1; de; rv:1.9.1.3) Gecko/20090824 Firefox/3.5.3 (.NET CLR 3.5.30729)"
84.184.121.162 - - [01/Oct/2009:09:43:18 +0200] "GET /livezilla/image.php?id=04 HTTP/1.1" 200 7276 "http://www.f-m-shop.de/seiten/prod_detail_neuer.cfm?kat=DRUMUL&nav=2&artnr=A 24113" "Mozilla/4.0 (compatible; MSIE 8.0; Windows NT 6.0; Trident/4.0; Mozilla/4.0 (compatible; MSIE 7.0; Win32; WEB.DE); Mozilla/4.0 (compatible; MSIE 6.0; Windows NT 5.1; SV1) ; SLCC1; .NET CLR 2.0.50727; InfoPath.1; OfficeLiveConnector.1.3; OfficeLivePatch.0.0; .NET CLR 3.5.30729; .NET CLR 3.0.30729)"
192.168.10.10 - - [01/Oct/2009:09:42:51 +0200] "POST /livezilla/server.php?acid=7b4c9 HTTP/1.1" 200 - "-" "LiveZilla 3.1.7.7 [http://www.livezilla.net]"
87.154.37.39 - - [01/Oct/2009:09:43:56 +0200] "GET /livezilla/image.php?id=04 HTTP/1.1" 200 7276 "http://www.f-m-shop.de/seiten/prod_detail_neuer.cfm?kat=NOTB15&nav=2&artnr=A 23074" "Mozilla/4.0 (compatible; MSIE 8.0; Windows NT 6.0; Trident/4.0; GTB6; SLCC1; .NET CLR 2.0.50727; Media Center PC 5.0; .NET CLR 3.5.30729; .NET CLR 3.0.30729; OfficeLiveConnector.1.4; OfficeLivePatch.1.3)"
212.42.244.241 - - [01/Oct/2009:09:44:07 +0200] "GET /livezilla/image.php?id=04 HTTP/1.0" 200 7276 "http://www.f-m-shop.de/seiten/prod_detail_neuer.cfm?name=LCD%2022%22%20Iiyama%20ProLite%20E2208HDS%20schwarz&artnr=A%20%2026713&nav=2&kat=MONT22&kat_her=IIYAMA&p_sort=&b_sort=ASC" "Mozilla/5.0 (Windows; U; Windows NT 6.0; de; rv:1.9.1.3) Gecko/20090824 Firefox/3.5.3 (.NET CLR 3.5.30729)"
192.168.10.10 - - [01/Oct/2009:09:43:39 +0200] "POST /livezilla/server.php?acid=3e59f HTTP/1.1" 200 - "-" "LiveZilla 3.1.7.7 [http://www.livezilla.net]"
212.42.244.241 - - [01/Oct/2009:09:45:04 +0200] "GET /livezilla/image.php?id=04 HTTP/1.0" 200 7276 "http://www.f-m-shop.de/seiten/prod_detail_neuer.cfm?name=LCD%2022%22%20Iiyama%20ProLite%20E2208HDS%20schwarz&artnr=A%20%2026713&nav=2&kat=MONT22" "Mozilla/5.0 (Windows; U; Windows NT 6.0; de; rv:1.9.1.3) Gecko/20090824 Firefox/3.5.3 (.NET CLR 3.5.30729)"
192.168.10.10 - - [01/Oct/2009:09:44:28 +0200] "POST /livezilla/server.php?acid=b2ccb HTTP/1.1" 200 - "-" "LiveZilla 3.1.7.7 [http://www.livezilla.net]"
212.42.244.241 - - [01/Oct/2009:09:45:40 +0200] "GET /livezilla/image.php?id=04 HTTP/1.0" 200 7276 "http://www.f-m-shop.de/seiten/prod_detail_neuer.cfm?artnr=A%20%2024296&nav=2&kat=MONT22&kat_her=&p_sort=&b_sort=ASC" "Mozilla/5.0 (Windows; U; Windows NT 6.0; de; rv:1.9.1.3) Gecko/20090824 Firefox/3.5.3 (.NET CLR 3.5.30729)"
192.168.10.10 - - [01/Oct/2009:09:45:16 +0200] "POST /livezilla/server.php?acid=0d4e2 HTTP/1.1" 200 - "-" "LiveZilla 3.1.7.7 [http://www.livezilla.net]"
85.70.128.191 - - [01/Oct/2009:09:46:04 +0200] "GET /livezilla/image.php?id=04 HTTP/1.1" 200 7276 "-" "Opera/9.80 (Windows NT 5.1; U; cs) Presto/2.2.15 Version/10.00"
212.202.227.170 - - [01/Oct/2009:09:46:37 +0200] "GET /livezilla/image.php?id=04 HTTP/1.0" 200 7276 "http://www.f-m-shop.de/seiten/prod_detail_neuer.cfm?kat=DRUTONER&nav=2&artnr=A 15159" "Mozilla/4.0 (compatible; MSIE 7.0; Windows NT 5.1; .NET CLR 2.0.50727; .NET CLR 3.0.04506.30; .NET CLR 3.0.04506.648; .NET CLR 3.0.4506.2152; .NET CLR 3.5.30729)"
91.192.15.73 - - [01/Oct/2009:09:46:38 +0200] "GET /livezilla/image.php?id=04 HTTP/1.1" 200 7276 "http://www.f-m-shop.de/seiten/prod_detail_neuer.cfm?kat=CPUXE&nav=2&artnr=A 28558" "Mozilla/4.0 (compatible; MSIE 6.0; Windows NT 5.1; SV1; .NET CLR 1.1.4322; .NET CLR 2.0.50727; .NET CLR 3.0.04506.30; .NET CLR 3.0.4506.2152; .NET CLR 3.5.30729)"
192.168.10.10 - - [01/Oct/2009:09:46:05 +0200] "POST /livezilla/server.php?acid=da553 HTTP/1.1" 200 - "-" "LiveZilla 3.1.7.7 [http://www.livezilla.net]"
65.55.109.35 - - [01/Oct/2009:09:46:49 +0200] "GET /livezilla/image.php?id=04 HTTP/1.1" 200 7276 "http://www.f-m-shop.de/seiten/prod_detail_neuer.cfm?kat=NETKAB&nav=2&artnr=A 1235" "Mozilla/4.0 (compatible; MSIE 6.0; Windows NT 5.1; SV1; .NET CLR 1.1.4325; .NET CLR 2.0.40607; .NET CLR 3.0.30729; .NET CLR 3.5.30729; MS-RTC LM 8)"
212.42.244.241 - - [01/Oct/2009:09:47:28 +0200] "GET /livezilla/image.php?id=04 HTTP/1.0" 200 7276 "http://www.f-m-shop.de/seiten/prod_detail_neuer.cfm?name=LCD%2019%22%20Iiyama%20ProLite%20T1930SR%20wei%DF&artnr=A%20%2023122&nav=2&kat=MONTOUCH&kat_her=&p_sort=&b_sort=ASC" "Mozilla/5.0 (Windows; U; Windows NT 6.0; de; rv:1.9.1.3) Gecko/20090824 Firefox/3.5.3 (.NET CLR 3.5.30729)"
192.168.10.10 - - [01/Oct/2009:09:46:53 +0200] "POST /livezilla/server.php?acid=0d2aa HTTP/1.1" 200 - "-" "LiveZilla 3.1.7.7 [http://www.livezilla.net]"
91.192.15.73 - - [01/Oct/2009:09:47:52 +0200] "GET /livezilla/image.php?id=04 HTTP/1.1" 200 7276 "http://www.f-m-shop.de/seiten/prod_detail_neuer.cfm?kat=CPUXE&nav=2&artnr=A%20%2028558" "Mozilla/4.0 (compatible; MSIE 6.0; Windows NT 5.1; SV1; .NET CLR 1.1.4322; .NET CLR 2.0.50727; .NET CLR 3.0.04506.30; .NET CLR 3.0.4506.2152; .NET CLR 3.5.30729)"
80.129.65.190 - - [01/Oct/2009:09:48:05 +0200] "GET /livezilla/image.php?id=04 HTTP/1.1" 200 7276 "http://www.f-m-shop.de/seiten/prod_detail_neuer.cfm?kat=MONT40&nav=2&artnr=A%20%2029093" "Mozilla/5.0 (Windows; U; Windows NT 5.1; de; rv:1.9.0.14) Gecko/2009082707 Firefox/3.0.14 (.NET CLR 3.5.30729)"
192.168.10.10 - - [01/Oct/2009:09:47:41 +0200] "POST /livezilla/server.php?acid=54ca5 HTTP/1.1" 200 - "-" "LiveZilla 3.1.7.7 [http://www.livezilla.net]"
80.129.65.190 - - [01/Oct/2009:09:48:55 +0200] "GET /livezilla/templates/style.css HTTP/1.1" 200 8998 "http://chat.f-m-shop.de/livezilla/livezilla.php" "Mozilla/5.0 (Windows; U; Windows NT 5.1; de; rv:1.9.0.14) Gecko/2009082707 Firefox/3.0.14 (.NET CLR 3.5.30729)"
80.129.65.190 - - [01/Oct/2009:09:48:55 +0200] "GET /livezilla/livezilla.php HTTP/1.1" 200 72007 "http://www.f-m-shop.de/seiten/prod_detail_neuer.cfm?kat=MONT40&nav=2&artnr=A%20%2029093" "Mozilla/5.0 (Windows; U; Windows NT 5.1; de; rv:1.9.0.14) Gecko/2009082707 Firefox/3.0.14 (.NET CLR 3.5.30729)"
80.129.65.190 - - [01/Oct/2009:09:48:55 +0200] "GET /livezilla/images/favicon.ico HTTP/1.1" 200 43302 "-" "Mozilla/5.0 (Windows; U; Windows NT 5.1; de; rv:1.9.0.14) Gecko/2009082707 Firefox/3.0.14 (.NET CLR 3.5.30729)"
80.129.65.190 - - [01/Oct/2009:09:48:56 +0200] "GET /livezilla/livezilla.php?template=lz_chat_frame.1.0 HTTP/1.1" 200 279 "http://chat.f-m-shop.de/livezilla/livezilla.php" "Mozilla/5.0 (Windows; U; Windows NT 5.1; de; rv:1.9.0.14) Gecko/2009082707 Firefox/3.0.14 (.NET CLR 3.5.30729)"
80.129.65.190 - - [01/Oct/2009:09:48:56 +0200] "GET /livezilla/livezilla.php?template=lz_chat_frame.0.1 HTTP/1.1" 200 277 "http://chat.f-m-shop.de/livezilla/livezilla.php" "Mozilla/5.0 (Windows; U; Windows NT 5.1; de; rv:1.9.0.14) Gecko/2009082707 Firefox/3.0.14 (.NET CLR 3.5.30729)"
80.129.65.190 - - [01/Oct/2009:09:48:56 +0200] "GET /livezilla/livezilla.php?template=lz_chat_frame.0.2 HTTP/1.1" 200 254 "http://chat.f-m-shop.de/livezilla/livezilla.php" "Mozilla/5.0 (Windows; U; Windows NT 5.1; de; rv:1.9.0.14) Gecko/2009082707 Firefox/3.0.14 (.NET CLR 3.5.30729)"
80.129.65.190 - - [01/Oct/2009:09:48:56 +0200] "GET /livezilla/livezilla.php?template=lz_chat_frame.0.0 HTTP/1.1" 200 259 "http://chat.f-m-shop.de/livezilla/livezilla.php" "Mozilla/5.0 (Windows; U; Windows NT 5.1; de; rv:1.9.0.14) Gecko/2009082707 Firefox/3.0.14 (.NET CLR 3.5.30729)"
80.129.65.190 - - [01/Oct/2009:09:48:57 +0200] "GET /livezilla/livezilla.php?template=lz_chat_frame.3.2.login& HTTP/1.1" 200 1019 "http://chat.f-m-shop.de/livezilla/livezilla.php" "Mozilla/5.0 (Windows; U; Windows NT 5.1; de; rv:1.9.0.14) Gecko/2009082707 Firefox/3.0.14 (.NET CLR 3.5.30729)"
80.129.65.190 - - [01/Oct/2009:09:48:57 +0200] "GET /livezilla/livezilla.php?template=lz_chat_frame.2.0 HTTP/1.1" 200 263 "http://chat.f-m-shop.de/livezilla/livezilla.php" "Mozilla/5.0 (Windows; U; Windows NT 5.1; de; rv:1.9.0.14) Gecko/2009082707 Firefox/3.0.14 (.NET CLR 3.5.30729)"
80.129.65.190 - - [01/Oct/2009:09:48:57 +0200] "GET /livezilla/livezilla.php?template=lz_chat_frame.1.1 HTTP/1.1" 200 2257 "http://chat.f-m-shop.de/livezilla/livezilla.php" "Mozilla/5.0 (Windows; U; Windows NT 5.1; de; rv:1.9.0.14) Gecko/2009082707 Firefox/3.0.14 (.NET CLR 3.5.30729)"
80.129.65.190 - - [01/Oct/2009:09:48:57 +0200] "GET /livezilla/livezilla.php?template=lz_chat_frame.1.2 HTTP/1.1" 200 264 "http://chat.f-m-shop.de/livezilla/livezilla.php" "Mozilla/5.0 (Windows; U; Windows NT 5.1; de; rv:1.9.0.14) Gecko/2009082707 Firefox/3.0.14 (.NET CLR 3.5.30729)"
80.129.65.190 - - [01/Oct/2009:09:48:57 +0200] "GET /livezilla/livezilla.php?template=lz_chat_frame.2.2 HTTP/1.1" 200 264 "http://chat.f-m-shop.de/livezilla/livezilla.php" "Mozilla/5.0 (Windows; U; Windows NT 5.1; de; rv:1.9.0.14) Gecko/2009082707 Firefox/3.0.14 (.NET CLR 3.5.30729)"
80.129.65.190 - - [01/Oct/2009:09:48:57 +0200] "GET /livezilla/livezilla.php?template=lz_chat_frame.3.0 HTTP/1.1" 200 240 "http://chat.f-m-shop.de/livezilla/livezilla.php" "Mozilla/5.0 (Windows; U; Windows NT 5.1; de; rv:1.9.0.14) Gecko/2009082707 Firefox/3.0.14 (.NET CLR 3.5.30729)"
80.129.65.190 - - [01/Oct/2009:09:48:57 +0200] "GET /livezilla/livezilla.php?template=lz_chat_frame.4.1 HTTP/1.1" 200 455 "http://chat.f-m-shop.de/livezilla/livezilla.php" "Mozilla/5.0 (Windows; U; Windows NT 5.1; de; rv:1.9.0.14) Gecko/2009082707 Firefox/3.0.14 (.NET CLR 3.5.30729)"
80.129.65.190 - - [01/Oct/2009:09:48:58 +0200] "GET /livezilla/livezilla.php?template=lz_chat_frame.3.3 HTTP/1.1" 200 239 "http://chat.f-m-shop.de/livezilla/livezilla.php" "Mozilla/5.0 (Windows; U; Windows NT 5.1; de; rv:1.9.0.14) Gecko/2009082707 Firefox/3.0.14 (.NET CLR 3.5.30729)"
80.129.65.190 - - [01/Oct/2009:09:48:58 +0200] "GET /livezilla/livezilla.php?template=lz_chat_frame.3.2.login.0.0 HTTP/1.1" 200 1563 "http://chat.f-m-shop.de/livezilla/livezilla.php?template=lz_chat_frame.3.2.login&" "Mozilla/5.0 (Windows; U; Windows NT 5.1; de; rv:1.9.0.14) Gecko/2009082707 Firefox/3.0.14 (.NET CLR 3.5.30729)"
80.129.65.190 - - [01/Oct/2009:09:48:58 +0200] "GET /livezilla/livezilla.php?template=lz_chat_frame.5.1 HTTP/1.1" 200 265 "http://chat.f-m-shop.de/livezilla/livezilla.php" "Mozilla/5.0 (Windows; U; Windows NT 5.1; de; rv:1.9.0.14) Gecko/2009082707 Firefox/3.0.14 (.NET CLR 3.5.30729)"
80.129.65.190 - - [01/Oct/2009:09:48:58 +0200] "GET /livezilla/images/icon_vcard.gif HTTP/1.1" 200 559 "http://chat.f-m-shop.de/livezilla/livezilla.php?template=lz_chat_frame.1.1" "Mozilla/5.0 (Windows; U; Windows NT 5.1; de; rv:1.9.0.14) Gecko/2009082707 Firefox/3.0.14 (.NET CLR 3.5.30729)"
80.129.65.190 - - [01/Oct/2009:09:48:58 +0200] "GET /livezilla/images/icon_typing.gif HTTP/1.1" 200 1106 "http://chat.f-m-shop.de/livezilla/livezilla.php?template=lz_chat_frame.1.1" "Mozilla/5.0 (Windows; U; Windows NT 5.1; de; rv:1.9.0.14) Gecko/2009082707 Firefox/3.0.14 (.NET CLR 3.5.30729)"
80.129.65.190 - - [01/Oct/2009:09:48:58 +0200] "GET /livezilla/livezilla.php?template=lz_chat_frame.3.2.login.1.0& HTTP/1.1" 200 2939 "http://chat.f-m-shop.de/livezilla/livezilla.php?template=lz_chat_frame.3.2.login&" "Mozilla/5.0 (Windows; U; Windows NT 5.1; de; rv:1.9.0.14) Gecko/2009082707 Firefox/3.0.14 (.NET CLR 3.5.30729)"
80.129.65.190 - - [01/Oct/2009:09:48:58 +0200] "GET /livezilla/intern_images/nopic.jpg HTTP/1.1" 200 3599 "http://chat.f-m-shop.de/livezilla/livezilla.php?template=lz_chat_frame.1.1" "Mozilla/5.0 (Windows; U; Windows NT 5.1; de; rv:1.9.0.14) Gecko/2009082707 Firefox/3.0.14 (.NET CLR 3.5.30729)"
80.129.65.190 - - [01/Oct/2009:09:48:58 +0200] "GET /livezilla/livezilla.php?template=lz_chat_frame.3.2.login.2.0 HTTP/1.1" 200 277 "http://chat.f-m-shop.de/livezilla/livezilla.php?template=lz_chat_frame.3.2.login&" "Mozilla/5.0 (Windows; U; Windows NT 5.1; de; rv:1.9.0.14) Gecko/2009082707 Firefox/3.0.14 (.NET CLR 3.5.30729)"
80.129.65.190 - - [01/Oct/2009:09:48:58 +0200] "GET /livezilla/images/lz_header.gif HTTP/1.1" 200 7285 "http://chat.f-m-shop.de/livezilla/livezilla.php?template=lz_chat_frame.1.1" "Mozilla/5.0 (Windows; U; Windows NT 5.1; de; rv:1.9.0.14) Gecko/2009082707 Firefox/3.0.14 (.NET CLR 3.5.30729)"
80.129.65.190 - - [01/Oct/2009:09:48:58 +0200] "GET /livezilla/images/chat_bg_navigation_left.gif HTTP/1.1" 200 1078 "http://chat.f-m-shop.de/livezilla/livezilla.php?template=lz_chat_frame.3.2.login.0.0" "Mozilla/5.0 (Windows; U; Windows NT 5.1; de; rv:1.9.0.14) Gecko/2009082707 Firefox/3.0.14 (.NET CLR 3.5.30729)"
80.129.65.190 - - [01/Oct/2009:09:48:58 +0200] "GET /livezilla/images/chat_bg_navigation_dev.gif HTTP/1.1" 200 367 "http://chat.f-m-shop.de/livezilla/livezilla.php?template=lz_chat_frame.3.2.login.0.0" "Mozilla/5.0 (Windows; U; Windows NT 5.1; de; rv:1.9.0.14) Gecko/2009082707 Firefox/3.0.14 (.NET CLR 3.5.30729)"
80.129.65.190 - - [01/Oct/2009:09:48:58 +0200] "GET /livezilla/images/chat_bg_navigation_right.gif HTTP/1.1" 200 675 "http://chat.f-m-shop.de/livezilla/livezilla.php?template=lz_chat_frame.3.2.login.0.0" "Mozilla/5.0 (Windows; U; Windows NT 5.1; de; rv:1.9.0.14) Gecko/2009082707 Firefox/3.0.14 (.NET CLR 3.5.30729)"
80.129.65.190 - - [01/Oct/2009:09:48:58 +0200] "GET /livezilla/images/icon_info.gif HTTP/1.1" 200 1703 "http://chat.f-m-shop.de/livezilla/livezilla.php?template=lz_chat_frame.3.2.login.1.0&" "Mozilla/5.0 (Windows; U; Windows NT 5.1; de; rv:1.9.0.14) Gecko/2009082707 Firefox/3.0.14 (.NET CLR 3.5.30729)"
80.129.65.190 - - [01/Oct/2009:09:48:59 +0200] "GET /livezilla/images/icon_network.gif HTTP/1.1" 200 354 "http://chat.f-m-shop.de/livezilla/livezilla.php?template=lz_chat_frame.3.2.login.1.0&" "Mozilla/5.0 (Windows; U; Windows NT 5.1; de; rv:1.9.0.14) Gecko/2009082707 Firefox/3.0.14 (.NET CLR 3.5.30729)"
80.129.65.190 - - [01/Oct/2009:09:48:59 +0200] "GET /livezilla/images/carrier_logo.gif HTTP/1.1" 200 6003 "http://chat.f-m-shop.de/livezilla/livezilla.php?template=lz_chat_frame.1.1" "Mozilla/5.0 (Windows; U; Windows NT 5.1; de; rv:1.9.0.14) Gecko/2009082707 Firefox/3.0.14 (.NET CLR 3.5.30729)"
80.129.65.190 - - [01/Oct/2009:09:48:59 +0200] "GET /livezilla/images/lz_rep_bg_left.gif HTTP/1.1" 200 593 "http://chat.f-m-shop.de/livezilla/livezilla.php?template=lz_chat_frame.1.1" "Mozilla/5.0 (Windows; U; Windows NT 5.1; de; rv:1.9.0.14) Gecko/2009082707 Firefox/3.0.14 (.NET CLR 3.5.30729)"
80.129.65.190 - - [01/Oct/2009:09:48:59 +0200] "GET /livezilla/images/lz_rep_bg.gif HTTP/1.1" 200 320 "http://chat.f-m-shop.de/livezilla/livezilla.php?template=lz_chat_frame.1.1" "Mozilla/5.0 (Windows; U; Windows NT 5.1; de; rv:1.9.0.14) Gecko/2009082707 Firefox/3.0.14 (.NET CLR 3.5.30729)"
80.129.65.190 - - [01/Oct/2009:09:48:59 +0200] "GET /livezilla/images/lz_rep_bg_right.gif HTTP/1.1" 200 590 "http://chat.f-m-shop.de/livezilla/livezilla.php?template=lz_chat_frame.1.1" "Mozilla/5.0 (Windows; U; Windows NT 5.1; de; rv:1.9.0.14) Gecko/2009082707 Firefox/3.0.14 (.NET CLR 3.5.30729)"
80.129.65.190 - - [01/Oct/2009:09:48:59 +0200] "GET /livezilla/images/chat_bg_footer.gif HTTP/1.1" 200 194 "http://chat.f-m-shop.de/livezilla/templates/style.css" "Mozilla/5.0 (Windows; U; Windows NT 5.1; de; rv:1.9.0.14) Gecko/2009082707 Firefox/3.0.14 (.NET CLR 3.5.30729)"
80.129.65.190 - - [01/Oct/2009:09:48:59 +0200] "GET /livezilla/images/button_mail.gif HTTP/1.1" 200 1348 "http://chat.f-m-shop.de/livezilla/livezilla.php?template=lz_chat_frame.3.2.login.0.0" "Mozilla/5.0 (Windows; U; Windows NT 5.1; de; rv:1.9.0.14) Gecko/2009082707 Firefox/3.0.14 (.NET CLR 3.5.30729)"
80.129.65.190 - - [01/Oct/2009:09:48:59 +0200] "GET /livezilla/images/button_fav.gif HTTP/1.1" 200 1344 "http://chat.f-m-shop.de/livezilla/livezilla.php?template=lz_chat_frame.3.2.login.0.0" "Mozilla/5.0 (Windows; U; Windows NT 5.1; de; rv:1.9.0.14) Gecko/2009082707 Firefox/3.0.14 (.NET CLR 3.5.30729)"
80.129.65.190 - - [01/Oct/2009:09:48:59 +0200] "GET /livezilla/images/button_close.gif HTTP/1.1" 200 1239 "http://chat.f-m-shop.de/livezilla/livezilla.php?template=lz_chat_frame.3.2.login.0.0" "Mozilla/5.0 (Windows; U; Windows NT 5.1; de; rv:1.9.0.14) Gecko/2009082707 Firefox/3.0.14 (.NET CLR 3.5.30729)"
80.129.65.190 - - [01/Oct/2009:09:48:59 +0200] "GET /livezilla/images/chat_bg_navigation.gif HTTP/1.1" 200 258 "http://chat.f-m-shop.de/livezilla/templates/style.css" "Mozilla/5.0 (Windows; U; Windows NT 5.1; de; rv:1.9.0.14) Gecko/2009082707 Firefox/3.0.14 (.NET CLR 3.5.30729)"
80.129.65.190 - - [01/Oct/2009:09:48:59 +0200] "GET /livezilla/images/lz_button.gif HTTP/1.1" 200 838 "http://chat.f-m-shop.de/livezilla/templates/style.css" "Mozilla/5.0 (Windows; U; Windows NT 5.1; de; rv:1.9.0.14) Gecko/2009082707 Firefox/3.0.14 (.NET CLR 3.5.30729)"
80.129.65.190 - - [01/Oct/2009:09:48:59 +0200] "GET /livezilla/images/chat_bg_navigation_sub.gif HTTP/1.1" 200 76 "http://chat.f-m-shop.de/livezilla/templates/style.css" "Mozilla/5.0 (Windows; U; Windows NT 5.1; de; rv:1.9.0.14) Gecko/2009082707 Firefox/3.0.14 (.NET CLR 3.5.30729)"
80.129.65.190 - - [01/Oct/2009:09:48:59 +0200] "GET /livezilla/images/chat_bg_field.gif HTTP/1.1" 200 121 "http://chat.f-m-shop.de/livezilla/templates/style.css" "Mozilla/5.0 (Windows; U; Windows NT 5.1; de; rv:1.9.0.14) Gecko/2009082707 Firefox/3.0.14 (.NET CLR 3.5.30729)"
80.129.65.190 - - [01/Oct/2009:09:48:59 +0200] "GET /livezilla/images/lz_button_extra.gif HTTP/1.1" 200 948 "http://chat.f-m-shop.de/livezilla/templates/style.css" "Mozilla/5.0 (Windows; U; Windows NT 5.1; de; rv:1.9.0.14) Gecko/2009082707 Firefox/3.0.14 (.NET CLR 3.5.30729)"
80.129.65.190 - - [01/Oct/2009:09:48:59 +0200] "GET /livezilla/images/chat_bg_footer_top.gif HTTP/1.1" 200 858 "http://chat.f-m-shop.de/livezilla/templates/style.css" "Mozilla/5.0 (Windows; U; Windows NT 5.1; de; rv:1.9.0.14) Gecko/2009082707 Firefox/3.0.14 (.NET CLR 3.5.30729)"
80.129.65.190 - - [01/Oct/2009:09:49:00 +0200] "POST /livezilla/server.php HTTP/1.1" 200 212 "http://chat.f-m-shop.de/livezilla/livezilla.php" "Mozilla/5.0 (Windows; U; Windows NT 5.1; de; rv:1.9.0.14) Gecko/2009082707 Firefox/3.0.14 (.NET CLR 3.5.30729)"
80.129.65.190 - - [01/Oct/2009:09:49:00 +0200] "GET /livezilla/livezilla.php?template=lz_chat_frame.3.2.mail HTTP/1.1" 200 3993 "http://chat.f-m-shop.de/livezilla/livezilla.php" "Mozilla/5.0 (Windows; U; Windows NT 5.1; de; rv:1.9.0.14) Gecko/2009082707 Firefox/3.0.14 (.NET CLR 3.5.30729)"
80.129.65.190 - - [01/Oct/2009:09:49:00 +0200] "POST /livezilla/livezilla.php?template=lz_chat_frame.3.2.mail HTTP/1.1" 200 4002 "http://chat.f-m-shop.de/livezilla/livezilla.php?template=lz_chat_frame.3.2.login.1.0&" "Mozilla/5.0 (Windows; U; Windows NT 5.1; de; rv:1.9.0.14) Gecko/2009082707 Firefox/3.0.14 (.NET CLR 3.5.30729)"
80.129.65.190 - - [01/Oct/2009:09:49:01 +0200] "GET /livezilla/images/button_chat.gif HTTP/1.1" 200 1218 "http://chat.f-m-shop.de/livezilla/livezilla.php?template=lz_chat_frame.3.2.mail" "Mozilla/5.0 (Windows; U; Windows NT 5.1; de; rv:1.9.0.14) Gecko/2009082707 Firefox/3.0.14 (.NET CLR 3.5.30729)"
80.129.65.190 - - [01/Oct/2009:09:49:01 +0200] "GET /livezilla/images/button_print.gif HTTP/1.1" 200 1183 "http://chat.f-m-shop.de/livezilla/livezilla.php?template=lz_chat_frame.3.2.mail" "Mozilla/5.0 (Windows; U; Windows NT 5.1; de; rv:1.9.0.14) Gecko/2009082707 Firefox/3.0.14 (.NET CLR 3.5.30729)"
192.168.10.10 - - [01/Oct/2009:09:48:30 +0200] "POST /livezilla/server.php?acid=1c2ae HTTP/1.1" 200 - "-" "LiveZilla 3.1.7.7 [http://www.livezilla.net]"
84.56.246.150 - - [01/Oct/2009:09:49:17 +0200] "GET /livezilla/image.php?id=04 HTTP/1.1" 200 7276 "http://www.f-m-shop.de/seiten/prod_detail_neuer.cfm?kat=HIFMEDIA&nav=2&artnr=A 21938" "Mozilla/4.0 (compatible; MSIE 7.0; Windows NT 5.1; .NET CLR 1.1.4322; .NET CLR 2.0.50727; .NET CLR 3.0.4506.2152; .NET CLR 3.5.30729)"
192.168.10.10 - - [01/Oct/2009:09:49:19 +0200] "POST /livezilla/server.php?acid=61619 HTTP/1.1" 200 - "-" "LiveZilla 3.1.7.7 [http://www.livezilla.net]"
192.168.10.10 - - [01/Oct/2009:09:50:07 +0200] "POST /livezilla/server.php?acid=a51e9 HTTP/1.1" 200 - "-" "LiveZilla 3.1.7.7 [http://www.livezilla.net]"
65.55.110.166 - - [01/Oct/2009:09:50:57 +0200] "GET /livezilla/image.php?id=04 HTTP/1.1" 200 7276 "http://www.f-m-shop.de/seiten/prod_detail_neuer.cfm?kat=DRULASCO&nav=2&artnr=A 11715" "Mozilla/4.0 (compatible; MSIE 6.0; Windows NT 5.2; SLCC1; .NET CLR 1.1.4322; .NET CLR 2.0.40607; .NET CLR 3.0.04506.648)"
217.232.104.236 - - [01/Oct/2009:09:51:08 +0200] "GET /livezilla/image.php?id=04 HTTP/1.1" 200 7276 "http://www.f-m-shop.de/seiten/prod_detail_neuer.cfm?kat=LFWBRRW&nav=2&artnr=A 26839" "Mozilla/4.0 (compatible; MSIE 8.0; Windows NT 6.0; Trident/4.0; GTB0.0; SLCC1; .NET CLR 2.0.50727; Media Center PC 5.0; .NET CLR 3.0.30729; .NET CLR 3.5.30729; MAMD; OfficeLiveConnector.1.4; OfficeLivePatch.1.3)"
85.70.128.191 - - [01/Oct/2009:09:51:26 +0200] "GET /livezilla/image.php?id=04 HTTP/1.1" 200 7276 "-" "Opera/9.80 (Windows NT 5.1; U; cs) Presto/2.2.15 Version/10.00"
192.168.10.10 - - [01/Oct/2009:09:50:55 +0200] "POST /livezilla/server.php?acid=90d87 HTTP/1.1" 200 - "-" "LiveZilla 3.1.7.7 [http://www.livezilla.net]"
192.168.10.10 - - [01/Oct/2009:09:51:44 +0200] "POST /livezilla/server.php?acid=59a6e HTTP/1.1" 200 - "-" "LiveZilla 3.1.7.7 [http://www.livezilla.net]"
84.184.121.162 - - [01/Oct/2009:09:52:41 +0200] "GET /livezilla/image.php?id=04 HTTP/1.1" 200 7276 "http://www.f-m-shop.de/seiten/prod_detail_neuer.cfm?kat=DRUMUL&nav=2&artnr=A 24113" "Mozilla/4.0 (compatible; MSIE 8.0; Windows NT 6.0; Trident/4.0; Mozilla/4.0 (compatible; MSIE 7.0; Win32; WEB.DE); Mozilla/4.0 (compatible; MSIE 6.0; Windows NT 5.1; SV1) ; SLCC1; .NET CLR 2.0.50727; InfoPath.1; OfficeLiveConnector.1.3; OfficeLivePatch.0.0; .NET CLR 3.5.30729; .NET CLR 3.0.30729)"
80.129.65.190 - - [01/Oct/2009:09:52:45 +0200] "GET /livezilla/image.php?id=04 HTTP/1.1" 200 7276 "http://www.f-m-shop.de/seiten/prod_detail_neuer.cfm?kat=MONT40&nav=2&artnr=A%20%2029093" "Mozilla/5.0 (Windows; U; Windows NT 5.1; de; rv:1.9.0.14) Gecko/2009082707 Firefox/3.0.14 (.NET CLR 3.5.30729)"
217.244.7.16 - - [01/Oct/2009:09:53:06 +0200] "GET /livezilla/image.php?id=04 HTTP/1.1" 200 7276 "http://www.f-m-shop.de/seiten/prod_detail_neuer.cfm?name=WLAN ANT D-Link ANT24-0801 8.5dbi In/Out&artnr=A%20%2013832&nav=2&kat=NETWLZBH&kat_her=&p_sort=&b_sort=ASC" "Mozilla/4.0 (compatible; MSIE 7.0; Windows NT 5.2; .NET CLR 1.1.4322; .NET CLR 2.0.50727)"
192.168.10.10 - - [01/Oct/2009:09:52:32 +0200] "POST /livezilla/server.php?acid=2a0f5 HTTP/1.1" 200 - "-" "LiveZilla 3.1.7.7 [http://www.livezilla.net]"
77.131.164.139 - - [01/Oct/2009:09:53:18 +0200] "GET /livezilla/image.php?id=04 HTTP/1.1" 200 7276 "http://www.f-m-shop.de/seiten/prod_detail_neuer.cfm?name=ADAPTER%20USB%20A%20St%20%2DY%20RS232&artnr=A%20%2019723&nav=2&kat=KABADAP" "Mozilla/5.0 (Windows; U; Windows NT 5.1; de; rv:1.9.1.3) Gecko/20090824 Firefox/3.5.3"
80.129.65.190 - - [01/Oct/2009:09:53:51 +0200] "GET /livezilla/livezilla.php HTTP/1.1" 200 72008 "http://www.f-m-shop.de/seiten/prod_detail_neuer.cfm?kat=MONT40&nav=2&artnr=A%20%2029093" "Mozilla/5.0 (Windows; U; Windows NT 5.1; de; rv:1.9.0.14) Gecko/2009082707 Firefox/3.0.14 (.NET CLR 3.5.30729)"
80.129.65.190 - - [01/Oct/2009:09:53:52 +0200] "GET /livezilla/livezilla.php?template=lz_chat_frame.0.0 HTTP/1.1" 200 259 "http://chat.f-m-shop.de/livezilla/livezilla.php" "Mozilla/5.0 (Windows; U; Windows NT 5.1; de; rv:1.9.0.14) Gecko/2009082707 Firefox/3.0.14 (.NET CLR 3.5.30729)"
80.129.65.190 - - [01/Oct/2009:09:53:52 +0200] "GET /livezilla/livezilla.php?template=lz_chat_frame.0.1 HTTP/1.1" 200 277 "http://chat.f-m-shop.de/livezilla/livezilla.php" "Mozilla/5.0 (Windows; U; Windows NT 5.1; de; rv:1.9.0.14) Gecko/2009082707 Firefox/3.0.14 (.NET CLR 3.5.30729)"
80.129.65.190 - - [01/Oct/2009:09:53:52 +0200] "GET /livezilla/livezilla.php?template=lz_chat_frame.1.0 HTTP/1.1" 200 279 "http://chat.f-m-shop.de/livezilla/livezilla.php" "Mozilla/5.0 (Windows; U; Windows NT 5.1; de; rv:1.9.0.14) Gecko/2009082707 Firefox/3.0.14 (.NET CLR 3.5.30729)"
80.129.65.190 - - [01/Oct/2009:09:53:52 +0200] "GET /livezilla/livezilla.php?template=lz_chat_frame.2.0 HTTP/1.1" 200 263 "http://chat.f-m-shop.de/livezilla/livezilla.php" "Mozilla/5.0 (Windows; U; Windows NT 5.1; de; rv:1.9.0.14) Gecko/2009082707 Firefox/3.0.14 (.NET CLR 3.5.30729)"
80.129.65.190 - - [01/Oct/2009:09:53:52 +0200] "GET /livezilla/livezilla.php?template=lz_chat_frame.3.2.login& HTTP/1.1" 200 1019 "http://chat.f-m-shop.de/livezilla/livezilla.php" "Mozilla/5.0 (Windows; U; Windows NT 5.1; de; rv:1.9.0.14) Gecko/2009082707 Firefox/3.0.14 (.NET CLR 3.5.30729)"
80.129.65.190 - - [01/Oct/2009:09:53:52 +0200] "GET /livezilla/livezilla.php?template=lz_chat_frame.1.1 HTTP/1.1" 200 2257 "http://chat.f-m-shop.de/livezilla/livezilla.php" "Mozilla/5.0 (Windows; U; Windows NT 5.1; de; rv:1.9.0.14) Gecko/2009082707 Firefox/3.0.14 (.NET CLR 3.5.30729)"
80.129.65.190 - - [01/Oct/2009:09:53:53 +0200] "GET /livezilla/livezilla.php?template=lz_chat_frame.1.2 HTTP/1.1" 200 264 "http://chat.f-m-shop.de/livezilla/livezilla.php" "Mozilla/5.0 (Windows; U; Windows NT 5.1; de; rv:1.9.0.14) Gecko/2009082707 Firefox/3.0.14 (.NET CLR 3.5.30729)"
80.129.65.190 - - [01/Oct/2009:09:53:53 +0200] "GET /livezilla/livezilla.php?template=lz_chat_frame.2.2 HTTP/1.1" 200 264 "http://chat.f-m-shop.de/livezilla/livezilla.php" "Mozilla/5.0 (Windows; U; Windows NT 5.1; de; rv:1.9.0.14) Gecko/2009082707 Firefox/3.0.14 (.NET CLR 3.5.30729)"
80.129.65.190 - - [01/Oct/2009:09:53:53 +0200] "GET /livezilla/livezilla.php?template=lz_chat_frame.4.1 HTTP/1.1" 200 455 "http://chat.f-m-shop.de/livezilla/livezilla.php" "Mozilla/5.0 (Windows; U; Windows NT 5.1; de; rv:1.9.0.14) Gecko/2009082707 Firefox/3.0.14 (.NET CLR 3.5.30729)"
80.129.65.190 - - [01/Oct/2009:09:53:53 +0200] "GET /livezilla/livezilla.php?template=lz_chat_frame.5.1 HTTP/1.1" 200 265 "http://chat.f-m-shop.de/livezilla/livezilla.php" "Mozilla/5.0 (Windows; U; Windows NT 5.1; de; rv:1.9.0.14) Gecko/2009082707 Firefox/3.0.14 (.NET CLR 3.5.30729)"
80.129.65.190 - - [01/Oct/2009:09:53:53 +0200] "GET /livezilla/livezilla.php?template=lz_chat_frame.3.3 HTTP/1.1" 200 239 "http://chat.f-m-shop.de/livezilla/livezilla.php" "Mozilla/5.0 (Windows; U; Windows NT 5.1; de; rv:1.9.0.14) Gecko/2009082707 Firefox/3.0.14 (.NET CLR 3.5.30729)"
80.129.65.190 - - [01/Oct/2009:09:53:53 +0200] "GET /livezilla/livezilla.php?template=lz_chat_frame.3.0 HTTP/1.1" 200 240 "http://chat.f-m-shop.de/livezilla/livezilla.php" "Mozilla/5.0 (Windows; U; Windows NT 5.1; de; rv:1.9.0.14) Gecko/2009082707 Firefox/3.0.14 (.NET CLR 3.5.30729)"
80.129.65.190 - - [01/Oct/2009:09:53:53 +0200] "GET /livezilla/livezilla.php?template=lz_chat_frame.3.2.login.1.0& HTTP/1.1" 200 2939 "http://chat.f-m-shop.de/livezilla/livezilla.php?template=lz_chat_frame.3.2.login&" "Mozilla/5.0 (Windows; U; Windows NT 5.1; de; rv:1.9.0.14) Gecko/2009082707 Firefox/3.0.14 (.NET CLR 3.5.30729)"
80.129.65.190 - - [01/Oct/2009:09:53:53 +0200] "GET /livezilla/livezilla.php?template=lz_chat_frame.3.2.login.0.0 HTTP/1.1" 200 1563 "http://chat.f-m-shop.de/livezilla/livezilla.php?template=lz_chat_frame.3.2.login&" "Mozilla/5.0 (Windows; U; Windows NT 5.1; de; rv:1.9.0.14) Gecko/2009082707 Firefox/3.0.14 (.NET CLR 3.5.30729)"
80.129.65.190 - - [01/Oct/2009:09:53:54 +0200] "GET /livezilla/livezilla.php?template=lz_chat_frame.3.2.login.2.0 HTTP/1.1" 200 277 "http://chat.f-m-shop.de/livezilla/livezilla.php?template=lz_chat_frame.3.2.login&" "Mozilla/5.0 (Windows; U; Windows NT 5.1; de; rv:1.9.0.14) Gecko/2009082707 Firefox/3.0.14 (.NET CLR 3.5.30729)"
80.129.65.190 - - [01/Oct/2009:09:53:52 +0200] "GET /livezilla/livezilla.php?template=lz_chat_frame.0.2 HTTP/1.1" 200 254 "http://chat.f-m-shop.de/livezilla/livezilla.php" "Mozilla/5.0 (Windows; U; Windows NT 5.1; de; rv:1.9.0.14) Gecko/2009082707 Firefox/3.0.14 (.NET CLR 3.5.30729)"
80.129.65.190 - - [01/Oct/2009:09:53:55 +0200] "POST /livezilla/server.php HTTP/1.1" 200 212 "http://chat.f-m-shop.de/livezilla/livezilla.php" "Mozilla/5.0 (Windows; U; Windows NT 5.1; de; rv:1.9.0.14) Gecko/2009082707 Firefox/3.0.14 (.NET CLR 3.5.30729)"
80.129.65.190 - - [01/Oct/2009:09:53:55 +0200] "POST /livezilla/livezilla.php?template=lz_chat_frame.3.2.mail HTTP/1.1" 200 4002 "http://chat.f-m-shop.de/livezilla/livezilla.php?template=lz_chat_frame.3.2.login.1.0&" "Mozilla/5.0 (Windows; U; Windows NT 5.1; de; rv:1.9.0.14) Gecko/2009082707 Firefox/3.0.14 (.NET CLR 3.5.30729)"
80.129.65.190 - - [01/Oct/2009:09:53:55 +0200] "GET /livezilla/livezilla.php?template=lz_chat_frame.3.2.mail HTTP/1.1" 200 3993 "http://chat.f-m-shop.de/livezilla/livezilla.php" "Mozilla/5.0 (Windows; U; Windows NT 5.1; de; rv:1.9.0.14) Gecko/2009082707 Firefox/3.0.14 (.NET CLR 3.5.30729)"
192.168.10.10 - - [01/Oct/2009:09:53:21 +0200] "POST /livezilla/server.php?acid=2f149 HTTP/1.1" 200 - "-" "LiveZilla 3.1.7.7 [http://www.livezilla.net]"
81.173.135.239 - - [01/Oct/2009:09:54:32 +0200] "GET /livezilla/image.php?id=04 HTTP/1.1" 200 7276 "http://www.f-m-shop.de/seiten/prod_detail_neuer.cfm?kat=NAVMOD&nav=2&artnr=A 25709" "Mozilla/4.0 (compatible; MSIE 8.0; Windows NT 5.1; Trident/4.0; GTB6; .NET CLR 1.1.4322; .NET CLR 2.0.50727; .NET CLR 3.0.4506.2152; .NET CLR 3.5.30729)"
81.173.135.239 - - [01/Oct/2009:09:54:48 +0200] "GET /livezilla/image.php?id=04 HTTP/1.1" 200 7276 "http://www.f-m-shop.de/seiten/prod_detail_neuer.cfm?kat=NAVMOD&nav=2&artnr=A 25709" "Mozilla/4.0 (compatible; MSIE 8.0; Windows NT 5.1; Trident/4.0; GTB6; .NET CLR 1.1.4322; .NET CLR 2.0.50727; .NET CLR 3.0.4506.2152; .NET CLR 3.5.30729)"
192.168.10.10 - - [01/Oct/2009:09:54:09 +0200] "POST /livezilla/server.php?acid=5d387 HTTP/1.1" 200 - "-" "LiveZilla 3.1.7.7 [http://www.livezilla.net]"
192.168.10.10 - - [01/Oct/2009:09:54:57 +0200] "POST /livezilla/server.php?acid=a50f9 HTTP/1.1" 200 - "-" "LiveZilla 3.1.7.7 [http://www.livezilla.net]"
80.129.65.190 - - [01/Oct/2009:09:55:45 +0200] "POST /livezilla/server.php HTTP/1.1" 200 108 "http://chat.f-m-shop.de/livezilla/livezilla.php" "Mozilla/5.0 (Windows; U; Windows NT 5.1; de; rv:1.9.0.14) Gecko/2009082707 Firefox/3.0.14 (.NET CLR 3.5.30729)"
134.96.188.157 - - [01/Oct/2009:09:55:48 +0200] "GET /livezilla/image.php?id=04 HTTP/1.1" 200 7276 "http://www.f-m-shop.de/seiten/prod_detail_neuer.cfm?kat=CAMIP&nav=2&artnr=A%20%2026640" "Mozilla/5.0 (Windows; U; Windows NT 6.0; de; rv:1.9.1.3) Gecko/20090824 Firefox/3.5.3 (.NET CLR 3.5.30729)"
80.129.65.190 - - [01/Oct/2009:09:55:49 +0200] "GET /livezilla/livezilla.php?&reset=true HTTP/1.1" 200 72028 "http://chat.f-m-shop.de/livezilla/livezilla.php" "Mozilla/5.0 (Windows; U; Windows NT 5.1; de; rv:1.9.0.14) Gecko/2009082707 Firefox/3.0.14 (.NET CLR 3.5.30729)"
80.129.65.190 - - [01/Oct/2009:09:55:50 +0200] "GET /livezilla/livezilla.php?template=lz_chat_frame.1.0 HTTP/1.1" 200 279 "http://chat.f-m-shop.de/livezilla/livezilla.php?&reset=true" "Mozilla/5.0 (Windows; U; Windows NT 5.1; de; rv:1.9.0.14) Gecko/2009082707 Firefox/3.0.14 (.NET CLR 3.5.30729)"
80.129.65.190 - - [01/Oct/2009:09:55:50 +0200] "GET /livezilla/livezilla.php?template=lz_chat_frame.0.0 HTTP/1.1" 200 259 "http://chat.f-m-shop.de/livezilla/livezilla.php?&reset=true" "Mozilla/5.0 (Windows; U; Windows NT 5.1; de; rv:1.9.0.14) Gecko/2009082707 Firefox/3.0.14 (.NET CLR 3.5.30729)"
80.129.65.190 - - [01/Oct/2009:09:55:50 +0200] "GET /livezilla/livezilla.php?template=lz_chat_frame.0.2 HTTP/1.1" 200 254 "http://chat.f-m-shop.de/livezilla/livezilla.php?&reset=true" "Mozilla/5.0 (Windows; U; Windows NT 5.1; de; rv:1.9.0.14) Gecko/2009082707 Firefox/3.0.14 (.NET CLR 3.5.30729)"
80.129.65.190 - - [01/Oct/2009:09:55:50 +0200] "GET /livezilla/livezilla.php?template=lz_chat_frame.2.0 HTTP/1.1" 200 263 "http://chat.f-m-shop.de/livezilla/livezilla.php?&reset=true" "Mozilla/5.0 (Windows; U; Windows NT 5.1; de; rv:1.9.0.14) Gecko/2009082707 Firefox/3.0.14 (.NET CLR 3.5.30729)"
80.129.65.190 - - [01/Oct/2009:09:55:50 +0200] "GET /livezilla/livezilla.php?template=lz_chat_frame.1.1 HTTP/1.1" 200 2257 "http://chat.f-m-shop.de/livezilla/livezilla.php?&reset=true" "Mozilla/5.0 (Windows; U; Windows NT 5.1; de; rv:1.9.0.14) Gecko/2009082707 Firefox/3.0.14 (.NET CLR 3.5.30729)"
80.129.65.190 - - [01/Oct/2009:09:55:50 +0200] "GET /livezilla/livezilla.php?template=lz_chat_frame.3.2.login&reset=true HTTP/1.1" 200 1029 "http://chat.f-m-shop.de/livezilla/livezilla.php?&reset=true" "Mozilla/5.0 (Windows; U; Windows NT 5.1; de; rv:1.9.0.14) Gecko/2009082707 Firefox/3.0.14 (.NET CLR 3.5.30729)"
80.129.65.190 - - [01/Oct/2009:09:55:51 +0200] "GET /livezilla/livezilla.php?template=lz_chat_frame.4.1 HTTP/1.1" 200 455 "http://chat.f-m-shop.de/livezilla/livezilla.php?&reset=true" "Mozilla/5.0 (Windows; U; Windows NT 5.1; de; rv:1.9.0.14) Gecko/2009082707 Firefox/3.0.14 (.NET CLR 3.5.30729)"
80.129.65.190 - - [01/Oct/2009:09:55:51 +0200] "GET /livezilla/livezilla.php?template=lz_chat_frame.1.2 HTTP/1.1" 200 264 "http://chat.f-m-shop.de/livezilla/livezilla.php?&reset=true" "Mozilla/5.0 (Windows; U; Windows NT 5.1; de; rv:1.9.0.14) Gecko/2009082707 Firefox/3.0.14 (.NET CLR 3.5.30729)"
80.129.65.190 - - [01/Oct/2009:09:55:51 +0200] "GET /livezilla/livezilla.php?template=lz_chat_frame.2.2 HTTP/1.1" 200 264 "http://chat.f-m-shop.de/livezilla/livezilla.php?&reset=true" "Mozilla/5.0 (Windows; U; Windows NT 5.1; de; rv:1.9.0.14) Gecko/2009082707 Firefox/3.0.14 (.NET CLR 3.5.30729)"
80.129.65.190 - - [01/Oct/2009:09:55:51 +0200] "GET /livezilla/livezilla.php?template=lz_chat_frame.5.1 HTTP/1.1" 200 265 "http://chat.f-m-shop.de/livezilla/livezilla.php?&reset=true" "Mozilla/5.0 (Windows; U; Windows NT 5.1; de; rv:1.9.0.14) Gecko/2009082707 Firefox/3.0.14 (.NET CLR 3.5.30729)"
80.129.65.190 - - [01/Oct/2009:09:55:51 +0200] "GET /livezilla/livezilla.php?template=lz_chat_frame.3.0 HTTP/1.1" 200 240 "http://chat.f-m-shop.de/livezilla/livezilla.php?&reset=true" "Mozilla/5.0 (Windows; U; Windows NT 5.1; de; rv:1.9.0.14) Gecko/2009082707 Firefox/3.0.14 (.NET CLR 3.5.30729)"
80.129.65.190 - - [01/Oct/2009:09:55:51 +0200] "GET /livezilla/livezilla.php?template=lz_chat_frame.3.3 HTTP/1.1" 200 239 "http://chat.f-m-shop.de/livezilla/livezilla.php?&reset=true" "Mozilla/5.0 (Windows; U; Windows NT 5.1; de; rv:1.9.0.14) Gecko/2009082707 Firefox/3.0.14 (.NET CLR 3.5.30729)"
80.129.65.190 - - [01/Oct/2009:09:55:50 +0200] "GET /livezilla/livezilla.php?template=lz_chat_frame.0.1 HTTP/1.1" 200 277 "http://chat.f-m-shop.de/livezilla/livezilla.php?&reset=true" "Mozilla/5.0 (Windows; U; Windows NT 5.1; de; rv:1.9.0.14) Gecko/2009082707 Firefox/3.0.14 (.NET CLR 3.5.30729)"
80.129.65.190 - - [01/Oct/2009:09:55:51 +0200] "GET /livezilla/livezilla.php?template=lz_chat_frame.3.2.login.0.0 HTTP/1.1" 200 1563 "http://chat.f-m-shop.de/livezilla/livezilla.php?template=lz_chat_frame.3.2.login&reset=true" "Mozilla/5.0 (Windows; U; Windows NT 5.1; de; rv:1.9.0.14) Gecko/2009082707 Firefox/3.0.14 (.NET CLR 3.5.30729)"
80.129.65.190 - - [01/Oct/2009:09:55:52 +0200] "GET /livezilla/livezilla.php?template=lz_chat_frame.3.2.login.2.0 HTTP/1.1" 200 277 "http://chat.f-m-shop.de/livezilla/livezilla.php?template=lz_chat_frame.3.2.login&reset=true" "Mozilla/5.0 (Windows; U; Windows NT 5.1; de; rv:1.9.0.14) Gecko/2009082707 Firefox/3.0.14 (.NET CLR 3.5.30729)"
80.129.65.190 - - [01/Oct/2009:09:55:51 +0200] "GET /livezilla/livezilla.php?template=lz_chat_frame.3.2.login.1.0&reset=true HTTP/1.1" 200 2979 "http://chat.f-m-shop.de/livezilla/livezilla.php?template=lz_chat_frame.3.2.login&reset=true" "Mozilla/5.0 (Windows; U; Windows NT 5.1; de; rv:1.9.0.14) Gecko/2009082707 Firefox/3.0.14 (.NET CLR 3.5.30729)"
80.129.65.190 - - [01/Oct/2009:09:55:53 +0200] "POST /livezilla/server.php HTTP/1.1" 200 212 "http://chat.f-m-shop.de/livezilla/livezilla.php?&reset=true" "Mozilla/5.0 (Windows; U; Windows NT 5.1; de; rv:1.9.0.14) Gecko/2009082707 Firefox/3.0.14 (.NET CLR 3.5.30729)"
87.160.72.165 - - [01/Oct/2009:09:56:28 +0200] "GET /livezilla/image.php?id=04 HTTP/1.1" 200 7276 "http://www.f-m-shop.de/seiten/prod_detail_neuer.cfm?kat=NOTB15&nav=2&artnr=A 28151" "Mozilla/4.0 (compatible; MSIE 7.0; Windows NT 5.1; Trident/4.0; .NET CLR 1.0.3705; .NET CLR 1.1.4322; Media Center PC 4.0; Microsoft.com Optimized IE8; AskTB5.4)"
192.168.10.10 - - [01/Oct/2009:09:55:46 +0200] "POST /livezilla/server.php?acid=7306a HTTP/1.1" 200 - "-" "LiveZilla 3.1.7.7 [http://www.livezilla.net]"
192.168.10.10 - - [01/Oct/2009:09:56:34 +0200] "POST /livezilla/server.php?acid=11be6 HTTP/1.1" 200 - "-" "LiveZilla 3.1.7.7 [http://www.livezilla.net]"
91.49.171.28 - - [01/Oct/2009:09:57:23 +0200] "GET /livezilla/image.php?id=04 HTTP/1.1" 200 7276 "http://www.f-m-shop.de/seiten/prod_detail_neuer.cfm?kat=HDDSATA&nav=2&artnr=A%20%2028605" "Mozilla/5.0 (Windows; U; Windows NT 5.1; de; rv:1.9.1.3) Gecko/20090824 Firefox/3.5.3 (.NET CLR 3.5.30729)"
62.159.56.155 - - [01/Oct/2009:09:57:36 +0200] "GET /livezilla/image.php?id=04 HTTP/1.1" 200 7276 "http://www.f-m-shop.de/seiten/prod_detail_neuer.cfm?kat=NETSWI&nav=2&artnr=A%20%20%208139" "Mozilla/5.0 (Windows; U; Windows NT 6.1; de; rv:1.9.1.3) Gecko/20090824 Firefox/3.5.3 (.NET CLR 3.5.30729)"
192.168.10.10 - - [01/Oct/2009:09:57:23 +0200] "POST /livezilla/server.php?acid=b4423 HTTP/1.1" 200 - "-" "LiveZilla 3.1.7.7 [http://www.livezilla.net]"
91.49.171.28 - - [01/Oct/2009:09:58:38 +0200] "GET /livezilla/image.php?id=04 HTTP/1.1" 200 7276 "http://www.f-m-shop.de/seiten/prod_detail_neuer.cfm?kat=HDDSATA&nav=2&artnr=A%20%2028605" "Mozilla/5.0 (Windows; U; Windows NT 5.1; de; rv:1.9.1.3) Gecko/20090824 Firefox/3.5.3 (.NET CLR 3.5.30729)"
94.218.30.91 - - [01/Oct/2009:09:58:52 +0200] "GET /livezilla/image.php?id=04 HTTP/1.1" 200 7276 "http://www.f-m-shop.de/seiten/prod_detail_neuer.cfm?kat=NAVMOD&nav=2&artnr=A%20%2029484" "Mozilla/5.0 (Windows; U; Windows NT 5.1; en-US; rv:1.9.1.3) Gecko/20090824 Firefox/3.5.3 (.NET CLR 3.5.30729)"
192.168.10.10 - - [01/Oct/2009:09:58:11 +0200] "POST /livezilla/server.php?acid=51fd6 HTTP/1.1" 200 - "-" "LiveZilla 3.1.7.7 [http://www.livezilla.net]"
91.49.171.28 - - [01/Oct/2009:09:58:58 +0200] "GET /livezilla/templates/style.css HTTP/1.1" 200 8998 "http://chat.f-m-shop.de/livezilla/livezilla.php" "Mozilla/5.0 (Windows; U; Windows NT 5.1; de; rv:1.9.1.3) Gecko/20090824 Firefox/3.5.3 (.NET CLR 3.5.30729)"
91.49.171.28 - - [01/Oct/2009:09:58:58 +0200] "GET /livezilla/livezilla.php HTTP/1.1" 200 72007 "http://www.f-m-shop.de/seiten/prod_detail_neuer.cfm?kat=HDDSATA&nav=2&artnr=A%20%2028605" "Mozilla/5.0 (Windows; U; Windows NT 5.1; de; rv:1.9.1.3) Gecko/20090824 Firefox/3.5.3 (.NET CLR 3.5.30729)"
91.49.171.28 - - [01/Oct/2009:09:58:58 +0200] "GET /livezilla/images/favicon.ico HTTP/1.1" 200 43302 "-" "Mozilla/5.0 (Windows; U; Windows NT 5.1; de; rv:1.9.1.3) Gecko/20090824 Firefox/3.5.3 (.NET CLR 3.5.30729)"
91.49.171.28 - - [01/Oct/2009:09:58:58 +0200] "GET /livezilla/livezilla.php?template=lz_chat_frame.2.0 HTTP/1.1" 200 263 "http://chat.f-m-shop.de/livezilla/livezilla.php" "Mozilla/5.0 (Windows; U; Windows NT 5.1; de; rv:1.9.1.3) Gecko/20090824 Firefox/3.5.3 (.NET CLR 3.5.30729)"
91.49.171.28 - - [01/Oct/2009:09:58:58 +0200] "GET /livezilla/livezilla.php?template=lz_chat_frame.0.1 HTTP/1.1" 200 277 "http://chat.f-m-shop.de/livezilla/livezilla.php" "Mozilla/5.0 (Windows; U; Windows NT 5.1; de; rv:1.9.1.3) Gecko/20090824 Firefox/3.5.3 (.NET CLR 3.5.30729)"
91.49.171.28 - - [01/Oct/2009:09:58:58 +0200] "GET /livezilla/livezilla.php?template=lz_chat_frame.1.0 HTTP/1.1" 200 279 "http://chat.f-m-shop.de/livezilla/livezilla.php" "Mozilla/5.0 (Windows; U; Windows NT 5.1; de; rv:1.9.1.3) Gecko/20090824 Firefox/3.5.3 (.NET CLR 3.5.30729)"
91.49.171.28 - - [01/Oct/2009:09:58:58 +0200] "GET /livezilla/livezilla.php?template=lz_chat_frame.0.0 HTTP/1.1" 200 259 "http://chat.f-m-shop.de/livezilla/livezilla.php" "Mozilla/5.0 (Windows; U; Windows NT 5.1; de; rv:1.9.1.3) Gecko/20090824 Firefox/3.5.3 (.NET CLR 3.5.30729)"
