84.156.108.131 - - [02/Oct/2009:12:51:18 +0200] "GET /livezilla/image.php?id=04 HTTP/1.1" 200 7276 "http://www.f-m-shop.de/seiten/prod_detail_neuer.cfm?kat=MULHEA&nav=2&artnr=A%20%2026275" "Mozilla/5.0 (Windows; U; Windows NT 6.0; de; rv:1.9.0.14) Gecko/2009082707 Firefox/3.0.14 (.NET CLR 3.5.30729)"
192.168.10.10 - - [02/Oct/2009:12:50:45 +0200] "POST /livezilla/server.php?acid=80d81 HTTP/1.1" 200 - "-" "LiveZilla 3.1.7.7 [http://www.livezilla.net]"
84.156.108.131 - - [02/Oct/2009:12:51:46 +0200] "GET /livezilla/image.php?id=04 HTTP/1.1" 200 7276 "http://www.f-m-shop.de/seiten/prod_detail_neuer.cfm?kat=MULHEA&nav=2&artnr=A%20%2026275" "Mozilla/5.0 (Windows; U; Windows NT 6.0; de; rv:1.9.0.14) Gecko/2009082707 Firefox/3.0.14 (.NET CLR 3.5.30729)"
217.6.3.82 - - [02/Oct/2009:12:52:04 +0200] "GET /livezilla/image.php?id=04 HTTP/1.1" 200 7276 "http://www.f-m-shop.de/seiten/prod_detail_neuer.cfm?name=LCD 24,1\" EIZO FlexScan FX2431-BK Messe&artnr=A%20%2029101&nav=2&kat=XPOSTEN&kat_her=EIZO&p_sort=&b_sort=ASC" "Mozilla/4.0 (compatible; MSIE 8.0; Windows NT 5.1; Trident/4.0; .NET CLR 2.0.50727; .NET CLR 3.0.4506.2152; .NET CLR 3.5.30729)"
192.168.10.10 - - [02/Oct/2009:12:51:33 +0200] "POST /livezilla/server.php?acid=1b3b4 HTTP/1.1" 200 - "-" "LiveZilla 3.1.7.7 [http://www.livezilla.net]"
192.168.10.10 - - [02/Oct/2009:12:52:21 +0200] "POST /livezilla/server.php?acid=d89e6 HTTP/1.1" 200 - "-" "LiveZilla 3.1.7.7 [http://www.livezilla.net]"
141.43.85.209 - - [02/Oct/2009:12:53:32 +0200] "GET /livezilla/image.php?id=04 HTTP/1.1" 200 7276 "http://www.f-m-shop.de/seiten/prod_detail_neuer.cfm?kat=NOTNAV&nav=2&artnr=A%20%2029379" "Mozilla/5.0 (Windows; U; Windows NT 5.1; de; rv:1.9.1.3) Gecko/20090824 Firefox/3.5.3"
192.168.10.10 - - [02/Oct/2009:12:53:10 +0200] "POST /livezilla/server.php?acid=83937 HTTP/1.1" 200 - "-" "LiveZilla 3.1.7.7 [http://www.livezilla.net]"
192.168.10.10 - - [02/Oct/2009:12:53:58 +0200] "POST /livezilla/server.php?acid=d4774 HTTP/1.1" 200 - "-" "LiveZilla 3.1.7.7 [http://www.livezilla.net]"
87.148.236.67 - - [02/Oct/2009:12:54:51 +0200] "GET /livezilla/image.php?id=04 HTTP/1.1" 200 7276 "http://www.f-m-shop.de/seiten/prod_detail_neuer.cfm?kat=MONT22&nav=2&artnr=A 15350" "Mozilla/4.0 (compatible; MSIE 6.0; Windows NT 5.1; SV1; GTB6; .NET CLR 1.1.4322)"
192.168.10.10 - - [02/Oct/2009:12:54:46 +0200] "POST /livezilla/server.php?acid=dcf91 HTTP/1.1" 200 - "-" "LiveZilla 3.1.7.7 [http://www.livezilla.net]"
87.176.97.202 - - [02/Oct/2009:12:55:51 +0200] "GET /livezilla/image.php?id=04 HTTP/1.1" 200 7276 "http://www.f-m-shop.de/seiten/prod_detail_neuer.cfm?kat=HDDSATA&nav=2&artnr=A%20%2025395" "Mozilla/5.0 (Windows; U; Windows NT 5.1; de; rv:1.9.1.3) Gecko/20090824 Firefox/3.5.3"
192.168.10.10 - - [02/Oct/2009:12:55:34 +0200] "POST /livezilla/server.php?acid=32e47 HTTP/1.1" 200 - "-" "LiveZilla 3.1.7.7 [http://www.livezilla.net]"
192.168.10.10 - - [02/Oct/2009:12:56:23 +0200] "POST /livezilla/server.php?acid=3f6e7 HTTP/1.1" 200 - "-" "LiveZilla 3.1.7.7 [http://www.livezilla.net]"
65.55.109.190 - - [02/Oct/2009:12:57:45 +0200] "GET /livezilla/image.php?id=04 HTTP/1.1" 200 7276 "http://www.f-m-shop.de/seiten/prod_detail_neuer.cfm?kat=MEDDDS&nav=2&artnr=A 3406" "Mozilla/4.0 (compatible; MSIE 6.0; Windows NT 5.1; SLCC1; .NET CLR 1.1.4325; .NET CLR 2.0.40607; .NET CLR 3.0.30729; .NET CLR 3.5.30729)"
192.168.10.10 - - [02/Oct/2009:12:57:11 +0200] "POST /livezilla/server.php?acid=7586a HTTP/1.1" 200 - "-" "LiveZilla 3.1.7.7 [http://www.livezilla.net]"
192.168.10.10 - - [02/Oct/2009:12:57:59 +0200] "POST /livezilla/server.php?acid=597ae HTTP/1.1" 200 - "-" "LiveZilla 3.1.7.7 [http://www.livezilla.net]"
91.62.221.175 - - [02/Oct/2009:12:58:59 +0200] "GET /livezilla/image.php?id=04 HTTP/1.1" 200 7276 "http://www.f-m-shop.de/seiten/prod_detail_neuer.cfm?kat=MONT22&nav=2&artnr=A 23132" "Mozilla/4.0 (compatible; MSIE 7.0; Windows NT 5.1; .NET CLR 1.0.3705; .NET CLR 1.1.4322; Media Center PC 4.0; .NET CLR 2.0.50727; .NET CLR 3.0.4506.2152; .NET CLR 3.5.30729)"
192.168.10.10 - - [02/Oct/2009:12:58:48 +0200] "POST /livezilla/server.php?acid=bb919 HTTP/1.1" 200 - "-" "LiveZilla 3.1.7.7 [http://www.livezilla.net]"
192.168.10.10 - - [02/Oct/2009:12:59:36 +0200] "POST /livezilla/server.php?acid=63af4 HTTP/1.1" 200 - "-" "LiveZilla 3.1.7.7 [http://www.livezilla.net]"
84.63.23.134 - - [02/Oct/2009:13:01:04 +0200] "GET /livezilla/image.php?id=04 HTTP/1.1" 200 7276 "http://www.f-m-shop.de/seiten/prod_detail_neuer.cfm?kat=MODISDN&nav=2&artnr=A%20%2025251" "Mozilla/5.0 (Macintosh; U; Intel Mac OS X 10.4; de; rv:1.9.1.3) Gecko/20090824 Firefox/3.5.3"
192.168.10.10 - - [02/Oct/2009:13:00:24 +0200] "POST /livezilla/server.php?acid=4321e HTTP/1.1" 200 - "-" "LiveZilla 3.1.7.7 [http://www.livezilla.net]"
192.168.10.10 - - [02/Oct/2009:13:01:13 +0200] "POST /livezilla/server.php?acid=0e6f8 HTTP/1.1" 200 - "-" "LiveZilla 3.1.7.7 [http://www.livezilla.net]"
192.168.10.10 - - [02/Oct/2009:13:02:01 +0200] "POST /livezilla/server.php?acid=56164 HTTP/1.1" 200 - "-" "LiveZilla 3.1.7.7 [http://www.livezilla.net]"
192.168.10.10 - - [02/Oct/2009:13:02:49 +0200] "POST /livezilla/server.php?acid=5801b HTTP/1.1" 200 - "-" "LiveZilla 3.1.7.7 [http://www.livezilla.net]"
91.53.203.206 - - [02/Oct/2009:13:04:12 +0200] "GET /livezilla/image.php?id=04 HTTP/1.1" 200 7276 "http://www.f-m-shop.de/seiten/prod_detail_neuer.cfm?kat=MONT22&nav=2&artnr=A%20%2026977" "Mozilla/5.0 (Windows; U; Windows NT 6.0; de; rv:1.9.1.3) Gecko/20090824 Firefox/3.5.3 (.NET CLR 3.5.30729)"
192.168.10.10 - - [02/Oct/2009:13:03:38 +0200] "POST /livezilla/server.php?acid=0d00e HTTP/1.1" 200 - "-" "LiveZilla 3.1.7.7 [http://www.livezilla.net]"
213.23.204.90 - - [02/Oct/2009:13:04:42 +0200] "GET /livezilla/image.php?id=04 HTTP/1.0" 200 7276 "http://www.f-m-shop.de/seiten/prod_detail_neuer.cfm?kat=VIRTUAL&nav=2&artnr=A%20%2027787" "Mozilla/5.0 (Windows; U; Windows NT 6.0; de; rv:1.9.1.3) Gecko/20090824 Firefox/3.5.3 (.NET CLR 3.5.30729)"
192.168.10.10 - - [02/Oct/2009:13:04:26 +0200] "POST /livezilla/server.php?acid=495c1 HTTP/1.1" 200 - "-" "LiveZilla 3.1.7.7 [http://www.livezilla.net]"
213.23.204.90 - - [02/Oct/2009:13:05:43 +0200] "GET /livezilla/image.php?id=04 HTTP/1.0" 200 7276 "http://www.f-m-shop.de/seiten/prod_detail_neuer.cfm?name=VMware%20Workstation%206%20f%FCr%20Windows%20BOX&artnr=A%20%2027787&nav=2&kat=VIRTUAL" "Mozilla/5.0 (Windows; U; Windows NT 6.0; de; rv:1.9.1.3) Gecko/20090824 Firefox/3.5.3 (.NET CLR 3.5.30729)"
80.145.45.240 - - [02/Oct/2009:13:05:47 +0200] "GET /livezilla/image.php?id=04 HTTP/1.1" 200 7276 "http://www.f-m-shop.de/seiten/prod_detail_neuer.cfm?kat=DRULAB&nav=2&artnr=A 14254" "Mozilla/4.0 (compatible; MSIE 6.0; Windows NT 5.1; SV1)"
77.132.147.161 - - [02/Oct/2009:13:05:55 +0200] "GET /livezilla/image.php?id=04 HTTP/1.1" 200 7276 "http://www.f-m-shop.de/seiten/prod_detail_neuer.cfm?kat=XPOSTEN&nav=2&artnr=A%20%2028888" "Mozilla/5.0 (Windows; U; Windows NT 5.1; de; rv:1.9.1.3) Gecko/20090824 Firefox/3.5.3"
192.168.10.10 - - [02/Oct/2009:13:05:14 +0200] "POST /livezilla/server.php?acid=13a87 HTTP/1.1" 200 - "-" "LiveZilla 3.1.7.7 [http://www.livezilla.net]"
91.32.179.49 - - [02/Oct/2009:13:06:04 +0200] "GET /livezilla/image.php?id=04 HTTP/1.1" 200 7276 "http://www.f-m-shop.de/seiten/prod_detail_neuer.cfm?name=Drucker Brother P-Touch 9500PC&artnr=A%20%2014254&nav=2&kat=DRULAB&kat_her=&p_sort=&b_sort=ASC" "Mozilla/4.0 (compatible; MSIE 7.0; Windows NT 5.1; .NET CLR 1.1.4322; .NET CLR 2.0.50727; .NET CLR 3.0.4506.2152; .NET CLR 3.5.30729)"
217.6.201.232 - - [02/Oct/2009:13:06:12 +0200] "GET /livezilla/image.php?id=04 HTTP/1.1" 200 7276 "http://www.f-m-shop.de/seiten/prod_detail_neuer.cfm?kat=NOTB15&nav=2&artnr=A 28922" "Mozilla/4.0 (compatible; MSIE 7.0; Windows NT 5.1; .NET CLR 2.0.50727; MS-RTC LM 8)"
93.193.65.238 - - [02/Oct/2009:13:06:13 +0200] "GET /livezilla/image.php?id=04 HTTP/1.1" 200 7276 "http://www.f-m-shop.de/seiten/prod_detail_neuer.cfm?kat=NETSWI&nav=2&artnr=A 11431" "Mozilla/4.0 (compatible; MSIE 7.0; Windows NT 5.1; GTB6; .NET CLR 2.0.50727; .NET CLR 1.1.4322; .NET CLR 3.0.4506.2152; .NET CLR 3.5.30729)"
192.168.10.10 - - [02/Oct/2009:13:06:03 +0200] "POST /livezilla/server.php?acid=5fe84 HTTP/1.1" 200 - "-" "LiveZilla 3.1.7.7 [http://www.livezilla.net]"
87.193.196.242 - - [02/Oct/2009:13:06:53 +0200] "GET /livezilla/image.php?id=04 HTTP/1.1" 200 7276 "http://www.eizo4you.de/seiten/prod_detail_neuer.cfm?name=LCD%2022%22%20%20%20EIZO%20FlexScan%20S2202WH%20%20schwarz&artnr=A%20%2024835&nav=2&kat=MONT22&kat_her=EIZO&p_sort=&b_sort=ASC" "Mozilla/5.0 (Macintosh; U; Intel Mac OS X 10_6_1; de-de) AppleWebKit/531.9 (KHTML, like Gecko) Version/4.0.3 Safari/531.9"
91.32.179.49 - - [02/Oct/2009:13:07:14 +0200] "GET /livezilla/image.php?id=04 HTTP/1.1" 200 7276 "http://www.f-m-shop.de/seiten/prod_detail_neuer.cfm?name=Drucker Brother P-Touch 9500PC&artnr=A%20%2014254&nav=2&kat=DRULAB&kat_her=&p_sort=&b_sort=ASC" "Mozilla/4.0 (compatible; MSIE 7.0; Windows NT 5.1; .NET CLR 1.1.4322; .NET CLR 2.0.50727; .NET CLR 3.0.4506.2152; .NET CLR 3.5.30729)"
192.168.10.10 - - [02/Oct/2009:13:06:51 +0200] "POST /livezilla/server.php?acid=c0443 HTTP/1.1" 200 - "-" "LiveZilla 3.1.7.7 [http://www.livezilla.net]"
192.168.10.10 - - [02/Oct/2009:13:07:40 +0200] "POST /livezilla/server.php?acid=42273 HTTP/1.1" 200 - "-" "LiveZilla 3.1.7.7 [http://www.livezilla.net]"
192.168.10.10 - - [02/Oct/2009:13:08:28 +0200] "POST /livezilla/server.php?acid=c5146 HTTP/1.1" 200 - "-" "LiveZilla 3.1.7.7 [http://www.livezilla.net]"
84.165.47.219 - - [02/Oct/2009:13:09:18 +0200] "GET /livezilla/image.php?id=04 HTTP/1.1" 200 7276 "http://www.f-m-shop.de/seiten/prod_detail_neuer.cfm?kat=NETUSV&nav=2&artnr=A 10529" "Mozilla/4.0 (compatible; MSIE 8.0; Windows NT 5.1; Trident/4.0; .NET CLR 1.1.4322; .NET CLR 2.0.50727; .NET CLR 3.0.04506.30; .NET CLR 3.0.04506.648; .NET CLR 3.0.4506.2152; .NET CLR 3.5.30729)"
84.165.47.219 - - [02/Oct/2009:13:09:31 +0200] "GET /livezilla/image.php?id=04 HTTP/1.1" 200 7276 "http://www.f-m-shop.de/seiten/prod_detail_neuer.cfm?kat=NETUSV&nav=2&artnr=A%20%2010529" "Mozilla/4.0 (compatible; MSIE 8.0; Windows NT 5.1; Trident/4.0; .NET CLR 1.1.4322; .NET CLR 2.0.50727; .NET CLR 3.0.04506.30; .NET CLR 3.0.04506.648; .NET CLR 3.0.4506.2152; .NET CLR 3.5.30729)"
192.168.10.10 - - [02/Oct/2009:13:09:16 +0200] "POST /livezilla/server.php?acid=1c6e5 HTTP/1.1" 200 - "-" "LiveZilla 3.1.7.7 [http://www.livezilla.net]"
192.168.10.10 - - [02/Oct/2009:13:10:05 +0200] "POST /livezilla/server.php?acid=cde8e HTTP/1.1" 200 - "-" "LiveZilla 3.1.7.7 [http://www.livezilla.net]"
192.168.10.10 - - [02/Oct/2009:13:10:53 +0200] "POST /livezilla/server.php?acid=b1203 HTTP/1.1" 200 - "-" "LiveZilla 3.1.7.7 [http://www.livezilla.net]"
192.168.10.10 - - [02/Oct/2009:13:11:41 +0200] "POST /livezilla/server.php?acid=29ffb HTTP/1.1" 200 - "-" "LiveZilla 3.1.7.7 [http://www.livezilla.net]"
192.168.10.10 - - [02/Oct/2009:13:12:30 +0200] "POST /livezilla/server.php?acid=f706b HTTP/1.1" 200 - "-" "LiveZilla 3.1.7.7 [http://www.livezilla.net]"
192.168.10.10 - - [02/Oct/2009:13:13:18 +0200] "POST /livezilla/server.php?acid=109b8 HTTP/1.1" 200 - "-" "LiveZilla 3.1.7.7 [http://www.livezilla.net]"
192.168.10.10 - - [02/Oct/2009:13:14:06 +0200] "POST /livezilla/server.php?acid=76207 HTTP/1.1" 200 - "-" "LiveZilla 3.1.7.7 [http://www.livezilla.net]"
79.215.170.53 - - [02/Oct/2009:13:15:21 +0200] "GET /livezilla/image.php?id=04 HTTP/1.1" 200 7276 "http://www.f-m-shop.de/seiten/prod_detail_neuer.cfm?kat=HIFMEDIA&nav=2&artnr=A%20%2029398" "Mozilla/5.0 (Windows; U; Windows NT 6.0; en-US) AppleWebKit/532.0 (KHTML, like Gecko) Chrome/3.0.195.21 Safari/532.0"
192.168.10.10 - - [02/Oct/2009:13:14:55 +0200] "POST /livezilla/server.php?acid=37f8d HTTP/1.1" 200 - "-" "LiveZilla 3.1.7.7 [http://www.livezilla.net]"
192.168.10.10 - - [02/Oct/2009:13:15:43 +0200] "POST /livezilla/server.php?acid=0806f HTTP/1.1" 200 - "-" "LiveZilla 3.1.7.7 [http://www.livezilla.net]"
91.62.196.244 - - [02/Oct/2009:13:16:56 +0200] "GET /livezilla/image.php?id=04 HTTP/1.1" 200 7276 "http://www.eizo4you.de/seiten/prod_detail_neuer.cfm?name=LCD 23\" EIZO FlexScan EV2333WH schwarz&artnr=A%20%2029043&nav=2&kat=MONT23&kat_her=&p_sort=&b_sort=ASC" "Mozilla/4.0 (compatible; MSIE 7.0; Windows NT 6.0; WOW64; SLCC1; .NET CLR 2.0.50727; MDDR; InfoPath.2; MS-RTC LM 8; .NET CLR 3.5.30729; .NET CLR 3.0.30729)"
192.168.10.10 - - [02/Oct/2009:13:16:31 +0200] "POST /livezilla/server.php?acid=16eaf HTTP/1.1" 200 - "-" "LiveZilla 3.1.7.7 [http://www.livezilla.net]"
88.79.223.190 - - [02/Oct/2009:13:17:25 +0200] "GET /livezilla/image.php?id=04 HTTP/1.1" 200 7276 "http://www.f-m-shop.de/seiten/prod_detail_neuer.cfm?kat=NETLROU&nav=2&artnr=A 26266" "Mozilla/4.0 (compatible; MSIE 6.0; Windows NT 5.1; SV1; .NET CLR 1.1.4322; .NET CLR 2.0.50727; InfoPath.1)"
88.79.223.190 - - [02/Oct/2009:13:18:03 +0200] "GET /livezilla/image.php?id=04 HTTP/1.1" 200 7276 "http://www.f-m-shop.de/seiten/prod_detail_neuer.cfm?kat=NETLROU&nav=2&artnr=A 26266" "Mozilla/4.0 (compatible; MSIE 6.0; Windows NT 5.1; SV1; .NET CLR 1.1.4322; .NET CLR 2.0.50727; InfoPath.1)"
192.168.10.10 - - [02/Oct/2009:13:17:20 +0200] "POST /livezilla/server.php?acid=c3349 HTTP/1.1" 200 - "-" "LiveZilla 3.1.7.7 [http://www.livezilla.net]"
192.168.10.10 - - [02/Oct/2009:13:18:08 +0200] "POST /livezilla/server.php?acid=a69b7 HTTP/1.1" 200 - "-" "LiveZilla 3.1.7.7 [http://www.livezilla.net]"
192.168.10.10 - - [02/Oct/2009:13:18:56 +0200] "POST /livezilla/server.php?acid=baeb2 HTTP/1.1" 200 - "-" "LiveZilla 3.1.7.7 [http://www.livezilla.net]"
89.60.64.178 - - [02/Oct/2009:13:19:43 +0200] "GET /livezilla/image.php?id=04 HTTP/1.1" 200 7276 "http://www.f-m-shop.de/seiten/prod_detail_neuer.cfm?kat=MONT24&nav=2&artnr=A%20%2028980" "Opera/9.80 (Windows NT 5.1; U; de) Presto/2.2.15 Version/10.00"
192.168.10.10 - - [02/Oct/2009:13:19:45 +0200] "POST /livezilla/server.php?acid=17467 HTTP/1.1" 200 - "-" "LiveZilla 3.1.7.7 [http://www.livezilla.net]"
192.168.10.10 - - [02/Oct/2009:13:20:33 +0200] "POST /livezilla/server.php?acid=f5ef1 HTTP/1.1" 200 - "-" "LiveZilla 3.1.7.7 [http://www.livezilla.net]"
88.79.223.190 - - [02/Oct/2009:13:21:18 +0200] "GET /livezilla/image.php?id=04 HTTP/1.1" 200 7276 "http://www.f-m-shop.de/seiten/prod_detail_neuer.cfm?kat=NETLROU&nav=2&artnr=A 26266" "Mozilla/4.0 (compatible; MSIE 6.0; Windows NT 5.1; SV1; .NET CLR 1.1.4322; .NET CLR 2.0.50727; InfoPath.1)"
65.55.109.170 - - [02/Oct/2009:13:21:58 +0200] "GET /livezilla/image.php?id=04 HTTP/1.1" 200 7276 "http://www.f-m-shop.de/seiten/prod_detail_neuer.cfm?kat=NETKAB&nav=2&artnr=A 2309" "Mozilla/4.0 (compatible; MSIE 6.0; Windows NT 5.2; SV1; .NET CLR 1.1.4325; .NET CLR 2.0.50727; .NET CLR 3.0.30729; .NET CLR 3.5.30707; InfoPath.2)"
195.112.86.186 - - [02/Oct/2009:13:22:04 +0200] "GET /livezilla/image.php?id=04 HTTP/1.1" 200 7276 "http://www.f-m-shop.de/seiten/prod_detail_neuer.cfm?kat=HIFTVCRD&nav=2&artnr=A%20%2028452" "Mozilla/5.0 (Windows; U; Windows NT 5.1; de-DE) AppleWebKit/525.19 (KHTML, like Gecko) Version/3.1.2 Safari/525.21"
192.168.10.10 - - [02/Oct/2009:13:21:21 +0200] "POST /livezilla/server.php?acid=c6363 HTTP/1.1" 200 - "-" "LiveZilla 3.1.7.7 [http://www.livezilla.net]"
188.99.81.143 - - [02/Oct/2009:13:22:07 +0200] "GET /livezilla/image.php?id=04 HTTP/1.1" 200 7276 "http://www.f-m-shop.de/seiten/prod_detail_neuer.cfm?kat=HDDGEH&nav=2&artnr=A%20%2026728" "Mozilla/5.0 (Windows; U; Windows NT 5.1; en-US; rv:1.9.0.1) Gecko/2008070206 Firefox/3.0.1"
65.55.110.86 - - [02/Oct/2009:13:22:21 +0200] "GET /livezilla/image.php?id=04 HTTP/1.1" 200 7276 "http://www.f-m-shop.de/seiten/prod_detail_neuer.cfm?kat=MEDDVD&nav=2&artnr=A 9981" "Mozilla/4.0 (compatible; MSIE 6.0; Windows NT 5.2; SLCC1; .NET CLR 1.1.4322; .NET CLR 2.0.50727; .NET CLR 3.0.04506.648)"
195.112.86.186 - - [02/Oct/2009:13:22:36 +0200] "GET /livezilla/image.php?id=04 HTTP/1.1" 200 7276 "http://www.f-m-shop.de/seiten/prod_detail_neuer.cfm?kat=HIFTVCRD&nav=2&artnr=A%20%2028452" "Mozilla/5.0 (Windows; U; Windows NT 5.1; de-DE) AppleWebKit/525.19 (KHTML, like Gecko) Version/3.1.2 Safari/525.21"
192.168.10.10 - - [02/Oct/2009:13:22:10 +0200] "POST /livezilla/server.php?acid=a181f HTTP/1.1" 200 - "-" "LiveZilla 3.1.7.7 [http://www.livezilla.net]"
217.140.4.78 - - [02/Oct/2009:13:23:13 +0200] "GET /livezilla/image.php?id=04 HTTP/1.1" 200 7276 "http://www.f-m-shop.de/seiten/prod_detail_neuer.cfm?name=EyeTV%20SAT%20von%20Elgato&artnr=A%20%2028452&nav=2&kat=HIFTVCRD" "Mozilla/4.0 (compatible; MSIE 8.0; Windows NT 5.1; Trident/4.0; NGD_build; .NET CLR 1.1.4322; .NET CLR 2.0.50727; .NET CLR 3.0.04506.648; .NET CLR 3.5.21022; MS-RTC LM 8)"
217.140.4.78 - - [02/Oct/2009:13:23:13 +0200] "GET /livezilla/image.php?id=04 HTTP/1.1" 200 7276 "http://www.f-m-shop.de/seiten/prod_detail_neuer.cfm?name=EyeTV%20SAT%20von%20Elgato&artnr=A%20%2028452&nav=2&kat=HIFTVCRD" "Mozilla/4.0 (compatible; MSIE 8.0; Windows NT 5.1; Trident/4.0; NGD_build; .NET CLR 1.1.4322; .NET CLR 2.0.50727; .NET CLR 3.0.04506.648; .NET CLR 3.5.21022; MS-RTC LM 8)"
217.140.4.78 - - [02/Oct/2009:13:23:34 +0200] "GET /livezilla/image.php?id=04 HTTP/1.1" 200 7276 "http://www.f-m-shop.de/seiten/prod_detail_neuer.cfm?name=EyeTV%20SAT%20von%20Elgato&artnr=A%20%2028452&nav=2&kat=HIFTVCRD" "Mozilla/4.0 (compatible; MSIE 8.0; Windows NT 5.1; Trident/4.0; NGD_build; .NET CLR 1.1.4322; .NET CLR 2.0.50727; .NET CLR 3.0.04506.648; .NET CLR 3.5.21022; MS-RTC LM 8)"
192.168.10.10 - - [02/Oct/2009:13:22:58 +0200] "POST /livezilla/server.php?acid=ad926 HTTP/1.1" 200 - "-" "LiveZilla 3.1.7.7 [http://www.livezilla.net]"
91.14.161.75 - - [02/Oct/2009:13:24:02 +0200] "GET /livezilla/image.php?id=04 HTTP/1.0" 200 7276 "http://www.f-m-shop.de/seiten/prod_detail_neuer.cfm?kat=MONTOUCH&nav=2&artnr=A%20%2026712" "Opera/9.80 (Windows NT 5.0; U; de) Presto/2.2.15 Version/10.00"
212.144.84.34 - - [02/Oct/2009:13:24:14 +0200] "GET /livezilla/image.php?id=04 HTTP/1.1" 200 7276 "http://www.f-m-shop.de/seiten/prod_detail_neuer.cfm?kat=HDDNOTSA&nav=2&artnr=A%20%2025555" "Mozilla/5.0 (Windows; U; Windows NT 5.1; de; rv:1.9.0.14) Gecko/2009082707 Firefox/3.0.14 (.NET CLR 3.5.30729)"
192.168.10.10 - - [02/Oct/2009:13:23:46 +0200] "POST /livezilla/server.php?acid=80d17 HTTP/1.1" 200 - "-" "LiveZilla 3.1.7.7 [http://www.livezilla.net]"
91.14.161.75 - - [02/Oct/2009:13:25:01 +0200] "GET /livezilla/image.php?id=04 HTTP/1.0" 200 7276 "http://www.f-m-shop.de/seiten/prod_detail_neuer.cfm?name=LCD%2015%22%20Iiyama%20ProLite%20T1530SR%20wei%DF&artnr=A%20%2026712&nav=2&kat=MONTOUCH&kat_her=&p_sort=&b_sort=ASC" "Opera/9.80 (Windows NT 5.0; U; de) Presto/2.2.15 Version/10.00"
192.168.10.10 - - [02/Oct/2009:13:24:35 +0200] "POST /livezilla/server.php?acid=83c57 HTTP/1.1" 200 - "-" "LiveZilla 3.1.7.7 [http://www.livezilla.net]"
88.79.223.190 - - [02/Oct/2009:13:25:46 +0200] "GET /livezilla/image.php?id=04 HTTP/1.1" 200 7276 "http://www.f-m-shop.de/seiten/prod_detail_neuer.cfm?kat=NETLROU&nav=2&artnr=A 26266" "Mozilla/4.0 (compatible; MSIE 6.0; Windows NT 5.1; SV1; .NET CLR 1.1.4322; .NET CLR 2.0.50727; InfoPath.1)"
192.168.10.10 - - [02/Oct/2009:13:25:23 +0200] "POST /livezilla/server.php?acid=778ab HTTP/1.1" 200 - "-" "LiveZilla 3.1.7.7 [http://www.livezilla.net]"
94.221.117.69 - - [02/Oct/2009:13:26:21 +0200] "GET /livezilla/image.php?id=04 HTTP/1.1" 200 7276 "http://www.f-m-shop.de/seiten/prod_detail_neuer.cfm?kat=MONT22&nav=2&artnr=A 25192" "Mozilla/4.0 (compatible; MSIE 8.0; Windows NT 5.1; Trident/4.0; .NET CLR 2.0.50727; .NET CLR 1.1.4322; .NET CLR 3.0.04506.30; .NET CLR 3.0.04506.648; .NET CLR 3.0.4506.2152; .NET CLR 3.5.30729)"
78.50.229.116 - - [02/Oct/2009:13:26:47 +0200] "GET /livezilla/image.php?id=04 HTTP/1.1" 200 7276 "http://www.f-m-shop.de/seiten/prod_detail_neuer.cfm?kat=NOTB13&nav=2&artnr=A 28234" "Mozilla/4.0 (compatible; MSIE 8.0; Windows NT 5.1; Trident/4.0; .NET CLR 2.0.50727; .NET CLR 3.0.4506.2152; .NET CLR 3.5.30729; InfoPath.2)"
192.168.10.10 - - [02/Oct/2009:13:26:11 +0200] "POST /livezilla/server.php?acid=6d466 HTTP/1.1" 200 - "-" "LiveZilla 3.1.7.7 [http://www.livezilla.net]"
88.79.223.190 - - [02/Oct/2009:13:27:03 +0200] "GET /livezilla/image.php?id=04 HTTP/1.1" 200 7276 "http://www.f-m-shop.de/seiten/prod_detail_neuer.cfm?kat=NETLROU&nav=2&artnr=A 26266" "Mozilla/4.0 (compatible; MSIE 6.0; Windows NT 5.1; SV1; .NET CLR 1.1.4322; .NET CLR 2.0.50727; InfoPath.1)"
88.79.223.190 - - [02/Oct/2009:13:27:09 +0200] "GET /livezilla/image.php?id=04 HTTP/1.1" 200 7276 "http://www.f-m-shop.de/seiten/prod_detail_neuer.cfm?kat=NETLROU&nav=2&artnr=A%20%2026266" "Mozilla/4.0 (compatible; MSIE 6.0; Windows NT 5.1; SV1; .NET CLR 1.1.4322; .NET CLR 2.0.50727; InfoPath.1)"
78.50.229.116 - - [02/Oct/2009:13:27:16 +0200] "GET /livezilla/image.php?id=04 HTTP/1.1" 200 7276 "http://www.f-m-shop.de/seiten/prod_detail_neuer.cfm?kat=NOTB13&nav=2&artnr=A 28234" "Mozilla/4.0 (compatible; MSIE 8.0; Windows NT 5.1; Trident/4.0; .NET CLR 2.0.50727; .NET CLR 3.0.4506.2152; .NET CLR 3.5.30729; InfoPath.2)"
192.168.10.10 - - [02/Oct/2009:13:27:00 +0200] "POST /livezilla/server.php?acid=d33c0 HTTP/1.1" 200 - "-" "LiveZilla 3.1.7.7 [http://www.livezilla.net]"
192.168.10.10 - - [02/Oct/2009:13:27:48 +0200] "POST /livezilla/server.php?acid=b150d HTTP/1.1" 200 - "-" "LiveZilla 3.1.7.7 [http://www.livezilla.net]"
192.168.10.10 - - [02/Oct/2009:13:28:37 +0200] "POST /livezilla/server.php?acid=36bb0 HTTP/1.1" 200 - "-" "LiveZilla 3.1.7.7 [http://www.livezilla.net]"
79.219.116.198 - - [02/Oct/2009:13:29:41 +0200] "GET /livezilla/image.php?id=04 HTTP/1.1" 200 7276 "http://www.f-m-shop.de/seiten/prod_detail_neuer.cfm?kat=NOTB13&nav=2&artnr=A 27818" "Mozilla/4.0 (compatible; MSIE 8.0; Windows NT 5.1; Trident/4.0; .NET CLR 1.1.4322; .NET CLR 2.0.50727; .NET CLR 3.0.4506.2152; .NET CLR 3.5.30729)"
192.168.10.10 - - [02/Oct/2009:13:29:25 +0200] "POST /livezilla/server.php?acid=2e7b2 HTTP/1.1" 200 - "-" "LiveZilla 3.1.7.7 [http://www.livezilla.net]"
87.147.123.248 - - [02/Oct/2009:13:30:24 +0200] "GET /livezilla/image.php?id=04 HTTP/1.1" 200 7276 "http://www.f-m-shop.de/seiten/prod_detail_neuer.cfm?kat=HIFTVCRD&nav=2&artnr=A%20%2028047" "Mozilla/5.0 (Macintosh; U; Intel Mac OS X 10_6_1; de-de) AppleWebKit/531.9 (KHTML, like Gecko) Version/4.0.3 Safari/531.9"
91.64.9.189 - - [02/Oct/2009:13:30:27 +0200] "GET /livezilla/image.php?id=04 HTTP/1.1" 200 7276 "http://www.f-m-shop.de/seiten/prod_detail_neuer.cfm?kat=NOTTAS&nav=2&artnr=A%20%2017411" "Mozilla/5.0 (Windows; U; Windows NT 6.0; de; rv:1.9.1.3) Gecko/20090824 Firefox/3.5.3"
192.168.10.10 - - [02/Oct/2009:13:30:13 +0200] "POST /livezilla/server.php?acid=62c9f HTTP/1.1" 200 - "-" "LiveZilla 3.1.7.7 [http://www.livezilla.net]"
217.7.55.168 - - [02/Oct/2009:13:31:45 +0200] "GET /livezilla/image.php?id=04 HTTP/1.1" 200 7276 "http://www.f-m-shop.de/seiten/prod_detail_neuer.cfm?name=TASTATUR%20LOGITECH%20Deluxe%20250%20schwarz&artnr=A%20%2020976&nav=2&kat=EINTAST&kat_her=&p_sort=ASC&b_sort=ASC" "Mozilla/5.0 (Windows; U; Windows NT 5.1; de; rv:1.9.1.3) Gecko/20090824 Firefox/3.5.3 (.NET CLR 3.5.30729)"
212.144.84.34 - - [02/Oct/2009:13:31:46 +0200] "GET /livezilla/image.php?id=04 HTTP/1.1" 200 7276 "http://www.f-m-shop.de/seiten/prod_detail_neuer.cfm?kat=HDDNOTSA&nav=2&artnr=A%20%2025555" "Mozilla/5.0 (Windows; U; Windows NT 5.1; de; rv:1.9.0.14) Gecko/2009082707 Firefox/3.0.14 (.NET CLR 3.5.30729)"
192.168.10.10 - - [02/Oct/2009:13:31:02 +0200] "POST /livezilla/server.php?acid=68e23 HTTP/1.1" 200 - "-" "LiveZilla 3.1.7.7 [http://www.livezilla.net]"
79.219.116.198 - - [02/Oct/2009:13:31:46 +0200] "GET /livezilla/image.php?id=04 HTTP/1.1" 200 7276 "http://www.f-m-shop.de/seiten/prod_detail_neuer.cfm?kat=NOTB13&nav=2&artnr=A%20%2027818" "Mozilla/4.0 (compatible; MSIE 8.0; Windows NT 5.1; Trident/4.0; .NET CLR 1.1.4322; .NET CLR 2.0.50727; .NET CLR 3.0.4506.2152; .NET CLR 3.5.30729)"
88.161.53.71 - - [02/Oct/2009:13:31:54 +0200] "GET /livezilla/image.php?id=04 HTTP/1.1" 200 7276 "http://www.f-m-shop.de/seiten/prod_detail_neuer.cfm?kat=MONT21&nav=2&artnr=A%20%2013302" "Mozilla/5.0 (Windows; U; Windows NT 6.0; fr; rv:1.9.0.14) Gecko/2009082707 Firefox/3.0.14 GTB5 (.NET CLR 3.5.30729)"
212.144.84.34 - - [02/Oct/2009:13:32:05 +0200] "GET /livezilla/image.php?id=04 HTTP/1.1" 200 7276 "http://www.f-m-shop.de/seiten/prod_detail_neuer.cfm?kat=HDDNOTSA&nav=2&artnr=A%20%2025555" "Mozilla/5.0 (Windows; U; Windows NT 5.1; de; rv:1.9.0.14) Gecko/2009082707 Firefox/3.0.14 (.NET CLR 3.5.30729)"
217.7.55.168 - - [02/Oct/2009:13:32:25 +0200] "GET /livezilla/image.php?id=04 HTTP/1.1" 200 7276 "http://www.f-m-shop.de/seiten/prod_detail_neuer.cfm?name=TASTATUR%20LOGITECH%20INTERNET%20PRO%20%20(black)&artnr=A%20%2013588&nav=2&kat=EINTAST&kat_her=&p_sort=ASC&b_sort=ASC" "Mozilla/5.0 (Windows; U; Windows NT 5.1; de; rv:1.9.1.3) Gecko/20090824 Firefox/3.5.3 (.NET CLR 3.5.30729)"
79.219.116.198 - - [02/Oct/2009:13:32:29 +0200] "GET /livezilla/image.php?id=04 HTTP/1.1" 200 7276 "http://www.f-m-shop.de/seiten/prod_detail_neuer.cfm?artnr=A%20%2027818&nav=2&kat=NOTB13" "Mozilla/4.0 (compatible; MSIE 8.0; Windows NT 5.1; Trident/4.0; .NET CLR 1.1.4322; .NET CLR 2.0.50727; .NET CLR 3.0.4506.2152; .NET CLR 3.5.30729)"
192.168.10.10 - - [02/Oct/2009:13:31:50 +0200] "POST /livezilla/server.php?acid=c4a10 HTTP/1.1" 200 - "-" "LiveZilla 3.1.7.7 [http://www.livezilla.net]"
217.7.55.168 - - [02/Oct/2009:13:32:39 +0200] "GET /livezilla/image.php?id=04 HTTP/1.1" 200 7276 "http://www.f-m-shop.de/seiten/prod_detail_neuer.cfm?name=TASTATUR%20LOGITECH%20Media%20Keyboard&artnr=A%20%2015978&nav=2&kat=EINTAST&kat_her=&p_sort=ASC&b_sort=ASC" "Mozilla/5.0 (Windows; U; Windows NT 5.1; de; rv:1.9.1.3) Gecko/20090824 Firefox/3.5.3 (.NET CLR 3.5.30729)"
91.199.43.37 - - [02/Oct/2009:13:32:41 +0200] "GET /livezilla/image.php?id=04 HTTP/1.1" 200 7276 "http://www.f-m-shop.de/seiten/prod_detail_neuer.cfm?kat=RAMDDR2&nav=2&artnr=A%20%2018268" "Mozilla/5.0 (Windows; U; Windows NT 5.1; de; rv:1.9.1.3) Gecko/20090824 Firefox/3.5.3 (.NET CLR 3.5.30729)"
91.199.43.37 - - [02/Oct/2009:13:33:21 +0200] "GET /livezilla/image.php?id=04 HTTP/1.1" 200 7276 "http://www.f-m-shop.de/seiten/prod_detail_neuer.cfm?kat=RAMDDR2&nav=2&artnr=A%20%2015405" "Mozilla/5.0 (Windows; U; Windows NT 5.1; de; rv:1.9.1.3) Gecko/20090824 Firefox/3.5.3 (.NET CLR 3.5.30729)"
192.168.10.10 - - [02/Oct/2009:13:32:38 +0200] "POST /livezilla/server.php?acid=3df30 HTTP/1.1" 200 - "-" "LiveZilla 3.1.7.7 [http://www.livezilla.net]"
88.161.53.71 - - [02/Oct/2009:13:33:24 +0200] "GET /livezilla/templates/style.css HTTP/1.1" 200 8998 "http://chat.f-m-shop.de/livezilla/livezilla.php" "Mozilla/5.0 (Windows; U; Windows NT 6.0; fr; rv:1.9.0.14) Gecko/2009082707 Firefox/3.0.14 GTB5 (.NET CLR 3.5.30729)"
88.161.53.71 - - [02/Oct/2009:13:33:24 +0200] "GET /livezilla/livezilla.php HTTP/1.1" 200 72022 "http://www.f-m-shop.de/seiten/prod_detail_neuer.cfm?kat=MONT21&nav=2&artnr=A%20%2013302" "Mozilla/5.0 (Windows; U; Windows NT 6.0; fr; rv:1.9.0.14) Gecko/2009082707 Firefox/3.0.14 GTB5 (.NET CLR 3.5.30729)"
88.161.53.71 - - [02/Oct/2009:13:33:24 +0200] "GET /livezilla/images/favicon.ico HTTP/1.1" 200 43302 "-" "Mozilla/5.0 (Windows; U; Windows NT 6.0; fr; rv:1.9.0.14) Gecko/2009082707 Firefox/3.0.14 GTB5 (.NET CLR 3.5.30729)"
88.161.53.71 - - [02/Oct/2009:13:33:24 +0200] "GET /livezilla/livezilla.php?template=lz_chat_frame.0.0 HTTP/1.1" 200 259 "http://chat.f-m-shop.de/livezilla/livezilla.php" "Mozilla/5.0 (Windows; U; Windows NT 6.0; fr; rv:1.9.0.14) Gecko/2009082707 Firefox/3.0.14 GTB5 (.NET CLR 3.5.30729)"
88.161.53.71 - - [02/Oct/2009:13:33:24 +0200] "GET /livezilla/livezilla.php?template=lz_chat_frame.1.1 HTTP/1.1" 200 2282 "http://chat.f-m-shop.de/livezilla/livezilla.php" "Mozilla/5.0 (Windows; U; Windows NT 6.0; fr; rv:1.9.0.14) Gecko/2009082707 Firefox/3.0.14 GTB5 (.NET CLR 3.5.30729)"
88.161.53.71 - - [02/Oct/2009:13:33:25 +0200] "GET /livezilla/livezilla.php?template=lz_chat_frame.3.2.login& HTTP/1.1" 200 1019 "http://chat.f-m-shop.de/livezilla/livezilla.php" "Mozilla/5.0 (Windows; U; Windows NT 6.0; fr; rv:1.9.0.14) Gecko/2009082707 Firefox/3.0.14 GTB5 (.NET CLR 3.5.30729)"
88.161.53.71 - - [02/Oct/2009:13:33:25 +0200] "GET /livezilla/livezilla.php?template=lz_chat_frame.4.1 HTTP/1.1" 200 455 "http://chat.f-m-shop.de/livezilla/livezilla.php" "Mozilla/5.0 (Windows; U; Windows NT 6.0; fr; rv:1.9.0.14) Gecko/2009082707 Firefox/3.0.14 GTB5 (.NET CLR 3.5.30729)"
88.161.53.71 - - [02/Oct/2009:13:33:24 +0200] "GET /livezilla/livezilla.php?template=lz_chat_frame.0.2 HTTP/1.1" 200 254 "http://chat.f-m-shop.de/livezilla/livezilla.php" "Mozilla/5.0 (Windows; U; Windows NT 6.0; fr; rv:1.9.0.14) Gecko/2009082707 Firefox/3.0.14 GTB5 (.NET CLR 3.5.30729)"
88.161.53.71 - - [02/Oct/2009:13:33:25 +0200] "GET /livezilla/livezilla.php?template=lz_chat_frame.1.2 HTTP/1.1" 200 264 "http://chat.f-m-shop.de/livezilla/livezilla.php" "Mozilla/5.0 (Windows; U; Windows NT 6.0; fr; rv:1.9.0.14) Gecko/2009082707 Firefox/3.0.14 GTB5 (.NET CLR 3.5.30729)"
88.161.53.71 - - [02/Oct/2009:13:33:24 +0200] "GET /livezilla/livezilla.php?template=lz_chat_frame.0.1 HTTP/1.1" 200 277 "http://chat.f-m-shop.de/livezilla/livezilla.php" "Mozilla/5.0 (Windows; U; Windows NT 6.0; fr; rv:1.9.0.14) Gecko/2009082707 Firefox/3.0.14 GTB5 (.NET CLR 3.5.30729)"
88.161.53.71 - - [02/Oct/2009:13:33:25 +0200] "GET /livezilla/livezilla.php?template=lz_chat_frame.2.2 HTTP/1.1" 200 264 "http://chat.f-m-shop.de/livezilla/livezilla.php" "Mozilla/5.0 (Windows; U; Windows NT 6.0; fr; rv:1.9.0.14) Gecko/2009082707 Firefox/3.0.14 GTB5 (.NET CLR 3.5.30729)"
88.161.53.71 - - [02/Oct/2009:13:33:25 +0200] "GET /livezilla/livezilla.php?template=lz_chat_frame.3.0 HTTP/1.1" 200 240 "http://chat.f-m-shop.de/livezilla/livezilla.php" "Mozilla/5.0 (Windows; U; Windows NT 6.0; fr; rv:1.9.0.14) Gecko/2009082707 Firefox/3.0.14 GTB5 (.NET CLR 3.5.30729)"
88.161.53.71 - - [02/Oct/2009:13:33:25 +0200] "GET /livezilla/livezilla.php?template=lz_chat_frame.5.1 HTTP/1.1" 200 265 "http://chat.f-m-shop.de/livezilla/livezilla.php" "Mozilla/5.0 (Windows; U; Windows NT 6.0; fr; rv:1.9.0.14) Gecko/2009082707 Firefox/3.0.14 GTB5 (.NET CLR 3.5.30729)"
88.161.53.71 - - [02/Oct/2009:13:33:25 +0200] "GET /livezilla/livezilla.php?template=lz_chat_frame.3.3 HTTP/1.1" 200 239 "http://chat.f-m-shop.de/livezilla/livezilla.php" "Mozilla/5.0 (Windows; U; Windows NT 6.0; fr; rv:1.9.0.14) Gecko/2009082707 Firefox/3.0.14 GTB5 (.NET CLR 3.5.30729)"
88.161.53.71 - - [02/Oct/2009:13:33:26 +0200] "GET /livezilla/images/icon_vcard.gif HTTP/1.1" 200 559 "http://chat.f-m-shop.de/livezilla/livezilla.php?template=lz_chat_frame.1.1" "Mozilla/5.0 (Windows; U; Windows NT 6.0; fr; rv:1.9.0.14) Gecko/2009082707 Firefox/3.0.14 GTB5 (.NET CLR 3.5.30729)"
88.161.53.71 - - [02/Oct/2009:13:33:26 +0200] "GET /livezilla/livezilla.php?template=lz_chat_frame.3.2.login.1.0& HTTP/1.1" 200 2937 "http://chat.f-m-shop.de/livezilla/livezilla.php?template=lz_chat_frame.3.2.login&" "Mozilla/5.0 (Windows; U; Windows NT 6.0; fr; rv:1.9.0.14) Gecko/2009082707 Firefox/3.0.14 GTB5 (.NET CLR 3.5.30729)"
88.161.53.71 - - [02/Oct/2009:13:33:26 +0200] "GET /livezilla/livezilla.php?template=lz_chat_frame.3.2.login.2.0 HTTP/1.1" 200 277 "http://chat.f-m-shop.de/livezilla/livezilla.php?template=lz_chat_frame.3.2.login&" "Mozilla/5.0 (Windows; U; Windows NT 6.0; fr; rv:1.9.0.14) Gecko/2009082707 Firefox/3.0.14 GTB5 (.NET CLR 3.5.30729)"
88.161.53.71 - - [02/Oct/2009:13:33:26 +0200] "GET /livezilla/images/icon_typing.gif HTTP/1.1" 200 1106 "http://chat.f-m-shop.de/livezilla/livezilla.php?template=lz_chat_frame.1.1" "Mozilla/5.0 (Windows; U; Windows NT 6.0; fr; rv:1.9.0.14) Gecko/2009082707 Firefox/3.0.14 GTB5 (.NET CLR 3.5.30729)"
88.161.53.71 - - [02/Oct/2009:13:33:26 +0200] "GET /livezilla/livezilla.php?template=lz_chat_frame.3.2.login.0.0 HTTP/1.1" 200 1542 "http://chat.f-m-shop.de/livezilla/livezilla.php?template=lz_chat_frame.3.2.login&" "Mozilla/5.0 (Windows; U; Windows NT 6.0; fr; rv:1.9.0.14) Gecko/2009082707 Firefox/3.0.14 GTB5 (.NET CLR 3.5.30729)"
88.161.53.71 - - [02/Oct/2009:13:33:26 +0200] "GET /livezilla/intern_images/nopic.jpg HTTP/1.1" 200 3599 "http://chat.f-m-shop.de/livezilla/livezilla.php?template=lz_chat_frame.1.1" "Mozilla/5.0 (Windows; U; Windows NT 6.0; fr; rv:1.9.0.14) Gecko/2009082707 Firefox/3.0.14 GTB5 (.NET CLR 3.5.30729)"
88.161.53.71 - - [02/Oct/2009:13:33:26 +0200] "GET /livezilla/images/lz_header.gif HTTP/1.1" 200 7285 "http://chat.f-m-shop.de/livezilla/livezilla.php?template=lz_chat_frame.1.1" "Mozilla/5.0 (Windows; U; Windows NT 6.0; fr; rv:1.9.0.14) Gecko/2009082707 Firefox/3.0.14 GTB5 (.NET CLR 3.5.30729)"
88.161.53.71 - - [02/Oct/2009:13:33:26 +0200] "GET /livezilla/images/icon_info.gif HTTP/1.1" 200 1703 "http://chat.f-m-shop.de/livezilla/livezilla.php?template=lz_chat_frame.3.2.login.1.0&" "Mozilla/5.0 (Windows; U; Windows NT 6.0; fr; rv:1.9.0.14) Gecko/2009082707 Firefox/3.0.14 GTB5 (.NET CLR 3.5.30729)"
88.161.53.71 - - [02/Oct/2009:13:33:26 +0200] "GET /livezilla/images/icon_network.gif HTTP/1.1" 200 354 "http://chat.f-m-shop.de/livezilla/livezilla.php?template=lz_chat_frame.3.2.login.1.0&" "Mozilla/5.0 (Windows; U; Windows NT 6.0; fr; rv:1.9.0.14) Gecko/2009082707 Firefox/3.0.14 GTB5 (.NET CLR 3.5.30729)"
88.161.53.71 - - [02/Oct/2009:13:33:26 +0200] "GET /livezilla/images/chat_bg_navigation_left.gif HTTP/1.1" 200 1078 "http://chat.f-m-shop.de/livezilla/livezilla.php?template=lz_chat_frame.3.2.login.0.0" "Mozilla/5.0 (Windows; U; Windows NT 6.0; fr; rv:1.9.0.14) Gecko/2009082707 Firefox/3.0.14 GTB5 (.NET CLR 3.5.30729)"
88.161.53.71 - - [02/Oct/2009:13:33:25 +0200] "GET /livezilla/livezilla.php?template=lz_chat_frame.2.0 HTTP/1.1" 200 263 "http://chat.f-m-shop.de/livezilla/livezilla.php" "Mozilla/5.0 (Windows; U; Windows NT 6.0; fr; rv:1.9.0.14) Gecko/2009082707 Firefox/3.0.14 GTB5 (.NET CLR 3.5.30729)"
88.161.53.71 - - [02/Oct/2009:13:33:26 +0200] "GET /livezilla/images/chat_bg_navigation_dev.gif HTTP/1.1" 200 367 "http://chat.f-m-shop.de/livezilla/livezilla.php?template=lz_chat_frame.3.2.login.0.0" "Mozilla/5.0 (Windows; U; Windows NT 6.0; fr; rv:1.9.0.14) Gecko/2009082707 Firefox/3.0.14 GTB5 (.NET CLR 3.5.30729)"
88.161.53.71 - - [02/Oct/2009:13:33:26 +0200] "GET /livezilla/images/chat_bg_navigation_right.gif HTTP/1.1" 200 675 "http://chat.f-m-shop.de/livezilla/livezilla.php?template=lz_chat_frame.3.2.login.0.0" "Mozilla/5.0 (Windows; U; Windows NT 6.0; fr; rv:1.9.0.14) Gecko/2009082707 Firefox/3.0.14 GTB5 (.NET CLR 3.5.30729)"
88.161.53.71 - - [02/Oct/2009:13:33:26 +0200] "GET /livezilla/images/carrier_logo.gif HTTP/1.1" 200 6003 "http://chat.f-m-shop.de/livezilla/livezilla.php?template=lz_chat_frame.1.1" "Mozilla/5.0 (Windows; U; Windows NT 6.0; fr; rv:1.9.0.14) Gecko/2009082707 Firefox/3.0.14 GTB5 (.NET CLR 3.5.30729)"
88.161.53.71 - - [02/Oct/2009:13:33:27 +0200] "GET /livezilla/images/lz_rep_bg_left.gif HTTP/1.1" 200 593 "http://chat.f-m-shop.de/livezilla/livezilla.php?template=lz_chat_frame.1.1" "Mozilla/5.0 (Windows; U; Windows NT 6.0; fr; rv:1.9.0.14) Gecko/2009082707 Firefox/3.0.14 GTB5 (.NET CLR 3.5.30729)"
88.161.53.71 - - [02/Oct/2009:13:33:27 +0200] "GET /livezilla/images/lz_rep_bg.gif HTTP/1.1" 200 320 "http://chat.f-m-shop.de/livezilla/livezilla.php?template=lz_chat_frame.1.1" "Mozilla/5.0 (Windows; U; Windows NT 6.0; fr; rv:1.9.0.14) Gecko/2009082707 Firefox/3.0.14 GTB5 (.NET CLR 3.5.30729)"
88.161.53.71 - - [02/Oct/2009:13:33:27 +0200] "GET /livezilla/images/lz_rep_bg_right.gif HTTP/1.1" 200 590 "http://chat.f-m-shop.de/livezilla/livezilla.php?template=lz_chat_frame.1.1" "Mozilla/5.0 (Windows; U; Windows NT 6.0; fr; rv:1.9.0.14) Gecko/2009082707 Firefox/3.0.14 GTB5 (.NET CLR 3.5.30729)"
88.161.53.71 - - [02/Oct/2009:13:33:27 +0200] "GET /livezilla/images/chat_bg_footer.gif HTTP/1.1" 200 194 "http://chat.f-m-shop.de/livezilla/templates/style.css" "Mozilla/5.0 (Windows; U; Windows NT 6.0; fr; rv:1.9.0.14) Gecko/2009082707 Firefox/3.0.14 GTB5 (.NET CLR 3.5.30729)"
88.161.53.71 - - [02/Oct/2009:13:33:26 +0200] "GET /livezilla/livezilla.php?template=lz_chat_frame.1.0 HTTP/1.1" 200 279 "http://chat.f-m-shop.de/livezilla/livezilla.php" "Mozilla/5.0 (Windows; U; Windows NT 6.0; fr; rv:1.9.0.14) Gecko/2009082707 Firefox/3.0.14 GTB5 (.NET CLR 3.5.30729)"
88.161.53.71 - - [02/Oct/2009:13:33:27 +0200] "GET /livezilla/images/lz_button.gif HTTP/1.1" 200 838 "http://chat.f-m-shop.de/livezilla/templates/style.css" "Mozilla/5.0 (Windows; U; Windows NT 6.0; fr; rv:1.9.0.14) Gecko/2009082707 Firefox/3.0.14 GTB5 (.NET CLR 3.5.30729)"
88.161.53.71 - - [02/Oct/2009:13:33:27 +0200] "GET /livezilla/images/chat_bg_navigation_sub.gif HTTP/1.1" 200 76 "http://chat.f-m-shop.de/livezilla/templates/style.css" "Mozilla/5.0 (Windows; U; Windows NT 6.0; fr; rv:1.9.0.14) Gecko/2009082707 Firefox/3.0.14 GTB5 (.NET CLR 3.5.30729)"
88.161.53.71 - - [02/Oct/2009:13:33:27 +0200] "GET /livezilla/images/chat_bg_field.gif HTTP/1.1" 200 121 "http://chat.f-m-shop.de/livezilla/templates/style.css" "Mozilla/5.0 (Windows; U; Windows NT 6.0; fr; rv:1.9.0.14) Gecko/2009082707 Firefox/3.0.14 GTB5 (.NET CLR 3.5.30729)"
88.161.53.71 - - [02/Oct/2009:13:33:27 +0200] "GET /livezilla/images/lz_button_extra.gif HTTP/1.1" 200 948 "http://chat.f-m-shop.de/livezilla/templates/style.css" "Mozilla/5.0 (Windows; U; Windows NT 6.0; fr; rv:1.9.0.14) Gecko/2009082707 Firefox/3.0.14 GTB5 (.NET CLR 3.5.30729)"
88.161.53.71 - - [02/Oct/2009:13:33:27 +0200] "GET /livezilla/images/chat_bg_footer_top.gif HTTP/1.1" 200 858 "http://chat.f-m-shop.de/livezilla/templates/style.css" "Mozilla/5.0 (Windows; U; Windows NT 6.0; fr; rv:1.9.0.14) Gecko/2009082707 Firefox/3.0.14 GTB5 (.NET CLR 3.5.30729)"
88.161.53.71 - - [02/Oct/2009:13:33:27 +0200] "GET /livezilla/images/button_mail.gif HTTP/1.1" 200 1348 "http://chat.f-m-shop.de/livezilla/livezilla.php?template=lz_chat_frame.3.2.login.0.0" "Mozilla/5.0 (Windows; U; Windows NT 6.0; fr; rv:1.9.0.14) Gecko/2009082707 Firefox/3.0.14 GTB5 (.NET CLR 3.5.30729)"
88.161.53.71 - - [02/Oct/2009:13:33:27 +0200] "GET /livezilla/images/button_fav.gif HTTP/1.1" 200 1344 "http://chat.f-m-shop.de/livezilla/livezilla.php?template=lz_chat_frame.3.2.login.0.0" "Mozilla/5.0 (Windows; U; Windows NT 6.0; fr; rv:1.9.0.14) Gecko/2009082707 Firefox/3.0.14 GTB5 (.NET CLR 3.5.30729)"
88.161.53.71 - - [02/Oct/2009:13:33:27 +0200] "GET /livezilla/images/button_close.gif HTTP/1.1" 200 1239 "http://chat.f-m-shop.de/livezilla/livezilla.php?template=lz_chat_frame.3.2.login.0.0" "Mozilla/5.0 (Windows; U; Windows NT 6.0; fr; rv:1.9.0.14) Gecko/2009082707 Firefox/3.0.14 GTB5 (.NET CLR 3.5.30729)"
88.161.53.71 - - [02/Oct/2009:13:33:27 +0200] "GET /livezilla/images/chat_bg_navigation.gif HTTP/1.1" 200 258 "http://chat.f-m-shop.de/livezilla/templates/style.css" "Mozilla/5.0 (Windows; U; Windows NT 6.0; fr; rv:1.9.0.14) Gecko/2009082707 Firefox/3.0.14 GTB5 (.NET CLR 3.5.30729)"
88.161.53.71 - - [02/Oct/2009:13:33:27 +0200] "POST /livezilla/server.php HTTP/1.1" 200 212 "http://chat.f-m-shop.de/livezilla/livezilla.php" "Mozilla/5.0 (Windows; U; Windows NT 6.0; fr; rv:1.9.0.14) Gecko/2009082707 Firefox/3.0.14 GTB5 (.NET CLR 3.5.30729)"
88.161.53.71 - - [02/Oct/2009:13:33:28 +0200] "GET /livezilla/livezilla.php?template=lz_chat_frame.3.2.mail HTTP/1.1" 200 3982 "http://chat.f-m-shop.de/livezilla/livezilla.php" "Mozilla/5.0 (Windows; U; Windows NT 6.0; fr; rv:1.9.0.14) Gecko/2009082707 Firefox/3.0.14 GTB5 (.NET CLR 3.5.30729)"
88.161.53.71 - - [02/Oct/2009:13:33:28 +0200] "POST /livezilla/livezilla.php?template=lz_chat_frame.3.2.mail HTTP/1.1" 200 3991 "http://chat.f-m-shop.de/livezilla/livezilla.php?template=lz_chat_frame.3.2.login.1.0&" "Mozilla/5.0 (Windows; U; Windows NT 6.0; fr; rv:1.9.0.14) Gecko/2009082707 Firefox/3.0.14 GTB5 (.NET CLR 3.5.30729)"
88.161.53.71 - - [02/Oct/2009:13:33:28 +0200] "GET /livezilla/images/button_chat.gif HTTP/1.1" 200 1218 "http://chat.f-m-shop.de/livezilla/livezilla.php?template=lz_chat_frame.3.2.mail" "Mozilla/5.0 (Windows; U; Windows NT 6.0; fr; rv:1.9.0.14) Gecko/2009082707 Firefox/3.0.14 GTB5 (.NET CLR 3.5.30729)"
88.161.53.71 - - [02/Oct/2009:13:33:28 +0200] "GET /livezilla/images/button_print.gif HTTP/1.1" 200 1183 "http://chat.f-m-shop.de/livezilla/livezilla.php?template=lz_chat_frame.3.2.mail" "Mozilla/5.0 (Windows; U; Windows NT 6.0; fr; rv:1.9.0.14) Gecko/2009082707 Firefox/3.0.14 GTB5 (.NET CLR 3.5.30729)"
88.161.53.71 - - [02/Oct/2009:13:33:43 +0200] "GET /livezilla/image.php?id=04 HTTP/1.1" 200 7276 "http://www.f-m-shop.de/seiten/prod_detail_neuer.cfm?kat=MONT21&nav=2&artnr=A%20%2013302" "Mozilla/5.0 (Windows; U; Windows NT 6.0; fr; rv:1.9.0.14) Gecko/2009082707 Firefox/3.0.14 GTB5 (.NET CLR 3.5.30729)"
192.168.10.10 - - [02/Oct/2009:13:33:27 +0200] "POST /livezilla/server.php?acid=1bf3a HTTP/1.1" 200 - "-" "LiveZilla 3.1.7.7 [http://www.livezilla.net]"
192.168.10.10 - - [02/Oct/2009:13:34:15 +0200] "POST /livezilla/server.php?acid=99306 HTTP/1.1" 200 - "-" "LiveZilla 3.1.7.7 [http://www.livezilla.net]"
192.168.10.10 - - [02/Oct/2009:13:35:03 +0200] "POST /livezilla/server.php?acid=b908a HTTP/1.1" 200 - "-" "LiveZilla 3.1.7.7 [http://www.livezilla.net]"
192.168.10.10 - - [02/Oct/2009:13:35:52 +0200] "POST /livezilla/server.php?acid=8ff2a HTTP/1.1" 200 - "-" "LiveZilla 3.1.7.7 [http://www.livezilla.net]"
84.180.87.173 - - [02/Oct/2009:13:36:40 +0200] "GET /livezilla/image.php?id=04 HTTP/1.0" 200 7276 "http://www.f-m-shop.de/seiten/prod_detail_neuer.cfm?kat=HIFMEDIA&nav=2&artnr=A 22223" "Mozilla/4.0 (compatible; MSIE 8.0; Windows NT 5.1; Trident/4.0; InfoPath.2; .NET CLR 2.0.50727; .NET CLR 3.0.04506.30; .NET CLR 3.0.4506.2152; .NET CLR 3.5.30729)"
88.73.226.136 - - [02/Oct/2009:13:37:21 +0200] "GET /livezilla/image.php?id=04 HTTP/1.1" 200 7276 "http://www.f-m-shop.de/seiten/prod_detail_neuer.cfm?kat=HIFTVCRD&nav=2&artnr=A%20%2028452" "Mozilla/5.0 (Windows; U; Windows NT 5.1; en-US) AppleWebKit/532.0 (KHTML, like Gecko) Chrome/3.0.195.21 Safari/532.0"
192.168.10.10 - - [02/Oct/2009:13:36:40 +0200] "POST /livezilla/server.php?acid=49d4b HTTP/1.1" 200 - "-" "LiveZilla 3.1.7.7 [http://www.livezilla.net]"
192.168.10.10 - - [02/Oct/2009:13:37:28 +0200] "POST /livezilla/server.php?acid=5a7b4 HTTP/1.1" 200 - "-" "LiveZilla 3.1.7.7 [http://www.livezilla.net]"
79.219.116.198 - - [02/Oct/2009:13:38:59 +0200] "GET /livezilla/image.php?id=04 HTTP/1.1" 200 7276 "http://www.f-m-shop.de/seiten/prod_detail_neuer.cfm?kat=NOTB13&nav=2&artnr=A 27818" "Mozilla/4.0 (compatible; MSIE 8.0; Windows NT 5.1; Trident/4.0; .NET CLR 1.1.4322; .NET CLR 2.0.50727; .NET CLR 3.0.4506.2152; .NET CLR 3.5.30729)"
192.168.10.10 - - [02/Oct/2009:13:38:17 +0200] "POST /livezilla/server.php?acid=62b19 HTTP/1.1" 200 - "-" "LiveZilla 3.1.7.7 [http://www.livezilla.net]"
192.168.10.10 - - [02/Oct/2009:13:39:05 +0200] "POST /livezilla/server.php?acid=ab5fd HTTP/1.1" 200 - "-" "LiveZilla 3.1.7.7 [http://www.livezilla.net]"
192.168.10.10 - - [02/Oct/2009:13:39:54 +0200] "POST /livezilla/server.php?acid=f04e2 HTTP/1.1" 200 - "-" "LiveZilla 3.1.7.7 [http://www.livezilla.net]"
192.168.10.10 - - [02/Oct/2009:13:40:42 +0200] "POST /livezilla/server.php?acid=3f53c HTTP/1.1" 200 - "-" "LiveZilla 3.1.7.7 [http://www.livezilla.net]"
192.168.10.10 - - [02/Oct/2009:13:41:30 +0200] "POST /livezilla/server.php?acid=1fb5e HTTP/1.1" 200 - "-" "LiveZilla 3.1.7.7 [http://www.livezilla.net]"
78.52.128.28 - - [02/Oct/2009:13:42:16 +0200] "GET /livezilla/image.php?id=04 HTTP/1.1" 200 7276 "http://www.f-m-shop.de/seiten/prod_detail_neuer.cfm?kat=HDDGEH&nav=2&artnr=A%20%2013417" "Mozilla/5.0 (Windows; U; Windows NT 5.1; de; rv:1.9.1.3) Gecko/20090824 Firefox/3.5.3 (.NET CLR 3.5.30729)"
192.168.10.10 - - [02/Oct/2009:13:42:19 +0200] "POST /livezilla/server.php?acid=7a827 HTTP/1.1" 200 - "-" "LiveZilla 3.1.7.7 [http://www.livezilla.net]"
192.168.10.10 - - [02/Oct/2009:13:43:07 +0200] "POST /livezilla/server.php?acid=96235 HTTP/1.1" 200 - "-" "LiveZilla 3.1.7.7 [http://www.livezilla.net]"
78.94.212.232 - - [02/Oct/2009:13:44:19 +0200] "GET /livezilla/image.php?id=04 HTTP/1.1" 200 7276 "http://www.f-m-shop.de/seiten/prod_detail_neuer.cfm?kat=NOTNAV&nav=2&artnr=A%20%2029379" "Mozilla/5.0 (Windows; U; Windows NT 6.0; de; rv:1.9.1.3) Gecko/20090824 Firefox/3.5.3 (.NET CLR 3.5.30729)"
192.168.10.10 - - [02/Oct/2009:13:43:57 +0200] "POST /livezilla/server.php?acid=51433 HTTP/1.1" 200 - "-" "LiveZilla 3.1.7.7 [http://www.livezilla.net]"
192.168.10.10 - - [02/Oct/2009:13:44:45 +0200] "POST /livezilla/server.php?acid=d19b9 HTTP/1.1" 200 - "-" "LiveZilla 3.1.7.7 [http://www.livezilla.net]"
192.168.10.10 - - [02/Oct/2009:13:45:34 +0200] "POST /livezilla/server.php?acid=8c5bd HTTP/1.1" 200 - "-" "LiveZilla 3.1.7.7 [http://www.livezilla.net]"
87.144.46.180 - - [02/Oct/2009:13:47:01 +0200] "GET /livezilla/image.php?id=04 HTTP/1.1" 200 7276 "http://www.f-m-shop.de/seiten/prod_detail_neuer.cfm?kat=NAVMOD&nav=2&artnr=A%20%2029483" "Mozilla/5.0 (Windows; U; Windows NT 6.0; de; rv:1.9.1.3) Gecko/20090824 Firefox/3.5.3 (.NET CLR 3.5.30729)"
192.168.10.10 - - [02/Oct/2009:13:46:22 +0200] "POST /livezilla/server.php?acid=e5b1e HTTP/1.1" 200 - "-" "LiveZilla 3.1.7.7 [http://www.livezilla.net]"
91.36.226.237 - - [02/Oct/2009:13:47:09 +0200] "GET /livezilla/image.php?id=04 HTTP/1.1" 200 7276 "http://www.f-m-shop.de/seiten/prod_detail_neuer.cfm?kat=NAVMOD&nav=2&artnr=A%20%2029479" "Mozilla/5.0 (Windows; U; Windows NT 5.1; de; rv:1.8.1.20) Gecko/20081217 Firefox/2.0.0.20"
192.168.10.10 - - [02/Oct/2009:13:47:10 +0200] "POST /livezilla/server.php?acid=cca60 HTTP/1.1" 200 - "-" "LiveZilla 3.1.7.7 [http://www.livezilla.net]"
78.43.26.15 - - [02/Oct/2009:13:48:40 +0200] "GET /livezilla/image.php?id=04 HTTP/1.1" 200 7276 "http://www.f-m-shop.de/seiten/prod_detail_neuer.cfm?kat=NAVMOD&nav=2&artnr=A%20%2029484" "Mozilla/5.0 (Windows; U; Windows NT 5.1; de; rv:1.9.1) Gecko/20090624 Firefox/3.5 (.NET CLR 3.5.30729)"
192.168.10.10 - - [02/Oct/2009:13:47:59 +0200] "POST /livezilla/server.php?acid=37205 HTTP/1.1" 200 - "-" "LiveZilla 3.1.7.7 [http://www.livezilla.net]"
192.168.10.10 - - [02/Oct/2009:13:48:47 +0200] "POST /livezilla/server.php?acid=2914e HTTP/1.1" 200 - "-" "LiveZilla 3.1.7.7 [http://www.livezilla.net]"
192.168.10.10 - - [02/Oct/2009:13:49:35 +0200] "POST /livezilla/server.php?acid=bfb9a HTTP/1.1" 200 - "-" "LiveZilla 3.1.7.7 [http://www.livezilla.net]"
79.206.37.117 - - [02/Oct/2009:13:51:07 +0200] "GET /livezilla/image.php?id=04 HTTP/1.1" 200 7276 "http://www.f-m-shop.de/seiten/prod_detail_neuer.cfm?name=HDD%20SATA-%20%201TB%20SAMSUNG%20HD103UJ%207200%2032&artnr=A%20%2019014&nav=2&kat=HDDSATA&kat_her=SAMSUNG&p_sort=&b_sort=ASC" "Mozilla/5.0 (Windows; U; Windows NT 5.1; de; rv:1.9.1.3) Gecko/20090824 Firefox/3.5.3 (.NET CLR 3.5.30729)"
192.168.10.10 - - [02/Oct/2009:13:50:24 +0200] "POST /livezilla/server.php?acid=1af01 HTTP/1.1" 200 - "-" "LiveZilla 3.1.7.7 [http://www.livezilla.net]"
192.168.10.10 - - [02/Oct/2009:13:51:12 +0200] "POST /livezilla/server.php?acid=114c6 HTTP/1.1" 200 - "-" "LiveZilla 3.1.7.7 [http://www.livezilla.net]"
192.168.10.10 - - [02/Oct/2009:13:52:00 +0200] "POST /livezilla/server.php?acid=a1b1f HTTP/1.1" 200 - "-" "LiveZilla 3.1.7.7 [http://www.livezilla.net]"
217.235.119.77 - - [02/Oct/2009:13:53:23 +0200] "GET /livezilla/image.php?id=04 HTTP/1.1" 200 7276 "http://www.f-m-shop.de/seiten/prod_detail_neuer.cfm?kat=MONT24&nav=2&artnr=A 29039" "Mozilla/4.0 (compatible; MSIE 8.0; Windows NT 6.1; WOW64; Trident/4.0; SLCC2; .NET CLR 2.0.50727; .NET CLR 3.5.30729; .NET CLR 3.0.30729; Media Center PC 6.0; Creative AutoUpdate v1.40.01)"
192.168.10.10 - - [02/Oct/2009:13:52:49 +0200] "POST /livezilla/server.php?acid=51454 HTTP/1.1" 200 - "-" "LiveZilla 3.1.7.7 [http://www.livezilla.net]"
192.168.10.10 - - [02/Oct/2009:13:53:37 +0200] "POST /livezilla/server.php?acid=e58c8 HTTP/1.1" 200 - "-" "LiveZilla 3.1.7.7 [http://www.livezilla.net]"
92.193.33.194 - - [02/Oct/2009:13:54:51 +0200] "GET /livezilla/image.php?id=04 HTTP/1.1" 200 7276 "http://www.f-m-shop.de/seiten/prod_detail_neuer.cfm?kat=HDDSCS&nav=2&artnr=A 17935" "Mozilla/4.0 (compatible; MSIE 8.0; Windows NT 6.1; WOW64; Trident/4.0; SLCC2; .NET CLR 2.0.50727; .NET CLR 3.5.30729; .NET CLR 3.0.30729; Media Center PC 6.0; InfoPath.2; OfficeLiveConnector.1.4; OfficeLivePatch.1.3)"
192.168.10.10 - - [02/Oct/2009:13:54:25 +0200] "POST /livezilla/server.php?acid=54d63 HTTP/1.1" 200 - "-" "LiveZilla 3.1.7.7 [http://www.livezilla.net]"
93.208.153.243 - - [02/Oct/2009:13:55:34 +0200] "GET /livezilla/image.php?id=04 HTTP/1.1" 200 7276 "http://www.f-m-shop.de/seiten/prod_detail_neuer.cfm?kat=HDDSATA&nav=2&artnr=A 28605" "Mozilla/4.0 (compatible; MSIE 8.0; Windows NT 6.1; Win64; x64; Trident/4.0; .NET CLR 2.0.50727; SLCC2; .NET CLR 3.5.30729; .NET CLR 3.0.30729; Media Center PC 6.0)"
192.168.10.10 - - [02/Oct/2009:13:55:14 +0200] "POST /livezilla/server.php?acid=69ada HTTP/1.1" 200 - "-" "LiveZilla 3.1.7.7 [http://www.livezilla.net]"
217.235.119.77 - - [02/Oct/2009:13:56:39 +0200] "GET /livezilla/image.php?id=04 HTTP/1.1" 200 7276 "http://www.f-m-shop.de/seiten/prod_detail_neuer.cfm?kat=MONT24&nav=2&artnr=A 29040" "Mozilla/4.0 (compatible; MSIE 8.0; Windows NT 6.1; WOW64; Trident/4.0; SLCC2; .NET CLR 2.0.50727; .NET CLR 3.5.30729; .NET CLR 3.0.30729; Media Center PC 6.0; Creative AutoUpdate v1.40.01)"
192.168.10.10 - - [02/Oct/2009:13:56:02 +0200] "POST /livezilla/server.php?acid=6fe9c HTTP/1.1" 200 - "-" "LiveZilla 3.1.7.7 [http://www.livezilla.net]"
217.235.119.77 - - [02/Oct/2009:13:57:00 +0200] "GET /livezilla/image.php?id=04 HTTP/1.1" 200 7276 "http://www.f-m-shop.de/seiten/prod_detail_neuer.cfm?kat=MONT24&nav=2&artnr=A%20%2029040" "Mozilla/4.0 (compatible; MSIE 8.0; Windows NT 6.1; WOW64; Trident/4.0; SLCC2; .NET CLR 2.0.50727; .NET CLR 3.5.30729; .NET CLR 3.0.30729; Media Center PC 6.0; Creative AutoUpdate v1.40.01)"
